Feb 17 02:21:06.501083 np0000155917 devstack@neutron-api.service[103421]: DEBUG neutron_lib.callbacks.manager [None req-d7d7bdca-935c-4830-aca5-60e3f9db0a74 None None] Subscribe: network precommit_create 55550000, False {{(pid=103421) subscribe /opt/stack/data/venv/lib/python3.12/site-packages/neutron_lib/callbacks/manager.py:52}}
Feb 17 02:21:06.501121 np0000155917 devstack@neutron-api.service[103420]: INFO neutron.api.extensions [None req-64b76479-88d3-4f51-a39a-3882d8d89f64 None None] Loaded extension: dhcp_agent_scheduler
Feb 17 02:21:06.501198 np0000155917 devstack@neutron-api.service[103421]: DEBUG neutron.manager [None req-d7d7bdca-935c-4830-aca5-60e3f9db0a74 None None] Successfully loaded auto-allocated-topology plugin. Description: Auto Allocated Topology - aka get me a network. {{(pid=103421) _create_and_add_service_plugin /opt/stack/neutron/neutron/manager.py:229}}
Feb 17 02:21:06.501282 np0000155917 devstack@neutron-api.service[103420]: DEBUG neutron.api.extensions [None req-64b76479-88d3-4f51-a39a-3882d8d89f64 None None] Loading extension file: dns.py {{(pid=103420) _load_all_extensions_from_path /opt/stack/neutron/neutron/api/extensions.py:449}}
Feb 17 02:21:06.501361 np0000155917 devstack@neutron-api.service[103421]: INFO neutron.manager [None req-d7d7bdca-935c-4830-aca5-60e3f9db0a74 None None] Loading Plugin: tag
Feb 17 02:21:06.501436 np0000155917 devstack@neutron-api.service[103420]: DEBUG neutron.api.extensions [None req-64b76479-88d3-4f51-a39a-3882d8d89f64 None None] Ext name="DNS Integration" alias="dns-integration" description="Provides integration with DNS." updated="2015-08-15T18:00:00-00:00" {{(pid=103420) _check_extension /opt/stack/neutron/neutron/api/extensions.py:415}}
Feb 17 02:21:06.501436 np0000155917 devstack@neutron-api.service[103420]: INFO neutron.api.extensions [None req-64b76479-88d3-4f51-a39a-3882d8d89f64 None None] Loaded extension: dns-integration
Feb 17 02:21:06.501436 np0000155917 devstack@neutron-api.service[103420]: DEBUG neutron.api.extensions [None req-64b76479-88d3-4f51-a39a-3882d8d89f64 None None] Loading extension file: dns_domain_ports.py {{(pid=103420) _load_all_extensions_from_path /opt/stack/neutron/neutron/api/extensions.py:449}}
Feb 17 02:21:06.501436 np0000155917 devstack@neutron-api.service[103420]: DEBUG neutron.api.extensions [None req-64b76479-88d3-4f51-a39a-3882d8d89f64 None None] Ext name="dns_domain for ports" alias="dns-domain-ports" description="Allows the DNS domain to be specified for a network port." updated="2017-04-24T10:00:00-00:00" {{(pid=103420) _check_extension /opt/stack/neutron/neutron/api/extensions.py:415}}
Feb 17 02:21:06.501436 np0000155917 devstack@neutron-api.service[103420]: INFO neutron.api.extensions [None req-64b76479-88d3-4f51-a39a-3882d8d89f64 None None] Loaded extension: dns-domain-ports
Feb 17 02:21:06.501436 np0000155917 devstack@neutron-api.service[103420]: DEBUG neutron.api.extensions [None req-64b76479-88d3-4f51-a39a-3882d8d89f64 None None] Loading extension file: dns_integration_domain_keywords.py {{(pid=103420) _load_all_extensions_from_path /opt/stack/neutron/neutron/api/extensions.py:449}}
Feb 17 02:21:06.501820 np0000155917 devstack@neutron-api.service[103420]: DEBUG neutron.api.extensions [None req-64b76479-88d3-4f51-a39a-3882d8d89f64 None None] Ext name="DNS domain names with keywords allowed" alias="dns-integration-domain-keywords" description="Allows to use keywords like , , and as DNS domain name" updated="2020-06-15T18:00:00-00:00" {{(pid=103420) _check_extension /opt/stack/neutron/neutron/api/extensions.py:415}}
Feb 17 02:21:06.501820 np0000155917 devstack@neutron-api.service[103420]: INFO neutron.api.extensions [None req-64b76479-88d3-4f51-a39a-3882d8d89f64 None None] Loaded extension: dns-integration-domain-keywords
Feb 17 02:21:06.502049 np0000155917 devstack@neutron-api.service[103420]: DEBUG neutron.api.extensions [None req-64b76479-88d3-4f51-a39a-3882d8d89f64 None None] Loading extension file: dvr.py {{(pid=103420) _load_all_extensions_from_path /opt/stack/neutron/neutron/api/extensions.py:449}}
Feb 17 02:21:06.502217 np0000155917 devstack@neutron-api.service[103420]: DEBUG neutron.api.extensions [None req-64b76479-88d3-4f51-a39a-3882d8d89f64 None None] Ext name="Distributed Virtual Router" alias="dvr" description="Enables configuration of Distributed Virtual Routers." updated="2014-06-1T10:00:00-00:00" {{(pid=103420) _check_extension /opt/stack/neutron/neutron/api/extensions.py:415}}
Feb 17 02:21:06.502388 np0000155917 devstack@neutron-api.service[103420]: INFO neutron.api.extensions [None req-64b76479-88d3-4f51-a39a-3882d8d89f64 None None] Extension dvr not supported by any of loaded plugins
Feb 17 02:21:06.502428 np0000155917 devstack@neutron-api.service[103420]: DEBUG neutron.api.extensions [None req-64b76479-88d3-4f51-a39a-3882d8d89f64 None None] Loading extension file: ecmp_routes.py {{(pid=103420) _load_all_extensions_from_path /opt/stack/neutron/neutron/api/extensions.py:449}}
Feb 17 02:21:06.502644 np0000155917 devstack@neutron-api.service[103420]: DEBUG neutron.api.extensions [None req-64b76479-88d3-4f51-a39a-3882d8d89f64 None None] Ext name="Equal Cost Multipath Routing" alias="ecmp_routes" description="Allows traffic to reach thesame destination via multiple different links " updated="2020-11-26T18:00:00-00:00" {{(pid=103420) _check_extension /opt/stack/neutron/neutron/api/extensions.py:415}}
Feb 17 02:21:06.502813 np0000155917 devstack@neutron-api.service[103420]: INFO neutron.api.extensions [None req-64b76479-88d3-4f51-a39a-3882d8d89f64 None None] Extension ecmp_routes not supported by any of loaded plugins
Feb 17 02:21:06.502916 np0000155917 devstack@neutron-api.service[103420]: DEBUG neutron.api.extensions [None req-64b76479-88d3-4f51-a39a-3882d8d89f64 None None] Loading extension file: empty_string_filtering.py {{(pid=103420) _load_all_extensions_from_path /opt/stack/neutron/neutron/api/extensions.py:449}}
Feb 17 02:21:06.503150 np0000155917 devstack@neutron-api.service[103420]: DEBUG neutron.api.extensions [None req-64b76479-88d3-4f51-a39a-3882d8d89f64 None None] Ext name="Empty String Filtering Extension" alias="empty-string-filtering" description="Allow filtering by attributes with empty string value" updated="2018-05-01T10:00:00-00:00" {{(pid=103420) _check_extension /opt/stack/neutron/neutron/api/extensions.py:415}}
Feb 17 02:21:06.503310 np0000155917 devstack@neutron-api.service[103420]: INFO neutron.api.extensions [None req-64b76479-88d3-4f51-a39a-3882d8d89f64 None None] Loaded extension: empty-string-filtering
Feb 17 02:21:06.503349 np0000155917 devstack@neutron-api.service[103421]: DEBUG neutron.manager [None req-d7d7bdca-935c-4830-aca5-60e3f9db0a74 None None] Successfully loaded TAG plugin. Description: Tag support {{(pid=103421) _create_and_add_service_plugin /opt/stack/neutron/neutron/manager.py:229}}
Feb 17 02:21:06.503432 np0000155917 devstack@neutron-api.service[103420]: DEBUG neutron.api.extensions [None req-64b76479-88d3-4f51-a39a-3882d8d89f64 None None] Loading extension file: expose_l3_conntrack_helper.py {{(pid=103420) _load_all_extensions_from_path /opt/stack/neutron/neutron/api/extensions.py:449}}
Feb 17 02:21:06.503522 np0000155917 devstack@neutron-api.service[103421]: INFO neutron.manager [None req-d7d7bdca-935c-4830-aca5-60e3f9db0a74 None None] Loading Plugin: timestamp
Feb 17 02:21:06.503636 np0000155917 devstack@neutron-api.service[103420]: DEBUG neutron.api.extensions [None req-64b76479-88d3-4f51-a39a-3882d8d89f64 None None] Ext name="Expose CT target rules for conntrack helper" alias="expose-l3-conntrack-helper" description="Expose allow adding CT target rules for conntrack helper" updated="2019-04-04T10:00:00-00:00" {{(pid=103420) _check_extension /opt/stack/neutron/neutron/api/extensions.py:415}}
Feb 17 02:21:06.503809 np0000155917 devstack@neutron-api.service[103420]: INFO neutron.api.extensions [None req-64b76479-88d3-4f51-a39a-3882d8d89f64 None None] Extension expose-l3-conntrack-helper not supported by any of loaded plugins
Feb 17 02:21:06.503856 np0000155917 devstack@neutron-api.service[103420]: DEBUG neutron.api.extensions [None req-64b76479-88d3-4f51-a39a-3882d8d89f64 None None] Loading extension file: expose_port_forwarding_in_fip.py {{(pid=103420) _load_all_extensions_from_path /opt/stack/neutron/neutron/api/extensions.py:449}}
Feb 17 02:21:06.503994 np0000155917 devstack@neutron-api.service[103419]: INFO neutron.plugins.ml2.drivers.type_vlan [None req-63a27ac6-28ab-4675-83c6-e949cdacd9bc None None] VlanTypeDriver initialization complete
Feb 17 02:21:06.504505 np0000155917 devstack@neutron-api.service[103419]: INFO neutron.plugins.ml2.managers [None req-63a27ac6-28ab-4675-83c6-e949cdacd9bc None None] Initializing extension driver 'port_security'
Feb 17 02:21:06.504745 np0000155917 devstack@neutron-api.service[103420]: DEBUG neutron.api.extensions [None req-64b76479-88d3-4f51-a39a-3882d8d89f64 None None] Ext name="Expose Floating IP port forwardings" alias="expose-port-forwarding-in-fip" description="Expose port forwarding fields in floating IP response" updated="2018-06-28T16:00:00-00:00" {{(pid=103420) _check_extension /opt/stack/neutron/neutron/api/extensions.py:415}}
Feb 17 02:21:06.504972 np0000155917 devstack@neutron-api.service[103419]: INFO neutron.plugins.ml2.extensions.port_security [None req-63a27ac6-28ab-4675-83c6-e949cdacd9bc None None] PortSecurityExtensionDriver initialization complete
Feb 17 02:21:06.505092 np0000155917 devstack@neutron-api.service[103420]: INFO neutron.api.extensions [None req-64b76479-88d3-4f51-a39a-3882d8d89f64 None None] Extension expose-port-forwarding-in-fip not supported by any of loaded plugins
Feb 17 02:21:06.505245 np0000155917 devstack@neutron-api.service[103419]: INFO neutron.plugins.ml2.managers [None req-63a27ac6-28ab-4675-83c6-e949cdacd9bc None None] Initializing extension driver 'qos'
Feb 17 02:21:06.505390 np0000155917 devstack@neutron-api.service[103420]: DEBUG neutron.api.extensions [None req-64b76479-88d3-4f51-a39a-3882d8d89f64 None None] Loading extension file: external_net.py {{(pid=103420) _load_all_extensions_from_path /opt/stack/neutron/neutron/api/extensions.py:449}}
Feb 17 02:21:06.505469 np0000155917 devstack@neutron-api.service[103419]: DEBUG neutron.plugins.ml2.extensions.qos [None req-63a27ac6-28ab-4675-83c6-e949cdacd9bc None None] QosExtensionDriver initialization complete {{(pid=103419) initialize /opt/stack/neutron/neutron/plugins/ml2/extensions/qos.py:31}}
Feb 17 02:21:06.505469 np0000155917 devstack@neutron-api.service[103419]: INFO neutron.plugins.ml2.managers [None req-63a27ac6-28ab-4675-83c6-e949cdacd9bc None None] Initializing mechanism driver 'ovn'
Feb 17 02:21:06.505617 np0000155917 devstack@neutron-api.service[103420]: DEBUG neutron.api.extensions [None req-64b76479-88d3-4f51-a39a-3882d8d89f64 None None] Ext name="Neutron external network" alias="external-net" description="Adds external network attribute to network resource." updated="2013-01-14T10:00:00-00:00" {{(pid=103420) _check_extension /opt/stack/neutron/neutron/api/extensions.py:415}}
Feb 17 02:21:06.505704 np0000155917 devstack@neutron-api.service[103421]: DEBUG neutron.manager [None req-d7d7bdca-935c-4830-aca5-60e3f9db0a74 None None] Successfully loaded timestamp plugin. Description: Adds timestamps to Neutron resources with standard attributes {{(pid=103421) _create_and_add_service_plugin /opt/stack/neutron/neutron/manager.py:229}}
Feb 17 02:21:06.505781 np0000155917 devstack@neutron-api.service[103419]: INFO neutron.plugins.ml2.drivers.ovn.mech_driver.mech_driver [None req-63a27ac6-28ab-4675-83c6-e949cdacd9bc None None] Starting OVNMechanismDriver
Feb 17 02:21:06.505856 np0000155917 devstack@neutron-api.service[103421]: INFO neutron.manager [None req-d7d7bdca-935c-4830-aca5-60e3f9db0a74 None None] Loading Plugin: network_ip_availability
Feb 17 02:21:06.506005 np0000155917 devstack@neutron-api.service[103420]: INFO neutron.api.extensions [None req-64b76479-88d3-4f51-a39a-3882d8d89f64 None None] Loaded extension: external-net
Feb 17 02:21:06.506005 np0000155917 devstack@neutron-api.service[103420]: DEBUG neutron.api.extensions [None req-64b76479-88d3-4f51-a39a-3882d8d89f64 None None] Loading extension file: extra_dhcp_opt.py {{(pid=103420) _load_all_extensions_from_path /opt/stack/neutron/neutron/api/extensions.py:449}}
Feb 17 02:21:06.506005 np0000155917 devstack@neutron-api.service[103420]: DEBUG neutron.api.extensions [None req-64b76479-88d3-4f51-a39a-3882d8d89f64 None None] Ext name="Neutron Extra DHCP options" alias="extra_dhcp_opt" description="Extra options configuration for DHCP. For example PXE boot options to DHCP clients can be specified (e.g. tftp-server, server-ip-address, bootfile-name)" updated="2013-03-17T12:00:00-00:00" {{(pid=103420) _check_extension /opt/stack/neutron/neutron/api/extensions.py:415}}
Feb 17 02:21:06.506005 np0000155917 devstack@neutron-api.service[103420]: INFO neutron.api.extensions [None req-64b76479-88d3-4f51-a39a-3882d8d89f64 None None] Loaded extension: extra_dhcp_opt
Feb 17 02:21:06.506005 np0000155917 devstack@neutron-api.service[103420]: DEBUG neutron.api.extensions [None req-64b76479-88d3-4f51-a39a-3882d8d89f64 None None] Loading extension file: extraroute.py {{(pid=103420) _load_all_extensions_from_path /opt/stack/neutron/neutron/api/extensions.py:449}}
Feb 17 02:21:06.506005 np0000155917 devstack@neutron-api.service[103420]: DEBUG neutron.api.extensions [None req-64b76479-88d3-4f51-a39a-3882d8d89f64 None None] Ext name="Neutron Extra Route" alias="extraroute" description="Extra routes configuration for L3 router" updated="2013-02-01T10:00:00-00:00" {{(pid=103420) _check_extension /opt/stack/neutron/neutron/api/extensions.py:415}}
Feb 17 02:21:06.506005 np0000155917 devstack@neutron-api.service[103420]: INFO neutron.api.extensions [None req-64b76479-88d3-4f51-a39a-3882d8d89f64 None None] Loaded extension: extraroute
Feb 17 02:21:06.506418 np0000155917 devstack@neutron-api.service[103420]: DEBUG neutron.api.extensions [None req-64b76479-88d3-4f51-a39a-3882d8d89f64 None None] Loading extension file: extraroute_atomic.py {{(pid=103420) _load_all_extensions_from_path /opt/stack/neutron/neutron/api/extensions.py:449}}
Feb 17 02:21:06.506418 np0000155917 devstack@neutron-api.service[103420]: DEBUG neutron.api.extensions [None req-64b76479-88d3-4f51-a39a-3882d8d89f64 None None] Ext name="Atomically add/remove extra routes" alias="extraroute-atomic" description="Edit extra routes of a router on server side by atomically adding/removing extra routes" updated="2019-07-10T00:00:00+00:00" {{(pid=103420) _check_extension /opt/stack/neutron/neutron/api/extensions.py:415}}
Feb 17 02:21:06.506418 np0000155917 devstack@neutron-api.service[103420]: INFO neutron.api.extensions [None req-64b76479-88d3-4f51-a39a-3882d8d89f64 None None] Loaded extension: extraroute-atomic
Feb 17 02:21:06.506676 np0000155917 devstack@neutron-api.service[103419]: DEBUG neutron_lib.callbacks.manager [None req-63a27ac6-28ab-4675-83c6-e949cdacd9bc None None] Subscribe: > process before_spawn 55550000, False {{(pid=103419) subscribe /opt/stack/data/venv/lib/python3.12/site-packages/neutron_lib/callbacks/manager.py:52}}
Feb 17 02:21:06.506796 np0000155917 devstack@neutron-api.service[103420]: DEBUG neutron.api.extensions [None req-64b76479-88d3-4f51-a39a-3882d8d89f64 None None] Loading extension file: filter_validation.py {{(pid=103420) _load_all_extensions_from_path /opt/stack/neutron/neutron/api/extensions.py:449}}
Feb 17 02:21:06.506993 np0000155917 devstack@neutron-api.service[103419]: DEBUG neutron_lib.callbacks.manager [None req-63a27ac6-28ab-4675-83c6-e949cdacd9bc None None] Subscribe: > process after_init 55550000, True {{(pid=103419) subscribe /opt/stack/data/venv/lib/python3.12/site-packages/neutron_lib/callbacks/manager.py:52}}
Feb 17 02:21:06.506993 np0000155917 devstack@neutron-api.service[103419]: DEBUG neutron_lib.callbacks.manager [None req-63a27ac6-28ab-4675-83c6-e949cdacd9bc None None] Subscribe: > segment after_create 55550000, False {{(pid=103419) subscribe /opt/stack/data/venv/lib/python3.12/site-packages/neutron_lib/callbacks/manager.py:52}}
Feb 17 02:21:06.507197 np0000155917 devstack@neutron-api.service[103420]: DEBUG neutron.api.extensions [None req-64b76479-88d3-4f51-a39a-3882d8d89f64 None None] Ext name="Filter parameters validation" alias="filter-validation" description="Provides validation on filter parameters." updated="2018-07-04T10:00:00-00:00" {{(pid=103420) _check_extension /opt/stack/neutron/neutron/api/extensions.py:415}}
Feb 17 02:21:06.507279 np0000155917 devstack@neutron-api.service[103419]: DEBUG neutron_lib.callbacks.manager [None req-63a27ac6-28ab-4675-83c6-e949cdacd9bc None None] Subscribe: > segment after_create 55550000, False {{(pid=103419) subscribe /opt/stack/data/venv/lib/python3.12/site-packages/neutron_lib/callbacks/manager.py:52}}
Feb 17 02:21:06.507359 np0000155917 devstack@neutron-api.service[103421]: DEBUG neutron_lib.callbacks.manager [None req-d7d7bdca-935c-4830-aca5-60e3f9db0a74 None None] Subscribe: > rbac-policy before_create 55550000, False {{(pid=103421) subscribe /opt/stack/data/venv/lib/python3.12/site-packages/neutron_lib/callbacks/manager.py:52}}
Feb 17 02:21:06.507561 np0000155917 devstack@neutron-api.service[103419]: DEBUG neutron_lib.callbacks.manager [None req-63a27ac6-28ab-4675-83c6-e949cdacd9bc None None] Subscribe: > segment after_delete 55550000, False {{(pid=103419) subscribe /opt/stack/data/venv/lib/python3.12/site-packages/neutron_lib/callbacks/manager.py:52}}
Feb 17 02:21:06.507836 np0000155917 devstack@neutron-api.service[103420]: INFO neutron.api.extensions [None req-64b76479-88d3-4f51-a39a-3882d8d89f64 None None] Loaded extension: filter-validation
Feb 17 02:21:06.508038 np0000155917 devstack@neutron-api.service[103421]: DEBUG neutron_lib.callbacks.manager [None req-d7d7bdca-935c-4830-aca5-60e3f9db0a74 None None] Subscribe: > rbac-policy before_update 55550000, False {{(pid=103421) subscribe /opt/stack/data/venv/lib/python3.12/site-packages/neutron_lib/callbacks/manager.py:52}}
Feb 17 02:21:06.508205 np0000155917 devstack@neutron-api.service[103420]: DEBUG neutron.api.extensions [None req-64b76479-88d3-4f51-a39a-3882d8d89f64 None None] Loading extension file: fip_pf_description.py {{(pid=103420) _load_all_extensions_from_path /opt/stack/neutron/neutron/api/extensions.py:449}}
Feb 17 02:21:06.508329 np0000155917 devstack@neutron-api.service[103419]: DEBUG neutron_lib.callbacks.manager [None req-63a27ac6-28ab-4675-83c6-e949cdacd9bc None None] Subscribe: > allowed_address_pair before_create 55550000, False {{(pid=103419) subscribe /opt/stack/data/venv/lib/python3.12/site-packages/neutron_lib/callbacks/manager.py:52}}
Feb 17 02:21:06.508490 np0000155917 devstack@neutron-api.service[103421]: DEBUG neutron_lib.callbacks.manager [None req-d7d7bdca-935c-4830-aca5-60e3f9db0a74 None None] Subscribe: > rbac-policy before_delete 55550000, False {{(pid=103421) subscribe /opt/stack/data/venv/lib/python3.12/site-packages/neutron_lib/callbacks/manager.py:52}}
Feb 17 02:21:06.508573 np0000155917 devstack@neutron-api.service[103419]: DEBUG neutron_lib.callbacks.manager [None req-63a27ac6-28ab-4675-83c6-e949cdacd9bc None None] Subscribe: > security_group precommit_create 55550000, False {{(pid=103419) subscribe /opt/stack/data/venv/lib/python3.12/site-packages/neutron_lib/callbacks/manager.py:52}}
Feb 17 02:21:06.508660 np0000155917 devstack@neutron-api.service[103420]: DEBUG neutron.api.extensions [None req-64b76479-88d3-4f51-a39a-3882d8d89f64 None None] Ext name="Floating IP Port Forwarding new attribute description" alias="floating-ip-port-forwarding-description" description="Add a description field to Port Forwarding rules" updated="2019-11-01T10:00:00-00:00" {{(pid=103420) _check_extension /opt/stack/neutron/neutron/api/extensions.py:415}}
Feb 17 02:21:06.508745 np0000155917 devstack@neutron-api.service[103419]: DEBUG neutron_lib.callbacks.manager [None req-63a27ac6-28ab-4675-83c6-e949cdacd9bc None None] Subscribe: > security_group after_update 55550000, False {{(pid=103419) subscribe /opt/stack/data/venv/lib/python3.12/site-packages/neutron_lib/callbacks/manager.py:52}}
Feb 17 02:21:06.508745 np0000155917 devstack@neutron-api.service[103419]: DEBUG neutron_lib.callbacks.manager [None req-63a27ac6-28ab-4675-83c6-e949cdacd9bc None None] Subscribe: > security_group after_create 55550000, False {{(pid=103419) subscribe /opt/stack/data/venv/lib/python3.12/site-packages/neutron_lib/callbacks/manager.py:52}}
Feb 17 02:21:06.508912 np0000155917 devstack@neutron-api.service[103420]: INFO neutron.api.extensions [None req-64b76479-88d3-4f51-a39a-3882d8d89f64 None None] Extension floating-ip-port-forwarding-description not supported by any of loaded plugins
Feb 17 02:21:06.509008 np0000155917 devstack@neutron-api.service[103421]: DEBUG neutron.manager [None req-d7d7bdca-935c-4830-aca5-60e3f9db0a74 None None] Successfully loaded network-ip-availability plugin. Description: Provides IP availability data for each network and subnet. {{(pid=103421) _create_and_add_service_plugin /opt/stack/neutron/neutron/manager.py:229}}
Feb 17 02:21:06.509118 np0000155917 devstack@neutron-api.service[103419]: DEBUG neutron_lib.callbacks.manager [None req-63a27ac6-28ab-4675-83c6-e949cdacd9bc None None] Subscribe: > security_group precommit_delete 55550000, False {{(pid=103419) subscribe /opt/stack/data/venv/lib/python3.12/site-packages/neutron_lib/callbacks/manager.py:52}}
Feb 17 02:21:06.509159 np0000155917 devstack@neutron-api.service[103420]: DEBUG neutron.api.extensions [None req-64b76479-88d3-4f51-a39a-3882d8d89f64 None None] Loading extension file: fip_pf_detail.py {{(pid=103420) _load_all_extensions_from_path /opt/stack/neutron/neutron/api/extensions.py:449}}
Feb 17 02:21:06.509236 np0000155917 devstack@neutron-api.service[103421]: INFO neutron.manager [None req-d7d7bdca-935c-4830-aca5-60e3f9db0a74 None None] Loading Plugin: flavors
Feb 17 02:21:06.509322 np0000155917 devstack@neutron-api.service[103419]: DEBUG neutron_lib.callbacks.manager [None req-63a27ac6-28ab-4675-83c6-e949cdacd9bc None None] Subscribe: > security_group after_delete 55550000, False {{(pid=103419) subscribe /opt/stack/data/venv/lib/python3.12/site-packages/neutron_lib/callbacks/manager.py:52}}
Feb 17 02:21:06.509322 np0000155917 devstack@neutron-api.service[103419]: DEBUG neutron_lib.callbacks.manager [None req-63a27ac6-28ab-4675-83c6-e949cdacd9bc None None] Subscribe: > security_group_rule precommit_create 55550000, False {{(pid=103419) subscribe /opt/stack/data/venv/lib/python3.12/site-packages/neutron_lib/callbacks/manager.py:52}}
Feb 17 02:21:06.509453 np0000155917 devstack@neutron-api.service[103420]: DEBUG neutron.api.extensions [None req-64b76479-88d3-4f51-a39a-3882d8d89f64 None None] Ext name="Floating IP port forwarding detail" alias="floating-ip-port-forwarding-detail" description="Allow list floating ip return more port forwarding data, include'id' and 'internal_port_id'" updated="2022-05-06T10:00:00-00:00" {{(pid=103420) _check_extension /opt/stack/neutron/neutron/api/extensions.py:415}}
Feb 17 02:21:06.509514 np0000155917 devstack@neutron-api.service[103419]: DEBUG neutron_lib.callbacks.manager [None req-63a27ac6-28ab-4675-83c6-e949cdacd9bc None None] Subscribe: > security_group_rule after_create 55550000, False {{(pid=103419) subscribe /opt/stack/data/venv/lib/python3.12/site-packages/neutron_lib/callbacks/manager.py:52}}
Feb 17 02:21:06.509548 np0000155917 devstack@neutron-api.service[103420]: INFO neutron.api.extensions [None req-64b76479-88d3-4f51-a39a-3882d8d89f64 None None] Loaded extension: floating-ip-port-forwarding-detail
Feb 17 02:21:06.509605 np0000155917 devstack@neutron-api.service[103419]: DEBUG neutron_lib.callbacks.manager [None req-63a27ac6-28ab-4675-83c6-e949cdacd9bc None None] Subscribe: > security_group_rule before_delete 55550000, False {{(pid=103419) subscribe /opt/stack/data/venv/lib/python3.12/site-packages/neutron_lib/callbacks/manager.py:52}}
Feb 17 02:21:06.509672 np0000155917 devstack@neutron-api.service[103420]: DEBUG neutron.api.extensions [None req-64b76479-88d3-4f51-a39a-3882d8d89f64 None None] Loading extension file: fip_pf_port_range.py {{(pid=103420) _load_all_extensions_from_path /opt/stack/neutron/neutron/api/extensions.py:449}}
Feb 17 02:21:06.509731 np0000155917 devstack@neutron-api.service[103419]: DEBUG neutron_lib.callbacks.manager [None req-63a27ac6-28ab-4675-83c6-e949cdacd9bc None None] Subscribe: > address_group after_create 55550000, False {{(pid=103419) subscribe /opt/stack/data/venv/lib/python3.12/site-packages/neutron_lib/callbacks/manager.py:52}}
Feb 17 02:21:06.509731 np0000155917 devstack@neutron-api.service[103419]: DEBUG neutron_lib.callbacks.manager [None req-63a27ac6-28ab-4675-83c6-e949cdacd9bc None None] Subscribe: > address_group after_update 55550000, False {{(pid=103419) subscribe /opt/stack/data/venv/lib/python3.12/site-packages/neutron_lib/callbacks/manager.py:52}}
Feb 17 02:21:06.509731 np0000155917 devstack@neutron-api.service[103419]: DEBUG neutron_lib.callbacks.manager [None req-63a27ac6-28ab-4675-83c6-e949cdacd9bc None None] Subscribe: > address_group after_delete 55550000, False {{(pid=103419) subscribe /opt/stack/data/venv/lib/python3.12/site-packages/neutron_lib/callbacks/manager.py:52}}
Feb 17 02:21:06.509815 np0000155917 devstack@neutron-api.service[103420]: DEBUG neutron.api.extensions [None req-64b76479-88d3-4f51-a39a-3882d8d89f64 None None] Ext name="Floating IP Port Forwarding support port ranges" alias="floating-ip-port-forwarding-port-ranges" description="Add support to port ranges" updated="2020-07-01T10:00:00-00:00" {{(pid=103420) _check_extension /opt/stack/neutron/neutron/api/extensions.py:415}}
Feb 17 02:21:06.509815 np0000155917 devstack@neutron-api.service[103420]: INFO neutron.api.extensions [None req-64b76479-88d3-4f51-a39a-3882d8d89f64 None None] Extension floating-ip-port-forwarding-port-ranges not supported by any of loaded plugins
Feb 17 02:21:06.509954 np0000155917 devstack@neutron-api.service[103419]: DEBUG neutron_lib.callbacks.manager [None req-63a27ac6-28ab-4675-83c6-e949cdacd9bc None None] Subscribe: > qos_plugin after_init 55550000, False {{(pid=103419) subscribe /opt/stack/data/venv/lib/python3.12/site-packages/neutron_lib/callbacks/manager.py:52}}
Feb 17 02:21:06.510023 np0000155917 devstack@neutron-api.service[103421]: DEBUG neutron.manager [None req-d7d7bdca-935c-4830-aca5-60e3f9db0a74 None None] Successfully loaded FLAVORS plugin. Description: Neutron Flavors and Service Profiles manager plugin {{(pid=103421) _create_and_add_service_plugin /opt/stack/neutron/neutron/manager.py:229}}
Feb 17 02:21:06.510080 np0000155917 devstack@neutron-api.service[103420]: DEBUG neutron.api.extensions [None req-64b76479-88d3-4f51-a39a-3882d8d89f64 None None] Loading extension file: fip_port_details.py {{(pid=103420) _load_all_extensions_from_path /opt/stack/neutron/neutron/api/extensions.py:449}}
Feb 17 02:21:06.510116 np0000155917 devstack@neutron-api.service[103421]: INFO neutron.manager [None req-d7d7bdca-935c-4830-aca5-60e3f9db0a74 None None] Loading Plugin: revisions
Feb 17 02:21:06.510174 np0000155917 devstack@neutron-api.service[103419]: DEBUG neutron_lib.callbacks.manager [None req-63a27ac6-28ab-4675-83c6-e949cdacd9bc None None] Subscribe: > trunk_plugin after_init 55550000, False {{(pid=103419) subscribe /opt/stack/data/venv/lib/python3.12/site-packages/neutron_lib/callbacks/manager.py:52}}
Feb 17 02:21:06.510174 np0000155917 devstack@neutron-api.service[103419]: DEBUG neutron_lib.callbacks.manager [None req-63a27ac6-28ab-4675-83c6-e949cdacd9bc None None] Subscribe: > logging-plugin after_init 55550000, False {{(pid=103419) subscribe /opt/stack/data/venv/lib/python3.12/site-packages/neutron_lib/callbacks/manager.py:52}}
Feb 17 02:21:06.510496 np0000155917 devstack@neutron-api.service[103420]: DEBUG neutron.api.extensions [None req-64b76479-88d3-4f51-a39a-3882d8d89f64 None None] Ext name="Floating IP Port Details Extension" alias="fip-port-details" description="Add port_details attribute to Floating IP resource" updated="2018-04-09T10:00:00-00:00" {{(pid=103420) _check_extension /opt/stack/neutron/neutron/api/extensions.py:415}}
Feb 17 02:21:06.510496 np0000155917 devstack@neutron-api.service[103420]: INFO neutron.api.extensions [None req-64b76479-88d3-4f51-a39a-3882d8d89f64 None None] Loaded extension: fip-port-details
Feb 17 02:21:06.510496 np0000155917 devstack@neutron-api.service[103420]: DEBUG neutron.api.extensions [None req-64b76479-88d3-4f51-a39a-3882d8d89f64 None None] Loading extension file: flavors.py {{(pid=103420) _load_all_extensions_from_path /opt/stack/neutron/neutron/api/extensions.py:449}}
Feb 17 02:21:06.510674 np0000155917 devstack@neutron-api.service[103419]: INFO neutron.services.logapi.drivers.ovn.driver [None req-63a27ac6-28ab-4675-83c6-e949cdacd9bc None None] OVN logging driver registered
Feb 17 02:21:06.510757 np0000155917 devstack@neutron-api.service[103420]: DEBUG neutron.api.extensions [None req-64b76479-88d3-4f51-a39a-3882d8d89f64 None None] Ext name="Neutron Service Flavors" alias="flavors" description="Flavor specification for Neutron advanced services." updated="2015-09-17T10:00:00-00:00" {{(pid=103420) _check_extension /opt/stack/neutron/neutron/api/extensions.py:415}}
Feb 17 02:21:06.510786 np0000155917 devstack@neutron-api.service[103421]: DEBUG neutron.manager [None req-d7d7bdca-935c-4830-aca5-60e3f9db0a74 None None] Successfully loaded revision_plugin plugin. Description: Adds revision numbers to resources. {{(pid=103421) _create_and_add_service_plugin /opt/stack/neutron/neutron/manager.py:229}}
Feb 17 02:21:06.510823 np0000155917 devstack@neutron-api.service[103420]: INFO neutron.api.extensions [None req-64b76479-88d3-4f51-a39a-3882d8d89f64 None None] Loaded extension: flavors
Feb 17 02:21:06.510905 np0000155917 devstack@neutron-api.service[103421]: DEBUG oslo_concurrency.lockutils [None req-d7d7bdca-935c-4830-aca5-60e3f9db0a74 None None] Lock "manager" "released" by "neutron.manager.NeutronManager._create_instance" :: held 4.332s {{(pid=103421) inner /opt/stack/data/venv/lib/python3.12/site-packages/oslo_concurrency/lockutils.py:538}}
Feb 17 02:21:06.510967 np0000155917 devstack@neutron-api.service[103420]: DEBUG neutron.api.extensions [None req-64b76479-88d3-4f51-a39a-3882d8d89f64 None None] Loading extension file: floating_ip_port_forwarding.py {{(pid=103420) _load_all_extensions_from_path /opt/stack/neutron/neutron/api/extensions.py:449}}
Feb 17 02:21:06.511026 np0000155917 devstack@neutron-api.service[103421]: DEBUG neutron.api.extensions [None req-d7d7bdca-935c-4830-aca5-60e3f9db0a74 None None] get_extension_paths = OrderedDict({'/opt/stack/neutron/neutron/extensions': 1}) {{(pid=103421) get_extensions_path /opt/stack/neutron/neutron/api/extensions.py:640}}
Feb 17 02:21:06.511026 np0000155917 devstack@neutron-api.service[103421]: INFO neutron.api.extensions [None req-d7d7bdca-935c-4830-aca5-60e3f9db0a74 None None] Initializing extension manager.
Feb 17 02:21:06.511084 np0000155917 devstack@neutron-api.service[103420]: DEBUG neutron.api.extensions [None req-64b76479-88d3-4f51-a39a-3882d8d89f64 None None] Ext name="Floating IP Port Forwarding" alias="floating-ip-port-forwarding" description="Allow port forwarding from floating IP port to an internal port" updated="2018-01-19T10:00:00-00:00" {{(pid=103420) _check_extension /opt/stack/neutron/neutron/api/extensions.py:415}}
Feb 17 02:21:06.511084 np0000155917 devstack@neutron-api.service[103420]: INFO neutron.api.extensions [None req-64b76479-88d3-4f51-a39a-3882d8d89f64 None None] Extension floating-ip-port-forwarding not supported by any of loaded plugins
Feb 17 02:21:06.511200 np0000155917 devstack@neutron-api.service[103421]: DEBUG neutron.api.extensions [None req-d7d7bdca-935c-4830-aca5-60e3f9db0a74 None None] Loading extension file: __init__.py {{(pid=103421) _load_all_extensions_from_path /opt/stack/neutron/neutron/api/extensions.py:449}}
Feb 17 02:21:06.511266 np0000155917 devstack@neutron-api.service[103420]: DEBUG neutron.api.extensions [None req-64b76479-88d3-4f51-a39a-3882d8d89f64 None None] Loading extension file: floatingip_pools.py {{(pid=103420) _load_all_extensions_from_path /opt/stack/neutron/neutron/api/extensions.py:449}}
Feb 17 02:21:06.511295 np0000155917 devstack@neutron-api.service[103421]: DEBUG neutron.api.extensions [None req-d7d7bdca-935c-4830-aca5-60e3f9db0a74 None None] Loading extension file: __pycache__ {{(pid=103421) _load_all_extensions_from_path /opt/stack/neutron/neutron/api/extensions.py:449}}
Feb 17 02:21:06.511295 np0000155917 devstack@neutron-api.service[103421]: DEBUG neutron.api.extensions [None req-d7d7bdca-935c-4830-aca5-60e3f9db0a74 None None] Loading extension file: address_group.py {{(pid=103421) _load_all_extensions_from_path /opt/stack/neutron/neutron/api/extensions.py:449}}
Feb 17 02:21:06.511422 np0000155917 devstack@neutron-api.service[103420]: DEBUG neutron.api.extensions [None req-64b76479-88d3-4f51-a39a-3882d8d89f64 None None] Ext name="Floating IP Pools Extension" alias="floatingip-pools" description="Provides a floating IP pools API." updated="2018-03-21T10:00:00-00:00" {{(pid=103420) _check_extension /opt/stack/neutron/neutron/api/extensions.py:415}}
Feb 17 02:21:06.511422 np0000155917 devstack@neutron-api.service[103420]: INFO neutron.api.extensions [None req-64b76479-88d3-4f51-a39a-3882d8d89f64 None None] Loaded extension: floatingip-pools
Feb 17 02:21:06.511484 np0000155917 devstack@neutron-api.service[103419]: DEBUG neutron.plugins.ml2.plugin [None req-63a27ac6-28ab-4675-83c6-e949cdacd9bc None None] neutron.plugins.ml2.plugin.Ml2Plugin method _start_rpc_notifiers called with arguments () {} {{(pid=103419) wrapper /opt/stack/data/venv/lib/python3.12/site-packages/oslo_log/helpers.py:77}}
Feb 17 02:21:06.511596 np0000155917 devstack@neutron-api.service[103421]: DEBUG neutron.api.extensions [None req-d7d7bdca-935c-4830-aca5-60e3f9db0a74 None None] Ext name="Address group" alias="address-group" description="Support address group" updated="2020-07-15T10:00:00-00:00" {{(pid=103421) _check_extension /opt/stack/neutron/neutron/api/extensions.py:415}}
Feb 17 02:21:06.511678 np0000155917 devstack@neutron-api.service[103420]: DEBUG neutron.api.extensions [None req-64b76479-88d3-4f51-a39a-3882d8d89f64 None None] Loading extension file: ip_allocation.py {{(pid=103420) _load_all_extensions_from_path /opt/stack/neutron/neutron/api/extensions.py:449}}
Feb 17 02:21:06.511759 np0000155917 devstack@neutron-api.service[103421]: INFO neutron.api.extensions [None req-d7d7bdca-935c-4830-aca5-60e3f9db0a74 None None] Loaded extension: address-group
Feb 17 02:21:06.511835 np0000155917 devstack@neutron-api.service[103419]: DEBUG neutron_lib.callbacks.manager [None req-63a27ac6-28ab-4675-83c6-e949cdacd9bc None None] Subscribe: > port after_create 55550000, False {{(pid=103419) subscribe /opt/stack/data/venv/lib/python3.12/site-packages/neutron_lib/callbacks/manager.py:52}}
Feb 17 02:21:06.511946 np0000155917 devstack@neutron-api.service[103420]: DEBUG neutron.api.extensions [None req-64b76479-88d3-4f51-a39a-3882d8d89f64 None None] Ext name="IP Allocation" alias="ip_allocation" description="IP allocation extension." updated="2016-06-10T23:00:00-00:00" {{(pid=103420) _check_extension /opt/stack/neutron/neutron/api/extensions.py:415}}
Feb 17 02:21:06.512069 np0000155917 devstack@neutron-api.service[103421]: DEBUG neutron.api.extensions [None req-d7d7bdca-935c-4830-aca5-60e3f9db0a74 None None] Loading extension file: address_scope.py {{(pid=103421) _load_all_extensions_from_path /opt/stack/neutron/neutron/api/extensions.py:449}}
Feb 17 02:21:06.512108 np0000155917 devstack@neutron-api.service[103419]: DEBUG neutron_lib.callbacks.manager [None req-63a27ac6-28ab-4675-83c6-e949cdacd9bc None None] Subscribe: > port after_update 55550000, False {{(pid=103419) subscribe /opt/stack/data/venv/lib/python3.12/site-packages/neutron_lib/callbacks/manager.py:52}}
Feb 17 02:21:06.512173 np0000155917 devstack@neutron-api.service[103420]: INFO neutron.api.extensions [None req-64b76479-88d3-4f51-a39a-3882d8d89f64 None None] Extension ip_allocation not supported by any of loaded plugins
Feb 17 02:21:06.512232 np0000155917 devstack@neutron-api.service[103419]: DEBUG neutron_lib.callbacks.manager [None req-63a27ac6-28ab-4675-83c6-e949cdacd9bc None None] Subscribe: > port after_delete 55550000, False {{(pid=103419) subscribe /opt/stack/data/venv/lib/python3.12/site-packages/neutron_lib/callbacks/manager.py:52}}
Feb 17 02:21:06.512297 np0000155917 devstack@neutron-api.service[103420]: DEBUG neutron.api.extensions [None req-64b76479-88d3-4f51-a39a-3882d8d89f64 None None] Loading extension file: ip_substring_port_filtering.py {{(pid=103420) _load_all_extensions_from_path /opt/stack/neutron/neutron/api/extensions.py:449}}
Feb 17 02:21:06.512330 np0000155917 devstack@neutron-api.service[103419]: DEBUG neutron_lib.callbacks.manager [None req-63a27ac6-28ab-4675-83c6-e949cdacd9bc None None] Subscribe: > subnet after_create 55550000, False {{(pid=103419) subscribe /opt/stack/data/venv/lib/python3.12/site-packages/neutron_lib/callbacks/manager.py:52}}
Feb 17 02:21:06.512395 np0000155917 devstack@neutron-api.service[103421]: DEBUG neutron.api.extensions [None req-d7d7bdca-935c-4830-aca5-60e3f9db0a74 None None] Ext name="Address scope" alias="address-scope" description="Address scopes extension." updated="2015-07-26T10:00:00-00:00" {{(pid=103421) _check_extension /opt/stack/neutron/neutron/api/extensions.py:415}}
Feb 17 02:21:06.512491 np0000155917 devstack@neutron-api.service[103419]: DEBUG neutron_lib.callbacks.manager [None req-63a27ac6-28ab-4675-83c6-e949cdacd9bc None None] Subscribe: > subnet after_update 55550000, False {{(pid=103419) subscribe /opt/stack/data/venv/lib/python3.12/site-packages/neutron_lib/callbacks/manager.py:52}}
Feb 17 02:21:06.512642 np0000155917 devstack@neutron-api.service[103420]: DEBUG neutron.api.extensions [None req-64b76479-88d3-4f51-a39a-3882d8d89f64 None None] Ext name="IP address substring filtering" alias="ip-substring-filtering" description="Provides IP address substring filtering when listing ports" updated="2017-11-28T09:00:00-00:00" {{(pid=103420) _check_extension /opt/stack/neutron/neutron/api/extensions.py:415}}
Feb 17 02:21:06.512673 np0000155917 devstack@neutron-api.service[103419]: DEBUG neutron_lib.callbacks.manager [None req-63a27ac6-28ab-4675-83c6-e949cdacd9bc None None] Subscribe: > subnet after_delete 55550000, False {{(pid=103419) subscribe /opt/stack/data/venv/lib/python3.12/site-packages/neutron_lib/callbacks/manager.py:52}}
Feb 17 02:21:06.512733 np0000155917 devstack@neutron-api.service[103421]: INFO neutron.api.extensions [None req-d7d7bdca-935c-4830-aca5-60e3f9db0a74 None None] Loaded extension: address-scope
Feb 17 02:21:06.512796 np0000155917 devstack@neutron-api.service[103419]: DEBUG neutron_lib.callbacks.manager [None req-63a27ac6-28ab-4675-83c6-e949cdacd9bc None None] Subscribe: > network after_create 55550000, False {{(pid=103419) subscribe /opt/stack/data/venv/lib/python3.12/site-packages/neutron_lib/callbacks/manager.py:52}}
Feb 17 02:21:06.512830 np0000155917 devstack@neutron-api.service[103421]: DEBUG neutron.api.extensions [None req-d7d7bdca-935c-4830-aca5-60e3f9db0a74 None None] Loading extension file: admin_state_down_before_update.py {{(pid=103421) _load_all_extensions_from_path /opt/stack/neutron/neutron/api/extensions.py:449}}
Feb 17 02:21:06.512911 np0000155917 devstack@neutron-api.service[103420]: INFO neutron.api.extensions [None req-64b76479-88d3-4f51-a39a-3882d8d89f64 None None] Extension ip-substring-filtering not supported by any of loaded plugins
Feb 17 02:21:06.512983 np0000155917 devstack@neutron-api.service[103419]: DEBUG neutron_lib.callbacks.manager [None req-63a27ac6-28ab-4675-83c6-e949cdacd9bc None None] Subscribe: > network after_update 55550000, False {{(pid=103419) subscribe /opt/stack/data/venv/lib/python3.12/site-packages/neutron_lib/callbacks/manager.py:52}}
Feb 17 02:21:06.513046 np0000155917 devstack@neutron-api.service[103420]: DEBUG neutron.api.extensions [None req-64b76479-88d3-4f51-a39a-3882d8d89f64 None None] Loading extension file: l2_adjacency.py {{(pid=103420) _load_all_extensions_from_path /opt/stack/neutron/neutron/api/extensions.py:449}}
Feb 17 02:21:06.513075 np0000155917 devstack@neutron-api.service[103419]: DEBUG neutron_lib.callbacks.manager [None req-63a27ac6-28ab-4675-83c6-e949cdacd9bc None None] Subscribe: > network after_delete 55550000, False {{(pid=103419) subscribe /opt/stack/data/venv/lib/python3.12/site-packages/neutron_lib/callbacks/manager.py:52}}
Feb 17 02:21:06.513137 np0000155917 devstack@neutron-api.service[103421]: DEBUG neutron.api.extensions [None req-d7d7bdca-935c-4830-aca5-60e3f9db0a74 None None] Ext name="Enforce Router's Admin State Down Before Update Extension" alias="router-admin-state-down-before-update" description="Ensure that the admin state of a router is DOWN (admin_state_up=False) before updating the distributed attribute" updated="2019-07-02T15:56:00" {{(pid=103421) _check_extension /opt/stack/neutron/neutron/api/extensions.py:415}}
Feb 17 02:21:06.513196 np0000155917 devstack@neutron-api.service[103419]: DEBUG neutron_lib.callbacks.manager [None req-63a27ac6-28ab-4675-83c6-e949cdacd9bc None None] Subscribe: > security_group after_create 55550000, False {{(pid=103419) subscribe /opt/stack/data/venv/lib/python3.12/site-packages/neutron_lib/callbacks/manager.py:52}}
Feb 17 02:21:06.513223 np0000155917 devstack@neutron-api.service[103420]: DEBUG neutron.api.extensions [None req-64b76479-88d3-4f51-a39a-3882d8d89f64 None None] Ext name="L2 Adjacency" alias="l2_adjacency" description="Display L2 Adjacency for Neutron Networks." updated="2016-04-12T16:00:00-00:00" {{(pid=103420) _check_extension /opt/stack/neutron/neutron/api/extensions.py:415}}
Feb 17 02:21:06.513285 np0000155917 devstack@neutron-api.service[103419]: DEBUG neutron_lib.callbacks.manager [None req-63a27ac6-28ab-4675-83c6-e949cdacd9bc None None] Subscribe: > security_group after_update 55550000, False {{(pid=103419) subscribe /opt/stack/data/venv/lib/python3.12/site-packages/neutron_lib/callbacks/manager.py:52}}
Feb 17 02:21:06.513321 np0000155917 devstack@neutron-api.service[103421]: INFO neutron.api.extensions [None req-d7d7bdca-935c-4830-aca5-60e3f9db0a74 None None] Extension router-admin-state-down-before-update not supported by any of loaded plugins
Feb 17 02:21:06.513386 np0000155917 devstack@neutron-api.service[103419]: DEBUG neutron_lib.callbacks.manager [None req-63a27ac6-28ab-4675-83c6-e949cdacd9bc None None] Subscribe: > security_group after_delete 55550000, False {{(pid=103419) subscribe /opt/stack/data/venv/lib/python3.12/site-packages/neutron_lib/callbacks/manager.py:52}}
Feb 17 02:21:06.513442 np0000155917 devstack@neutron-api.service[103420]: INFO neutron.api.extensions [None req-64b76479-88d3-4f51-a39a-3882d8d89f64 None None] Extension l2_adjacency not supported by any of loaded plugins
Feb 17 02:21:06.513470 np0000155917 devstack@neutron-api.service[103421]: DEBUG neutron.api.extensions [None req-d7d7bdca-935c-4830-aca5-60e3f9db0a74 None None] Loading extension file: agent.py {{(pid=103421) _load_all_extensions_from_path /opt/stack/neutron/neutron/api/extensions.py:449}}
Feb 17 02:21:06.513532 np0000155917 devstack@neutron-api.service[103419]: DEBUG neutron_lib.callbacks.manager [None req-63a27ac6-28ab-4675-83c6-e949cdacd9bc None None] Subscribe: > security_group_rule after_create 55550000, False {{(pid=103419) subscribe /opt/stack/data/venv/lib/python3.12/site-packages/neutron_lib/callbacks/manager.py:52}}
Feb 17 02:21:06.513591 np0000155917 devstack@neutron-api.service[103420]: DEBUG neutron.api.extensions [None req-64b76479-88d3-4f51-a39a-3882d8d89f64 None None] Loading extension file: l3.py {{(pid=103420) _load_all_extensions_from_path /opt/stack/neutron/neutron/api/extensions.py:449}}
Feb 17 02:21:06.513621 np0000155917 devstack@neutron-api.service[103419]: DEBUG neutron_lib.callbacks.manager [None req-63a27ac6-28ab-4675-83c6-e949cdacd9bc None None] Subscribe: > security_group_rule after_update 55550000, False {{(pid=103419) subscribe /opt/stack/data/venv/lib/python3.12/site-packages/neutron_lib/callbacks/manager.py:52}}
Feb 17 02:21:06.513621 np0000155917 devstack@neutron-api.service[103419]: DEBUG neutron_lib.callbacks.manager [None req-63a27ac6-28ab-4675-83c6-e949cdacd9bc None None] Subscribe: > security_group_rule after_delete 55550000, False {{(pid=103419) subscribe /opt/stack/data/venv/lib/python3.12/site-packages/neutron_lib/callbacks/manager.py:52}}
Feb 17 02:21:06.513738 np0000155917 devstack@neutron-api.service[103421]: DEBUG neutron.api.extensions [None req-d7d7bdca-935c-4830-aca5-60e3f9db0a74 None None] Ext name="agent" alias="agent" description="The agent management extension." updated="2013-02-03T10:00:00-00:00" {{(pid=103421) _check_extension /opt/stack/neutron/neutron/api/extensions.py:415}}
Feb 17 02:21:06.513768 np0000155917 devstack@neutron-api.service[103419]: DEBUG neutron_lib.callbacks.manager [None req-63a27ac6-28ab-4675-83c6-e949cdacd9bc None None] Subscribe: > address_group after_create 55550000, False {{(pid=103419) subscribe /opt/stack/data/venv/lib/python3.12/site-packages/neutron_lib/callbacks/manager.py:52}}
Feb 17 02:21:06.513768 np0000155917 devstack@neutron-api.service[103419]: DEBUG neutron_lib.callbacks.manager [None req-63a27ac6-28ab-4675-83c6-e949cdacd9bc None None] Subscribe: > address_group after_update 55550000, False {{(pid=103419) subscribe /opt/stack/data/venv/lib/python3.12/site-packages/neutron_lib/callbacks/manager.py:52}}
Feb 17 02:21:06.513917 np0000155917 devstack@neutron-api.service[103421]: INFO neutron.api.extensions [None req-d7d7bdca-935c-4830-aca5-60e3f9db0a74 None None] Loaded extension: agent
Feb 17 02:21:06.513987 np0000155917 devstack@neutron-api.service[103420]: DEBUG neutron.api.extensions [None req-64b76479-88d3-4f51-a39a-3882d8d89f64 None None] Ext name="Neutron L3 Router" alias="router" description="Router abstraction for basic L3 forwarding between L2 Neutron networks and access to external networks via a NAT gateway." updated="2012-07-20T10:00:00-00:00" {{(pid=103420) _check_extension /opt/stack/neutron/neutron/api/extensions.py:415}}
Feb 17 02:21:06.514029 np0000155917 devstack@neutron-api.service[103419]: DEBUG neutron_lib.callbacks.manager [None req-63a27ac6-28ab-4675-83c6-e949cdacd9bc None None] Subscribe: > address_group after_delete 55550000, False {{(pid=103419) subscribe /opt/stack/data/venv/lib/python3.12/site-packages/neutron_lib/callbacks/manager.py:52}}
Feb 17 02:21:06.514089 np0000155917 devstack@neutron-api.service[103421]: DEBUG neutron.api.extensions [None req-d7d7bdca-935c-4830-aca5-60e3f9db0a74 None None] Loading extension file: agent_resources_synced.py {{(pid=103421) _load_all_extensions_from_path /opt/stack/neutron/neutron/api/extensions.py:449}}
Feb 17 02:21:06.514146 np0000155917 devstack@neutron-api.service[103419]: DEBUG neutron.plugins.ml2.ovo_rpc [None req-63a27ac6-28ab-4675-83c6-e949cdacd9bc None None] ML2 OVO RPC backend initialized. {{(pid=103419) __init__ /opt/stack/neutron/neutron/plugins/ml2/ovo_rpc.py:117}}
Feb 17 02:21:06.514188 np0000155917 devstack@neutron-api.service[103420]: INFO neutron.api.extensions [None req-64b76479-88d3-4f51-a39a-3882d8d89f64 None None] Loaded extension: router
Feb 17 02:21:06.514188 np0000155917 devstack@neutron-api.service[103420]: DEBUG neutron.api.extensions [None req-64b76479-88d3-4f51-a39a-3882d8d89f64 None None] Loading extension file: l3_conntrack_helper.py {{(pid=103420) _load_all_extensions_from_path /opt/stack/neutron/neutron/api/extensions.py:449}}
Feb 17 02:21:06.514414 np0000155917 devstack@neutron-api.service[103421]: DEBUG neutron.api.extensions [None req-d7d7bdca-935c-4830-aca5-60e3f9db0a74 None None] Ext name="Agent's Resource View Synced to Placement" alias="agent-resources-synced" description="Stores success/failure of last sync to Placement" updated="2018-12-19T00:00:00-00:00" {{(pid=103421) _check_extension /opt/stack/neutron/neutron/api/extensions.py:415}}
Feb 17 02:21:06.514414 np0000155917 devstack@neutron-api.service[103421]: INFO neutron.api.extensions [None req-d7d7bdca-935c-4830-aca5-60e3f9db0a74 None None] Extension agent-resources-synced not supported by any of loaded plugins
Feb 17 02:21:06.514414 np0000155917 devstack@neutron-api.service[103421]: DEBUG neutron.api.extensions [None req-d7d7bdca-935c-4830-aca5-60e3f9db0a74 None None] Loading extension file: allowedaddresspairs.py {{(pid=103421) _load_all_extensions_from_path /opt/stack/neutron/neutron/api/extensions.py:449}}
Feb 17 02:21:06.514558 np0000155917 devstack@neutron-api.service[103420]: DEBUG neutron.api.extensions [None req-64b76479-88d3-4f51-a39a-3882d8d89f64 None None] Ext name="L3 Conntrack helper" alias="l3-conntrack-helper" description="Allow adding CT target rules for conntrack helper" updated="2019-04-04T10:00:00-00:00" {{(pid=103420) _check_extension /opt/stack/neutron/neutron/api/extensions.py:415}}
Feb 17 02:21:06.514617 np0000155917 devstack@neutron-api.service[103419]: INFO neutron.quota [None req-63a27ac6-28ab-4675-83c6-e949cdacd9bc None None] Loaded quota_driver: .
Feb 17 02:21:06.514683 np0000155917 devstack@neutron-api.service[103420]: INFO neutron.api.extensions [None req-64b76479-88d3-4f51-a39a-3882d8d89f64 None None] Extension l3-conntrack-helper not supported by any of loaded plugins
Feb 17 02:21:06.514712 np0000155917 devstack@neutron-api.service[103419]: INFO neutron.plugins.ml2.plugin [None req-63a27ac6-28ab-4675-83c6-e949cdacd9bc None None] Modular L2 Plugin initialization complete
