2026-06-24 06:41:04.626 10 INFO neutron.wsgi [None req-b05e57d4-48f2-4a8f-b3ed-3ef9521a069d 804ef06498ce4add98c4ab26e20bd64c 84b8dcab02df4253aaee8a30da0dfe06 - - default default] 10.0.0.142 "DELETE /v2.0/networks/f4ea451a-a055-426a-908e-1e59bcf61885 HTTP/1.1" status: 204 len: 168 time: 0.6624708 /var/lib/openstack/lib/python3.10/site-packages/pycadf/identifier.py:71: UserWarning: Invalid uuid: neutron. To ensure interoperability, identifiers should be a valid uuid. warnings.warn(('Invalid uuid: %s. To ensure interoperability, '
2026-06-24 06:41:04.772 10 INFO neutron.wsgi [None req-fe437a67-16d2-4bcf-8538-77143b12774a 5fdefb3d254f4ca7a83516009991c4a0 0966f5495c5b41aa878c0b4a2d4efc2b - - default default] 10.0.0.142 "DELETE /v2.0/ports/5eb8f53c-c3e4-44d0-9407-76dd961d0161 HTTP/1.1" status: 204 len: 168 time: 0.3499777
2026-06-24 06:41:04.780 9 INFO neutron.db.segments_db [None req-cfaa3f4c-c5e4-4a96-9db2-c5d34ccc14f6 804ef06498ce4add98c4ab26e20bd64c 84b8dcab02df4253aaee8a30da0dfe06 - - default default] Added segment a613a69a-526d-405e-9752-de33e88d9ab3 of type geneve for network 30d6c38f-bd8b-48c9-a9e6-d8ad1da943f9
2026-06-24 06:41:04.879 10 INFO neutron.wsgi [None req-fea773d3-7097-4e39-85f1-3b733a72025f 5fdefb3d254f4ca7a83516009991c4a0 0966f5495c5b41aa878c0b4a2d4efc2b - - default default] 10.0.0.142 "GET /v2.0/ports HTTP/1.1" status: 200 len: 1729 time: 0.0973878
2026-06-24 06:41:04.908 10 INFO neutron.pecan_wsgi.hooks.translation [None req-eea16d83-0c82-40bf-bdc1-99d6fedefbb8 5fdefb3d254f4ca7a83516009991c4a0 0966f5495c5b41aa878c0b4a2d4efc2b - - default default] GET failed (client error): The resource could not be found.
2026-06-24 06:41:04.910 10 INFO neutron.wsgi [None req-eea16d83-0c82-40bf-bdc1-99d6fedefbb8 5fdefb3d254f4ca7a83516009991c4a0 0966f5495c5b41aa878c0b4a2d4efc2b - - default default] 10.0.0.142 "GET /v2.0/ports/5eb8f53c-c3e4-44d0-9407-76dd961d0161 HTTP/1.1" status: 404 len: 333 time: 0.0248988
2026-06-24 06:41:04.959 10 INFO neutron.wsgi [None req-19871c8f-a868-48ba-87ff-1e23a9893889 5fdefb3d254f4ca7a83516009991c4a0 0966f5495c5b41aa878c0b4a2d4efc2b - - default default] 10.0.0.142 "GET /v2.0/ports HTTP/1.1" status: 200 len: 1729 time: 0.0398300
2026-06-24 06:41:05.000 10 INFO neutron.wsgi [None req-d2d4a610-155d-486c-b8d8-07109122accc 5fdefb3d254f4ca7a83516009991c4a0 0966f5495c5b41aa878c0b4a2d4efc2b - - default default] 10.0.0.142 "GET /v2.0/ports/ec3aca1f-2dd6-4d41-90cc-fdc86c8a5c07 HTTP/1.1" status: 200 len: 969 time: 0.0344586
2026-06-24 06:41:05.028 10 INFO neutron.pecan_wsgi.hooks.translation [None req-080d59ed-4488-4430-90bb-847289bad04a 5fdefb3d254f4ca7a83516009991c4a0 0966f5495c5b41aa878c0b4a2d4efc2b - - default default] DELETE failed (client error): The resource could not be found.
2026-06-24 06:41:05.032 10 INFO neutron.wsgi [None req-080d59ed-4488-4430-90bb-847289bad04a 5fdefb3d254f4ca7a83516009991c4a0 0966f5495c5b41aa878c0b4a2d4efc2b - - default default] 10.0.0.142 "DELETE /v2.0/ports/3f9f8bf6-e0b1-40f4-8d82-0f433b2743d6 HTTP/1.1" status: 404 len: 333 time: 0.0231876
2026-06-24 06:41:05.053 10 INFO neutron.pecan_wsgi.hooks.translation [None req-5dd539b2-70d6-4c93-a3c6-1b6d0caab0cd 5fdefb3d254f4ca7a83516009991c4a0 0966f5495c5b41aa878c0b4a2d4efc2b - - default default] DELETE failed (client error): The resource could not be found.
2026-06-24 06:41:05.056 10 INFO neutron.wsgi [None req-5dd539b2-70d6-4c93-a3c6-1b6d0caab0cd 5fdefb3d254f4ca7a83516009991c4a0 0966f5495c5b41aa878c0b4a2d4efc2b - - default default] 10.0.0.142 "DELETE /v2.0/subnets/1d57529d-db55-4b44-9169-24e0c9bdf8e2 HTTP/1.1" status: 404 len: 337 time: 0.0185540
2026-06-24 06:41:05.093 10 INFO neutron.pecan_wsgi.hooks.translation [None req-fa735b39-297d-4037-8cca-8c42c89fef14 5fdefb3d254f4ca7a83516009991c4a0 0966f5495c5b41aa878c0b4a2d4efc2b - - default default] DELETE failed (client error): The resource could not be found.
2026-06-24 06:41:05.097 10 INFO neutron.wsgi [None req-fa735b39-297d-4037-8cca-8c42c89fef14 5fdefb3d254f4ca7a83516009991c4a0 0966f5495c5b41aa878c0b4a2d4efc2b - - default default] 10.0.0.142 "DELETE /v2.0/subnets/6a49a178-e7cf-4254-96a9-831bfc6e16ca HTTP/1.1" status: 404 len: 337 time: 0.0364170
2026-06-24 06:41:05.266 9 INFO neutron.db.ovn_revision_numbers_db [None req-cfaa3f4c-c5e4-4a96-9db2-c5d34ccc14f6 804ef06498ce4add98c4ab26e20bd64c 84b8dcab02df4253aaee8a30da0dfe06 - - default default] Successfully bumped revision number for resource 30d6c38f-bd8b-48c9-a9e6-d8ad1da943f9 (type: networks) to 1
2026-06-24 06:41:05.301 10 INFO neutron.services.segments.plugin [-] Segment 00b42ff7-e0da-4f78-ba7e-322ed16d0cf4 resource provider aggregate not found
2026-06-24 06:41:05.308 10 INFO neutron.services.segments.plugin [-] Segment 00b42ff7-e0da-4f78-ba7e-322ed16d0cf4 resource provider aggregate not found
2026-06-24 06:41:05.325 10 INFO neutron.services.segments.plugin [-] Segment 00b42ff7-e0da-4f78-ba7e-322ed16d0cf4 resource provider not found; error: Placement Client Error (4xx): {"errors": [{"status": 404, "title": "Not Found", "detail": "The resource could not be found.\n\n No resource provider with uuid 00b42ff7-e0da-4f78-ba7e-322ed16d0cf4 found for delete ", "request_id": "req-0e34f4da-731f-4ff1-97b7-03a7c9a56d27"}]}
2026-06-24 06:41:05.327 10 INFO neutron.services.segments.plugin [-] Segment 00b42ff7-e0da-4f78-ba7e-322ed16d0cf4 resource provider not found; error: Placement Client Error (4xx): {"errors": [{"status": 404, "title": "Not Found", "detail": "The resource could not be found.\n\n No resource provider with uuid 00b42ff7-e0da-4f78-ba7e-322ed16d0cf4 found for delete ", "request_id": "req-021dd6f2-5db3-4fd3-881d-79324a1c009f"}]}
2026-06-24 06:41:05.367 10 INFO neutron.wsgi [None req-4255ba8c-d9f4-41ae-9ea9-834892032792 5fdefb3d254f4ca7a83516009991c4a0 0966f5495c5b41aa878c0b4a2d4efc2b - - default default] 10.0.0.142 "DELETE /v2.0/ports/ec3aca1f-2dd6-4d41-90cc-fdc86c8a5c07 HTTP/1.1" status: 204 len: 168 time: 0.2659395
2026-06-24 06:41:05.439 9 WARNING neutron.scheduler.dhcp_agent_scheduler [None req-cfaa3f4c-c5e4-4a96-9db2-c5d34ccc14f6 804ef06498ce4add98c4ab26e20bd64c 84b8dcab02df4253aaee8a30da0dfe06 - - default default] No more DHCP agents
2026-06-24 06:41:05.444 9 WARNING neutron.api.rpc.agentnotifiers.dhcp_rpc_agent_api [None req-cfaa3f4c-c5e4-4a96-9db2-c5d34ccc14f6 804ef06498ce4add98c4ab26e20bd64c 84b8dcab02df4253aaee8a30da0dfe06 - - default default] Unable to schedule network 30d6c38f-bd8b-48c9-a9e6-d8ad1da943f9: no agents available; will retry on subsequent port and subnet creation events.
2026-06-24 06:41:05.535 9 INFO neutron.db.ovn_revision_numbers_db [None req-cfaa3f4c-c5e4-4a96-9db2-c5d34ccc14f6 804ef06498ce4add98c4ab26e20bd64c 84b8dcab02df4253aaee8a30da0dfe06 - - default default] Successfully bumped revision number for resource 6486c0ae-c01e-47ff-a492-fc95ba4d6852 (type: ports) to 1
2026-06-24 06:41:05.563 9 INFO neutron.wsgi [None req-cfaa3f4c-c5e4-4a96-9db2-c5d34ccc14f6 804ef06498ce4add98c4ab26e20bd64c 84b8dcab02df4253aaee8a30da0dfe06 - - default default] 10.0.0.142 "POST /v2.0/networks HTTP/1.1" status: 201 len: 834 time: 0.9201405
2026-06-24 06:41:06.168 10 INFO neutron.wsgi [None req-a58b231c-f406-4919-ac86-90e0ad7d947e 5fdefb3d254f4ca7a83516009991c4a0 0966f5495c5b41aa878c0b4a2d4efc2b - - default default] 10.0.0.142 "DELETE /v2.0/networks/9797724c-0f4d-4293-87b5-9673fc96f912 HTTP/1.1" status: 204 len: 168 time: 0.7957575
2026-06-24 06:41:06.233 10 WARNING neutron.scheduler.dhcp_agent_scheduler [None req-d73f0904-a666-4581-8d0c-3bb3c6398d44 804ef06498ce4add98c4ab26e20bd64c 84b8dcab02df4253aaee8a30da0dfe06 - - default default] No more DHCP agents
2026-06-24 06:41:06.236 10 WARNING neutron.api.rpc.agentnotifiers.dhcp_rpc_agent_api [None req-d73f0904-a666-4581-8d0c-3bb3c6398d44 804ef06498ce4add98c4ab26e20bd64c 84b8dcab02df4253aaee8a30da0dfe06 - - default default] Unable to schedule network 30d6c38f-bd8b-48c9-a9e6-d8ad1da943f9: no agents available; will retry on subsequent port and subnet creation events.
2026-06-24 06:41:06.274 10 INFO neutron.db.ovn_revision_numbers_db [None req-d73f0904-a666-4581-8d0c-3bb3c6398d44 804ef06498ce4add98c4ab26e20bd64c 84b8dcab02df4253aaee8a30da0dfe06 - - default default] Successfully bumped revision number for resource eeb58269-674c-4312-a67d-712ed6e4e9d2 (type: subnets) to 0
2026-06-24 06:41:06.292 10 INFO neutron.wsgi [None req-d73f0904-a666-4581-8d0c-3bb3c6398d44 804ef06498ce4add98c4ab26e20bd64c 84b8dcab02df4253aaee8a30da0dfe06 - - default default] 10.0.0.142 "POST /v2.0/subnets HTTP/1.1" status: 201 len: 821 time: 0.7211356
2026-06-24 06:41:06.659 10 WARNING neutron.scheduler.dhcp_agent_scheduler [None req-9716cdda-b9bf-4082-bcdb-1a7b8b554cfc 804ef06498ce4add98c4ab26e20bd64c 84b8dcab02df4253aaee8a30da0dfe06 - - default default] No more DHCP agents
2026-06-24 06:41:06.662 10 WARNING neutron.api.rpc.agentnotifiers.dhcp_rpc_agent_api [None req-9716cdda-b9bf-4082-bcdb-1a7b8b554cfc 804ef06498ce4add98c4ab26e20bd64c 84b8dcab02df4253aaee8a30da0dfe06 - - default default] Unable to schedule network 30d6c38f-bd8b-48c9-a9e6-d8ad1da943f9: no agents available; will retry on subsequent port and subnet creation events.
2026-06-24 06:41:06.804 10 INFO neutron.db.ovn_revision_numbers_db [None req-9716cdda-b9bf-4082-bcdb-1a7b8b554cfc 804ef06498ce4add98c4ab26e20bd64c 84b8dcab02df4253aaee8a30da0dfe06 - - default default] Successfully bumped revision number for resource 35d7877a-f46f-4c4a-8cf6-0dbcbf644a89 (type: ports) to 1
2026-06-24 06:41:06.852 10 INFO neutron.wsgi [None req-9716cdda-b9bf-4082-bcdb-1a7b8b554cfc 804ef06498ce4add98c4ab26e20bd64c 84b8dcab02df4253aaee8a30da0dfe06 - - default default] 10.0.0.142 "POST /v2.0/ports HTTP/1.1" status: 201 len: 1127 time: 0.5540037
2026-06-24 06:41:06.934 9 INFO neutron.wsgi [None req-f5033775-4830-4c33-9165-c5a2e4f6bfa9 077cbf55c2ea41d68f97fa6292411a5c 44d62b779996478c833b8c35d862cc8b - - default default] 10.0.0.142 "GET /v2.0/security-groups?tenant_id=0966f5495c5b41aa878c0b4a2d4efc2b&name=default HTTP/1.1" status: 200 len: 2996 time: 0.2100518
2026-06-24 06:41:07.194 10 INFO neutron.wsgi [None req-a4616caa-ce78-4f30-9bcf-b57b23bd4c5a 804ef06498ce4add98c4ab26e20bd64c 84b8dcab02df4253aaee8a30da0dfe06 - - default default] 10.0.0.142 "DELETE /v2.0/ports/35d7877a-f46f-4c4a-8cf6-0dbcbf644a89 HTTP/1.1" status: 204 len: 168 time: 0.3364384
2026-06-24 06:41:07.218 10 INFO neutron.pecan_wsgi.hooks.translation [None req-caea754e-e19b-4791-9ad2-1d5d13dd0ef1 804ef06498ce4add98c4ab26e20bd64c 84b8dcab02df4253aaee8a30da0dfe06 - - default default] GET failed (client error): The resource could not be found.
2026-06-24 06:41:07.220 10 INFO neutron.wsgi [None req-caea754e-e19b-4791-9ad2-1d5d13dd0ef1 804ef06498ce4add98c4ab26e20bd64c 84b8dcab02df4253aaee8a30da0dfe06 - - default default] 10.0.0.142 "GET /v2.0/ports/35d7877a-f46f-4c4a-8cf6-0dbcbf644a89 HTTP/1.1" status: 404 len: 333 time: 0.0214441
2026-06-24 06:41:07.254 10 INFO neutron.wsgi [None req-459c0380-d721-4b16-a3cb-587b1f70cd37 077cbf55c2ea41d68f97fa6292411a5c 44d62b779996478c833b8c35d862cc8b - - default default] 10.0.0.142 "DELETE /v2.0/security-groups/f76fae11-3079-49a0-a40b-b30f5b52d423 HTTP/1.1" status: 204 len: 168 time: 0.3132825
2026-06-24 06:41:07.357 10 INFO neutron.services.segments.plugin [-] Segment 6627ed3b-48de-4511-a64a-a7f766864729 resource provider aggregate not found
2026-06-24 06:41:07.363 10 INFO neutron.services.segments.plugin [-] Segment 6627ed3b-48de-4511-a64a-a7f766864729 resource provider aggregate not found
2026-06-24 06:41:07.374 10 INFO neutron.services.segments.plugin [-] Segment 6627ed3b-48de-4511-a64a-a7f766864729 resource provider not found; error: Placement Client Error (4xx): {"errors": [{"status": 404, "title": "Not Found", "detail": "The resource could not be found.\n\n No resource provider with uuid 6627ed3b-48de-4511-a64a-a7f766864729 found for delete ", "request_id": "req-594eb026-2d82-4359-9e0b-0ed3fdbe13c4"}]}
2026-06-24 06:41:07.376 10 INFO neutron.services.segments.plugin [-] Segment 6627ed3b-48de-4511-a64a-a7f766864729 resource provider not found; error: Placement Client Error (4xx): {"errors": [{"status": 404, "title": "Not Found", "detail": "The resource could not be found.\n\n No resource provider with uuid 6627ed3b-48de-4511-a64a-a7f766864729 found for delete ", "request_id": "req-e338b3da-9616-46d7-97b0-69d045108c3d"}]}
2026-06-24 06:41:07.448 10 INFO neutron.wsgi [None req-53a2c3b6-0051-4156-a32d-d971b0a8a4d0 804ef06498ce4add98c4ab26e20bd64c 84b8dcab02df4253aaee8a30da0dfe06 - - default default] 10.0.0.142 "DELETE /v2.0/subnets/eeb58269-674c-4312-a67d-712ed6e4e9d2 HTTP/1.1" status: 204 len: 168 time: 0.2213395
2026-06-24 06:41:07.884 10 INFO neutron.wsgi [None req-7dde970e-53a7-434d-ab23-3803d6f7cb9d 804ef06498ce4add98c4ab26e20bd64c 84b8dcab02df4253aaee8a30da0dfe06 - - default default] 10.0.0.142 "DELETE /v2.0/networks/30d6c38f-bd8b-48c9-a9e6-d8ad1da943f9 HTTP/1.1" status: 204 len: 168 time: 0.4294734
2026-06-24 06:41:08.147 10 WARNING neutron.scheduler.dhcp_agent_scheduler [None req-8f74ba35-856f-459b-952e-203ce4a29686 804ef06498ce4add98c4ab26e20bd64c 84b8dcab02df4253aaee8a30da0dfe06 - - default default] No more DHCP agents
2026-06-24 06:41:08.149 10 WARNING neutron.api.rpc.agentnotifiers.dhcp_rpc_agent_api [None req-8f74ba35-856f-459b-952e-203ce4a29686 804ef06498ce4add98c4ab26e20bd64c 84b8dcab02df4253aaee8a30da0dfe06 - - default default] Unable to schedule network 812cd3da-4291-465b-8d76-a54277ed85a8: no agents available; will retry on subsequent port and subnet creation events.
2026-06-24 06:41:08.237 10 INFO neutron.db.ovn_revision_numbers_db [None req-8f74ba35-856f-459b-952e-203ce4a29686 804ef06498ce4add98c4ab26e20bd64c 84b8dcab02df4253aaee8a30da0dfe06 - - default default] Successfully bumped revision number for resource 06898910-a6fd-4faf-acef-6fcfb7f4dd6a (type: ports) to 1
2026-06-24 06:41:08.259 10 INFO neutron.wsgi [None req-8f74ba35-856f-459b-952e-203ce4a29686 804ef06498ce4add98c4ab26e20bd64c 84b8dcab02df4253aaee8a30da0dfe06 - - default default] 10.0.0.142 "POST /v2.0/ports HTTP/1.1" status: 201 len: 978 time: 0.3677928 /var/lib/openstack/lib/python3.10/site-packages/pycadf/identifier.py:71: UserWarning: Invalid uuid: neutron. To ensure interoperability, identifiers should be a valid uuid. warnings.warn(('Invalid uuid: %s. To ensure interoperability, '
2026-06-24 06:41:08.537 10 INFO neutron.plugins.ml2.drivers.ovn.mech_driver.mech_driver [None req-82b03573-d123-4689-a836-64c806e4d42f - - - - - -] OVN reports status down for port: 06898910-a6fd-4faf-acef-6fcfb7f4dd6a
2026-06-24 06:41:08.581 10 INFO neutron.db.ovn_revision_numbers_db [None req-9c58465c-c732-44f7-a542-117c425ba6af 804ef06498ce4add98c4ab26e20bd64c 84b8dcab02df4253aaee8a30da0dfe06 - - default default] Successfully bumped revision number for resource 06898910-a6fd-4faf-acef-6fcfb7f4dd6a (type: ports) to 2
2026-06-24 06:41:08.600 10 INFO neutron.wsgi [None req-9c58465c-c732-44f7-a542-117c425ba6af 804ef06498ce4add98c4ab26e20bd64c 84b8dcab02df4253aaee8a30da0dfe06 - - default default] 10.0.0.142 "PUT /v2.0/ports/06898910-a6fd-4faf-acef-6fcfb7f4dd6a HTTP/1.1" status: 200 len: 946 time: 0.3355682 /var/lib/openstack/lib/python3.10/site-packages/pycadf/identifier.py:71: UserWarning: Invalid uuid: neutron. To ensure interoperability, identifiers should be a valid uuid. warnings.warn(('Invalid uuid: %s. To ensure interoperability, '
2026-06-24 06:41:08.700 9 INFO neutron.db.ovn_revision_numbers_db [None req-05dbac5f-bcd7-4050-a94b-60090a439e0e cda9e6b1493a4264b44692c4347c4b31 7ce36fe19a014917b3648c2fa7f4526a - - default default] Successfully bumped revision number for resource 5e1625cb-b8ee-420d-a6c4-5425aeef0030 (type: routers) to 1
2026-06-24 06:41:08.722 9 INFO neutron.wsgi [None req-05dbac5f-bcd7-4050-a94b-60090a439e0e cda9e6b1493a4264b44692c4347c4b31 7ce36fe19a014917b3648c2fa7f4526a - - default default] 10.0.0.142 "POST /v2.0/routers HTTP/1.1" status: 201 len: 654 time: 0.4420609
2026-06-24 06:41:08.840 10 INFO neutron.wsgi [None req-962c9d18-5d38-4410-83ca-9ae11136a2e4 804ef06498ce4add98c4ab26e20bd64c 84b8dcab02df4253aaee8a30da0dfe06 - - default default] 10.0.0.142 "DELETE /v2.0/ports/06898910-a6fd-4faf-acef-6fcfb7f4dd6a HTTP/1.1" status: 204 len: 168 time: 0.2330317
2026-06-24 06:41:08.927 9 INFO neutron.db.ovn_revision_numbers_db [None req-fc5e3d21-7f54-4be2-bbb2-66dd76470cef cda9e6b1493a4264b44692c4347c4b31 7ce36fe19a014917b3648c2fa7f4526a - - default default] Successfully bumped revision number for resource 743815a3-84d0-4ae5-8d48-436802112089 (type: routers) to 1
2026-06-24 06:41:08.930 10 INFO neutron.wsgi [None req-9ebb7665-4418-491a-9540-3d282488e56a 804ef06498ce4add98c4ab26e20bd64c 84b8dcab02df4253aaee8a30da0dfe06 - - default default] 10.0.0.142 "GET /v2.0/ports HTTP/1.1" status: 200 len: 1732 time: 0.0773914
2026-06-24 06:41:08.955 9 INFO neutron.wsgi [None req-fc5e3d21-7f54-4be2-bbb2-66dd76470cef cda9e6b1493a4264b44692c4347c4b31 7ce36fe19a014917b3648c2fa7f4526a - - default default] 10.0.0.142 "POST /v2.0/routers HTTP/1.1" status: 201 len: 654 time: 0.2279487
2026-06-24 06:41:08.956 9 INFO neutron.pecan_wsgi.hooks.translation [None req-d4eab862-79fb-45e9-91d5-09254e56244a 804ef06498ce4add98c4ab26e20bd64c 84b8dcab02df4253aaee8a30da0dfe06 - - default default] GET failed (client error): The resource could not be found.
2026-06-24 06:41:08.959 9 INFO neutron.wsgi [None req-d4eab862-79fb-45e9-91d5-09254e56244a 804ef06498ce4add98c4ab26e20bd64c 84b8dcab02df4253aaee8a30da0dfe06 - - default default] 10.0.0.142 "GET /v2.0/ports/06898910-a6fd-4faf-acef-6fcfb7f4dd6a HTTP/1.1" status: 404 len: 333 time: 0.0240984
2026-06-24 06:41:09.084 9 INFO neutron.wsgi [-] 10.0.0.142 "GET / HTTP/1.1" status: 200 len: 279 time: 0.0035574
2026-06-24 06:41:09.095 9 INFO neutron.wsgi [None req-354870b5-d84f-4a40-9689-f99cb8d5c815 804ef06498ce4add98c4ab26e20bd64c 84b8dcab02df4253aaee8a30da0dfe06 - - default default] 10.0.0.142 "GET /v2.0/ports HTTP/1.1" status: 200 len: 1732 time: 0.1286304
2026-06-24 06:41:09.155 10 INFO neutron.wsgi [None req-599ef672-84d4-4ce6-8842-0ff00cb2dc57 804ef06498ce4add98c4ab26e20bd64c 84b8dcab02df4253aaee8a30da0dfe06 - - default default] 10.0.0.142 "GET /v2.0/ports/87264f06-2a50-40c4-b149-8c07c6d28243 HTTP/1.1" status: 200 len: 972 time: 0.0527728
2026-06-24 06:41:09.162 10 INFO neutron.db.ovn_revision_numbers_db [None req-a8099345-d3ac-4855-8b25-69093f81a08b cda9e6b1493a4264b44692c4347c4b31 7ce36fe19a014917b3648c2fa7f4526a - - default default] Successfully bumped revision number for resource 81a3c500-04b7-4012-912e-071d20a9f111 (type: routers) to 1
2026-06-24 06:41:09.181 9 INFO neutron.pecan_wsgi.hooks.translation [None req-7a6b5f78-f19b-49af-b398-2e0ecd711d64 804ef06498ce4add98c4ab26e20bd64c 84b8dcab02df4253aaee8a30da0dfe06 - - default default] DELETE failed (client error): The resource could not be found.
2026-06-24 06:41:09.183 10 INFO neutron.wsgi [None req-a8099345-d3ac-4855-8b25-69093f81a08b cda9e6b1493a4264b44692c4347c4b31 7ce36fe19a014917b3648c2fa7f4526a - - default default] 10.0.0.142 "POST /v2.0/routers HTTP/1.1" status: 201 len: 654 time: 0.2206280
2026-06-24 06:41:09.184 9 INFO neutron.wsgi [None req-7a6b5f78-f19b-49af-b398-2e0ecd711d64 804ef06498ce4add98c4ab26e20bd64c 84b8dcab02df4253aaee8a30da0dfe06 - - default default] 10.0.0.142 "DELETE /v2.0/ports/35d7877a-f46f-4c4a-8cf6-0dbcbf644a89 HTTP/1.1" status: 404 len: 333 time: 0.0213244
2026-06-24 06:41:09.191 10 INFO neutron.wsgi [None req-9b80b8d0-c596-44f6-982a-5f1af4d51d69 686c35ac386f4a20856d2c5db50f0a09 22f3c51b49434c05b21209131349eebb - - default default] 10.0.0.142 "GET /v2.0/ HTTP/1.1" status: 200 len: 826 time: 0.1002755
2026-06-24 06:41:09.217 9 INFO neutron.pecan_wsgi.hooks.translation [None req-5fc893e4-25a3-4650-b9c2-3a0513717325 804ef06498ce4add98c4ab26e20bd64c 84b8dcab02df4253aaee8a30da0dfe06 - - default default] DELETE failed (client error): The resource could not be found.
2026-06-24 06:41:09.220 9 INFO neutron.wsgi [None req-5fc893e4-25a3-4650-b9c2-3a0513717325 804ef06498ce4add98c4ab26e20bd64c 84b8dcab02df4253aaee8a30da0dfe06 - - default default] 10.0.0.142 "DELETE /v2.0/subnets/eeb58269-674c-4312-a67d-712ed6e4e9d2 HTTP/1.1" status: 404 len: 337 time: 0.0296052
2026-06-24 06:41:09.263 10 INFO neutron.pecan_wsgi.hooks.translation [None req-78d8eed1-9587-4880-a5cb-2c3131dfc2c4 804ef06498ce4add98c4ab26e20bd64c 84b8dcab02df4253aaee8a30da0dfe06 - - default default] DELETE failed (client error): The resource could not be found.
2026-06-24 06:41:09.266 10 INFO neutron.wsgi [None req-78d8eed1-9587-4880-a5cb-2c3131dfc2c4 804ef06498ce4add98c4ab26e20bd64c 84b8dcab02df4253aaee8a30da0dfe06 - - default default] 10.0.0.142 "DELETE /v2.0/subnets/5d901dda-f810-4be3-bc07-bf2665a90282 HTTP/1.1" status: 404 len: 337 time: 0.0389869
2026-06-24 06:41:09.390 9 INFO neutron.db.ovn_revision_numbers_db [None req-3b88d4d8-c4e5-45b3-a8d6-855d895fc617 cda9e6b1493a4264b44692c4347c4b31 7ce36fe19a014917b3648c2fa7f4526a - - default default] Successfully bumped revision number for resource 20fb699c-da33-4a08-94f1-2c9e3cd98788 (type: routers) to 1
2026-06-24 06:41:09.412 9 INFO neutron.wsgi [None req-3b88d4d8-c4e5-45b3-a8d6-855d895fc617 cda9e6b1493a4264b44692c4347c4b31 7ce36fe19a014917b3648c2fa7f4526a - - default default] 10.0.0.142 "POST /v2.0/routers HTTP/1.1" status: 201 len: 654 time: 0.2231886
2026-06-24 06:41:09.413 10 INFO neutron.services.segments.plugin [-] Segment a613a69a-526d-405e-9752-de33e88d9ab3 resource provider aggregate not found
2026-06-24 06:41:09.418 10 INFO neutron.services.segments.plugin [-] Segment a613a69a-526d-405e-9752-de33e88d9ab3 resource provider aggregate not found
2026-06-24 06:41:09.434 10 INFO neutron.services.segments.plugin [-] Segment a613a69a-526d-405e-9752-de33e88d9ab3 resource provider not found; error: Placement Client Error (4xx): {"errors": [{"status": 404, "title": "Not Found", "detail": "The resource could not be found.\n\n No resource provider with uuid a613a69a-526d-405e-9752-de33e88d9ab3 found for delete ", "request_id": "req-42761935-a1ad-46ed-8bb0-ecbf7ecf99e5"}]}
2026-06-24 06:41:09.436 10 INFO neutron.services.segments.plugin [-] Segment a613a69a-526d-405e-9752-de33e88d9ab3 resource provider not found; error: Placement Client Error (4xx): {"errors": [{"status": 404, "title": "Not Found", "detail": "The resource could not be found.\n\n No resource provider with uuid a613a69a-526d-405e-9752-de33e88d9ab3 found for delete ", "request_id": "req-abe0ffef-6a23-4563-9d3f-a855c5e0183f"}]}
2026-06-24 06:41:09.507 10 INFO neutron.wsgi [None req-3b8ffc75-63fd-4d88-adf4-953a1b2a5dcd 804ef06498ce4add98c4ab26e20bd64c 84b8dcab02df4253aaee8a30da0dfe06 - - default default] 10.0.0.142 "DELETE /v2.0/ports/87264f06-2a50-40c4-b149-8c07c6d28243 HTTP/1.1" status: 204 len: 168 time: 0.2356143
2026-06-24 06:41:09.610 9 INFO neutron.db.ovn_revision_numbers_db [None req-49334fe1-0959-472f-a3e4-67bb14f608de cda9e6b1493a4264b44692c4347c4b31 7ce36fe19a014917b3648c2fa7f4526a - - default default] Successfully bumped revision number for resource edb1d8e7-4202-42f6-849e-02d054a11e56 (type: routers) to 1
2026-06-24 06:41:09.630 9 INFO neutron.wsgi [None req-49334fe1-0959-472f-a3e4-67bb14f608de cda9e6b1493a4264b44692c4347c4b31 7ce36fe19a014917b3648c2fa7f4526a - - default default] 10.0.0.142 "POST /v2.0/routers HTTP/1.1" status: 201 len: 654 time: 0.2110167
2026-06-24 06:41:09.694 9 INFO neutron.wsgi [None req-0451ff0d-c174-4c7b-80df-800560be5c2e cda9e6b1493a4264b44692c4347c4b31 7ce36fe19a014917b3648c2fa7f4526a - - default default] 10.0.0.142 "PUT /v2.0/routers/5e1625cb-b8ee-420d-a6c4-5425aeef0030/tags HTTP/1.1" status: 200 len: 210 time: 0.0583110
2026-06-24 06:41:09.765 9 INFO neutron.wsgi [None req-4399e49d-d7fc-4bfa-afa1-a1d44ad44136 cda9e6b1493a4264b44692c4347c4b31 7ce36fe19a014917b3648c2fa7f4526a - - default default] 10.0.0.142 "PUT /v2.0/routers/743815a3-84d0-4ae5-8d48-436802112089/tags HTTP/1.1" status: 200 len: 218 time: 0.0653400
2026-06-24 06:41:09.882 10 INFO neutron.wsgi [None req-8fd1af5b-669c-4183-ab7e-23413f28d367 cda9e6b1493a4264b44692c4347c4b31 7ce36fe19a014917b3648c2fa7f4526a - - default default] 10.0.0.142 "PUT /v2.0/routers/81a3c500-04b7-4012-912e-071d20a9f111/tags HTTP/1.1" status: 200 len: 227 time: 0.1112635
2026-06-24 06:41:09.936 9 INFO neutron.wsgi [None req-4eefb0d0-7503-416d-ac86-8a7cbb0b84af cda9e6b1493a4264b44692c4347c4b31 7ce36fe19a014917b3648c2fa7f4526a - - default default] 10.0.0.142 "PUT /v2.0/routers/20fb699c-da33-4a08-94f1-2c9e3cd98788/tags HTTP/1.1" status: 200 len: 212 time: 0.0481944
2026-06-24 06:41:10.002 10 INFO neutron.wsgi [None req-206a6fed-7f03-4a5d-ba24-4687d39d7f54 804ef06498ce4add98c4ab26e20bd64c 84b8dcab02df4253aaee8a30da0dfe06 - - default default] 10.0.0.142 "DELETE /v2.0/networks/812cd3da-4291-465b-8d76-a54277ed85a8 HTTP/1.1" status: 204 len: 168 time: 0.4901309
2026-06-24 06:41:10.009 10 INFO neutron.db.ovn_revision_numbers_db [None req-5da820be-2c44-43a2-8c1b-d0e6d18b1a20 077cbf55c2ea41d68f97fa6292411a5c 44d62b779996478c833b8c35d862cc8b - - default default] Successfully bumped revision number for resource cb5b06cc-8844-42a1-a134-07bc41347bf6 (type: security_groups) to 1
2026-06-24 06:41:10.024 10 INFO neutron.db.ovn_revision_numbers_db [None req-5da820be-2c44-43a2-8c1b-d0e6d18b1a20 077cbf55c2ea41d68f97fa6292411a5c 44d62b779996478c833b8c35d862cc8b - - default default] Successfully bumped revision number for resource 30badeaa-51f9-4c52-9cdd-560ea6580c3a (type: security_group_rules) to 0
2026-06-24 06:41:10.027 9 INFO neutron.wsgi [None req-46a58e9e-c099-4677-9593-b27712679e2c cda9e6b1493a4264b44692c4347c4b31 7ce36fe19a014917b3648c2fa7f4526a - - default default] 10.0.0.142 "GET /v2.0/routers?tags=red HTTP/1.1" status: 200 len: 1601 time: 0.0749404
2026-06-24 06:41:10.045 10 INFO neutron.db.ovn_revision_numbers_db [None req-5da820be-2c44-43a2-8c1b-d0e6d18b1a20 077cbf55c2ea41d68f97fa6292411a5c 44d62b779996478c833b8c35d862cc8b - - default default] Successfully bumped revision number for resource 9495ac86-69e5-4ff5-8cec-5c372dfcbe16 (type: security_group_rules) to 0
2026-06-24 06:41:10.063 10 INFO neutron.db.ovn_revision_numbers_db [None req-5da820be-2c44-43a2-8c1b-d0e6d18b1a20 077cbf55c2ea41d68f97fa6292411a5c 44d62b779996478c833b8c35d862cc8b - - default default] Successfully bumped revision number for resource afa92dfb-5c29-4255-8a66-0b6c97544247 (type: security_group_rules) to 0
2026-06-24 06:41:10.077 10 INFO neutron.db.ovn_revision_numbers_db [None req-5da820be-2c44-43a2-8c1b-d0e6d18b1a20 077cbf55c2ea41d68f97fa6292411a5c 44d62b779996478c833b8c35d862cc8b - - default default] Successfully bumped revision number for resource b7f41d77-b8ef-4f1f-b051-4bc749c80f10 (type: security_group_rules) to 0
2026-06-24 06:41:10.108 9 INFO neutron.wsgi [None req-4be860e8-2788-4ff1-bf7d-581852aa9fbf cda9e6b1493a4264b44692c4347c4b31 7ce36fe19a014917b3648c2fa7f4526a - - default default] 10.0.0.142 "GET /v2.0/routers?tags=red%2Cblue HTTP/1.1" status: 200 len: 1144 time: 0.0764256
2026-06-24 06:41:10.139 10 INFO neutron.wsgi [None req-5da820be-2c44-43a2-8c1b-d0e6d18b1a20 077cbf55c2ea41d68f97fa6292411a5c 44d62b779996478c833b8c35d862cc8b - - default default] 10.0.0.142 "GET /v2.0/security-groups?tenant_id=22f3c51b49434c05b21209131349eebb&name=default HTTP/1.1" status: 200 len: 2996 time: 0.4195535
2026-06-24 06:41:10.182 9 INFO neutron.wsgi [None req-2efcc35f-40a1-4bdc-868f-e6a3bf2448a8 cda9e6b1493a4264b44692c4347c4b31 7ce36fe19a014917b3648c2fa7f4526a - - default default] 10.0.0.142 "GET /v2.0/routers?tags-any=blue HTTP/1.1" status: 200 len: 1144 time: 0.0676785
2026-06-24 06:41:10.228 9 INFO neutron.wsgi [None req-a8db379d-4ef0-4d2f-bf1e-51434dce0876 cda9e6b1493a4264b44692c4347c4b31 7ce36fe19a014917b3648c2fa7f4526a - - default default] 10.0.0.142 "GET /v2.0/routers?tags-any=red%2Cblue HTTP/1.1" status: 200 len: 1601 time: 0.0409951
2026-06-24 06:41:10.384 10 INFO neutron.wsgi [None req-16be84a3-2ffe-4dc3-b9ef-7b203f340ea7 077cbf55c2ea41d68f97fa6292411a5c 44d62b779996478c833b8c35d862cc8b - - default default] 10.0.0.142 "DELETE /v2.0/security-groups/cb5b06cc-8844-42a1-a134-07bc41347bf6 HTTP/1.1" status: 204 len: 168 time: 0.2403164
2026-06-24 06:41:10.582 9 INFO neutron.wsgi [None req-5cf9c397-63dc-4dfd-bb42-4d796a67f053 cda9e6b1493a4264b44692c4347c4b31 7ce36fe19a014917b3648c2fa7f4526a - - default default] 10.0.0.142 "GET /v2.0/routers?not-tags=red HTTP/1.1" status: 200 len: 1116 time: 0.3487079
2026-06-24 06:41:10.659 9 INFO neutron.wsgi [None req-37d8b083-ddc3-4b71-a1c7-2a26342bbf67 cda9e6b1493a4264b44692c4347c4b31 7ce36fe19a014917b3648c2fa7f4526a - - default default] 10.0.0.142 "GET /v2.0/routers?not-tags=red%2Cblue HTTP/1.1" status: 200 len: 1573 time: 0.0699096
2026-06-24 06:41:10.694 10 INFO neutron.wsgi [None req-dceb36ab-424a-461d-8514-5c53ee590a2e 077cbf55c2ea41d68f97fa6292411a5c 44d62b779996478c833b8c35d862cc8b - - default default] 10.0.0.142 "GET /v2.0/security-groups?tenant_id=84b8dcab02df4253aaee8a30da0dfe06&name=default HTTP/1.1" status: 200 len: 2996 time: 0.1917872
2026-06-24 06:41:10.738 9 INFO neutron.wsgi [None req-48350f8c-0c9e-434c-b29a-81ade35a1123 cda9e6b1493a4264b44692c4347c4b31 7ce36fe19a014917b3648c2fa7f4526a - - default default] 10.0.0.142 "GET /v2.0/routers?not-tags-any=blue HTTP/1.1" status: 200 len: 1573 time: 0.0712235
2026-06-24 06:41:10.787 9 INFO neutron.wsgi [None req-a0e4353c-1aae-42f6-83fc-03a5886f9634 cda9e6b1493a4264b44692c4347c4b31 7ce36fe19a014917b3648c2fa7f4526a - - default default] 10.0.0.142 "GET /v2.0/routers?not-tags-any=red%2Cblue HTTP/1.1" status: 200 len: 1116 time: 0.0439897
2026-06-24 06:41:10.844 9 INFO neutron.wsgi [None req-fd8173ec-e90d-452b-a195-bd10eafe9d7c cda9e6b1493a4264b44692c4347c4b31 7ce36fe19a014917b3648c2fa7f4526a - - default default] 10.0.0.142 "GET /v2.0/routers/5e1625cb-b8ee-420d-a6c4-5425aeef0030 HTTP/1.1" status: 200 len: 660 time: 0.0487032
2026-06-24 06:41:10.969 10 INFO neutron.wsgi [None req-86d2fd66-dc81-4c53-9cc9-1e29b3864cab 077cbf55c2ea41d68f97fa6292411a5c 44d62b779996478c833b8c35d862cc8b - - default default] 10.0.0.142 "DELETE /v2.0/security-groups/a90266a5-760b-45b2-b310-e4acde093cdf HTTP/1.1" status: 204 len: 168 time: 0.2701092
2026-06-24 06:41:11.244 9 INFO neutron.db.ovn_revision_numbers_db [None req-06471918-f189-46ca-a635-c81e41696699 cda9e6b1493a4264b44692c4347c4b31 7ce36fe19a014917b3648c2fa7f4526a - - default default] Successfully bumped revision number for resource 5e1625cb-b8ee-420d-a6c4-5425aeef0030 (type: routers) to 2
2026-06-24 06:41:11.247 9 INFO neutron.wsgi [None req-06471918-f189-46ca-a635-c81e41696699 cda9e6b1493a4264b44692c4347c4b31 7ce36fe19a014917b3648c2fa7f4526a - - default default] 10.0.0.142 "PUT /v2.0/routers/5e1625cb-b8ee-420d-a6c4-5425aeef0030 HTTP/1.1" status: 200 len: 660 time: 0.3974833
2026-06-24 06:41:11.281 9 INFO neutron.wsgi [None req-717fac8c-1ad4-4e40-8398-9088a2fd838a cda9e6b1493a4264b44692c4347c4b31 7ce36fe19a014917b3648c2fa7f4526a - - default default] 10.0.0.142 "GET /v2.0/ports?device_id=5e1625cb-b8ee-420d-a6c4-5425aeef0030 HTTP/1.1" status: 200 len: 205 time: 0.0273247
2026-06-24 06:41:11.455 10 INFO neutron.services.segments.plugin [-] Segment 27b258dd-9b16-4830-adaa-06937a81aedb resource provider aggregate not found
2026-06-24 06:41:11.469 10 INFO neutron.services.segments.plugin [-] Segment 27b258dd-9b16-4830-adaa-06937a81aedb resource provider aggregate not found
2026-06-24 06:41:11.480 10 INFO neutron.services.segments.plugin [-] Segment 27b258dd-9b16-4830-adaa-06937a81aedb resource provider not found; error: Placement Client Error (4xx): {"errors": [{"status": 404, "title": "Not Found", "detail": "The resource could not be found.\n\n No resource provider with uuid 27b258dd-9b16-4830-adaa-06937a81aedb found for delete ", "request_id": "req-9e381def-3d5f-4f04-9660-d7e8e9f50b47"}]}
2026-06-24 06:41:11.525 9 INFO neutron.wsgi [None req-d3825735-f3d4-4591-8f44-be79e3ba4ee9 cda9e6b1493a4264b44692c4347c4b31 7ce36fe19a014917b3648c2fa7f4526a - - default default] 10.0.0.142 "DELETE /v2.0/routers/5e1625cb-b8ee-420d-a6c4-5425aeef0030 HTTP/1.1" status: 204 len: 168 time: 0.2387540
2026-06-24 06:41:11.576 10 INFO neutron.services.segments.plugin [-] Segment 27b258dd-9b16-4830-adaa-06937a81aedb resource provider not found; error: Placement Client Error (4xx): {"errors": [{"status": 404, "title": "Not Found", "detail": "The resource could not be found.\n\n No resource provider with uuid 27b258dd-9b16-4830-adaa-06937a81aedb found for delete ", "request_id": "req-d600cdc3-0fff-4856-b5b9-e4f9acc994f7"}]}
2026-06-24 06:41:11.589 9 INFO neutron.wsgi [None req-b2b26888-0097-4740-ab98-1240894194d1 cda9e6b1493a4264b44692c4347c4b31 7ce36fe19a014917b3648c2fa7f4526a - - default default] 10.0.0.142 "GET /v2.0/routers/743815a3-84d0-4ae5-8d48-436802112089 HTTP/1.1" status: 200 len: 668 time: 0.0544434
2026-06-24 06:41:12.322 9 INFO neutron.db.ovn_revision_numbers_db [None req-50dcfb41-d0ba-4083-a5f2-ac5cf0934ce2 cda9e6b1493a4264b44692c4347c4b31 7ce36fe19a014917b3648c2fa7f4526a - - default default] Successfully bumped revision number for resource 743815a3-84d0-4ae5-8d48-436802112089 (type: routers) to 2
2026-06-24 06:41:12.325 9 INFO neutron.wsgi [None req-50dcfb41-d0ba-4083-a5f2-ac5cf0934ce2 cda9e6b1493a4264b44692c4347c4b31 7ce36fe19a014917b3648c2fa7f4526a - - default default] 10.0.0.142 "PUT /v2.0/routers/743815a3-84d0-4ae5-8d48-436802112089 HTTP/1.1" status: 200 len: 668 time: 0.7303863
2026-06-24 06:41:12.349 9 INFO neutron.wsgi [None req-40fc8c85-81c1-451b-b6ca-e2ce077a8af5 cda9e6b1493a4264b44692c4347c4b31 7ce36fe19a014917b3648c2fa7f4526a - - default default] 10.0.0.142 "GET /v2.0/ports?device_id=743815a3-84d0-4ae5-8d48-436802112089 HTTP/1.1" status: 200 len: 205 time: 0.0173826
2026-06-24 06:41:12.548 9 INFO neutron.wsgi [None req-128f3e9f-9da5-46f3-9cf0-1f126a257e8b cda9e6b1493a4264b44692c4347c4b31 7ce36fe19a014917b3648c2fa7f4526a - - default default] 10.0.0.142 "DELETE /v2.0/routers/743815a3-84d0-4ae5-8d48-436802112089 HTTP/1.1" status: 204 len: 168 time: 0.1953845
2026-06-24 06:41:12.612 9 INFO neutron.wsgi [None req-4f411894-3a77-4152-aef3-77de729f0740 cda9e6b1493a4264b44692c4347c4b31 7ce36fe19a014917b3648c2fa7f4526a - - default default] 10.0.0.142 "GET /v2.0/routers/81a3c500-04b7-4012-912e-071d20a9f111 HTTP/1.1" status: 200 len: 677 time: 0.0549991
2026-06-24 06:41:12.706 9 INFO neutron.wsgi [req-7a7731d9-401c-4af4-8574-d758665aba6f req-ddf248f5-bdc3-480b-b5f5-1b2519bdbb79 1588825f9e8c4aae8f2817ef02dc2382 afdbfcb94df3419fb6684e6ace270672 - - c769bb63276a405ab5dc2b9ffc22e0d7 c769bb63276a405ab5dc2b9ffc22e0d7] 10.0.0.92 "GET /v2.0/ports?device_id=df716b5a-af9f-4a4b-bd71-59565f2d38cb HTTP/1.1" status: 200 len: 1409 time: 0.0835211
2026-06-24 06:41:12.786 9 INFO neutron.wsgi [req-7a7731d9-401c-4af4-8574-d758665aba6f req-d72349ff-a99f-4827-b683-34a36f7329ec 1588825f9e8c4aae8f2817ef02dc2382 afdbfcb94df3419fb6684e6ace270672 - - c769bb63276a405ab5dc2b9ffc22e0d7 c769bb63276a405ab5dc2b9ffc22e0d7] 10.0.0.92 "GET /v2.0/security-groups?id=50c7d28f-518a-4421-b6c2-1125484d5d88&fields=id&fields=name HTTP/1.1" status: 200 len: 312 time: 0.0610058
2026-06-24 06:41:13.146 9 INFO neutron.db.ovn_revision_numbers_db [None req-989f4e5d-408c-4833-9ce4-ed3db58520ca cda9e6b1493a4264b44692c4347c4b31 7ce36fe19a014917b3648c2fa7f4526a - - default default] Successfully bumped revision number for resource 81a3c500-04b7-4012-912e-071d20a9f111 (type: routers) to 2
2026-06-24 06:41:13.150 9 INFO neutron.wsgi [None req-989f4e5d-408c-4833-9ce4-ed3db58520ca cda9e6b1493a4264b44692c4347c4b31 7ce36fe19a014917b3648c2fa7f4526a - - default default] 10.0.0.142 "PUT /v2.0/routers/81a3c500-04b7-4012-912e-071d20a9f111 HTTP/1.1" status: 200 len: 677 time: 0.5335543
2026-06-24 06:41:13.190 10 INFO neutron.wsgi [None req-029ce299-3c5f-47e4-843a-5e4edd8fe04a cda9e6b1493a4264b44692c4347c4b31 7ce36fe19a014917b3648c2fa7f4526a - - default default] 10.0.0.142 "GET /v2.0/ports?device_id=81a3c500-04b7-4012-912e-071d20a9f111 HTTP/1.1" status: 200 len: 205 time: 0.0330460
2026-06-24 06:41:13.201 10 INFO neutron.db.ovn_revision_numbers_db [None req-e2d70d0b-e3a5-4371-85b6-fbf218989a8f 501d0fac6712405b892c247cd58302ca b138edd60e5740448cad0b566ca365b2 - - default default] Successfully bumped revision number for resource 18ca5fc8-4138-4bd2-9783-af758ed4ebdb (type: security_groups) to 1
2026-06-24 06:41:13.216 10 INFO neutron.db.ovn_revision_numbers_db [None req-e2d70d0b-e3a5-4371-85b6-fbf218989a8f 501d0fac6712405b892c247cd58302ca b138edd60e5740448cad0b566ca365b2 - - default default] Successfully bumped revision number for resource 1ecca14f-788d-4552-932b-76b422c2ddc4 (type: security_group_rules) to 0
2026-06-24 06:41:13.231 10 INFO neutron.db.ovn_revision_numbers_db [None req-e2d70d0b-e3a5-4371-85b6-fbf218989a8f 501d0fac6712405b892c247cd58302ca b138edd60e5740448cad0b566ca365b2 - - default default] Successfully bumped revision number for resource 3a0bfa03-8026-4cc7-9581-4d06ccb2a6a5 (type: security_group_rules) to 0
2026-06-24 06:41:13.247 10 INFO neutron.db.ovn_revision_numbers_db [None req-e2d70d0b-e3a5-4371-85b6-fbf218989a8f 501d0fac6712405b892c247cd58302ca b138edd60e5740448cad0b566ca365b2 - - default default] Successfully bumped revision number for resource b9233bc0-36f0-4e00-8a54-ff98268c21e6 (type: security_group_rules) to 0
2026-06-24 06:41:13.263 10 INFO neutron.db.ovn_revision_numbers_db [None req-e2d70d0b-e3a5-4371-85b6-fbf218989a8f 501d0fac6712405b892c247cd58302ca b138edd60e5740448cad0b566ca365b2 - - default default] Successfully bumped revision number for resource daa0297b-b6fb-4126-9dad-1664bd8ef19f (type: security_group_rules) to 0
2026-06-24 06:41:13.365 10 INFO neutron.db.ovn_revision_numbers_db [None req-e2d70d0b-e3a5-4371-85b6-fbf218989a8f 501d0fac6712405b892c247cd58302ca b138edd60e5740448cad0b566ca365b2 - - default default] Successfully bumped revision number for resource 34d339d4-b60b-4a5d-8e35-829f60ad8668 (type: security_groups) to 1
2026-06-24 06:41:13.380 10 INFO neutron.db.ovn_revision_numbers_db [None req-e2d70d0b-e3a5-4371-85b6-fbf218989a8f 501d0fac6712405b892c247cd58302ca b138edd60e5740448cad0b566ca365b2 - - default default] Successfully bumped revision number for resource 41f2204d-499a-4731-b716-0cc38f06838a (type: security_group_rules) to 0
2026-06-24 06:41:13.393 10 INFO neutron.db.ovn_revision_numbers_db [None req-e2d70d0b-e3a5-4371-85b6-fbf218989a8f 501d0fac6712405b892c247cd58302ca b138edd60e5740448cad0b566ca365b2 - - default default] Successfully bumped revision number for resource 69b9418d-de75-41e2-b70f-cb35827cb4a3 (type: security_group_rules) to 0
2026-06-24 06:41:13.414 10 INFO neutron.wsgi [None req-e2d70d0b-e3a5-4371-85b6-fbf218989a8f 501d0fac6712405b892c247cd58302ca b138edd60e5740448cad0b566ca365b2 - - default default] 10.0.0.142 "POST /v2.0/security-groups HTTP/1.1" status: 201 len: 1761 time: 0.6369569
2026-06-24 06:41:13.420 9 INFO neutron.wsgi [None req-05fe636d-eb91-4e68-8471-d05780bd0082 cda9e6b1493a4264b44692c4347c4b31 7ce36fe19a014917b3648c2fa7f4526a - - default default] 10.0.0.142 "DELETE /v2.0/routers/81a3c500-04b7-4012-912e-071d20a9f111 HTTP/1.1" status: 204 len: 168 time: 0.2229574
2026-06-24 06:41:13.467 10 INFO neutron.wsgi [None req-0e191af9-7e1f-47ea-918b-e438e3eb54f7 501d0fac6712405b892c247cd58302ca b138edd60e5740448cad0b566ca365b2 - - default default] 10.0.0.142 "GET /v2.0/security-groups HTTP/1.1" status: 200 len: 4539 time: 0.0470660
2026-06-24 06:41:13.486 9 INFO neutron.wsgi [None req-23787289-a807-4622-9855-05b139513963 cda9e6b1493a4264b44692c4347c4b31 7ce36fe19a014917b3648c2fa7f4526a - - default default] 10.0.0.142 "GET /v2.0/routers/20fb699c-da33-4a08-94f1-2c9e3cd98788 HTTP/1.1" status: 200 len: 662 time: 0.0599518
2026-06-24 06:41:13.579 10 INFO neutron.db.ovn_revision_numbers_db [None req-1825e49f-52f3-414a-8d23-01c6fc661d5b 501d0fac6712405b892c247cd58302ca b138edd60e5740448cad0b566ca365b2 - - default default] Successfully bumped revision number for resource 34d339d4-b60b-4a5d-8e35-829f60ad8668 (type: security_groups) to 2
2026-06-24 06:41:13.584 10 INFO neutron.wsgi [None req-1825e49f-52f3-414a-8d23-01c6fc661d5b 501d0fac6712405b892c247cd58302ca b138edd60e5740448cad0b566ca365b2 - - default default] 10.0.0.142 "PUT /v2.0/security-groups/34d339d4-b60b-4a5d-8e35-829f60ad8668 HTTP/1.1" status: 200 len: 1793 time: 0.1020396
2026-06-24 06:41:13.678 9 INFO neutron.wsgi [None req-a5e201c0-43fa-40e3-abb2-fcf6f38f241c 501d0fac6712405b892c247cd58302ca b138edd60e5740448cad0b566ca365b2 - - default default] 10.0.0.142 "GET /v2.0/security-groups/34d339d4-b60b-4a5d-8e35-829f60ad8668 HTTP/1.1" status: 200 len: 1793 time: 0.0864460
2026-06-24 06:41:13.835 9 INFO neutron.plugins.ml2.drivers.ovn.mech_driver.mech_driver [None req-bc1054ba-85a4-4857-9137-c16a8000b9e4 - - - - - -] OVN reports status down for port: 95d63f8b-715b-4e3e-a239-3bb436983110
2026-06-24 06:41:13.842 10 INFO neutron.wsgi [req-46a3bb0d-f193-4d13-9577-d7996fc5d68d req-d12b9b34-3955-41aa-a0ca-10b874f6cf9f d26d0c03ed244fbfb7612ebf8a21352c 6bc631e0289c486c89bffb2e2fd352ad - - default default] 10.0.0.218 "GET /v2.0/ports?device_id=df716b5a-af9f-4a4b-bd71-59565f2d38cb HTTP/1.1" status: 200 len: 1170 time: 0.0918067
2026-06-24 06:41:13.908 10 INFO neutron.wsgi [req-46a3bb0d-f193-4d13-9577-d7996fc5d68d req-1ccb7a4e-d71b-4169-81f1-e24bda4ca1e4 d26d0c03ed244fbfb7612ebf8a21352c 6bc631e0289c486c89bffb2e2fd352ad - - default default] 10.0.0.218 "GET /v2.0/security-groups?id=50c7d28f-518a-4421-b6c2-1125484d5d88&fields=id&fields=name HTTP/1.1" status: 200 len: 312 time: 0.0600057
2026-06-24 06:41:14.304 9 INFO neutron.wsgi [req-04e59339-1560-4c08-8707-f9327bbc5398 req-822fe57c-282d-4f61-bb06-70d6d42dbd05 1588825f9e8c4aae8f2817ef02dc2382 afdbfcb94df3419fb6684e6ace270672 - - c769bb63276a405ab5dc2b9ffc22e0d7 c769bb63276a405ab5dc2b9ffc22e0d7] 199.204.45.210 "GET /v2.0/ports?device_id=a0ae3064-6edb-420e-b5a0-e8b47513e75a&fields=binding%3Ahost_id&fields=binding%3Avif_type HTTP/1.1" status: 200 len: 265 time: 0.3924503
2026-06-24 06:41:14.336 9 INFO neutron.wsgi [None req-c02f466d-d217-4cd5-8c3b-9196bca24b1b 501d0fac6712405b892c247cd58302ca b138edd60e5740448cad0b566ca365b2 - - default default] 10.0.0.142 "DELETE /v2.0/security-groups/34d339d4-b60b-4a5d-8e35-829f60ad8668 HTTP/1.1" status: 204 len: 168 time: 0.6511922
2026-06-24 06:41:14.383 10 INFO neutron.wsgi [None req-06c04670-3364-4170-9052-3ed41d8d3b5c 501d0fac6712405b892c247cd58302ca b138edd60e5740448cad0b566ca365b2 - - default default] 10.0.0.142 "GET /v2.0/security-groups HTTP/1.1" status: 200 len: 2996 time: 0.0388768
2026-06-24 06:41:14.406 10 INFO neutron.api.v2.resource [None req-c4a37715-00f3-4909-b744-78ec3a0b9e9c 501d0fac6712405b892c247cd58302ca b138edd60e5740448cad0b566ca365b2 - - default default] delete failed (client error): The resource could not be found.
2026-06-24 06:41:14.408 10 INFO neutron.wsgi [None req-c4a37715-00f3-4909-b744-78ec3a0b9e9c 501d0fac6712405b892c247cd58302ca b138edd60e5740448cad0b566ca365b2 - - default default] 10.0.0.142 "DELETE /v2.0/security-groups/34d339d4-b60b-4a5d-8e35-829f60ad8668 HTTP/1.1" status: 404 len: 347 time: 0.0146065
2026-06-24 06:41:14.452 9 INFO neutron.notifiers.nova [-] Nova event matching ['req-6b454e5a-a636-4ad0-a80a-9cd437f7a6c5'] response: {'server_uuid': 'df716b5a-af9f-4a4b-bd71-59565f2d38cb', 'name': 'network-vif-unplugged', 'status': 'completed', 'tag': '95d63f8b-715b-4e3e-a239-3bb436983110', 'code': 200}
2026-06-24 06:41:14.459 9 INFO neutron.wsgi [req-04e59339-1560-4c08-8707-f9327bbc5398 req-c117cb7b-d040-47fa-8d3e-5659a85c70cc 1588825f9e8c4aae8f2817ef02dc2382 afdbfcb94df3419fb6684e6ace270672 - - c769bb63276a405ab5dc2b9ffc22e0d7 c769bb63276a405ab5dc2b9ffc22e0d7] 199.204.45.210 "GET /v2.0/ports?tenant_id=6bc631e0289c486c89bffb2e2fd352ad&device_id=a0ae3064-6edb-420e-b5a0-e8b47513e75a HTTP/1.1" status: 200 len: 1409 time: 0.0831573
2026-06-24 06:41:14.486 9 INFO neutron.wsgi [req-884cd322-6cbc-4ca2-a8b2-2f6ea08f2ca6 req-01afa3f2-8203-49e9-8a29-fd46dfac4ba1 d26d0c03ed244fbfb7612ebf8a21352c 6bc631e0289c486c89bffb2e2fd352ad - - default default] 199.204.45.210 "GET /v2.0/ports?device_id=df716b5a-af9f-4a4b-bd71-59565f2d38cb HTTP/1.1" status: 200 len: 1170 time: 0.2289648
2026-06-24 06:41:14.520 9 INFO neutron.db.ovn_revision_numbers_db [None req-c0b0e1ff-68e0-4d2d-894c-df42f89206ee cda9e6b1493a4264b44692c4347c4b31 7ce36fe19a014917b3648c2fa7f4526a - - default default] Successfully bumped revision number for resource 20fb699c-da33-4a08-94f1-2c9e3cd98788 (type: routers) to 2
2026-06-24 06:41:14.523 9 INFO neutron.wsgi [None req-c0b0e1ff-68e0-4d2d-894c-df42f89206ee cda9e6b1493a4264b44692c4347c4b31 7ce36fe19a014917b3648c2fa7f4526a - - default default] 10.0.0.142 "PUT /v2.0/routers/20fb699c-da33-4a08-94f1-2c9e3cd98788 HTTP/1.1" status: 200 len: 662 time: 1.0313971
2026-06-24 06:41:14.566 10 INFO neutron.wsgi [None req-b99c5635-9068-4887-80bf-0d2ab7a2c506 cda9e6b1493a4264b44692c4347c4b31 7ce36fe19a014917b3648c2fa7f4526a - - default default] 10.0.0.142 "GET /v2.0/ports?device_id=20fb699c-da33-4a08-94f1-2c9e3cd98788 HTTP/1.1" status: 200 len: 205 time: 0.0348907
2026-06-24 06:41:14.611 10 INFO neutron.db.ovn_revision_numbers_db [None req-44efc5c7-4639-474c-b8a3-9a8ee5e40156 501d0fac6712405b892c247cd58302ca b138edd60e5740448cad0b566ca365b2 - - default default] Successfully bumped revision number for resource c4340689-988d-4947-b8c2-99d0ca6af3d9 (type: security_groups) to 1
2026-06-24 06:41:14.636 10 INFO neutron.db.ovn_revision_numbers_db [None req-44efc5c7-4639-474c-b8a3-9a8ee5e40156 501d0fac6712405b892c247cd58302ca b138edd60e5740448cad0b566ca365b2 - - default default] Successfully bumped revision number for resource 79feff46-54d8-4b26-8670-41d7572b5c26 (type: security_group_rules) to 0
2026-06-24 06:41:14.652 10 INFO neutron.db.ovn_revision_numbers_db [None req-44efc5c7-4639-474c-b8a3-9a8ee5e40156 501d0fac6712405b892c247cd58302ca b138edd60e5740448cad0b566ca365b2 - - default default] Successfully bumped revision number for resource f0f44046-47e5-4214-a662-b0582a745814 (type: security_group_rules) to 0
2026-06-24 06:41:14.683 10 INFO neutron.wsgi [None req-44efc5c7-4639-474c-b8a3-9a8ee5e40156 501d0fac6712405b892c247cd58302ca b138edd60e5740448cad0b566ca365b2 - - default default] 10.0.0.142 "POST /v2.0/security-groups HTTP/1.1" status: 201 len: 1760 time: 0.2685947
2026-06-24 06:41:14.739 9 INFO neutron.wsgi [req-04e59339-1560-4c08-8707-f9327bbc5398 req-89f87405-07a8-4ab1-b99f-68b2a406d88a 1588825f9e8c4aae8f2817ef02dc2382 afdbfcb94df3419fb6684e6ace270672 - - c769bb63276a405ab5dc2b9ffc22e0d7 c769bb63276a405ab5dc2b9ffc22e0d7] 199.204.45.210 "GET /v2.0/networks?id=a56c2a1e-3d92-4c8f-82b2-ea6e9e9d12c4 HTTP/1.1" status: 200 len: 959 time: 0.2517204
2026-06-24 06:41:14.792 9 INFO neutron.wsgi [req-04e59339-1560-4c08-8707-f9327bbc5398 req-ec29738b-0b59-4c59-ac91-67f60c75da27 1588825f9e8c4aae8f2817ef02dc2382 afdbfcb94df3419fb6684e6ace270672 - - c769bb63276a405ab5dc2b9ffc22e0d7 c769bb63276a405ab5dc2b9ffc22e0d7] 199.204.45.210 "GET /v2.0/floatingips?fixed_ip_address=10.100.0.6&port_id=844175c5-d250-4f1f-b409-78a127966a4c HTTP/1.1" status: 200 len: 217 time: 0.0385644
2026-06-24 06:41:14.925 9 INFO neutron.wsgi [req-04e59339-1560-4c08-8707-f9327bbc5398 req-c53a89a4-5d16-40cd-89f0-00f6b37d634d 1588825f9e8c4aae8f2817ef02dc2382 afdbfcb94df3419fb6684e6ace270672 - - c769bb63276a405ab5dc2b9ffc22e0d7 c769bb63276a405ab5dc2b9ffc22e0d7] 199.204.45.210 "GET /v2.0/subnets?id=728dda12-b80c-429f-8549-ad11b99bfbcc HTTP/1.1" status: 200 len: 853 time: 0.1145382
2026-06-24 06:41:15.012 9 INFO neutron.wsgi [req-04e59339-1560-4c08-8707-f9327bbc5398 req-57ee0ef2-d5be-470a-bbd3-b2ee840558ea 1588825f9e8c4aae8f2817ef02dc2382 afdbfcb94df3419fb6684e6ace270672 - - c769bb63276a405ab5dc2b9ffc22e0d7 c769bb63276a405ab5dc2b9ffc22e0d7] 199.204.45.210 "GET /v2.0/ports?network_id=a56c2a1e-3d92-4c8f-82b2-ea6e9e9d12c4&device_owner=network%3Adhcp HTTP/1.1" status: 200 len: 210 time: 0.0683253
2026-06-24 06:41:15.035 10 INFO neutron.wsgi [req-a33b0701-e9be-45bb-a422-9b564f506bb0 req-ee0c5583-db07-4f4c-9fdd-d741b3cdbfd2 d26d0c03ed244fbfb7612ebf8a21352c 6bc631e0289c486c89bffb2e2fd352ad - - default default] 10.0.0.218 "GET /v2.0/ports?device_id=df716b5a-af9f-4a4b-bd71-59565f2d38cb HTTP/1.1" status: 200 len: 1168 time: 0.0431361
2026-06-24 06:41:15.086 10 INFO neutron.wsgi [req-a33b0701-e9be-45bb-a422-9b564f506bb0 req-87f673ac-0047-457e-b03f-3c6885b48e6a d26d0c03ed244fbfb7612ebf8a21352c 6bc631e0289c486c89bffb2e2fd352ad - - default default] 10.0.0.218 "GET /v2.0/security-groups?id=50c7d28f-518a-4421-b6c2-1125484d5d88&fields=id&fields=name HTTP/1.1" status: 200 len: 312 time: 0.0457015
2026-06-24 06:41:15.129 9 INFO neutron.wsgi [None req-aa7d2c5c-d541-4c4a-905e-5f397db47e9d cda9e6b1493a4264b44692c4347c4b31 7ce36fe19a014917b3648c2fa7f4526a - - default default] 10.0.0.142 "DELETE /v2.0/routers/20fb699c-da33-4a08-94f1-2c9e3cd98788 HTTP/1.1" status: 204 len: 168 time: 0.5549939
2026-06-24 06:41:15.191 10 INFO neutron.wsgi [None req-f8702849-079b-43d2-b249-c8df79e12829 cda9e6b1493a4264b44692c4347c4b31 7ce36fe19a014917b3648c2fa7f4526a - - default default] 10.0.0.142 "GET /v2.0/routers/edb1d8e7-4202-42f6-849e-02d054a11e56 HTTP/1.1" status: 200 len: 655 time: 0.0551386
2026-06-24 06:41:15.249 9 INFO neutron.db.ovn_revision_numbers_db [None req-bc1054ba-85a4-4857-9137-c16a8000b9e4 - - - - - -] Successfully bumped revision number for resource 95d63f8b-715b-4e3e-a239-3bb436983110 (type: ports) to 5
2026-06-24 06:41:15.255 9 INFO neutron.wsgi [req-04e59339-1560-4c08-8707-f9327bbc5398 req-edf7c8b5-abe7-4473-8ede-3f831561703f 1588825f9e8c4aae8f2817ef02dc2382 afdbfcb94df3419fb6684e6ace270672 - - c769bb63276a405ab5dc2b9ffc22e0d7 c769bb63276a405ab5dc2b9ffc22e0d7] 199.204.45.210 "GET /v2.0/networks/a56c2a1e-3d92-4c8f-82b2-ea6e9e9d12c4?fields=segments HTTP/1.1" status: 200 len: 212 time: 0.2340286
