2026-06-24 06:40:22.572 9 INFO neutron.db.ovn_revision_numbers_db [None req-8095f781-5a03-40a5-af4b-a34e768543e6 abd11e72becd4fac8b6a83e6652e94c3 c7ce8f9795014dada81ea6d12d2d43fa - - default default] Successfully bumped revision number for resource d5e14216-0984-4f0c-bc69-c564987b1c25 (type: networks) to 1
2026-06-24 06:40:22.809 10 INFO neutron.db.ovn_revision_numbers_db [None req-474a3de5-6c06-406e-9630-ef7e99ac0348 d26d0c03ed244fbfb7612ebf8a21352c 6bc631e0289c486c89bffb2e2fd352ad - - default default] Successfully bumped revision number for resource 567087a7-aedd-497c-8a82-0cc2ce7b3756 (type: security_groups) to 1
2026-06-24 06:40:22.826 10 INFO neutron.db.ovn_revision_numbers_db [None req-474a3de5-6c06-406e-9630-ef7e99ac0348 d26d0c03ed244fbfb7612ebf8a21352c 6bc631e0289c486c89bffb2e2fd352ad - - default default] Successfully bumped revision number for resource 07fc9c0f-5fca-4dbe-b868-fb6ba2029395 (type: security_group_rules) to 0
2026-06-24 06:40:22.826 9 WARNING neutron.scheduler.dhcp_agent_scheduler [None req-8095f781-5a03-40a5-af4b-a34e768543e6 abd11e72becd4fac8b6a83e6652e94c3 c7ce8f9795014dada81ea6d12d2d43fa - - default default] No more DHCP agents
2026-06-24 06:40:22.829 9 WARNING neutron.api.rpc.agentnotifiers.dhcp_rpc_agent_api [None req-8095f781-5a03-40a5-af4b-a34e768543e6 abd11e72becd4fac8b6a83e6652e94c3 c7ce8f9795014dada81ea6d12d2d43fa - - default default] Unable to schedule network d5e14216-0984-4f0c-bc69-c564987b1c25: no agents available; will retry on subsequent port and subnet creation events.
2026-06-24 06:40:22.841 10 INFO neutron.db.ovn_revision_numbers_db [None req-474a3de5-6c06-406e-9630-ef7e99ac0348 d26d0c03ed244fbfb7612ebf8a21352c 6bc631e0289c486c89bffb2e2fd352ad - - default default] Successfully bumped revision number for resource 832978b0-8db3-4242-81b3-9d81558567b9 (type: security_group_rules) to 0
2026-06-24 06:40:22.856 10 INFO neutron.db.ovn_revision_numbers_db [None req-474a3de5-6c06-406e-9630-ef7e99ac0348 d26d0c03ed244fbfb7612ebf8a21352c 6bc631e0289c486c89bffb2e2fd352ad - - default default] Successfully bumped revision number for resource b746d92f-ce47-4f59-9563-cf3f6a92b76f (type: security_group_rules) to 0
2026-06-24 06:40:22.873 10 INFO neutron.db.ovn_revision_numbers_db [None req-474a3de5-6c06-406e-9630-ef7e99ac0348 d26d0c03ed244fbfb7612ebf8a21352c 6bc631e0289c486c89bffb2e2fd352ad - - default default] Successfully bumped revision number for resource f1ecf7e8-e6f8-497e-9539-2b64c74ff7cc (type: security_group_rules) to 0
2026-06-24 06:40:22.923 9 INFO neutron.db.ovn_revision_numbers_db [None req-8095f781-5a03-40a5-af4b-a34e768543e6 abd11e72becd4fac8b6a83e6652e94c3 c7ce8f9795014dada81ea6d12d2d43fa - - default default] Successfully bumped revision number for resource 34109059-b220-4521-9f40-1d0b9f69edb9 (type: ports) to 1
2026-06-24 06:40:22.933 10 INFO neutron.db.segments_db [None req-474a3de5-6c06-406e-9630-ef7e99ac0348 d26d0c03ed244fbfb7612ebf8a21352c 6bc631e0289c486c89bffb2e2fd352ad - - default default] Added segment 409ab5e8-1f4d-4fc6-9091-c51936cd68be of type geneve for network a56c2a1e-3d92-4c8f-82b2-ea6e9e9d12c4
2026-06-24 06:40:22.947 9 INFO neutron.wsgi [None req-8095f781-5a03-40a5-af4b-a34e768543e6 abd11e72becd4fac8b6a83e6652e94c3 c7ce8f9795014dada81ea6d12d2d43fa - - default default] 10.0.0.142 "POST /v2.0/networks HTTP/1.1" status: 201 len: 850 time: 0.5960150
2026-06-24 06:40:23.095 10 INFO neutron.db.ovn_revision_numbers_db [None req-474a3de5-6c06-406e-9630-ef7e99ac0348 d26d0c03ed244fbfb7612ebf8a21352c 6bc631e0289c486c89bffb2e2fd352ad - - default default] Successfully bumped revision number for resource a56c2a1e-3d92-4c8f-82b2-ea6e9e9d12c4 (type: networks) to 1
2026-06-24 06:40:23.268 10 WARNING neutron.scheduler.dhcp_agent_scheduler [None req-474a3de5-6c06-406e-9630-ef7e99ac0348 d26d0c03ed244fbfb7612ebf8a21352c 6bc631e0289c486c89bffb2e2fd352ad - - default default] No more DHCP agents
2026-06-24 06:40:23.270 10 WARNING neutron.api.rpc.agentnotifiers.dhcp_rpc_agent_api [None req-474a3de5-6c06-406e-9630-ef7e99ac0348 d26d0c03ed244fbfb7612ebf8a21352c 6bc631e0289c486c89bffb2e2fd352ad - - default default] Unable to schedule network a56c2a1e-3d92-4c8f-82b2-ea6e9e9d12c4: no agents available; will retry on subsequent port and subnet creation events.
2026-06-24 06:40:23.355 10 INFO neutron.db.ovn_revision_numbers_db [None req-474a3de5-6c06-406e-9630-ef7e99ac0348 d26d0c03ed244fbfb7612ebf8a21352c 6bc631e0289c486c89bffb2e2fd352ad - - default default] Successfully bumped revision number for resource ff16718b-70a2-453b-9f16-4b40996eda54 (type: ports) to 1
2026-06-24 06:40:23.380 10 INFO neutron.wsgi [None req-474a3de5-6c06-406e-9630-ef7e99ac0348 d26d0c03ed244fbfb7612ebf8a21352c 6bc631e0289c486c89bffb2e2fd352ad - - default default] 10.0.0.142 "POST /v2.0/networks HTTP/1.1" status: 201 len: 832 time: 0.8955367
2026-06-24 06:40:23.948 9 WARNING neutron.scheduler.dhcp_agent_scheduler [None req-4b9f90ee-405b-46d8-bb2e-957b92ac45ba abd11e72becd4fac8b6a83e6652e94c3 c7ce8f9795014dada81ea6d12d2d43fa - - default default] No more DHCP agents
2026-06-24 06:40:23.950 9 WARNING neutron.api.rpc.agentnotifiers.dhcp_rpc_agent_api [None req-4b9f90ee-405b-46d8-bb2e-957b92ac45ba abd11e72becd4fac8b6a83e6652e94c3 c7ce8f9795014dada81ea6d12d2d43fa - - default default] Unable to schedule network d88cc339-4bc5-460d-be29-8a3216c9166b: no agents available; will retry on subsequent port and subnet creation events.
2026-06-24 06:40:23.976 10 WARNING neutron.scheduler.dhcp_agent_scheduler [None req-b0548243-7681-45ab-8aa3-beee2d66c27b d26d0c03ed244fbfb7612ebf8a21352c 6bc631e0289c486c89bffb2e2fd352ad - - default default] No more DHCP agents
2026-06-24 06:40:23.980 10 WARNING neutron.api.rpc.agentnotifiers.dhcp_rpc_agent_api [None req-b0548243-7681-45ab-8aa3-beee2d66c27b d26d0c03ed244fbfb7612ebf8a21352c 6bc631e0289c486c89bffb2e2fd352ad - - default default] Unable to schedule network 3d27b758-749b-458b-89d4-e7c82ab7ebb9: no agents available; will retry on subsequent port and subnet creation events.
2026-06-24 06:40:23.984 9 INFO neutron.db.ovn_revision_numbers_db [None req-4b9f90ee-405b-46d8-bb2e-957b92ac45ba abd11e72becd4fac8b6a83e6652e94c3 c7ce8f9795014dada81ea6d12d2d43fa - - default default] Successfully bumped revision number for resource ca079ce4-6935-432b-828a-92ca281279f1 (type: subnets) to 0
2026-06-24 06:40:24.009 9 WARNING neutron.scheduler.dhcp_agent_scheduler [None req-4b9f90ee-405b-46d8-bb2e-957b92ac45ba abd11e72becd4fac8b6a83e6652e94c3 c7ce8f9795014dada81ea6d12d2d43fa - - default default] No more DHCP agents
2026-06-24 06:40:24.014 9 WARNING neutron.api.rpc.agentnotifiers.dhcp_rpc_agent_api [None req-4b9f90ee-405b-46d8-bb2e-957b92ac45ba abd11e72becd4fac8b6a83e6652e94c3 c7ce8f9795014dada81ea6d12d2d43fa - - default default] Unable to schedule network d5e14216-0984-4f0c-bc69-c564987b1c25: no agents available; will retry on subsequent port and subnet creation events.
2026-06-24 06:40:24.063 9 INFO neutron.db.ovn_revision_numbers_db [None req-4b9f90ee-405b-46d8-bb2e-957b92ac45ba abd11e72becd4fac8b6a83e6652e94c3 c7ce8f9795014dada81ea6d12d2d43fa - - default default] Successfully bumped revision number for resource abd68df1-2c93-41ce-83de-c565bd285bcd (type: subnets) to 0
2026-06-24 06:40:24.086 9 INFO neutron.wsgi [None req-4b9f90ee-405b-46d8-bb2e-957b92ac45ba abd11e72becd4fac8b6a83e6652e94c3 c7ce8f9795014dada81ea6d12d2d43fa - - default default] 10.0.0.142 "POST /v2.0/subnets HTTP/1.1" status: 201 len: 1476 time: 0.6323793
2026-06-24 06:40:24.167 9 INFO neutron.wsgi [None req-ea9d59e4-b52e-44c0-b279-8f59231c5528 abd11e72becd4fac8b6a83e6652e94c3 c7ce8f9795014dada81ea6d12d2d43fa - - default default] 10.0.0.142 "GET /v2.0/subnets HTTP/1.1" status: 200 len: 2084 time: 0.0755341
2026-06-24 06:40:24.182 10 INFO neutron.db.ovn_revision_numbers_db [None req-b0548243-7681-45ab-8aa3-beee2d66c27b d26d0c03ed244fbfb7612ebf8a21352c 6bc631e0289c486c89bffb2e2fd352ad - - default default] Successfully bumped revision number for resource f5311d9a-1221-4551-926f-f25f8e440166 (type: ports) to 1
2026-06-24 06:40:24.388 9 INFO neutron.wsgi [None req-d2a19f76-17ec-44f2-8ab9-c453b76b81b8 abd11e72becd4fac8b6a83e6652e94c3 c7ce8f9795014dada81ea6d12d2d43fa - - default default] 10.0.0.142 "DELETE /v2.0/subnets/ca079ce4-6935-432b-828a-92ca281279f1 HTTP/1.1" status: 204 len: 168 time: 0.2032146
2026-06-24 06:40:24.629 9 INFO neutron.wsgi [None req-7f37a505-50ae-4bdb-b9dc-0fea652a82fe abd11e72becd4fac8b6a83e6652e94c3 c7ce8f9795014dada81ea6d12d2d43fa - - default default] 10.0.0.142 "DELETE /v2.0/subnets/abd68df1-2c93-41ce-83de-c565bd285bcd HTTP/1.1" status: 204 len: 168 time: 0.2355402
2026-06-24 06:40:24.689 9 INFO neutron.wsgi [None req-a4acaefa-6e5c-45a4-bdda-c9d9bb2ff4e2 abd11e72becd4fac8b6a83e6652e94c3 c7ce8f9795014dada81ea6d12d2d43fa - - default default] 10.0.0.142 "GET /v2.0/subnets HTTP/1.1" status: 200 len: 820 time: 0.0523880
2026-06-24 06:40:24.879 9 INFO neutron.plugins.ml2.drivers.ovn.mech_driver.mech_driver [None req-bc1054ba-85a4-4857-9137-c16a8000b9e4 - - - - - -] OVN reports status up for port: f5311d9a-1221-4551-926f-f25f8e440166
2026-06-24 06:40:24.888 9 INFO neutron.plugins.ml2.drivers.ovn.mech_driver.ovsdb.ovsdb_monitor [None req-20ad2b84-2292-4992-83a3-2cdbaed6afe3 - - - - - -] Router af1376b5-2106-41cd-862f-02bde98712aa is bound to host instance
2026-06-24 06:40:24.915 10 INFO neutron.db.ovn_revision_numbers_db [None req-b0548243-7681-45ab-8aa3-beee2d66c27b d26d0c03ed244fbfb7612ebf8a21352c 6bc631e0289c486c89bffb2e2fd352ad - - default default] Successfully bumped revision number for resource f5311d9a-1221-4551-926f-f25f8e440166 (type: router_ports) to 1
2026-06-24 06:40:24.932 9 INFO neutron.plugins.ml2.plugin [None req-bc1054ba-85a4-4857-9137-c16a8000b9e4 - - - - - -] Attempt 1 to provision port f5311d9a-1221-4551-926f-f25f8e440166
2026-06-24 06:40:24.983 10 INFO neutron.db.ovn_revision_numbers_db [None req-b0548243-7681-45ab-8aa3-beee2d66c27b d26d0c03ed244fbfb7612ebf8a21352c 6bc631e0289c486c89bffb2e2fd352ad - - default default] Successfully bumped revision number for resource af1376b5-2106-41cd-862f-02bde98712aa (type: routers) to 2
2026-06-24 06:40:24.999 10 INFO neutron.wsgi [None req-b0548243-7681-45ab-8aa3-beee2d66c27b d26d0c03ed244fbfb7612ebf8a21352c 6bc631e0289c486c89bffb2e2fd352ad - - default default] 10.0.0.142 "POST /v2.0/routers HTTP/1.1" status: 201 len: 874 time: 1.6102903
2026-06-24 06:40:25.171 10 INFO neutron.wsgi [None req-4d7d7a63-fc64-40e1-a051-6402f7b48a97 83255d1df2a3491fae99181364ef5321 a13e16a62f004874b59f469493ce427b - - default default] 10.0.0.142 "GET /v2.0/subnets?project_id=6bc631e0289c486c89bffb2e2fd352ad&cidr=10.100.0.0%2F28 HTTP/1.1" status: 200 len: 207 time: 0.1655557
2026-06-24 06:40:25.258 9 INFO neutron.services.segments.plugin [-] Segment 90c43d80-e034-4eb6-b539-5cf55ef93d19 resource provider aggregate not found
2026-06-24 06:40:25.269 10 INFO neutron.wsgi [None req-6ac2610a-8d1e-490a-acba-d3b355eaf231 83255d1df2a3491fae99181364ef5321 a13e16a62f004874b59f469493ce427b - - default default] 10.0.0.142 "GET /v2.0/networks?router%3Aexternal=True HTTP/1.1" status: 200 len: 947 time: 0.0926764
2026-06-24 06:40:25.273 9 INFO neutron.services.segments.plugin [-] Segment 90c43d80-e034-4eb6-b539-5cf55ef93d19 resource provider aggregate not found
2026-06-24 06:40:25.304 9 INFO neutron.services.segments.plugin [-] Segment 90c43d80-e034-4eb6-b539-5cf55ef93d19 resource provider not found; error: Placement Client Error (4xx): {"errors": [{"status": 404, "title": "Not Found", "detail": "The resource could not be found.\n\n No resource provider with uuid 90c43d80-e034-4eb6-b539-5cf55ef93d19 found for delete ", "request_id": "req-7e1d15fd-d591-4189-b0ee-40b5d4a98773"}]}
2026-06-24 06:40:25.307 9 INFO neutron.services.segments.plugin [-] Segment 90c43d80-e034-4eb6-b539-5cf55ef93d19 resource provider not found; error: Placement Client Error (4xx): {"errors": [{"status": 404, "title": "Not Found", "detail": "The resource could not be found.\n\n No resource provider with uuid 90c43d80-e034-4eb6-b539-5cf55ef93d19 found for delete ", "request_id": "req-ee6a5703-3e1e-495f-a6cd-7ded535932e2"}]}
2026-06-24 06:40:25.310 10 INFO neutron.wsgi [None req-ca4a2944-d61f-4753-8081-068171261f1a 83255d1df2a3491fae99181364ef5321 a13e16a62f004874b59f469493ce427b - - default default] 10.0.0.142 "GET /v2.0/subnets?network_id=3d27b758-749b-458b-89d4-e7c82ab7ebb9&cidr=10.100.0.0%2F28 HTTP/1.1" status: 200 len: 207 time: 0.0352950
2026-06-24 06:40:25.318 9 INFO neutron.db.ovn_revision_numbers_db [None req-61ab1c58-3868-4473-a5ba-76a88783a0a1 077cbf55c2ea41d68f97fa6292411a5c 44d62b779996478c833b8c35d862cc8b - - default default] Successfully bumped revision number for resource 6c3edd5a-f152-4cb2-8175-f50f45b8cb48 (type: security_groups) to 1
2026-06-24 06:40:25.359 9 INFO neutron.wsgi [None req-9992ae21-9d9e-47d4-bab0-e40d33938dc2 abd11e72becd4fac8b6a83e6652e94c3 c7ce8f9795014dada81ea6d12d2d43fa - - default default] 10.0.0.142 "DELETE /v2.0/networks/d5e14216-0984-4f0c-bc69-c564987b1c25 HTTP/1.1" status: 204 len: 168 time: 0.6600795
2026-06-24 06:40:25.377 9 INFO neutron.db.ovn_revision_numbers_db [None req-61ab1c58-3868-4473-a5ba-76a88783a0a1 077cbf55c2ea41d68f97fa6292411a5c 44d62b779996478c833b8c35d862cc8b - - default default] Successfully bumped revision number for resource 04f24fb9-3bc2-4834-8af4-6e101844030b (type: security_group_rules) to 0
2026-06-24 06:40:25.400 9 INFO neutron.db.ovn_revision_numbers_db [None req-61ab1c58-3868-4473-a5ba-76a88783a0a1 077cbf55c2ea41d68f97fa6292411a5c 44d62b779996478c833b8c35d862cc8b - - default default] Successfully bumped revision number for resource 8175f16f-a6b9-4edd-9f49-3524bd06f2f2 (type: security_group_rules) to 0
2026-06-24 06:40:25.426 9 INFO neutron.db.ovn_revision_numbers_db [None req-61ab1c58-3868-4473-a5ba-76a88783a0a1 077cbf55c2ea41d68f97fa6292411a5c 44d62b779996478c833b8c35d862cc8b - - default default] Successfully bumped revision number for resource 90398d77-d036-4c51-991b-1e0ac50f73ea (type: security_group_rules) to 0
2026-06-24 06:40:25.446 9 INFO neutron.db.ovn_revision_numbers_db [None req-61ab1c58-3868-4473-a5ba-76a88783a0a1 077cbf55c2ea41d68f97fa6292411a5c 44d62b779996478c833b8c35d862cc8b - - default default] Successfully bumped revision number for resource d984dd5b-87a7-492d-b7ff-e9a7e105d9bc (type: security_group_rules) to 0
2026-06-24 06:40:25.497 9 INFO neutron.wsgi [None req-61ab1c58-3868-4473-a5ba-76a88783a0a1 077cbf55c2ea41d68f97fa6292411a5c 44d62b779996478c833b8c35d862cc8b - - default default] 10.0.0.142 "GET /v2.0/security-groups?tenant_id=08fe1ab4a43246f882390b26f3eb693c&name=default HTTP/1.1" status: 200 len: 2996 time: 0.6483619
2026-06-24 06:40:25.751 9 INFO neutron.db.ovn_revision_numbers_db [None req-20ad2b84-2292-4992-83a3-2cdbaed6afe3 - - - - - -] Successfully bumped revision number for resource f5311d9a-1221-4551-926f-f25f8e440166 (type: ports) to 1
2026-06-24 06:40:25.814 9 INFO neutron.wsgi [None req-0d0169ba-e501-4deb-9125-ea72cacd33a6 077cbf55c2ea41d68f97fa6292411a5c 44d62b779996478c833b8c35d862cc8b - - default default] 10.0.0.142 "DELETE /v2.0/security-groups/6c3edd5a-f152-4cb2-8175-f50f45b8cb48 HTTP/1.1" status: 204 len: 168 time: 0.3094897
2026-06-24 06:40:26.065 10 WARNING neutron.scheduler.dhcp_agent_scheduler [None req-5c26b52d-8c82-4261-ad1d-abbbaa8ff92f d26d0c03ed244fbfb7612ebf8a21352c 6bc631e0289c486c89bffb2e2fd352ad - - default default] No more DHCP agents
2026-06-24 06:40:26.067 10 WARNING neutron.api.rpc.agentnotifiers.dhcp_rpc_agent_api [None req-5c26b52d-8c82-4261-ad1d-abbbaa8ff92f d26d0c03ed244fbfb7612ebf8a21352c 6bc631e0289c486c89bffb2e2fd352ad - - default default] Unable to schedule network a56c2a1e-3d92-4c8f-82b2-ea6e9e9d12c4: no agents available; will retry on subsequent port and subnet creation events.
2026-06-24 06:40:26.267 10 INFO neutron.services.segments.plugin [-] Segment 3b739b56-b1ce-4b77-a37b-ba5665d38277 resource provider aggregate not found
2026-06-24 06:40:26.275 10 INFO neutron.services.segments.plugin [-] Segment 3b739b56-b1ce-4b77-a37b-ba5665d38277 resource provider aggregate not found
2026-06-24 06:40:26.291 10 INFO neutron.services.segments.plugin [-] Segment 3b739b56-b1ce-4b77-a37b-ba5665d38277 resource provider not found; error: Placement Client Error (4xx): {"errors": [{"status": 404, "title": "Not Found", "detail": "The resource could not be found.\n\n No resource provider with uuid 3b739b56-b1ce-4b77-a37b-ba5665d38277 found for delete ", "request_id": "req-e3bd8d6d-342e-4faf-a5c5-c66cfc722f0f"}]}
2026-06-24 06:40:26.292 10 INFO neutron.services.segments.plugin [-] Segment 3b739b56-b1ce-4b77-a37b-ba5665d38277 resource provider not found; error: Placement Client Error (4xx): {"errors": [{"status": 404, "title": "Not Found", "detail": "The resource could not be found.\n\n No resource provider with uuid 3b739b56-b1ce-4b77-a37b-ba5665d38277 found for delete ", "request_id": "req-e7a5e95a-43cf-481b-8d80-6768df5544c6"}]}
2026-06-24 06:40:26.326 10 INFO neutron.wsgi [None req-73a5c620-c98b-4a75-ae96-cb1e5f03763c abd11e72becd4fac8b6a83e6652e94c3 c7ce8f9795014dada81ea6d12d2d43fa - - default default] 10.0.0.142 "DELETE /v2.0/networks/d88cc339-4bc5-460d-be29-8a3216c9166b HTTP/1.1" status: 204 len: 168 time: 0.9589968
2026-06-24 06:40:26.427 9 INFO neutron.db.ovn_revision_numbers_db [None req-20ad2b84-2292-4992-83a3-2cdbaed6afe3 - - - - - -] Successfully bumped revision number for resource f5311d9a-1221-4551-926f-f25f8e440166 (type: router_ports) to 3
2026-06-24 06:40:26.509 10 INFO neutron.db.ovn_revision_numbers_db [None req-5618329f-1461-44c4-900a-f83797ede722 077cbf55c2ea41d68f97fa6292411a5c 44d62b779996478c833b8c35d862cc8b - - default default] Successfully bumped revision number for resource 0285a9b1-e377-4f61-95b7-adf7204aba61 (type: security_groups) to 1
2026-06-24 06:40:26.530 10 INFO neutron.db.ovn_revision_numbers_db [None req-5618329f-1461-44c4-900a-f83797ede722 077cbf55c2ea41d68f97fa6292411a5c 44d62b779996478c833b8c35d862cc8b - - default default] Successfully bumped revision number for resource 7e3c2fb5-a404-4ee1-acc0-5b04e850a042 (type: security_group_rules) to 0
2026-06-24 06:40:26.557 10 INFO neutron.db.ovn_revision_numbers_db [None req-5618329f-1461-44c4-900a-f83797ede722 077cbf55c2ea41d68f97fa6292411a5c 44d62b779996478c833b8c35d862cc8b - - default default] Successfully bumped revision number for resource b8c8f4ba-6a47-42f4-b825-cbf4c783efcd (type: security_group_rules) to 0
2026-06-24 06:40:26.585 10 INFO neutron.db.ovn_revision_numbers_db [None req-5618329f-1461-44c4-900a-f83797ede722 077cbf55c2ea41d68f97fa6292411a5c 44d62b779996478c833b8c35d862cc8b - - default default] Successfully bumped revision number for resource ca4879ac-b5ed-417c-95e9-0f0a17efda49 (type: security_group_rules) to 0
2026-06-24 06:40:26.620 10 INFO neutron.db.ovn_revision_numbers_db [None req-5618329f-1461-44c4-900a-f83797ede722 077cbf55c2ea41d68f97fa6292411a5c 44d62b779996478c833b8c35d862cc8b - - default default] Successfully bumped revision number for resource f71d915e-9cfe-4a9d-bf4b-74a51c81e518 (type: security_group_rules) to 0
2026-06-24 06:40:26.665 9 INFO neutron.db.ovn_revision_numbers_db [None req-20ad2b84-2292-4992-83a3-2cdbaed6afe3 - - - - - -] Successfully bumped revision number for resource f5311d9a-1221-4551-926f-f25f8e440166 (type: ports) to 2
2026-06-24 06:40:26.673 10 INFO neutron.wsgi [None req-5618329f-1461-44c4-900a-f83797ede722 077cbf55c2ea41d68f97fa6292411a5c 44d62b779996478c833b8c35d862cc8b - - default default] 10.0.0.142 "GET /v2.0/security-groups?tenant_id=15aa932da31642b4af0eae11af96b60a&name=default HTTP/1.1" status: 200 len: 2996 time: 0.4951909
2026-06-24 06:40:26.723 10 INFO neutron.db.ovn_revision_numbers_db [None req-5c26b52d-8c82-4261-ad1d-abbbaa8ff92f d26d0c03ed244fbfb7612ebf8a21352c 6bc631e0289c486c89bffb2e2fd352ad - - default default] Successfully bumped revision number for resource ff16718b-70a2-453b-9f16-4b40996eda54 (type: ports) to 2
2026-06-24 06:40:26.768 10 INFO neutron.db.ovn_revision_numbers_db [None req-5c26b52d-8c82-4261-ad1d-abbbaa8ff92f d26d0c03ed244fbfb7612ebf8a21352c 6bc631e0289c486c89bffb2e2fd352ad - - default default] Successfully bumped revision number for resource 728dda12-b80c-429f-8549-ad11b99bfbcc (type: subnets) to 0
2026-06-24 06:40:26.789 10 INFO neutron.wsgi [None req-5c26b52d-8c82-4261-ad1d-abbbaa8ff92f d26d0c03ed244fbfb7612ebf8a21352c 6bc631e0289c486c89bffb2e2fd352ad - - default default] 10.0.0.142 "POST /v2.0/subnets HTTP/1.1" status: 201 len: 832 time: 1.4653521
2026-06-24 06:40:26.912 9 INFO neutron.wsgi [None req-5c8a0f70-b346-4622-ad15-13c3cc50d1b0 abd11e72becd4fac8b6a83e6652e94c3 c7ce8f9795014dada81ea6d12d2d43fa - - default default] 10.0.0.142 "DELETE /v2.0/networks/611aebf3-d85a-43da-98c1-76c4389c506a HTTP/1.1" status: 204 len: 168 time: 0.5780728
2026-06-24 06:40:27.057 9 INFO neutron.wsgi [None req-11b93b5c-7e9f-4f53-aa1d-19947f445769 077cbf55c2ea41d68f97fa6292411a5c 44d62b779996478c833b8c35d862cc8b - - default default] 10.0.0.142 "DELETE /v2.0/security-groups/0285a9b1-e377-4f61-95b7-adf7204aba61 HTTP/1.1" status: 204 len: 168 time: 0.3731418
2026-06-24 06:40:27.076 9 INFO neutron.db.ovn_revision_numbers_db [None req-20ad2b84-2292-4992-83a3-2cdbaed6afe3 - - - - - -] Successfully bumped revision number for resource f5311d9a-1221-4551-926f-f25f8e440166 (type: ports) to 4
2026-06-24 06:40:27.339 9 INFO neutron.services.segments.plugin [-] Segment 64dad399-55ab-44de-8898-e58ba555c2a8 resource provider aggregate not found
2026-06-24 06:40:27.347 9 INFO neutron.services.segments.plugin [-] Segment 64dad399-55ab-44de-8898-e58ba555c2a8 resource provider aggregate not found
2026-06-24 06:40:27.359 9 INFO neutron.services.segments.plugin [-] Segment 64dad399-55ab-44de-8898-e58ba555c2a8 resource provider not found; error: Placement Client Error (4xx): {"errors": [{"status": 404, "title": "Not Found", "detail": "The resource could not be found.\n\n No resource provider with uuid 64dad399-55ab-44de-8898-e58ba555c2a8 found for delete ", "request_id": "req-f876c754-2128-48d9-be74-7d48df855d7c"}]}
2026-06-24 06:40:27.359 9 INFO neutron.db.ovn_revision_numbers_db [None req-20ad2b84-2292-4992-83a3-2cdbaed6afe3 - - - - - -] Successfully bumped revision number for resource f5311d9a-1221-4551-926f-f25f8e440166 (type: router_ports) to 4
2026-06-24 06:40:27.372 9 INFO neutron.services.segments.plugin [-] Segment 64dad399-55ab-44de-8898-e58ba555c2a8 resource provider not found; error: Placement Client Error (4xx): {"errors": [{"status": 404, "title": "Not Found", "detail": "The resource could not be found.\n\n No resource provider with uuid 64dad399-55ab-44de-8898-e58ba555c2a8 found for delete ", "request_id": "req-614c4793-df3f-4719-8f28-860b03356ec9"}]}
2026-06-24 06:40:27.455 10 WARNING neutron.scheduler.dhcp_agent_scheduler [None req-2f1ca88b-4d68-46bc-8ad5-c5baa9773ee1 d26d0c03ed244fbfb7612ebf8a21352c 6bc631e0289c486c89bffb2e2fd352ad - - default default] No more DHCP agents
2026-06-24 06:40:27.457 10 WARNING neutron.api.rpc.agentnotifiers.dhcp_rpc_agent_api [None req-2f1ca88b-4d68-46bc-8ad5-c5baa9773ee1 d26d0c03ed244fbfb7612ebf8a21352c 6bc631e0289c486c89bffb2e2fd352ad - - default default] Unable to schedule network a56c2a1e-3d92-4c8f-82b2-ea6e9e9d12c4: no agents available; will retry on subsequent port and subnet creation events.
2026-06-24 06:40:27.473 10 INFO neutron.wsgi [None req-4461ee51-e8c7-44cd-accd-0e29e71498c3 abd11e72becd4fac8b6a83e6652e94c3 c7ce8f9795014dada81ea6d12d2d43fa - - default default] 10.0.0.142 "DELETE /v2.0/networks/58794d1c-927b-492a-93bb-577d65589667 HTTP/1.1" status: 204 len: 168 time: 0.5540285
2026-06-24 06:40:27.639 10 INFO neutron.db.ovn_revision_numbers_db [None req-2f1ca88b-4d68-46bc-8ad5-c5baa9773ee1 d26d0c03ed244fbfb7612ebf8a21352c 6bc631e0289c486c89bffb2e2fd352ad - - default default] Successfully bumped revision number for resource bb9c3657-9514-421b-97c6-eb4ca14c2555 (type: ports) to 1
2026-06-24 06:40:28.136 9 INFO neutron.plugins.ml2.drivers.ovn.mech_driver.mech_driver [None req-bc1054ba-85a4-4857-9137-c16a8000b9e4 - - - - - -] OVN reports status up for port: bb9c3657-9514-421b-97c6-eb4ca14c2555
2026-06-24 06:40:28.155 9 INFO neutron.plugins.ml2.plugin [None req-bc1054ba-85a4-4857-9137-c16a8000b9e4 - - - - - -] Attempt 1 to provision port bb9c3657-9514-421b-97c6-eb4ca14c2555
2026-06-24 06:40:28.165 10 INFO neutron.db.ovn_revision_numbers_db [None req-2f1ca88b-4d68-46bc-8ad5-c5baa9773ee1 d26d0c03ed244fbfb7612ebf8a21352c 6bc631e0289c486c89bffb2e2fd352ad - - default default] Successfully bumped revision number for resource bb9c3657-9514-421b-97c6-eb4ca14c2555 (type: router_ports) to 1
2026-06-24 06:40:28.243 10 INFO neutron.wsgi [None req-6af05ad5-4c3d-4994-b3a7-649bebb5b46b 077cbf55c2ea41d68f97fa6292411a5c 44d62b779996478c833b8c35d862cc8b - - default default] 10.0.0.142 "GET /v2.0/security-groups?tenant_id=c7ce8f9795014dada81ea6d12d2d43fa&name=default HTTP/1.1" status: 200 len: 2996 time: 0.1548829
2026-06-24 06:40:28.313 10 INFO neutron.services.segments.plugin [-] Segment f80ec5ed-8c45-4ac2-826c-6aa038b87a34 resource provider aggregate not found
2026-06-24 06:40:28.319 10 INFO neutron.services.segments.plugin [-] Segment f80ec5ed-8c45-4ac2-826c-6aa038b87a34 resource provider aggregate not found
2026-06-24 06:40:28.338 10 INFO neutron.services.segments.plugin [-] Segment f80ec5ed-8c45-4ac2-826c-6aa038b87a34 resource provider not found; error: Placement Client Error (4xx): {"errors": [{"status": 404, "title": "Not Found", "detail": "The resource could not be found.\n\n No resource provider with uuid f80ec5ed-8c45-4ac2-826c-6aa038b87a34 found for delete ", "request_id": "req-399d6f61-597e-4faf-82f7-dd9f2ae500e9"}]}
2026-06-24 06:40:28.339 10 INFO neutron.services.segments.plugin [-] Segment f80ec5ed-8c45-4ac2-826c-6aa038b87a34 resource provider not found; error: Placement Client Error (4xx): {"errors": [{"status": 404, "title": "Not Found", "detail": "The resource could not be found.\n\n No resource provider with uuid f80ec5ed-8c45-4ac2-826c-6aa038b87a34 found for delete ", "request_id": "req-dfc29193-b81c-416e-98c2-d0376a2ba8a3"}]}
2026-06-24 06:40:28.351 10 INFO neutron.db.ovn_revision_numbers_db [None req-2f1ca88b-4d68-46bc-8ad5-c5baa9773ee1 d26d0c03ed244fbfb7612ebf8a21352c 6bc631e0289c486c89bffb2e2fd352ad - - default default] Successfully bumped revision number for resource bb9c3657-9514-421b-97c6-eb4ca14c2555 (type: ports) to 1
2026-06-24 06:40:28.444 10 WARNING neutron.scheduler.dhcp_agent_scheduler [None req-2f1ca88b-4d68-46bc-8ad5-c5baa9773ee1 d26d0c03ed244fbfb7612ebf8a21352c 6bc631e0289c486c89bffb2e2fd352ad - - default default] No more DHCP agents
2026-06-24 06:40:28.445 10 WARNING neutron.api.rpc.agentnotifiers.dhcp_rpc_agent_api [None req-2f1ca88b-4d68-46bc-8ad5-c5baa9773ee1 d26d0c03ed244fbfb7612ebf8a21352c 6bc631e0289c486c89bffb2e2fd352ad - - default default] Unable to schedule network a56c2a1e-3d92-4c8f-82b2-ea6e9e9d12c4: no agents available; will retry on subsequent port and subnet creation events.
2026-06-24 06:40:28.518 9 INFO neutron.db.ovn_revision_numbers_db [None req-bc1054ba-85a4-4857-9137-c16a8000b9e4 - - - - - -] Successfully bumped revision number for resource bb9c3657-9514-421b-97c6-eb4ca14c2555 (type: ports) to 2
2026-06-24 06:40:28.618 9 INFO neutron.wsgi [None req-901f80ef-e689-4788-b250-36603eb3600f 077cbf55c2ea41d68f97fa6292411a5c 44d62b779996478c833b8c35d862cc8b - - default default] 10.0.0.142 "DELETE /v2.0/security-groups/b204e15c-7cef-460b-81dc-13c2acd21cb7 HTTP/1.1" status: 204 len: 168 time: 0.3673391
2026-06-24 06:40:28.701 9 INFO neutron.db.ovn_revision_numbers_db [None req-bc1054ba-85a4-4857-9137-c16a8000b9e4 - - - - - -] Successfully bumped revision number for resource bb9c3657-9514-421b-97c6-eb4ca14c2555 (type: router_ports) to 2
2026-06-24 06:40:28.864 10 INFO neutron.db.ovn_revision_numbers_db [None req-2f1ca88b-4d68-46bc-8ad5-c5baa9773ee1 d26d0c03ed244fbfb7612ebf8a21352c 6bc631e0289c486c89bffb2e2fd352ad - - default default] Successfully bumped revision number for resource bb9c3657-9514-421b-97c6-eb4ca14c2555 (type: router_ports) to 2
2026-06-24 06:40:28.867 10 INFO neutron.wsgi [None req-2f1ca88b-4d68-46bc-8ad5-c5baa9773ee1 d26d0c03ed244fbfb7612ebf8a21352c 6bc631e0289c486c89bffb2e2fd352ad - - default default] 10.0.0.142 "PUT /v2.0/routers/af1376b5-2106-41cd-862f-02bde98712aa/add_router_interface HTTP/1.1" status: 200 len: 503 time: 2.0723886
2026-06-24 06:40:28.940 10 INFO neutron.wsgi [None req-55fbc50d-def9-4b84-bede-5d66e241a0ac 83255d1df2a3491fae99181364ef5321 a13e16a62f004874b59f469493ce427b - - default default] 10.0.0.142 "GET /v2.0/networks HTTP/1.1" status: 200 len: 3115 time: 0.0674584
2026-06-24 06:40:28.971 10 INFO neutron.wsgi [None req-5ed9a2dd-6f98-4016-a283-22df20d4944c 83255d1df2a3491fae99181364ef5321 a13e16a62f004874b59f469493ce427b - - default default] 10.0.0.142 "GET /v2.0/subnets HTTP/1.1" status: 200 len: 2097 time: 0.0261900
2026-06-24 06:40:29.071 10 INFO neutron.wsgi [None req-d29de306-6d50-456d-bc3a-f98288277643 83255d1df2a3491fae99181364ef5321 a13e16a62f004874b59f469493ce427b - - default default] 10.0.0.142 "GET /v2.0/routers HTTP/1.1" status: 200 len: 878 time: 0.0956700
2026-06-24 06:40:29.263 10 INFO neutron.db.ovn_revision_numbers_db [None req-f3b9cb31-ac8c-4743-8220-86912460a74e d26d0c03ed244fbfb7612ebf8a21352c 6bc631e0289c486c89bffb2e2fd352ad - - default default] Successfully bumped revision number for resource 4f74e944-ef1c-4c9b-b410-d8078463c2e2 (type: security_groups) to 1
2026-06-24 06:40:29.278 10 INFO neutron.db.ovn_revision_numbers_db [None req-f3b9cb31-ac8c-4743-8220-86912460a74e d26d0c03ed244fbfb7612ebf8a21352c 6bc631e0289c486c89bffb2e2fd352ad - - default default] Successfully bumped revision number for resource 7c86259f-5792-474a-af5d-e1240968fa8d (type: security_group_rules) to 0
2026-06-24 06:40:29.290 10 INFO neutron.db.ovn_revision_numbers_db [None req-f3b9cb31-ac8c-4743-8220-86912460a74e d26d0c03ed244fbfb7612ebf8a21352c 6bc631e0289c486c89bffb2e2fd352ad - - default default] Successfully bumped revision number for resource 80881a86-5a47-4abc-95a3-d313aa897713 (type: security_group_rules) to 0
2026-06-24 06:40:29.315 10 INFO neutron.wsgi [None req-f3b9cb31-ac8c-4743-8220-86912460a74e d26d0c03ed244fbfb7612ebf8a21352c 6bc631e0289c486c89bffb2e2fd352ad - - default default] 10.0.0.142 "POST /v2.0/security-groups HTTP/1.1" status: 201 len: 1811 time: 0.1676424
2026-06-24 06:40:29.470 10 INFO neutron.db.ovn_revision_numbers_db [None req-814970c7-7ff4-42f4-97c9-93ce9dab3a18 d26d0c03ed244fbfb7612ebf8a21352c 6bc631e0289c486c89bffb2e2fd352ad - - default default] Successfully bumped revision number for resource bc8b49dd-1ed9-4880-8a9f-12e4f876bbae (type: security_group_rules) to 0
2026-06-24 06:40:29.502 10 INFO neutron.wsgi [None req-814970c7-7ff4-42f4-97c9-93ce9dab3a18 d26d0c03ed244fbfb7612ebf8a21352c 6bc631e0289c486c89bffb2e2fd352ad - - default default] 10.0.0.142 "POST /v2.0/security-group-rules HTTP/1.1" status: 201 len: 764 time: 0.1817131
2026-06-24 06:40:29.541 9 INFO neutron.db.ovn_revision_numbers_db [None req-c5851f9c-e624-4e83-a17a-07db4ead5e37 077cbf55c2ea41d68f97fa6292411a5c 44d62b779996478c833b8c35d862cc8b - - default default] Successfully bumped revision number for resource 37a2a975-aee6-4144-8b69-9ac8021762e9 (type: security_groups) to 1
2026-06-24 06:40:29.582 9 INFO neutron.db.ovn_revision_numbers_db [None req-c5851f9c-e624-4e83-a17a-07db4ead5e37 077cbf55c2ea41d68f97fa6292411a5c 44d62b779996478c833b8c35d862cc8b - - default default] Successfully bumped revision number for resource 17d02ac1-a93d-4f96-9e2c-e61c58075317 (type: security_group_rules) to 0
2026-06-24 06:40:29.597 9 INFO neutron.db.ovn_revision_numbers_db [None req-3f354478-c176-409b-8210-8657b3655265 077cbf55c2ea41d68f97fa6292411a5c 44d62b779996478c833b8c35d862cc8b - - default default] Successfully bumped revision number for resource 96e2a61c-1896-4487-998b-6f631fee0123 (type: security_groups) to 1
2026-06-24 06:40:29.603 9 INFO neutron.db.ovn_revision_numbers_db [None req-c5851f9c-e624-4e83-a17a-07db4ead5e37 077cbf55c2ea41d68f97fa6292411a5c 44d62b779996478c833b8c35d862cc8b - - default default] Successfully bumped revision number for resource 25d619a7-b7e5-4802-89e7-f7847625cc9d (type: security_group_rules) to 0
2026-06-24 06:40:29.614 9 INFO neutron.db.ovn_revision_numbers_db [None req-3f354478-c176-409b-8210-8657b3655265 077cbf55c2ea41d68f97fa6292411a5c 44d62b779996478c833b8c35d862cc8b - - default default] Successfully bumped revision number for resource 42be1e94-967e-41c9-9a93-e84466cc4eef (type: security_group_rules) to 0
2026-06-24 06:40:29.619 9 INFO neutron.db.ovn_revision_numbers_db [None req-c5851f9c-e624-4e83-a17a-07db4ead5e37 077cbf55c2ea41d68f97fa6292411a5c 44d62b779996478c833b8c35d862cc8b - - default default] Successfully bumped revision number for resource 32d3e6bb-ce22-4262-804b-a430e2de01f5 (type: security_group_rules) to 0
2026-06-24 06:40:29.638 9 INFO neutron.db.ovn_revision_numbers_db [None req-3f354478-c176-409b-8210-8657b3655265 077cbf55c2ea41d68f97fa6292411a5c 44d62b779996478c833b8c35d862cc8b - - default default] Successfully bumped revision number for resource 64137f8b-922b-4ff2-8cbb-707ce684320c (type: security_group_rules) to 0
2026-06-24 06:40:29.656 9 INFO neutron.db.ovn_revision_numbers_db [None req-c5851f9c-e624-4e83-a17a-07db4ead5e37 077cbf55c2ea41d68f97fa6292411a5c 44d62b779996478c833b8c35d862cc8b - - default default] Successfully bumped revision number for resource 33248417-67bc-42ff-9aa7-7a85285afd6b (type: security_group_rules) to 0
2026-06-24 06:40:29.658 10 INFO neutron.db.ovn_revision_numbers_db [None req-1303192f-04d4-46fe-a41c-e618af65ea7c d26d0c03ed244fbfb7612ebf8a21352c 6bc631e0289c486c89bffb2e2fd352ad - - default default] Successfully bumped revision number for resource 836cf5a4-8e59-444d-8aac-60dd2aed2a59 (type: security_group_rules) to 0
2026-06-24 06:40:29.668 9 INFO neutron.db.ovn_revision_numbers_db [None req-3f354478-c176-409b-8210-8657b3655265 077cbf55c2ea41d68f97fa6292411a5c 44d62b779996478c833b8c35d862cc8b - - default default] Successfully bumped revision number for resource 88a179a9-b10c-411c-ba33-7d5e9aa18f79 (type: security_group_rules) to 0
2026-06-24 06:40:29.685 9 INFO neutron.wsgi [None req-c5851f9c-e624-4e83-a17a-07db4ead5e37 077cbf55c2ea41d68f97fa6292411a5c 44d62b779996478c833b8c35d862cc8b - - default default] 10.0.0.142 "GET /v2.0/security-groups?tenant_id=8b129c9e86f84fbba287d06546997777&name=default HTTP/1.1" status: 200 len: 2996 time: 0.3866880
2026-06-24 06:40:29.688 10 INFO neutron.wsgi [None req-1303192f-04d4-46fe-a41c-e618af65ea7c d26d0c03ed244fbfb7612ebf8a21352c 6bc631e0289c486c89bffb2e2fd352ad - - default default] 10.0.0.142 "POST /v2.0/security-group-rules HTTP/1.1" status: 201 len: 763 time: 0.1795011
2026-06-24 06:40:29.705 9 INFO neutron.db.ovn_revision_numbers_db [None req-3f354478-c176-409b-8210-8657b3655265 077cbf55c2ea41d68f97fa6292411a5c 44d62b779996478c833b8c35d862cc8b - - default default] Successfully bumped revision number for resource f8a270df-84ea-4c9b-86fb-6709ba19d6a1 (type: security_group_rules) to 0
2026-06-24 06:40:29.742 9 INFO neutron.wsgi [None req-3f354478-c176-409b-8210-8657b3655265 077cbf55c2ea41d68f97fa6292411a5c 44d62b779996478c833b8c35d862cc8b - - default default] 10.0.0.142 "GET /v2.0/security-groups?tenant_id=bba767ce284c46fabc27d1b97c8de428&name=default HTTP/1.1" status: 200 len: 2996 time: 0.3282015
2026-06-24 06:40:29.848 9 INFO neutron.db.ovn_revision_numbers_db [None req-cc201215-e943-4065-a94e-cbafdaccef32 d26d0c03ed244fbfb7612ebf8a21352c 6bc631e0289c486c89bffb2e2fd352ad - - default default] Successfully bumped revision number for resource 7a503ac7-fdb8-495c-b6f8-bb4d9c1e2dcd (type: security_group_rules) to 0
2026-06-24 06:40:29.885 9 INFO neutron.wsgi [None req-cc201215-e943-4065-a94e-cbafdaccef32 d26d0c03ed244fbfb7612ebf8a21352c 6bc631e0289c486c89bffb2e2fd352ad - - default default] 10.0.0.142 "POST /v2.0/security-group-rules HTTP/1.1" status: 201 len: 769 time: 0.1918166
2026-06-24 06:40:30.013 9 INFO neutron.db.ovn_revision_numbers_db [None req-03000b25-6ab8-4a1c-8418-70f85d1accc4 d26d0c03ed244fbfb7612ebf8a21352c 6bc631e0289c486c89bffb2e2fd352ad - - default default] Successfully bumped revision number for resource acce6e67-2602-4c98-be66-e5bbef631107 (type: security_group_rules) to 0
2026-06-24 06:40:30.040 9 INFO neutron.wsgi [None req-03000b25-6ab8-4a1c-8418-70f85d1accc4 d26d0c03ed244fbfb7612ebf8a21352c 6bc631e0289c486c89bffb2e2fd352ad - - default default] 10.0.0.142 "POST /v2.0/security-group-rules HTTP/1.1" status: 201 len: 768 time: 0.1511829
2026-06-24 06:40:30.069 9 INFO neutron.db.securitygroups_db [None req-5500a11b-6a45-47c7-95fc-54aa531ca35c d26d0c03ed244fbfb7612ebf8a21352c 6bc631e0289c486c89bffb2e2fd352ad - - default default] Project 6bc631e0289c486c89bffb2e2fd352ad added a security group rule with legacy IPv6 ICMP protocol name icmp, ipv6-icmp should be used instead. It was automatically converted.
2026-06-24 06:40:30.171 9 INFO neutron.db.ovn_revision_numbers_db [None req-5500a11b-6a45-47c7-95fc-54aa531ca35c d26d0c03ed244fbfb7612ebf8a21352c 6bc631e0289c486c89bffb2e2fd352ad - - default default] Successfully bumped revision number for resource eaf311db-112a-4550-a5bf-3f232fb510ac (type: security_group_rules) to 0
2026-06-24 06:40:30.198 9 INFO neutron.wsgi [None req-5500a11b-6a45-47c7-95fc-54aa531ca35c d26d0c03ed244fbfb7612ebf8a21352c 6bc631e0289c486c89bffb2e2fd352ad - - default default] 10.0.0.142 "POST /v2.0/security-group-rules HTTP/1.1" status: 201 len: 774 time: 0.1513209
2026-06-24 06:40:30.226 9 INFO neutron.db.securitygroups_db [None req-ec61ffe8-a698-48f1-be1a-54f37f3edc44 d26d0c03ed244fbfb7612ebf8a21352c 6bc631e0289c486c89bffb2e2fd352ad - - default default] Project 6bc631e0289c486c89bffb2e2fd352ad added a security group rule with legacy IPv6 ICMP protocol name icmp, ipv6-icmp should be used instead. It was automatically converted.
2026-06-24 06:40:30.303 10 INFO neutron.wsgi [None req-bf35261e-cd14-4959-a71b-cb35c9b5b460 077cbf55c2ea41d68f97fa6292411a5c 44d62b779996478c833b8c35d862cc8b - - default default] 10.0.0.142 "DELETE /v2.0/security-groups/37a2a975-aee6-4144-8b69-9ac8021762e9 HTTP/1.1" status: 204 len: 168 time: 0.6129577
2026-06-24 06:40:30.331 10 INFO neutron.wsgi [None req-37093bb5-4acc-4450-860a-3b4f2e2a4ede 077cbf55c2ea41d68f97fa6292411a5c 44d62b779996478c833b8c35d862cc8b - - default default] 10.0.0.142 "DELETE /v2.0/security-groups/96e2a61c-1896-4487-998b-6f631fee0123 HTTP/1.1" status: 204 len: 168 time: 0.5795631
2026-06-24 06:40:30.354 9 INFO neutron.db.ovn_revision_numbers_db [None req-ec61ffe8-a698-48f1-be1a-54f37f3edc44 d26d0c03ed244fbfb7612ebf8a21352c 6bc631e0289c486c89bffb2e2fd352ad - - default default] Successfully bumped revision number for resource bb4e25f4-557b-4f98-a0e6-cf8eada80a56 (type: security_group_rules) to 0
2026-06-24 06:40:30.382 9 INFO neutron.wsgi [None req-ec61ffe8-a698-48f1-be1a-54f37f3edc44 d26d0c03ed244fbfb7612ebf8a21352c 6bc631e0289c486c89bffb2e2fd352ad - - default default] 10.0.0.142 "POST /v2.0/security-group-rules HTTP/1.1" status: 201 len: 773 time: 0.1789792
2026-06-24 06:40:30.912 10 INFO neutron.db.ovn_revision_numbers_db [None req-323607c1-0128-402e-a4a9-e8dd3081d519 08f5bfa2151541dabc8c7086e62b0f13 2388efdf291c40abbbfda8ac5cc0511c - - default default] Successfully bumped revision number for resource 02a6099e-56a3-426d-a064-c1e84fda7760 (type: security_groups) to 1
2026-06-24 06:40:30.935 10 INFO neutron.db.ovn_revision_numbers_db [None req-323607c1-0128-402e-a4a9-e8dd3081d519 08f5bfa2151541dabc8c7086e62b0f13 2388efdf291c40abbbfda8ac5cc0511c - - default default] Successfully bumped revision number for resource 1a8a9691-f437-4d39-be82-5afa5ccd8ca8 (type: security_group_rules) to 0
2026-06-24 06:40:30.952 10 INFO neutron.db.ovn_revision_numbers_db [None req-323607c1-0128-402e-a4a9-e8dd3081d519 08f5bfa2151541dabc8c7086e62b0f13 2388efdf291c40abbbfda8ac5cc0511c - - default default] Successfully bumped revision number for resource 2ca73079-42c2-494a-92d1-7e2b144cc05a (type: security_group_rules) to 0
2026-06-24 06:40:30.971 10 INFO neutron.db.ovn_revision_numbers_db [None req-323607c1-0128-402e-a4a9-e8dd3081d519 08f5bfa2151541dabc8c7086e62b0f13 2388efdf291c40abbbfda8ac5cc0511c - - default default] Successfully bumped revision number for resource 60d5c83f-d7c2-4d32-84f8-0cd674436fe3 (type: security_group_rules) to 0
2026-06-24 06:40:31.006 10 INFO neutron.db.ovn_revision_numbers_db [None req-323607c1-0128-402e-a4a9-e8dd3081d519 08f5bfa2151541dabc8c7086e62b0f13 2388efdf291c40abbbfda8ac5cc0511c - - default default] Successfully bumped revision number for resource 6d3a466e-94a2-48b7-a6de-570dd649de35 (type: security_group_rules) to 0
2026-06-24 06:40:31.008 9 INFO neutron.wsgi [None req-e66c9ed8-2360-4d34-9af9-e2b1e41f90a4 d26d0c03ed244fbfb7612ebf8a21352c 6bc631e0289c486c89bffb2e2fd352ad - - default default] 10.0.0.142 "GET /v2.0/networks HTTP/1.1" status: 200 len: 1493 time: 0.1937492
2026-06-24 06:40:31.092 10 INFO neutron.db.segments_db [None req-323607c1-0128-402e-a4a9-e8dd3081d519 08f5bfa2151541dabc8c7086e62b0f13 2388efdf291c40abbbfda8ac5cc0511c - - default default] Added segment 5e019a89-e311-4e32-b34a-d7c756089ee6 of type geneve for network d48f745f-ba1d-4e44-b886-1d876363a38e
2026-06-24 06:40:31.167 10 INFO neutron.wsgi [req-4bf6b653-30fa-4360-bec5-b77bbbb23608 req-fee760e9-df2f-40e2-b131-79698ae02045 d26d0c03ed244fbfb7612ebf8a21352c 6bc631e0289c486c89bffb2e2fd352ad - - default default] 10.0.0.218 "GET /v2.0/security-groups?name=tempest-secgroup-smoke-1830225793&fields=id&tenant_id=6bc631e0289c486c89bffb2e2fd352ad HTTP/1.1" status: 200 len: 267 time: 0.0578892
2026-06-24 06:40:31.252 10 INFO neutron.wsgi [req-4bf6b653-30fa-4360-bec5-b77bbbb23608 req-08e8d406-62cb-4b70-a4e5-53cda5ec1daa d26d0c03ed244fbfb7612ebf8a21352c 6bc631e0289c486c89bffb2e2fd352ad - - default default] 10.0.0.218 "GET /v2.0/networks?id=a56c2a1e-3d92-4c8f-82b2-ea6e9e9d12c4 HTTP/1.1" status: 200 len: 860 time: 0.0762575
2026-06-24 06:40:31.281 10 INFO neutron.wsgi [req-4bf6b653-30fa-4360-bec5-b77bbbb23608 req-e570d6c4-c85d-44f7-8dd1-d5c336a26327 d26d0c03ed244fbfb7612ebf8a21352c 6bc631e0289c486c89bffb2e2fd352ad - - default default] 10.0.0.218 "GET /v2.0/quotas/6bc631e0289c486c89bffb2e2fd352ad HTTP/1.1" status: 200 len: 386 time: 0.0161273
2026-06-24 06:40:31.284 10 INFO neutron.db.segments_db [None req-323607c1-0128-402e-a4a9-e8dd3081d519 08f5bfa2151541dabc8c7086e62b0f13 2388efdf291c40abbbfda8ac5cc0511c - - default default] Added segment 92e8ea69-1f6e-40da-8592-0ebed5133abd of type geneve for network ca7e2703-5a82-4e87-bc94-5488989c376d
2026-06-24 06:40:31.424 10 INFO neutron.wsgi [req-4bf6b653-30fa-4360-bec5-b77bbbb23608 req-1df46354-6451-4452-af83-5a8ae933374f d26d0c03ed244fbfb7612ebf8a21352c 6bc631e0289c486c89bffb2e2fd352ad - - default default] 10.0.0.218 "GET /v2.0/ports?tenant_id=6bc631e0289c486c89bffb2e2fd352ad&fields=id HTTP/1.1" status: 200 len: 302 time: 0.1323109
2026-06-24 06:40:31.496 10 INFO neutron.db.ovn_revision_numbers_db [None req-323607c1-0128-402e-a4a9-e8dd3081d519 08f5bfa2151541dabc8c7086e62b0f13 2388efdf291c40abbbfda8ac5cc0511c - - default default] Successfully bumped revision number for resource d48f745f-ba1d-4e44-b886-1d876363a38e (type: networks) to 1
2026-06-24 06:40:31.536 10 INFO neutron.wsgi [req-4bf6b653-30fa-4360-bec5-b77bbbb23608 req-7e25fed7-203a-4556-a1fb-1bf07d154669 1588825f9e8c4aae8f2817ef02dc2382 afdbfcb94df3419fb6684e6ace270672 - - c769bb63276a405ab5dc2b9ffc22e0d7 c769bb63276a405ab5dc2b9ffc22e0d7] 10.0.0.218 "GET /v2.0/networks/a56c2a1e-3d92-4c8f-82b2-ea6e9e9d12c4?fields=segments HTTP/1.1" status: 200 len: 212 time: 0.0870967
2026-06-24 06:40:31.651 10 INFO neutron.wsgi [req-4bf6b653-30fa-4360-bec5-b77bbbb23608 req-69747618-4967-4466-bbea-d17f6f8805c4 1588825f9e8c4aae8f2817ef02dc2382 afdbfcb94df3419fb6684e6ace270672 - - c769bb63276a405ab5dc2b9ffc22e0d7 c769bb63276a405ab5dc2b9ffc22e0d7] 10.0.0.218 "GET /v2.0/networks/a56c2a1e-3d92-4c8f-82b2-ea6e9e9d12c4?fields=provider%3Aphysical_network&fields=provider%3Anetwork_type HTTP/1.1" status: 200 len: 277 time: 0.1070507
2026-06-24 06:40:31.740 10 WARNING neutron.scheduler.dhcp_agent_scheduler [None req-323607c1-0128-402e-a4a9-e8dd3081d519 08f5bfa2151541dabc8c7086e62b0f13 2388efdf291c40abbbfda8ac5cc0511c - - default default] No more DHCP agents
2026-06-24 06:40:31.742 10 WARNING neutron.api.rpc.agentnotifiers.dhcp_rpc_agent_api [None req-323607c1-0128-402e-a4a9-e8dd3081d519 08f5bfa2151541dabc8c7086e62b0f13 2388efdf291c40abbbfda8ac5cc0511c - - default default] Unable to schedule network d48f745f-ba1d-4e44-b886-1d876363a38e: no agents available; will retry on subsequent port and subnet creation events.
2026-06-24 06:40:31.846 10 INFO neutron.wsgi [req-478f62ec-ed71-47b7-964b-aaba48df967e req-e194396f-539f-4a61-91b7-7324da247ebe d26d0c03ed244fbfb7612ebf8a21352c 6bc631e0289c486c89bffb2e2fd352ad - - default default] 10.0.0.218 "GET /v2.0/ports?device_id=a0ae3064-6edb-420e-b5a0-e8b47513e75a HTTP/1.1" status: 200 len: 210 time: 0.0347600
2026-06-24 06:40:31.856 10 INFO neutron.db.ovn_revision_numbers_db [None req-323607c1-0128-402e-a4a9-e8dd3081d519 08f5bfa2151541dabc8c7086e62b0f13 2388efdf291c40abbbfda8ac5cc0511c - - default default] Successfully bumped revision number for resource 411339f4-92a7-4fb7-9312-58cef6258157 (type: ports) to 1
2026-06-24 06:40:31.940 10 INFO neutron.db.ovn_revision_numbers_db [None req-323607c1-0128-402e-a4a9-e8dd3081d519 08f5bfa2151541dabc8c7086e62b0f13 2388efdf291c40abbbfda8ac5cc0511c - - default default] Successfully bumped revision number for resource ca7e2703-5a82-4e87-bc94-5488989c376d (type: networks) to 1
2026-06-24 06:40:32.160 10 WARNING neutron.scheduler.dhcp_agent_scheduler [None req-323607c1-0128-402e-a4a9-e8dd3081d519 08f5bfa2151541dabc8c7086e62b0f13 2388efdf291c40abbbfda8ac5cc0511c - - default default] No more DHCP agents
2026-06-24 06:40:32.162 10 WARNING neutron.api.rpc.agentnotifiers.dhcp_rpc_agent_api [None req-323607c1-0128-402e-a4a9-e8dd3081d519 08f5bfa2151541dabc8c7086e62b0f13 2388efdf291c40abbbfda8ac5cc0511c - - default default] Unable to schedule network ca7e2703-5a82-4e87-bc94-5488989c376d: no agents available; will retry on subsequent port and subnet creation events.
2026-06-24 06:40:32.251 10 INFO neutron.db.ovn_revision_numbers_db [None req-323607c1-0128-402e-a4a9-e8dd3081d519 08f5bfa2151541dabc8c7086e62b0f13 2388efdf291c40abbbfda8ac5cc0511c - - default default] Successfully bumped revision number for resource ce778b73-0636-464f-8052-3ee16ed5a12a (type: ports) to 1
2026-06-24 06:40:32.274 10 INFO neutron.wsgi [None req-323607c1-0128-402e-a4a9-e8dd3081d519 08f5bfa2151541dabc8c7086e62b0f13 2388efdf291c40abbbfda8ac5cc0511c - - default default] 10.0.0.142 "POST /v2.0/networks HTTP/1.1" status: 201 len: 1446 time: 1.7469511
2026-06-24 06:40:32.373 10 INFO neutron.wsgi [None req-50e950c9-3adf-4cdc-8a2e-b2450e66150e 08f5bfa2151541dabc8c7086e62b0f13 2388efdf291c40abbbfda8ac5cc0511c - - default default] 10.0.0.142 "GET /v2.0/networks HTTP/1.1" status: 200 len: 2052 time: 0.0877094
2026-06-24 06:40:32.443 10 INFO neutron.db.ovn_revision_numbers_db [None req-72cc9244-a3a4-45f7-a51b-2c727e4b9f51 7bf7af2fb03f45a3926b291ba049f3da 4b605212f90b452bb3e6f80599deea73 - - default default] Successfully bumped revision number for resource d1ba343b-2f9f-44b1-9543-00c074d85f4f (type: security_groups) to 1
2026-06-24 06:40:32.457 10 INFO neutron.db.ovn_revision_numbers_db [None req-72cc9244-a3a4-45f7-a51b-2c727e4b9f51 7bf7af2fb03f45a3926b291ba049f3da 4b605212f90b452bb3e6f80599deea73 - - default default] Successfully bumped revision number for resource 8f4a492d-edc8-4b5f-a51c-dcafe3042196 (type: security_group_rules) to 0
2026-06-24 06:40:32.470 10 INFO neutron.db.ovn_revision_numbers_db [None req-72cc9244-a3a4-45f7-a51b-2c727e4b9f51 7bf7af2fb03f45a3926b291ba049f3da 4b605212f90b452bb3e6f80599deea73 - - default default] Successfully bumped revision number for resource 95262a76-0ae7-4b5a-b9dc-b7215f681c22 (type: security_group_rules) to 0
2026-06-24 06:40:32.483 10 INFO neutron.db.ovn_revision_numbers_db [None req-72cc9244-a3a4-45f7-a51b-2c727e4b9f51 7bf7af2fb03f45a3926b291ba049f3da 4b605212f90b452bb3e6f80599deea73 - - default default] Successfully bumped revision number for resource bf8f94de-3d62-4fcf-9bc4-055f3c9884e6 (type: security_group_rules) to 0
2026-06-24 06:40:32.495 10 INFO neutron.db.ovn_revision_numbers_db [None req-72cc9244-a3a4-45f7-a51b-2c727e4b9f51 7bf7af2fb03f45a3926b291ba049f3da 4b605212f90b452bb3e6f80599deea73 - - default default] Successfully bumped revision number for resource f2d8cf7e-6fbc-4394-83b8-4ac1842f0e04 (type: security_group_rules) to 0
2026-06-24 06:40:32.544 10 INFO neutron.db.segments_db [None req-72cc9244-a3a4-45f7-a51b-2c727e4b9f51 7bf7af2fb03f45a3926b291ba049f3da 4b605212f90b452bb3e6f80599deea73 - - default default] Added segment 5c22aa98-296c-40b5-b533-ff7fa6c52a6d of type geneve for network 97de71cf-cb18-4ef6-b15e-1f903acfca72
2026-06-24 06:40:32.599 9 INFO neutron.wsgi [req-4bf6b653-30fa-4360-bec5-b77bbbb23608 req-ae312516-ed7c-4d0d-ae79-042805379385 d26d0c03ed244fbfb7612ebf8a21352c 6bc631e0289c486c89bffb2e2fd352ad - - default default] 199.204.45.210 "GET /v2.0/networks?id=a56c2a1e-3d92-4c8f-82b2-ea6e9e9d12c4 HTTP/1.1" status: 200 len: 860 time: 0.0929034
2026-06-24 06:40:32.660 9 INFO neutron.wsgi [req-4bf6b653-30fa-4360-bec5-b77bbbb23608 req-3d2d5afe-019b-4472-8cce-c200303367b3 d26d0c03ed244fbfb7612ebf8a21352c 6bc631e0289c486c89bffb2e2fd352ad - - default default] 199.204.45.210 "GET /v2.0/security-groups?fields=id&fields=name&tenant_id=6bc631e0289c486c89bffb2e2fd352ad HTTP/1.1" status: 200 len: 380 time: 0.0547931
2026-06-24 06:40:32.727 10 INFO neutron.db.ovn_revision_numbers_db [None req-72cc9244-a3a4-45f7-a51b-2c727e4b9f51 7bf7af2fb03f45a3926b291ba049f3da 4b605212f90b452bb3e6f80599deea73 - - default default] Successfully bumped revision number for resource 97de71cf-cb18-4ef6-b15e-1f903acfca72 (type: networks) to 1
