2026-06-24 06:41:43.137 10 INFO neutron.db.ovn_revision_numbers_db [None req-09f0ae64-2626-4929-a7c9-39d94896eca5 260e1e7be3994f85a2fcd5f4700db89a b71cffca6bfc48d2923f5a49103e74e9 - - default default] Successfully bumped revision number for resource 1f8a0341-040e-4b3b-a997-6ca7b03487a2 (type: ports) to 2
2026-06-24 06:41:43.175 10 INFO neutron.db.ovn_revision_numbers_db [None req-09f0ae64-2626-4929-a7c9-39d94896eca5 260e1e7be3994f85a2fcd5f4700db89a b71cffca6bfc48d2923f5a49103e74e9 - - default default] Successfully bumped revision number for resource 3057f356-c1e7-4660-8073-f187cc006a10 (type: subnets) to 0
2026-06-24 06:41:43.192 10 INFO neutron.wsgi [None req-09f0ae64-2626-4929-a7c9-39d94896eca5 260e1e7be3994f85a2fcd5f4700db89a b71cffca6bfc48d2923f5a49103e74e9 - - default default] 10.0.0.142 "POST /v2.0/subnets HTTP/1.1" status: 201 len: 822 time: 0.8026459
2026-06-24 06:41:43.205 10 WARNING neutron.api.v2.base [None req-9957ad28-304e-4c0d-af34-53e305f5373e 260e1e7be3994f85a2fcd5f4700db89a b71cffca6bfc48d2923f5a49103e74e9 - - default default] An exception happened while processing the request body. The exception message is [Invalid input for target_tenant. Reason: '1234123412341234123412341234123412341234123412341234123412341234123412341234123412341234123412341234123412341234123412341234123412341234123412341234123412341234123412341234123412341234123412341234123412341234123412341234123412341234123412341234123412341234123412341234123412341234123412341234123412341234123412341234123412341234123412341234123412341234123412341234123412341234123412341234123412341234' exceeds maximum length of 255.].: webob.exc.HTTPBadRequest: Invalid input for target_tenant. Reason: '1234123412341234123412341234123412341234123412341234123412341234123412341234123412341234123412341234123412341234123412341234123412341234123412341234123412341234123412341234123412341234123412341234123412341234123412341234123412341234123412341234123412341234123412341234123412341234123412341234123412341234123412341234123412341234123412341234123412341234123412341234123412341234123412341234123412341234' exceeds maximum length of 255.
2026-06-24 06:41:43.206 10 INFO neutron.api.v2.resource [None req-9957ad28-304e-4c0d-af34-53e305f5373e 260e1e7be3994f85a2fcd5f4700db89a b71cffca6bfc48d2923f5a49103e74e9 - - default default] create failed (client error): Invalid input for target_tenant. Reason: '1234123412341234123412341234123412341234123412341234123412341234123412341234123412341234123412341234123412341234123412341234123412341234123412341234123412341234123412341234123412341234123412341234123412341234123412341234123412341234123412341234123412341234123412341234123412341234123412341234123412341234123412341234123412341234123412341234123412341234123412341234123412341234123412341234123412341234' exceeds maximum length of 255.
2026-06-24 06:41:43.207 10 INFO neutron.wsgi [None req-9957ad28-304e-4c0d-af34-53e305f5373e 260e1e7be3994f85a2fcd5f4700db89a b71cffca6bfc48d2923f5a49103e74e9 - - default default] 10.0.0.142 "POST /v2.0/rbac-policies HTTP/1.1" status: 400 len: 750 time: 0.0068769
2026-06-24 06:41:43.288 10 INFO neutron.wsgi [None req-a945191d-048e-4983-8c4b-1d58c4c123dc 077cbf55c2ea41d68f97fa6292411a5c 44d62b779996478c833b8c35d862cc8b - - default default] 10.0.0.142 "DELETE /v2.0/security-groups/94d01fec-a265-42f3-923c-07758f8ed922 HTTP/1.1" status: 204 len: 168 time: 0.2667701
2026-06-24 06:41:43.525 9 INFO neutron.wsgi [None req-3f9b123c-d7f9-4139-ada9-46e8b70dca59 077cbf55c2ea41d68f97fa6292411a5c 44d62b779996478c833b8c35d862cc8b - - default default] 10.0.0.142 "GET /v2.0/security-groups?tenant_id=612a0ee93aa849c483de1d7a3fc9539e&name=default HTTP/1.1" status: 200 len: 2996 time: 0.0554776
2026-06-24 06:41:43.533 9 INFO neutron.db.ovn_revision_numbers_db [None req-1b61482d-5f98-4550-875b-d67d32474e0a ba9657f0ad014ec4b88b1bf0c25d3611 0adf7a5c556c4877a98f191b7f4d800e - - default default] Successfully bumped revision number for resource 66692533-bcfa-47d4-a72a-b029d4871ddd (type: security_groups) to 1
2026-06-24 06:41:43.551 9 INFO neutron.db.ovn_revision_numbers_db [None req-1b61482d-5f98-4550-875b-d67d32474e0a ba9657f0ad014ec4b88b1bf0c25d3611 0adf7a5c556c4877a98f191b7f4d800e - - default default] Successfully bumped revision number for resource 0d04d568-42ae-4453-9a22-1648419d6fdc (type: security_group_rules) to 0
2026-06-24 06:41:43.576 9 INFO neutron.db.ovn_revision_numbers_db [None req-1b61482d-5f98-4550-875b-d67d32474e0a ba9657f0ad014ec4b88b1bf0c25d3611 0adf7a5c556c4877a98f191b7f4d800e - - default default] Successfully bumped revision number for resource 6f1beb39-4e9b-4099-b24e-65cfa0e13714 (type: security_group_rules) to 0
2026-06-24 06:41:43.616 9 INFO neutron.wsgi [None req-1b61482d-5f98-4550-875b-d67d32474e0a ba9657f0ad014ec4b88b1bf0c25d3611 0adf7a5c556c4877a98f191b7f4d800e - - default default] 10.0.0.142 "POST /v2.0/security-groups HTTP/1.1" status: 201 len: 1811 time: 0.2408845
2026-06-24 06:41:43.767 9 INFO neutron.db.ovn_revision_numbers_db [None req-a6631bc2-8b9b-40da-a056-331516396f9d ba9657f0ad014ec4b88b1bf0c25d3611 0adf7a5c556c4877a98f191b7f4d800e - - default default] Successfully bumped revision number for resource 8984948d-288b-4f15-8f2a-e2db3f67f1f0 (type: security_group_rules) to 0
2026-06-24 06:41:43.799 9 INFO neutron.wsgi [None req-a6631bc2-8b9b-40da-a056-331516396f9d ba9657f0ad014ec4b88b1bf0c25d3611 0adf7a5c556c4877a98f191b7f4d800e - - default default] 10.0.0.142 "POST /v2.0/security-group-rules HTTP/1.1" status: 201 len: 764 time: 0.1760092
2026-06-24 06:41:43.855 10 INFO neutron.services.segments.plugin [-] Segment 14a5debd-ab69-4d8b-9a01-c628e8231ce6 resource provider aggregate not found
2026-06-24 06:41:43.860 10 INFO neutron.services.segments.plugin [-] Segment 14a5debd-ab69-4d8b-9a01-c628e8231ce6 resource provider aggregate not found
2026-06-24 06:41:43.880 10 INFO neutron.services.segments.plugin [-] Segment 14a5debd-ab69-4d8b-9a01-c628e8231ce6 resource provider not found; error: Placement Client Error (4xx): {"errors": [{"status": 404, "title": "Not Found", "detail": "The resource could not be found.\n\n No resource provider with uuid 14a5debd-ab69-4d8b-9a01-c628e8231ce6 found for delete ", "request_id": "req-f6115c95-cf66-441b-aad2-3e7562232477"}]}
2026-06-24 06:41:43.880 10 INFO neutron.services.segments.plugin [-] Segment 14a5debd-ab69-4d8b-9a01-c628e8231ce6 resource provider not found; error: Placement Client Error (4xx): {"errors": [{"status": 404, "title": "Not Found", "detail": "The resource could not be found.\n\n No resource provider with uuid 14a5debd-ab69-4d8b-9a01-c628e8231ce6 found for delete ", "request_id": "req-77deed0e-ba9d-4782-b3c5-53ddd1e6d192"}]}
2026-06-24 06:41:43.894 9 INFO neutron.notifiers.nova [-] Nova event matching ['req-6ed90952-84a1-45eb-9728-a1bc0fd05c3c'] response: {'server_uuid': '8b93710a-d3b7-48bc-8b8d-6023cf757412', 'name': 'network-vif-deleted', 'tag': '7affc459-739c-4d77-b538-5eee9f309e15', 'status': 'completed', 'code': 200}
2026-06-24 06:41:43.895 10 INFO neutron.wsgi [None req-7abbbe2e-9c92-4568-bb13-dfefc82c8e2f 077cbf55c2ea41d68f97fa6292411a5c 44d62b779996478c833b8c35d862cc8b - - default default] 10.0.0.142 "DELETE /v2.0/security-groups/d41a6a52-f8d8-4510-9e3e-cd37ec2e9fd9 HTTP/1.1" status: 204 len: 168 time: 0.3635390
2026-06-24 06:41:43.906 10 INFO neutron.wsgi [None req-48be3a36-21bc-425f-8448-512a0624d24d 260e1e7be3994f85a2fcd5f4700db89a b71cffca6bfc48d2923f5a49103e74e9 - - default default] 10.0.0.142 "DELETE /v2.0/networks/5f6192fc-c97c-49c2-b6ff-da7551a5af92 HTTP/1.1" status: 204 len: 168 time: 0.6945698
2026-06-24 06:41:43.954 9 INFO neutron.db.ovn_revision_numbers_db [None req-5b2b5005-af43-45ac-9839-c236622c43eb ba9657f0ad014ec4b88b1bf0c25d3611 0adf7a5c556c4877a98f191b7f4d800e - - default default] Successfully bumped revision number for resource 0bf21d43-89bf-4056-9797-a49ed059d0e4 (type: security_group_rules) to 0
2026-06-24 06:41:43.979 9 INFO neutron.wsgi [None req-5b2b5005-af43-45ac-9839-c236622c43eb ba9657f0ad014ec4b88b1bf0c25d3611 0adf7a5c556c4877a98f191b7f4d800e - - default default] 10.0.0.142 "POST /v2.0/security-group-rules HTTP/1.1" status: 201 len: 763 time: 0.1746571
2026-06-24 06:41:44.009 9 INFO neutron.db.segments_db [None req-cc2eb1e3-cc9d-4d45-9ea2-fa5c8e1b6403 260e1e7be3994f85a2fcd5f4700db89a b71cffca6bfc48d2923f5a49103e74e9 - - default default] Added segment 8564f6ab-a8c5-4b6d-9fd7-0d36c85bfac5 of type geneve for network 9022fb7e-d583-404a-80fc-61978ad76371
2026-06-24 06:41:44.176 9 INFO neutron.db.ovn_revision_numbers_db [None req-cc2eb1e3-cc9d-4d45-9ea2-fa5c8e1b6403 260e1e7be3994f85a2fcd5f4700db89a b71cffca6bfc48d2923f5a49103e74e9 - - default default] Successfully bumped revision number for resource 9022fb7e-d583-404a-80fc-61978ad76371 (type: networks) to 1
2026-06-24 06:41:44.188 9 INFO neutron.db.ovn_revision_numbers_db [None req-4224fd38-7c00-4c1a-a1a5-430da867ab49 ba9657f0ad014ec4b88b1bf0c25d3611 0adf7a5c556c4877a98f191b7f4d800e - - default default] Successfully bumped revision number for resource ff079c63-dbd4-4e8c-bb5e-bf37ed60a2c9 (type: security_group_rules) to 0
2026-06-24 06:41:44.223 9 INFO neutron.wsgi [None req-4224fd38-7c00-4c1a-a1a5-430da867ab49 ba9657f0ad014ec4b88b1bf0c25d3611 0adf7a5c556c4877a98f191b7f4d800e - - default default] 10.0.0.142 "POST /v2.0/security-group-rules HTTP/1.1" status: 201 len: 769 time: 0.2399089
2026-06-24 06:41:44.350 9 WARNING neutron.scheduler.dhcp_agent_scheduler [None req-cc2eb1e3-cc9d-4d45-9ea2-fa5c8e1b6403 260e1e7be3994f85a2fcd5f4700db89a b71cffca6bfc48d2923f5a49103e74e9 - - default default] No more DHCP agents
2026-06-24 06:41:44.351 9 WARNING neutron.api.rpc.agentnotifiers.dhcp_rpc_agent_api [None req-cc2eb1e3-cc9d-4d45-9ea2-fa5c8e1b6403 260e1e7be3994f85a2fcd5f4700db89a b71cffca6bfc48d2923f5a49103e74e9 - - default default] Unable to schedule network 9022fb7e-d583-404a-80fc-61978ad76371: no agents available; will retry on subsequent port and subnet creation events.
2026-06-24 06:41:44.360 10 INFO neutron.db.ovn_revision_numbers_db [None req-04d2549e-8661-420f-809e-db01d3555f4c ba9657f0ad014ec4b88b1bf0c25d3611 0adf7a5c556c4877a98f191b7f4d800e - - default default] Successfully bumped revision number for resource 4f1d1b6e-5e66-4f8c-8c5e-855d508af17d (type: security_group_rules) to 0
2026-06-24 06:41:44.385 10 INFO neutron.wsgi [None req-04d2549e-8661-420f-809e-db01d3555f4c ba9657f0ad014ec4b88b1bf0c25d3611 0adf7a5c556c4877a98f191b7f4d800e - - default default] 10.0.0.142 "POST /v2.0/security-group-rules HTTP/1.1" status: 201 len: 768 time: 0.1552613
2026-06-24 06:41:44.420 10 INFO neutron.db.securitygroups_db [None req-31d28574-a50c-4e17-a053-43eb6e751ccf ba9657f0ad014ec4b88b1bf0c25d3611 0adf7a5c556c4877a98f191b7f4d800e - - default default] Project 0adf7a5c556c4877a98f191b7f4d800e added a security group rule with legacy IPv6 ICMP protocol name icmp, ipv6-icmp should be used instead. It was automatically converted.
2026-06-24 06:41:44.435 9 INFO neutron.db.ovn_revision_numbers_db [None req-cc2eb1e3-cc9d-4d45-9ea2-fa5c8e1b6403 260e1e7be3994f85a2fcd5f4700db89a b71cffca6bfc48d2923f5a49103e74e9 - - default default] Successfully bumped revision number for resource 2426aca1-59e9-4d1b-970e-388f68989a50 (type: ports) to 1
2026-06-24 06:41:44.459 9 INFO neutron.wsgi [None req-cc2eb1e3-cc9d-4d45-9ea2-fa5c8e1b6403 260e1e7be3994f85a2fcd5f4700db89a b71cffca6bfc48d2923f5a49103e74e9 - - default default] 10.0.0.142 "POST /v2.0/networks HTTP/1.1" status: 201 len: 927 time: 0.5450468
2026-06-24 06:41:44.520 10 INFO neutron.db.ovn_revision_numbers_db [None req-31d28574-a50c-4e17-a053-43eb6e751ccf ba9657f0ad014ec4b88b1bf0c25d3611 0adf7a5c556c4877a98f191b7f4d800e - - default default] Successfully bumped revision number for resource 07928349-cd23-4e46-8030-ada73f2c5356 (type: security_group_rules) to 0
2026-06-24 06:41:44.546 10 INFO neutron.wsgi [None req-31d28574-a50c-4e17-a053-43eb6e751ccf ba9657f0ad014ec4b88b1bf0c25d3611 0adf7a5c556c4877a98f191b7f4d800e - - default default] 10.0.0.142 "POST /v2.0/security-group-rules HTTP/1.1" status: 201 len: 774 time: 0.1549175
2026-06-24 06:41:44.622 9 INFO neutron.db.securitygroups_db [None req-e4b54016-12ad-41a6-9773-6fa829bc2be4 ba9657f0ad014ec4b88b1bf0c25d3611 0adf7a5c556c4877a98f191b7f4d800e - - default default] Project 0adf7a5c556c4877a98f191b7f4d800e added a security group rule with legacy IPv6 ICMP protocol name icmp, ipv6-icmp should be used instead. It was automatically converted.
2026-06-24 06:41:44.730 9 WARNING neutron.scheduler.dhcp_agent_scheduler [None req-55e9d804-8b61-414c-831d-f581ce47a161 260e1e7be3994f85a2fcd5f4700db89a b71cffca6bfc48d2923f5a49103e74e9 - - default default] No more DHCP agents
2026-06-24 06:41:44.734 9 WARNING neutron.api.rpc.agentnotifiers.dhcp_rpc_agent_api [None req-55e9d804-8b61-414c-831d-f581ce47a161 260e1e7be3994f85a2fcd5f4700db89a b71cffca6bfc48d2923f5a49103e74e9 - - default default] Unable to schedule network 9022fb7e-d583-404a-80fc-61978ad76371: no agents available; will retry on subsequent port and subnet creation events.
2026-06-24 06:41:44.830 9 INFO neutron.db.ovn_revision_numbers_db [None req-e4b54016-12ad-41a6-9773-6fa829bc2be4 ba9657f0ad014ec4b88b1bf0c25d3611 0adf7a5c556c4877a98f191b7f4d800e - - default default] Successfully bumped revision number for resource 9492ad3f-e510-4dde-aee7-489c0038de8a (type: security_group_rules) to 0
2026-06-24 06:41:44.868 9 INFO neutron.wsgi [None req-e4b54016-12ad-41a6-9773-6fa829bc2be4 ba9657f0ad014ec4b88b1bf0c25d3611 0adf7a5c556c4877a98f191b7f4d800e - - default default] 10.0.0.142 "POST /v2.0/security-group-rules HTTP/1.1" status: 201 len: 773 time: 0.3142557
2026-06-24 06:41:45.178 9 INFO neutron.db.ovn_revision_numbers_db [None req-55e9d804-8b61-414c-831d-f581ce47a161 260e1e7be3994f85a2fcd5f4700db89a b71cffca6bfc48d2923f5a49103e74e9 - - default default] Successfully bumped revision number for resource 2426aca1-59e9-4d1b-970e-388f68989a50 (type: ports) to 2
2026-06-24 06:41:45.216 9 INFO neutron.db.ovn_revision_numbers_db [None req-55e9d804-8b61-414c-831d-f581ce47a161 260e1e7be3994f85a2fcd5f4700db89a b71cffca6bfc48d2923f5a49103e74e9 - - default default] Successfully bumped revision number for resource 465dd9cb-de51-4b11-b241-91d551db301d (type: subnets) to 0
2026-06-24 06:41:45.230 9 INFO neutron.wsgi [None req-55e9d804-8b61-414c-831d-f581ce47a161 260e1e7be3994f85a2fcd5f4700db89a b71cffca6bfc48d2923f5a49103e74e9 - - default default] 10.0.0.142 "POST /v2.0/subnets HTTP/1.1" status: 201 len: 822 time: 0.7648973
2026-06-24 06:41:45.823 9 INFO neutron.db.ovn_revision_numbers_db [None req-b6b32362-695e-4ef1-b812-304bbe9b4f6c ba9657f0ad014ec4b88b1bf0c25d3611 0adf7a5c556c4877a98f191b7f4d800e - - default default] Successfully bumped revision number for resource 0c8a751e-2b6e-4512-8af2-2129a4da7fb6 (type: security_groups) to 1
2026-06-24 06:41:45.863 9 INFO neutron.db.ovn_revision_numbers_db [None req-b6b32362-695e-4ef1-b812-304bbe9b4f6c ba9657f0ad014ec4b88b1bf0c25d3611 0adf7a5c556c4877a98f191b7f4d800e - - default default] Successfully bumped revision number for resource 0cf6b6dd-61bf-4a2f-9f25-2816a444a27d (type: security_group_rules) to 0
2026-06-24 06:41:45.885 9 INFO neutron.db.ovn_revision_numbers_db [None req-b6b32362-695e-4ef1-b812-304bbe9b4f6c ba9657f0ad014ec4b88b1bf0c25d3611 0adf7a5c556c4877a98f191b7f4d800e - - default default] Successfully bumped revision number for resource cabcd437-3124-4649-9e3e-ccac51e29be5 (type: security_group_rules) to 0
2026-06-24 06:41:45.909 9 INFO neutron.wsgi [None req-0d16575c-66f2-4766-84ec-39c9767fb1b4 260e1e7be3994f85a2fcd5f4700db89a b71cffca6bfc48d2923f5a49103e74e9 - - default default] 10.0.0.142 "POST /v2.0/rbac-policies HTTP/1.1" status: 201 len: 523 time: 0.6738513
2026-06-24 06:41:45.918 9 INFO neutron.wsgi [None req-b6b32362-695e-4ef1-b812-304bbe9b4f6c ba9657f0ad014ec4b88b1bf0c25d3611 0adf7a5c556c4877a98f191b7f4d800e - - default default] 10.0.0.142 "POST /v2.0/security-groups HTTP/1.1" status: 201 len: 1795 time: 0.6267042
2026-06-24 06:41:46.147 10 INFO neutron.db.ovn_revision_numbers_db [None req-6d37c8e4-793d-492c-b549-783b0d3a137a ba9657f0ad014ec4b88b1bf0c25d3611 0adf7a5c556c4877a98f191b7f4d800e - - default default] Successfully bumped revision number for resource a488bcd8-bdb7-4113-8299-dccbaf63607c (type: security_group_rules) to 0
2026-06-24 06:41:46.193 10 INFO neutron.wsgi [None req-6d37c8e4-793d-492c-b549-783b0d3a137a ba9657f0ad014ec4b88b1bf0c25d3611 0adf7a5c556c4877a98f191b7f4d800e - - default default] 10.0.0.142 "POST /v2.0/security-group-rules HTTP/1.1" status: 201 len: 764 time: 0.2702880
2026-06-24 06:41:46.264 10 INFO neutron.wsgi [None req-09fbb091-3955-4a61-a816-a1c9e384d13e 077cbf55c2ea41d68f97fa6292411a5c 44d62b779996478c833b8c35d862cc8b - - default default] 10.0.0.142 "PUT /v2.0/routers/167adfb9-bfd5-4689-90d6-59a3d80e5f7c/remove_router_interface HTTP/1.1" status: 200 len: 503 time: 1.6058102
2026-06-24 06:41:46.389 10 INFO neutron.db.ovn_revision_numbers_db [None req-e9e51bcd-269d-4ac0-8880-2e2fd9eda771 ba9657f0ad014ec4b88b1bf0c25d3611 0adf7a5c556c4877a98f191b7f4d800e - - default default] Successfully bumped revision number for resource 99bd7f52-917f-43de-ac44-42f041eab8aa (type: security_group_rules) to 0
2026-06-24 06:41:46.413 10 INFO neutron.wsgi [None req-e9e51bcd-269d-4ac0-8880-2e2fd9eda771 ba9657f0ad014ec4b88b1bf0c25d3611 0adf7a5c556c4877a98f191b7f4d800e - - default default] 10.0.0.142 "POST /v2.0/security-group-rules HTTP/1.1" status: 201 len: 769 time: 0.2118948 /var/lib/openstack/lib/python3.10/site-packages/pycadf/identifier.py:71: UserWarning: Invalid uuid: neutron. To ensure interoperability, identifiers should be a valid uuid. warnings.warn(('Invalid uuid: %s. To ensure interoperability, '
2026-06-24 06:41:46.611 10 INFO neutron.wsgi [None req-acb9ce95-3272-49eb-90be-cd85a0185e1e 48df54e9ce1041c9b47dac89bccab57d a9526eb0f0da4dba8a3bb6399a73e3f4 - - default default] 10.0.0.142 "GET /v2.0/networks/9022fb7e-d583-404a-80fc-61978ad76371 HTTP/1.1" status: 200 len: 848 time: 0.3403347
2026-06-24 06:41:46.819 10 WARNING neutron.scheduler.dhcp_agent_scheduler [None req-21ef4c11-72f0-4063-b584-c49e9a505848 ba9657f0ad014ec4b88b1bf0c25d3611 0adf7a5c556c4877a98f191b7f4d800e - - default default] No more DHCP agents
2026-06-24 06:41:46.823 10 WARNING neutron.api.rpc.agentnotifiers.dhcp_rpc_agent_api [None req-21ef4c11-72f0-4063-b584-c49e9a505848 ba9657f0ad014ec4b88b1bf0c25d3611 0adf7a5c556c4877a98f191b7f4d800e - - default default] Unable to schedule network 3d27b758-749b-458b-89d4-e7c82ab7ebb9: no agents available; will retry on subsequent port and subnet creation events.
2026-06-24 06:41:46.895 9 WARNING neutron.plugins.ml2.drivers.ovn.mech_driver.ovsdb.ovn_client [None req-bc1054ba-85a4-4857-9137-c16a8000b9e4 - - - - - -] No hosting information found for port 2257f523-cf02-497b-9ea7-b1ca4de7f0c8: RuntimeError: No hosting information found for port 2257f523-cf02-497b-9ea7-b1ca4de7f0c8
2026-06-24 06:41:46.895 9 INFO neutron.plugins.ml2.drivers.ovn.mech_driver.mech_driver [None req-bc1054ba-85a4-4857-9137-c16a8000b9e4 - - - - - -] OVN reports status down for port: 7affc459-739c-4d77-b538-5eee9f309e15
2026-06-24 06:41:47.016 9 INFO neutron.wsgi [None req-8ab1bc23-006d-4bef-b60d-01ce99130c07 077cbf55c2ea41d68f97fa6292411a5c 44d62b779996478c833b8c35d862cc8b - - default default] 10.0.0.142 "DELETE /v2.0/routers/167adfb9-bfd5-4689-90d6-59a3d80e5f7c HTTP/1.1" status: 204 len: 168 time: 0.7442079
2026-06-24 06:41:47.160 9 INFO neutron.pecan_wsgi.hooks.translation [None req-ac5067c5-8fa6-49a7-929d-79da3cb0d5df 54abc99e6b6f493ab45fc3df48a98a81 4535cf9b22d74e31ad74a9c3b418cce9 - - default default] GET failed (client error): The resource could not be found.
2026-06-24 06:41:47.163 9 INFO neutron.wsgi [None req-ac5067c5-8fa6-49a7-929d-79da3cb0d5df 54abc99e6b6f493ab45fc3df48a98a81 4535cf9b22d74e31ad74a9c3b418cce9 - - default default] 10.0.0.142 "GET /v2.0/networks/9022fb7e-d583-404a-80fc-61978ad76371 HTTP/1.1" status: 404 len: 339 time: 0.1756234
2026-06-24 06:41:47.223 10 INFO neutron.db.ovn_revision_numbers_db [None req-21ef4c11-72f0-4063-b584-c49e9a505848 ba9657f0ad014ec4b88b1bf0c25d3611 0adf7a5c556c4877a98f191b7f4d800e - - default default] Successfully bumped revision number for resource 796b5989-b605-4277-85ba-a3c45a7811ce (type: floatingips) to 0
2026-06-24 06:41:47.246 10 INFO neutron.wsgi [None req-21ef4c11-72f0-4063-b584-c49e9a505848 ba9657f0ad014ec4b88b1bf0c25d3611 0adf7a5c556c4877a98f191b7f4d800e - - default default] 10.0.0.142 "POST /v2.0/floatingips HTTP/1.1" status: 201 len: 751 time: 0.8279393
2026-06-24 06:41:47.261 10 INFO neutron.wsgi [None req-3dcf5dc3-bb90-449e-85c9-656750297746 47a2d94f241845fbab0e260e771c1c15 5a49886b99e9432097cc3c19e83d6087 - - default default] 10.0.0.142 "POST /v2.0/qos/policies HTTP/1.1" status: 201 len: 558 time: 0.1093979
2026-06-24 06:41:47.272 9 INFO neutron.wsgi [None req-c7fc9fe0-3353-423c-b83a-82c9d20b8a3c 077cbf55c2ea41d68f97fa6292411a5c 44d62b779996478c833b8c35d862cc8b - - default default] 10.0.0.142 "DELETE /v2.0/subnets/7fc9576b-fb73-4a74-9e44-3334cf75dfe5 HTTP/1.1" status: 204 len: 168 time: 0.2453368
2026-06-24 06:41:47.308 10 INFO neutron.wsgi [None req-6fb04cbc-48f0-41ed-a50b-66a314bd83c3 47a2d94f241845fbab0e260e771c1c15 5a49886b99e9432097cc3c19e83d6087 - - default default] 10.0.0.142 "PUT /v2.0/policies/b84ad0c7-d0e9-419b-9ed1-3d534d1e312c/tags HTTP/1.1" status: 200 len: 218 time: 0.0411334
2026-06-24 06:41:47.353 10 INFO neutron.wsgi [None req-b7bffef8-80ab-4881-950d-9c85a44eb7d2 47a2d94f241845fbab0e260e771c1c15 5a49886b99e9432097cc3c19e83d6087 - - default default] 10.0.0.142 "GET /v2.0/policies/b84ad0c7-d0e9-419b-9ed1-3d534d1e312c/tags HTTP/1.1" status: 200 len: 218 time: 0.0376451
2026-06-24 06:41:47.402 9 INFO neutron.wsgi [None req-974e4784-bbc7-4220-8372-22aebf9d2d0a 47a2d94f241845fbab0e260e771c1c15 5a49886b99e9432097cc3c19e83d6087 - - default default] 10.0.0.142 "PUT /v2.0/policies/b84ad0c7-d0e9-419b-9ed1-3d534d1e312c/tags/green HTTP/1.1" status: 201 len: 201 time: 0.0419490
2026-06-24 06:41:47.417 10 INFO neutron.wsgi [req-a73d920c-d512-4826-9842-c09028b7ae65 req-82856765-3ee5-445e-b88f-b3aa27c91a53 ba9657f0ad014ec4b88b1bf0c25d3611 0adf7a5c556c4877a98f191b7f4d800e - - default default] 10.0.0.218 "GET /v2.0/security-groups?name=tempest-securitygroup--724234089&fields=id&tenant_id=0adf7a5c556c4877a98f191b7f4d800e HTTP/1.1" status: 200 len: 267 time: 0.0864003
2026-06-24 06:41:47.425 9 INFO neutron.wsgi [None req-c2ef59ee-e494-459c-a398-03b696bdd75d 47a2d94f241845fbab0e260e771c1c15 5a49886b99e9432097cc3c19e83d6087 - - default default] 10.0.0.142 "GET /v2.0/policies/b84ad0c7-d0e9-419b-9ed1-3d534d1e312c/tags HTTP/1.1" status: 200 len: 227 time: 0.0159402
2026-06-24 06:41:47.447 9 INFO neutron.wsgi [None req-c560ba2f-be6a-4719-a502-83c2c2ed58a1 47a2d94f241845fbab0e260e771c1c15 5a49886b99e9432097cc3c19e83d6087 - - default default] 10.0.0.142 "PUT /v2.0/policies/b84ad0c7-d0e9-419b-9ed1-3d534d1e312c/tags/red HTTP/1.1" status: 201 len: 201 time: 0.0160649
2026-06-24 06:41:47.468 9 INFO neutron.wsgi [None req-9d0c0602-4dd3-4bc7-b975-275b3d563444 47a2d94f241845fbab0e260e771c1c15 5a49886b99e9432097cc3c19e83d6087 - - default default] 10.0.0.142 "GET /v2.0/policies/b84ad0c7-d0e9-419b-9ed1-3d534d1e312c/tags HTTP/1.1" status: 200 len: 227 time: 0.0157814
2026-06-24 06:41:47.487 10 INFO neutron.wsgi [req-a73d920c-d512-4826-9842-c09028b7ae65 req-5c40c3a7-b4cc-4517-8e82-278c89d81ee1 ba9657f0ad014ec4b88b1bf0c25d3611 0adf7a5c556c4877a98f191b7f4d800e - - default default] 10.0.0.218 "GET /v2.0/security-groups?name=tempest-secgroup-smoke-1532574073&fields=id&tenant_id=0adf7a5c556c4877a98f191b7f4d800e HTTP/1.1" status: 200 len: 267 time: 0.0602202
2026-06-24 06:41:47.501 9 INFO neutron.wsgi [None req-e7399933-bdf2-49f8-be83-f6cbe7783d2d 47a2d94f241845fbab0e260e771c1c15 5a49886b99e9432097cc3c19e83d6087 - - default default] 10.0.0.142 "PUT /v2.0/policies/b84ad0c7-d0e9-419b-9ed1-3d534d1e312c/tags/black.or.white HTTP/1.1" status: 201 len: 201 time: 0.0279953
2026-06-24 06:41:47.523 9 INFO neutron.wsgi [None req-71e9b584-f085-4c68-ba85-7d20fbb290f2 47a2d94f241845fbab0e260e771c1c15 5a49886b99e9432097cc3c19e83d6087 - - default default] 10.0.0.142 "GET /v2.0/policies/b84ad0c7-d0e9-419b-9ed1-3d534d1e312c/tags HTTP/1.1" status: 200 len: 245 time: 0.0170515
2026-06-24 06:41:47.559 9 INFO neutron.wsgi [None req-29dc6d4c-84fc-437e-a7a1-5651b584b195 47a2d94f241845fbab0e260e771c1c15 5a49886b99e9432097cc3c19e83d6087 - - default default] 10.0.0.142 "PUT /v2.0/policies/b84ad0c7-d0e9-419b-9ed1-3d534d1e312c/tags HTTP/1.1" status: 200 len: 230 time: 0.0293603
2026-06-24 06:41:47.580 9 INFO neutron.wsgi [None req-5cef5276-8e86-4e62-9100-71ceaa8f0e8e 47a2d94f241845fbab0e260e771c1c15 5a49886b99e9432097cc3c19e83d6087 - - default default] 10.0.0.142 "GET /v2.0/policies/b84ad0c7-d0e9-419b-9ed1-3d534d1e312c/tags HTTP/1.1" status: 200 len: 230 time: 0.0155437
2026-06-24 06:41:47.601 9 INFO neutron.wsgi [None req-bf4e4cf4-8cdc-48c7-9dec-dec6cce52ceb 47a2d94f241845fbab0e260e771c1c15 5a49886b99e9432097cc3c19e83d6087 - - default default] 10.0.0.142 "GET /v2.0/policies/b84ad0c7-d0e9-419b-9ed1-3d534d1e312c/tags/red HTTP/1.1" status: 204 len: 168 time: 0.0158436
2026-06-24 06:41:47.621 9 INFO neutron.api.v2.resource [None req-9443405a-1bde-455f-b77f-e293f3d22918 47a2d94f241845fbab0e260e771c1c15 5a49886b99e9432097cc3c19e83d6087 - - default default] show failed (client error): The resource could not be found.
2026-06-24 06:41:47.623 9 INFO neutron.wsgi [None req-9443405a-1bde-455f-b77f-e293f3d22918 47a2d94f241845fbab0e260e771c1c15 5a49886b99e9432097cc3c19e83d6087 - - default default] 10.0.0.142 "GET /v2.0/policies/b84ad0c7-d0e9-419b-9ed1-3d534d1e312c/tags/green HTTP/1.1" status: 404 len: 299 time: 0.0170023
2026-06-24 06:41:47.668 9 INFO neutron.wsgi [None req-b5146d7e-51ce-4b26-872c-3b765e693267 47a2d94f241845fbab0e260e771c1c15 5a49886b99e9432097cc3c19e83d6087 - - default default] 10.0.0.142 "DELETE /v2.0/policies/b84ad0c7-d0e9-419b-9ed1-3d534d1e312c/tags/red HTTP/1.1" status: 204 len: 168 time: 0.0394328
2026-06-24 06:41:47.687 10 INFO neutron.wsgi [req-a73d920c-d512-4826-9842-c09028b7ae65 req-7e3a62c8-7aa8-4c49-81be-f7e35d495e93 ba9657f0ad014ec4b88b1bf0c25d3611 0adf7a5c556c4877a98f191b7f4d800e - - default default] 10.0.0.218 "GET /v2.0/networks?id=cc235b2f-e448-417f-b1de-9ce3e3272eb8 HTTP/1.1" status: 200 len: 872 time: 0.1853166
2026-06-24 06:41:47.697 9 INFO neutron.wsgi [None req-4c07cb41-8808-49ce-9e76-005a47949489 47a2d94f241845fbab0e260e771c1c15 5a49886b99e9432097cc3c19e83d6087 - - default default] 10.0.0.142 "GET /v2.0/policies/b84ad0c7-d0e9-419b-9ed1-3d534d1e312c/tags HTTP/1.1" status: 200 len: 223 time: 0.0183768
2026-06-24 06:41:47.716 10 INFO neutron.wsgi [req-a73d920c-d512-4826-9842-c09028b7ae65 req-57151bbf-acef-418c-a120-b8aad11f1b8f ba9657f0ad014ec4b88b1bf0c25d3611 0adf7a5c556c4877a98f191b7f4d800e - - default default] 10.0.0.218 "GET /v2.0/quotas/0adf7a5c556c4877a98f191b7f4d800e HTTP/1.1" status: 200 len: 386 time: 0.0191891
2026-06-24 06:41:47.722 9 INFO neutron.api.v2.resource [None req-d694e4a9-3772-4f7e-a691-1cdf1bbb88ba 47a2d94f241845fbab0e260e771c1c15 5a49886b99e9432097cc3c19e83d6087 - - default default] delete failed (client error): The resource could not be found.
2026-06-24 06:41:47.725 9 INFO neutron.wsgi [None req-d694e4a9-3772-4f7e-a691-1cdf1bbb88ba 47a2d94f241845fbab0e260e771c1c15 5a49886b99e9432097cc3c19e83d6087 - - default default] 10.0.0.142 "DELETE /v2.0/policies/b84ad0c7-d0e9-419b-9ed1-3d534d1e312c/tags/green HTTP/1.1" status: 404 len: 299 time: 0.0206506
2026-06-24 06:41:47.759 9 INFO neutron.wsgi [None req-8586a057-8e28-4fca-949c-7889140c2208 47a2d94f241845fbab0e260e771c1c15 5a49886b99e9432097cc3c19e83d6087 - - default default] 10.0.0.142 "DELETE /v2.0/policies/b84ad0c7-d0e9-419b-9ed1-3d534d1e312c/tags HTTP/1.1" status: 204 len: 168 time: 0.0289123
2026-06-24 06:41:47.783 9 INFO neutron.wsgi [None req-d03d71a1-4f6b-4aa5-9c68-dcf266919e4a 47a2d94f241845fbab0e260e771c1c15 5a49886b99e9432097cc3c19e83d6087 - - default default] 10.0.0.142 "GET /v2.0/policies/b84ad0c7-d0e9-419b-9ed1-3d534d1e312c/tags HTTP/1.1" status: 200 len: 205 time: 0.0191455
2026-06-24 06:41:47.885 10 INFO neutron.wsgi [req-a73d920c-d512-4826-9842-c09028b7ae65 req-de1812c5-144e-4239-a24d-93d3b78eb537 ba9657f0ad014ec4b88b1bf0c25d3611 0adf7a5c556c4877a98f191b7f4d800e - - default default] 10.0.0.218 "GET /v2.0/ports?tenant_id=0adf7a5c556c4877a98f191b7f4d800e&fields=id HTTP/1.1" status: 200 len: 302 time: 0.1628897
2026-06-24 06:41:47.905 9 INFO neutron.wsgi [None req-9d8f1c25-02d6-466e-bccb-db38bd210e17 47a2d94f241845fbab0e260e771c1c15 5a49886b99e9432097cc3c19e83d6087 - - default default] 10.0.0.142 "DELETE /v2.0/qos/policies/b84ad0c7-d0e9-419b-9ed1-3d534d1e312c HTTP/1.1" status: 204 len: 168 time: 0.1163604
2026-06-24 06:41:47.991 10 INFO neutron.services.segments.plugin [-] Segment fb3b628e-42fe-428e-bf85-2dc15138ebef resource provider aggregate not found
2026-06-24 06:41:47.998 10 INFO neutron.services.segments.plugin [-] Segment fb3b628e-42fe-428e-bf85-2dc15138ebef resource provider aggregate not found
2026-06-24 06:41:48.006 9 INFO neutron.wsgi [-] 10.0.0.169 "GET / HTTP/1.1" status: 200 len: 247 time: 0.0031075
2026-06-24 06:41:48.008 9 INFO neutron.wsgi [-] 10.0.0.169 "GET / HTTP/1.1" status: 200 len: 247 time: 0.0014167
2026-06-24 06:41:48.289 10 INFO neutron.services.segments.plugin [-] Segment fb3b628e-42fe-428e-bf85-2dc15138ebef resource provider not found; error: Placement Client Error (4xx): {"errors": [{"status": 404, "title": "Not Found", "detail": "The resource could not be found.\n\n No resource provider with uuid fb3b628e-42fe-428e-bf85-2dc15138ebef found for delete ", "request_id": "req-3e2329c2-96f5-402e-a2ec-528dfb276471"}]}
2026-06-24 06:41:48.289 10 INFO neutron.services.segments.plugin [-] Segment fb3b628e-42fe-428e-bf85-2dc15138ebef resource provider not found; error: Placement Client Error (4xx): {"errors": [{"status": 404, "title": "Not Found", "detail": "The resource could not be found.\n\n No resource provider with uuid fb3b628e-42fe-428e-bf85-2dc15138ebef found for delete ", "request_id": "req-4086f51a-84b2-406d-ad5c-8335942548a7"}]}
2026-06-24 06:41:48.315 10 INFO neutron.wsgi [req-a73d920c-d512-4826-9842-c09028b7ae65 req-ff66e048-2f3b-4ea0-9a97-14063e13867c 1588825f9e8c4aae8f2817ef02dc2382 afdbfcb94df3419fb6684e6ace270672 - - c769bb63276a405ab5dc2b9ffc22e0d7 c769bb63276a405ab5dc2b9ffc22e0d7] 10.0.0.218 "GET /v2.0/networks/cc235b2f-e448-417f-b1de-9ce3e3272eb8?fields=segments HTTP/1.1" status: 200 len: 212 time: 0.4090953
2026-06-24 06:41:48.327 10 INFO neutron.wsgi [None req-fa1f73a8-983c-4d23-a88c-7dbd99ce3cf1 077cbf55c2ea41d68f97fa6292411a5c 44d62b779996478c833b8c35d862cc8b - - default default] 10.0.0.142 "DELETE /v2.0/networks/d4ebf06b-a27e-4ac6-88b3-9a322e9aa947 HTTP/1.1" status: 204 len: 168 time: 1.0465937
2026-06-24 06:41:48.459 10 INFO neutron.wsgi [req-a73d920c-d512-4826-9842-c09028b7ae65 req-64f4fd3e-2ea9-47a8-bd0d-d9e180f8850f 1588825f9e8c4aae8f2817ef02dc2382 afdbfcb94df3419fb6684e6ace270672 - - c769bb63276a405ab5dc2b9ffc22e0d7 c769bb63276a405ab5dc2b9ffc22e0d7] 10.0.0.218 "GET /v2.0/networks/cc235b2f-e448-417f-b1de-9ce3e3272eb8?fields=provider%3Aphysical_network&fields=provider%3Anetwork_type HTTP/1.1" status: 200 len: 277 time: 0.1219254
2026-06-24 06:41:48.593 10 INFO neutron.wsgi [None req-abcdb164-8559-40d2-8420-c669cbfc0397 260e1e7be3994f85a2fcd5f4700db89a b71cffca6bfc48d2923f5a49103e74e9 - - default default] 10.0.0.142 "DELETE /v2.0/networks/9022fb7e-d583-404a-80fc-61978ad76371 HTTP/1.1" status: 204 len: 168 time: 1.4248071
2026-06-24 06:41:48.612 9 INFO neutron.wsgi [None req-27df92a9-2721-4850-8dc5-5ff66bb3e86e 077cbf55c2ea41d68f97fa6292411a5c 44d62b779996478c833b8c35d862cc8b - - default default] 10.0.0.142 "GET /v2.0/security-groups?tenant_id=f977614b57e04972ace1ba686df43023&name=default HTTP/1.1" status: 200 len: 2996 time: 0.0712955
2026-06-24 06:41:48.629 10 INFO neutron.pecan_wsgi.hooks.translation [None req-bc600ced-e57f-416d-92be-09545314e80f 260e1e7be3994f85a2fcd5f4700db89a b71cffca6bfc48d2923f5a49103e74e9 - - default default] DELETE failed (client error): The resource could not be found.
2026-06-24 06:41:48.632 10 INFO neutron.wsgi [None req-bc600ced-e57f-416d-92be-09545314e80f 260e1e7be3994f85a2fcd5f4700db89a b71cffca6bfc48d2923f5a49103e74e9 - - default default] 10.0.0.142 "DELETE /v2.0/subnets/2f7ceb70-9e12-4c4f-a31c-1b8204ede6a0 HTTP/1.1" status: 404 len: 337 time: 0.0258515
2026-06-24 06:41:48.674 10 INFO neutron.pecan_wsgi.hooks.translation [None req-73048c3f-6d10-4d40-ae72-327009baa2f9 260e1e7be3994f85a2fcd5f4700db89a b71cffca6bfc48d2923f5a49103e74e9 - - default default] DELETE failed (client error): The resource could not be found.
2026-06-24 06:41:48.677 10 INFO neutron.wsgi [None req-73048c3f-6d10-4d40-ae72-327009baa2f9 260e1e7be3994f85a2fcd5f4700db89a b71cffca6bfc48d2923f5a49103e74e9 - - default default] 10.0.0.142 "DELETE /v2.0/subnets/3057f356-c1e7-4660-8073-f187cc006a10 HTTP/1.1" status: 404 len: 337 time: 0.0400357
2026-06-24 06:41:48.690 10 INFO neutron.wsgi [req-c06b738a-0123-425f-8b22-14e4cd2c9a9b req-f58a9a2c-79ee-4811-81a5-7628e43a3fbe ba9657f0ad014ec4b88b1bf0c25d3611 0adf7a5c556c4877a98f191b7f4d800e - - default default] 10.0.0.218 "GET /v2.0/ports?device_id=b5a61d05-60a2-4995-9ad3-6500941dfd98 HTTP/1.1" status: 200 len: 210 time: 0.0552940
2026-06-24 06:41:48.710 10 INFO neutron.pecan_wsgi.hooks.translation [None req-6b5cfd52-cbf7-461f-a339-82a1bd86d3e2 260e1e7be3994f85a2fcd5f4700db89a b71cffca6bfc48d2923f5a49103e74e9 - - default default] DELETE failed (client error): The resource could not be found.
2026-06-24 06:41:48.713 10 INFO neutron.wsgi [None req-6b5cfd52-cbf7-461f-a339-82a1bd86d3e2 260e1e7be3994f85a2fcd5f4700db89a b71cffca6bfc48d2923f5a49103e74e9 - - default default] 10.0.0.142 "DELETE /v2.0/subnets/465dd9cb-de51-4b11-b241-91d551db301d HTTP/1.1" status: 404 len: 337 time: 0.0295417
2026-06-24 06:41:48.922 9 INFO neutron.wsgi [None req-59f10e8d-92e6-4036-8468-54e66d78faa7 077cbf55c2ea41d68f97fa6292411a5c 44d62b779996478c833b8c35d862cc8b - - default default] 10.0.0.142 "DELETE /v2.0/security-groups/ab501d75-f5e2-43c6-9124-0a1c8c54d56f HTTP/1.1" status: 204 len: 168 time: 0.3040144
2026-06-24 06:41:49.079 10 INFO neutron.db.ovn_revision_numbers_db [None req-59307892-aa02-4849-83e5-108bca5d5832 077cbf55c2ea41d68f97fa6292411a5c 44d62b779996478c833b8c35d862cc8b - - default default] Successfully bumped revision number for resource 44160d96-12a3-4c56-a5e9-6f8b0ab6cd5f (type: security_groups) to 1
2026-06-24 06:41:49.099 10 INFO neutron.db.ovn_revision_numbers_db [None req-59307892-aa02-4849-83e5-108bca5d5832 077cbf55c2ea41d68f97fa6292411a5c 44d62b779996478c833b8c35d862cc8b - - default default] Successfully bumped revision number for resource 00a0001b-51b4-4b2e-9911-77c27ae42824 (type: security_group_rules) to 0
2026-06-24 06:41:49.113 10 INFO neutron.db.ovn_revision_numbers_db [None req-59307892-aa02-4849-83e5-108bca5d5832 077cbf55c2ea41d68f97fa6292411a5c 44d62b779996478c833b8c35d862cc8b - - default default] Successfully bumped revision number for resource 10bfa399-1f69-4738-b3f9-f821e577d431 (type: security_group_rules) to 0
2026-06-24 06:41:49.132 10 INFO neutron.db.ovn_revision_numbers_db [None req-59307892-aa02-4849-83e5-108bca5d5832 077cbf55c2ea41d68f97fa6292411a5c 44d62b779996478c833b8c35d862cc8b - - default default] Successfully bumped revision number for resource 13f1f876-2fe6-4995-abae-af0f525fcd2a (type: security_group_rules) to 0
2026-06-24 06:41:49.149 10 INFO neutron.db.ovn_revision_numbers_db [None req-59307892-aa02-4849-83e5-108bca5d5832 077cbf55c2ea41d68f97fa6292411a5c 44d62b779996478c833b8c35d862cc8b - - default default] Successfully bumped revision number for resource 2ad57efb-8534-4878-8a52-0387f19ad134 (type: security_group_rules) to 0
2026-06-24 06:41:49.180 10 INFO neutron.wsgi [None req-59307892-aa02-4849-83e5-108bca5d5832 077cbf55c2ea41d68f97fa6292411a5c 44d62b779996478c833b8c35d862cc8b - - default default] 10.0.0.142 "GET /v2.0/security-groups?tenant_id=0b456ee8c6154ad2917376fcbb6f3285&name=default HTTP/1.1" status: 200 len: 2996 time: 0.4459410
2026-06-24 06:41:49.439 10 INFO neutron.wsgi [None req-5323e7da-af0b-43a8-ba15-65eee779e390 077cbf55c2ea41d68f97fa6292411a5c 44d62b779996478c833b8c35d862cc8b - - default default] 10.0.0.142 "DELETE /v2.0/security-groups/44160d96-12a3-4c56-a5e9-6f8b0ab6cd5f HTTP/1.1" status: 204 len: 168 time: 0.2525666
2026-06-24 06:41:49.578 9 INFO neutron.wsgi [req-a73d920c-d512-4826-9842-c09028b7ae65 req-e6df8a16-0533-4b7b-981d-989c36156bfb ba9657f0ad014ec4b88b1bf0c25d3611 0adf7a5c556c4877a98f191b7f4d800e - - default default] 199.204.45.210 "GET /v2.0/networks?id=cc235b2f-e448-417f-b1de-9ce3e3272eb8 HTTP/1.1" status: 200 len: 872 time: 0.1068187
2026-06-24 06:41:49.654 9 INFO neutron.wsgi [req-a73d920c-d512-4826-9842-c09028b7ae65 req-e883bca0-014d-4369-ab40-48ddaf6e77f4 ba9657f0ad014ec4b88b1bf0c25d3611 0adf7a5c556c4877a98f191b7f4d800e - - default default] 199.204.45.210 "GET /v2.0/security-groups?fields=id&fields=name&tenant_id=0adf7a5c556c4877a98f191b7f4d800e HTTP/1.1" status: 200 len: 472 time: 0.0674269
2026-06-24 06:41:49.823 10 INFO neutron.wsgi [req-d7148139-96cb-4a7d-bae1-59c3dedcf4b5 req-29ad6907-4ef6-481b-bd54-f82178a48c42 ba9657f0ad014ec4b88b1bf0c25d3611 0adf7a5c556c4877a98f191b7f4d800e - - default default] 10.0.0.218 "GET /v2.0/ports?device_id=b5a61d05-60a2-4995-9ad3-6500941dfd98 HTTP/1.1" status: 200 len: 210 time: 0.0307372
2026-06-24 06:41:49.890 10 INFO neutron.db.ovn_revision_numbers_db [None req-7f72c42d-937e-4926-968f-36ebac5cb842 077cbf55c2ea41d68f97fa6292411a5c 44d62b779996478c833b8c35d862cc8b - - default default] Successfully bumped revision number for resource 00c4e9fa-f21c-47b2-8865-cfdfa96393d0 (type: security_groups) to 1
2026-06-24 06:41:49.921 10 INFO neutron.db.ovn_revision_numbers_db [None req-7f72c42d-937e-4926-968f-36ebac5cb842 077cbf55c2ea41d68f97fa6292411a5c 44d62b779996478c833b8c35d862cc8b - - default default] Successfully bumped revision number for resource 39ed8032-b9d3-4cde-a0aa-5bba19ee6e19 (type: security_group_rules) to 0
2026-06-24 06:41:49.943 10 INFO neutron.db.ovn_revision_numbers_db [None req-7f72c42d-937e-4926-968f-36ebac5cb842 077cbf55c2ea41d68f97fa6292411a5c 44d62b779996478c833b8c35d862cc8b - - default default] Successfully bumped revision number for resource 6f658d81-1a74-474e-9f7a-efbfb97e493c (type: security_group_rules) to 0
2026-06-24 06:41:49.946 10 INFO neutron.wsgi [None req-ea320804-2585-47f5-894c-09e2d0843fce 077cbf55c2ea41d68f97fa6292411a5c 44d62b779996478c833b8c35d862cc8b - - default default] 10.0.0.142 "GET /v2.0/security-groups?tenant_id=b71cffca6bfc48d2923f5a49103e74e9&name=default HTTP/1.1" status: 200 len: 2996 time: 0.3278191
2026-06-24 06:41:49.960 10 INFO neutron.db.ovn_revision_numbers_db [None req-7f72c42d-937e-4926-968f-36ebac5cb842 077cbf55c2ea41d68f97fa6292411a5c 44d62b779996478c833b8c35d862cc8b - - default default] Successfully bumped revision number for resource a488c7aa-4c20-4993-8715-63bdc9199c75 (type: security_group_rules) to 0
2026-06-24 06:41:49.977 10 INFO neutron.db.ovn_revision_numbers_db [None req-7f72c42d-937e-4926-968f-36ebac5cb842 077cbf55c2ea41d68f97fa6292411a5c 44d62b779996478c833b8c35d862cc8b - - default default] Successfully bumped revision number for resource d02985c5-1cb2-4240-9c7c-722ae0975438 (type: security_group_rules) to 0
2026-06-24 06:41:50.011 10 INFO neutron.wsgi [None req-7f72c42d-937e-4926-968f-36ebac5cb842 077cbf55c2ea41d68f97fa6292411a5c 44d62b779996478c833b8c35d862cc8b - - default default] 10.0.0.142 "GET /v2.0/security-groups?tenant_id=5a49886b99e9432097cc3c19e83d6087&name=default HTTP/1.1" status: 200 len: 2996 time: 0.2735109
2026-06-24 06:41:50.116 9 WARNING neutron.scheduler.dhcp_agent_scheduler [req-a73d920c-d512-4826-9842-c09028b7ae65 req-8ee1eb55-49e3-4226-b7b1-49928c565c11 ba9657f0ad014ec4b88b1bf0c25d3611 0adf7a5c556c4877a98f191b7f4d800e - - default default] No more DHCP agents
2026-06-24 06:41:50.119 9 WARNING neutron.api.rpc.agentnotifiers.dhcp_rpc_agent_api [req-a73d920c-d512-4826-9842-c09028b7ae65 req-8ee1eb55-49e3-4226-b7b1-49928c565c11 ba9657f0ad014ec4b88b1bf0c25d3611 0adf7a5c556c4877a98f191b7f4d800e - - default default] Unable to schedule network cc235b2f-e448-417f-b1de-9ce3e3272eb8: no agents available; will retry on subsequent port and subnet creation events.
2026-06-24 06:41:50.221 10 INFO neutron.wsgi [None req-81607376-eaf3-46c4-aa29-168b9118f895 077cbf55c2ea41d68f97fa6292411a5c 44d62b779996478c833b8c35d862cc8b - - default default] 10.0.0.142 "DELETE /v2.0/security-groups/00c4e9fa-f21c-47b2-8865-cfdfa96393d0 HTTP/1.1" status: 204 len: 168 time: 0.2054741
2026-06-24 06:41:50.310 9 INFO neutron.db.ovn_revision_numbers_db [req-a73d920c-d512-4826-9842-c09028b7ae65 req-8ee1eb55-49e3-4226-b7b1-49928c565c11 ba9657f0ad014ec4b88b1bf0c25d3611 0adf7a5c556c4877a98f191b7f4d800e - - default default] Successfully bumped revision number for resource 193dabea-d04b-4ebb-8910-d7c3338c405e (type: ports) to 1
2026-06-24 06:41:50.315 10 INFO neutron.services.segments.plugin [-] Segment 8564f6ab-a8c5-4b6d-9fd7-0d36c85bfac5 resource provider aggregate not found
2026-06-24 06:41:50.323 10 INFO neutron.services.segments.plugin [-] Segment 8564f6ab-a8c5-4b6d-9fd7-0d36c85bfac5 resource provider aggregate not found
2026-06-24 06:41:50.328 9 INFO neutron.wsgi [None req-aed0f521-a808-4af4-a439-06b48c0b90f8 077cbf55c2ea41d68f97fa6292411a5c 44d62b779996478c833b8c35d862cc8b - - default default] 10.0.0.142 "DELETE /v2.0/security-groups/32ae9466-efdd-40d3-83f7-20d5283063d3 HTTP/1.1" status: 204 len: 168 time: 0.3723345
2026-06-24 06:41:50.338 10 INFO neutron.services.segments.plugin [-] Segment 8564f6ab-a8c5-4b6d-9fd7-0d36c85bfac5 resource provider not found; error: Placement Client Error (4xx): {"errors": [{"status": 404, "title": "Not Found", "detail": "The resource could not be found.\n\n No resource provider with uuid 8564f6ab-a8c5-4b6d-9fd7-0d36c85bfac5 found for delete ", "request_id": "req-a7a63614-db90-4770-ace2-d212b8e0831c"}]}
2026-06-24 06:41:50.339 10 INFO neutron.services.segments.plugin [-] Segment 8564f6ab-a8c5-4b6d-9fd7-0d36c85bfac5 resource provider not found; error: Placement Client Error (4xx): {"errors": [{"status": 404, "title": "Not Found", "detail": "The resource could not be found.\n\n No resource provider with uuid 8564f6ab-a8c5-4b6d-9fd7-0d36c85bfac5 found for delete ", "request_id": "req-49b24421-0d8d-4ed2-80b8-93582df2c0fd"}]}
2026-06-24 06:41:50.341 9 INFO neutron.wsgi [req-a73d920c-d512-4826-9842-c09028b7ae65 req-8ee1eb55-49e3-4226-b7b1-49928c565c11 ba9657f0ad014ec4b88b1bf0c25d3611 0adf7a5c556c4877a98f191b7f4d800e - - default default] 199.204.45.210 "POST /v2.0/ports HTTP/1.1" status: 201 len: 1197 time: 0.6687903 /var/lib/openstack/lib/python3.10/site-packages/pycadf/identifier.py:71: UserWarning: Invalid uuid: neutron. To ensure interoperability, identifiers should be a valid uuid. warnings.warn(('Invalid uuid: %s. To ensure interoperability, '
2026-06-24 06:41:50.618 10 INFO neutron.db.ovn_revision_numbers_db [None req-2150a454-88aa-4e21-913c-3797f1e85175 077cbf55c2ea41d68f97fa6292411a5c 44d62b779996478c833b8c35d862cc8b - - default default] Successfully bumped revision number for resource 6acc4019-9d88-4863-b2c2-8ecbdd5f2bc6 (type: security_groups) to 1
2026-06-24 06:41:50.632 10 INFO neutron.db.ovn_revision_numbers_db [None req-2150a454-88aa-4e21-913c-3797f1e85175 077cbf55c2ea41d68f97fa6292411a5c 44d62b779996478c833b8c35d862cc8b - - default default] Successfully bumped revision number for resource 1bb1f583-8198-4912-9be9-da9348e7af7c (type: security_group_rules) to 0
2026-06-24 06:41:50.647 10 INFO neutron.db.ovn_revision_numbers_db [None req-2150a454-88aa-4e21-913c-3797f1e85175 077cbf55c2ea41d68f97fa6292411a5c 44d62b779996478c833b8c35d862cc8b - - default default] Successfully bumped revision number for resource 3ab6e831-d54a-42dc-8b84-e02b035a872c (type: security_group_rules) to 0
2026-06-24 06:41:50.674 10 INFO neutron.db.ovn_revision_numbers_db [None req-2150a454-88aa-4e21-913c-3797f1e85175 077cbf55c2ea41d68f97fa6292411a5c 44d62b779996478c833b8c35d862cc8b - - default default] Successfully bumped revision number for resource 6cf66cc4-515a-4f86-871c-7ac8bdfa075b (type: security_group_rules) to 0
2026-06-24 06:41:50.697 10 INFO neutron.db.ovn_revision_numbers_db [None req-2150a454-88aa-4e21-913c-3797f1e85175 077cbf55c2ea41d68f97fa6292411a5c 44d62b779996478c833b8c35d862cc8b - - default default] Successfully bumped revision number for resource 9942fc7d-41f9-403f-a736-8d9f72a03b1c (type: security_group_rules) to 0
2026-06-24 06:41:50.724 10 INFO neutron.wsgi [None req-2150a454-88aa-4e21-913c-3797f1e85175 077cbf55c2ea41d68f97fa6292411a5c 44d62b779996478c833b8c35d862cc8b - - default default] 10.0.0.142 "GET /v2.0/security-groups?tenant_id=4535cf9b22d74e31ad74a9c3b418cce9&name=default HTTP/1.1" status: 200 len: 2996 time: 0.2358119
2026-06-24 06:41:50.808 9 INFO neutron.db.ovn_revision_numbers_db [req-a73d920c-d512-4826-9842-c09028b7ae65 req-218eb3cb-e47b-494d-8e6b-e7e2675d4e8b 1588825f9e8c4aae8f2817ef02dc2382 afdbfcb94df3419fb6684e6ace270672 - - c769bb63276a405ab5dc2b9ffc22e0d7 c769bb63276a405ab5dc2b9ffc22e0d7] Successfully bumped revision number for resource 193dabea-d04b-4ebb-8910-d7c3338c405e (type: ports) to 2
2026-06-24 06:41:50.940 10 INFO neutron.wsgi [req-7f501e1c-0058-49ef-bf3f-8e806f103c74 req-88a9f8e1-0bb9-45ac-8a69-0a6aaf822008 ba9657f0ad014ec4b88b1bf0c25d3611 0adf7a5c556c4877a98f191b7f4d800e - - default default] 10.0.0.218 "GET /v2.0/ports?device_id=b5a61d05-60a2-4995-9ad3-6500941dfd98 HTTP/1.1" status: 200 len: 1208 time: 0.0469220
2026-06-24 06:41:50.997 10 INFO neutron.wsgi [req-7f501e1c-0058-49ef-bf3f-8e806f103c74 req-5a749ef1-4192-4a39-8f04-03024e3b4de1 ba9657f0ad014ec4b88b1bf0c25d3611 0adf7a5c556c4877a98f191b7f4d800e - - default default] 10.0.0.218 "GET /v2.0/security-groups?id=0c8a751e-2b6e-4512-8af2-2129a4da7fb6&id=66692533-bcfa-47d4-a72a-b029d4871ddd&fields=id&fields=name HTTP/1.1" status: 200 len: 405 time: 0.0515938
2026-06-24 06:41:51.005 10 INFO neutron.wsgi [None req-9365e8ac-651c-4252-bf13-c0f029e9b814 077cbf55c2ea41d68f97fa6292411a5c 44d62b779996478c833b8c35d862cc8b - - default default] 10.0.0.142 "DELETE /v2.0/security-groups/6acc4019-9d88-4863-b2c2-8ecbdd5f2bc6 HTTP/1.1" status: 204 len: 168 time: 0.2716389
2026-06-24 06:41:51.017 9 INFO neutron.db.ovn_revision_numbers_db [req-a73d920c-d512-4826-9842-c09028b7ae65 req-218eb3cb-e47b-494d-8e6b-e7e2675d4e8b 1588825f9e8c4aae8f2817ef02dc2382 afdbfcb94df3419fb6684e6ace270672 - - c769bb63276a405ab5dc2b9ffc22e0d7 c769bb63276a405ab5dc2b9ffc22e0d7] Successfully bumped revision number for resource 193dabea-d04b-4ebb-8910-d7c3338c405e (type: ports) to 2
2026-06-24 06:41:51.034 9 INFO neutron.wsgi [req-a73d920c-d512-4826-9842-c09028b7ae65 req-218eb3cb-e47b-494d-8e6b-e7e2675d4e8b 1588825f9e8c4aae8f2817ef02dc2382 afdbfcb94df3419fb6684e6ace270672 - - c769bb63276a405ab5dc2b9ffc22e0d7 c769bb63276a405ab5dc2b9ffc22e0d7] 199.204.45.210 "PUT /v2.0/ports/193dabea-d04b-4ebb-8910-d7c3338c405e HTTP/1.1" status: 200 len: 1415 time: 0.6831295
2026-06-24 06:41:51.087 9 INFO neutron.notifiers.nova [-] Nova event matching ['req-46a9d4c1-a376-4cf3-8526-44a0f79455f0'] response: {'name': 'network-changed', 'server_uuid': 'b5a61d05-60a2-4995-9ad3-6500941dfd98', 'tag': '193dabea-d04b-4ebb-8910-d7c3338c405e', 'status': 'completed', 'code': 200} /var/lib/openstack/lib/python3.10/site-packages/pycadf/identifier.py:71: UserWarning: Invalid uuid: neutron. To ensure interoperability, identifiers should be a valid uuid. warnings.warn(('Invalid uuid: %s. To ensure interoperability, '
2026-06-24 06:41:51.132 9 INFO neutron.wsgi [req-a73d920c-d512-4826-9842-c09028b7ae65 req-9175ce55-3c40-4c5f-9703-2e8bf72b194a 1588825f9e8c4aae8f2817ef02dc2382 afdbfcb94df3419fb6684e6ace270672 - - c769bb63276a405ab5dc2b9ffc22e0d7 c769bb63276a405ab5dc2b9ffc22e0d7] 199.204.45.210 "GET /v2.0/ports?tenant_id=0adf7a5c556c4877a98f191b7f4d800e&device_id=b5a61d05-60a2-4995-9ad3-6500941dfd98 HTTP/1.1" status: 200 len: 1446 time: 0.0503254
2026-06-24 06:41:51.171 9 INFO neutron.wsgi [req-a73d920c-d512-4826-9842-c09028b7ae65 req-dcf5b629-414c-4306-bb70-40747602d44f 1588825f9e8c4aae8f2817ef02dc2382 afdbfcb94df3419fb6684e6ace270672 - - c769bb63276a405ab5dc2b9ffc22e0d7 c769bb63276a405ab5dc2b9ffc22e0d7] 199.204.45.210 "GET /v2.0/floatingips?fixed_ip_address=10.100.0.7&port_id=193dabea-d04b-4ebb-8910-d7c3338c405e HTTP/1.1" status: 200 len: 217 time: 0.0313942
2026-06-24 06:41:51.221 9 INFO neutron.wsgi [req-a73d920c-d512-4826-9842-c09028b7ae65 req-19ebd4d9-edd8-49d5-a3a0-36676dc8932d 1588825f9e8c4aae8f2817ef02dc2382 afdbfcb94df3419fb6684e6ace270672 - - c769bb63276a405ab5dc2b9ffc22e0d7 c769bb63276a405ab5dc2b9ffc22e0d7] 199.204.45.210 "GET /v2.0/subnets?id=5aeeb4b5-4d8c-4dc4-bd7a-06d901fa361e HTTP/1.1" status: 200 len: 866 time: 0.0384886
2026-06-24 06:41:51.249 9 INFO neutron.wsgi [req-a73d920c-d512-4826-9842-c09028b7ae65 req-00b32c48-6012-4aca-97d6-9bed3dfd1f4a 1588825f9e8c4aae8f2817ef02dc2382 afdbfcb94df3419fb6684e6ace270672 - - c769bb63276a405ab5dc2b9ffc22e0d7 c769bb63276a405ab5dc2b9ffc22e0d7] 199.204.45.210 "GET /v2.0/ports?network_id=cc235b2f-e448-417f-b1de-9ce3e3272eb8&device_owner=network%3Adhcp HTTP/1.1" status: 200 len: 210 time: 0.0209627
2026-06-24 06:41:51.344 9 INFO neutron.wsgi [req-a73d920c-d512-4826-9842-c09028b7ae65 req-97a949b2-d947-492e-b9eb-6707f2c33b20 1588825f9e8c4aae8f2817ef02dc2382 afdbfcb94df3419fb6684e6ace270672 - - c769bb63276a405ab5dc2b9ffc22e0d7 c769bb63276a405ab5dc2b9ffc22e0d7] 199.204.45.210 "GET /v2.0/networks/cc235b2f-e448-417f-b1de-9ce3e3272eb8?fields=segments HTTP/1.1" status: 200 len: 212 time: 0.0863023
