2026-06-24 06:38:16.722 9 INFO neutron.db.ovn_revision_numbers_db [None req-7891d595-8016-4513-b144-80ccae92cc14 077cbf55c2ea41d68f97fa6292411a5c 44d62b779996478c833b8c35d862cc8b - - default default] Successfully bumped revision number for resource 45807c70-c8b1-4932-972a-f1a3f3067fa1 (type: ports) to 1
2026-06-24 06:38:16.755 10 INFO neutron.db.ovn_revision_numbers_db [None req-102b0d18-96bf-44b2-9358-cb94a07fd26b 077cbf55c2ea41d68f97fa6292411a5c 44d62b779996478c833b8c35d862cc8b - - default default] Successfully bumped revision number for resource 7831faa1-06bd-4cc7-a7f1-0d7e00c570ac (type: security_groups) to 1
2026-06-24 06:38:16.782 10 INFO neutron.db.ovn_revision_numbers_db [None req-102b0d18-96bf-44b2-9358-cb94a07fd26b 077cbf55c2ea41d68f97fa6292411a5c 44d62b779996478c833b8c35d862cc8b - - default default] Successfully bumped revision number for resource 2ae6ee54-dbf3-4b11-919b-d4cf597d12a5 (type: security_group_rules) to 0
2026-06-24 06:38:16.798 10 INFO neutron.db.ovn_revision_numbers_db [None req-102b0d18-96bf-44b2-9358-cb94a07fd26b 077cbf55c2ea41d68f97fa6292411a5c 44d62b779996478c833b8c35d862cc8b - - default default] Successfully bumped revision number for resource 2c1fc551-f8bd-4324-bfa0-8af7e9a71444 (type: security_group_rules) to 0
2026-06-24 06:38:16.818 10 INFO neutron.db.ovn_revision_numbers_db [None req-102b0d18-96bf-44b2-9358-cb94a07fd26b 077cbf55c2ea41d68f97fa6292411a5c 44d62b779996478c833b8c35d862cc8b - - default default] Successfully bumped revision number for resource 334a05b6-9aae-417a-a7ad-5e7587bfbf97 (type: security_group_rules) to 0
2026-06-24 06:38:16.833 9 INFO neutron.db.ovn_revision_numbers_db [None req-c9c9fff5-d421-4e28-9478-66af11d9019e 077cbf55c2ea41d68f97fa6292411a5c 44d62b779996478c833b8c35d862cc8b - - default default] Successfully bumped revision number for resource 6f9485d5-ceea-49e9-8ed6-0ab7084b4929 (type: ports) to 1
2026-06-24 06:38:16.840 10 INFO neutron.db.ovn_revision_numbers_db [None req-102b0d18-96bf-44b2-9358-cb94a07fd26b 077cbf55c2ea41d68f97fa6292411a5c 44d62b779996478c833b8c35d862cc8b - - default default] Successfully bumped revision number for resource 5ef7d705-d950-49df-b5f6-4f472e39e998 (type: security_group_rules) to 0
2026-06-24 06:38:16.905 10 INFO neutron.db.segments_db [None req-102b0d18-96bf-44b2-9358-cb94a07fd26b 077cbf55c2ea41d68f97fa6292411a5c 44d62b779996478c833b8c35d862cc8b - - default default] Added segment 7728fd27-4917-47af-bc3e-7730fd0fcfcb of type geneve for network e87cec0b-36e8-4745-8230-b4392d89f949
2026-06-24 06:38:17.123 9 INFO neutron.plugins.ml2.drivers.ovn.mech_driver.ovsdb.extensions.qos [None req-7891d595-8016-4513-b144-80ccae92cc14 077cbf55c2ea41d68f97fa6292411a5c 44d62b779996478c833b8c35d862cc8b - - default default] Starting OVNClientQosExtension
2026-06-24 06:38:17.165 10 INFO neutron.plugins.ml2.drivers.ovn.mech_driver.mech_driver [-] OVN reports status up for port: 50104cc0-e0a1-49b2-95e8-34b18b83b87c
2026-06-24 06:38:17.182 10 INFO neutron.plugins.ml2.plugin [None req-82b03573-d123-4689-a836-64c806e4d42f - - - - - -] Attempt 1 to provision port 50104cc0-e0a1-49b2-95e8-34b18b83b87c
2026-06-24 06:38:17.198 9 INFO neutron.plugins.ml2.drivers.ovn.mech_driver.ovsdb.ovsdb_monitor [-] Router e84357c2-d75a-4b05-ac5e-4bfddcb50870 is bound to host instance
2026-06-24 06:38:17.200 10 INFO neutron.db.ovn_revision_numbers_db [None req-102b0d18-96bf-44b2-9358-cb94a07fd26b 077cbf55c2ea41d68f97fa6292411a5c 44d62b779996478c833b8c35d862cc8b - - default default] Successfully bumped revision number for resource e87cec0b-36e8-4745-8230-b4392d89f949 (type: networks) to 1
2026-06-24 06:38:17.231 10 INFO neutron.db.ovn_revision_numbers_db [None req-40c3407b-d900-42a6-b662-ccaca9f0263f 077cbf55c2ea41d68f97fa6292411a5c 44d62b779996478c833b8c35d862cc8b - - default default] Successfully bumped revision number for resource 50104cc0-e0a1-49b2-95e8-34b18b83b87c (type: router_ports) to 1
2026-06-24 06:38:17.366 10 INFO neutron.db.ovn_revision_numbers_db [None req-40c3407b-d900-42a6-b662-ccaca9f0263f 077cbf55c2ea41d68f97fa6292411a5c 44d62b779996478c833b8c35d862cc8b - - default default] Successfully bumped revision number for resource e84357c2-d75a-4b05-ac5e-4bfddcb50870 (type: routers) to 2
2026-06-24 06:38:17.413 10 INFO neutron.wsgi [None req-40c3407b-d900-42a6-b662-ccaca9f0263f 077cbf55c2ea41d68f97fa6292411a5c 44d62b779996478c833b8c35d862cc8b - - default default] 10.0.0.142 "POST /v2.0/routers HTTP/1.1" status: 201 len: 870 time: 1.9309881
2026-06-24 06:38:17.498 10 WARNING neutron.scheduler.dhcp_agent_scheduler [None req-102b0d18-96bf-44b2-9358-cb94a07fd26b 077cbf55c2ea41d68f97fa6292411a5c 44d62b779996478c833b8c35d862cc8b - - default default] No more DHCP agents
2026-06-24 06:38:17.504 10 WARNING neutron.api.rpc.agentnotifiers.dhcp_rpc_agent_api [None req-102b0d18-96bf-44b2-9358-cb94a07fd26b 077cbf55c2ea41d68f97fa6292411a5c 44d62b779996478c833b8c35d862cc8b - - default default] Unable to schedule network e87cec0b-36e8-4745-8230-b4392d89f949: no agents available; will retry on subsequent port and subnet creation events.
2026-06-24 06:38:17.642 10 INFO neutron.db.ovn_revision_numbers_db [None req-102b0d18-96bf-44b2-9358-cb94a07fd26b 077cbf55c2ea41d68f97fa6292411a5c 44d62b779996478c833b8c35d862cc8b - - default default] Successfully bumped revision number for resource 3fd6157a-e559-45bd-832a-47c6ede32f09 (type: ports) to 1
2026-06-24 06:38:17.668 10 INFO neutron.wsgi [None req-102b0d18-96bf-44b2-9358-cb94a07fd26b 077cbf55c2ea41d68f97fa6292411a5c 44d62b779996478c833b8c35d862cc8b - - default default] 10.0.0.142 "POST /v2.0/networks HTTP/1.1" status: 201 len: 951 time: 1.3382106
2026-06-24 06:38:17.907 10 WARNING neutron.scheduler.dhcp_agent_scheduler [None req-85f65789-fb2c-46ff-80a0-870e7a50c4e2 077cbf55c2ea41d68f97fa6292411a5c 44d62b779996478c833b8c35d862cc8b - - default default] No more DHCP agents
2026-06-24 06:38:17.919 10 WARNING neutron.api.rpc.agentnotifiers.dhcp_rpc_agent_api [None req-85f65789-fb2c-46ff-80a0-870e7a50c4e2 077cbf55c2ea41d68f97fa6292411a5c 44d62b779996478c833b8c35d862cc8b - - default default] Unable to schedule network e87cec0b-36e8-4745-8230-b4392d89f949: no agents available; will retry on subsequent port and subnet creation events.
2026-06-24 06:38:18.000 10 INFO neutron.wsgi [-] 10.0.0.169 "GET / HTTP/1.1" status: 200 len: 247 time: 0.0017574
2026-06-24 06:38:18.005 9 INFO neutron.wsgi [-] 10.0.0.169 "GET / HTTP/1.1" status: 200 len: 247 time: 0.0017073
2026-06-24 06:38:18.061 10 WARNING neutron.scheduler.dhcp_agent_scheduler [None req-da1fda5a-ca93-4e18-8192-574a27e7d423 077cbf55c2ea41d68f97fa6292411a5c 44d62b779996478c833b8c35d862cc8b - - default default] No more DHCP agents
2026-06-24 06:38:18.066 10 WARNING neutron.api.rpc.agentnotifiers.dhcp_rpc_agent_api [None req-da1fda5a-ca93-4e18-8192-574a27e7d423 077cbf55c2ea41d68f97fa6292411a5c 44d62b779996478c833b8c35d862cc8b - - default default] Unable to schedule network 9236eb47-1dad-427c-817b-a87532aa0d4e: no agents available; will retry on subsequent port and subnet creation events.
2026-06-24 06:38:18.090 9 INFO neutron.db.ovn_revision_numbers_db [None req-7891d595-8016-4513-b144-80ccae92cc14 077cbf55c2ea41d68f97fa6292411a5c 44d62b779996478c833b8c35d862cc8b - - default default] Successfully bumped revision number for resource 45807c70-c8b1-4932-972a-f1a3f3067fa1 (type: router_ports) to 1
2026-06-24 06:38:18.221 9 INFO neutron.db.ovn_revision_numbers_db [None req-7891d595-8016-4513-b144-80ccae92cc14 077cbf55c2ea41d68f97fa6292411a5c 44d62b779996478c833b8c35d862cc8b - - default default] Successfully bumped revision number for resource d0eb51b7-b973-462e-bb84-d8d9bb11786c (type: routers) to 2
2026-06-24 06:38:18.228 9 INFO neutron.db.ovn_revision_numbers_db [None req-c9c9fff5-d421-4e28-9478-66af11d9019e 077cbf55c2ea41d68f97fa6292411a5c 44d62b779996478c833b8c35d862cc8b - - default default] Successfully bumped revision number for resource 6f9485d5-ceea-49e9-8ed6-0ab7084b4929 (type: router_ports) to 1
2026-06-24 06:38:18.248 9 INFO neutron.wsgi [None req-7891d595-8016-4513-b144-80ccae92cc14 077cbf55c2ea41d68f97fa6292411a5c 44d62b779996478c833b8c35d862cc8b - - default default] 10.0.0.142 "POST /v2.0/routers HTTP/1.1" status: 201 len: 877 time: 2.6968799
2026-06-24 06:38:18.368 9 INFO neutron.db.ovn_revision_numbers_db [None req-c9c9fff5-d421-4e28-9478-66af11d9019e 077cbf55c2ea41d68f97fa6292411a5c 44d62b779996478c833b8c35d862cc8b - - default default] Successfully bumped revision number for resource b2da9922-a8be-4d34-a18d-e11f039a5808 (type: routers) to 2
2026-06-24 06:38:18.391 10 INFO neutron.db.ovn_revision_numbers_db [None req-da1fda5a-ca93-4e18-8192-574a27e7d423 077cbf55c2ea41d68f97fa6292411a5c 44d62b779996478c833b8c35d862cc8b - - default default] Successfully bumped revision number for resource 2f407892-cd97-47fb-814e-83938402414c (type: ports) to 1
2026-06-24 06:38:18.399 9 INFO neutron.wsgi [None req-c9c9fff5-d421-4e28-9478-66af11d9019e 077cbf55c2ea41d68f97fa6292411a5c 44d62b779996478c833b8c35d862cc8b - - default default] 10.0.0.142 "POST /v2.0/routers HTTP/1.1" status: 201 len: 883 time: 2.6392622
2026-06-24 06:38:18.436 9 INFO neutron.db.ovn_revision_numbers_db [None req-20ad2b84-2292-4992-83a3-2cdbaed6afe3 - - - - - -] Successfully bumped revision number for resource 50104cc0-e0a1-49b2-95e8-34b18b83b87c (type: ports) to 1
2026-06-24 06:38:18.833 10 INFO neutron.db.ovn_revision_numbers_db [None req-85f65789-fb2c-46ff-80a0-870e7a50c4e2 077cbf55c2ea41d68f97fa6292411a5c 44d62b779996478c833b8c35d862cc8b - - default default] Successfully bumped revision number for resource 3fd6157a-e559-45bd-832a-47c6ede32f09 (type: ports) to 2
2026-06-24 06:38:18.887 10 INFO neutron.db.ovn_revision_numbers_db [None req-85f65789-fb2c-46ff-80a0-870e7a50c4e2 077cbf55c2ea41d68f97fa6292411a5c 44d62b779996478c833b8c35d862cc8b - - default default] Successfully bumped revision number for resource f2eb2bfe-9f3f-4a77-845c-04d1de7b76f8 (type: subnets) to 0
2026-06-24 06:38:18.913 10 INFO neutron.wsgi [None req-85f65789-fb2c-46ff-80a0-870e7a50c4e2 077cbf55c2ea41d68f97fa6292411a5c 44d62b779996478c833b8c35d862cc8b - - default default] 10.0.0.142 "POST /v2.0/subnets HTTP/1.1" status: 201 len: 871 time: 1.2378702
2026-06-24 06:38:19.052 9 INFO neutron.plugins.ml2.drivers.ovn.mech_driver.mech_driver [None req-bc1054ba-85a4-4857-9137-c16a8000b9e4 - - - - - -] OVN reports status up for port: 2f407892-cd97-47fb-814e-83938402414c
2026-06-24 06:38:19.074 10 INFO neutron.db.ovn_revision_numbers_db [None req-da1fda5a-ca93-4e18-8192-574a27e7d423 077cbf55c2ea41d68f97fa6292411a5c 44d62b779996478c833b8c35d862cc8b - - default default] Successfully bumped revision number for resource 2f407892-cd97-47fb-814e-83938402414c (type: router_ports) to 1
2026-06-24 06:38:19.146 9 INFO neutron.plugins.ml2.plugin [None req-bc1054ba-85a4-4857-9137-c16a8000b9e4 - - - - - -] Attempt 1 to provision port 2f407892-cd97-47fb-814e-83938402414c
2026-06-24 06:38:19.221 10 INFO neutron.db.ovn_revision_numbers_db [None req-da1fda5a-ca93-4e18-8192-574a27e7d423 077cbf55c2ea41d68f97fa6292411a5c 44d62b779996478c833b8c35d862cc8b - - default default] Successfully bumped revision number for resource 2f407892-cd97-47fb-814e-83938402414c (type: ports) to 1
2026-06-24 06:38:19.285 10 WARNING neutron.scheduler.dhcp_agent_scheduler [None req-da1fda5a-ca93-4e18-8192-574a27e7d423 077cbf55c2ea41d68f97fa6292411a5c 44d62b779996478c833b8c35d862cc8b - - default default] No more DHCP agents
2026-06-24 06:38:19.286 10 WARNING neutron.api.rpc.agentnotifiers.dhcp_rpc_agent_api [None req-da1fda5a-ca93-4e18-8192-574a27e7d423 077cbf55c2ea41d68f97fa6292411a5c 44d62b779996478c833b8c35d862cc8b - - default default] Unable to schedule network 9236eb47-1dad-427c-817b-a87532aa0d4e: no agents available; will retry on subsequent port and subnet creation events.
2026-06-24 06:38:19.368 9 INFO neutron.db.ovn_revision_numbers_db [None req-20ad2b84-2292-4992-83a3-2cdbaed6afe3 - - - - - -] Successfully bumped revision number for resource 50104cc0-e0a1-49b2-95e8-34b18b83b87c (type: router_ports) to 3
2026-06-24 06:38:19.415 9 WARNING neutron.scheduler.dhcp_agent_scheduler [None req-f28d0ec4-ad00-43ec-9f43-76bdeef9e9a8 077cbf55c2ea41d68f97fa6292411a5c 44d62b779996478c833b8c35d862cc8b - - default default] No more DHCP agents
2026-06-24 06:38:19.426 9 WARNING neutron.api.rpc.agentnotifiers.dhcp_rpc_agent_api [None req-f28d0ec4-ad00-43ec-9f43-76bdeef9e9a8 077cbf55c2ea41d68f97fa6292411a5c 44d62b779996478c833b8c35d862cc8b - - default default] Unable to schedule network d685720d-1513-4791-bf7a-00e7d42f4c1b: no agents available; will retry on subsequent port and subnet creation events.
2026-06-24 06:38:19.868 9 WARNING neutron.scheduler.dhcp_agent_scheduler [None req-f3d8063f-39b7-4965-b5e0-d3d8632ebc9d 077cbf55c2ea41d68f97fa6292411a5c 44d62b779996478c833b8c35d862cc8b - - default default] No more DHCP agents
2026-06-24 06:38:19.881 9 WARNING neutron.api.rpc.agentnotifiers.dhcp_rpc_agent_api [None req-f3d8063f-39b7-4965-b5e0-d3d8632ebc9d 077cbf55c2ea41d68f97fa6292411a5c 44d62b779996478c833b8c35d862cc8b - - default default] Unable to schedule network 0a62deb0-4e17-41f1-b203-a1e753a2d0fd: no agents available; will retry on subsequent port and subnet creation events.
2026-06-24 06:38:20.025 9 INFO neutron.db.ovn_revision_numbers_db [None req-20ad2b84-2292-4992-83a3-2cdbaed6afe3 - - - - - -] Successfully bumped revision number for resource 50104cc0-e0a1-49b2-95e8-34b18b83b87c (type: ports) to 2
2026-06-24 06:38:20.062 10 INFO neutron.db.ovn_revision_numbers_db [None req-da1fda5a-ca93-4e18-8192-574a27e7d423 077cbf55c2ea41d68f97fa6292411a5c 44d62b779996478c833b8c35d862cc8b - - default default] Successfully bumped revision number for resource 2f407892-cd97-47fb-814e-83938402414c (type: router_ports) to 1
2026-06-24 06:38:20.064 10 INFO neutron.wsgi [None req-da1fda5a-ca93-4e18-8192-574a27e7d423 077cbf55c2ea41d68f97fa6292411a5c 44d62b779996478c833b8c35d862cc8b - - default default] 10.0.0.142 "PUT /v2.0/routers/e84357c2-d75a-4b05-ac5e-4bfddcb50870/add_router_interface HTTP/1.1" status: 200 len: 503 time: 2.6446276
2026-06-24 06:38:20.110 9 INFO neutron.db.ovn_revision_numbers_db [None req-f28d0ec4-ad00-43ec-9f43-76bdeef9e9a8 077cbf55c2ea41d68f97fa6292411a5c 44d62b779996478c833b8c35d862cc8b - - default default] Successfully bumped revision number for resource 7d2a27d7-87b9-41f1-90c4-ca8f43d0aeec (type: ports) to 1
2026-06-24 06:38:20.336 10 INFO neutron.plugins.ml2.drivers.ovn.mech_driver.mech_driver [None req-82b03573-d123-4689-a836-64c806e4d42f - - - - - -] OVN reports status up for port: 45807c70-c8b1-4932-972a-f1a3f3067fa1
2026-06-24 06:38:20.343 10 INFO neutron.plugins.ml2.plugin [None req-82b03573-d123-4689-a836-64c806e4d42f - - - - - -] Attempt 1 to provision port 45807c70-c8b1-4932-972a-f1a3f3067fa1
2026-06-24 06:38:20.407 9 INFO neutron.db.ovn_revision_numbers_db [None req-f3d8063f-39b7-4965-b5e0-d3d8632ebc9d 077cbf55c2ea41d68f97fa6292411a5c 44d62b779996478c833b8c35d862cc8b - - default default] Successfully bumped revision number for resource 40194561-5d4f-45fc-a219-5d4debfb24db (type: ports) to 1
2026-06-24 06:38:20.426 9 INFO neutron.db.ovn_revision_numbers_db [None req-bc1054ba-85a4-4857-9137-c16a8000b9e4 - - - - - -] Successfully bumped revision number for resource 2f407892-cd97-47fb-814e-83938402414c (type: ports) to 2
2026-06-24 06:38:20.437 9 WARNING neutron.scheduler.dhcp_agent_scheduler [None req-4dffc3d6-444c-4436-a1ae-59718c06e5ad 077cbf55c2ea41d68f97fa6292411a5c 44d62b779996478c833b8c35d862cc8b - - default default] No more DHCP agents
2026-06-24 06:38:20.445 9 WARNING neutron.api.rpc.agentnotifiers.dhcp_rpc_agent_api [None req-4dffc3d6-444c-4436-a1ae-59718c06e5ad 077cbf55c2ea41d68f97fa6292411a5c 44d62b779996478c833b8c35d862cc8b - - default default] Unable to schedule network 3d27b758-749b-458b-89d4-e7c82ab7ebb9: no agents available; will retry on subsequent port and subnet creation events.
2026-06-24 06:38:20.876 10 INFO neutron.db.ovn_revision_numbers_db [None req-6b64d784-6805-44b9-929c-905dfdcff64a 9fbb9949f84748a6b492a5b6947c342e a9cde53e4b9442fe896955c2d3f6637b - - default default] Successfully bumped revision number for resource 6795f2bb-432e-4f75-8248-a4f106317b99 (type: security_groups) to 1
2026-06-24 06:38:20.892 10 INFO neutron.db.ovn_revision_numbers_db [None req-6b64d784-6805-44b9-929c-905dfdcff64a 9fbb9949f84748a6b492a5b6947c342e a9cde53e4b9442fe896955c2d3f6637b - - default default] Successfully bumped revision number for resource 7e008e50-2485-48d7-8c59-e4bdcaed09a4 (type: security_group_rules) to 0
2026-06-24 06:38:20.906 10 INFO neutron.db.ovn_revision_numbers_db [None req-6b64d784-6805-44b9-929c-905dfdcff64a 9fbb9949f84748a6b492a5b6947c342e a9cde53e4b9442fe896955c2d3f6637b - - default default] Successfully bumped revision number for resource c9862881-bd35-427d-a23b-1fe2ca868615 (type: security_group_rules) to 0
2026-06-24 06:38:20.935 10 INFO neutron.wsgi [None req-6b64d784-6805-44b9-929c-905dfdcff64a 9fbb9949f84748a6b492a5b6947c342e a9cde53e4b9442fe896955c2d3f6637b - - default default] 10.0.0.142 "POST /v2.0/security-groups HTTP/1.1" status: 201 len: 1793 time: 0.2052922
2026-06-24 06:38:20.991 9 INFO neutron.db.ovn_revision_numbers_db [None req-bc1054ba-85a4-4857-9137-c16a8000b9e4 - - - - - -] Successfully bumped revision number for resource 2f407892-cd97-47fb-814e-83938402414c (type: router_ports) to 2
2026-06-24 06:38:21.087 10 INFO neutron.db.ovn_revision_numbers_db [None req-ec3fa530-719c-410e-9972-9df74be44ff4 9fbb9949f84748a6b492a5b6947c342e a9cde53e4b9442fe896955c2d3f6637b - - default default] Successfully bumped revision number for resource 0d2c6720-3f1b-4d1a-8484-41b81f3ab449 (type: security_group_rules) to 0
2026-06-24 06:38:21.104 9 INFO neutron.db.ovn_revision_numbers_db [None req-4dffc3d6-444c-4436-a1ae-59718c06e5ad 077cbf55c2ea41d68f97fa6292411a5c 44d62b779996478c833b8c35d862cc8b - - default default] Successfully bumped revision number for resource ce61bf66-f30b-4d30-b7ca-a966da1876a4 (type: ports) to 1
2026-06-24 06:38:21.116 10 INFO neutron.wsgi [None req-ec3fa530-719c-410e-9972-9df74be44ff4 9fbb9949f84748a6b492a5b6947c342e a9cde53e4b9442fe896955c2d3f6637b - - default default] 10.0.0.142 "POST /v2.0/security-group-rules HTTP/1.1" status: 201 len: 764 time: 0.1754401
2026-06-24 06:38:21.143 9 INFO neutron.db.ovn_revision_numbers_db [None req-20ad2b84-2292-4992-83a3-2cdbaed6afe3 - - - - - -] Successfully bumped revision number for resource 50104cc0-e0a1-49b2-95e8-34b18b83b87c (type: ports) to 4
2026-06-24 06:38:21.234 10 INFO neutron.db.ovn_revision_numbers_db [None req-8aae78b7-0d39-470d-b1dc-73e11a5a7c5b 9fbb9949f84748a6b492a5b6947c342e a9cde53e4b9442fe896955c2d3f6637b - - default default] Successfully bumped revision number for resource e8b8474e-c7e3-456d-a942-0aceecaa1d94 (type: security_group_rules) to 0
2026-06-24 06:38:21.259 10 INFO neutron.wsgi [None req-8aae78b7-0d39-470d-b1dc-73e11a5a7c5b 9fbb9949f84748a6b492a5b6947c342e a9cde53e4b9442fe896955c2d3f6637b - - default default] 10.0.0.142 "POST /v2.0/security-group-rules HTTP/1.1" status: 201 len: 769 time: 0.1365428
2026-06-24 06:38:21.593 10 WARNING neutron.scheduler.dhcp_agent_scheduler [None req-3540ba28-2cb7-4d5f-a0aa-632624cadf30 9fbb9949f84748a6b492a5b6947c342e a9cde53e4b9442fe896955c2d3f6637b - - default default] No more DHCP agents
2026-06-24 06:38:21.594 10 WARNING neutron.api.rpc.agentnotifiers.dhcp_rpc_agent_api [None req-3540ba28-2cb7-4d5f-a0aa-632624cadf30 9fbb9949f84748a6b492a5b6947c342e a9cde53e4b9442fe896955c2d3f6637b - - default default] Unable to schedule network 3d27b758-749b-458b-89d4-e7c82ab7ebb9: no agents available; will retry on subsequent port and subnet creation events.
2026-06-24 06:38:21.838 9 INFO neutron.db.ovn_revision_numbers_db [None req-f28d0ec4-ad00-43ec-9f43-76bdeef9e9a8 077cbf55c2ea41d68f97fa6292411a5c 44d62b779996478c833b8c35d862cc8b - - default default] Successfully bumped revision number for resource 7d2a27d7-87b9-41f1-90c4-ca8f43d0aeec (type: router_ports) to 1
2026-06-24 06:38:21.906 10 INFO neutron.db.ovn_revision_numbers_db [None req-3540ba28-2cb7-4d5f-a0aa-632624cadf30 9fbb9949f84748a6b492a5b6947c342e a9cde53e4b9442fe896955c2d3f6637b - - default default] Successfully bumped revision number for resource bf985eb8-664b-4907-a1e5-216125a61f63 (type: floatingips) to 0
2026-06-24 06:38:21.926 10 INFO neutron.wsgi [None req-3540ba28-2cb7-4d5f-a0aa-632624cadf30 9fbb9949f84748a6b492a5b6947c342e a9cde53e4b9442fe896955c2d3f6637b - - default default] 10.0.0.142 "POST /v2.0/floatingips HTTP/1.1" status: 201 len: 751 time: 0.6589768
2026-06-24 06:38:22.003 9 INFO neutron.db.ovn_revision_numbers_db [None req-f3d8063f-39b7-4965-b5e0-d3d8632ebc9d 077cbf55c2ea41d68f97fa6292411a5c 44d62b779996478c833b8c35d862cc8b - - default default] Successfully bumped revision number for resource 40194561-5d4f-45fc-a219-5d4debfb24db (type: router_ports) to 1
2026-06-24 06:38:22.041 9 INFO neutron.db.ovn_revision_numbers_db [None req-20ad2b84-2292-4992-83a3-2cdbaed6afe3 - - - - - -] Successfully bumped revision number for resource 50104cc0-e0a1-49b2-95e8-34b18b83b87c (type: router_ports) to 4
2026-06-24 06:38:22.089 9 INFO neutron.plugins.ml2.drivers.ovn.mech_driver.ovsdb.ovsdb_monitor [None req-20ad2b84-2292-4992-83a3-2cdbaed6afe3 - - - - - -] Router d0eb51b7-b973-462e-bb84-d8d9bb11786c is bound to host instance
2026-06-24 06:38:22.194 9 INFO neutron.db.ovn_revision_numbers_db [None req-f28d0ec4-ad00-43ec-9f43-76bdeef9e9a8 077cbf55c2ea41d68f97fa6292411a5c 44d62b779996478c833b8c35d862cc8b - - default default] Successfully bumped revision number for resource 7d2a27d7-87b9-41f1-90c4-ca8f43d0aeec (type: ports) to 1
2026-06-24 06:38:22.409 9 INFO neutron.db.ovn_revision_numbers_db [None req-f3d8063f-39b7-4965-b5e0-d3d8632ebc9d 077cbf55c2ea41d68f97fa6292411a5c 44d62b779996478c833b8c35d862cc8b - - default default] Successfully bumped revision number for resource 40194561-5d4f-45fc-a219-5d4debfb24db (type: ports) to 1
2026-06-24 06:38:22.414 9 WARNING neutron.scheduler.dhcp_agent_scheduler [None req-f28d0ec4-ad00-43ec-9f43-76bdeef9e9a8 077cbf55c2ea41d68f97fa6292411a5c 44d62b779996478c833b8c35d862cc8b - - default default] No more DHCP agents
2026-06-24 06:38:22.420 9 WARNING neutron.api.rpc.agentnotifiers.dhcp_rpc_agent_api [None req-f28d0ec4-ad00-43ec-9f43-76bdeef9e9a8 077cbf55c2ea41d68f97fa6292411a5c 44d62b779996478c833b8c35d862cc8b - - default default] Unable to schedule network d685720d-1513-4791-bf7a-00e7d42f4c1b: no agents available; will retry on subsequent port and subnet creation events.
2026-06-24 06:38:22.772 9 WARNING neutron.scheduler.dhcp_agent_scheduler [None req-f3d8063f-39b7-4965-b5e0-d3d8632ebc9d 077cbf55c2ea41d68f97fa6292411a5c 44d62b779996478c833b8c35d862cc8b - - default default] No more DHCP agents
2026-06-24 06:38:22.777 9 WARNING neutron.api.rpc.agentnotifiers.dhcp_rpc_agent_api [None req-f3d8063f-39b7-4965-b5e0-d3d8632ebc9d 077cbf55c2ea41d68f97fa6292411a5c 44d62b779996478c833b8c35d862cc8b - - default default] Unable to schedule network 0a62deb0-4e17-41f1-b203-a1e753a2d0fd: no agents available; will retry on subsequent port and subnet creation events.
2026-06-24 06:38:22.999 10 INFO neutron.plugins.ml2.drivers.ovn.mech_driver.ovsdb.ovsdb_monitor [-] Router 60d14dac-ef6a-461b-8aed-d540e54a208a is bound to host instance
2026-06-24 06:38:23.049 10 INFO neutron.wsgi [req-5d6555d0-5d63-4e15-b6ce-40ff0dcdc02e req-64c52921-5a13-4de1-96d5-393f2a8aeff0 9fbb9949f84748a6b492a5b6947c342e a9cde53e4b9442fe896955c2d3f6637b - - default default] 10.0.0.218 "GET /v2.0/security-groups?name=tempest-securitygroup--898437117&fields=id&tenant_id=a9cde53e4b9442fe896955c2d3f6637b HTTP/1.1" status: 200 len: 267 time: 0.2085927
2026-06-24 06:38:23.053 10 INFO neutron.plugins.ml2.drivers.ovn.mech_driver.mech_driver [None req-82b03573-d123-4689-a836-64c806e4d42f - - - - - -] OVN reports status up for port: 6f9485d5-ceea-49e9-8ed6-0ab7084b4929
2026-06-24 06:38:23.056 9 INFO neutron.db.ovn_revision_numbers_db [None req-4dffc3d6-444c-4436-a1ae-59718c06e5ad 077cbf55c2ea41d68f97fa6292411a5c 44d62b779996478c833b8c35d862cc8b - - default default] Successfully bumped revision number for resource ce61bf66-f30b-4d30-b7ca-a966da1876a4 (type: router_ports) to 1
2026-06-24 06:38:23.080 10 INFO neutron.plugins.ml2.plugin [None req-82b03573-d123-4689-a836-64c806e4d42f - - - - - -] Attempt 1 to provision port 6f9485d5-ceea-49e9-8ed6-0ab7084b4929
2026-06-24 06:38:23.213 10 INFO neutron.wsgi [req-5d6555d0-5d63-4e15-b6ce-40ff0dcdc02e req-7ccb5f02-8114-41ab-aa73-a13aab5f6d30 9fbb9949f84748a6b492a5b6947c342e a9cde53e4b9442fe896955c2d3f6637b - - default default] 10.0.0.218 "GET /v2.0/networks?id=9236eb47-1dad-427c-817b-a87532aa0d4e HTTP/1.1" status: 200 len: 868 time: 0.1503050
2026-06-24 06:38:23.225 9 INFO neutron.db.ovn_revision_numbers_db [None req-4dffc3d6-444c-4436-a1ae-59718c06e5ad 077cbf55c2ea41d68f97fa6292411a5c 44d62b779996478c833b8c35d862cc8b - - default default] Successfully bumped revision number for resource 60d14dac-ef6a-461b-8aed-d540e54a208a (type: routers) to 2
2026-06-24 06:38:23.240 10 INFO neutron.wsgi [req-5d6555d0-5d63-4e15-b6ce-40ff0dcdc02e req-532451ac-c065-47b1-a119-5281835a41e5 9fbb9949f84748a6b492a5b6947c342e a9cde53e4b9442fe896955c2d3f6637b - - default default] 10.0.0.218 "GET /v2.0/quotas/a9cde53e4b9442fe896955c2d3f6637b HTTP/1.1" status: 200 len: 386 time: 0.0184915
2026-06-24 06:38:23.275 9 INFO neutron.wsgi [None req-4dffc3d6-444c-4436-a1ae-59718c06e5ad 077cbf55c2ea41d68f97fa6292411a5c 44d62b779996478c833b8c35d862cc8b - - default default] 10.0.0.142 "POST /v2.0/routers HTTP/1.1" status: 201 len: 882 time: 4.3507707
2026-06-24 06:38:23.359 10 INFO neutron.wsgi [req-5d6555d0-5d63-4e15-b6ce-40ff0dcdc02e req-23375ea5-06d9-4f3f-af4e-08cda84eddfb 9fbb9949f84748a6b492a5b6947c342e a9cde53e4b9442fe896955c2d3f6637b - - default default] 10.0.0.218 "GET /v2.0/ports?tenant_id=a9cde53e4b9442fe896955c2d3f6637b&fields=id HTTP/1.1" status: 200 len: 302 time: 0.1117921
2026-06-24 06:38:23.663 10 INFO neutron.db.ovn_revision_numbers_db [None req-967612d1-dd8e-4678-9804-3749fa5fd998 - - - - - -] Successfully bumped revision number for resource ce61bf66-f30b-4d30-b7ca-a966da1876a4 (type: ports) to 1
2026-06-24 06:38:23.775 10 INFO neutron.wsgi [req-5d6555d0-5d63-4e15-b6ce-40ff0dcdc02e req-3ac88eab-0412-4549-ad82-0f7fe416de0c 1588825f9e8c4aae8f2817ef02dc2382 afdbfcb94df3419fb6684e6ace270672 - - c769bb63276a405ab5dc2b9ffc22e0d7 c769bb63276a405ab5dc2b9ffc22e0d7] 10.0.0.218 "GET /v2.0/extensions HTTP/1.1" status: 200 len: 16525 time: 0.0684550
2026-06-24 06:38:23.870 10 INFO neutron.wsgi [req-5d6555d0-5d63-4e15-b6ce-40ff0dcdc02e req-0f80bbb5-b5fc-417a-a7f9-f727d407f64f 1588825f9e8c4aae8f2817ef02dc2382 afdbfcb94df3419fb6684e6ace270672 - - c769bb63276a405ab5dc2b9ffc22e0d7 c769bb63276a405ab5dc2b9ffc22e0d7] 10.0.0.218 "GET /v2.0/networks/9236eb47-1dad-427c-817b-a87532aa0d4e?fields=segments HTTP/1.1" status: 200 len: 212 time: 0.0863705
2026-06-24 06:38:23.999 9 INFO neutron.db.ovn_revision_numbers_db [None req-20ad2b84-2292-4992-83a3-2cdbaed6afe3 - - - - - -] Successfully bumped revision number for resource 45807c70-c8b1-4932-972a-f1a3f3067fa1 (type: ports) to 1
2026-06-24 06:38:24.109 10 INFO neutron.wsgi [req-5d6555d0-5d63-4e15-b6ce-40ff0dcdc02e req-e7f24e0f-e005-4678-8114-5bbeda8d7cbe 1588825f9e8c4aae8f2817ef02dc2382 afdbfcb94df3419fb6684e6ace270672 - - c769bb63276a405ab5dc2b9ffc22e0d7 c769bb63276a405ab5dc2b9ffc22e0d7] 10.0.0.218 "GET /v2.0/networks/9236eb47-1dad-427c-817b-a87532aa0d4e?fields=provider%3Aphysical_network&fields=provider%3Anetwork_type HTTP/1.1" status: 200 len: 277 time: 0.2299061
2026-06-24 06:38:24.159 10 INFO neutron.db.ovn_revision_numbers_db [None req-967612d1-dd8e-4678-9804-3749fa5fd998 - - - - - -] Successfully bumped revision number for resource ce61bf66-f30b-4d30-b7ca-a966da1876a4 (type: router_ports) to 3
2026-06-24 06:38:24.318 10 INFO neutron.db.ovn_revision_numbers_db [None req-967612d1-dd8e-4678-9804-3749fa5fd998 - - - - - -] Successfully bumped revision number for resource ce61bf66-f30b-4d30-b7ca-a966da1876a4 (type: ports) to 2
2026-06-24 06:38:24.594 10 INFO neutron.db.ovn_revision_numbers_db [None req-967612d1-dd8e-4678-9804-3749fa5fd998 - - - - - -] Successfully bumped revision number for resource ce61bf66-f30b-4d30-b7ca-a966da1876a4 (type: ports) to 4
2026-06-24 06:38:24.749 10 INFO neutron.wsgi [req-13856b55-ad54-40b1-8c2f-76cebc5b769c req-24d3b7f1-224e-4b38-829e-818a6e1ee1d0 9fbb9949f84748a6b492a5b6947c342e a9cde53e4b9442fe896955c2d3f6637b - - default default] 10.0.0.218 "GET /v2.0/ports?device_id=16a2a469-b37c-4a10-8004-c89c9e285928 HTTP/1.1" status: 200 len: 210 time: 0.0915511
2026-06-24 06:38:24.832 10 INFO neutron.db.ovn_revision_numbers_db [None req-967612d1-dd8e-4678-9804-3749fa5fd998 - - - - - -] Successfully bumped revision number for resource ce61bf66-f30b-4d30-b7ca-a966da1876a4 (type: router_ports) to 4
2026-06-24 06:38:24.908 9 WARNING neutron.scheduler.dhcp_agent_scheduler [None req-0f8e766e-29ed-49ea-94bb-24ab71861869 077cbf55c2ea41d68f97fa6292411a5c 44d62b779996478c833b8c35d862cc8b - - default default] No more DHCP agents
2026-06-24 06:38:24.931 9 WARNING neutron.api.rpc.agentnotifiers.dhcp_rpc_agent_api [None req-0f8e766e-29ed-49ea-94bb-24ab71861869 077cbf55c2ea41d68f97fa6292411a5c 44d62b779996478c833b8c35d862cc8b - - default default] Unable to schedule network e87cec0b-36e8-4745-8230-b4392d89f949: no agents available; will retry on subsequent port and subnet creation events.
2026-06-24 06:38:25.014 9 INFO neutron.db.ovn_revision_numbers_db [None req-f28d0ec4-ad00-43ec-9f43-76bdeef9e9a8 077cbf55c2ea41d68f97fa6292411a5c 44d62b779996478c833b8c35d862cc8b - - default default] Successfully bumped revision number for resource 7d2a27d7-87b9-41f1-90c4-ca8f43d0aeec (type: router_ports) to 1
2026-06-24 06:38:25.018 9 INFO neutron.wsgi [None req-f28d0ec4-ad00-43ec-9f43-76bdeef9e9a8 077cbf55c2ea41d68f97fa6292411a5c 44d62b779996478c833b8c35d862cc8b - - default default] 10.0.0.142 "PUT /v2.0/routers/d0eb51b7-b973-462e-bb84-d8d9bb11786c/add_router_interface HTTP/1.1" status: 200 len: 503 time: 6.7610283
2026-06-24 06:38:25.102 9 INFO neutron.db.ovn_revision_numbers_db [None req-20ad2b84-2292-4992-83a3-2cdbaed6afe3 - - - - - -] Successfully bumped revision number for resource 45807c70-c8b1-4932-972a-f1a3f3067fa1 (type: router_ports) to 3
2026-06-24 06:38:25.171 9 INFO neutron.db.ovn_revision_numbers_db [None req-f3d8063f-39b7-4965-b5e0-d3d8632ebc9d 077cbf55c2ea41d68f97fa6292411a5c 44d62b779996478c833b8c35d862cc8b - - default default] Successfully bumped revision number for resource 40194561-5d4f-45fc-a219-5d4debfb24db (type: router_ports) to 1
2026-06-24 06:38:25.173 9 INFO neutron.wsgi [None req-f3d8063f-39b7-4965-b5e0-d3d8632ebc9d 077cbf55c2ea41d68f97fa6292411a5c 44d62b779996478c833b8c35d862cc8b - - default default] 10.0.0.142 "PUT /v2.0/routers/b2da9922-a8be-4d34-a18d-e11f039a5808/add_router_interface HTTP/1.1" status: 200 len: 503 time: 6.7676818
2026-06-24 06:38:25.257 9 INFO neutron.db.ovn_revision_numbers_db [None req-0f8e766e-29ed-49ea-94bb-24ab71861869 077cbf55c2ea41d68f97fa6292411a5c 44d62b779996478c833b8c35d862cc8b - - default default] Successfully bumped revision number for resource 4ab92f23-e577-438c-8b89-16023b81de41 (type: ports) to 1
2026-06-24 06:38:25.302 9 INFO neutron.db.ovn_revision_numbers_db [None req-20ad2b84-2292-4992-83a3-2cdbaed6afe3 - - - - - -] Successfully bumped revision number for resource 45807c70-c8b1-4932-972a-f1a3f3067fa1 (type: ports) to 2
2026-06-24 06:38:25.673 9 INFO neutron.db.ovn_revision_numbers_db [None req-20ad2b84-2292-4992-83a3-2cdbaed6afe3 - - - - - -] Successfully bumped revision number for resource 45807c70-c8b1-4932-972a-f1a3f3067fa1 (type: ports) to 4
2026-06-24 06:38:25.720 10 INFO neutron.db.ovn_revision_numbers_db [req-f065bd36-8e8a-42ea-b86d-2efc1ac5b07a req-3259b2b0-bbf3-480d-9da5-4eedd90bd816 e2b59762c7bf4f4299e6d0f121204e1b d74a5ded6c394b80a199258b66883934 - - default default] Successfully bumped revision number for resource deba0cf2-c998-4ee5-8945-df21cd3fac4a (type: security_groups) to 1
2026-06-24 06:38:25.733 10 INFO neutron.db.ovn_revision_numbers_db [req-f065bd36-8e8a-42ea-b86d-2efc1ac5b07a req-3259b2b0-bbf3-480d-9da5-4eedd90bd816 e2b59762c7bf4f4299e6d0f121204e1b d74a5ded6c394b80a199258b66883934 - - default default] Successfully bumped revision number for resource 10a85d5a-29b6-4c37-bcca-c45e9e01c1f3 (type: security_group_rules) to 0
2026-06-24 06:38:25.749 10 INFO neutron.db.ovn_revision_numbers_db [req-f065bd36-8e8a-42ea-b86d-2efc1ac5b07a req-3259b2b0-bbf3-480d-9da5-4eedd90bd816 e2b59762c7bf4f4299e6d0f121204e1b d74a5ded6c394b80a199258b66883934 - - default default] Successfully bumped revision number for resource 1f9b1f99-e398-403d-9096-5a451370130c (type: security_group_rules) to 0
2026-06-24 06:38:25.769 10 INFO neutron.wsgi [req-f065bd36-8e8a-42ea-b86d-2efc1ac5b07a req-3259b2b0-bbf3-480d-9da5-4eedd90bd816 e2b59762c7bf4f4299e6d0f121204e1b d74a5ded6c394b80a199258b66883934 - - default default] 10.0.0.218 "POST /v2.0/security-groups HTTP/1.1" status: 201 len: 1823 time: 0.2793996
2026-06-24 06:38:25.940 10 INFO neutron.wsgi [req-2c38c7c0-1920-4ae6-95d6-b364f6caa9fe req-ab0304ab-3b9b-4bd9-aebd-879e64bc2881 9fbb9949f84748a6b492a5b6947c342e a9cde53e4b9442fe896955c2d3f6637b - - default default] 10.0.0.218 "GET /v2.0/ports?device_id=16a2a469-b37c-4a10-8004-c89c9e285928 HTTP/1.1" status: 200 len: 210 time: 0.0407250
2026-06-24 06:38:26.004 9 WARNING neutron.plugins.ml2.drivers.ovn.mech_driver.ovsdb.ovn_client [None req-bc1054ba-85a4-4857-9137-c16a8000b9e4 - - - - - -] No hosting information found for port 2f407892-cd97-47fb-814e-83938402414c: RuntimeError: No hosting information found for port 2f407892-cd97-47fb-814e-83938402414c
2026-06-24 06:38:26.005 9 INFO neutron.plugins.ml2.drivers.ovn.mech_driver.mech_driver [None req-bc1054ba-85a4-4857-9137-c16a8000b9e4 - - - - - -] OVN reports status up for port: 40194561-5d4f-45fc-a219-5d4debfb24db
2026-06-24 06:38:26.012 10 INFO neutron.db.ovn_revision_numbers_db [None req-40c90dfc-f441-45fb-ba42-9c1ded70cba0 1a87bf8528de422aa5394120ad3efd91 d6ab75e18f614dde9b2a2b478a0fe7bf - - default default] Successfully bumped revision number for resource 5e8fa04c-1ac8-487d-9235-657a19af5a33 (type: security_groups) to 1
2026-06-24 06:38:26.028 9 INFO neutron.plugins.ml2.plugin [None req-bc1054ba-85a4-4857-9137-c16a8000b9e4 - - - - - -] Attempt 1 to provision port 40194561-5d4f-45fc-a219-5d4debfb24db
2026-06-24 06:38:26.048 10 INFO neutron.db.ovn_revision_numbers_db [req-01a50567-da55-4101-bfc3-b38e9d369acc req-5a20835f-d864-4a64-a66e-3819fbcd0e78 e2b59762c7bf4f4299e6d0f121204e1b d74a5ded6c394b80a199258b66883934 - - default default] Successfully bumped revision number for resource ab3c46f6-cd3e-4ed4-9a28-6dfd7d83b3d2 (type: security_groups) to 1
2026-06-24 06:38:26.055 10 INFO neutron.db.ovn_revision_numbers_db [None req-40c90dfc-f441-45fb-ba42-9c1ded70cba0 1a87bf8528de422aa5394120ad3efd91 d6ab75e18f614dde9b2a2b478a0fe7bf - - default default] Successfully bumped revision number for resource 28eb0421-296f-46d5-9949-ecdf6535a284 (type: security_group_rules) to 0
2026-06-24 06:38:26.069 10 INFO neutron.db.ovn_revision_numbers_db [req-01a50567-da55-4101-bfc3-b38e9d369acc req-5a20835f-d864-4a64-a66e-3819fbcd0e78 e2b59762c7bf4f4299e6d0f121204e1b d74a5ded6c394b80a199258b66883934 - - default default] Successfully bumped revision number for resource 39bed4d1-cd0e-46ae-a9e1-622f2bd3a94c (type: security_group_rules) to 0
2026-06-24 06:38:26.078 10 INFO neutron.wsgi [req-5d6555d0-5d63-4e15-b6ce-40ff0dcdc02e req-f8cfdd32-a1c3-485c-bc7f-af71c2e14a5e 9fbb9949f84748a6b492a5b6947c342e a9cde53e4b9442fe896955c2d3f6637b - - default default] 199.204.45.210 "GET /v2.0/networks?id=9236eb47-1dad-427c-817b-a87532aa0d4e HTTP/1.1" status: 200 len: 868 time: 0.1568608
2026-06-24 06:38:26.080 10 INFO neutron.db.ovn_revision_numbers_db [None req-40c90dfc-f441-45fb-ba42-9c1ded70cba0 1a87bf8528de422aa5394120ad3efd91 d6ab75e18f614dde9b2a2b478a0fe7bf - - default default] Successfully bumped revision number for resource fa60626b-47c9-41a4-9b70-bfa4fcab2f2e (type: security_group_rules) to 0
2026-06-24 06:38:26.083 9 INFO neutron.db.ovn_revision_numbers_db [None req-0f8e766e-29ed-49ea-94bb-24ab71861869 077cbf55c2ea41d68f97fa6292411a5c 44d62b779996478c833b8c35d862cc8b - - default default] Successfully bumped revision number for resource 4ab92f23-e577-438c-8b89-16023b81de41 (type: router_ports) to 1
2026-06-24 06:38:26.097 10 INFO neutron.wsgi [None req-40c90dfc-f441-45fb-ba42-9c1ded70cba0 1a87bf8528de422aa5394120ad3efd91 d6ab75e18f614dde9b2a2b478a0fe7bf - - default default] 10.0.0.142 "POST /v2.0/security-groups HTTP/1.1" status: 201 len: 1796 time: 0.3090236
2026-06-24 06:38:26.099 10 INFO neutron.db.ovn_revision_numbers_db [req-01a50567-da55-4101-bfc3-b38e9d369acc req-5a20835f-d864-4a64-a66e-3819fbcd0e78 e2b59762c7bf4f4299e6d0f121204e1b d74a5ded6c394b80a199258b66883934 - - default default] Successfully bumped revision number for resource 47c66cf3-3ca3-43cb-b736-5a43499bf614 (type: security_group_rules) to 0
2026-06-24 06:38:26.142 10 INFO neutron.wsgi [req-01a50567-da55-4101-bfc3-b38e9d369acc req-5a20835f-d864-4a64-a66e-3819fbcd0e78 e2b59762c7bf4f4299e6d0f121204e1b d74a5ded6c394b80a199258b66883934 - - default default] 10.0.0.218 "POST /v2.0/security-groups HTTP/1.1" status: 201 len: 1821 time: 0.3430147
2026-06-24 06:38:26.202 10 INFO neutron.wsgi [req-5d6555d0-5d63-4e15-b6ce-40ff0dcdc02e req-48a251ef-94d8-4be3-9d75-c9981893a674 9fbb9949f84748a6b492a5b6947c342e a9cde53e4b9442fe896955c2d3f6637b - - default default] 199.204.45.210 "GET /v2.0/security-groups?fields=id&fields=name&tenant_id=a9cde53e4b9442fe896955c2d3f6637b HTTP/1.1" status: 200 len: 379 time: 0.0944421
2026-06-24 06:38:26.300 9 INFO neutron.db.ovn_revision_numbers_db [None req-20ad2b84-2292-4992-83a3-2cdbaed6afe3 - - - - - -] Successfully bumped revision number for resource 45807c70-c8b1-4932-972a-f1a3f3067fa1 (type: router_ports) to 4
2026-06-24 06:38:26.355 9 INFO neutron.plugins.ml2.drivers.ovn.mech_driver.ovsdb.ovsdb_monitor [None req-20ad2b84-2292-4992-83a3-2cdbaed6afe3 - - - - - -] Router b2da9922-a8be-4d34-a18d-e11f039a5808 is bound to host instance
2026-06-24 06:38:26.363 9 INFO neutron.db.ovn_revision_numbers_db [None req-0f8e766e-29ed-49ea-94bb-24ab71861869 077cbf55c2ea41d68f97fa6292411a5c 44d62b779996478c833b8c35d862cc8b - - default default] Successfully bumped revision number for resource 4ab92f23-e577-438c-8b89-16023b81de41 (type: ports) to 1
2026-06-24 06:38:26.387 10 INFO neutron.db.ovn_revision_numbers_db [req-82dda096-06f1-4a91-b866-a4b9d4f6bea9 req-963198ef-db9f-4872-9c37-de6b2e948ffc e2b59762c7bf4f4299e6d0f121204e1b d74a5ded6c394b80a199258b66883934 - - default default] Successfully bumped revision number for resource 90f15957-ffdc-4299-a8e5-b38a5e0d61e9 (type: security_groups) to 1
2026-06-24 06:38:26.388 10 INFO neutron.db.ovn_revision_numbers_db [None req-ddceeeda-f8ab-45b8-8ff3-10f8ba364f05 1a87bf8528de422aa5394120ad3efd91 d6ab75e18f614dde9b2a2b478a0fe7bf - - default default] Successfully bumped revision number for resource 4d1fa86e-eaae-4ce5-9c9f-e9108ebd92af (type: security_group_rules) to 0
2026-06-24 06:38:26.453 10 INFO neutron.db.ovn_revision_numbers_db [req-82dda096-06f1-4a91-b866-a4b9d4f6bea9 req-963198ef-db9f-4872-9c37-de6b2e948ffc e2b59762c7bf4f4299e6d0f121204e1b d74a5ded6c394b80a199258b66883934 - - default default] Successfully bumped revision number for resource 03fce502-8d15-47ae-85cd-2b52397a7585 (type: security_group_rules) to 0
2026-06-24 06:38:26.458 10 INFO neutron.wsgi [None req-ddceeeda-f8ab-45b8-8ff3-10f8ba364f05 1a87bf8528de422aa5394120ad3efd91 d6ab75e18f614dde9b2a2b478a0fe7bf - - default default] 10.0.0.142 "POST /v2.0/security-group-rules HTTP/1.1" status: 201 len: 764 time: 0.3519855
2026-06-24 06:38:26.509 10 INFO neutron.db.ovn_revision_numbers_db [req-82dda096-06f1-4a91-b866-a4b9d4f6bea9 req-963198ef-db9f-4872-9c37-de6b2e948ffc e2b59762c7bf4f4299e6d0f121204e1b d74a5ded6c394b80a199258b66883934 - - default default] Successfully bumped revision number for resource 3579ad1e-6a7c-47f0-903c-5385b2a3bec9 (type: security_group_rules) to 0
2026-06-24 06:38:26.516 9 WARNING neutron.scheduler.dhcp_agent_scheduler [None req-0f8e766e-29ed-49ea-94bb-24ab71861869 077cbf55c2ea41d68f97fa6292411a5c 44d62b779996478c833b8c35d862cc8b - - default default] No more DHCP agents
2026-06-24 06:38:26.523 9 WARNING neutron.api.rpc.agentnotifiers.dhcp_rpc_agent_api [None req-0f8e766e-29ed-49ea-94bb-24ab71861869 077cbf55c2ea41d68f97fa6292411a5c 44d62b779996478c833b8c35d862cc8b - - default default] Unable to schedule network e87cec0b-36e8-4745-8230-b4392d89f949: no agents available; will retry on subsequent port and subnet creation events.
2026-06-24 06:38:26.546 10 INFO neutron.wsgi [req-82dda096-06f1-4a91-b866-a4b9d4f6bea9 req-963198ef-db9f-4872-9c37-de6b2e948ffc e2b59762c7bf4f4299e6d0f121204e1b d74a5ded6c394b80a199258b66883934 - - default default] 10.0.0.218 "POST /v2.0/security-groups HTTP/1.1" status: 201 len: 1821 time: 0.3724356
2026-06-24 06:38:26.690 9 INFO neutron.db.ovn_revision_numbers_db [None req-bc1054ba-85a4-4857-9137-c16a8000b9e4 - - - - - -] Successfully bumped revision number for resource 40194561-5d4f-45fc-a219-5d4debfb24db (type: ports) to 2
2026-06-24 06:38:26.728 10 INFO neutron.wsgi [req-3e8ad30f-1f91-4653-a10b-bef55bc55647 req-a01dd44a-53f1-4a2b-add8-12b1017f6e5e e2b59762c7bf4f4299e6d0f121204e1b d74a5ded6c394b80a199258b66883934 - - default default] 10.0.0.218 "GET /v2.0/security-groups?tenant_id=d74a5ded6c394b80a199258b66883934 HTTP/1.1" status: 200 len: 7793 time: 0.1383841
2026-06-24 06:38:26.814 10 INFO neutron.wsgi [req-3e8ad30f-1f91-4653-a10b-bef55bc55647 req-e5cbc5f9-e757-414b-a13f-f2ec8c1f368d e2b59762c7bf4f4299e6d0f121204e1b d74a5ded6c394b80a199258b66883934 - - default default] 10.0.0.218 "GET /v2.0/security-groups/3e90d1d3-9613-488a-9b68-440620b8b7e0 HTTP/1.1" status: 200 len: 2994 time: 0.0748096 /var/lib/openstack/lib/python3.10/site-packages/pycadf/identifier.py:71: UserWarning: Invalid uuid: neutron. To ensure interoperability, identifiers should be a valid uuid. warnings.warn(('Invalid uuid: %s. To ensure interoperability, '
2026-06-24 06:38:26.833 10 INFO neutron.db.ovn_revision_numbers_db [None req-9c8feb0d-f42f-45ac-bbcc-85abc91f88e7 1a87bf8528de422aa5394120ad3efd91 d6ab75e18f614dde9b2a2b478a0fe7bf - - default default] Successfully bumped revision number for resource 9cd3b616-8647-45f4-9048-7d329bed64b8 (type: security_group_rules) to 0
2026-06-24 06:38:26.887 10 WARNING neutron.scheduler.dhcp_agent_scheduler [req-5d6555d0-5d63-4e15-b6ce-40ff0dcdc02e req-7258996b-5237-4e20-a451-e01836641cda 9fbb9949f84748a6b492a5b6947c342e a9cde53e4b9442fe896955c2d3f6637b - - default default] No more DHCP agents
2026-06-24 06:38:26.893 10 INFO neutron.wsgi [None req-9c8feb0d-f42f-45ac-bbcc-85abc91f88e7 1a87bf8528de422aa5394120ad3efd91 d6ab75e18f614dde9b2a2b478a0fe7bf - - default default] 10.0.0.142 "POST /v2.0/security-group-rules HTTP/1.1" status: 201 len: 769 time: 0.4218390
2026-06-24 06:38:26.896 10 WARNING neutron.api.rpc.agentnotifiers.dhcp_rpc_agent_api [req-5d6555d0-5d63-4e15-b6ce-40ff0dcdc02e req-7258996b-5237-4e20-a451-e01836641cda 9fbb9949f84748a6b492a5b6947c342e a9cde53e4b9442fe896955c2d3f6637b - - default default] Unable to schedule network 9236eb47-1dad-427c-817b-a87532aa0d4e: no agents available; will retry on subsequent port and subnet creation events.
2026-06-24 06:38:26.913 10 INFO neutron.wsgi [req-3e8ad30f-1f91-4653-a10b-bef55bc55647 req-b029305c-afaa-47b2-a9eb-bfc1dcc120a6 e2b59762c7bf4f4299e6d0f121204e1b d74a5ded6c394b80a199258b66883934 - - default default] 10.0.0.218 "GET /v2.0/security-groups/3e90d1d3-9613-488a-9b68-440620b8b7e0 HTTP/1.1" status: 200 len: 2994 time: 0.0887573 /var/lib/openstack/lib/python3.10/site-packages/pycadf/identifier.py:71: UserWarning: Invalid uuid: neutron. To ensure interoperability, identifiers should be a valid uuid. warnings.warn(('Invalid uuid: %s. To ensure interoperability, '
2026-06-24 06:38:27.001 10 INFO neutron.wsgi [req-a2b12ba1-b3bd-41e0-9500-2c93801e8351 req-c002fabb-ca8d-448c-b7c6-a8d73aad93a7 e2b59762c7bf4f4299e6d0f121204e1b d74a5ded6c394b80a199258b66883934 - - default default] 10.0.0.218 "GET /v2.0/security-groups/deba0cf2-c998-4ee5-8945-df21cd3fac4a HTTP/1.1" status: 200 len: 1818 time: 0.0548553
2026-06-24 06:38:27.030 9 INFO neutron.db.ovn_revision_numbers_db [None req-bc1054ba-85a4-4857-9137-c16a8000b9e4 - - - - - -] Successfully bumped revision number for resource 40194561-5d4f-45fc-a219-5d4debfb24db (type: router_ports) to 2
2026-06-24 06:38:27.370 10 INFO neutron.wsgi [req-f94eae20-5fb4-4555-bf2a-dada9c1607c7 req-998bb943-0076-4912-93f8-fabdd37170a3 9fbb9949f84748a6b492a5b6947c342e a9cde53e4b9442fe896955c2d3f6637b - - default default] 10.0.0.218 "GET /v2.0/ports?device_id=16a2a469-b37c-4a10-8004-c89c9e285928 HTTP/1.1" status: 200 len: 1160 time: 0.0891323
2026-06-24 06:38:27.398 10 INFO neutron.db.ovn_revision_numbers_db [req-5d6555d0-5d63-4e15-b6ce-40ff0dcdc02e req-7258996b-5237-4e20-a451-e01836641cda 9fbb9949f84748a6b492a5b6947c342e a9cde53e4b9442fe896955c2d3f6637b - - default default] Successfully bumped revision number for resource 75524144-99b2-4653-8dc7-1186392f5fc7 (type: ports) to 1
2026-06-24 06:38:27.428 9 INFO neutron.db.ovn_revision_numbers_db [None req-20ad2b84-2292-4992-83a3-2cdbaed6afe3 - - - - - -] Successfully bumped revision number for resource 6f9485d5-ceea-49e9-8ed6-0ab7084b4929 (type: ports) to 1
2026-06-24 06:38:27.457 10 INFO neutron.wsgi [req-5d6555d0-5d63-4e15-b6ce-40ff0dcdc02e req-7258996b-5237-4e20-a451-e01836641cda 9fbb9949f84748a6b492a5b6947c342e a9cde53e4b9442fe896955c2d3f6637b - - default default] 199.204.45.210 "POST /v2.0/ports HTTP/1.1" status: 201 len: 1162 time: 1.2471995
2026-06-24 06:38:27.463 10 INFO neutron.wsgi [req-f94eae20-5fb4-4555-bf2a-dada9c1607c7 req-94917873-e1a6-4a6b-a8b5-01336ca5bcdd 9fbb9949f84748a6b492a5b6947c342e a9cde53e4b9442fe896955c2d3f6637b - - default default] 10.0.0.218 "GET /v2.0/security-groups?id=6795f2bb-432e-4f75-8248-a4f106317b99&fields=id&fields=name HTTP/1.1" status: 200 len: 312 time: 0.0799215
2026-06-24 06:38:27.471 10 INFO neutron.wsgi [req-5d6555d0-5d63-4e15-b6ce-40ff0dcdc02e req-5013c975-db71-46ac-a854-f1ab87cada1f 9fbb9949f84748a6b492a5b6947c342e a9cde53e4b9442fe896955c2d3f6637b - - default default] 199.204.45.210 "GET /v2.0/extensions HTTP/1.1" status: 200 len: 16525 time: 0.0067627
2026-06-24 06:38:27.489 10 INFO neutron.wsgi [req-a2b12ba1-b3bd-41e0-9500-2c93801e8351 req-13e28650-9f43-4c14-90c2-af015ac1d4bb e2b59762c7bf4f4299e6d0f121204e1b d74a5ded6c394b80a199258b66883934 - - default default] 10.0.0.218 "DELETE /v2.0/security-groups/deba0cf2-c998-4ee5-8945-df21cd3fac4a HTTP/1.1" status: 204 len: 173 time: 0.4745383
2026-06-24 06:38:27.541 10 INFO neutron.api.v2.resource [req-14571d54-c06a-4161-9d00-832b88e199fa req-2a49f766-d7cc-46e0-8524-a1f1f99b116a e2b59762c7bf4f4299e6d0f121204e1b d74a5ded6c394b80a199258b66883934 - - default default] show failed (client error): The resource could not be found.
2026-06-24 06:38:27.543 10 INFO neutron.wsgi [req-14571d54-c06a-4161-9d00-832b88e199fa req-2a49f766-d7cc-46e0-8524-a1f1f99b116a e2b59762c7bf4f4299e6d0f121204e1b d74a5ded6c394b80a199258b66883934 - - default default] 10.0.0.218 "GET /v2.0/security-groups/deba0cf2-c998-4ee5-8945-df21cd3fac4a HTTP/1.1" status: 404 len: 352 time: 0.0258229
2026-06-24 06:38:27.584 10 WARNING neutron.scheduler.dhcp_agent_scheduler [None req-e404a3f1-42cd-4b94-acec-ae4735d6a593 1a87bf8528de422aa5394120ad3efd91 d6ab75e18f614dde9b2a2b478a0fe7bf - - default default] No more DHCP agents
2026-06-24 06:38:27.593 10 WARNING neutron.api.rpc.agentnotifiers.dhcp_rpc_agent_api [None req-e404a3f1-42cd-4b94-acec-ae4735d6a593 1a87bf8528de422aa5394120ad3efd91 d6ab75e18f614dde9b2a2b478a0fe7bf - - default default] Unable to schedule network 3d27b758-749b-458b-89d4-e7c82ab7ebb9: no agents available; will retry on subsequent port and subnet creation events.
2026-06-24 06:38:27.638 10 INFO neutron.wsgi [req-25551ad6-632b-4a15-a343-4d3428a669db req-2155e02f-9120-417e-a221-ebfaacc28a41 e2b59762c7bf4f4299e6d0f121204e1b d74a5ded6c394b80a199258b66883934 - - default default] 10.0.0.218 "GET /v2.0/security-groups/ab3c46f6-cd3e-4ed4-9a28-6dfd7d83b3d2 HTTP/1.1" status: 200 len: 1816 time: 0.0600464
2026-06-24 06:38:27.862 10 INFO neutron.plugins.ml2.drivers.ovn.mech_driver.mech_driver [None req-82b03573-d123-4689-a836-64c806e4d42f - - - - - -] OVN reports status up for port: 7d2a27d7-87b9-41f1-90c4-ca8f43d0aeec
2026-06-24 06:38:27.888 10 INFO neutron.plugins.ml2.plugin [None req-82b03573-d123-4689-a836-64c806e4d42f - - - - - -] Attempt 1 to provision port 7d2a27d7-87b9-41f1-90c4-ca8f43d0aeec
2026-06-24 06:38:28.091 10 INFO neutron.db.ovn_revision_numbers_db [None req-e404a3f1-42cd-4b94-acec-ae4735d6a593 1a87bf8528de422aa5394120ad3efd91 d6ab75e18f614dde9b2a2b478a0fe7bf - - default default] Successfully bumped revision number for resource 0e4eab44-4a4a-4f75-a131-409fb8f6256e (type: floatingips) to 0
2026-06-24 06:38:28.099 10 INFO neutron.wsgi [req-25551ad6-632b-4a15-a343-4d3428a669db req-28173839-9238-482f-85d7-0b9eb25f14d6 e2b59762c7bf4f4299e6d0f121204e1b d74a5ded6c394b80a199258b66883934 - - default default] 10.0.0.218 "DELETE /v2.0/security-groups/ab3c46f6-cd3e-4ed4-9a28-6dfd7d83b3d2 HTTP/1.1" status: 204 len: 173 time: 0.3080616
2026-06-24 06:38:28.124 9 INFO neutron.db.ovn_revision_numbers_db [None req-0f8e766e-29ed-49ea-94bb-24ab71861869 077cbf55c2ea41d68f97fa6292411a5c 44d62b779996478c833b8c35d862cc8b - - default default] Successfully bumped revision number for resource 4ab92f23-e577-438c-8b89-16023b81de41 (type: router_ports) to 1
