2026-06-24 06:39:33.681 9 INFO neutron.plugins.ml2.plugin [None req-bc1054ba-85a4-4857-9137-c16a8000b9e4 - - - - - -] Attempt 1 to provision port f37fc0f0-d12b-43bb-b705-25c97710261f
2026-06-24 06:39:33.831 10 INFO neutron.wsgi [None req-435e3fc9-ece7-4751-8cc2-4bf504f320c1 077cbf55c2ea41d68f97fa6292411a5c 44d62b779996478c833b8c35d862cc8b - - default default] 10.0.0.142 "GET /v2.0/security-groups?tenant_id=bc0f8382126f4cf0b38ec7c0545423db&name=default HTTP/1.1" status: 200 len: 2996 time: 0.2417145
2026-06-24 06:39:33.967 9 INFO neutron.db.ovn_revision_numbers_db [None req-bc1054ba-85a4-4857-9137-c16a8000b9e4 - - - - - -] Successfully bumped revision number for resource f37fc0f0-d12b-43bb-b705-25c97710261f (type: ports) to 2
2026-06-24 06:39:34.091 10 INFO neutron.wsgi [None req-a2269a86-19d3-4b18-9b3f-c0dad4b302c3 077cbf55c2ea41d68f97fa6292411a5c 44d62b779996478c833b8c35d862cc8b - - default default] 10.0.0.142 "DELETE /v2.0/security-groups/c00b79bf-27bb-4791-938c-e76df0e672e7 HTTP/1.1" status: 204 len: 168 time: 0.2465162
2026-06-24 06:39:34.103 9 INFO neutron.db.ovn_revision_numbers_db [None req-bc1054ba-85a4-4857-9137-c16a8000b9e4 - - - - - -] Successfully bumped revision number for resource f37fc0f0-d12b-43bb-b705-25c97710261f (type: router_ports) to 2
2026-06-24 06:39:34.260 9 INFO neutron.notifiers.nova [-] Nova event matching ['req-cc78e1b0-8ea9-4ca4-920b-e847b0028d99'] response: {'server_uuid': '40feffe8-9abc-4e22-aad2-a0339a90de64', 'name': 'network-vif-plugged', 'status': 'completed', 'tag': 'c07acb81-a306-4544-9233-10c8ed65e4ce', 'code': 200}
2026-06-24 06:39:34.261 9 INFO neutron.notifiers.nova [-] Nova event matching ['req-cc78e1b0-8ea9-4ca4-920b-e847b0028d99'] response: {'server_uuid': '40feffe8-9abc-4e22-aad2-a0339a90de64', 'name': 'network-vif-plugged', 'status': 'completed', 'tag': 'c07acb81-a306-4544-9233-10c8ed65e4ce', 'code': 200}
2026-06-24 06:39:34.261 9 INFO neutron.notifiers.nova [-] Nova event matching ['req-cc78e1b0-8ea9-4ca4-920b-e847b0028d99'] response: {'server_uuid': '40feffe8-9abc-4e22-aad2-a0339a90de64', 'name': 'network-vif-plugged', 'status': 'completed', 'tag': 'c07acb81-a306-4544-9233-10c8ed65e4ce', 'code': 200}
2026-06-24 06:39:34.261 9 INFO neutron.notifiers.nova [-] Nova event matching ['req-cc78e1b0-8ea9-4ca4-920b-e847b0028d99'] response: {'server_uuid': '28d1e308-b3a3-4aa5-80c1-02eba044b267', 'name': 'network-vif-plugged', 'status': 'completed', 'tag': '2433bc6c-2008-4693-acdc-a96a86860195', 'code': 200}
2026-06-24 06:39:34.261 9 INFO neutron.notifiers.nova [-] Nova event matching ['req-cc78e1b0-8ea9-4ca4-920b-e847b0028d99'] response: {'server_uuid': '28d1e308-b3a3-4aa5-80c1-02eba044b267', 'name': 'network-vif-plugged', 'status': 'completed', 'tag': '2433bc6c-2008-4693-acdc-a96a86860195', 'code': 200}
2026-06-24 06:39:34.560 10 INFO neutron.wsgi [None req-d42fc1a9-1fc9-4f8f-a563-d9b3ae7962c9 2d8f02d8092d4593885af1944cbab2f8 313b6a5de6514d01bb117195fe3c01a2 - - default default] 10.0.0.142 "GET /v2.0/ports/f37fc0f0-d12b-43bb-b705-25c97710261f HTTP/1.1" status: 200 len: 1141 time: 0.0551126
2026-06-24 06:39:34.879 10 INFO neutron.wsgi [req-08559928-2b90-465c-8f1c-ea266e1bcb54 req-ac794293-7b95-42af-b8ea-730b1f9de208 3de217e8c79e41c18fb2e9d915424a58 14c0ed384a9f470bbea5eee25cf92721 - - default default] 10.0.0.218 "GET /v2.0/ports?device_id=28d1e308-b3a3-4aa5-80c1-02eba044b267 HTTP/1.1" status: 200 len: 1170 time: 0.1422908
2026-06-24 06:39:34.962 10 INFO neutron.wsgi [req-08559928-2b90-465c-8f1c-ea266e1bcb54 req-598a925b-78dd-4743-957a-6fc979b9e932 3de217e8c79e41c18fb2e9d915424a58 14c0ed384a9f470bbea5eee25cf92721 - - default default] 10.0.0.218 "GET /v2.0/security-groups?id=37c64f0e-b1d7-4f11-ace3-52cf0038f185&fields=id&fields=name HTTP/1.1" status: 200 len: 313 time: 0.0760634
2026-06-24 06:39:35.101 10 INFO neutron.wsgi [req-28a07f5a-7573-4858-99c3-0e398f90b1f4 req-739ee2e3-e93c-4c0d-b39c-316b8b570df9 3de217e8c79e41c18fb2e9d915424a58 14c0ed384a9f470bbea5eee25cf92721 - - default default] 10.0.0.218 "GET /v2.0/ports?device_id=28d1e308-b3a3-4aa5-80c1-02eba044b267 HTTP/1.1" status: 200 len: 1170 time: 0.0629883 /var/lib/openstack/lib/python3.10/site-packages/pycadf/identifier.py:71: UserWarning: Invalid uuid: neutron. To ensure interoperability, identifiers should be a valid uuid. warnings.warn(('Invalid uuid: %s. To ensure interoperability, '
2026-06-24 06:39:35.387 9 INFO neutron.db.l3_db [None req-31acbe67-065b-4183-bbd1-e492a2d962aa 3de217e8c79e41c18fb2e9d915424a58 14c0ed384a9f470bbea5eee25cf92721 - - default default] Floating IP 8d0ef196-f250-47e6-85ad-683a73959ba5 associated. External IP: 10.96.250.216, port: 2433bc6c-2008-4693-acdc-a96a86860195.
2026-06-24 06:39:35.420 10 INFO neutron.wsgi [None req-f7cf2935-871d-4321-a7d9-a76bcfc76d2b 2d8f02d8092d4593885af1944cbab2f8 313b6a5de6514d01bb117195fe3c01a2 - - default default] 10.0.0.142 "PUT /v2.0/routers/66250e47-bce0-42ff-b6ac-6b10c5d096e0/remove_router_interface HTTP/1.1" status: 200 len: 503 time: 0.8504789 /var/lib/openstack/lib/python3.10/site-packages/pycadf/identifier.py:71: UserWarning: Invalid uuid: neutron. To ensure interoperability, identifiers should be a valid uuid. warnings.warn(('Invalid uuid: %s. To ensure interoperability, '
2026-06-24 06:39:35.453 10 INFO neutron.wsgi [None req-a002ffe2-34f6-45ba-b500-371f842d3861 2d8f02d8092d4593885af1944cbab2f8 313b6a5de6514d01bb117195fe3c01a2 - - default default] 10.0.0.142 "GET /v2.0/ports?device_id=66250e47-bce0-42ff-b6ac-6b10c5d096e0 HTTP/1.1" status: 200 len: 205 time: 0.0273929
2026-06-24 06:39:35.588 9 INFO neutron.db.ovn_revision_numbers_db [None req-31acbe67-065b-4183-bbd1-e492a2d962aa 3de217e8c79e41c18fb2e9d915424a58 14c0ed384a9f470bbea5eee25cf92721 - - default default] Successfully bumped revision number for resource 8d0ef196-f250-47e6-85ad-683a73959ba5 (type: floatingips) to 1
2026-06-24 06:39:35.738 10 INFO neutron.wsgi [None req-7f91d507-f3e1-43b4-acfb-876466d4b1b0 2d8f02d8092d4593885af1944cbab2f8 313b6a5de6514d01bb117195fe3c01a2 - - default default] 10.0.0.142 "DELETE /v2.0/routers/66250e47-bce0-42ff-b6ac-6b10c5d096e0 HTTP/1.1" status: 204 len: 168 time: 0.2802908
2026-06-24 06:39:35.751 9 INFO neutron.db.ovn_revision_numbers_db [None req-31acbe67-065b-4183-bbd1-e492a2d962aa 3de217e8c79e41c18fb2e9d915424a58 14c0ed384a9f470bbea5eee25cf92721 - - default default] Successfully bumped revision number for resource 8d0ef196-f250-47e6-85ad-683a73959ba5 (type: floatingips) to 2
2026-06-24 06:39:35.785 9 INFO neutron.wsgi [None req-31acbe67-065b-4183-bbd1-e492a2d962aa 3de217e8c79e41c18fb2e9d915424a58 14c0ed384a9f470bbea5eee25cf92721 - - default default] 10.0.0.142 "PUT /v2.0/floatingips/8d0ef196-f250-47e6-85ad-683a73959ba5 HTTP/1.1" status: 200 len: 1049 time: 0.6696596 /var/lib/openstack/lib/python3.10/site-packages/pycadf/identifier.py:71: UserWarning: Invalid uuid: neutron. To ensure interoperability, identifiers should be a valid uuid. warnings.warn(('Invalid uuid: %s. To ensure interoperability, '
2026-06-24 06:39:35.881 10 INFO neutron.wsgi [req-2c379c0d-e051-4943-b7a7-fb6224280e3b req-7b6e5ad4-621a-469e-a1bc-240e3262e9e7 3de217e8c79e41c18fb2e9d915424a58 14c0ed384a9f470bbea5eee25cf92721 - - default default] 10.0.0.218 "GET /v2.0/ports?device_id=28d1e308-b3a3-4aa5-80c1-02eba044b267 HTTP/1.1" status: 200 len: 1170 time: 0.0503025
2026-06-24 06:39:35.945 10 INFO neutron.wsgi [req-2c379c0d-e051-4943-b7a7-fb6224280e3b req-79fe9f25-2ab1-4804-a577-c5cbf5c6973d 3de217e8c79e41c18fb2e9d915424a58 14c0ed384a9f470bbea5eee25cf92721 - - default default] 10.0.0.218 "GET /v2.0/security-groups?id=37c64f0e-b1d7-4f11-ace3-52cf0038f185&fields=id&fields=name HTTP/1.1" status: 200 len: 313 time: 0.0559707
2026-06-24 06:39:35.948 9 INFO neutron.wsgi [None req-e3544ff0-95c1-4ef5-a066-a1f28a25d867 2d8f02d8092d4593885af1944cbab2f8 313b6a5de6514d01bb117195fe3c01a2 - - default default] 10.0.0.142 "DELETE /v2.0/subnets/0f95b0dc-0816-4bde-bacb-13ddba0c6a6f HTTP/1.1" status: 204 len: 168 time: 0.2051754
2026-06-24 06:39:36.243 10 INFO neutron.wsgi [req-6ee628c2-1a25-4913-be48-7369af2b791d req-7868022e-c581-4adf-899b-65f7584c5f74 3de217e8c79e41c18fb2e9d915424a58 14c0ed384a9f470bbea5eee25cf92721 - - default default] 10.0.0.218 "GET /v2.0/ports?device_id=28d1e308-b3a3-4aa5-80c1-02eba044b267 HTTP/1.1" status: 200 len: 1170 time: 0.0471735
2026-06-24 06:39:36.287 10 INFO neutron.wsgi [req-6ee628c2-1a25-4913-be48-7369af2b791d req-bd828f62-a3c1-449f-a9bd-681f1157ea61 3de217e8c79e41c18fb2e9d915424a58 14c0ed384a9f470bbea5eee25cf92721 - - default default] 10.0.0.218 "GET /v2.0/security-groups?id=37c64f0e-b1d7-4f11-ace3-52cf0038f185&fields=id&fields=name HTTP/1.1" status: 200 len: 313 time: 0.0388865
2026-06-24 06:39:36.315 9 INFO neutron.notifiers.nova [-] Nova event matching ['req-15b20c16-f714-47c2-8408-1d02ccc28e3c'] response: {'name': 'network-changed', 'server_uuid': '28d1e308-b3a3-4aa5-80c1-02eba044b267', 'tag': '2433bc6c-2008-4693-acdc-a96a86860195', 'status': 'completed', 'code': 200}
2026-06-24 06:39:36.403 9 INFO neutron.wsgi [req-10d62a68-c527-441e-ac33-46380c4c4cef req-870c37e9-f9a0-48ca-b922-6c7474dca646 1588825f9e8c4aae8f2817ef02dc2382 afdbfcb94df3419fb6684e6ace270672 - - c769bb63276a405ab5dc2b9ffc22e0d7 c769bb63276a405ab5dc2b9ffc22e0d7] 199.204.45.210 "GET /v2.0/ports?tenant_id=14c0ed384a9f470bbea5eee25cf92721&device_id=28d1e308-b3a3-4aa5-80c1-02eba044b267 HTTP/1.1" status: 200 len: 1409 time: 0.0707943
2026-06-24 06:39:36.411 9 INFO neutron.services.segments.plugin [-] Segment dffe07d9-be6b-47c5-9b63-ce424af2fd0b resource provider aggregate not found
2026-06-24 06:39:36.420 9 INFO neutron.services.segments.plugin [-] Segment dffe07d9-be6b-47c5-9b63-ce424af2fd0b resource provider aggregate not found
2026-06-24 06:39:36.434 9 INFO neutron.services.segments.plugin [-] Segment dffe07d9-be6b-47c5-9b63-ce424af2fd0b resource provider not found; error: Placement Client Error (4xx): {"errors": [{"status": 404, "title": "Not Found", "detail": "The resource could not be found.\n\n No resource provider with uuid dffe07d9-be6b-47c5-9b63-ce424af2fd0b found for delete ", "request_id": "req-a28c351d-f964-440f-b935-67eaed3fe253"}]}
2026-06-24 06:39:36.442 9 INFO neutron.services.segments.plugin [-] Segment dffe07d9-be6b-47c5-9b63-ce424af2fd0b resource provider not found; error: Placement Client Error (4xx): {"errors": [{"status": 404, "title": "Not Found", "detail": "The resource could not be found.\n\n No resource provider with uuid dffe07d9-be6b-47c5-9b63-ce424af2fd0b found for delete ", "request_id": "req-4921ae2e-2975-4d8c-821a-f966fa82bf13"}]}
2026-06-24 06:39:36.478 9 INFO neutron.wsgi [None req-30e93ddb-4fc2-4745-a9f9-fde4a3a30d31 2d8f02d8092d4593885af1944cbab2f8 313b6a5de6514d01bb117195fe3c01a2 - - default default] 10.0.0.142 "DELETE /v2.0/networks/516f49cd-bfd3-4355-b603-7e189053ced6 HTTP/1.1" status: 204 len: 168 time: 0.5236261
2026-06-24 06:39:36.491 9 INFO neutron.wsgi [req-10d62a68-c527-441e-ac33-46380c4c4cef req-321dc879-1f11-4194-8e0c-dcd04fe39a10 1588825f9e8c4aae8f2817ef02dc2382 afdbfcb94df3419fb6684e6ace270672 - - c769bb63276a405ab5dc2b9ffc22e0d7 c769bb63276a405ab5dc2b9ffc22e0d7] 199.204.45.210 "GET /v2.0/networks?id=9ff3f6e0-6c7c-490a-946d-cf7dea3c1ca2 HTTP/1.1" status: 200 len: 974 time: 0.0745559
2026-06-24 06:39:36.534 10 INFO neutron.db.ovn_revision_numbers_db [None req-ab843be4-29dc-4d4c-b5ac-08bc6570420c 82d2bbbfcbeb4bf2bbb1889f119c4094 b7b6c1af295449da8d3610ae95a2ca07 - - default default] Successfully bumped revision number for resource 5e075b4a-1668-4d55-a933-988a08fe0e4d (type: security_groups) to 1
2026-06-24 06:39:36.547 10 INFO neutron.db.ovn_revision_numbers_db [None req-ab843be4-29dc-4d4c-b5ac-08bc6570420c 82d2bbbfcbeb4bf2bbb1889f119c4094 b7b6c1af295449da8d3610ae95a2ca07 - - default default] Successfully bumped revision number for resource 4a261cd8-b70c-4293-ab65-05ccd6bacb40 (type: security_group_rules) to 0
2026-06-24 06:39:36.552 9 INFO neutron.wsgi [req-10d62a68-c527-441e-ac33-46380c4c4cef req-d69e97bf-39ab-4549-b691-90f7f9df0699 1588825f9e8c4aae8f2817ef02dc2382 afdbfcb94df3419fb6684e6ace270672 - - c769bb63276a405ab5dc2b9ffc22e0d7 c769bb63276a405ab5dc2b9ffc22e0d7] 199.204.45.210 "GET /v2.0/floatingips?fixed_ip_address=10.100.0.5&port_id=2433bc6c-2008-4693-acdc-a96a86860195 HTTP/1.1" status: 200 len: 1059 time: 0.0529678
2026-06-24 06:39:36.567 10 INFO neutron.db.ovn_revision_numbers_db [None req-ab843be4-29dc-4d4c-b5ac-08bc6570420c 82d2bbbfcbeb4bf2bbb1889f119c4094 b7b6c1af295449da8d3610ae95a2ca07 - - default default] Successfully bumped revision number for resource 9054dcaf-79ee-4ad7-89f6-b03b2d594528 (type: security_group_rules) to 0
2026-06-24 06:39:36.590 10 INFO neutron.db.ovn_revision_numbers_db [None req-ab843be4-29dc-4d4c-b5ac-08bc6570420c 82d2bbbfcbeb4bf2bbb1889f119c4094 b7b6c1af295449da8d3610ae95a2ca07 - - default default] Successfully bumped revision number for resource 9c1ff599-3264-4ff3-a611-2b3520288cec (type: security_group_rules) to 0
2026-06-24 06:39:36.610 10 INFO neutron.db.ovn_revision_numbers_db [None req-ab843be4-29dc-4d4c-b5ac-08bc6570420c 82d2bbbfcbeb4bf2bbb1889f119c4094 b7b6c1af295449da8d3610ae95a2ca07 - - default default] Successfully bumped revision number for resource adeb751f-ed1a-470f-93b0-15a4d1cb4aa1 (type: security_group_rules) to 0
2026-06-24 06:39:36.625 9 INFO neutron.wsgi [req-10d62a68-c527-441e-ac33-46380c4c4cef req-e2ae7c8a-4b2b-4d45-b7c4-9c78a189beed 1588825f9e8c4aae8f2817ef02dc2382 afdbfcb94df3419fb6684e6ace270672 - - c769bb63276a405ab5dc2b9ffc22e0d7 c769bb63276a405ab5dc2b9ffc22e0d7] 199.204.45.210 "GET /v2.0/subnets?id=0cea786c-911e-4554-b89c-62fd771da0ef HTTP/1.1" status: 200 len: 869 time: 0.0645154
2026-06-24 06:39:36.666 10 INFO neutron.db.segments_db [None req-ab843be4-29dc-4d4c-b5ac-08bc6570420c 82d2bbbfcbeb4bf2bbb1889f119c4094 b7b6c1af295449da8d3610ae95a2ca07 - - default default] Added segment c34b705a-abfd-4125-9a30-24c27e662557 of type geneve for network 0368bbe2-f101-42ce-ae4a-38a6d565f420
2026-06-24 06:39:36.675 9 INFO neutron.wsgi [req-10d62a68-c527-441e-ac33-46380c4c4cef req-8ddfc8fd-eaeb-48d4-b2a8-5939b4ff5598 1588825f9e8c4aae8f2817ef02dc2382 afdbfcb94df3419fb6684e6ace270672 - - c769bb63276a405ab5dc2b9ffc22e0d7 c769bb63276a405ab5dc2b9ffc22e0d7] 199.204.45.210 "GET /v2.0/ports?network_id=9ff3f6e0-6c7c-490a-946d-cf7dea3c1ca2&device_owner=network%3Adhcp HTTP/1.1" status: 200 len: 210 time: 0.0366290
2026-06-24 06:39:36.716 9 INFO neutron.wsgi [req-b5022c29-1ae5-4421-8f0e-bcf302f3e2e6 req-71f24162-38b0-4e3d-8696-afada27da6f2 3de217e8c79e41c18fb2e9d915424a58 14c0ed384a9f470bbea5eee25cf92721 - - default default] 199.204.45.210 "GET /v2.0/ports?device_id=28d1e308-b3a3-4aa5-80c1-02eba044b267 HTTP/1.1" status: 200 len: 1170 time: 0.1798010
2026-06-24 06:39:36.825 9 INFO neutron.wsgi [req-10d62a68-c527-441e-ac33-46380c4c4cef req-be674dad-3fd3-44ee-932e-985167a6810a 1588825f9e8c4aae8f2817ef02dc2382 afdbfcb94df3419fb6684e6ace270672 - - c769bb63276a405ab5dc2b9ffc22e0d7 c769bb63276a405ab5dc2b9ffc22e0d7] 199.204.45.210 "GET /v2.0/networks/9ff3f6e0-6c7c-490a-946d-cf7dea3c1ca2?fields=segments HTTP/1.1" status: 200 len: 212 time: 0.1347771
2026-06-24 06:39:36.848 10 INFO neutron.db.ovn_revision_numbers_db [None req-ab843be4-29dc-4d4c-b5ac-08bc6570420c 82d2bbbfcbeb4bf2bbb1889f119c4094 b7b6c1af295449da8d3610ae95a2ca07 - - default default] Successfully bumped revision number for resource 0368bbe2-f101-42ce-ae4a-38a6d565f420 (type: networks) to 1
2026-06-24 06:39:36.953 9 INFO neutron.wsgi [req-10d62a68-c527-441e-ac33-46380c4c4cef req-15ecbd92-1f20-44b4-98ba-3d0b0d3b13c5 1588825f9e8c4aae8f2817ef02dc2382 afdbfcb94df3419fb6684e6ace270672 - - c769bb63276a405ab5dc2b9ffc22e0d7 c769bb63276a405ab5dc2b9ffc22e0d7] 199.204.45.210 "GET /v2.0/networks/9ff3f6e0-6c7c-490a-946d-cf7dea3c1ca2?fields=provider%3Aphysical_network&fields=provider%3Anetwork_type HTTP/1.1" status: 200 len: 277 time: 0.1188896
2026-06-24 06:39:37.038 10 WARNING neutron.scheduler.dhcp_agent_scheduler [None req-ab843be4-29dc-4d4c-b5ac-08bc6570420c 82d2bbbfcbeb4bf2bbb1889f119c4094 b7b6c1af295449da8d3610ae95a2ca07 - - default default] No more DHCP agents
2026-06-24 06:39:37.041 10 WARNING neutron.api.rpc.agentnotifiers.dhcp_rpc_agent_api [None req-ab843be4-29dc-4d4c-b5ac-08bc6570420c 82d2bbbfcbeb4bf2bbb1889f119c4094 b7b6c1af295449da8d3610ae95a2ca07 - - default default] Unable to schedule network 0368bbe2-f101-42ce-ae4a-38a6d565f420: no agents available; will retry on subsequent port and subnet creation events.
2026-06-24 06:39:37.142 10 INFO neutron.db.ovn_revision_numbers_db [None req-ab843be4-29dc-4d4c-b5ac-08bc6570420c 82d2bbbfcbeb4bf2bbb1889f119c4094 b7b6c1af295449da8d3610ae95a2ca07 - - default default] Successfully bumped revision number for resource 4062aa64-c98e-4659-bbaa-45182dd0abe6 (type: ports) to 1
2026-06-24 06:39:37.168 10 INFO neutron.wsgi [None req-ab843be4-29dc-4d4c-b5ac-08bc6570420c 82d2bbbfcbeb4bf2bbb1889f119c4094 b7b6c1af295449da8d3610ae95a2ca07 - - default default] 10.0.0.142 "POST /v2.0/networks HTTP/1.1" status: 201 len: 829 time: 1.0517597
2026-06-24 06:39:37.168 9 INFO neutron.db.l3_db [req-b5022c29-1ae5-4421-8f0e-bcf302f3e2e6 req-323ee432-0f21-41b9-8ed2-e4409a2555ff 3de217e8c79e41c18fb2e9d915424a58 14c0ed384a9f470bbea5eee25cf92721 - - default default] Floating IP 8d0ef196-f250-47e6-85ad-683a73959ba5 disassociated. External IP: 10.96.250.216, port: 2433bc6c-2008-4693-acdc-a96a86860195.
2026-06-24 06:39:37.273 9 WARNING neutron.scheduler.dhcp_agent_scheduler [None req-1db87c5e-4c8e-490f-acf1-cc0b3804d4c5 2d8f02d8092d4593885af1944cbab2f8 313b6a5de6514d01bb117195fe3c01a2 - - default default] No more DHCP agents
2026-06-24 06:39:37.280 9 WARNING neutron.api.rpc.agentnotifiers.dhcp_rpc_agent_api [None req-1db87c5e-4c8e-490f-acf1-cc0b3804d4c5 2d8f02d8092d4593885af1944cbab2f8 313b6a5de6514d01bb117195fe3c01a2 - - default default] Unable to schedule network 3d27b758-749b-458b-89d4-e7c82ab7ebb9: no agents available; will retry on subsequent port and subnet creation events.
2026-06-24 06:39:37.332 9 INFO neutron.db.segments_db [None req-0f1b5d6d-df30-46e4-a523-caba1d6eba61 82d2bbbfcbeb4bf2bbb1889f119c4094 b7b6c1af295449da8d3610ae95a2ca07 - - default default] Added segment 3f1da6ab-0f8d-441b-a89c-b394a5da00b5 of type geneve for network a04c4130-7342-417a-a64b-2120001eb55f /var/lib/openstack/lib/python3.10/site-packages/pycadf/identifier.py:71: UserWarning: Invalid uuid: neutron. To ensure interoperability, identifiers should be a valid uuid. warnings.warn(('Invalid uuid: %s. To ensure interoperability, '
2026-06-24 06:39:37.400 10 INFO neutron.wsgi [req-2a4c80b6-74df-46c9-ad7a-2397e3207f7b req-8cabcf26-e5d4-4229-98cf-8ddd456f306f 3de217e8c79e41c18fb2e9d915424a58 14c0ed384a9f470bbea5eee25cf92721 - - default default] 10.0.0.218 "GET /v2.0/ports?device_id=28d1e308-b3a3-4aa5-80c1-02eba044b267 HTTP/1.1" status: 200 len: 210 time: 0.0352712
2026-06-24 06:39:37.440 9 INFO neutron.wsgi [req-b5022c29-1ae5-4421-8f0e-bcf302f3e2e6 req-323ee432-0f21-41b9-8ed2-e4409a2555ff 3de217e8c79e41c18fb2e9d915424a58 14c0ed384a9f470bbea5eee25cf92721 - - default default] 199.204.45.210 "DELETE /v2.0/ports/2433bc6c-2008-4693-acdc-a96a86860195 HTTP/1.1" status: 204 len: 173 time: 0.7110536
2026-06-24 06:39:37.524 9 INFO neutron.db.ovn_revision_numbers_db [None req-1db87c5e-4c8e-490f-acf1-cc0b3804d4c5 2d8f02d8092d4593885af1944cbab2f8 313b6a5de6514d01bb117195fe3c01a2 - - default default] Successfully bumped revision number for resource d71c39d9-e2ce-4a48-9f70-537e05e95cb2 (type: ports) to 1
2026-06-24 06:39:37.528 9 INFO neutron.db.ovn_revision_numbers_db [None req-0f1b5d6d-df30-46e4-a523-caba1d6eba61 82d2bbbfcbeb4bf2bbb1889f119c4094 b7b6c1af295449da8d3610ae95a2ca07 - - default default] Successfully bumped revision number for resource a04c4130-7342-417a-a64b-2120001eb55f (type: networks) to 1
2026-06-24 06:39:38.166 9 WARNING neutron.scheduler.dhcp_agent_scheduler [None req-0f1b5d6d-df30-46e4-a523-caba1d6eba61 82d2bbbfcbeb4bf2bbb1889f119c4094 b7b6c1af295449da8d3610ae95a2ca07 - - default default] No more DHCP agents
2026-06-24 06:39:38.170 9 WARNING neutron.api.rpc.agentnotifiers.dhcp_rpc_agent_api [None req-0f1b5d6d-df30-46e4-a523-caba1d6eba61 82d2bbbfcbeb4bf2bbb1889f119c4094 b7b6c1af295449da8d3610ae95a2ca07 - - default default] Unable to schedule network a04c4130-7342-417a-a64b-2120001eb55f: no agents available; will retry on subsequent port and subnet creation events.
2026-06-24 06:39:38.349 9 INFO neutron.db.ovn_revision_numbers_db [None req-0f1b5d6d-df30-46e4-a523-caba1d6eba61 82d2bbbfcbeb4bf2bbb1889f119c4094 b7b6c1af295449da8d3610ae95a2ca07 - - default default] Successfully bumped revision number for resource 6c694785-d62f-457a-886c-98e416e43437 (type: ports) to 1
2026-06-24 06:39:38.379 9 INFO neutron.notifiers.nova [-] Nova event matching ['req-ea859f23-2508-4aab-92b2-65d4d2cec47b'] response: {'server_uuid': '28d1e308-b3a3-4aa5-80c1-02eba044b267', 'name': 'network-vif-deleted', 'tag': '2433bc6c-2008-4693-acdc-a96a86860195', 'status': 'completed', 'code': 200}
2026-06-24 06:39:38.413 9 INFO neutron.wsgi [None req-0f1b5d6d-df30-46e4-a523-caba1d6eba61 82d2bbbfcbeb4bf2bbb1889f119c4094 b7b6c1af295449da8d3610ae95a2ca07 - - default default] 10.0.0.142 "POST /v2.0/networks HTTP/1.1" status: 201 len: 829 time: 1.2388415
2026-06-24 06:39:38.419 9 INFO neutron.wsgi [req-62b67bad-34e5-4054-9f59-a6df6c918974 req-d9218445-2606-440a-a80c-bb621789fc04 1588825f9e8c4aae8f2817ef02dc2382 afdbfcb94df3419fb6684e6ace270672 - - c769bb63276a405ab5dc2b9ffc22e0d7 c769bb63276a405ab5dc2b9ffc22e0d7] 10.0.0.92 "GET /v2.0/ports?device_id=40feffe8-9abc-4e22-aad2-a0339a90de64 HTTP/1.1" status: 200 len: 1409 time: 0.0576704
2026-06-24 06:39:38.508 9 INFO neutron.wsgi [req-62b67bad-34e5-4054-9f59-a6df6c918974 req-dde64b72-7785-4efc-9039-4ddbba9f078f 1588825f9e8c4aae8f2817ef02dc2382 afdbfcb94df3419fb6684e6ace270672 - - c769bb63276a405ab5dc2b9ffc22e0d7 c769bb63276a405ab5dc2b9ffc22e0d7] 10.0.0.92 "GET /v2.0/security-groups?id=c710272d-867b-4651-85fd-605ef8009509&fields=id&fields=name HTTP/1.1" status: 200 len: 313 time: 0.0780449
2026-06-24 06:39:38.784 10 INFO neutron.wsgi [None req-76e0a37b-d04b-46b6-aba2-a75f8a6e388f 3de217e8c79e41c18fb2e9d915424a58 14c0ed384a9f470bbea5eee25cf92721 - - default default] 10.0.0.142 "DELETE /v2.0/security-groups/37c64f0e-b1d7-4f11-ace3-52cf0038f185 HTTP/1.1" status: 204 len: 168 time: 0.2690895
2026-06-24 06:39:38.805 10 WARNING neutron.scheduler.dhcp_agent_scheduler [None req-a4750441-c72b-47da-8575-930507544014 82d2bbbfcbeb4bf2bbb1889f119c4094 b7b6c1af295449da8d3610ae95a2ca07 - - default default] No more DHCP agents
2026-06-24 06:39:38.806 10 INFO neutron.plugins.ml2.drivers.ovn.mech_driver.mech_driver [None req-82b03573-d123-4689-a836-64c806e4d42f - - - - - -] OVN reports status up for port: d71c39d9-e2ce-4a48-9f70-537e05e95cb2
2026-06-24 06:39:38.808 10 WARNING neutron.api.rpc.agentnotifiers.dhcp_rpc_agent_api [None req-a4750441-c72b-47da-8575-930507544014 82d2bbbfcbeb4bf2bbb1889f119c4094 b7b6c1af295449da8d3610ae95a2ca07 - - default default] Unable to schedule network 0368bbe2-f101-42ce-ae4a-38a6d565f420: no agents available; will retry on subsequent port and subnet creation events.
2026-06-24 06:39:38.809 9 INFO neutron.api.v2.resource [None req-b646ad21-a7f8-4d03-bad5-a4d72caa2d93 3de217e8c79e41c18fb2e9d915424a58 14c0ed384a9f470bbea5eee25cf92721 - - default default] show failed (client error): The resource could not be found.
2026-06-24 06:39:38.812 9 INFO neutron.wsgi [None req-b646ad21-a7f8-4d03-bad5-a4d72caa2d93 3de217e8c79e41c18fb2e9d915424a58 14c0ed384a9f470bbea5eee25cf92721 - - default default] 10.0.0.142 "GET /v2.0/security-groups/37c64f0e-b1d7-4f11-ace3-52cf0038f185 HTTP/1.1" status: 404 len: 347 time: 0.0200250
2026-06-24 06:39:38.833 10 INFO neutron.plugins.ml2.plugin [None req-82b03573-d123-4689-a836-64c806e4d42f - - - - - -] Attempt 1 to provision port d71c39d9-e2ce-4a48-9f70-537e05e95cb2
2026-06-24 06:39:38.858 9 INFO neutron.db.ovn_revision_numbers_db [None req-1db87c5e-4c8e-490f-acf1-cc0b3804d4c5 2d8f02d8092d4593885af1944cbab2f8 313b6a5de6514d01bb117195fe3c01a2 - - default default] Successfully bumped revision number for resource d71c39d9-e2ce-4a48-9f70-537e05e95cb2 (type: router_ports) to 1
2026-06-24 06:39:38.935 9 INFO neutron.db.ovn_revision_numbers_db [None req-1db87c5e-4c8e-490f-acf1-cc0b3804d4c5 2d8f02d8092d4593885af1944cbab2f8 313b6a5de6514d01bb117195fe3c01a2 - - default default] Successfully bumped revision number for resource cbc34134-2776-4df0-8557-dc95774b1ecd (type: routers) to 2
2026-06-24 06:39:38.952 9 INFO neutron.wsgi [None req-1db87c5e-4c8e-490f-acf1-cc0b3804d4c5 2d8f02d8092d4593885af1944cbab2f8 313b6a5de6514d01bb117195fe3c01a2 - - default default] 10.0.0.142 "POST /v2.0/routers HTTP/1.1" status: 201 len: 871 time: 2.4604092
2026-06-24 06:39:39.044 9 INFO neutron.wsgi [None req-f7c410b6-5394-4dc3-8558-768c48de1789 2d8f02d8092d4593885af1944cbab2f8 313b6a5de6514d01bb117195fe3c01a2 - - default default] 10.0.0.142 "GET /v2.0/routers/cbc34134-2776-4df0-8557-dc95774b1ecd HTTP/1.1" status: 200 len: 872 time: 0.0856931
2026-06-24 06:39:39.162 9 WARNING neutron.plugins.ml2.drivers.ovn.mech_driver.ovsdb.ovn_client [None req-bc1054ba-85a4-4857-9137-c16a8000b9e4 - - - - - -] No port found with ID f37fc0f0-d12b-43bb-b705-25c97710261f: RuntimeError: No port found with ID f37fc0f0-d12b-43bb-b705-25c97710261f
2026-06-24 06:39:39.163 9 INFO neutron.plugins.ml2.drivers.ovn.mech_driver.mech_driver [None req-bc1054ba-85a4-4857-9137-c16a8000b9e4 - - - - - -] OVN reports status down for port: 2433bc6c-2008-4693-acdc-a96a86860195
2026-06-24 06:39:39.178 9 INFO neutron.wsgi [None req-c1f62a39-1b6b-4d94-8805-c0172f770ec8 2d8f02d8092d4593885af1944cbab2f8 313b6a5de6514d01bb117195fe3c01a2 - - default default] 10.0.0.142 "GET /v2.0/routers HTTP/1.1" status: 200 len: 875 time: 0.1289001
2026-06-24 06:39:39.665 9 INFO neutron.db.ovn_revision_numbers_db [None req-d8ba80a2-77b7-4741-a0ad-8d1fefb4c4dd 2d8f02d8092d4593885af1944cbab2f8 313b6a5de6514d01bb117195fe3c01a2 - - default default] Successfully bumped revision number for resource cbc34134-2776-4df0-8557-dc95774b1ecd (type: routers) to 3
2026-06-24 06:39:39.669 9 INFO neutron.wsgi [None req-d8ba80a2-77b7-4741-a0ad-8d1fefb4c4dd 2d8f02d8092d4593885af1944cbab2f8 313b6a5de6514d01bb117195fe3c01a2 - - default default] 10.0.0.142 "PUT /v2.0/routers/cbc34134-2776-4df0-8557-dc95774b1ecd HTTP/1.1" status: 200 len: 879 time: 0.4847856
2026-06-24 06:39:39.669 10 INFO neutron.wsgi [None req-dbbff784-a68b-4971-8fd5-bd551f073da0 3de217e8c79e41c18fb2e9d915424a58 14c0ed384a9f470bbea5eee25cf92721 - - default default] 10.0.0.142 "DELETE /v2.0/floatingips/8d0ef196-f250-47e6-85ad-683a73959ba5 HTTP/1.1" status: 204 len: 168 time: 0.8479738
2026-06-24 06:39:39.785 10 INFO neutron.wsgi [None req-be5baab2-748c-4383-8675-2726e5ef48cc 2d8f02d8092d4593885af1944cbab2f8 313b6a5de6514d01bb117195fe3c01a2 - - default default] 10.0.0.142 "GET /v2.0/routers/cbc34134-2776-4df0-8557-dc95774b1ecd HTTP/1.1" status: 200 len: 879 time: 0.1067967
2026-06-24 06:39:39.816 9 INFO neutron.wsgi [None req-dac4aa14-eaf3-4f4a-92a0-2b4850b7d0a0 2d8f02d8092d4593885af1944cbab2f8 313b6a5de6514d01bb117195fe3c01a2 - - default default] 10.0.0.142 "GET /v2.0/ports?device_id=cbc34134-2776-4df0-8557-dc95774b1ecd HTTP/1.1" status: 200 len: 205 time: 0.0255167
2026-06-24 06:39:39.849 10 INFO neutron.db.ovn_revision_numbers_db [None req-a4750441-c72b-47da-8575-930507544014 82d2bbbfcbeb4bf2bbb1889f119c4094 b7b6c1af295449da8d3610ae95a2ca07 - - default default] Successfully bumped revision number for resource 4062aa64-c98e-4659-bbaa-45182dd0abe6 (type: ports) to 2
2026-06-24 06:39:39.898 10 INFO neutron.db.ovn_revision_numbers_db [None req-a4750441-c72b-47da-8575-930507544014 82d2bbbfcbeb4bf2bbb1889f119c4094 b7b6c1af295449da8d3610ae95a2ca07 - - default default] Successfully bumped revision number for resource 5d7266f8-4f43-4ce4-a927-5654d526abbf (type: subnets) to 0
2026-06-24 06:39:39.916 10 INFO neutron.wsgi [None req-a4750441-c72b-47da-8575-930507544014 82d2bbbfcbeb4bf2bbb1889f119c4094 b7b6c1af295449da8d3610ae95a2ca07 - - default default] 10.0.0.142 "POST /v2.0/subnets HTTP/1.1" status: 201 len: 801 time: 1.4961023
2026-06-24 06:39:40.203 10 WARNING neutron.scheduler.dhcp_agent_scheduler [None req-269b4a0e-2f31-4269-a17d-116d3d70f8f0 82d2bbbfcbeb4bf2bbb1889f119c4094 b7b6c1af295449da8d3610ae95a2ca07 - - default default] No more DHCP agents
2026-06-24 06:39:40.205 10 WARNING neutron.api.rpc.agentnotifiers.dhcp_rpc_agent_api [None req-269b4a0e-2f31-4269-a17d-116d3d70f8f0 82d2bbbfcbeb4bf2bbb1889f119c4094 b7b6c1af295449da8d3610ae95a2ca07 - - default default] Unable to schedule network a04c4130-7342-417a-a64b-2120001eb55f: no agents available; will retry on subsequent port and subnet creation events.
2026-06-24 06:39:40.623 10 INFO neutron.db.ovn_revision_numbers_db [None req-269b4a0e-2f31-4269-a17d-116d3d70f8f0 82d2bbbfcbeb4bf2bbb1889f119c4094 b7b6c1af295449da8d3610ae95a2ca07 - - default default] Successfully bumped revision number for resource 6c694785-d62f-457a-886c-98e416e43437 (type: ports) to 2
2026-06-24 06:39:40.659 10 INFO neutron.db.ovn_revision_numbers_db [None req-269b4a0e-2f31-4269-a17d-116d3d70f8f0 82d2bbbfcbeb4bf2bbb1889f119c4094 b7b6c1af295449da8d3610ae95a2ca07 - - default default] Successfully bumped revision number for resource dd58ecbb-2557-47b9-9049-20c58b4087f3 (type: subnets) to 0
2026-06-24 06:39:40.673 10 INFO neutron.wsgi [None req-269b4a0e-2f31-4269-a17d-116d3d70f8f0 82d2bbbfcbeb4bf2bbb1889f119c4094 b7b6c1af295449da8d3610ae95a2ca07 - - default default] 10.0.0.142 "POST /v2.0/subnets HTTP/1.1" status: 201 len: 801 time: 0.7505817
2026-06-24 06:39:40.846 10 INFO neutron.db.ovn_revision_numbers_db [None req-8d04ec88-3cda-4340-bd62-85bb72c12a0a 82d2bbbfcbeb4bf2bbb1889f119c4094 b7b6c1af295449da8d3610ae95a2ca07 - - default default] Successfully bumped revision number for resource 9acba3af-4308-47cd-bbee-4c9d24912a01 (type: routers) to 1
2026-06-24 06:39:40.859 10 INFO neutron.wsgi [None req-8d04ec88-3cda-4340-bd62-85bb72c12a0a 82d2bbbfcbeb4bf2bbb1889f119c4094 b7b6c1af295449da8d3610ae95a2ca07 - - default default] 10.0.0.142 "POST /v2.0/routers HTTP/1.1" status: 201 len: 686 time: 0.1788888
2026-06-24 06:39:40.889 9 INFO neutron.wsgi [None req-af73cef2-d0f9-4ddd-ab9c-adc7d1c504e3 2d8f02d8092d4593885af1944cbab2f8 313b6a5de6514d01bb117195fe3c01a2 - - default default] 10.0.0.142 "DELETE /v2.0/routers/cbc34134-2776-4df0-8557-dc95774b1ecd HTTP/1.1" status: 204 len: 168 time: 1.0667641
2026-06-24 06:39:40.925 9 INFO neutron.wsgi [None req-3753f715-062c-4787-947c-42b02732a294 2d8f02d8092d4593885af1944cbab2f8 313b6a5de6514d01bb117195fe3c01a2 - - default default] 10.0.0.142 "GET /v2.0/ports?device_id=cbc34134-2776-4df0-8557-dc95774b1ecd HTTP/1.1" status: 200 len: 205 time: 0.0252087
2026-06-24 06:39:40.956 9 INFO neutron.api.v2.resource [None req-46632235-546a-457e-9215-17f3178ba04d 2d8f02d8092d4593885af1944cbab2f8 313b6a5de6514d01bb117195fe3c01a2 - - default default] delete failed (client error): The resource could not be found.
2026-06-24 06:39:40.957 9 INFO neutron.wsgi [None req-46632235-546a-457e-9215-17f3178ba04d 2d8f02d8092d4593885af1944cbab2f8 313b6a5de6514d01bb117195fe3c01a2 - - default default] 10.0.0.142 "DELETE /v2.0/routers/cbc34134-2776-4df0-8557-dc95774b1ecd HTTP/1.1" status: 404 len: 336 time: 0.0273170
2026-06-24 06:39:41.006 9 INFO neutron.wsgi [None req-3f8110df-36df-40a5-9f1f-110afae08940 2d8f02d8092d4593885af1944cbab2f8 313b6a5de6514d01bb117195fe3c01a2 - - default default] 10.0.0.142 "GET /v2.0/ports?device_id=66250e47-bce0-42ff-b6ac-6b10c5d096e0 HTTP/1.1" status: 200 len: 205 time: 0.0426309
2026-06-24 06:39:41.033 10 INFO neutron.api.v2.resource [None req-caa38660-f2d2-4ab7-bf11-8fa74205aa11 2d8f02d8092d4593885af1944cbab2f8 313b6a5de6514d01bb117195fe3c01a2 - - default default] delete failed (client error): The resource could not be found.
2026-06-24 06:39:41.035 10 INFO neutron.wsgi [None req-caa38660-f2d2-4ab7-bf11-8fa74205aa11 2d8f02d8092d4593885af1944cbab2f8 313b6a5de6514d01bb117195fe3c01a2 - - default default] 10.0.0.142 "DELETE /v2.0/routers/66250e47-bce0-42ff-b6ac-6b10c5d096e0 HTTP/1.1" status: 404 len: 336 time: 0.0238976
2026-06-24 06:39:41.069 9 INFO neutron.pecan_wsgi.hooks.translation [None req-5892c0bd-1988-4d22-951d-de0396a9038c 2d8f02d8092d4593885af1944cbab2f8 313b6a5de6514d01bb117195fe3c01a2 - - default default] DELETE failed (client error): The resource could not be found.
2026-06-24 06:39:41.072 9 INFO neutron.wsgi [None req-5892c0bd-1988-4d22-951d-de0396a9038c 2d8f02d8092d4593885af1944cbab2f8 313b6a5de6514d01bb117195fe3c01a2 - - default default] 10.0.0.142 "DELETE /v2.0/subnets/0f95b0dc-0816-4bde-bacb-13ddba0c6a6f HTTP/1.1" status: 404 len: 337 time: 0.0321987
2026-06-24 06:39:41.119 9 INFO neutron.wsgi [None req-1ea526b0-dd59-403d-8840-ea11c6eba848 2d8f02d8092d4593885af1944cbab2f8 313b6a5de6514d01bb117195fe3c01a2 - - default default] 10.0.0.142 "GET /v2.0/ports?device_id=43b6cba5-3833-4961-a672-3415f8a75a09 HTTP/1.1" status: 200 len: 205 time: 0.0407383
2026-06-24 06:39:41.161 9 INFO neutron.api.v2.resource [None req-7b9e5e55-764a-4690-a04c-3dfe253051c0 2d8f02d8092d4593885af1944cbab2f8 313b6a5de6514d01bb117195fe3c01a2 - - default default] delete failed (client error): The resource could not be found.
2026-06-24 06:39:41.162 9 INFO neutron.wsgi [None req-7b9e5e55-764a-4690-a04c-3dfe253051c0 2d8f02d8092d4593885af1944cbab2f8 313b6a5de6514d01bb117195fe3c01a2 - - default default] 10.0.0.142 "DELETE /v2.0/routers/43b6cba5-3833-4961-a672-3415f8a75a09 HTTP/1.1" status: 404 len: 336 time: 0.0357223
2026-06-24 06:39:41.185 9 INFO neutron.pecan_wsgi.hooks.translation [None req-062680b4-4189-4ea0-8583-e5e712faaf3c 2d8f02d8092d4593885af1944cbab2f8 313b6a5de6514d01bb117195fe3c01a2 - - default default] DELETE failed (client error): The resource could not be found.
2026-06-24 06:39:41.187 9 INFO neutron.wsgi [None req-062680b4-4189-4ea0-8583-e5e712faaf3c 2d8f02d8092d4593885af1944cbab2f8 313b6a5de6514d01bb117195fe3c01a2 - - default default] 10.0.0.142 "DELETE /v2.0/subnets/40b9d953-3ac9-47c5-8346-68125da21b37 HTTP/1.1" status: 404 len: 337 time: 0.0191507
2026-06-24 06:39:41.229 9 INFO neutron.wsgi [None req-b7c5b73a-0d1e-4044-9aa5-cc1a61f450b1 2d8f02d8092d4593885af1944cbab2f8 313b6a5de6514d01bb117195fe3c01a2 - - default default] 10.0.0.142 "GET /v2.0/ports?device_id=8c5ea1b0-a1a3-4d6e-867f-ddd02c2dcf53 HTTP/1.1" status: 200 len: 205 time: 0.0342858
2026-06-24 06:39:41.267 9 INFO neutron.api.v2.resource [None req-bed4fa38-1df6-468a-91cb-109bed0b7daf 2d8f02d8092d4593885af1944cbab2f8 313b6a5de6514d01bb117195fe3c01a2 - - default default] delete failed (client error): The resource could not be found.
2026-06-24 06:39:41.269 9 INFO neutron.wsgi [None req-bed4fa38-1df6-468a-91cb-109bed0b7daf 2d8f02d8092d4593885af1944cbab2f8 313b6a5de6514d01bb117195fe3c01a2 - - default default] 10.0.0.142 "DELETE /v2.0/routers/8c5ea1b0-a1a3-4d6e-867f-ddd02c2dcf53 HTTP/1.1" status: 404 len: 336 time: 0.0346582
2026-06-24 06:39:41.296 9 INFO neutron.pecan_wsgi.hooks.translation [None req-146b0d03-b459-4b96-8f58-4fab5a208e07 2d8f02d8092d4593885af1944cbab2f8 313b6a5de6514d01bb117195fe3c01a2 - - default default] DELETE failed (client error): The resource could not be found.
2026-06-24 06:39:41.299 9 INFO neutron.wsgi [None req-146b0d03-b459-4b96-8f58-4fab5a208e07 2d8f02d8092d4593885af1944cbab2f8 313b6a5de6514d01bb117195fe3c01a2 - - default default] 10.0.0.142 "DELETE /v2.0/subnets/548c2e34-5c53-42a0-881a-d231b0679735 HTTP/1.1" status: 404 len: 337 time: 0.0242262
2026-06-24 06:39:41.329 10 WARNING neutron.scheduler.dhcp_agent_scheduler [None req-153c099d-5e68-4a61-a297-f4ed12a2bacf 82d2bbbfcbeb4bf2bbb1889f119c4094 b7b6c1af295449da8d3610ae95a2ca07 - - default default] No more DHCP agents
2026-06-24 06:39:41.332 9 INFO neutron.pecan_wsgi.hooks.translation [None req-499e7d3a-9a02-47bf-af2d-da1d1825f8d7 2d8f02d8092d4593885af1944cbab2f8 313b6a5de6514d01bb117195fe3c01a2 - - default default] DELETE failed (client error): The resource could not be found.
2026-06-24 06:39:41.333 10 WARNING neutron.api.rpc.agentnotifiers.dhcp_rpc_agent_api [None req-153c099d-5e68-4a61-a297-f4ed12a2bacf 82d2bbbfcbeb4bf2bbb1889f119c4094 b7b6c1af295449da8d3610ae95a2ca07 - - default default] Unable to schedule network 0368bbe2-f101-42ce-ae4a-38a6d565f420: no agents available; will retry on subsequent port and subnet creation events.
2026-06-24 06:39:41.334 9 INFO neutron.wsgi [None req-499e7d3a-9a02-47bf-af2d-da1d1825f8d7 2d8f02d8092d4593885af1944cbab2f8 313b6a5de6514d01bb117195fe3c01a2 - - default default] 10.0.0.142 "DELETE /v2.0/subnets/18e720e0-d732-4f77-a909-5f394cbe62f0 HTTP/1.1" status: 404 len: 337 time: 0.0292888
2026-06-24 06:39:41.451 9 INFO neutron.wsgi [None req-d0a559c8-bd09-4fbe-a36f-e15a64020e28 077cbf55c2ea41d68f97fa6292411a5c 44d62b779996478c833b8c35d862cc8b - - default default] 10.0.0.142 "PUT /v2.0/routers/07c810f8-dfb8-4ea0-aeca-11f069227d32/remove_router_interface HTTP/1.1" status: 200 len: 503 time: 1.7767317 /var/lib/openstack/lib/python3.10/site-packages/pycadf/identifier.py:71: UserWarning: Invalid uuid: neutron. To ensure interoperability, identifiers should be a valid uuid. warnings.warn(('Invalid uuid: %s. To ensure interoperability, '
2026-06-24 06:39:41.514 10 INFO neutron.db.ovn_revision_numbers_db [None req-153c099d-5e68-4a61-a297-f4ed12a2bacf 82d2bbbfcbeb4bf2bbb1889f119c4094 b7b6c1af295449da8d3610ae95a2ca07 - - default default] Successfully bumped revision number for resource 28868e39-15f6-466e-b7f6-e9767bca7cae (type: ports) to 1
2026-06-24 06:39:41.941 10 INFO neutron.db.ovn_revision_numbers_db [None req-153c099d-5e68-4a61-a297-f4ed12a2bacf 82d2bbbfcbeb4bf2bbb1889f119c4094 b7b6c1af295449da8d3610ae95a2ca07 - - default default] Successfully bumped revision number for resource 28868e39-15f6-466e-b7f6-e9767bca7cae (type: router_ports) to 1
2026-06-24 06:39:42.053 9 INFO neutron.wsgi [None req-ac323aaa-8cd2-486c-8a10-e3a4b688d454 077cbf55c2ea41d68f97fa6292411a5c 44d62b779996478c833b8c35d862cc8b - - default default] 10.0.0.142 "DELETE /v2.0/routers/07c810f8-dfb8-4ea0-aeca-11f069227d32 HTTP/1.1" status: 204 len: 168 time: 0.5955207
2026-06-24 06:39:42.110 10 INFO neutron.db.ovn_revision_numbers_db [None req-153c099d-5e68-4a61-a297-f4ed12a2bacf 82d2bbbfcbeb4bf2bbb1889f119c4094 b7b6c1af295449da8d3610ae95a2ca07 - - default default] Successfully bumped revision number for resource 28868e39-15f6-466e-b7f6-e9767bca7cae (type: ports) to 1
2026-06-24 06:39:42.127 9 INFO neutron.wsgi [None req-dbf09b0b-f3d3-4cf8-a341-373d97c4768b 077cbf55c2ea41d68f97fa6292411a5c 44d62b779996478c833b8c35d862cc8b - - default default] 10.0.0.142 "GET /v2.0/security-groups?tenant_id=313b6a5de6514d01bb117195fe3c01a2&name=default HTTP/1.1" status: 200 len: 2996 time: 0.1767213
2026-06-24 06:39:42.193 10 WARNING neutron.scheduler.dhcp_agent_scheduler [None req-153c099d-5e68-4a61-a297-f4ed12a2bacf 82d2bbbfcbeb4bf2bbb1889f119c4094 b7b6c1af295449da8d3610ae95a2ca07 - - default default] No more DHCP agents
2026-06-24 06:39:42.196 10 WARNING neutron.api.rpc.agentnotifiers.dhcp_rpc_agent_api [None req-153c099d-5e68-4a61-a297-f4ed12a2bacf 82d2bbbfcbeb4bf2bbb1889f119c4094 b7b6c1af295449da8d3610ae95a2ca07 - - default default] Unable to schedule network 0368bbe2-f101-42ce-ae4a-38a6d565f420: no agents available; will retry on subsequent port and subnet creation events.
2026-06-24 06:39:42.255 9 INFO neutron.wsgi [None req-4f7b1714-cb89-4630-b1d5-1aa454bcc72d 077cbf55c2ea41d68f97fa6292411a5c 44d62b779996478c833b8c35d862cc8b - - default default] 10.0.0.142 "DELETE /v2.0/subnets/0cea786c-911e-4554-b89c-62fd771da0ef HTTP/1.1" status: 204 len: 168 time: 0.1961002
2026-06-24 06:39:42.381 10 INFO neutron.db.ovn_revision_numbers_db [None req-153c099d-5e68-4a61-a297-f4ed12a2bacf 82d2bbbfcbeb4bf2bbb1889f119c4094 b7b6c1af295449da8d3610ae95a2ca07 - - default default] Successfully bumped revision number for resource 28868e39-15f6-466e-b7f6-e9767bca7cae (type: router_ports) to 1
2026-06-24 06:39:42.384 10 INFO neutron.wsgi [None req-153c099d-5e68-4a61-a297-f4ed12a2bacf 82d2bbbfcbeb4bf2bbb1889f119c4094 b7b6c1af295449da8d3610ae95a2ca07 - - default default] 10.0.0.142 "PUT /v2.0/routers/9acba3af-4308-47cd-bbee-4c9d24912a01/add_router_interface HTTP/1.1" status: 200 len: 503 time: 1.5189376
2026-06-24 06:39:42.429 10 INFO neutron.wsgi [None req-f4e5ec54-9926-4e40-ba29-57c2cb34b69c 82d2bbbfcbeb4bf2bbb1889f119c4094 b7b6c1af295449da8d3610ae95a2ca07 - - default default] 10.0.0.142 "GET /v2.0/ports/28868e39-15f6-466e-b7f6-e9767bca7cae HTTP/1.1" status: 200 len: 1135 time: 0.0393703
2026-06-24 06:39:42.431 10 INFO neutron.wsgi [None req-009e15ee-df42-450a-bdd7-4c699c3f4bd7 077cbf55c2ea41d68f97fa6292411a5c 44d62b779996478c833b8c35d862cc8b - - default default] 10.0.0.142 "DELETE /v2.0/security-groups/734bf1b2-bf20-4a6b-aff9-8e142c8f16d5 HTTP/1.1" status: 204 len: 168 time: 0.2985368
2026-06-24 06:39:42.607 9 INFO neutron.services.segments.plugin [-] Segment c5f0a094-bc87-43c4-b018-44a000f04dcf resource provider aggregate not found
2026-06-24 06:39:42.616 9 INFO neutron.services.segments.plugin [-] Segment c5f0a094-bc87-43c4-b018-44a000f04dcf resource provider aggregate not found
2026-06-24 06:39:42.641 9 INFO neutron.services.segments.plugin [-] Segment c5f0a094-bc87-43c4-b018-44a000f04dcf resource provider not found; error: Placement Client Error (4xx): {"errors": [{"status": 404, "title": "Not Found", "detail": "The resource could not be found.\n\n No resource provider with uuid c5f0a094-bc87-43c4-b018-44a000f04dcf found for delete ", "request_id": "req-00c11c1f-e4ad-4735-8597-47a932689e75"}]}
2026-06-24 06:39:42.642 9 INFO neutron.services.segments.plugin [-] Segment c5f0a094-bc87-43c4-b018-44a000f04dcf resource provider not found; error: Placement Client Error (4xx): {"errors": [{"status": 404, "title": "Not Found", "detail": "The resource could not be found.\n\n No resource provider with uuid c5f0a094-bc87-43c4-b018-44a000f04dcf found for delete ", "request_id": "req-4e361873-3492-4f32-a7b7-1b1e755688ed"}]}
2026-06-24 06:39:42.660 9 INFO neutron.wsgi [None req-38e91230-c63a-4ad7-aa12-c22e348aea2c 077cbf55c2ea41d68f97fa6292411a5c 44d62b779996478c833b8c35d862cc8b - - default default] 10.0.0.142 "DELETE /v2.0/networks/9ff3f6e0-6c7c-490a-946d-cf7dea3c1ca2 HTTP/1.1" status: 204 len: 168 time: 0.3989878
2026-06-24 06:39:42.876 9 INFO neutron.wsgi [None req-8b737e2a-64e9-4a4e-b786-2f917bd8516e 077cbf55c2ea41d68f97fa6292411a5c 44d62b779996478c833b8c35d862cc8b - - default default] 10.0.0.142 "GET /v2.0/security-groups?tenant_id=14c0ed384a9f470bbea5eee25cf92721&name=default HTTP/1.1" status: 200 len: 2996 time: 0.0374949
2026-06-24 06:39:43.075 9 INFO neutron.wsgi [None req-4414f29a-aed8-4d48-b45c-62d1252640e1 077cbf55c2ea41d68f97fa6292411a5c 44d62b779996478c833b8c35d862cc8b - - default default] 10.0.0.142 "DELETE /v2.0/security-groups/a69d1a7b-e58d-483b-ab0b-227c261edba5 HTTP/1.1" status: 204 len: 168 time: 0.1962068
2026-06-24 06:39:43.219 10 WARNING neutron.scheduler.dhcp_agent_scheduler [None req-303a7710-4456-4bb7-af7e-d4a3de77606e 82d2bbbfcbeb4bf2bbb1889f119c4094 b7b6c1af295449da8d3610ae95a2ca07 - - default default] No more DHCP agents
2026-06-24 06:39:43.221 10 WARNING neutron.api.rpc.agentnotifiers.dhcp_rpc_agent_api [None req-303a7710-4456-4bb7-af7e-d4a3de77606e 82d2bbbfcbeb4bf2bbb1889f119c4094 b7b6c1af295449da8d3610ae95a2ca07 - - default default] Unable to schedule network a04c4130-7342-417a-a64b-2120001eb55f: no agents available; will retry on subsequent port and subnet creation events.
2026-06-24 06:39:43.384 10 INFO neutron.db.ovn_revision_numbers_db [None req-303a7710-4456-4bb7-af7e-d4a3de77606e 82d2bbbfcbeb4bf2bbb1889f119c4094 b7b6c1af295449da8d3610ae95a2ca07 - - default default] Successfully bumped revision number for resource e89a1145-152c-405c-8959-eed0696fe67d (type: ports) to 1
2026-06-24 06:39:43.879 9 INFO neutron.plugins.ml2.drivers.ovn.mech_driver.mech_driver [None req-bc1054ba-85a4-4857-9137-c16a8000b9e4 - - - - - -] OVN reports status up for port: e89a1145-152c-405c-8959-eed0696fe67d
2026-06-24 06:39:43.886 9 INFO neutron.plugins.ml2.plugin [None req-bc1054ba-85a4-4857-9137-c16a8000b9e4 - - - - - -] Attempt 1 to provision port e89a1145-152c-405c-8959-eed0696fe67d
2026-06-24 06:39:43.900 10 INFO neutron.db.ovn_revision_numbers_db [None req-303a7710-4456-4bb7-af7e-d4a3de77606e 82d2bbbfcbeb4bf2bbb1889f119c4094 b7b6c1af295449da8d3610ae95a2ca07 - - default default] Successfully bumped revision number for resource e89a1145-152c-405c-8959-eed0696fe67d (type: router_ports) to 1
2026-06-24 06:39:44.071 10 INFO neutron.db.ovn_revision_numbers_db [None req-303a7710-4456-4bb7-af7e-d4a3de77606e 82d2bbbfcbeb4bf2bbb1889f119c4094 b7b6c1af295449da8d3610ae95a2ca07 - - default default] Successfully bumped revision number for resource e89a1145-152c-405c-8959-eed0696fe67d (type: ports) to 1
2026-06-24 06:39:44.152 10 WARNING neutron.scheduler.dhcp_agent_scheduler [None req-303a7710-4456-4bb7-af7e-d4a3de77606e 82d2bbbfcbeb4bf2bbb1889f119c4094 b7b6c1af295449da8d3610ae95a2ca07 - - default default] No more DHCP agents
2026-06-24 06:39:44.153 10 WARNING neutron.api.rpc.agentnotifiers.dhcp_rpc_agent_api [None req-303a7710-4456-4bb7-af7e-d4a3de77606e 82d2bbbfcbeb4bf2bbb1889f119c4094 b7b6c1af295449da8d3610ae95a2ca07 - - default default] Unable to schedule network a04c4130-7342-417a-a64b-2120001eb55f: no agents available; will retry on subsequent port and subnet creation events.
2026-06-24 06:39:44.179 9 INFO neutron.db.ovn_revision_numbers_db [None req-bc1054ba-85a4-4857-9137-c16a8000b9e4 - - - - - -] Successfully bumped revision number for resource e89a1145-152c-405c-8959-eed0696fe67d (type: ports) to 2
2026-06-24 06:39:44.297 9 INFO neutron.db.ovn_revision_numbers_db [None req-bc1054ba-85a4-4857-9137-c16a8000b9e4 - - - - - -] Successfully bumped revision number for resource e89a1145-152c-405c-8959-eed0696fe67d (type: router_ports) to 2
2026-06-24 06:39:44.344 10 INFO neutron.db.ovn_revision_numbers_db [None req-303a7710-4456-4bb7-af7e-d4a3de77606e 82d2bbbfcbeb4bf2bbb1889f119c4094 b7b6c1af295449da8d3610ae95a2ca07 - - default default] Successfully bumped revision number for resource e89a1145-152c-405c-8959-eed0696fe67d (type: router_ports) to 2
2026-06-24 06:39:44.347 10 INFO neutron.wsgi [None req-303a7710-4456-4bb7-af7e-d4a3de77606e 82d2bbbfcbeb4bf2bbb1889f119c4094 b7b6c1af295449da8d3610ae95a2ca07 - - default default] 10.0.0.142 "PUT /v2.0/routers/9acba3af-4308-47cd-bbee-4c9d24912a01/add_router_interface HTTP/1.1" status: 200 len: 503 time: 1.9096801
2026-06-24 06:39:44.400 10 INFO neutron.wsgi [None req-4ec6dcae-af99-4c00-916f-5ac878e199cb 82d2bbbfcbeb4bf2bbb1889f119c4094 b7b6c1af295449da8d3610ae95a2ca07 - - default default] 10.0.0.142 "GET /v2.0/ports/e89a1145-152c-405c-8959-eed0696fe67d HTTP/1.1" status: 200 len: 1137 time: 0.0481060
2026-06-24 06:39:44.439 10 INFO neutron.wsgi [None req-d6992b37-995f-4081-967e-6c2b0d257dde 82d2bbbfcbeb4bf2bbb1889f119c4094 b7b6c1af295449da8d3610ae95a2ca07 - - default default] 10.0.0.142 "GET /v2.0/ports/e89a1145-152c-405c-8959-eed0696fe67d HTTP/1.1" status: 200 len: 1137 time: 0.0334830
2026-06-24 06:39:44.470 10 WARNING neutron.plugins.ml2.drivers.ovn.mech_driver.ovsdb.ovn_client [None req-82b03573-d123-4689-a836-64c806e4d42f - - - - - -] No port found with ID d71c39d9-e2ce-4a48-9f70-537e05e95cb2: RuntimeError: No port found with ID d71c39d9-e2ce-4a48-9f70-537e05e95cb2
2026-06-24 06:39:44.471 10 INFO neutron.plugins.ml2.drivers.ovn.mech_driver.mech_driver [None req-82b03573-d123-4689-a836-64c806e4d42f - - - - - -] OVN reports status up for port: 28868e39-15f6-466e-b7f6-e9767bca7cae
2026-06-24 06:39:44.481 10 INFO neutron.plugins.ml2.plugin [None req-82b03573-d123-4689-a836-64c806e4d42f - - - - - -] Attempt 1 to provision port 28868e39-15f6-466e-b7f6-e9767bca7cae
2026-06-24 06:39:44.885 10 INFO neutron.db.ovn_revision_numbers_db [None req-82b03573-d123-4689-a836-64c806e4d42f - - - - - -] Successfully bumped revision number for resource 28868e39-15f6-466e-b7f6-e9767bca7cae (type: ports) to 2
2026-06-24 06:39:45.028 10 INFO neutron.wsgi [req-b82ad2fc-a6cc-4a4f-a86c-d82ec7d4a401 req-82b98e47-fc70-4ef2-a923-be3ff5706f27 6230e96f46c74d198f2709e1d27e4517 b148e6d1b4c742bb90ccd66c1cf81aff - - default default] 10.0.0.218 "GET /v2.0/ports?device_id=40feffe8-9abc-4e22-aad2-a0339a90de64 HTTP/1.1" status: 200 len: 1170 time: 0.1205025
2026-06-24 06:39:45.076 10 INFO neutron.db.ovn_revision_numbers_db [None req-82b03573-d123-4689-a836-64c806e4d42f - - - - - -] Successfully bumped revision number for resource 28868e39-15f6-466e-b7f6-e9767bca7cae (type: router_ports) to 2
2026-06-24 06:39:45.088 10 INFO neutron.wsgi [req-b82ad2fc-a6cc-4a4f-a86c-d82ec7d4a401 req-7e481734-bbbe-4c89-b673-049a974dca26 6230e96f46c74d198f2709e1d27e4517 b148e6d1b4c742bb90ccd66c1cf81aff - - default default] 10.0.0.218 "GET /v2.0/security-groups?id=c710272d-867b-4651-85fd-605ef8009509&fields=id&fields=name HTTP/1.1" status: 200 len: 313 time: 0.0499759
2026-06-24 06:39:45.229 10 INFO neutron.db.ovn_revision_numbers_db [None req-046881fd-8c8f-461d-8d53-72402e211c71 077cbf55c2ea41d68f97fa6292411a5c 44d62b779996478c833b8c35d862cc8b - - default default] Successfully bumped revision number for resource 9c798ded-b2a5-47f4-a3a5-6be1bec7ba04 (type: security_groups) to 1
2026-06-24 06:39:45.240 10 INFO neutron.db.ovn_revision_numbers_db [None req-046881fd-8c8f-461d-8d53-72402e211c71 077cbf55c2ea41d68f97fa6292411a5c 44d62b779996478c833b8c35d862cc8b - - default default] Successfully bumped revision number for resource 352fd573-47a1-48a3-9539-09330e104cd5 (type: security_group_rules) to 0
