+ COMMAND=start + start + start_ovn + exec neutron-server --config-file /etc/neutron/neutron.conf --config-file /tmp/pod-shared/ovn.ini --config-file /etc/neutron/plugins/ml2/ml2_conf.ini /var/lib/openstack/lib/python3.10/site-packages/neutron/common/utils.py:54: UserWarning: pkg_resources is deprecated as an API. See https://setuptools.pypa.io/en/latest/pkg_resources.html. The pkg_resources package is slated for removal as early as 2025-11-30. Refrain from using this package or pin to Setuptools<81. import pkg_resources
2026-06-24 06:01:50.095 1 INFO neutron.common.config [-] Logging enabled!
2026-06-24 06:01:50.095 1 INFO neutron.common.config [-] /var/lib/openstack/bin/neutron-server version 22.2.2.dev46
2026-06-24 06:01:50.313 1 INFO neutron.manager [-] Loading core plugin: ml2
2026-06-24 06:01:51.069 1 INFO neutron.plugins.ml2.managers [-] Configured type driver names: ['flat', 'vlan', 'geneve']
2026-06-24 06:01:51.072 1 INFO neutron.plugins.ml2.drivers.type_flat [-] Arbitrary flat physical_network names allowed
2026-06-24 06:01:51.075 1 INFO neutron.plugins.ml2.drivers.type_vlan [-] Network VLAN ranges: OrderedDict([('external', [(1, 4094)])])
2026-06-24 06:01:51.075 1 INFO neutron.plugins.ml2.managers [-] Loaded type driver names: ['flat', 'geneve', 'vlan']
2026-06-24 06:01:51.075 1 INFO neutron.plugins.ml2.managers [-] Registered types: dict_keys(['flat', 'geneve', 'vlan'])
2026-06-24 06:01:51.075 1 INFO neutron.plugins.ml2.managers [-] Tenant network_types: ['geneve']
2026-06-24 06:01:51.075 1 INFO neutron.plugins.ml2.managers [-] Configured extension driver names: ['dns_domain_ports', 'port_security', 'qos']
2026-06-24 06:01:51.081 1 INFO neutron.plugins.ml2.managers [-] Loaded extension driver names: ['dns_domain_ports', 'port_security', 'qos']
2026-06-24 06:01:51.081 1 INFO neutron.plugins.ml2.managers [-] Registered extension drivers: ['dns_domain_ports', 'port_security', 'qos']
2026-06-24 06:01:51.081 1 INFO neutron.plugins.ml2.managers [-] Configured mechanism driver names: ['ovn']
2026-06-24 06:01:51.429 1 INFO neutron.plugins.ml2.managers [-] Loaded mechanism driver names: ['ovn']
2026-06-24 06:01:51.429 1 INFO neutron.plugins.ml2.managers [-] Registered mechanism drivers: ['ovn']
2026-06-24 06:01:51.430 1 INFO neutron.plugins.ml2.managers [-] No mechanism drivers provide segment reachability information for agent scheduling.
2026-06-24 06:01:51.448 1 INFO neutron.plugins.ml2.managers [-] Initializing driver for type 'flat'
2026-06-24 06:01:51.448 1 INFO neutron.plugins.ml2.drivers.type_flat [-] ML2 FlatTypeDriver initialization complete
2026-06-24 06:01:51.448 1 INFO neutron.plugins.ml2.managers [-] Initializing driver for type 'geneve'
2026-06-24 06:01:51.448 1 INFO neutron.plugins.ml2.drivers.type_tunnel [-] geneve ID ranges: [(1, 65536)]
2026-06-24 06:01:53.668 1 INFO neutron.plugins.ml2.managers [None req-131b625d-cfa7-4bf6-8862-9ea32673cf23 - - - - - -] Initializing driver for type 'vlan'
2026-06-24 06:01:53.844 1 INFO neutron.plugins.ml2.drivers.type_vlan [None req-131b625d-cfa7-4bf6-8862-9ea32673cf23 - - - - - -] VlanTypeDriver initialization complete
2026-06-24 06:01:53.845 1 INFO neutron.plugins.ml2.managers [None req-131b625d-cfa7-4bf6-8862-9ea32673cf23 - - - - - -] Initializing extension driver 'dns_domain_ports'
2026-06-24 06:01:53.845 1 INFO neutron.plugins.ml2.extensions.dns_integration [None req-131b625d-cfa7-4bf6-8862-9ea32673cf23 - - - - - -] DNSDomainPortsExtensionDriver initialization complete
2026-06-24 06:01:53.846 1 INFO neutron.plugins.ml2.managers [None req-131b625d-cfa7-4bf6-8862-9ea32673cf23 - - - - - -] Initializing extension driver 'port_security'
2026-06-24 06:01:53.846 1 INFO neutron.plugins.ml2.extensions.port_security [None req-131b625d-cfa7-4bf6-8862-9ea32673cf23 - - - - - -] PortSecurityExtensionDriver initialization complete
2026-06-24 06:01:53.846 1 INFO neutron.plugins.ml2.managers [None req-131b625d-cfa7-4bf6-8862-9ea32673cf23 - - - - - -] Initializing extension driver 'qos'
2026-06-24 06:01:53.847 1 INFO neutron.plugins.ml2.managers [None req-131b625d-cfa7-4bf6-8862-9ea32673cf23 - - - - - -] Initializing mechanism driver 'ovn'
2026-06-24 06:01:53.847 1 INFO neutron.plugins.ml2.drivers.ovn.mech_driver.mech_driver [None req-131b625d-cfa7-4bf6-8862-9ea32673cf23 - - - - - -] Starting OVNMechanismDriver
2026-06-24 06:01:53.876 1 INFO neutron.services.logapi.drivers.ovn.driver [None req-131b625d-cfa7-4bf6-8862-9ea32673cf23 - - - - - -] OVN logging driver registered
2026-06-24 06:01:53.881 1 INFO neutron.quota [None req-131b625d-cfa7-4bf6-8862-9ea32673cf23 - - - - - -] Loaded quota_driver: .
2026-06-24 06:01:53.882 1 INFO neutron.plugins.ml2.plugin [None req-131b625d-cfa7-4bf6-8862-9ea32673cf23 - - - - - -] Modular L2 Plugin initialization complete
2026-06-24 06:01:53.882 1 INFO neutron.plugins.ml2.managers [None req-131b625d-cfa7-4bf6-8862-9ea32673cf23 - - - - - -] Got dns-integration extension from driver 'dns_domain_ports'
2026-06-24 06:01:53.882 1 INFO neutron.plugins.ml2.managers [None req-131b625d-cfa7-4bf6-8862-9ea32673cf23 - - - - - -] Got dns-domain-ports extension from driver 'dns_domain_ports'
2026-06-24 06:01:53.882 1 INFO neutron.plugins.ml2.managers [None req-131b625d-cfa7-4bf6-8862-9ea32673cf23 - - - - - -] Got port-security extension from driver 'port_security'
2026-06-24 06:01:53.883 1 INFO neutron.extensions.vlantransparent [None req-131b625d-cfa7-4bf6-8862-9ea32673cf23 - - - - - -] Disabled vlantransparent extension.
2026-06-24 06:01:53.883 1 INFO neutron.manager [None req-131b625d-cfa7-4bf6-8862-9ea32673cf23 - - - - - -] Loading Plugin: qos
2026-06-24 06:01:53.892 1 INFO neutron.manager [None req-131b625d-cfa7-4bf6-8862-9ea32673cf23 - - - - - -] Loading Plugin: ovn-router
2026-06-24 06:01:53.909 1 INFO neutron.services.ovn_l3.plugin [None req-131b625d-cfa7-4bf6-8862-9ea32673cf23 - - - - - -] Starting OVNL3RouterPlugin
2026-06-24 06:01:53.910 1 INFO neutron.manager [None req-131b625d-cfa7-4bf6-8862-9ea32673cf23 - - - - - -] Loading Plugin: segments
2026-06-24 06:01:53.983 1 INFO neutron.manager [None req-131b625d-cfa7-4bf6-8862-9ea32673cf23 - - - - - -] Loading Plugin: trunk
2026-06-24 06:01:53.989 1 INFO neutron.manager [None req-131b625d-cfa7-4bf6-8862-9ea32673cf23 - - - - - -] Loading Plugin: log
2026-06-24 06:01:53.992 1 INFO neutron.manager [None req-131b625d-cfa7-4bf6-8862-9ea32673cf23 - - - - - -] Loading Plugin: auto_allocate
2026-06-24 06:01:53.995 1 INFO neutron.manager [None req-131b625d-cfa7-4bf6-8862-9ea32673cf23 - - - - - -] Loading Plugin: tag
2026-06-24 06:01:53.998 1 INFO neutron.manager [None req-131b625d-cfa7-4bf6-8862-9ea32673cf23 - - - - - -] Loading Plugin: timestamp
2026-06-24 06:01:54.000 1 INFO neutron.manager [None req-131b625d-cfa7-4bf6-8862-9ea32673cf23 - - - - - -] Loading Plugin: network_ip_availability
2026-06-24 06:01:54.003 1 INFO neutron.manager [None req-131b625d-cfa7-4bf6-8862-9ea32673cf23 - - - - - -] Loading Plugin: flavors
2026-06-24 06:01:54.006 1 INFO neutron.manager [None req-131b625d-cfa7-4bf6-8862-9ea32673cf23 - - - - - -] Loading Plugin: revisions
2026-06-24 06:01:54.008 1 INFO neutron.api.extensions [None req-131b625d-cfa7-4bf6-8862-9ea32673cf23 - - - - - -] Initializing extension manager.
2026-06-24 06:01:54.009 1 INFO neutron.api.extensions [None req-131b625d-cfa7-4bf6-8862-9ea32673cf23 - - - - - -] Loaded extension: address-group
2026-06-24 06:01:54.010 1 INFO neutron.api.extensions [None req-131b625d-cfa7-4bf6-8862-9ea32673cf23 - - - - - -] Loaded extension: address-scope
2026-06-24 06:01:54.011 1 INFO neutron.api.extensions [None req-131b625d-cfa7-4bf6-8862-9ea32673cf23 - - - - - -] Extension router-admin-state-down-before-update not supported by any of loaded plugins
2026-06-24 06:01:54.011 1 INFO neutron.api.extensions [None req-131b625d-cfa7-4bf6-8862-9ea32673cf23 - - - - - -] Loaded extension: agent
2026-06-24 06:01:54.012 1 INFO neutron.api.extensions [None req-131b625d-cfa7-4bf6-8862-9ea32673cf23 - - - - - -] Extension agent-resources-synced not supported by any of loaded plugins
2026-06-24 06:01:54.013 1 INFO neutron.api.extensions [None req-131b625d-cfa7-4bf6-8862-9ea32673cf23 - - - - - -] Loaded extension: allowed-address-pairs
2026-06-24 06:01:54.013 1 INFO neutron.api.extensions [None req-131b625d-cfa7-4bf6-8862-9ea32673cf23 - - - - - -] Loaded extension: auto-allocated-topology
2026-06-24 06:01:54.014 1 INFO neutron.api.extensions [None req-131b625d-cfa7-4bf6-8862-9ea32673cf23 - - - - - -] Loaded extension: availability_zone
2026-06-24 06:01:54.015 1 INFO neutron.api.extensions [None req-131b625d-cfa7-4bf6-8862-9ea32673cf23 - - - - - -] Extension availability_zone_filter not supported by any of loaded plugins
2026-06-24 06:01:54.015 1 INFO neutron.api.extensions [None req-131b625d-cfa7-4bf6-8862-9ea32673cf23 - - - - - -] Extension data-plane-status not supported by any of loaded plugins
2026-06-24 06:01:54.016 1 INFO neutron.api.extensions [None req-131b625d-cfa7-4bf6-8862-9ea32673cf23 - - - - - -] Loaded extension: default-subnetpools
2026-06-24 06:01:54.017 1 INFO neutron.api.extensions [None req-131b625d-cfa7-4bf6-8862-9ea32673cf23 - - - - - -] Loaded extension: dhcp_agent_scheduler
2026-06-24 06:01:54.017 1 INFO neutron.api.extensions [None req-131b625d-cfa7-4bf6-8862-9ea32673cf23 - - - - - -] Loaded extension: dns-integration
2026-06-24 06:01:54.018 1 INFO neutron.api.extensions [None req-131b625d-cfa7-4bf6-8862-9ea32673cf23 - - - - - -] Loaded extension: dns-domain-ports
2026-06-24 06:01:54.018 1 INFO neutron.api.extensions [None req-131b625d-cfa7-4bf6-8862-9ea32673cf23 - - - - - -] Loaded extension: dns-integration-domain-keywords
2026-06-24 06:01:54.019 1 INFO neutron.api.extensions [None req-131b625d-cfa7-4bf6-8862-9ea32673cf23 - - - - - -] Extension dvr not supported by any of loaded plugins
2026-06-24 06:01:54.019 1 INFO neutron.api.extensions [None req-131b625d-cfa7-4bf6-8862-9ea32673cf23 - - - - - -] Extension ecmp_routes not supported by any of loaded plugins
2026-06-24 06:01:54.019 1 INFO neutron.api.extensions [None req-131b625d-cfa7-4bf6-8862-9ea32673cf23 - - - - - -] Extension empty-string-filtering not supported by any of loaded plugins
2026-06-24 06:01:54.020 1 INFO neutron.api.extensions [None req-131b625d-cfa7-4bf6-8862-9ea32673cf23 - - - - - -] Extension expose-l3-conntrack-helper not supported by any of loaded plugins
2026-06-24 06:01:54.021 1 INFO neutron.api.extensions [None req-131b625d-cfa7-4bf6-8862-9ea32673cf23 - - - - - -] Extension expose-port-forwarding-in-fip not supported by any of loaded plugins
2026-06-24 06:01:54.021 1 INFO neutron.api.extensions [None req-131b625d-cfa7-4bf6-8862-9ea32673cf23 - - - - - -] Loaded extension: external-net
2026-06-24 06:01:54.022 1 INFO neutron.api.extensions [None req-131b625d-cfa7-4bf6-8862-9ea32673cf23 - - - - - -] Loaded extension: extra_dhcp_opt
2026-06-24 06:01:54.022 1 INFO neutron.api.extensions [None req-131b625d-cfa7-4bf6-8862-9ea32673cf23 - - - - - -] Loaded extension: extraroute
2026-06-24 06:01:54.023 1 INFO neutron.api.extensions [None req-131b625d-cfa7-4bf6-8862-9ea32673cf23 - - - - - -] Extension extraroute-atomic not supported by any of loaded plugins
2026-06-24 06:01:54.023 1 INFO neutron.api.extensions [None req-131b625d-cfa7-4bf6-8862-9ea32673cf23 - - - - - -] Loaded extension: filter-validation
2026-06-24 06:01:54.024 1 INFO neutron.api.extensions [None req-131b625d-cfa7-4bf6-8862-9ea32673cf23 - - - - - -] Extension floating-ip-port-forwarding-description not supported by any of loaded plugins
2026-06-24 06:01:54.024 1 INFO neutron.api.extensions [None req-131b625d-cfa7-4bf6-8862-9ea32673cf23 - - - - - -] Loaded extension: floating-ip-port-forwarding-detail
2026-06-24 06:01:54.025 1 INFO neutron.api.extensions [None req-131b625d-cfa7-4bf6-8862-9ea32673cf23 - - - - - -] Extension floating-ip-port-forwarding-port-ranges not supported by any of loaded plugins
2026-06-24 06:01:54.025 1 INFO neutron.api.extensions [None req-131b625d-cfa7-4bf6-8862-9ea32673cf23 - - - - - -] Loaded extension: fip-port-details
2026-06-24 06:01:54.026 1 INFO neutron.api.extensions [None req-131b625d-cfa7-4bf6-8862-9ea32673cf23 - - - - - -] Loaded extension: flavors
2026-06-24 06:01:54.027 1 INFO neutron.api.extensions [None req-131b625d-cfa7-4bf6-8862-9ea32673cf23 - - - - - -] Extension floating-ip-port-forwarding not supported by any of loaded plugins
2026-06-24 06:01:54.028 1 INFO neutron.api.extensions [None req-131b625d-cfa7-4bf6-8862-9ea32673cf23 - - - - - -] Loaded extension: floatingip-pools
2026-06-24 06:01:54.028 1 INFO neutron.api.extensions [None req-131b625d-cfa7-4bf6-8862-9ea32673cf23 - - - - - -] Loaded extension: ip_allocation
2026-06-24 06:01:54.029 1 INFO neutron.api.extensions [None req-131b625d-cfa7-4bf6-8862-9ea32673cf23 - - - - - -] Extension ip-substring-filtering not supported by any of loaded plugins
2026-06-24 06:01:54.029 1 INFO neutron.api.extensions [None req-131b625d-cfa7-4bf6-8862-9ea32673cf23 - - - - - -] Loaded extension: l2_adjacency
2026-06-24 06:01:54.030 1 INFO neutron.api.extensions [None req-131b625d-cfa7-4bf6-8862-9ea32673cf23 - - - - - -] Loaded extension: router
2026-06-24 06:01:54.032 1 INFO neutron.api.extensions [None req-131b625d-cfa7-4bf6-8862-9ea32673cf23 - - - - - -] Extension l3-conntrack-helper not supported by any of loaded plugins
2026-06-24 06:01:54.033 1 INFO neutron.api.extensions [None req-131b625d-cfa7-4bf6-8862-9ea32673cf23 - - - - - -] Loaded extension: ext-gw-mode
2026-06-24 06:01:54.033 1 INFO neutron.api.extensions [None req-131b625d-cfa7-4bf6-8862-9ea32673cf23 - - - - - -] Extension l3-ha not supported by any of loaded plugins
2026-06-24 06:01:54.034 1 INFO neutron.api.extensions [None req-131b625d-cfa7-4bf6-8862-9ea32673cf23 - - - - - -] Extension l3-ext-ndp-proxy not supported by any of loaded plugins
2026-06-24 06:01:54.035 1 INFO neutron.api.extensions [None req-131b625d-cfa7-4bf6-8862-9ea32673cf23 - - - - - -] Extension l3-flavors not supported by any of loaded plugins
2026-06-24 06:01:54.035 1 INFO neutron.api.extensions [None req-131b625d-cfa7-4bf6-8862-9ea32673cf23 - - - - - -] Extension l3-ndp-proxy not supported by any of loaded plugins
2026-06-24 06:01:54.036 1 INFO neutron.api.extensions [None req-131b625d-cfa7-4bf6-8862-9ea32673cf23 - - - - - -] Extension l3-port-ip-change-not-allowed not supported by any of loaded plugins
2026-06-24 06:01:54.037 1 INFO neutron.api.extensions [None req-131b625d-cfa7-4bf6-8862-9ea32673cf23 - - - - - -] Extension l3_agent_scheduler not supported by any of loaded plugins
2026-06-24 06:01:54.038 1 INFO neutron.api.extensions [None req-131b625d-cfa7-4bf6-8862-9ea32673cf23 - - - - - -] Extension local_ip not supported by any of loaded plugins
2026-06-24 06:01:54.039 1 INFO neutron.api.extensions [None req-131b625d-cfa7-4bf6-8862-9ea32673cf23 - - - - - -] Loaded extension: logging
2026-06-24 06:01:54.040 1 INFO neutron.api.extensions [None req-131b625d-cfa7-4bf6-8862-9ea32673cf23 - - - - - -] Extension metering not supported by any of loaded plugins
2026-06-24 06:01:54.041 1 INFO neutron.api.extensions [None req-131b625d-cfa7-4bf6-8862-9ea32673cf23 - - - - - -] Extension metering_source_and_destination_fields not supported by any of loaded plugins
2026-06-24 06:01:54.041 1 INFO neutron.api.extensions [None req-131b625d-cfa7-4bf6-8862-9ea32673cf23 - - - - - -] Loaded extension: multi-provider
2026-06-24 06:01:54.041 1 INFO neutron.api.extensions [None req-131b625d-cfa7-4bf6-8862-9ea32673cf23 - - - - - -] Loaded extension: net-mtu
2026-06-24 06:01:54.042 1 INFO neutron.api.extensions [None req-131b625d-cfa7-4bf6-8862-9ea32673cf23 - - - - - -] Loaded extension: net-mtu-writable
2026-06-24 06:01:54.042 1 INFO neutron.api.extensions [None req-131b625d-cfa7-4bf6-8862-9ea32673cf23 - - - - - -] Loaded extension: network_availability_zone
2026-06-24 06:01:54.043 1 INFO neutron.api.extensions [None req-131b625d-cfa7-4bf6-8862-9ea32673cf23 - - - - - -] Loaded extension: network-ip-availability
2026-06-24 06:01:54.044 1 INFO neutron.api.extensions [None req-131b625d-cfa7-4bf6-8862-9ea32673cf23 - - - - - -] Extension network-segment-range not supported by any of loaded plugins
2026-06-24 06:01:54.044 1 INFO neutron.api.extensions [None req-131b625d-cfa7-4bf6-8862-9ea32673cf23 - - - - - -] Loaded extension: pagination
2026-06-24 06:01:54.045 1 INFO neutron.api.extensions [None req-131b625d-cfa7-4bf6-8862-9ea32673cf23 - - - - - -] Loaded extension: port-device-profile
2026-06-24 06:01:54.045 1 INFO neutron.api.extensions [None req-131b625d-cfa7-4bf6-8862-9ea32673cf23 - - - - - -] Extension port-mac-override not supported by any of loaded plugins
2026-06-24 06:01:54.046 1 INFO neutron.api.extensions [None req-131b625d-cfa7-4bf6-8862-9ea32673cf23 - - - - - -] Loaded extension: port-mac-address-regenerate
2026-06-24 06:01:54.046 1 INFO neutron.api.extensions [None req-131b625d-cfa7-4bf6-8862-9ea32673cf23 - - - - - -] Loaded extension: port-numa-affinity-policy
2026-06-24 06:01:54.047 1 INFO neutron.api.extensions [None req-131b625d-cfa7-4bf6-8862-9ea32673cf23 - - - - - -] Loaded extension: port-resource-request
2026-06-24 06:01:54.047 1 INFO neutron.api.extensions [None req-131b625d-cfa7-4bf6-8862-9ea32673cf23 - - - - - -] Loaded extension: port-resource-request-groups
2026-06-24 06:01:54.047 1 INFO neutron.api.extensions [None req-131b625d-cfa7-4bf6-8862-9ea32673cf23 - - - - - -] Loaded extension: binding
2026-06-24 06:01:54.048 1 INFO neutron.api.extensions [None req-131b625d-cfa7-4bf6-8862-9ea32673cf23 - - - - - -] Loaded extension: binding-extended
2026-06-24 06:01:54.049 1 INFO neutron.api.extensions [None req-131b625d-cfa7-4bf6-8862-9ea32673cf23 - - - - - -] Loaded extension: port-security
2026-06-24 06:01:54.049 1 INFO neutron.api.extensions [None req-131b625d-cfa7-4bf6-8862-9ea32673cf23 - - - - - -] Loaded extension: project-id
2026-06-24 06:01:54.049 1 INFO neutron.api.extensions [None req-131b625d-cfa7-4bf6-8862-9ea32673cf23 - - - - - -] Loaded extension: provider
2026-06-24 06:01:54.051 1 INFO neutron.api.extensions [None req-131b625d-cfa7-4bf6-8862-9ea32673cf23 - - - - - -] Loaded extension: qos
2026-06-24 06:01:54.052 1 INFO neutron.api.extensions [None req-131b625d-cfa7-4bf6-8862-9ea32673cf23 - - - - - -] Loaded extension: qos-bw-limit-direction
2026-06-24 06:01:54.052 1 INFO neutron.api.extensions [None req-131b625d-cfa7-4bf6-8862-9ea32673cf23 - - - - - -] Loaded extension: qos-bw-minimum-ingress
2026-06-24 06:01:54.053 1 INFO neutron.api.extensions [None req-131b625d-cfa7-4bf6-8862-9ea32673cf23 - - - - - -] Loaded extension: qos-default
2026-06-24 06:01:54.053 1 INFO neutron.api.extensions [None req-131b625d-cfa7-4bf6-8862-9ea32673cf23 - - - - - -] Loaded extension: qos-fip
2026-06-24 06:01:54.053 1 INFO neutron.api.extensions [None req-131b625d-cfa7-4bf6-8862-9ea32673cf23 - - - - - -] Extension qos-fip-network-policy not supported by any of loaded plugins
2026-06-24 06:01:54.054 1 INFO neutron.api.extensions [None req-131b625d-cfa7-4bf6-8862-9ea32673cf23 - - - - - -] Loaded extension: qos-gateway-ip
2026-06-24 06:01:54.054 1 INFO neutron.api.extensions [None req-131b625d-cfa7-4bf6-8862-9ea32673cf23 - - - - - -] Loaded extension: qos-port-network-policy
2026-06-24 06:01:54.055 1 INFO neutron.api.extensions [None req-131b625d-cfa7-4bf6-8862-9ea32673cf23 - - - - - -] Loaded extension: qos-pps-minimum
2026-06-24 06:01:54.056 1 INFO neutron.api.extensions [None req-131b625d-cfa7-4bf6-8862-9ea32673cf23 - - - - - -] Loaded extension: qos-pps-minimum-rule-alias
2026-06-24 06:01:54.056 1 INFO neutron.api.extensions [None req-131b625d-cfa7-4bf6-8862-9ea32673cf23 - - - - - -] Loaded extension: qos-pps
2026-06-24 06:01:54.057 1 INFO neutron.api.extensions [None req-131b625d-cfa7-4bf6-8862-9ea32673cf23 - - - - - -] Loaded extension: qos-rule-type-details
2026-06-24 06:01:54.057 1 INFO neutron.api.extensions [None req-131b625d-cfa7-4bf6-8862-9ea32673cf23 - - - - - -] Loaded extension: qos-rule-type-filter
2026-06-24 06:01:54.058 1 INFO neutron.api.extensions [None req-131b625d-cfa7-4bf6-8862-9ea32673cf23 - - - - - -] Loaded extension: qos-rules-alias
2026-06-24 06:01:54.058 1 INFO neutron.api.extensions [None req-131b625d-cfa7-4bf6-8862-9ea32673cf23 - - - - - -] Loaded extension: quota-check-limit
2026-06-24 06:01:54.060 1 INFO neutron.api.extensions [None req-131b625d-cfa7-4bf6-8862-9ea32673cf23 - - - - - -] Loaded extension: quotas
2026-06-24 06:01:54.060 1 INFO neutron.api.extensions [None req-131b625d-cfa7-4bf6-8862-9ea32673cf23 - - - - - -] Loaded extension: quota_details
2026-06-24 06:01:54.062 1 INFO neutron.api.extensions [None req-131b625d-cfa7-4bf6-8862-9ea32673cf23 - - - - - -] Loaded extension: rbac-policies
2026-06-24 06:01:54.062 1 INFO neutron.api.extensions [None req-131b625d-cfa7-4bf6-8862-9ea32673cf23 - - - - - -] Extension rbac-address-group not supported by any of loaded plugins
2026-06-24 06:01:54.063 1 INFO neutron.api.extensions [None req-131b625d-cfa7-4bf6-8862-9ea32673cf23 - - - - - -] Loaded extension: rbac-address-scope
2026-06-24 06:01:54.063 1 INFO neutron.api.extensions [None req-131b625d-cfa7-4bf6-8862-9ea32673cf23 - - - - - -] Loaded extension: rbac-security-groups
2026-06-24 06:01:54.063 1 INFO neutron.api.extensions [None req-131b625d-cfa7-4bf6-8862-9ea32673cf23 - - - - - -] Extension rbac-subnetpool not supported by any of loaded plugins
2026-06-24 06:01:54.064 1 INFO neutron.api.extensions [None req-131b625d-cfa7-4bf6-8862-9ea32673cf23 - - - - - -] Loaded extension: revision-if-match
2026-06-24 06:01:54.065 1 INFO neutron.api.extensions [None req-131b625d-cfa7-4bf6-8862-9ea32673cf23 - - - - - -] Loaded extension: standard-attr-revisions
2026-06-24 06:01:54.065 1 INFO neutron.api.extensions [None req-131b625d-cfa7-4bf6-8862-9ea32673cf23 - - - - - -] Loaded extension: router_availability_zone
2026-06-24 06:01:54.066 1 INFO neutron.api.extensions [None req-131b625d-cfa7-4bf6-8862-9ea32673cf23 - - - - - -] Extension router-service-type not supported by any of loaded plugins
2026-06-24 06:01:54.067 1 INFO neutron.api.extensions [None req-131b625d-cfa7-4bf6-8862-9ea32673cf23 - - - - - -] Extension security-groups-default-rules not supported by any of loaded plugins
2026-06-24 06:01:54.068 1 INFO neutron.api.extensions [None req-131b625d-cfa7-4bf6-8862-9ea32673cf23 - - - - - -] Loaded extension: security-groups-normalized-cidr
2026-06-24 06:01:54.068 1 INFO neutron.api.extensions [None req-131b625d-cfa7-4bf6-8862-9ea32673cf23 - - - - - -] Extension port-security-groups-filtering not supported by any of loaded plugins
2026-06-24 06:01:54.069 1 INFO neutron.api.extensions [None req-131b625d-cfa7-4bf6-8862-9ea32673cf23 - - - - - -] Loaded extension: security-groups-remote-address-group
2026-06-24 06:01:54.070 1 INFO neutron.api.extensions [None req-131b625d-cfa7-4bf6-8862-9ea32673cf23 - - - - - -] Loaded extension: security-groups-shared-filtering
2026-06-24 06:01:54.078 1 INFO neutron.api.extensions [None req-131b625d-cfa7-4bf6-8862-9ea32673cf23 - - - - - -] Loaded extension: security-group
2026-06-24 06:01:54.078 1 INFO neutron.api.extensions [None req-131b625d-cfa7-4bf6-8862-9ea32673cf23 - - - - - -] Loaded extension: segment
2026-06-24 06:01:54.079 1 INFO neutron.api.extensions [None req-131b625d-cfa7-4bf6-8862-9ea32673cf23 - - - - - -] Loaded extension: segments-peer-subnet-host-routes
2026-06-24 06:01:54.079 1 INFO neutron.api.extensions [None req-131b625d-cfa7-4bf6-8862-9ea32673cf23 - - - - - -] Loaded extension: service-type
2026-06-24 06:01:54.080 1 INFO neutron.api.extensions [None req-131b625d-cfa7-4bf6-8862-9ea32673cf23 - - - - - -] Loaded extension: sorting
2026-06-24 06:01:54.080 1 INFO neutron.api.extensions [None req-131b625d-cfa7-4bf6-8862-9ea32673cf23 - - - - - -] Loaded extension: standard-attr-segment
2026-06-24 06:01:54.081 1 INFO neutron.api.extensions [None req-131b625d-cfa7-4bf6-8862-9ea32673cf23 - - - - - -] Loaded extension: standard-attr-description
2026-06-24 06:01:54.081 1 INFO neutron.api.extensions [None req-131b625d-cfa7-4bf6-8862-9ea32673cf23 - - - - - -] Loaded extension: stateful-security-group
2026-06-24 06:01:54.082 1 WARNING neutron.api.extensions [None req-131b625d-cfa7-4bf6-8862-9ea32673cf23 - - - - - -] Did not find expected name "Stdattrs_common" in /var/lib/openstack/lib/python3.10/site-packages/neutron/extensions/stdattrs_common.py
2026-06-24 06:01:54.082 1 INFO neutron.api.extensions [None req-131b625d-cfa7-4bf6-8862-9ea32673cf23 - - - - - -] Loaded extension: subnet-dns-publish-fixed-ip
2026-06-24 06:01:54.083 1 INFO neutron.api.extensions [None req-131b625d-cfa7-4bf6-8862-9ea32673cf23 - - - - - -] Extension subnet_onboard not supported by any of loaded plugins
2026-06-24 06:01:54.083 1 INFO neutron.api.extensions [None req-131b625d-cfa7-4bf6-8862-9ea32673cf23 - - - - - -] Loaded extension: subnet-segmentid-writable
2026-06-24 06:01:54.084 1 INFO neutron.api.extensions [None req-131b625d-cfa7-4bf6-8862-9ea32673cf23 - - - - - -] Loaded extension: subnet-service-types
2026-06-24 06:01:54.084 1 INFO neutron.api.extensions [None req-131b625d-cfa7-4bf6-8862-9ea32673cf23 - - - - - -] Loaded extension: subnet_allocation
2026-06-24 06:01:54.085 1 INFO neutron.api.extensions [None req-131b625d-cfa7-4bf6-8862-9ea32673cf23 - - - - - -] Loaded extension: subnetpool-prefix-ops
2026-06-24 06:01:54.085 1 INFO neutron.api.extensions [None req-131b625d-cfa7-4bf6-8862-9ea32673cf23 - - - - - -] Extension tag-ports-during-bulk-creation not supported by any of loaded plugins
2026-06-24 06:01:54.087 1 INFO neutron.api.extensions [None req-131b625d-cfa7-4bf6-8862-9ea32673cf23 - - - - - -] Loaded extension: standard-attr-tag
2026-06-24 06:01:54.088 1 INFO neutron.api.extensions [None req-131b625d-cfa7-4bf6-8862-9ea32673cf23 - - - - - -] Loaded extension: standard-attr-timestamp
2026-06-24 06:01:54.088 1 INFO neutron.api.extensions [None req-131b625d-cfa7-4bf6-8862-9ea32673cf23 - - - - - -] Loaded extension: trunk
2026-06-24 06:01:54.089 1 INFO neutron.api.extensions [None req-131b625d-cfa7-4bf6-8862-9ea32673cf23 - - - - - -] Loaded extension: trunk-details
2026-06-24 06:01:54.089 1 INFO neutron.api.extensions [None req-131b625d-cfa7-4bf6-8862-9ea32673cf23 - - - - - -] Extension uplink-status-propagation not supported by any of loaded plugins
2026-06-24 06:01:54.090 1 INFO neutron.api.extensions [None req-131b625d-cfa7-4bf6-8862-9ea32673cf23 - - - - - -] Extension vlan-transparent not supported by any of loaded plugins
2026-06-24 06:01:54.091 1 INFO neutron.quota.resource_registry [None req-131b625d-cfa7-4bf6-8862-9ea32673cf23 - - - - - -] Creating instance of TrackedResource for resource:network
2026-06-24 06:01:54.092 1 INFO neutron.quota.resource_registry [None req-131b625d-cfa7-4bf6-8862-9ea32673cf23 - - - - - -] Creating instance of TrackedResource for resource:subnet
2026-06-24 06:01:54.092 1 INFO neutron.quota.resource_registry [None req-131b625d-cfa7-4bf6-8862-9ea32673cf23 - - - - - -] Creating instance of TrackedResource for resource:subnetpool
2026-06-24 06:01:54.092 1 INFO neutron.quota.resource_registry [None req-131b625d-cfa7-4bf6-8862-9ea32673cf23 - - - - - -] Creating instance of TrackedResource for resource:port
2026-06-24 06:01:54.093 1 INFO neutron.quota.resource_registry [None req-131b625d-cfa7-4bf6-8862-9ea32673cf23 - - - - - -] Creating instance of TrackedResource for resource:router
2026-06-24 06:01:54.093 1 INFO neutron.quota.resource_registry [None req-131b625d-cfa7-4bf6-8862-9ea32673cf23 - - - - - -] Creating instance of TrackedResource for resource:floatingip
2026-06-24 06:01:54.095 1 INFO neutron.quota.resource_registry [None req-131b625d-cfa7-4bf6-8862-9ea32673cf23 - - - - - -] Creating instance of CountableResource for resource:rbac_policy
2026-06-24 06:01:54.095 1 INFO neutron.quota.resource_registry [None req-131b625d-cfa7-4bf6-8862-9ea32673cf23 - - - - - -] Creating instance of TrackedResource for resource:security_group
2026-06-24 06:01:54.095 1 INFO neutron.quota.resource_registry [None req-131b625d-cfa7-4bf6-8862-9ea32673cf23 - - - - - -] Creating instance of TrackedResource for resource:security_group_rule
2026-06-24 06:01:54.095 1 INFO neutron.quota.resource_registry [None req-131b625d-cfa7-4bf6-8862-9ea32673cf23 - - - - - -] Creating instance of TrackedResource for resource:subnetpool
2026-06-24 06:01:54.095 1 WARNING neutron.quota.resource_registry [None req-131b625d-cfa7-4bf6-8862-9ea32673cf23 - - - - - -] subnetpool is already registered
2026-06-24 06:01:54.096 1 INFO neutron.quota.resource_registry [None req-131b625d-cfa7-4bf6-8862-9ea32673cf23 - - - - - -] Creating instance of CountableResource for resource:trunk
2026-06-24 06:01:54.097 1 INFO neutron.quota.resource_registry [None req-131b625d-cfa7-4bf6-8862-9ea32673cf23 - - - - - -] Creating instance of TrackedResource for resource:router
2026-06-24 06:01:54.097 1 WARNING neutron.quota.resource_registry [None req-131b625d-cfa7-4bf6-8862-9ea32673cf23 - - - - - -] router is already registered
2026-06-24 06:01:54.097 1 INFO neutron.quota.resource_registry [None req-131b625d-cfa7-4bf6-8862-9ea32673cf23 - - - - - -] Creating instance of TrackedResource for resource:floatingip
2026-06-24 06:01:54.097 1 WARNING neutron.quota.resource_registry [None req-131b625d-cfa7-4bf6-8862-9ea32673cf23 - - - - - -] floatingip is already registered
2026-06-24 06:01:54.098 1 INFO neutron.quota.resource_registry [None req-131b625d-cfa7-4bf6-8862-9ea32673cf23 - - - - - -] Creating instance of CountableResource for resource:rbac_policy
2026-06-24 06:01:54.098 1 WARNING neutron.quota.resource_registry [None req-131b625d-cfa7-4bf6-8862-9ea32673cf23 - - - - - -] rbac_policy is already registered
2026-06-24 06:01:54.099 1 INFO neutron.quota.resource_registry [None req-131b625d-cfa7-4bf6-8862-9ea32673cf23 - - - - - -] Creating instance of TrackedResource for resource:security_group
2026-06-24 06:01:54.099 1 WARNING neutron.quota.resource_registry [None req-131b625d-cfa7-4bf6-8862-9ea32673cf23 - - - - - -] security_group is already registered
2026-06-24 06:01:54.099 1 INFO neutron.quota.resource_registry [None req-131b625d-cfa7-4bf6-8862-9ea32673cf23 - - - - - -] Creating instance of TrackedResource for resource:security_group_rule
2026-06-24 06:01:54.099 1 WARNING neutron.quota.resource_registry [None req-131b625d-cfa7-4bf6-8862-9ea32673cf23 - - - - - -] security_group_rule is already registered
2026-06-24 06:01:54.099 1 INFO neutron.quota.resource_registry [None req-131b625d-cfa7-4bf6-8862-9ea32673cf23 - - - - - -] Creating instance of TrackedResource for resource:subnetpool
2026-06-24 06:01:54.099 1 WARNING neutron.quota.resource_registry [None req-131b625d-cfa7-4bf6-8862-9ea32673cf23 - - - - - -] subnetpool is already registered
2026-06-24 06:01:54.100 1 INFO neutron.quota.resource_registry [None req-131b625d-cfa7-4bf6-8862-9ea32673cf23 - - - - - -] Creating instance of CountableResource for resource:trunk
2026-06-24 06:01:54.100 1 WARNING neutron.quota.resource_registry [None req-131b625d-cfa7-4bf6-8862-9ea32673cf23 - - - - - -] trunk is already registered
2026-06-24 06:01:54.126 1 WARNING keystonemiddleware._common.config [None req-131b625d-cfa7-4bf6-8862-9ea32673cf23 - - - - - -] The option "audit_map_file" is not known to keystonemiddleware
2026-06-24 06:01:54.132 1 WARNING oslo_config.cfg [None req-131b625d-cfa7-4bf6-8862-9ea32673cf23 - - - - - -] Deprecated: Option "auth_uri" from group "keystone_authtoken" is deprecated. Use option "www_authenticate_uri" from group "keystone_authtoken".
2026-06-24 06:01:54.135 1 INFO oslo_service.service [None req-131b625d-cfa7-4bf6-8862-9ea32673cf23 - - - - - -] Starting 2 workers
2026-06-24 06:01:54.144 1 INFO neutron.service [None req-131b625d-cfa7-4bf6-8862-9ea32673cf23 - - - - - -] Neutron service started, listening on 0.0.0.0:9696
2026-06-24 06:01:54.164 9 INFO neutron.db.ovn_hash_ring_db [None req-aa8d045e-22f3-46e7-91e5-b85e4072af46 - - - - - -] Nodes from host "neutron-server-79656c7c8f-fmws7" and group "mechanism_driver" removed from the Hash Ring
2026-06-24 06:01:54.164 1 INFO oslo_service.service [None req-131b625d-cfa7-4bf6-8862-9ea32673cf23 - - - - - -] Starting 2 workers
2026-06-24 06:01:54.173 9 INFO neutron.db.ovn_hash_ring_db [None req-aa8d045e-22f3-46e7-91e5-b85e4072af46 - - - - - -] Node ef9d0138-fe04-4471-800c-71283c5911c4 from host "neutron-server-79656c7c8f-fmws7" and group "mechanism_driver" added to the Hash Ring
2026-06-24 06:01:54.173 1 INFO oslo_service.service [None req-131b625d-cfa7-4bf6-8862-9ea32673cf23 - - - - - -] Starting 1 workers
2026-06-24 06:01:54.175 9 INFO neutron.plugins.ml2.drivers.ovn.mech_driver.mech_driver [None req-aa8d045e-22f3-46e7-91e5-b85e4072af46 - - - - - -] Hash Ring probing thread has started
2026-06-24 06:01:54.176 1 INFO oslo_service.service [None req-131b625d-cfa7-4bf6-8862-9ea32673cf23 - - - - - -] Starting 1 workers
2026-06-24 06:01:54.177 9 INFO neutron.plugins.ml2.drivers.ovn.mech_driver.ovsdb.impl_idl_ovn [None req-aa8d045e-22f3-46e7-91e5-b85e4072af46 - - - - - -] Getting OvsdbNbOvnIdl for WorkerService with retry
2026-06-24 06:01:54.178 1 INFO oslo_service.service [None req-131b625d-cfa7-4bf6-8862-9ea32673cf23 - - - - - -] Starting 1 workers
2026-06-24 06:01:54.179 12 INFO neutron.plugins.ml2.drivers.ovn.mech_driver.ovsdb.impl_idl_ovn [-] Getting OvsdbNbOvnIdl for RpcWorker with retry
2026-06-24 06:01:54.182 13 INFO neutron.plugins.ml2.drivers.ovn.mech_driver.ovsdb.impl_idl_ovn [-] Getting OvsdbNbOvnIdl for RpcWorker with retry
2026-06-24 06:01:54.187 15 INFO neutron.plugins.ml2.drivers.ovn.mech_driver.ovsdb.impl_idl_ovn [-] Getting OvsdbNbOvnIdl for MaintenanceWorker with retry
2026-06-24 06:01:54.191 1 WARNING oslo_config.cfg [-] Deprecated: Option "auth_uri" from group "keystone_authtoken" is deprecated for removal (The auth_uri option is deprecated in favor of www_authenticate_uri and will be removed in the S release.). Its value may be silently ignored in the future.
2026-06-24 06:01:54.206 10 INFO neutron.db.ovn_hash_ring_db [None req-0183b420-9196-44c5-a170-ab4c1f8b71c1 - - - - - -] Node a9276a23-b5f5-495f-8d08-05ff407eb6b0 from host "neutron-server-79656c7c8f-fmws7" and group "mechanism_driver" added to the Hash Ring
2026-06-24 06:01:54.207 10 INFO neutron.plugins.ml2.drivers.ovn.mech_driver.ovsdb.impl_idl_ovn [None req-0183b420-9196-44c5-a170-ab4c1f8b71c1 - - - - - -] Getting OvsdbNbOvnIdl for WorkerService with retry
2026-06-24 06:01:54.229 9 INFO ovsdbapp.backend.ovs_idl.vlog [None req-aa8d045e-22f3-46e7-91e5-b85e4072af46 - - - - - -] tcp:10.102.58.163:6641: connecting...
2026-06-24 06:01:54.229 12 INFO ovsdbapp.backend.ovs_idl.vlog [None req-0e603a2d-31e8-41c0-9673-c4dd7a6b1f01 - - - - - -] tcp:10.102.58.163:6641: connecting...
2026-06-24 06:01:54.230 9 INFO ovsdbapp.backend.ovs_idl.vlog [None req-aa8d045e-22f3-46e7-91e5-b85e4072af46 - - - - - -] tcp:10.102.58.163:6641: connected
2026-06-24 06:01:54.230 12 INFO ovsdbapp.backend.ovs_idl.vlog [None req-0e603a2d-31e8-41c0-9673-c4dd7a6b1f01 - - - - - -] tcp:10.102.58.163:6641: connected
2026-06-24 06:01:54.235 13 INFO ovsdbapp.backend.ovs_idl.vlog [None req-fdbd84ae-5542-4fc9-bb85-8ef2fea7bca6 - - - - - -] tcp:10.102.58.163:6641: connecting...
2026-06-24 06:01:54.235 13 INFO ovsdbapp.backend.ovs_idl.vlog [None req-fdbd84ae-5542-4fc9-bb85-8ef2fea7bca6 - - - - - -] tcp:10.102.58.163:6641: connected
2026-06-24 06:01:54.240 15 INFO ovsdbapp.backend.ovs_idl.vlog [-] tcp:10.102.58.163:6641: connecting...
2026-06-24 06:01:54.241 15 INFO ovsdbapp.backend.ovs_idl.vlog [-] tcp:10.102.58.163:6641: connected
2026-06-24 06:01:54.249 10 INFO ovsdbapp.backend.ovs_idl.vlog [None req-0183b420-9196-44c5-a170-ab4c1f8b71c1 - - - - - -] tcp:10.102.58.163:6641: connecting...
2026-06-24 06:01:54.249 10 INFO ovsdbapp.backend.ovs_idl.vlog [None req-0183b420-9196-44c5-a170-ab4c1f8b71c1 - - - - - -] tcp:10.102.58.163:6641: connected
2026-06-24 06:01:54.276 15 INFO neutron.plugins.ml2.drivers.ovn.mech_driver.ovsdb.impl_idl_ovn [-] Getting OvsdbSbOvnIdl for MaintenanceWorker with retry
2026-06-24 06:01:54.280 9 INFO neutron.plugins.ml2.drivers.ovn.mech_driver.ovsdb.impl_idl_ovn [None req-aa8d045e-22f3-46e7-91e5-b85e4072af46 - - - - - -] Getting OvsdbSbOvnIdl for WorkerService with retry
2026-06-24 06:01:54.281 15 INFO ovsdbapp.backend.ovs_idl.vlog [-] tcp:10.109.128.214:6642: connecting...
2026-06-24 06:01:54.281 15 INFO ovsdbapp.backend.ovs_idl.vlog [-] tcp:10.109.128.214:6642: connected
2026-06-24 06:01:54.289 9 INFO ovsdbapp.backend.ovs_idl.vlog [None req-aa8d045e-22f3-46e7-91e5-b85e4072af46 - - - - - -] tcp:10.109.128.214:6642: connecting...
2026-06-24 06:01:54.289 9 INFO ovsdbapp.backend.ovs_idl.vlog [None req-aa8d045e-22f3-46e7-91e5-b85e4072af46 - - - - - -] tcp:10.109.128.214:6642: connected
2026-06-24 06:01:54.302 10 INFO neutron.plugins.ml2.drivers.ovn.mech_driver.ovsdb.impl_idl_ovn [None req-0183b420-9196-44c5-a170-ab4c1f8b71c1 - - - - - -] Getting OvsdbSbOvnIdl for WorkerService with retry
2026-06-24 06:01:54.306 12 INFO neutron.plugins.ml2.drivers.ovn.mech_driver.ovsdb.impl_idl_ovn [None req-0e603a2d-31e8-41c0-9673-c4dd7a6b1f01 - - - - - -] Getting OvsdbSbOvnIdl for RpcWorker with retry
2026-06-24 06:01:54.310 10 INFO ovsdbapp.backend.ovs_idl.vlog [None req-0183b420-9196-44c5-a170-ab4c1f8b71c1 - - - - - -] tcp:10.109.128.214:6642: connecting...
2026-06-24 06:01:54.311 10 INFO ovsdbapp.backend.ovs_idl.vlog [None req-0183b420-9196-44c5-a170-ab4c1f8b71c1 - - - - - -] tcp:10.109.128.214:6642: connected
2026-06-24 06:01:54.313 12 INFO ovsdbapp.backend.ovs_idl.vlog [None req-0e603a2d-31e8-41c0-9673-c4dd7a6b1f01 - - - - - -] tcp:10.109.128.214:6642: connecting...
2026-06-24 06:01:54.313 12 INFO ovsdbapp.backend.ovs_idl.vlog [None req-0e603a2d-31e8-41c0-9673-c4dd7a6b1f01 - - - - - -] tcp:10.109.128.214:6642: connected
2026-06-24 06:01:54.323 13 INFO neutron.plugins.ml2.drivers.ovn.mech_driver.ovsdb.impl_idl_ovn [None req-fdbd84ae-5542-4fc9-bb85-8ef2fea7bca6 - - - - - -] Getting OvsdbSbOvnIdl for RpcWorker with retry
2026-06-24 06:01:54.328 15 INFO neutron.plugins.ml2.drivers.ovn.mech_driver.ovsdb.extensions.qos [-] Starting OVNClientQosExtension
2026-06-24 06:01:54.329 15 INFO neutron.plugins.ml2.drivers.ovn.mech_driver.ovsdb.extensions.placement [-] Starting OVNClientPlacementExtension
2026-06-24 06:01:54.329 15 INFO neutron.plugins.ml2.drivers.ovn.mech_driver.ovsdb.extensions.qos [-] Starting OVNClientQosExtension
2026-06-24 06:01:54.329 13 INFO ovsdbapp.backend.ovs_idl.vlog [None req-fdbd84ae-5542-4fc9-bb85-8ef2fea7bca6 - - - - - -] tcp:10.109.128.214:6642: connecting...
2026-06-24 06:01:54.329 13 INFO ovsdbapp.backend.ovs_idl.vlog [None req-fdbd84ae-5542-4fc9-bb85-8ef2fea7bca6 - - - - - -] tcp:10.109.128.214:6642: connected
2026-06-24 06:01:54.332 9 INFO neutron.plugins.ml2.drivers.ovn.mech_driver.mech_driver [None req-aa8d045e-22f3-46e7-91e5-b85e4072af46 - - - - - -] WorkerService process has finished the post initialization
2026-06-24 06:01:54.333 9 INFO neutron.wsgi [-] (9) wsgi starting up on http://0.0.0.0:9696
2026-06-24 06:01:54.335 15 INFO neutron.plugins.ml2.drivers.ovn.mech_driver.mech_driver [-] Maintenance task thread has started
2026-06-24 06:01:54.335 15 INFO neutron.plugins.ml2.drivers.ovn.mech_driver.mech_driver [-] MaintenanceWorker process has finished the post initialization
2026-06-24 06:01:54.356 12 INFO neutron.plugins.ml2.drivers.ovn.mech_driver.mech_driver [None req-0e603a2d-31e8-41c0-9673-c4dd7a6b1f01 - - - - - -] RpcWorker process has finished the post initialization
2026-06-24 06:01:54.358 10 INFO neutron.plugins.ml2.drivers.ovn.mech_driver.mech_driver [None req-0183b420-9196-44c5-a170-ab4c1f8b71c1 - - - - - -] WorkerService process has finished the post initialization
2026-06-24 06:01:54.359 10 INFO neutron.wsgi [-] (10) wsgi starting up on http://0.0.0.0:9696
2026-06-24 06:01:54.373 13 INFO neutron.plugins.ml2.drivers.ovn.mech_driver.mech_driver [None req-fdbd84ae-5542-4fc9-bb85-8ef2fea7bca6 - - - - - -] RpcWorker process has finished the post initialization
2026-06-24 06:01:54.490 15 INFO neutron.db.ovn_hash_ring_db [None req-de1d20c2-d16d-40a3-a6c5-4aed4fea05c1 - - - - - -] Cleaned up Hash Ring nodes older than 5 days
2026-06-24 06:01:54.512 15 INFO neutron.plugins.ml2.drivers.ovn.mech_driver.ovsdb.extensions.qos [None req-de1d20c2-d16d-40a3-a6c5-4aed4fea05c1 - - - - - -] Starting OVNClientQosExtension
2026-06-24 06:02:03.003 9 INFO neutron.wsgi [-] 10.0.0.169 "GET / HTTP/1.1" status: 200 len: 247 time: 0.0029430
2026-06-24 06:02:04.478 15 INFO neutron.plugins.ml2.drivers.ovn.mech_driver.ovsdb.extensions.qos [None req-25a32801-ab09-4456-a76f-69c19ac68d51 - - - - - -] Starting OVNClientQosExtension
2026-06-24 06:02:04.488 15 INFO neutron.plugins.ml2.drivers.ovn.mech_driver.ovsdb.extensions.qos [None req-25a32801-ab09-4456-a76f-69c19ac68d51 - - - - - -] Starting OVNClientQosExtension /var/lib/openstack/lib/python3.10/site-packages/memcache.py:1303: SyntaxWarning: "is" with a literal. Did you mean "=="? if key is '': /var/lib/openstack/lib/python3.10/site-packages/memcache.py:1304: SyntaxWarning: "is" with a literal. Did you mean "=="? if key_extra_len is 0: /var/lib/openstack/lib/python3.10/site-packages/pycadf/identifier.py:71: UserWarning: Invalid uuid: unknown. To ensure interoperability, identifiers should be a valid uuid. warnings.warn(('Invalid uuid: %s. To ensure interoperability, '
2026-06-24 06:02:07.846 10 WARNING oslo_policy.policy [None req-85491f16-2b63-47bf-8ce4-cb6f601d780c 077cbf55c2ea41d68f97fa6292411a5c 44d62b779996478c833b8c35d862cc8b - - default default] Policies ['delete_port', 'update_port:allowed_address_pairs', 'update_port:allowed_address_pairs:ip_address', 'update_port:allowed_address_pairs:mac_address', 'update_port:fixed_ips', 'update_port:mac_address'] reference a rule that is not defined.
2026-06-24 06:02:08.096 10 INFO neutron.wsgi [None req-85491f16-2b63-47bf-8ce4-cb6f601d780c 077cbf55c2ea41d68f97fa6292411a5c 44d62b779996478c833b8c35d862cc8b - - default default] 199.204.45.210,10.0.0.169 "GET /v2.0/networks HTTP/1.1" status: 200 len: 189 time: 0.7639794
2026-06-24 06:02:08.221 10 INFO neutron.plugins.ml2.drivers.ovn.mech_driver.ovsdb.extensions.qos [None req-fb79511b-6281-405d-a0e5-aced7062f2f3 077cbf55c2ea41d68f97fa6292411a5c 44d62b779996478c833b8c35d862cc8b - - default default] Starting OVNClientQosExtension
2026-06-24 06:02:08.221 10 INFO neutron.plugins.ml2.drivers.ovn.mech_driver.ovsdb.extensions.placement [None req-fb79511b-6281-405d-a0e5-aced7062f2f3 077cbf55c2ea41d68f97fa6292411a5c 44d62b779996478c833b8c35d862cc8b - - default default] Starting OVNClientPlacementExtension
2026-06-24 06:02:08.252 10 INFO neutron.db.ovn_revision_numbers_db [None req-fb79511b-6281-405d-a0e5-aced7062f2f3 077cbf55c2ea41d68f97fa6292411a5c 44d62b779996478c833b8c35d862cc8b - - default default] Successfully bumped revision number for resource 7e190795-b64e-4bf1-b14f-607036c7c7ed (type: security_groups) to 1
2026-06-24 06:02:08.266 10 INFO neutron.db.ovn_revision_numbers_db [None req-fb79511b-6281-405d-a0e5-aced7062f2f3 077cbf55c2ea41d68f97fa6292411a5c 44d62b779996478c833b8c35d862cc8b - - default default] Successfully bumped revision number for resource 198decb9-4031-47ca-9e0c-204ad99e048e (type: security_group_rules) to 0
2026-06-24 06:02:08.275 10 INFO neutron.db.ovn_revision_numbers_db [None req-fb79511b-6281-405d-a0e5-aced7062f2f3 077cbf55c2ea41d68f97fa6292411a5c 44d62b779996478c833b8c35d862cc8b - - default default] Successfully bumped revision number for resource 44e335ea-206d-4847-9e23-a0f37352c3ab (type: security_group_rules) to 0
2026-06-24 06:02:08.286 10 INFO neutron.db.ovn_revision_numbers_db [None req-fb79511b-6281-405d-a0e5-aced7062f2f3 077cbf55c2ea41d68f97fa6292411a5c 44d62b779996478c833b8c35d862cc8b - - default default] Successfully bumped revision number for resource a20a0708-475a-4315-bb8c-133eab51eb1c (type: security_group_rules) to 0
2026-06-24 06:02:08.299 10 INFO neutron.db.ovn_revision_numbers_db [None req-fb79511b-6281-405d-a0e5-aced7062f2f3 077cbf55c2ea41d68f97fa6292411a5c 44d62b779996478c833b8c35d862cc8b - - default default] Successfully bumped revision number for resource de68c736-24cc-4c3b-a3f4-cfdd250612ad (type: security_group_rules) to 0
2026-06-24 06:02:08.313 10 WARNING neutron.services.revisions.revision_plugin [None req-fb79511b-6281-405d-a0e5-aced7062f2f3 077cbf55c2ea41d68f97fa6292411a5c 44d62b779996478c833b8c35d862cc8b - - default default] Could not find related network for resource to bump revision.
2026-06-24 06:02:08.357 10 INFO neutron.db.segments_db [None req-fb79511b-6281-405d-a0e5-aced7062f2f3 077cbf55c2ea41d68f97fa6292411a5c 44d62b779996478c833b8c35d862cc8b - - default default] Added segment 2b2f5143-8221-4bed-afce-98a6cf7e0ddc of type flat for network 3d27b758-749b-458b-89d4-e7c82ab7ebb9
2026-06-24 06:02:08.590 10 INFO neutron.db.ovn_revision_numbers_db [None req-fb79511b-6281-405d-a0e5-aced7062f2f3 077cbf55c2ea41d68f97fa6292411a5c 44d62b779996478c833b8c35d862cc8b - - default default] Successfully bumped revision number for resource 3d27b758-749b-458b-89d4-e7c82ab7ebb9 (type: networks) to 1
2026-06-24 06:02:08.835 10 WARNING neutron.scheduler.dhcp_agent_scheduler [None req-fb79511b-6281-405d-a0e5-aced7062f2f3 077cbf55c2ea41d68f97fa6292411a5c 44d62b779996478c833b8c35d862cc8b - - default default] No more DHCP agents
2026-06-24 06:02:08.838 10 WARNING neutron.api.rpc.agentnotifiers.dhcp_rpc_agent_api [None req-fb79511b-6281-405d-a0e5-aced7062f2f3 077cbf55c2ea41d68f97fa6292411a5c 44d62b779996478c833b8c35d862cc8b - - default default] Unable to schedule network 3d27b758-749b-458b-89d4-e7c82ab7ebb9: no agents available; will retry on subsequent port and subnet creation events.
2026-06-24 06:02:08.954 10 INFO neutron.db.ovn_revision_numbers_db [None req-fb79511b-6281-405d-a0e5-aced7062f2f3 077cbf55c2ea41d68f97fa6292411a5c 44d62b779996478c833b8c35d862cc8b - - default default] Successfully bumped revision number for resource bea565ab-7b21-4a6c-9ef1-e0da9a87b3da (type: ports) to 1
2026-06-24 06:02:08.979 10 INFO neutron.wsgi [None req-fb79511b-6281-405d-a0e5-aced7062f2f3 077cbf55c2ea41d68f97fa6292411a5c 44d62b779996478c833b8c35d862cc8b - - default default] 199.204.45.210,10.0.0.169 "POST /v2.0/networks HTTP/1.1" status: 201 len: 886 time: 0.8787818
2026-06-24 06:02:10.179 10 INFO neutron.wsgi [None req-835fde32-c801-4cf2-9287-aca19b008529 077cbf55c2ea41d68f97fa6292411a5c 44d62b779996478c833b8c35d862cc8b - - default default] 199.204.45.210,10.0.0.169 "GET /v2.0/subnets HTTP/1.1" status: 200 len: 188 time: 0.0589705
2026-06-24 06:02:10.242 10 INFO neutron.wsgi [None req-fb9b01ea-5584-493a-9846-4069398fa478 077cbf55c2ea41d68f97fa6292411a5c 44d62b779996478c833b8c35d862cc8b - - default default] 199.204.45.210,10.0.0.169 "GET /v2.0/networks HTTP/1.1" status: 200 len: 890 time: 0.0553834
2026-06-24 06:02:10.501 10 WARNING neutron.scheduler.dhcp_agent_scheduler [None req-53adfa7e-0bad-41b2-8678-251a27596803 077cbf55c2ea41d68f97fa6292411a5c 44d62b779996478c833b8c35d862cc8b - - default default] No more DHCP agents
2026-06-24 06:02:10.502 10 WARNING neutron.api.rpc.agentnotifiers.dhcp_rpc_agent_api [None req-53adfa7e-0bad-41b2-8678-251a27596803 077cbf55c2ea41d68f97fa6292411a5c 44d62b779996478c833b8c35d862cc8b - - default default] Unable to schedule network 3d27b758-749b-458b-89d4-e7c82ab7ebb9: no agents available; will retry on subsequent port and subnet creation events.
2026-06-24 06:02:11.055 10 INFO neutron.db.ovn_revision_numbers_db [None req-53adfa7e-0bad-41b2-8678-251a27596803 077cbf55c2ea41d68f97fa6292411a5c 44d62b779996478c833b8c35d862cc8b - - default default] Successfully bumped revision number for resource bea565ab-7b21-4a6c-9ef1-e0da9a87b3da (type: ports) to 2
2026-06-24 06:02:11.102 10 INFO neutron.db.ovn_revision_numbers_db [None req-53adfa7e-0bad-41b2-8678-251a27596803 077cbf55c2ea41d68f97fa6292411a5c 44d62b779996478c833b8c35d862cc8b - - default default] Successfully bumped revision number for resource b0884f61-ff13-4d15-91ae-deaf16ee5531 (type: subnets) to 0
2026-06-24 06:02:11.123 10 INFO neutron.wsgi [None req-53adfa7e-0bad-41b2-8678-251a27596803 077cbf55c2ea41d68f97fa6292411a5c 44d62b779996478c833b8c35d862cc8b - - default default] 199.204.45.210,10.0.0.169 "POST /v2.0/subnets HTTP/1.1" status: 201 len: 821 time: 0.8770790
2026-06-24 06:02:18.002 10 INFO neutron.wsgi [-] 10.0.0.169 "GET / HTTP/1.1" status: 200 len: 247 time: 0.0021014
2026-06-24 06:02:33.002 10 INFO neutron.wsgi [-] 10.0.0.169 "GET / HTTP/1.1" status: 200 len: 247 time: 0.0022163
2026-06-24 06:02:48.002 9 INFO neutron.wsgi [-] 10.0.0.169 "GET / HTTP/1.1" status: 200 len: 247 time: 0.0027146
2026-06-24 06:02:48.006 10 INFO neutron.wsgi [-] 10.0.0.169 "GET / HTTP/1.1" status: 200 len: 247 time: 0.0061619
2026-06-24 06:03:03.001 10 INFO neutron.wsgi [-] 10.0.0.169 "GET / HTTP/1.1" status: 200 len: 247 time: 0.0018289
2026-06-24 06:03:03.004 9 INFO neutron.wsgi [-] 10.0.0.169 "GET / HTTP/1.1" status: 200 len: 247 time: 0.0034218
2026-06-24 06:03:18.002 9 INFO neutron.wsgi [-] 10.0.0.169 "GET / HTTP/1.1" status: 200 len: 247 time: 0.0024247
2026-06-24 06:03:18.004 10 INFO neutron.wsgi [-] 10.0.0.169 "GET / HTTP/1.1" status: 200 len: 247 time: 0.0033998
2026-06-24 06:03:33.003 9 INFO neutron.wsgi [-] 10.0.0.169 "GET / HTTP/1.1" status: 200 len: 247 time: 0.0024326
2026-06-24 06:03:33.003 10 INFO neutron.wsgi [-] 10.0.0.169 "GET / HTTP/1.1" status: 200 len: 247 time: 0.0025818
2026-06-24 06:03:48.003 9 INFO neutron.wsgi [-] 10.0.0.169 "GET / HTTP/1.1" status: 200 len: 247 time: 0.0031328
2026-06-24 06:03:48.004 10 INFO neutron.wsgi [-] 10.0.0.169 "GET / HTTP/1.1" status: 200 len: 247 time: 0.0043085
2026-06-24 06:04:03.001 10 INFO neutron.wsgi [-] 10.0.0.169 "GET / HTTP/1.1" status: 200 len: 247 time: 0.0021589
2026-06-24 06:04:03.003 9 INFO neutron.wsgi [-] 10.0.0.169 "GET / HTTP/1.1" status: 200 len: 247 time: 0.0035377
2026-06-24 06:04:18.002 9 INFO neutron.wsgi [-] 10.0.0.169 "GET / HTTP/1.1" status: 200 len: 247 time: 0.0025489
