2026-06-24 06:39:08.358 9 INFO neutron.notifiers.nova [-] Nova event matching ['req-4f3df706-6ec0-45b9-802b-8e4cbe768a95'] response: {'server_uuid': '2f79f6c3-b1aa-4956-9024-6d4ed2cf3897', 'name': 'network-vif-plugged', 'status': 'completed', 'tag': '1f42b7e4-d38b-404b-953d-5413bac0fc0b', 'code': 200}
2026-06-24 06:39:08.358 9 INFO neutron.notifiers.nova [-] Nova event matching ['req-4f3df706-6ec0-45b9-802b-8e4cbe768a95'] response: {'server_uuid': '2f79f6c3-b1aa-4956-9024-6d4ed2cf3897', 'name': 'network-vif-deleted', 'tag': '1f42b7e4-d38b-404b-953d-5413bac0fc0b', 'status': 'completed', 'code': 200}
2026-06-24 06:39:08.387 9 INFO neutron.wsgi [None req-294bae39-ab76-4325-9d6a-f33ef8b80614 1a87bf8528de422aa5394120ad3efd91 d6ab75e18f614dde9b2a2b478a0fe7bf - - default default] 10.0.0.142 "DELETE /v2.0/floatingips/0e4eab44-4a4a-4f75-a131-409fb8f6256e HTTP/1.1" status: 204 len: 168 time: 0.3096399
2026-06-24 06:39:08.533 10 INFO neutron.db.l3_db [None req-e871a9b7-fcdc-408c-89da-24f1d1441df2 6230e96f46c74d198f2709e1d27e4517 b148e6d1b4c742bb90ccd66c1cf81aff - - default default] Floating IP 12854fc8-f17d-45d1-b8a9-d730bd226dd3 associated. External IP: 10.96.250.205, port: c07acb81-a306-4544-9233-10c8ed65e4ce.
2026-06-24 06:39:08.856 10 INFO neutron.db.ovn_revision_numbers_db [None req-e871a9b7-fcdc-408c-89da-24f1d1441df2 6230e96f46c74d198f2709e1d27e4517 b148e6d1b4c742bb90ccd66c1cf81aff - - default default] Successfully bumped revision number for resource 12854fc8-f17d-45d1-b8a9-d730bd226dd3 (type: floatingips) to 1 /var/lib/openstack/lib/python3.10/site-packages/pycadf/identifier.py:71: UserWarning: Invalid uuid: neutron. To ensure interoperability, identifiers should be a valid uuid. warnings.warn(('Invalid uuid: %s. To ensure interoperability, '
2026-06-24 06:39:08.972 10 INFO neutron.wsgi [None req-13eb0e53-b870-438d-be1d-84519c9e3b10 077cbf55c2ea41d68f97fa6292411a5c 44d62b779996478c833b8c35d862cc8b - - default default] 10.0.0.142 "PUT /v2.0/routers/b8073f1a-18ec-418c-905c-6f2944b3f1aa/remove_router_interface HTTP/1.1" status: 200 len: 503 time: 1.8623552 /var/lib/openstack/lib/python3.10/site-packages/pycadf/identifier.py:71: UserWarning: Invalid uuid: neutron. To ensure interoperability, identifiers should be a valid uuid. warnings.warn(('Invalid uuid: %s. To ensure interoperability, '
2026-06-24 06:39:09.055 10 INFO neutron.db.ovn_revision_numbers_db [None req-e871a9b7-fcdc-408c-89da-24f1d1441df2 6230e96f46c74d198f2709e1d27e4517 b148e6d1b4c742bb90ccd66c1cf81aff - - default default] Successfully bumped revision number for resource 12854fc8-f17d-45d1-b8a9-d730bd226dd3 (type: floatingips) to 2
2026-06-24 06:39:09.098 10 INFO neutron.wsgi [None req-e871a9b7-fcdc-408c-89da-24f1d1441df2 6230e96f46c74d198f2709e1d27e4517 b148e6d1b4c742bb90ccd66c1cf81aff - - default default] 10.0.0.142 "PUT /v2.0/floatingips/12854fc8-f17d-45d1-b8a9-d730bd226dd3 HTTP/1.1" status: 200 len: 1049 time: 0.8700678
2026-06-24 06:39:09.132 9 INFO neutron.db.ovn_revision_numbers_db [None req-1a93caf3-c72d-41b4-8b66-227f32802829 2d8f02d8092d4593885af1944cbab2f8 313b6a5de6514d01bb117195fe3c01a2 - - default default] Successfully bumped revision number for resource 734bf1b2-bf20-4a6b-aff9-8e142c8f16d5 (type: security_groups) to 1
2026-06-24 06:39:09.149 9 INFO neutron.db.ovn_revision_numbers_db [None req-1a93caf3-c72d-41b4-8b66-227f32802829 2d8f02d8092d4593885af1944cbab2f8 313b6a5de6514d01bb117195fe3c01a2 - - default default] Successfully bumped revision number for resource 00c4e2c6-e996-40ae-bdaa-6845a6dcac43 (type: security_group_rules) to 0
2026-06-24 06:39:09.186 9 INFO neutron.db.ovn_revision_numbers_db [None req-1a93caf3-c72d-41b4-8b66-227f32802829 2d8f02d8092d4593885af1944cbab2f8 313b6a5de6514d01bb117195fe3c01a2 - - default default] Successfully bumped revision number for resource 4508f90c-b4bf-41b6-a79e-d62d1e36da30 (type: security_group_rules) to 0
2026-06-24 06:39:09.218 9 INFO neutron.db.ovn_revision_numbers_db [None req-1a93caf3-c72d-41b4-8b66-227f32802829 2d8f02d8092d4593885af1944cbab2f8 313b6a5de6514d01bb117195fe3c01a2 - - default default] Successfully bumped revision number for resource 68919b37-155f-401a-99d0-df0124e28ff4 (type: security_group_rules) to 0
2026-06-24 06:39:09.258 9 INFO neutron.wsgi [req-6cc64138-d893-4eba-a197-637af48770eb req-d67ca8c9-8fc9-4d59-bbd1-7d65fe29ec8e 1588825f9e8c4aae8f2817ef02dc2382 afdbfcb94df3419fb6684e6ace270672 - - c769bb63276a405ab5dc2b9ffc22e0d7 c769bb63276a405ab5dc2b9ffc22e0d7] 199.204.45.210 "GET /v2.0/ports?tenant_id=b148e6d1b4c742bb90ccd66c1cf81aff&device_id=40feffe8-9abc-4e22-aad2-a0339a90de64 HTTP/1.1" status: 200 len: 1409 time: 0.0482986
2026-06-24 06:39:09.260 9 INFO neutron.db.ovn_revision_numbers_db [None req-1a93caf3-c72d-41b4-8b66-227f32802829 2d8f02d8092d4593885af1944cbab2f8 313b6a5de6514d01bb117195fe3c01a2 - - default default] Successfully bumped revision number for resource bdbd81cc-ed69-49b1-ad6d-c73207e229e7 (type: security_group_rules) to 0
2026-06-24 06:39:09.333 9 INFO neutron.db.segments_db [None req-1a93caf3-c72d-41b4-8b66-227f32802829 2d8f02d8092d4593885af1944cbab2f8 313b6a5de6514d01bb117195fe3c01a2 - - default default] Added segment 092ec925-14f7-497f-9c5d-964250cd1079 of type geneve for network 1c8e60e0-3fec-407e-8031-fea170a0cfb2
2026-06-24 06:39:09.389 9 INFO neutron.wsgi [req-6cc64138-d893-4eba-a197-637af48770eb req-f0195c1f-f4ef-4e9c-ba5a-a44ee632e511 1588825f9e8c4aae8f2817ef02dc2382 afdbfcb94df3419fb6684e6ace270672 - - c769bb63276a405ab5dc2b9ffc22e0d7 c769bb63276a405ab5dc2b9ffc22e0d7] 199.204.45.210 "GET /v2.0/networks?id=948041e2-4e0b-4545-a038-bc55ee2b38ae HTTP/1.1" status: 200 len: 973 time: 0.1198113
2026-06-24 06:39:09.410 10 INFO neutron.notifiers.nova [-] Nova event matching ['req-ea69f2b9-09de-429e-95a7-802016397b66'] response: {'name': 'network-changed', 'server_uuid': '40feffe8-9abc-4e22-aad2-a0339a90de64', 'tag': 'c07acb81-a306-4544-9233-10c8ed65e4ce', 'status': 'completed', 'code': 200}
2026-06-24 06:39:09.480 9 INFO neutron.wsgi [req-6cc64138-d893-4eba-a197-637af48770eb req-ce1b9920-4bf3-4688-bf5c-62409fec5d7f 1588825f9e8c4aae8f2817ef02dc2382 afdbfcb94df3419fb6684e6ace270672 - - c769bb63276a405ab5dc2b9ffc22e0d7 c769bb63276a405ab5dc2b9ffc22e0d7] 199.204.45.210 "GET /v2.0/floatingips?fixed_ip_address=10.100.0.6&port_id=c07acb81-a306-4544-9233-10c8ed65e4ce HTTP/1.1" status: 200 len: 1059 time: 0.0776334
2026-06-24 06:39:09.564 9 INFO neutron.wsgi [req-6cc64138-d893-4eba-a197-637af48770eb req-1c88ab60-aa1b-40e1-9e49-b38063b09b3b 1588825f9e8c4aae8f2817ef02dc2382 afdbfcb94df3419fb6684e6ace270672 - - c769bb63276a405ab5dc2b9ffc22e0d7 c769bb63276a405ab5dc2b9ffc22e0d7] 199.204.45.210 "GET /v2.0/subnets?id=14ea18ce-28a0-4c72-9e6c-fdf5e5929905 HTTP/1.1" status: 200 len: 868 time: 0.0756946
2026-06-24 06:39:09.615 9 INFO neutron.wsgi [req-6cc64138-d893-4eba-a197-637af48770eb req-f43eef24-3f33-42d9-9c78-fd33542e5a37 1588825f9e8c4aae8f2817ef02dc2382 afdbfcb94df3419fb6684e6ace270672 - - c769bb63276a405ab5dc2b9ffc22e0d7 c769bb63276a405ab5dc2b9ffc22e0d7] 199.204.45.210 "GET /v2.0/ports?network_id=948041e2-4e0b-4545-a038-bc55ee2b38ae&device_owner=network%3Adhcp HTTP/1.1" status: 200 len: 210 time: 0.0377383
2026-06-24 06:39:09.638 9 INFO neutron.db.ovn_revision_numbers_db [None req-1a93caf3-c72d-41b4-8b66-227f32802829 2d8f02d8092d4593885af1944cbab2f8 313b6a5de6514d01bb117195fe3c01a2 - - default default] Successfully bumped revision number for resource 1c8e60e0-3fec-407e-8031-fea170a0cfb2 (type: networks) to 1
2026-06-24 06:39:09.960 10 INFO neutron.wsgi [None req-31a64e8a-3808-41af-bc13-9243c6fdf099 077cbf55c2ea41d68f97fa6292411a5c 44d62b779996478c833b8c35d862cc8b - - default default] 10.0.0.142 "DELETE /v2.0/routers/b8073f1a-18ec-418c-905c-6f2944b3f1aa HTTP/1.1" status: 204 len: 168 time: 0.9835088
2026-06-24 06:39:10.083 9 INFO neutron.wsgi [req-bf46aad2-d248-44ae-9d18-44bffb82571a req-f85319e3-fc62-4b88-8fd4-d182649f5cae 1588825f9e8c4aae8f2817ef02dc2382 afdbfcb94df3419fb6684e6ace270672 - - c769bb63276a405ab5dc2b9ffc22e0d7 c769bb63276a405ab5dc2b9ffc22e0d7] 199.204.45.210 "GET /v2.0/ports?device_id=40feffe8-9abc-4e22-aad2-a0339a90de64&fields=binding%3Ahost_id&fields=binding%3Avif_type HTTP/1.1" status: 200 len: 265 time: 0.0806794
2026-06-24 06:39:10.116 9 INFO neutron.wsgi [req-6cc64138-d893-4eba-a197-637af48770eb req-99196498-7f25-46ee-9ca5-33bd52039308 1588825f9e8c4aae8f2817ef02dc2382 afdbfcb94df3419fb6684e6ace270672 - - c769bb63276a405ab5dc2b9ffc22e0d7 c769bb63276a405ab5dc2b9ffc22e0d7] 199.204.45.210 "GET /v2.0/networks/948041e2-4e0b-4545-a038-bc55ee2b38ae?fields=segments HTTP/1.1" status: 200 len: 212 time: 0.4905255
2026-06-24 06:39:10.148 10 INFO neutron.wsgi [None req-07e6a0bc-6408-4813-aefb-2d5f1e3b2de1 077cbf55c2ea41d68f97fa6292411a5c 44d62b779996478c833b8c35d862cc8b - - default default] 10.0.0.142 "DELETE /v2.0/subnets/6dfeb4df-e5fc-4146-bbef-7a4b1bca2bf1 HTTP/1.1" status: 204 len: 168 time: 0.1809404
2026-06-24 06:39:10.248 9 INFO neutron.wsgi [req-6cc64138-d893-4eba-a197-637af48770eb req-987c3491-6b5f-4338-b279-ba192b04adf5 1588825f9e8c4aae8f2817ef02dc2382 afdbfcb94df3419fb6684e6ace270672 - - c769bb63276a405ab5dc2b9ffc22e0d7 c769bb63276a405ab5dc2b9ffc22e0d7] 199.204.45.210 "GET /v2.0/networks/948041e2-4e0b-4545-a038-bc55ee2b38ae?fields=provider%3Aphysical_network&fields=provider%3Anetwork_type HTTP/1.1" status: 200 len: 277 time: 0.1221788
2026-06-24 06:39:10.289 9 WARNING neutron.scheduler.dhcp_agent_scheduler [None req-1a93caf3-c72d-41b4-8b66-227f32802829 2d8f02d8092d4593885af1944cbab2f8 313b6a5de6514d01bb117195fe3c01a2 - - default default] No more DHCP agents
2026-06-24 06:39:10.292 9 WARNING neutron.api.rpc.agentnotifiers.dhcp_rpc_agent_api [None req-1a93caf3-c72d-41b4-8b66-227f32802829 2d8f02d8092d4593885af1944cbab2f8 313b6a5de6514d01bb117195fe3c01a2 - - default default] Unable to schedule network 1c8e60e0-3fec-407e-8031-fea170a0cfb2: no agents available; will retry on subsequent port and subnet creation events.
2026-06-24 06:39:10.376 9 INFO neutron.wsgi [req-bf46aad2-d248-44ae-9d18-44bffb82571a req-46621ed1-0300-4437-aac0-01da19b9f102 1588825f9e8c4aae8f2817ef02dc2382 afdbfcb94df3419fb6684e6ace270672 - - c769bb63276a405ab5dc2b9ffc22e0d7 c769bb63276a405ab5dc2b9ffc22e0d7] 199.204.45.210 "GET /v2.0/ports?tenant_id=b148e6d1b4c742bb90ccd66c1cf81aff&device_id=40feffe8-9abc-4e22-aad2-a0339a90de64 HTTP/1.1" status: 200 len: 1409 time: 0.0622556
2026-06-24 06:39:10.451 9 INFO neutron.db.ovn_revision_numbers_db [None req-1a93caf3-c72d-41b4-8b66-227f32802829 2d8f02d8092d4593885af1944cbab2f8 313b6a5de6514d01bb117195fe3c01a2 - - default default] Successfully bumped revision number for resource b10231ac-978c-4b9d-bf6e-3fabcccf5905 (type: ports) to 1
2026-06-24 06:39:10.528 9 INFO neutron.wsgi [None req-771807e2-a9e8-488a-a7db-382f1a74e4ed 077cbf55c2ea41d68f97fa6292411a5c 44d62b779996478c833b8c35d862cc8b - - default default] 10.0.0.142 "PUT /v2.0/routers/b2da9922-a8be-4d34-a18d-e11f039a5808/remove_router_interface HTTP/1.1" status: 200 len: 503 time: 2.0314796
2026-06-24 06:39:10.535 9 INFO neutron.wsgi [req-bf46aad2-d248-44ae-9d18-44bffb82571a req-a574c7fc-1ea7-4540-a6cc-078f41eb3974 1588825f9e8c4aae8f2817ef02dc2382 afdbfcb94df3419fb6684e6ace270672 - - c769bb63276a405ab5dc2b9ffc22e0d7 c769bb63276a405ab5dc2b9ffc22e0d7] 199.204.45.210 "GET /v2.0/networks?id=948041e2-4e0b-4545-a038-bc55ee2b38ae HTTP/1.1" status: 200 len: 973 time: 0.1302960
2026-06-24 06:39:10.538 9 INFO neutron.wsgi [None req-1a93caf3-c72d-41b4-8b66-227f32802829 2d8f02d8092d4593885af1944cbab2f8 313b6a5de6514d01bb117195fe3c01a2 - - default default] 10.0.0.142 "POST /v2.0/networks HTTP/1.1" status: 201 len: 833 time: 1.8427763 /var/lib/openstack/lib/python3.10/site-packages/pycadf/identifier.py:71: UserWarning: Invalid uuid: neutron. To ensure interoperability, identifiers should be a valid uuid. warnings.warn(('Invalid uuid: %s. To ensure interoperability, '
2026-06-24 06:39:10.598 10 INFO neutron.wsgi [None req-178c33c4-2b98-4897-8219-34bafe8cc6e0 077cbf55c2ea41d68f97fa6292411a5c 44d62b779996478c833b8c35d862cc8b - - default default] 10.0.0.142 "DELETE /v2.0/networks/07115d83-5821-4dce-b0e3-ca3885e7c870 HTTP/1.1" status: 204 len: 168 time: 0.4445264
2026-06-24 06:39:10.642 9 INFO neutron.wsgi [req-bf46aad2-d248-44ae-9d18-44bffb82571a req-9cc9c7d0-0456-4fe4-8603-3acf46fab216 1588825f9e8c4aae8f2817ef02dc2382 afdbfcb94df3419fb6684e6ace270672 - - c769bb63276a405ab5dc2b9ffc22e0d7 c769bb63276a405ab5dc2b9ffc22e0d7] 199.204.45.210 "GET /v2.0/floatingips?fixed_ip_address=10.100.0.6&port_id=c07acb81-a306-4544-9233-10c8ed65e4ce HTTP/1.1" status: 200 len: 1059 time: 0.1003594
2026-06-24 06:39:10.676 10 INFO neutron.db.segments_db [None req-926db361-8aac-4cf3-925c-b0e859bab38f 2d8f02d8092d4593885af1944cbab2f8 313b6a5de6514d01bb117195fe3c01a2 - - default default] Added segment d9dd9af2-4d71-466b-ae40-6b7ff5309a11 of type geneve for network fd55a4d4-f3d7-4267-8d99-c615291dd505
2026-06-24 06:39:10.714 9 INFO neutron.wsgi [req-bf46aad2-d248-44ae-9d18-44bffb82571a req-d0ecdee8-9181-42bb-a23a-39f20e7b7d3d 1588825f9e8c4aae8f2817ef02dc2382 afdbfcb94df3419fb6684e6ace270672 - - c769bb63276a405ab5dc2b9ffc22e0d7 c769bb63276a405ab5dc2b9ffc22e0d7] 199.204.45.210 "GET /v2.0/subnets?id=14ea18ce-28a0-4c72-9e6c-fdf5e5929905 HTTP/1.1" status: 200 len: 868 time: 0.0546188
2026-06-24 06:39:10.764 9 INFO neutron.wsgi [req-bf46aad2-d248-44ae-9d18-44bffb82571a req-a8b0989d-9196-4371-8033-0847598cc660 1588825f9e8c4aae8f2817ef02dc2382 afdbfcb94df3419fb6684e6ace270672 - - c769bb63276a405ab5dc2b9ffc22e0d7 c769bb63276a405ab5dc2b9ffc22e0d7] 199.204.45.210 "GET /v2.0/ports?network_id=948041e2-4e0b-4545-a038-bc55ee2b38ae&device_owner=network%3Adhcp HTTP/1.1" status: 200 len: 210 time: 0.0413854
2026-06-24 06:39:10.874 9 INFO neutron.wsgi [req-bf46aad2-d248-44ae-9d18-44bffb82571a req-715aa44f-546a-4792-a924-23f2d6e499f3 1588825f9e8c4aae8f2817ef02dc2382 afdbfcb94df3419fb6684e6ace270672 - - c769bb63276a405ab5dc2b9ffc22e0d7 c769bb63276a405ab5dc2b9ffc22e0d7] 199.204.45.210 "GET /v2.0/networks/948041e2-4e0b-4545-a038-bc55ee2b38ae?fields=segments HTTP/1.1" status: 200 len: 212 time: 0.0884595
2026-06-24 06:39:10.890 10 INFO neutron.db.ovn_revision_numbers_db [None req-926db361-8aac-4cf3-925c-b0e859bab38f 2d8f02d8092d4593885af1944cbab2f8 313b6a5de6514d01bb117195fe3c01a2 - - default default] Successfully bumped revision number for resource fd55a4d4-f3d7-4267-8d99-c615291dd505 (type: networks) to 1
2026-06-24 06:39:10.958 9 INFO neutron.wsgi [req-bf46aad2-d248-44ae-9d18-44bffb82571a req-46a76e58-6fce-46b1-8a11-053606142a31 1588825f9e8c4aae8f2817ef02dc2382 afdbfcb94df3419fb6684e6ace270672 - - c769bb63276a405ab5dc2b9ffc22e0d7 c769bb63276a405ab5dc2b9ffc22e0d7] 199.204.45.210 "GET /v2.0/networks/948041e2-4e0b-4545-a038-bc55ee2b38ae?fields=provider%3Aphysical_network&fields=provider%3Anetwork_type HTTP/1.1" status: 200 len: 277 time: 0.0760872
2026-06-24 06:39:11.005 10 INFO neutron.wsgi [None req-9c0b8a6e-c83e-4547-849e-d04d81a6d8da 077cbf55c2ea41d68f97fa6292411a5c 44d62b779996478c833b8c35d862cc8b - - default default] 10.0.0.142 "GET /v2.0/security-groups?tenant_id=14bfc42ebb24468c8f488346fdfee221&name=default HTTP/1.1" status: 200 len: 2996 time: 0.0801589
2026-06-24 06:39:11.209 10 WARNING neutron.scheduler.dhcp_agent_scheduler [None req-926db361-8aac-4cf3-925c-b0e859bab38f 2d8f02d8092d4593885af1944cbab2f8 313b6a5de6514d01bb117195fe3c01a2 - - default default] No more DHCP agents
2026-06-24 06:39:11.213 10 WARNING neutron.api.rpc.agentnotifiers.dhcp_rpc_agent_api [None req-926db361-8aac-4cf3-925c-b0e859bab38f 2d8f02d8092d4593885af1944cbab2f8 313b6a5de6514d01bb117195fe3c01a2 - - default default] Unable to schedule network fd55a4d4-f3d7-4267-8d99-c615291dd505: no agents available; will retry on subsequent port and subnet creation events.
2026-06-24 06:39:11.219 10 INFO neutron.services.segments.plugin [-] Segment c1584e2a-fe92-44c3-80ad-e6272f3be171 resource provider aggregate not found
2026-06-24 06:39:11.237 10 INFO neutron.services.segments.plugin [-] Segment c1584e2a-fe92-44c3-80ad-e6272f3be171 resource provider aggregate not found
2026-06-24 06:39:11.257 10 INFO neutron.services.segments.plugin [-] Segment c1584e2a-fe92-44c3-80ad-e6272f3be171 resource provider not found; error: Placement Client Error (4xx): {"errors": [{"status": 404, "title": "Not Found", "detail": "The resource could not be found.\n\n No resource provider with uuid c1584e2a-fe92-44c3-80ad-e6272f3be171 found for delete ", "request_id": "req-e24b87eb-ce92-4d49-a912-69d9faa29664"}]}
2026-06-24 06:39:11.259 10 INFO neutron.services.segments.plugin [-] Segment c1584e2a-fe92-44c3-80ad-e6272f3be171 resource provider not found; error: Placement Client Error (4xx): {"errors": [{"status": 404, "title": "Not Found", "detail": "The resource could not be found.\n\n No resource provider with uuid c1584e2a-fe92-44c3-80ad-e6272f3be171 found for delete ", "request_id": "req-b55d7df1-180b-4946-9718-8bcc46c4acaf"}]}
2026-06-24 06:39:11.336 10 INFO neutron.db.ovn_revision_numbers_db [None req-926db361-8aac-4cf3-925c-b0e859bab38f 2d8f02d8092d4593885af1944cbab2f8 313b6a5de6514d01bb117195fe3c01a2 - - default default] Successfully bumped revision number for resource 5db3e066-ac3d-4d2d-ac86-845e1c9cfd56 (type: ports) to 1
2026-06-24 06:39:11.360 9 INFO neutron.wsgi [None req-d6cdc6a5-c36f-468f-bc08-c3e54350b630 077cbf55c2ea41d68f97fa6292411a5c 44d62b779996478c833b8c35d862cc8b - - default default] 10.0.0.142 "DELETE /v2.0/routers/b2da9922-a8be-4d34-a18d-e11f039a5808 HTTP/1.1" status: 204 len: 168 time: 0.8194833
2026-06-24 06:39:11.369 10 INFO neutron.wsgi [None req-926db361-8aac-4cf3-925c-b0e859bab38f 2d8f02d8092d4593885af1944cbab2f8 313b6a5de6514d01bb117195fe3c01a2 - - default default] 10.0.0.142 "POST /v2.0/networks HTTP/1.1" status: 201 len: 833 time: 0.8248165
2026-06-24 06:39:11.397 10 INFO neutron.wsgi [None req-8d8dd5e2-f570-40fa-a377-b983bc19556d 077cbf55c2ea41d68f97fa6292411a5c 44d62b779996478c833b8c35d862cc8b - - default default] 10.0.0.142 "DELETE /v2.0/security-groups/48808a29-eae9-49b3-ab9a-a752b483f9ee HTTP/1.1" status: 204 len: 168 time: 0.3651891
2026-06-24 06:39:11.668 9 INFO neutron.wsgi [None req-199a93ea-01ed-4436-a7a6-891cf2a1d628 077cbf55c2ea41d68f97fa6292411a5c 44d62b779996478c833b8c35d862cc8b - - default default] 10.0.0.142 "DELETE /v2.0/subnets/c74bc74d-2b08-447c-b6e7-054dab711107 HTTP/1.1" status: 204 len: 168 time: 0.3018293
2026-06-24 06:39:11.721 9 WARNING neutron.scheduler.dhcp_agent_scheduler [None req-2e95c08f-d99a-4ff0-97e7-f360d88dacaf 2d8f02d8092d4593885af1944cbab2f8 313b6a5de6514d01bb117195fe3c01a2 - - default default] No more DHCP agents
2026-06-24 06:39:11.724 9 WARNING neutron.api.rpc.agentnotifiers.dhcp_rpc_agent_api [None req-2e95c08f-d99a-4ff0-97e7-f360d88dacaf 2d8f02d8092d4593885af1944cbab2f8 313b6a5de6514d01bb117195fe3c01a2 - - default default] Unable to schedule network 1c8e60e0-3fec-407e-8031-fea170a0cfb2: no agents available; will retry on subsequent port and subnet creation events.
2026-06-24 06:39:11.758 9 INFO neutron.db.ovn_revision_numbers_db [None req-2e95c08f-d99a-4ff0-97e7-f360d88dacaf 2d8f02d8092d4593885af1944cbab2f8 313b6a5de6514d01bb117195fe3c01a2 - - default default] Successfully bumped revision number for resource 18e720e0-d732-4f77-a909-5f394cbe62f0 (type: subnets) to 0
2026-06-24 06:39:11.775 9 INFO neutron.wsgi [None req-2e95c08f-d99a-4ff0-97e7-f360d88dacaf 2d8f02d8092d4593885af1944cbab2f8 313b6a5de6514d01bb117195fe3c01a2 - - default default] 10.0.0.142 "POST /v2.0/subnets HTTP/1.1" status: 201 len: 821 time: 0.3999176
2026-06-24 06:39:12.117 10 WARNING neutron.scheduler.dhcp_agent_scheduler [None req-9f96c4d2-3f63-4663-add1-ab4bcf0931e9 2d8f02d8092d4593885af1944cbab2f8 313b6a5de6514d01bb117195fe3c01a2 - - default default] No more DHCP agents
2026-06-24 06:39:12.128 10 WARNING neutron.api.rpc.agentnotifiers.dhcp_rpc_agent_api [None req-9f96c4d2-3f63-4663-add1-ab4bcf0931e9 2d8f02d8092d4593885af1944cbab2f8 313b6a5de6514d01bb117195fe3c01a2 - - default default] Unable to schedule network fd55a4d4-f3d7-4267-8d99-c615291dd505: no agents available; will retry on subsequent port and subnet creation events.
2026-06-24 06:39:12.167 10 INFO neutron.wsgi [None req-510dfec4-d4db-4411-b1b9-c592bbb393fa 077cbf55c2ea41d68f97fa6292411a5c 44d62b779996478c833b8c35d862cc8b - - default default] 10.0.0.142 "DELETE /v2.0/networks/0a62deb0-4e17-41f1-b203-a1e753a2d0fd HTTP/1.1" status: 204 len: 168 time: 0.4919822
2026-06-24 06:39:12.172 10 INFO neutron.db.ovn_revision_numbers_db [None req-9f96c4d2-3f63-4663-add1-ab4bcf0931e9 2d8f02d8092d4593885af1944cbab2f8 313b6a5de6514d01bb117195fe3c01a2 - - default default] Successfully bumped revision number for resource 548c2e34-5c53-42a0-881a-d231b0679735 (type: subnets) to 0
2026-06-24 06:39:12.187 10 INFO neutron.wsgi [None req-9f96c4d2-3f63-4663-add1-ab4bcf0931e9 2d8f02d8092d4593885af1944cbab2f8 313b6a5de6514d01bb117195fe3c01a2 - - default default] 10.0.0.142 "POST /v2.0/subnets HTTP/1.1" status: 201 len: 830 time: 0.4059680
2026-06-24 06:39:12.340 9 INFO neutron.wsgi [None req-eea7e75b-d124-4104-981d-94b196864653 077cbf55c2ea41d68f97fa6292411a5c 44d62b779996478c833b8c35d862cc8b - - default default] 10.0.0.142 "GET /v2.0/security-groups?tenant_id=d6ab75e18f614dde9b2a2b478a0fe7bf&name=default HTTP/1.1" status: 200 len: 2992 time: 0.0488822
2026-06-24 06:39:12.369 10 INFO neutron.db.ovn_revision_numbers_db [None req-3ad9e539-5d47-47e8-a511-62703cd64319 2d8f02d8092d4593885af1944cbab2f8 313b6a5de6514d01bb117195fe3c01a2 - - default default] Successfully bumped revision number for resource 8c5ea1b0-a1a3-4d6e-867f-ddd02c2dcf53 (type: routers) to 1
2026-06-24 06:39:12.383 10 INFO neutron.wsgi [None req-3ad9e539-5d47-47e8-a511-62703cd64319 2d8f02d8092d4593885af1944cbab2f8 313b6a5de6514d01bb117195fe3c01a2 - - default default] 10.0.0.142 "POST /v2.0/routers HTTP/1.1" status: 201 len: 690 time: 0.1902499
2026-06-24 06:39:12.566 9 INFO neutron.wsgi [None req-0e88179c-50a5-4e13-9321-fff7439da5a1 077cbf55c2ea41d68f97fa6292411a5c 44d62b779996478c833b8c35d862cc8b - - default default] 10.0.0.142 "DELETE /v2.0/security-groups/36f5dfbb-bd74-411b-9996-32493c24944f HTTP/1.1" status: 204 len: 168 time: 0.2190845
2026-06-24 06:39:13.096 10 WARNING neutron.scheduler.dhcp_agent_scheduler [None req-c6b8615a-980f-4f92-b522-9156a1c63203 2d8f02d8092d4593885af1944cbab2f8 313b6a5de6514d01bb117195fe3c01a2 - - default default] No more DHCP agents
2026-06-24 06:39:13.099 10 WARNING neutron.api.rpc.agentnotifiers.dhcp_rpc_agent_api [None req-c6b8615a-980f-4f92-b522-9156a1c63203 2d8f02d8092d4593885af1944cbab2f8 313b6a5de6514d01bb117195fe3c01a2 - - default default] Unable to schedule network 1c8e60e0-3fec-407e-8031-fea170a0cfb2: no agents available; will retry on subsequent port and subnet creation events.
2026-06-24 06:39:13.199 10 INFO neutron.db.ovn_revision_numbers_db [None req-c6b8615a-980f-4f92-b522-9156a1c63203 2d8f02d8092d4593885af1944cbab2f8 313b6a5de6514d01bb117195fe3c01a2 - - default default] Successfully bumped revision number for resource 57dac5c9-5f4b-4928-b46f-d06e9b5609a0 (type: ports) to 1
2026-06-24 06:39:13.286 10 INFO neutron.services.segments.plugin [-] Segment a2b160ca-bec3-4afe-aa6b-585046a6c902 resource provider aggregate not found
2026-06-24 06:39:13.293 10 INFO neutron.services.segments.plugin [-] Segment a2b160ca-bec3-4afe-aa6b-585046a6c902 resource provider aggregate not found
2026-06-24 06:39:13.309 10 INFO neutron.services.segments.plugin [-] Segment a2b160ca-bec3-4afe-aa6b-585046a6c902 resource provider not found; error: Placement Client Error (4xx): {"errors": [{"status": 404, "title": "Not Found", "detail": "The resource could not be found.\n\n No resource provider with uuid a2b160ca-bec3-4afe-aa6b-585046a6c902 found for delete ", "request_id": "req-ae11e282-d446-48a1-93e6-d7e636ddf09a"}]}
2026-06-24 06:39:13.317 10 INFO neutron.services.segments.plugin [-] Segment a2b160ca-bec3-4afe-aa6b-585046a6c902 resource provider not found; error: Placement Client Error (4xx): {"errors": [{"status": 404, "title": "Not Found", "detail": "The resource could not be found.\n\n No resource provider with uuid a2b160ca-bec3-4afe-aa6b-585046a6c902 found for delete ", "request_id": "req-2ae8fdf9-4965-49b4-9eef-087ba59c6d01"}]}
2026-06-24 06:39:13.690 9 INFO neutron.plugins.ml2.drivers.ovn.mech_driver.mech_driver [None req-bc1054ba-85a4-4857-9137-c16a8000b9e4 - - - - - -] OVN reports status up for port: 57dac5c9-5f4b-4928-b46f-d06e9b5609a0
2026-06-24 06:39:13.717 9 INFO neutron.plugins.ml2.plugin [None req-bc1054ba-85a4-4857-9137-c16a8000b9e4 - - - - - -] Attempt 1 to provision port 57dac5c9-5f4b-4928-b46f-d06e9b5609a0
2026-06-24 06:39:13.726 10 INFO neutron.db.ovn_revision_numbers_db [None req-c6b8615a-980f-4f92-b522-9156a1c63203 2d8f02d8092d4593885af1944cbab2f8 313b6a5de6514d01bb117195fe3c01a2 - - default default] Successfully bumped revision number for resource 57dac5c9-5f4b-4928-b46f-d06e9b5609a0 (type: router_ports) to 1
2026-06-24 06:39:13.741 9 INFO neutron.db.ovn_revision_numbers_db [None req-b6e812e0-61fa-4d10-9ba0-961582bd5eab 077cbf55c2ea41d68f97fa6292411a5c 44d62b779996478c833b8c35d862cc8b - - default default] Successfully bumped revision number for resource a69d1a7b-e58d-483b-ab0b-227c261edba5 (type: security_groups) to 1
2026-06-24 06:39:13.765 9 INFO neutron.db.ovn_revision_numbers_db [None req-b6e812e0-61fa-4d10-9ba0-961582bd5eab 077cbf55c2ea41d68f97fa6292411a5c 44d62b779996478c833b8c35d862cc8b - - default default] Successfully bumped revision number for resource 13be4847-fe07-4191-9cef-38a556a9281e (type: security_group_rules) to 0
2026-06-24 06:39:13.792 9 INFO neutron.db.ovn_revision_numbers_db [None req-b6e812e0-61fa-4d10-9ba0-961582bd5eab 077cbf55c2ea41d68f97fa6292411a5c 44d62b779996478c833b8c35d862cc8b - - default default] Successfully bumped revision number for resource 1f2790d3-b2b7-485d-9ccb-7722b95d0637 (type: security_group_rules) to 0
2026-06-24 06:39:13.822 9 INFO neutron.db.ovn_revision_numbers_db [None req-b6e812e0-61fa-4d10-9ba0-961582bd5eab 077cbf55c2ea41d68f97fa6292411a5c 44d62b779996478c833b8c35d862cc8b - - default default] Successfully bumped revision number for resource 6c411454-d038-45fc-982b-4f74d3cfe979 (type: security_group_rules) to 0
2026-06-24 06:39:13.855 9 INFO neutron.db.ovn_revision_numbers_db [None req-b6e812e0-61fa-4d10-9ba0-961582bd5eab 077cbf55c2ea41d68f97fa6292411a5c 44d62b779996478c833b8c35d862cc8b - - default default] Successfully bumped revision number for resource ae01a008-7871-40b0-9eee-1299ca19d1e1 (type: security_group_rules) to 0
2026-06-24 06:39:13.868 10 INFO neutron.db.ovn_revision_numbers_db [None req-c6b8615a-980f-4f92-b522-9156a1c63203 2d8f02d8092d4593885af1944cbab2f8 313b6a5de6514d01bb117195fe3c01a2 - - default default] Successfully bumped revision number for resource 57dac5c9-5f4b-4928-b46f-d06e9b5609a0 (type: ports) to 1
2026-06-24 06:39:13.925 9 INFO neutron.db.segments_db [None req-b6e812e0-61fa-4d10-9ba0-961582bd5eab 077cbf55c2ea41d68f97fa6292411a5c 44d62b779996478c833b8c35d862cc8b - - default default] Added segment c5f0a094-bc87-43c4-b018-44a000f04dcf of type geneve for network 9ff3f6e0-6c7c-490a-946d-cf7dea3c1ca2
2026-06-24 06:39:13.969 10 WARNING neutron.scheduler.dhcp_agent_scheduler [None req-c6b8615a-980f-4f92-b522-9156a1c63203 2d8f02d8092d4593885af1944cbab2f8 313b6a5de6514d01bb117195fe3c01a2 - - default default] No more DHCP agents
2026-06-24 06:39:13.970 10 WARNING neutron.api.rpc.agentnotifiers.dhcp_rpc_agent_api [None req-c6b8615a-980f-4f92-b522-9156a1c63203 2d8f02d8092d4593885af1944cbab2f8 313b6a5de6514d01bb117195fe3c01a2 - - default default] Unable to schedule network 1c8e60e0-3fec-407e-8031-fea170a0cfb2: no agents available; will retry on subsequent port and subnet creation events.
2026-06-24 06:39:14.182 10 INFO neutron.db.ovn_revision_numbers_db [None req-c6b8615a-980f-4f92-b522-9156a1c63203 2d8f02d8092d4593885af1944cbab2f8 313b6a5de6514d01bb117195fe3c01a2 - - default default] Successfully bumped revision number for resource 57dac5c9-5f4b-4928-b46f-d06e9b5609a0 (type: router_ports) to 2
2026-06-24 06:39:14.186 10 INFO neutron.wsgi [None req-c6b8615a-980f-4f92-b522-9156a1c63203 2d8f02d8092d4593885af1944cbab2f8 313b6a5de6514d01bb117195fe3c01a2 - - default default] 10.0.0.142 "PUT /v2.0/routers/8c5ea1b0-a1a3-4d6e-867f-ddd02c2dcf53/add_router_interface HTTP/1.1" status: 200 len: 503 time: 1.7958674
2026-06-24 06:39:14.278 10 INFO neutron.wsgi [None req-15b8b543-eecc-4ec3-931c-8fcb62b6b843 2d8f02d8092d4593885af1944cbab2f8 313b6a5de6514d01bb117195fe3c01a2 - - default default] 10.0.0.142 "GET /v2.0/ports/57dac5c9-5f4b-4928-b46f-d06e9b5609a0 HTTP/1.1" status: 200 len: 1141 time: 0.0865834
2026-06-24 06:39:14.351 9 INFO neutron.db.ovn_revision_numbers_db [None req-b6e812e0-61fa-4d10-9ba0-961582bd5eab 077cbf55c2ea41d68f97fa6292411a5c 44d62b779996478c833b8c35d862cc8b - - default default] Successfully bumped revision number for resource 9ff3f6e0-6c7c-490a-946d-cf7dea3c1ca2 (type: networks) to 1
2026-06-24 06:39:14.374 9 INFO neutron.db.ovn_revision_numbers_db [None req-bc1054ba-85a4-4857-9137-c16a8000b9e4 - - - - - -] Successfully bumped revision number for resource 57dac5c9-5f4b-4928-b46f-d06e9b5609a0 (type: ports) to 2
2026-06-24 06:39:14.527 9 INFO neutron.db.ovn_revision_numbers_db [None req-bc1054ba-85a4-4857-9137-c16a8000b9e4 - - - - - -] Successfully bumped revision number for resource 57dac5c9-5f4b-4928-b46f-d06e9b5609a0 (type: router_ports) to 2
2026-06-24 06:39:14.558 9 WARNING neutron.scheduler.dhcp_agent_scheduler [None req-b6e812e0-61fa-4d10-9ba0-961582bd5eab 077cbf55c2ea41d68f97fa6292411a5c 44d62b779996478c833b8c35d862cc8b - - default default] No more DHCP agents
2026-06-24 06:39:14.561 9 WARNING neutron.api.rpc.agentnotifiers.dhcp_rpc_agent_api [None req-b6e812e0-61fa-4d10-9ba0-961582bd5eab 077cbf55c2ea41d68f97fa6292411a5c 44d62b779996478c833b8c35d862cc8b - - default default] Unable to schedule network 9ff3f6e0-6c7c-490a-946d-cf7dea3c1ca2: no agents available; will retry on subsequent port and subnet creation events.
2026-06-24 06:39:14.649 9 INFO neutron.db.ovn_revision_numbers_db [None req-b6e812e0-61fa-4d10-9ba0-961582bd5eab 077cbf55c2ea41d68f97fa6292411a5c 44d62b779996478c833b8c35d862cc8b - - default default] Successfully bumped revision number for resource 9ef138bb-6c42-4721-aabb-9a1ce9c59592 (type: ports) to 1
2026-06-24 06:39:14.673 9 INFO neutron.wsgi [None req-b6e812e0-61fa-4d10-9ba0-961582bd5eab 077cbf55c2ea41d68f97fa6292411a5c 44d62b779996478c833b8c35d862cc8b - - default default] 10.0.0.142 "POST /v2.0/networks HTTP/1.1" status: 201 len: 946 time: 1.2905495
2026-06-24 06:39:14.839 10 WARNING neutron.scheduler.dhcp_agent_scheduler [None req-854f15e5-8e7f-406d-b8ba-06acc752d010 2d8f02d8092d4593885af1944cbab2f8 313b6a5de6514d01bb117195fe3c01a2 - - default default] No more DHCP agents
2026-06-24 06:39:14.844 10 WARNING neutron.api.rpc.agentnotifiers.dhcp_rpc_agent_api [None req-854f15e5-8e7f-406d-b8ba-06acc752d010 2d8f02d8092d4593885af1944cbab2f8 313b6a5de6514d01bb117195fe3c01a2 - - default default] Unable to schedule network fd55a4d4-f3d7-4267-8d99-c615291dd505: no agents available; will retry on subsequent port and subnet creation events.
2026-06-24 06:39:14.921 10 WARNING neutron.scheduler.dhcp_agent_scheduler [None req-b5ee0f3a-f9cd-482d-a42a-4e107d1e13ec 077cbf55c2ea41d68f97fa6292411a5c 44d62b779996478c833b8c35d862cc8b - - default default] No more DHCP agents
2026-06-24 06:39:14.925 10 WARNING neutron.api.rpc.agentnotifiers.dhcp_rpc_agent_api [None req-b5ee0f3a-f9cd-482d-a42a-4e107d1e13ec 077cbf55c2ea41d68f97fa6292411a5c 44d62b779996478c833b8c35d862cc8b - - default default] Unable to schedule network 9ff3f6e0-6c7c-490a-946d-cf7dea3c1ca2: no agents available; will retry on subsequent port and subnet creation events.
2026-06-24 06:39:15.004 10 INFO neutron.db.ovn_revision_numbers_db [None req-854f15e5-8e7f-406d-b8ba-06acc752d010 2d8f02d8092d4593885af1944cbab2f8 313b6a5de6514d01bb117195fe3c01a2 - - default default] Successfully bumped revision number for resource 5cebf5df-9c2f-4ec9-abf8-15c22126d8fa (type: ports) to 1
2026-06-24 06:39:15.302 9 INFO neutron.wsgi [None req-1676f592-53dc-4c90-930e-c26bb178dd31 077cbf55c2ea41d68f97fa6292411a5c 44d62b779996478c833b8c35d862cc8b - - default default] 10.0.0.233 "GET /v2.0/security-groups HTTP/1.1" status: 200 len: 27881 time: 0.1856802
2026-06-24 06:39:15.362 9 INFO neutron.wsgi [None req-c2246cf2-556b-4f16-b6e2-50e41ab1537f 077cbf55c2ea41d68f97fa6292411a5c 44d62b779996478c833b8c35d862cc8b - - default default] 10.0.0.233 "GET /v2.0/ports HTTP/1.1" status: 200 len: 15692 time: 0.0445976
2026-06-24 06:39:15.477 9 INFO neutron.wsgi [None req-34c22e87-c5a8-42f0-b389-1bea7db89e50 077cbf55c2ea41d68f97fa6292411a5c 44d62b779996478c833b8c35d862cc8b - - default default] 10.0.0.233 "GET /v2.0/routers HTTP/1.1" status: 200 len: 1349 time: 0.0990901
2026-06-24 06:39:15.493 9 INFO neutron.wsgi [None req-7607bf17-92b9-4c9b-878b-d7328a18f8de 077cbf55c2ea41d68f97fa6292411a5c 44d62b779996478c833b8c35d862cc8b - - default default] 10.0.0.233 "GET /v2.0/agents?binary=ovn-controller HTTP/1.1" status: 200 len: 591 time: 0.0151560
2026-06-24 06:39:15.534 9 INFO neutron.db.ovn_revision_numbers_db [None req-9c9a8784-6250-481f-a58f-5f662cd3e91d 077cbf55c2ea41d68f97fa6292411a5c 44d62b779996478c833b8c35d862cc8b - - default default] Successfully bumped revision number for resource c3e347f9-9c25-436e-a356-aa448cf5dc4f (type: security_groups) to 1
2026-06-24 06:39:15.539 9 INFO neutron.wsgi [None req-783a7c33-eb25-4aaf-89ff-184d3588659b 077cbf55c2ea41d68f97fa6292411a5c 44d62b779996478c833b8c35d862cc8b - - default default] 10.0.0.233 "GET /v2.0/floatingips HTTP/1.1" status: 200 len: 1035 time: 0.0440583
2026-06-24 06:39:15.558 9 INFO neutron.db.ovn_revision_numbers_db [None req-9c9a8784-6250-481f-a58f-5f662cd3e91d 077cbf55c2ea41d68f97fa6292411a5c 44d62b779996478c833b8c35d862cc8b - - default default] Successfully bumped revision number for resource 2869eec3-bcd2-4684-8d8a-e8314a8e479d (type: security_group_rules) to 0
2026-06-24 06:39:15.598 9 INFO neutron.db.ovn_revision_numbers_db [None req-9c9a8784-6250-481f-a58f-5f662cd3e91d 077cbf55c2ea41d68f97fa6292411a5c 44d62b779996478c833b8c35d862cc8b - - default default] Successfully bumped revision number for resource 7ffbd5c4-fe92-4bed-86cf-8c9b5eab7a3a (type: security_group_rules) to 0
2026-06-24 06:39:15.609 9 INFO neutron.wsgi [None req-acad7348-6aa5-41bc-8ab7-3975fbcf3c65 077cbf55c2ea41d68f97fa6292411a5c 44d62b779996478c833b8c35d862cc8b - - default default] 10.0.0.233 "GET /v2.0/networks HTTP/1.1" status: 200 len: 5365 time: 0.0684483
2026-06-24 06:39:15.611 10 INFO neutron.db.ovn_revision_numbers_db [None req-b5ee0f3a-f9cd-482d-a42a-4e107d1e13ec 077cbf55c2ea41d68f97fa6292411a5c 44d62b779996478c833b8c35d862cc8b - - default default] Successfully bumped revision number for resource 9ef138bb-6c42-4721-aabb-9a1ce9c59592 (type: ports) to 2
2026-06-24 06:39:15.617 9 INFO neutron.db.ovn_revision_numbers_db [None req-9c9a8784-6250-481f-a58f-5f662cd3e91d 077cbf55c2ea41d68f97fa6292411a5c 44d62b779996478c833b8c35d862cc8b - - default default] Successfully bumped revision number for resource bb8b3dc9-af0a-47e0-a678-1a503d688e1f (type: security_group_rules) to 0
2026-06-24 06:39:15.636 9 INFO neutron.db.ovn_revision_numbers_db [None req-9c9a8784-6250-481f-a58f-5f662cd3e91d 077cbf55c2ea41d68f97fa6292411a5c 44d62b779996478c833b8c35d862cc8b - - default default] Successfully bumped revision number for resource e7528bec-6255-4169-be74-0b0d8c58df3f (type: security_group_rules) to 0
2026-06-24 06:39:15.654 10 INFO neutron.plugins.ml2.drivers.ovn.mech_driver.mech_driver [None req-82b03573-d123-4689-a836-64c806e4d42f - - - - - -] OVN reports status up for port: 5cebf5df-9c2f-4ec9-abf8-15c22126d8fa
2026-06-24 06:39:15.665 9 INFO neutron.wsgi [None req-943621e0-6a08-4b4b-8c73-eb09ce82737c 077cbf55c2ea41d68f97fa6292411a5c 44d62b779996478c833b8c35d862cc8b - - default default] 10.0.0.233 "GET /v2.0/subnets HTTP/1.1" status: 200 len: 4019 time: 0.0452697
2026-06-24 06:39:15.668 10 INFO neutron.plugins.ml2.plugin [None req-82b03573-d123-4689-a836-64c806e4d42f - - - - - -] Attempt 1 to provision port 5cebf5df-9c2f-4ec9-abf8-15c22126d8fa
2026-06-24 06:39:15.677 9 INFO neutron.wsgi [None req-9c9a8784-6250-481f-a58f-5f662cd3e91d 077cbf55c2ea41d68f97fa6292411a5c 44d62b779996478c833b8c35d862cc8b - - default default] 10.0.0.142 "GET /v2.0/security-groups?tenant_id=2d9819a4a9fa4e8184fb531b33fafea7&name=default HTTP/1.1" status: 200 len: 2996 time: 0.5277662
2026-06-24 06:39:15.681 9 INFO neutron.wsgi [None req-a5833baf-2852-4b91-8f36-049dde8f5fad 077cbf55c2ea41d68f97fa6292411a5c 44d62b779996478c833b8c35d862cc8b - - default default] 10.0.0.233 "GET /v2.0/network-ip-availabilities HTTP/1.1" status: 200 len: 3142 time: 0.0140431
2026-06-24 06:39:15.681 10 INFO neutron.db.ovn_revision_numbers_db [None req-b5ee0f3a-f9cd-482d-a42a-4e107d1e13ec 077cbf55c2ea41d68f97fa6292411a5c 44d62b779996478c833b8c35d862cc8b - - default default] Successfully bumped revision number for resource 0cea786c-911e-4554-b89c-62fd771da0ef (type: subnets) to 0
2026-06-24 06:39:15.719 9 INFO neutron.wsgi [None req-c4d4cd46-5509-448d-be26-9778a199f338 077cbf55c2ea41d68f97fa6292411a5c 44d62b779996478c833b8c35d862cc8b - - default default] 10.0.0.233 "GET /v2.0/subnets HTTP/1.1" status: 200 len: 4019 time: 0.0361505
2026-06-24 06:39:15.721 10 INFO neutron.db.ovn_revision_numbers_db [None req-854f15e5-8e7f-406d-b8ba-06acc752d010 2d8f02d8092d4593885af1944cbab2f8 313b6a5de6514d01bb117195fe3c01a2 - - default default] Successfully bumped revision number for resource 5cebf5df-9c2f-4ec9-abf8-15c22126d8fa (type: router_ports) to 1
2026-06-24 06:39:15.728 9 INFO neutron.wsgi [None req-dd12d65b-fb5c-494f-b3b8-44ce6176c57f 077cbf55c2ea41d68f97fa6292411a5c 44d62b779996478c833b8c35d862cc8b - - default default] 10.0.0.233 "GET /v2.0/subnetpools HTTP/1.1" status: 200 len: 193 time: 0.0080867
2026-06-24 06:39:15.738 9 INFO neutron.wsgi [None req-cfb9cffc-8c5b-4f7d-a1bb-3ab1b52791d3 077cbf55c2ea41d68f97fa6292411a5c 44d62b779996478c833b8c35d862cc8b - - default default] 10.0.0.233 "GET /v2.0/agents HTTP/1.1" status: 200 len: 997 time: 0.0088117
2026-06-24 06:39:15.748 10 INFO neutron.wsgi [None req-b5ee0f3a-f9cd-482d-a42a-4e107d1e13ec 077cbf55c2ea41d68f97fa6292411a5c 44d62b779996478c833b8c35d862cc8b - - default default] 10.0.0.142 "POST /v2.0/subnets HTTP/1.1" status: 201 len: 866 time: 1.0690758
2026-06-24 06:39:16.221 10 INFO neutron.db.ovn_revision_numbers_db [None req-854f15e5-8e7f-406d-b8ba-06acc752d010 2d8f02d8092d4593885af1944cbab2f8 313b6a5de6514d01bb117195fe3c01a2 - - default default] Successfully bumped revision number for resource 5cebf5df-9c2f-4ec9-abf8-15c22126d8fa (type: ports) to 1
2026-06-24 06:39:16.272 9 WARNING neutron.scheduler.dhcp_agent_scheduler [None req-d8a9024b-1ef5-4261-89da-5c7d315f9d34 077cbf55c2ea41d68f97fa6292411a5c 44d62b779996478c833b8c35d862cc8b - - default default] No more DHCP agents
2026-06-24 06:39:16.276 9 WARNING neutron.api.rpc.agentnotifiers.dhcp_rpc_agent_api [None req-d8a9024b-1ef5-4261-89da-5c7d315f9d34 077cbf55c2ea41d68f97fa6292411a5c 44d62b779996478c833b8c35d862cc8b - - default default] Unable to schedule network 3d27b758-749b-458b-89d4-e7c82ab7ebb9: no agents available; will retry on subsequent port and subnet creation events.
2026-06-24 06:39:16.340 10 WARNING neutron.scheduler.dhcp_agent_scheduler [None req-854f15e5-8e7f-406d-b8ba-06acc752d010 2d8f02d8092d4593885af1944cbab2f8 313b6a5de6514d01bb117195fe3c01a2 - - default default] No more DHCP agents
2026-06-24 06:39:16.342 10 WARNING neutron.api.rpc.agentnotifiers.dhcp_rpc_agent_api [None req-854f15e5-8e7f-406d-b8ba-06acc752d010 2d8f02d8092d4593885af1944cbab2f8 313b6a5de6514d01bb117195fe3c01a2 - - default default] Unable to schedule network fd55a4d4-f3d7-4267-8d99-c615291dd505: no agents available; will retry on subsequent port and subnet creation events.
2026-06-24 06:39:16.430 9 INFO neutron.db.ovn_revision_numbers_db [None req-d8a9024b-1ef5-4261-89da-5c7d315f9d34 077cbf55c2ea41d68f97fa6292411a5c 44d62b779996478c833b8c35d862cc8b - - default default] Successfully bumped revision number for resource 8d5e8416-b42e-47f4-9e82-4a4b12fa3246 (type: ports) to 1
2026-06-24 06:39:16.439 10 INFO neutron.wsgi [None req-c8b10b30-791c-438b-aa6f-7ccfa36aae1b 077cbf55c2ea41d68f97fa6292411a5c 44d62b779996478c833b8c35d862cc8b - - default default] 10.0.0.142 "DELETE /v2.0/security-groups/c3e347f9-9c25-436e-a356-aa448cf5dc4f HTTP/1.1" status: 204 len: 168 time: 0.7528956
2026-06-24 06:39:16.489 10 INFO neutron.db.ovn_revision_numbers_db [None req-82b03573-d123-4689-a836-64c806e4d42f - - - - - -] Successfully bumped revision number for resource 5cebf5df-9c2f-4ec9-abf8-15c22126d8fa (type: ports) to 2
2026-06-24 06:39:16.645 10 INFO neutron.db.ovn_revision_numbers_db [None req-854f15e5-8e7f-406d-b8ba-06acc752d010 2d8f02d8092d4593885af1944cbab2f8 313b6a5de6514d01bb117195fe3c01a2 - - default default] Successfully bumped revision number for resource 5cebf5df-9c2f-4ec9-abf8-15c22126d8fa (type: router_ports) to 2
2026-06-24 06:39:16.648 10 INFO neutron.wsgi [None req-854f15e5-8e7f-406d-b8ba-06acc752d010 2d8f02d8092d4593885af1944cbab2f8 313b6a5de6514d01bb117195fe3c01a2 - - default default] 10.0.0.142 "PUT /v2.0/routers/8c5ea1b0-a1a3-4d6e-867f-ddd02c2dcf53/add_router_interface HTTP/1.1" status: 200 len: 503 time: 2.3654695
2026-06-24 06:39:16.835 9 INFO neutron.wsgi [None req-fcf0180e-9030-4b27-9c03-ad5746f1312c 2d8f02d8092d4593885af1944cbab2f8 313b6a5de6514d01bb117195fe3c01a2 - - default default] 10.0.0.142 "GET /v2.0/ports/5cebf5df-9c2f-4ec9-abf8-15c22126d8fa HTTP/1.1" status: 200 len: 1149 time: 0.1792090
2026-06-24 06:39:16.877 10 INFO neutron.wsgi [None req-d15536b1-9de9-44fc-8689-e9e7bad6c4e1 2d8f02d8092d4593885af1944cbab2f8 313b6a5de6514d01bb117195fe3c01a2 - - default default] 10.0.0.142 "GET /v2.0/ports/5cebf5df-9c2f-4ec9-abf8-15c22126d8fa HTTP/1.1" status: 200 len: 1149 time: 0.0335269
2026-06-24 06:39:17.634 9 INFO neutron.plugins.ml2.drivers.ovn.mech_driver.ovsdb.ovsdb_monitor [None req-20ad2b84-2292-4992-83a3-2cdbaed6afe3 - - - - - -] Router 07c810f8-dfb8-4ea0-aeca-11f069227d32 is bound to host instance
2026-06-24 06:39:17.683 9 INFO neutron.db.ovn_revision_numbers_db [None req-d8a9024b-1ef5-4261-89da-5c7d315f9d34 077cbf55c2ea41d68f97fa6292411a5c 44d62b779996478c833b8c35d862cc8b - - default default] Successfully bumped revision number for resource 8d5e8416-b42e-47f4-9e82-4a4b12fa3246 (type: router_ports) to 1
2026-06-24 06:39:17.817 9 INFO neutron.db.ovn_revision_numbers_db [None req-d8a9024b-1ef5-4261-89da-5c7d315f9d34 077cbf55c2ea41d68f97fa6292411a5c 44d62b779996478c833b8c35d862cc8b - - default default] Successfully bumped revision number for resource 07c810f8-dfb8-4ea0-aeca-11f069227d32 (type: routers) to 2
2026-06-24 06:39:17.864 9 INFO neutron.wsgi [None req-d8a9024b-1ef5-4261-89da-5c7d315f9d34 077cbf55c2ea41d68f97fa6292411a5c 44d62b779996478c833b8c35d862cc8b - - default default] 10.0.0.142 "POST /v2.0/routers HTTP/1.1" status: 201 len: 877 time: 2.1106300
2026-06-24 06:39:18.011 9 INFO neutron.wsgi [-] 10.0.0.169 "GET / HTTP/1.1" status: 200 len: 247 time: 0.0015798
2026-06-24 06:39:18.013 9 INFO neutron.wsgi [-] 10.0.0.169 "GET / HTTP/1.1" status: 200 len: 247 time: 0.0011857
2026-06-24 06:39:18.261 9 INFO neutron.wsgi [None req-f89f535a-d218-4c9b-921f-97f031caf841 2d8f02d8092d4593885af1944cbab2f8 313b6a5de6514d01bb117195fe3c01a2 - - default default] 10.0.0.142 "PUT /v2.0/routers/8c5ea1b0-a1a3-4d6e-867f-ddd02c2dcf53/remove_router_interface HTTP/1.1" status: 200 len: 503 time: 1.3774159 /var/lib/openstack/lib/python3.10/site-packages/pycadf/identifier.py:71: UserWarning: Invalid uuid: neutron. To ensure interoperability, identifiers should be a valid uuid. warnings.warn(('Invalid uuid: %s. To ensure interoperability, '
2026-06-24 06:39:18.393 9 INFO neutron.wsgi [None req-3476aed6-cf23-4294-bf6d-9cd862410266 2d8f02d8092d4593885af1944cbab2f8 313b6a5de6514d01bb117195fe3c01a2 - - default default] 10.0.0.142 "GET /v2.0/ports/57dac5c9-5f4b-4928-b46f-d06e9b5609a0 HTTP/1.1" status: 200 len: 1141 time: 0.1246049
2026-06-24 06:39:18.399 10 WARNING neutron.scheduler.dhcp_agent_scheduler [None req-d7911476-dffc-4cbd-949e-05b06371edad 077cbf55c2ea41d68f97fa6292411a5c 44d62b779996478c833b8c35d862cc8b - - default default] No more DHCP agents
2026-06-24 06:39:18.401 10 WARNING neutron.api.rpc.agentnotifiers.dhcp_rpc_agent_api [None req-d7911476-dffc-4cbd-949e-05b06371edad 077cbf55c2ea41d68f97fa6292411a5c 44d62b779996478c833b8c35d862cc8b - - default default] Unable to schedule network 9ff3f6e0-6c7c-490a-946d-cf7dea3c1ca2: no agents available; will retry on subsequent port and subnet creation events.
2026-06-24 06:39:18.473 9 INFO neutron.db.ovn_revision_numbers_db [None req-20ad2b84-2292-4992-83a3-2cdbaed6afe3 - - - - - -] Successfully bumped revision number for resource 8d5e8416-b42e-47f4-9e82-4a4b12fa3246 (type: ports) to 1
2026-06-24 06:39:18.583 10 INFO neutron.db.ovn_revision_numbers_db [None req-d7911476-dffc-4cbd-949e-05b06371edad 077cbf55c2ea41d68f97fa6292411a5c 44d62b779996478c833b8c35d862cc8b - - default default] Successfully bumped revision number for resource df89f9ad-3835-4ea9-bfc6-c759b448f621 (type: ports) to 1
2026-06-24 06:39:18.995 9 INFO neutron.db.ovn_revision_numbers_db [None req-20ad2b84-2292-4992-83a3-2cdbaed6afe3 - - - - - -] Successfully bumped revision number for resource 8d5e8416-b42e-47f4-9e82-4a4b12fa3246 (type: router_ports) to 3
2026-06-24 06:39:19.066 10 INFO neutron.db.ovn_revision_numbers_db [None req-d7911476-dffc-4cbd-949e-05b06371edad 077cbf55c2ea41d68f97fa6292411a5c 44d62b779996478c833b8c35d862cc8b - - default default] Successfully bumped revision number for resource df89f9ad-3835-4ea9-bfc6-c759b448f621 (type: router_ports) to 1
2026-06-24 06:39:19.275 10 INFO neutron.db.ovn_revision_numbers_db [None req-d7911476-dffc-4cbd-949e-05b06371edad 077cbf55c2ea41d68f97fa6292411a5c 44d62b779996478c833b8c35d862cc8b - - default default] Successfully bumped revision number for resource df89f9ad-3835-4ea9-bfc6-c759b448f621 (type: ports) to 1
2026-06-24 06:39:19.278 10 INFO neutron.db.ovn_revision_numbers_db [None req-1b550f2e-1290-45cf-85fd-cf199fae06c0 077cbf55c2ea41d68f97fa6292411a5c 44d62b779996478c833b8c35d862cc8b - - default default] Successfully bumped revision number for resource 7fa4ee2b-9385-4c9e-9e85-857b15c03e96 (type: security_groups) to 1
2026-06-24 06:39:19.306 10 INFO neutron.db.ovn_revision_numbers_db [None req-1b550f2e-1290-45cf-85fd-cf199fae06c0 077cbf55c2ea41d68f97fa6292411a5c 44d62b779996478c833b8c35d862cc8b - - default default] Successfully bumped revision number for resource 0abc817c-6c77-4b73-b643-e2d50e31f8c3 (type: security_group_rules) to 0
2026-06-24 06:39:19.332 10 INFO neutron.db.ovn_revision_numbers_db [None req-1b550f2e-1290-45cf-85fd-cf199fae06c0 077cbf55c2ea41d68f97fa6292411a5c 44d62b779996478c833b8c35d862cc8b - - default default] Successfully bumped revision number for resource 1550521e-0fb3-412b-a49a-b027f11f6978 (type: security_group_rules) to 0
2026-06-24 06:39:19.354 10 INFO neutron.db.ovn_revision_numbers_db [None req-1b550f2e-1290-45cf-85fd-cf199fae06c0 077cbf55c2ea41d68f97fa6292411a5c 44d62b779996478c833b8c35d862cc8b - - default default] Successfully bumped revision number for resource 5ffd2c61-5e96-4267-99f7-3a8f7101a773 (type: security_group_rules) to 0
2026-06-24 06:39:19.367 10 WARNING neutron.scheduler.dhcp_agent_scheduler [None req-d7911476-dffc-4cbd-949e-05b06371edad 077cbf55c2ea41d68f97fa6292411a5c 44d62b779996478c833b8c35d862cc8b - - default default] No more DHCP agents
2026-06-24 06:39:19.368 10 WARNING neutron.api.rpc.agentnotifiers.dhcp_rpc_agent_api [None req-d7911476-dffc-4cbd-949e-05b06371edad 077cbf55c2ea41d68f97fa6292411a5c 44d62b779996478c833b8c35d862cc8b - - default default] Unable to schedule network 9ff3f6e0-6c7c-490a-946d-cf7dea3c1ca2: no agents available; will retry on subsequent port and subnet creation events.
2026-06-24 06:39:19.370 10 INFO neutron.db.ovn_revision_numbers_db [None req-1b550f2e-1290-45cf-85fd-cf199fae06c0 077cbf55c2ea41d68f97fa6292411a5c 44d62b779996478c833b8c35d862cc8b - - default default] Successfully bumped revision number for resource a6a87ae5-7b77-4233-84fb-5452bc704b0c (type: security_group_rules) to 0
2026-06-24 06:39:19.401 10 INFO neutron.wsgi [None req-1b550f2e-1290-45cf-85fd-cf199fae06c0 077cbf55c2ea41d68f97fa6292411a5c 44d62b779996478c833b8c35d862cc8b - - default default] 10.0.0.142 "GET /v2.0/security-groups?tenant_id=fc2e5e36d96a4fa7bd7f7a3b55748974&name=default HTTP/1.1" status: 200 len: 2996 time: 0.5002294
2026-06-24 06:39:19.436 9 INFO neutron.wsgi [req-601db353-18d1-4fb0-a973-953c886ccdf5 req-866e5045-9562-4844-bc36-16e902237aa5 1588825f9e8c4aae8f2817ef02dc2382 afdbfcb94df3419fb6684e6ace270672 - - c769bb63276a405ab5dc2b9ffc22e0d7 c769bb63276a405ab5dc2b9ffc22e0d7] 10.0.0.92 "GET /v2.0/ports?device_id=40feffe8-9abc-4e22-aad2-a0339a90de64 HTTP/1.1" status: 200 len: 1409 time: 0.0453172
2026-06-24 06:39:19.531 9 INFO neutron.wsgi [req-601db353-18d1-4fb0-a973-953c886ccdf5 req-f731586d-6407-4a1f-b233-36a61a31eac4 1588825f9e8c4aae8f2817ef02dc2382 afdbfcb94df3419fb6684e6ace270672 - - c769bb63276a405ab5dc2b9ffc22e0d7 c769bb63276a405ab5dc2b9ffc22e0d7] 10.0.0.92 "GET /v2.0/security-groups?id=c710272d-867b-4651-85fd-605ef8009509&fields=id&fields=name HTTP/1.1" status: 200 len: 313 time: 0.0836809
2026-06-24 06:39:19.554 9 WARNING neutron.plugins.ml2.drivers.ovn.mech_driver.ovsdb.ovn_client [None req-bc1054ba-85a4-4857-9137-c16a8000b9e4 - - - - - -] No port found with ID 57dac5c9-5f4b-4928-b46f-d06e9b5609a0: RuntimeError: No port found with ID 57dac5c9-5f4b-4928-b46f-d06e9b5609a0
2026-06-24 06:39:19.555 9 INFO neutron.plugins.ml2.drivers.ovn.mech_driver.mech_driver [None req-bc1054ba-85a4-4857-9137-c16a8000b9e4 - - - - - -] OVN reports status up for port: 8d5e8416-b42e-47f4-9e82-4a4b12fa3246
