Apr 04 10:36:08.887332 np0000163438 devstack@neutron-api.service[102135]: DEBUG neutron.api.extensions [None req-5b2708fa-fedb-46db-8394-316cb737be48 None None] Ext name="QoS port network policy ID" alias="qos-port-network-policy" description="Adds a the QoS network ID to the port definition" updated="2019-11-01T10:00:00-00:00" {{(pid=102135) _check_extension /opt/stack/neutron/neutron/api/extensions.py:415}}
Apr 04 10:36:08.887500 np0000163438 devstack@neutron-api.service[102135]: INFO neutron.api.extensions [None req-5b2708fa-fedb-46db-8394-316cb737be48 None None] Extension qos-port-network-policy not supported by any of loaded plugins
Apr 04 10:36:08.887610 np0000163438 devstack@neutron-api.service[102135]: DEBUG neutron.api.extensions [None req-5b2708fa-fedb-46db-8394-316cb737be48 None None] Loading extension file: qos_pps_minimum_rule.py {{(pid=102135) _load_all_extensions_from_path /opt/stack/neutron/neutron/api/extensions.py:449}}
Apr 04 10:36:08.887915 np0000163438 devstack@neutron-api.service[102135]: DEBUG neutron.api.extensions [None req-5b2708fa-fedb-46db-8394-316cb737be48 None None] Ext name="QoS minimum packet rate rule" alias="qos-pps-minimum" description="Allow to configure QoS minimum packet rate rule." updated="2021-07-14T10:00:00-00:00" {{(pid=102135) _check_extension /opt/stack/neutron/neutron/api/extensions.py:415}}
Apr 04 10:36:08.888133 np0000163438 devstack@neutron-api.service[102135]: INFO neutron.api.extensions [None req-5b2708fa-fedb-46db-8394-316cb737be48 None None] Extension qos-pps-minimum not supported by any of loaded plugins
Apr 04 10:36:08.888166 np0000163438 devstack@neutron-api.service[102137]: DEBUG neutron_lib.callbacks.manager [None req-996a9ded-4914-486d-8fb3-9ed4b5e443eb None None] Publish callbacks ['neutron.plugins.ml2.drivers.ovn.mech_driver.mech_driver.OVNMechanismDriver.post_fork_initialize-202070', 'neutron.services.ovn_l3.plugin.OVNL3RouterPlugin._post_fork_initialize-4133962'] for process (None), after_init {{(pid=102137) _notify_loop /opt/stack/data/venv/lib/python3.12/site-packages/neutron_lib/callbacks/manager.py:184}}
Apr 04 10:36:08.888268 np0000163438 devstack@neutron-api.service[102135]: DEBUG neutron.api.extensions [None req-5b2708fa-fedb-46db-8394-316cb737be48 None None] Loading extension file: qos_pps_minimum_rule_alias.py {{(pid=102135) _load_all_extensions_from_path /opt/stack/neutron/neutron/api/extensions.py:449}}
Apr 04 10:36:08.888655 np0000163438 devstack@neutron-api.service[102135]: DEBUG neutron.api.extensions [None req-5b2708fa-fedb-46db-8394-316cb737be48 None None] Ext name="QoS minimum packet rate rule alias" alias="qos-pps-minimum-rule-alias" description="API to enable GET, PUT and DELETE operations on QoS minimum packet rate rule without specifying policy ID" updated="2021-10-22T10:00:00-00:00" {{(pid=102135) _check_extension /opt/stack/neutron/neutron/api/extensions.py:415}}
Apr 04 10:36:08.888894 np0000163438 devstack@neutron-api.service[102137]: DEBUG oslo_concurrency.lockutils [None req-996a9ded-4914-486d-8fb3-9ed4b5e443eb None None] Acquiring lock "singleton_lock" {{(pid=102137) lock /opt/stack/data/venv/lib/python3.12/site-packages/oslo_concurrency/lockutils.py:390}}
Apr 04 10:36:08.888937 np0000163438 devstack@neutron-api.service[102135]: INFO neutron.api.extensions [None req-5b2708fa-fedb-46db-8394-316cb737be48 None None] Extension qos-pps-minimum-rule-alias not supported by any of loaded plugins
Apr 04 10:36:08.889035 np0000163438 devstack@neutron-api.service[102135]: DEBUG neutron.api.extensions [None req-5b2708fa-fedb-46db-8394-316cb737be48 None None] Loading extension file: qos_pps_rule.py {{(pid=102135) _load_all_extensions_from_path /opt/stack/neutron/neutron/api/extensions.py:449}}
Apr 04 10:36:08.889122 np0000163438 devstack@neutron-api.service[102137]: DEBUG oslo_concurrency.lockutils [None req-996a9ded-4914-486d-8fb3-9ed4b5e443eb None None] Acquired lock "singleton_lock" {{(pid=102137) lock /opt/stack/data/venv/lib/python3.12/site-packages/oslo_concurrency/lockutils.py:393}}
Apr 04 10:36:08.889405 np0000163438 devstack@neutron-api.service[102135]: DEBUG neutron.api.extensions [None req-5b2708fa-fedb-46db-8394-316cb737be48 None None] Ext name="QoS Rule Type Packet per Second Extension" alias="qos-pps" description="Add QoS Rule Type Packet per Second" updated="2021-05-12T10:00:00-00:00" {{(pid=102135) _check_extension /opt/stack/neutron/neutron/api/extensions.py:415}}
Apr 04 10:36:08.889640 np0000163438 devstack@neutron-api.service[102137]: DEBUG oslo_concurrency.lockutils [None req-996a9ded-4914-486d-8fb3-9ed4b5e443eb None None] Releasing lock "singleton_lock" {{(pid=102137) lock /opt/stack/data/venv/lib/python3.12/site-packages/oslo_concurrency/lockutils.py:413}}
Apr 04 10:36:08.889677 np0000163438 devstack@neutron-api.service[102135]: INFO neutron.api.extensions [None req-5b2708fa-fedb-46db-8394-316cb737be48 None None] Extension qos-pps not supported by any of loaded plugins
Apr 04 10:36:08.889807 np0000163438 devstack@neutron-api.service[102135]: DEBUG neutron.api.extensions [None req-5b2708fa-fedb-46db-8394-316cb737be48 None None] Loading extension file: qos_rule_type_details.py {{(pid=102135) _load_all_extensions_from_path /opt/stack/neutron/neutron/api/extensions.py:449}}
Apr 04 10:36:08.890143 np0000163438 devstack@neutron-api.service[102135]: DEBUG neutron.api.extensions [None req-5b2708fa-fedb-46db-8394-316cb737be48 None None] Ext name="Details of QoS rule types" alias="qos-rule-type-details" description="Expose details about QoS rule types supported by loaded backend drivers" updated="2017-06-22T10:00:00-00:00" {{(pid=102135) _check_extension /opt/stack/neutron/neutron/api/extensions.py:415}}
Apr 04 10:36:08.890385 np0000163438 devstack@neutron-api.service[102135]: INFO neutron.api.extensions [None req-5b2708fa-fedb-46db-8394-316cb737be48 None None] Extension qos-rule-type-details not supported by any of loaded plugins
Apr 04 10:36:08.890533 np0000163438 devstack@neutron-api.service[102135]: DEBUG neutron.api.extensions [None req-5b2708fa-fedb-46db-8394-316cb737be48 None None] Loading extension file: qos_rule_type_filter.py {{(pid=102135) _load_all_extensions_from_path /opt/stack/neutron/neutron/api/extensions.py:449}}
Apr 04 10:36:08.890882 np0000163438 devstack@neutron-api.service[102135]: DEBUG neutron.api.extensions [None req-5b2708fa-fedb-46db-8394-316cb737be48 None None] Ext name="Allow to filter the list of QoS rule types" alias="qos-rule-type-filter" description="Allows to filter the QoS rule type list adding two new flags. "all_rules" prints all implemented QoS rule types."all_supported" prints all supported QoS rule types by the loaded mechanism drivers" updated="2022-02-02T10:00:00-00:00" {{(pid=102135) _check_extension /opt/stack/neutron/neutron/api/extensions.py:415}}
Apr 04 10:36:08.891128 np0000163438 devstack@neutron-api.service[102135]: INFO neutron.api.extensions [None req-5b2708fa-fedb-46db-8394-316cb737be48 None None] Extension qos-rule-type-filter not supported by any of loaded plugins
Apr 04 10:36:08.891264 np0000163438 devstack@neutron-api.service[102135]: DEBUG neutron.api.extensions [None req-5b2708fa-fedb-46db-8394-316cb737be48 None None] Loading extension file: qos_rules_alias.py {{(pid=102135) _load_all_extensions_from_path /opt/stack/neutron/neutron/api/extensions.py:449}}
Apr 04 10:36:08.891659 np0000163438 devstack@neutron-api.service[102135]: DEBUG neutron.api.extensions [None req-5b2708fa-fedb-46db-8394-316cb737be48 None None] Ext name="Quality of Service rules alias API" alias="qos-rules-alias" description="API to enable GET, PUT and DELETE operations on QoS policy rules without specifying policy ID" updated="2018-10-07T10:00:00-00:00" {{(pid=102135) _check_extension /opt/stack/neutron/neutron/api/extensions.py:415}}
Apr 04 10:36:08.891957 np0000163438 devstack@neutron-api.service[102135]: INFO neutron.api.extensions [None req-5b2708fa-fedb-46db-8394-316cb737be48 None None] Extension qos-rules-alias not supported by any of loaded plugins
Apr 04 10:36:08.892093 np0000163438 devstack@neutron-api.service[102135]: DEBUG neutron.api.extensions [None req-5b2708fa-fedb-46db-8394-316cb737be48 None None] Loading extension file: quota_check_limit.py {{(pid=102135) _load_all_extensions_from_path /opt/stack/neutron/neutron/api/extensions.py:449}}
Apr 04 10:36:08.892431 np0000163438 devstack@neutron-api.service[102135]: DEBUG neutron.api.extensions [None req-5b2708fa-fedb-46db-8394-316cb737be48 None None] Ext name="Quota engine limit check" alias="quota-check-limit" description="Support for checking the resource usage before applying a new quota limit" updated="2021-09-08T16:00:00-00:00" {{(pid=102135) _check_extension /opt/stack/neutron/neutron/api/extensions.py:415}}
Apr 04 10:36:08.892744 np0000163438 devstack@neutron-api.service[102135]: INFO neutron.api.extensions [None req-5b2708fa-fedb-46db-8394-316cb737be48 None None] Loaded extension: quota-check-limit
Apr 04 10:36:08.892848 np0000163438 devstack@neutron-api.service[102135]: DEBUG neutron.api.extensions [None req-5b2708fa-fedb-46db-8394-316cb737be48 None None] Loading extension file: quota_check_limit_default.py {{(pid=102135) _load_all_extensions_from_path /opt/stack/neutron/neutron/api/extensions.py:449}}
Apr 04 10:36:08.893113 np0000163438 devstack@neutron-api.service[102137]: DEBUG neutron.plugins.ml2.drivers.ovn.mech_driver.mech_driver [None req-996a9ded-4914-486d-8fb3-9ed4b5e443eb None None] Hash Ring setup using WSGI start time 2026-04-04 10:36:01+00:00 {{(pid=102137) _init_hash_ring /opt/stack/neutron/neutron/plugins/ml2/drivers/ovn/mech_driver/mech_driver.py:402}}
Apr 04 10:36:08.893232 np0000163438 devstack@neutron-api.service[102135]: DEBUG neutron.api.extensions [None req-5b2708fa-fedb-46db-8394-316cb737be48 None None] Ext name="Quota engine limit check by default" alias="quota-check-limit-default" description="By default, the Neutron quota engine checks the resource usage before applying a new quota limit" updated="2024-08-21T16:00:00-00:00" {{(pid=102135) _check_extension /opt/stack/neutron/neutron/api/extensions.py:415}}
Apr 04 10:36:08.893488 np0000163438 devstack@neutron-api.service[102135]: INFO neutron.api.extensions [None req-5b2708fa-fedb-46db-8394-316cb737be48 None None] Loaded extension: quota-check-limit-default
Apr 04 10:36:08.893649 np0000163438 devstack@neutron-api.service[102135]: DEBUG neutron.api.extensions [None req-5b2708fa-fedb-46db-8394-316cb737be48 None None] Loading extension file: quotasv2.py {{(pid=102135) _load_all_extensions_from_path /opt/stack/neutron/neutron/api/extensions.py:449}}
Apr 04 10:36:08.894450 np0000163438 devstack@neutron-api.service[102135]: DEBUG neutron.api.extensions [None req-5b2708fa-fedb-46db-8394-316cb737be48 None None] Ext name="Quota management support" alias="quotas" description="Expose functions for quotas management per project" updated="2012-07-29T10:00:00-00:00" {{(pid=102135) _check_extension /opt/stack/neutron/neutron/api/extensions.py:415}}
Apr 04 10:36:08.894609 np0000163438 devstack@neutron-api.service[102135]: INFO neutron.api.extensions [None req-5b2708fa-fedb-46db-8394-316cb737be48 None None] Loaded extension: quotas
Apr 04 10:36:08.894739 np0000163438 devstack@neutron-api.service[102135]: DEBUG neutron.api.extensions [None req-5b2708fa-fedb-46db-8394-316cb737be48 None None] Loading extension file: quotasv2_detail.py {{(pid=102135) _load_all_extensions_from_path /opt/stack/neutron/neutron/api/extensions.py:449}}
Apr 04 10:36:08.895220 np0000163438 devstack@neutron-api.service[102135]: DEBUG neutron.api.extensions [None req-5b2708fa-fedb-46db-8394-316cb737be48 None None] Ext name="Quota details management support" alias="quota_details" description="Expose functions for quotas usage statistics per project" updated="2017-02-10T10:00:00-00:00" {{(pid=102135) _check_extension /opt/stack/neutron/neutron/api/extensions.py:415}}
Apr 04 10:36:08.895356 np0000163438 devstack@neutron-api.service[102135]: INFO neutron.api.extensions [None req-5b2708fa-fedb-46db-8394-316cb737be48 None None] Loaded extension: quota_details
Apr 04 10:36:08.895483 np0000163438 devstack@neutron-api.service[102135]: DEBUG neutron.api.extensions [None req-5b2708fa-fedb-46db-8394-316cb737be48 None None] Loading extension file: rbac.py {{(pid=102135) _load_all_extensions_from_path /opt/stack/neutron/neutron/api/extensions.py:449}}
Apr 04 10:36:08.896295 np0000163438 devstack@neutron-api.service[102135]: DEBUG neutron.api.extensions [None req-5b2708fa-fedb-46db-8394-316cb737be48 None None] Ext name="RBAC Policies" alias="rbac-policies" description="Allows creation and modification of policies that control tenant access to resources." updated="2015-06-17T12:15:12-00:00" {{(pid=102135) _check_extension /opt/stack/neutron/neutron/api/extensions.py:415}}
Apr 04 10:36:08.896591 np0000163438 devstack@neutron-api.service[102135]: INFO neutron.api.extensions [None req-5b2708fa-fedb-46db-8394-316cb737be48 None None] Loaded extension: rbac-policies
Apr 04 10:36:08.896724 np0000163438 devstack@neutron-api.service[102135]: DEBUG neutron.api.extensions [None req-5b2708fa-fedb-46db-8394-316cb737be48 None None] Loading extension file: rbac_address_group.py {{(pid=102135) _load_all_extensions_from_path /opt/stack/neutron/neutron/api/extensions.py:449}}
Apr 04 10:36:08.897085 np0000163438 devstack@neutron-api.service[102135]: DEBUG neutron.api.extensions [None req-5b2708fa-fedb-46db-8394-316cb737be48 None None] Ext name="Add address_group type to RBAC" alias="rbac-address-group" description="Add address_group type to network RBAC" updated="2021-01-20T00:00:00-00:00" {{(pid=102135) _check_extension /opt/stack/neutron/neutron/api/extensions.py:415}}
Apr 04 10:36:08.897349 np0000163438 devstack@neutron-api.service[102135]: INFO neutron.api.extensions [None req-5b2708fa-fedb-46db-8394-316cb737be48 None None] Extension rbac-address-group not supported by any of loaded plugins
Apr 04 10:36:08.897481 np0000163438 devstack@neutron-api.service[102135]: DEBUG neutron.api.extensions [None req-5b2708fa-fedb-46db-8394-316cb737be48 None None] Loading extension file: rbac_address_scope.py {{(pid=102135) _load_all_extensions_from_path /opt/stack/neutron/neutron/api/extensions.py:449}}
Apr 04 10:36:08.897846 np0000163438 devstack@neutron-api.service[102135]: DEBUG neutron.api.extensions [None req-5b2708fa-fedb-46db-8394-316cb737be48 None None] Ext name="Add address_scope type to RBAC" alias="rbac-address-scope" description="Add address_scope type to RBAC" updated="2020-02-12T00:00:00-00:00" {{(pid=102135) _check_extension /opt/stack/neutron/neutron/api/extensions.py:415}}
Apr 04 10:36:08.898092 np0000163438 devstack@neutron-api.service[102135]: INFO neutron.api.extensions [None req-5b2708fa-fedb-46db-8394-316cb737be48 None None] Loaded extension: rbac-address-scope
Apr 04 10:36:08.898226 np0000163438 devstack@neutron-api.service[102135]: DEBUG neutron.api.extensions [None req-5b2708fa-fedb-46db-8394-316cb737be48 None None] Loading extension file: rbac_security_groups.py {{(pid=102135) _load_all_extensions_from_path /opt/stack/neutron/neutron/api/extensions.py:449}}
Apr 04 10:36:08.898585 np0000163438 devstack@neutron-api.service[102135]: DEBUG neutron.api.extensions [None req-5b2708fa-fedb-46db-8394-316cb737be48 None None] Ext name="Add security_group type to network RBAC" alias="rbac-security-groups" description="Add security_group type to network RBAC" updated="2019-02-14T00:00:00-00:00" {{(pid=102135) _check_extension /opt/stack/neutron/neutron/api/extensions.py:415}}
Apr 04 10:36:08.898833 np0000163438 devstack@neutron-api.service[102135]: INFO neutron.api.extensions [None req-5b2708fa-fedb-46db-8394-316cb737be48 None None] Loaded extension: rbac-security-groups
Apr 04 10:36:08.898967 np0000163438 devstack@neutron-api.service[102135]: DEBUG neutron.api.extensions [None req-5b2708fa-fedb-46db-8394-316cb737be48 None None] Loading extension file: rbac_subnetpool.py {{(pid=102135) _load_all_extensions_from_path /opt/stack/neutron/neutron/api/extensions.py:449}}
Apr 04 10:36:08.899295 np0000163438 devstack@neutron-api.service[102135]: DEBUG neutron.api.extensions [None req-5b2708fa-fedb-46db-8394-316cb737be48 None None] Ext name="Add subnetpool type to RBAC" alias="rbac-subnetpool" description="Add subnetpool type to RBAC" updated="2020-02-05T00:00:00-00:00" {{(pid=102135) _check_extension /opt/stack/neutron/neutron/api/extensions.py:415}}
Apr 04 10:36:08.899559 np0000163438 devstack@neutron-api.service[102135]: INFO neutron.api.extensions [None req-5b2708fa-fedb-46db-8394-316cb737be48 None None] Extension rbac-subnetpool not supported by any of loaded plugins
Apr 04 10:36:08.899722 np0000163438 devstack@neutron-api.service[102135]: DEBUG neutron.api.extensions [None req-5b2708fa-fedb-46db-8394-316cb737be48 None None] Loading extension file: revisionifmatch.py {{(pid=102135) _load_all_extensions_from_path /opt/stack/neutron/neutron/api/extensions.py:449}}
Apr 04 10:36:08.899981 np0000163438 devstack@neutron-api.service[102137]: INFO neutron.db.ovn_hash_ring_db [None req-996a9ded-4914-486d-8fb3-9ed4b5e443eb None None] Nodes from host "np0000163438" and group "mechanism_driver" removed from the Hash Ring created at 2026-04-04 10:36:01+00:00
Apr 04 10:36:08.900043 np0000163438 devstack@neutron-api.service[102135]: DEBUG neutron.api.extensions [None req-5b2708fa-fedb-46db-8394-316cb737be48 None None] Ext name="If-Match constraints based on revision_number" alias="revision-if-match" description="Extension indicating that If-Match based on revision_number is supported." updated="2016-12-11T00:00:00-00:00" {{(pid=102135) _check_extension /opt/stack/neutron/neutron/api/extensions.py:415}}
Apr 04 10:36:08.900320 np0000163438 devstack@neutron-api.service[102135]: INFO neutron.api.extensions [None req-5b2708fa-fedb-46db-8394-316cb737be48 None None] Loaded extension: revision-if-match
Apr 04 10:36:08.900456 np0000163438 devstack@neutron-api.service[102135]: DEBUG neutron.api.extensions [None req-5b2708fa-fedb-46db-8394-316cb737be48 None None] Loading extension file: revisions.py {{(pid=102135) _load_all_extensions_from_path /opt/stack/neutron/neutron/api/extensions.py:449}}
Apr 04 10:36:08.900854 np0000163438 devstack@neutron-api.service[102135]: DEBUG neutron.api.extensions [None req-5b2708fa-fedb-46db-8394-316cb737be48 None None] Ext name="Resource revision numbers" alias="standard-attr-revisions" description="This extension will display the revision number of neutron resources." updated="2016-04-11T10:00:00-00:00" {{(pid=102135) _check_extension /opt/stack/neutron/neutron/api/extensions.py:415}}
Apr 04 10:36:08.901107 np0000163438 devstack@neutron-api.service[102135]: INFO neutron.api.extensions [None req-5b2708fa-fedb-46db-8394-316cb737be48 None None] Loaded extension: standard-attr-revisions
Apr 04 10:36:08.901241 np0000163438 devstack@neutron-api.service[102135]: DEBUG neutron.api.extensions [None req-5b2708fa-fedb-46db-8394-316cb737be48 None None] Loading extension file: router_availability_zone.py {{(pid=102135) _load_all_extensions_from_path /opt/stack/neutron/neutron/api/extensions.py:449}}
Apr 04 10:36:08.901665 np0000163438 devstack@neutron-api.service[102135]: DEBUG neutron.api.extensions [None req-5b2708fa-fedb-46db-8394-316cb737be48 None None] Ext name="Router Availability Zone" alias="router_availability_zone" description="Availability zone support for router." updated="2015-01-01T10:00:00-00:00" {{(pid=102135) _check_extension /opt/stack/neutron/neutron/api/extensions.py:415}}
Apr 04 10:36:08.901914 np0000163438 devstack@neutron-api.service[102135]: INFO neutron.api.extensions [None req-5b2708fa-fedb-46db-8394-316cb737be48 None None] Loaded extension: router_availability_zone
Apr 04 10:36:08.902048 np0000163438 devstack@neutron-api.service[102135]: DEBUG neutron.api.extensions [None req-5b2708fa-fedb-46db-8394-316cb737be48 None None] Loading extension file: router_enable_snat.py {{(pid=102135) _load_all_extensions_from_path /opt/stack/neutron/neutron/api/extensions.py:449}}
Apr 04 10:36:08.902372 np0000163438 devstack@neutron-api.service[102137]: INFO neutron.db.ovn_hash_ring_db [None req-996a9ded-4914-486d-8fb3-9ed4b5e443eb None None] Node d9d2c9fc95a25d88b34232f18f6e9547 from host "np0000163438" and group "mechanism_driver" added to the Hash Ring
Apr 04 10:36:08.902436 np0000163438 devstack@neutron-api.service[102135]: DEBUG neutron.api.extensions [None req-5b2708fa-fedb-46db-8394-316cb737be48 None None] Ext name="Exposes the router "enable_snat" read-only configuration flag" alias="router-enable-snat" description="Exposes the router "enable_snat" read-only configuration flag" updated="2025-09-18T18:00:00-00:00" {{(pid=102135) _check_extension /opt/stack/neutron/neutron/api/extensions.py:415}}
Apr 04 10:36:08.902659 np0000163438 devstack@neutron-api.service[102135]: INFO neutron.api.extensions [None req-5b2708fa-fedb-46db-8394-316cb737be48 None None] Loaded extension: router-enable-snat
Apr 04 10:36:08.902792 np0000163438 devstack@neutron-api.service[102135]: DEBUG neutron.api.extensions [None req-5b2708fa-fedb-46db-8394-316cb737be48 None None] Loading extension file: routerservicetype.py {{(pid=102135) _load_all_extensions_from_path /opt/stack/neutron/neutron/api/extensions.py:449}}
Apr 04 10:36:08.903134 np0000163438 devstack@neutron-api.service[102135]: DEBUG neutron.api.extensions [None req-5b2708fa-fedb-46db-8394-316cb737be48 None None] Ext name="Router Service Type" alias="router-service-type" description="Provides router service type" updated="2013-01-29T00:00:00-00:00" {{(pid=102135) _check_extension /opt/stack/neutron/neutron/api/extensions.py:415}}
Apr 04 10:36:08.903384 np0000163438 devstack@neutron-api.service[102135]: INFO neutron.api.extensions [None req-5b2708fa-fedb-46db-8394-316cb737be48 None None] Extension router-service-type not supported by any of loaded plugins
Apr 04 10:36:08.903533 np0000163438 devstack@neutron-api.service[102135]: DEBUG neutron.api.extensions [None req-5b2708fa-fedb-46db-8394-316cb737be48 None None] Loading extension file: security_groups_default_rules.py {{(pid=102135) _load_all_extensions_from_path /opt/stack/neutron/neutron/api/extensions.py:449}}
Apr 04 10:36:08.904823 np0000163438 devstack@neutron-api.service[102135]: DEBUG neutron.api.extensions [None req-5b2708fa-fedb-46db-8394-316cb737be48 None None] Ext name="Default rules for security groups" alias="security-groups-default-rules" description="Configure set of security group rules used as default rules for every new security group" updated="2022-12-19T10:00:00-00:00" {{(pid=102135) _check_extension /opt/stack/neutron/neutron/api/extensions.py:415}}
Apr 04 10:36:08.905003 np0000163438 devstack@neutron-api.service[102135]: INFO neutron.api.extensions [None req-5b2708fa-fedb-46db-8394-316cb737be48 None None] Loaded extension: security-groups-default-rules
Apr 04 10:36:08.948366 np0000163438 devstack@neutron-api.service[102135]: DEBUG neutron.api.extensions [None req-5b2708fa-fedb-46db-8394-316cb737be48 None None] Loading extension file: security_groups_normalized_cidr.py {{(pid=102135) _load_all_extensions_from_path /opt/stack/neutron/neutron/api/extensions.py:449}}
Apr 04 10:36:08.948681 np0000163438 devstack@neutron-api.service[102137]: DEBUG neutron.plugins.ml2.drivers.ovn.mech_driver.mech_driver [None req-996a9ded-4914-486d-8fb3-9ed4b5e443eb None None] Hash Ring setup, this worker has detected 3 OVN hash ring registers in the database {{(pid=102137) _init_hash_ring /opt/stack/neutron/neutron/plugins/ml2/drivers/ovn/mech_driver/mech_driver.py:412}}
Apr 04 10:36:08.948922 np0000163438 devstack@neutron-api.service[102135]: DEBUG neutron.api.extensions [None req-5b2708fa-fedb-46db-8394-316cb737be48 None None] Ext name="Normalized CIDR field for security group rules" alias="security-groups-normalized-cidr" description="Add new field with normalized remote_ip_prefix cidr in SG rule" updated="2020-07-28T10:00:00-00:00" {{(pid=102135) _check_extension /opt/stack/neutron/neutron/api/extensions.py:415}}
Apr 04 10:36:08.948922 np0000163438 devstack@neutron-api.service[102135]: INFO neutron.api.extensions [None req-5b2708fa-fedb-46db-8394-316cb737be48 None None] Loaded extension: security-groups-normalized-cidr
Apr 04 10:36:08.948922 np0000163438 devstack@neutron-api.service[102135]: DEBUG neutron.api.extensions [None req-5b2708fa-fedb-46db-8394-316cb737be48 None None] Loading extension file: security_groups_port_filtering.py {{(pid=102135) _load_all_extensions_from_path /opt/stack/neutron/neutron/api/extensions.py:449}}
Apr 04 10:36:08.948922 np0000163438 devstack@neutron-api.service[102135]: DEBUG neutron.api.extensions [None req-5b2708fa-fedb-46db-8394-316cb737be48 None None] Ext name="Port filtering on security groups" alias="port-security-groups-filtering" description="Provides security groups filtering when listing ports" updated="2018-01-09T09:00:00-00:00" {{(pid=102135) _check_extension /opt/stack/neutron/neutron/api/extensions.py:415}}
Apr 04 10:36:08.948922 np0000163438 devstack@neutron-api.service[102135]: INFO neutron.api.extensions [None req-5b2708fa-fedb-46db-8394-316cb737be48 None None] Extension port-security-groups-filtering not supported by any of loaded plugins
Apr 04 10:36:08.948922 np0000163438 devstack@neutron-api.service[102135]: DEBUG neutron.api.extensions [None req-5b2708fa-fedb-46db-8394-316cb737be48 None None] Loading extension file: security_groups_remote_address_group.py {{(pid=102135) _load_all_extensions_from_path /opt/stack/neutron/neutron/api/extensions.py:449}}
Apr 04 10:36:08.949650 np0000163438 devstack@neutron-api.service[102135]: DEBUG neutron.api.extensions [None req-5b2708fa-fedb-46db-8394-316cb737be48 None None] Ext name="Remote address group id field for security group rules" alias="security-groups-remote-address-group" description="Add new field of remote address group id in SG rules" updated="2020-08-25T10:00:00-00:00" {{(pid=102135) _check_extension /opt/stack/neutron/neutron/api/extensions.py:415}}
Apr 04 10:36:08.949650 np0000163438 devstack@neutron-api.service[102135]: INFO neutron.api.extensions [None req-5b2708fa-fedb-46db-8394-316cb737be48 None None] Loaded extension: security-groups-remote-address-group
Apr 04 10:36:08.949650 np0000163438 devstack@neutron-api.service[102135]: DEBUG neutron.api.extensions [None req-5b2708fa-fedb-46db-8394-316cb737be48 None None] Loading extension file: security_groups_rules_belongs_to_default_sg.py {{(pid=102135) _load_all_extensions_from_path /opt/stack/neutron/neutron/api/extensions.py:449}}
Apr 04 10:36:08.949650 np0000163438 devstack@neutron-api.service[102135]: DEBUG neutron.api.extensions [None req-5b2708fa-fedb-46db-8394-316cb737be48 None None] Ext name="Security group rule belongs to the project's default security group" alias="security-groups-rules-belongs-to-default-sg" description="Flag to determine if the security group rule belongs to the project's default security group" updated="2023-05-23T10:00:00-00:00" {{(pid=102135) _check_extension /opt/stack/neutron/neutron/api/extensions.py:415}}
Apr 04 10:36:08.949650 np0000163438 devstack@neutron-api.service[102135]: INFO neutron.api.extensions [None req-5b2708fa-fedb-46db-8394-316cb737be48 None None] Loaded extension: security-groups-rules-belongs-to-default-sg
Apr 04 10:36:08.949650 np0000163438 devstack@neutron-api.service[102135]: DEBUG neutron.api.extensions [None req-5b2708fa-fedb-46db-8394-316cb737be48 None None] Loading extension file: security_groups_shared_filtering.py {{(pid=102135) _load_all_extensions_from_path /opt/stack/neutron/neutron/api/extensions.py:449}}
Apr 04 10:36:08.950164 np0000163438 devstack@neutron-api.service[102135]: DEBUG neutron.api.extensions [None req-5b2708fa-fedb-46db-8394-316cb737be48 None None] Ext name="Security group filtering on the shared field" alias="security-groups-shared-filtering" description="Support filtering security groups on the shared field" updated="2021-10-05T09:00:00-00:00" {{(pid=102135) _check_extension /opt/stack/neutron/neutron/api/extensions.py:415}}
Apr 04 10:36:08.950164 np0000163438 devstack@neutron-api.service[102135]: INFO neutron.api.extensions [None req-5b2708fa-fedb-46db-8394-316cb737be48 None None] Loaded extension: security-groups-shared-filtering
Apr 04 10:36:08.950366 np0000163438 devstack@neutron-api.service[102136]: DEBUG ovsdbapp.backend.ovs_idl [None req-b4b1817e-79f3-4f46-8676-8ee6ad59084a None None] Created lookup_table index Logical_Switch.name {{(pid=102136) autocreate_indices /opt/stack/data/venv/lib/python3.12/site-packages/ovsdbapp/backend/ovs_idl/__init__.py:87}}
Apr 04 10:36:08.950565 np0000163438 devstack@neutron-api.service[102135]: DEBUG neutron.api.extensions [None req-5b2708fa-fedb-46db-8394-316cb737be48 None None] Loading extension file: securitygroup.py {{(pid=102135) _load_all_extensions_from_path /opt/stack/neutron/neutron/api/extensions.py:449}}
Apr 04 10:36:08.950724 np0000163438 devstack@neutron-api.service[102136]: DEBUG ovsdbapp.backend.ovs_idl [None req-b4b1817e-79f3-4f46-8676-8ee6ad59084a None None] Created lookup_table index Logical_Router.name {{(pid=102136) autocreate_indices /opt/stack/data/venv/lib/python3.12/site-packages/ovsdbapp/backend/ovs_idl/__init__.py:87}}
Apr 04 10:36:08.950724 np0000163438 devstack@neutron-api.service[102136]: DEBUG ovsdbapp.backend.ovs_idl [None req-b4b1817e-79f3-4f46-8676-8ee6ad59084a None None] Created lookup_table index Load_Balancer.name {{(pid=102136) autocreate_indices /opt/stack/data/venv/lib/python3.12/site-packages/ovsdbapp/backend/ovs_idl/__init__.py:87}}
Apr 04 10:36:08.950724 np0000163438 devstack@neutron-api.service[102136]: DEBUG ovsdbapp.backend.ovs_idl [None req-b4b1817e-79f3-4f46-8676-8ee6ad59084a None None] Created schema index Copp.name {{(pid=102136) autocreate_indices /opt/stack/data/venv/lib/python3.12/site-packages/ovsdbapp/backend/ovs_idl/__init__.py:106}}
Apr 04 10:36:08.950724 np0000163438 devstack@neutron-api.service[102136]: DEBUG ovsdbapp.backend.ovs_idl [None req-b4b1817e-79f3-4f46-8676-8ee6ad59084a None None] Created schema index Meter.name {{(pid=102136) autocreate_indices /opt/stack/data/venv/lib/python3.12/site-packages/ovsdbapp/backend/ovs_idl/__init__.py:106}}
Apr 04 10:36:08.950724 np0000163438 devstack@neutron-api.service[102136]: DEBUG ovsdbapp.backend.ovs_idl [None req-b4b1817e-79f3-4f46-8676-8ee6ad59084a None None] Created schema index Load_Balancer_Group.name {{(pid=102136) autocreate_indices /opt/stack/data/venv/lib/python3.12/site-packages/ovsdbapp/backend/ovs_idl/__init__.py:106}}
Apr 04 10:36:08.950724 np0000163438 devstack@neutron-api.service[102136]: DEBUG ovsdbapp.backend.ovs_idl [None req-b4b1817e-79f3-4f46-8676-8ee6ad59084a None None] Created schema index HA_Chassis_Group.name {{(pid=102136) autocreate_indices /opt/stack/data/venv/lib/python3.12/site-packages/ovsdbapp/backend/ovs_idl/__init__.py:106}}
Apr 04 10:36:08.951164 np0000163438 devstack@neutron-api.service[102136]: DEBUG ovsdbapp.backend.ovs_idl [None req-b4b1817e-79f3-4f46-8676-8ee6ad59084a None None] Created schema index Address_Set.name {{(pid=102136) autocreate_indices /opt/stack/data/venv/lib/python3.12/site-packages/ovsdbapp/backend/ovs_idl/__init__.py:106}}
Apr 04 10:36:08.951164 np0000163438 devstack@neutron-api.service[102136]: DEBUG ovsdbapp.backend.ovs_idl [None req-b4b1817e-79f3-4f46-8676-8ee6ad59084a None None] Created schema index Connection.target {{(pid=102136) autocreate_indices /opt/stack/data/venv/lib/python3.12/site-packages/ovsdbapp/backend/ovs_idl/__init__.py:106}}
Apr 04 10:36:08.951164 np0000163438 devstack@neutron-api.service[102136]: DEBUG ovsdbapp.backend.ovs_idl [None req-b4b1817e-79f3-4f46-8676-8ee6ad59084a None None] Created schema index Gateway_Chassis.name {{(pid=102136) autocreate_indices /opt/stack/data/venv/lib/python3.12/site-packages/ovsdbapp/backend/ovs_idl/__init__.py:106}}
Apr 04 10:36:08.951164 np0000163438 devstack@neutron-api.service[102136]: DEBUG ovsdbapp.backend.ovs_idl [None req-b4b1817e-79f3-4f46-8676-8ee6ad59084a None None] Created schema index Mirror.name {{(pid=102136) autocreate_indices /opt/stack/data/venv/lib/python3.12/site-packages/ovsdbapp/backend/ovs_idl/__init__.py:106}}
Apr 04 10:36:08.951164 np0000163438 devstack@neutron-api.service[102136]: DEBUG ovsdbapp.backend.ovs_idl [None req-b4b1817e-79f3-4f46-8676-8ee6ad59084a None None] Created schema index Chassis_Template_Var.chassis {{(pid=102136) autocreate_indices /opt/stack/data/venv/lib/python3.12/site-packages/ovsdbapp/backend/ovs_idl/__init__.py:106}}
Apr 04 10:36:08.951164 np0000163438 devstack@neutron-api.service[102136]: DEBUG ovsdbapp.backend.ovs_idl [None req-b4b1817e-79f3-4f46-8676-8ee6ad59084a None None] Created schema index Logical_Router_Port.name {{(pid=102136) autocreate_indices /opt/stack/data/venv/lib/python3.12/site-packages/ovsdbapp/backend/ovs_idl/__init__.py:106}}
Apr 04 10:36:08.953012 np0000163438 devstack@neutron-api.service[102136]: DEBUG ovsdbapp.backend.ovs_idl [None req-b4b1817e-79f3-4f46-8676-8ee6ad59084a None None] Created schema index Port_Group.name {{(pid=102136) autocreate_indices /opt/stack/data/venv/lib/python3.12/site-packages/ovsdbapp/backend/ovs_idl/__init__.py:106}}
Apr 04 10:36:08.953012 np0000163438 devstack@neutron-api.service[102136]: DEBUG ovsdbapp.backend.ovs_idl [None req-b4b1817e-79f3-4f46-8676-8ee6ad59084a None None] Created schema index Logical_Switch_Port.name {{(pid=102136) autocreate_indices /opt/stack/data/venv/lib/python3.12/site-packages/ovsdbapp/backend/ovs_idl/__init__.py:106}}
Apr 04 10:36:08.953232 np0000163438 devstack@neutron-api.service[102135]: DEBUG neutron.api.extensions [None req-5b2708fa-fedb-46db-8394-316cb737be48 None None] Ext name="security-group" alias="security-group" description="The security groups extension." updated="2012-10-05T10:00:00-00:00" {{(pid=102135) _check_extension /opt/stack/neutron/neutron/api/extensions.py:415}}
Apr 04 10:36:08.953232 np0000163438 devstack@neutron-api.service[102135]: INFO neutron.api.extensions [None req-5b2708fa-fedb-46db-8394-316cb737be48 None None] Loaded extension: security-group
Apr 04 10:36:08.953232 np0000163438 devstack@neutron-api.service[102135]: DEBUG neutron.api.extensions [None req-5b2708fa-fedb-46db-8394-316cb737be48 None None] Loading extension file: segment.py {{(pid=102135) _load_all_extensions_from_path /opt/stack/neutron/neutron/api/extensions.py:449}}
Apr 04 10:36:08.953468 np0000163438 devstack@neutron-api.service[102137]: DEBUG neutron.plugins.ml2.drivers.ovn.mech_driver.ovsdb.maintenance [None req-996a9ded-4914-486d-8fb3-9ed4b5e443eb None None] Periodic task found: HashRingHealthCheckPeriodics.touch_hash_ring_node {{(pid=102137) add_periodics /opt/stack/neutron/neutron/plugins/ml2/drivers/ovn/mech_driver/ovsdb/maintenance.py:96}}
Apr 04 10:36:08.953636 np0000163438 devstack@neutron-api.service[102135]: DEBUG neutron.api.extensions [None req-5b2708fa-fedb-46db-8394-316cb737be48 None None] Ext name="Segment" alias="segment" description="Segments extension." updated="2016-02-24T17:00:00-00:00" {{(pid=102135) _check_extension /opt/stack/neutron/neutron/api/extensions.py:415}}
Apr 04 10:36:08.953636 np0000163438 devstack@neutron-api.service[102135]: INFO neutron.api.extensions [None req-5b2708fa-fedb-46db-8394-316cb737be48 None None] Extension segment not supported by any of loaded plugins
Apr 04 10:36:08.953636 np0000163438 devstack@neutron-api.service[102135]: DEBUG neutron.api.extensions [None req-5b2708fa-fedb-46db-8394-316cb737be48 None None] Loading extension file: segments_peer_subnet_host_routes.py {{(pid=102135) _load_all_extensions_from_path /opt/stack/neutron/neutron/api/extensions.py:449}}
Apr 04 10:36:08.953920 np0000163438 devstack@neutron-api.service[102136]: INFO ovsdbapp.backend.ovs_idl.vlog [None req-b4b1817e-79f3-4f46-8676-8ee6ad59084a None None] ssl:199.19.213.122:6641: connecting...
Apr 04 10:36:08.954064 np0000163438 devstack@neutron-api.service[102135]: DEBUG neutron.api.extensions [None req-5b2708fa-fedb-46db-8394-316cb737be48 None None] Ext name="Segments peer-subnet host routes" alias="segments-peer-subnet-host-routes" description="Add host routes to subnets on a routed network (segments)" updated="2018-06-12T10:00:00-00:00" {{(pid=102135) _check_extension /opt/stack/neutron/neutron/api/extensions.py:415}}
Apr 04 10:36:08.954064 np0000163438 devstack@neutron-api.service[102135]: INFO neutron.api.extensions [None req-5b2708fa-fedb-46db-8394-316cb737be48 None None] Extension segments-peer-subnet-host-routes not supported by any of loaded plugins
Apr 04 10:36:08.954064 np0000163438 devstack@neutron-api.service[102135]: DEBUG neutron.api.extensions [None req-5b2708fa-fedb-46db-8394-316cb737be48 None None] Loading extension file: servicetype.py {{(pid=102135) _load_all_extensions_from_path /opt/stack/neutron/neutron/api/extensions.py:449}}
Apr 04 10:36:08.954311 np0000163438 devstack@neutron-api.service[102137]: INFO neutron.plugins.ml2.drivers.ovn.mech_driver.mech_driver [None req-996a9ded-4914-486d-8fb3-9ed4b5e443eb None None] Hash Ring probing thread for node d9d2c9fc95a25d88b34232f18f6e9547 has started
Apr 04 10:36:08.954465 np0000163438 devstack@neutron-api.service[102135]: DEBUG neutron.api.extensions [None req-5b2708fa-fedb-46db-8394-316cb737be48 None None] Ext name="Neutron Service Type Management" alias="service-type" description="API for retrieving service providers for Neutron advanced services" updated="2013-01-20T00:00:00-00:00" {{(pid=102135) _check_extension /opt/stack/neutron/neutron/api/extensions.py:415}}
Apr 04 10:36:08.954465 np0000163438 devstack@neutron-api.service[102135]: INFO neutron.api.extensions [None req-5b2708fa-fedb-46db-8394-316cb737be48 None None] Loaded extension: service-type
Apr 04 10:36:08.954465 np0000163438 devstack@neutron-api.service[102135]: DEBUG neutron.api.extensions [None req-5b2708fa-fedb-46db-8394-316cb737be48 None None] Loading extension file: sorting.py {{(pid=102135) _load_all_extensions_from_path /opt/stack/neutron/neutron/api/extensions.py:449}}
Apr 04 10:36:08.954465 np0000163438 devstack@neutron-api.service[102135]: DEBUG neutron.api.extensions [None req-5b2708fa-fedb-46db-8394-316cb737be48 None None] Ext name="Sorting support" alias="sorting" description="Extension that indicates that sorting is enabled." updated="2016-06-12T00:00:00-00:00" {{(pid=102135) _check_extension /opt/stack/neutron/neutron/api/extensions.py:415}}
Apr 04 10:36:08.954829 np0000163438 devstack@neutron-api.service[102137]: INFO neutron.plugins.ml2.drivers.ovn.mech_driver.ovsdb.impl_idl_ovn [None req-996a9ded-4914-486d-8fb3-9ed4b5e443eb None None] Getting OvsdbNbOvnIdl for WorkerService with retry
Apr 04 10:36:08.954974 np0000163438 devstack@neutron-api.service[102135]: INFO neutron.api.extensions [None req-5b2708fa-fedb-46db-8394-316cb737be48 None None] Loaded extension: sorting
Apr 04 10:36:08.954974 np0000163438 devstack@neutron-api.service[102135]: DEBUG neutron.api.extensions [None req-5b2708fa-fedb-46db-8394-316cb737be48 None None] Loading extension file: standard_attr_segment.py {{(pid=102135) _load_all_extensions_from_path /opt/stack/neutron/neutron/api/extensions.py:449}}
Apr 04 10:36:08.954974 np0000163438 devstack@neutron-api.service[102135]: DEBUG neutron.api.extensions [None req-5b2708fa-fedb-46db-8394-316cb737be48 None None] Ext name="Standard Attribute Segment Extension" alias="standard-attr-segment" description="Add standard attributes to Segment resource" updated="2018-04-09T10:00:00-00:00" {{(pid=102135) _check_extension /opt/stack/neutron/neutron/api/extensions.py:415}}
Apr 04 10:36:08.954974 np0000163438 devstack@neutron-api.service[102135]: INFO neutron.api.extensions [None req-5b2708fa-fedb-46db-8394-316cb737be48 None None] Extension standard-attr-segment not supported by any of loaded plugins
Apr 04 10:36:08.954974 np0000163438 devstack@neutron-api.service[102135]: DEBUG neutron.api.extensions [None req-5b2708fa-fedb-46db-8394-316cb737be48 None None] Loading extension file: standardattrdescription.py {{(pid=102135) _load_all_extensions_from_path /opt/stack/neutron/neutron/api/extensions.py:449}}
Apr 04 10:36:08.954974 np0000163438 devstack@neutron-api.service[102135]: DEBUG neutron.api.extensions [None req-5b2708fa-fedb-46db-8394-316cb737be48 None None] Ext name="standard-attr-description" alias="standard-attr-description" description="Extension to add descriptions to standard attributes" updated="2016-02-10T10:00:00-00:00" {{(pid=102135) _check_extension /opt/stack/neutron/neutron/api/extensions.py:415}}
Apr 04 10:36:08.954974 np0000163438 devstack@neutron-api.service[102135]: INFO neutron.api.extensions [None req-5b2708fa-fedb-46db-8394-316cb737be48 None None] Loaded extension: standard-attr-description
Apr 04 10:36:08.955415 np0000163438 devstack@neutron-api.service[102135]: DEBUG neutron.api.extensions [None req-5b2708fa-fedb-46db-8394-316cb737be48 None None] Loading extension file: stateful_security_group.py {{(pid=102135) _load_all_extensions_from_path /opt/stack/neutron/neutron/api/extensions.py:449}}
Apr 04 10:36:08.955415 np0000163438 devstack@neutron-api.service[102135]: DEBUG neutron.api.extensions [None req-5b2708fa-fedb-46db-8394-316cb737be48 None None] Ext name="Stateful security group" alias="stateful-security-group" description="Indicates if the security group is stateful or not" updated="2019-11-26T09:00:00-00:00" {{(pid=102135) _check_extension /opt/stack/neutron/neutron/api/extensions.py:415}}
Apr 04 10:36:08.955415 np0000163438 devstack@neutron-api.service[102135]: INFO neutron.api.extensions [None req-5b2708fa-fedb-46db-8394-316cb737be48 None None] Loaded extension: stateful-security-group
Apr 04 10:36:08.955415 np0000163438 devstack@neutron-api.service[102135]: DEBUG neutron.api.extensions [None req-5b2708fa-fedb-46db-8394-316cb737be48 None None] Loading extension file: stdattrs_common.py {{(pid=102135) _load_all_extensions_from_path /opt/stack/neutron/neutron/api/extensions.py:449}}
Apr 04 10:36:08.955415 np0000163438 devstack@neutron-api.service[102135]: WARNING neutron.api.extensions [None req-5b2708fa-fedb-46db-8394-316cb737be48 None None] Did not find expected name "Stdattrs_common" in /opt/stack/neutron/neutron/extensions/stdattrs_common.py
Apr 04 10:36:08.955415 np0000163438 devstack@neutron-api.service[102135]: DEBUG neutron.api.extensions [None req-5b2708fa-fedb-46db-8394-316cb737be48 None None] Loading extension file: subnet_dns_publish_fixed_ip.py {{(pid=102135) _load_all_extensions_from_path /opt/stack/neutron/neutron/api/extensions.py:449}}
Apr 04 10:36:08.955415 np0000163438 devstack@neutron-api.service[102135]: DEBUG neutron.api.extensions [None req-5b2708fa-fedb-46db-8394-316cb737be48 None None] Ext name="Subnet DNS publish fixed IP" alias="subnet-dns-publish-fixed-ip" description="Support choosing to publish DNS records for IPs from a subnet" updated="2019-05-24T10:00:00-00:00" {{(pid=102135) _check_extension /opt/stack/neutron/neutron/api/extensions.py:415}}
Apr 04 10:36:08.956001 np0000163438 devstack@neutron-api.service[102135]: INFO neutron.api.extensions [None req-5b2708fa-fedb-46db-8394-316cb737be48 None None] Loaded extension: subnet-dns-publish-fixed-ip
Apr 04 10:36:08.956001 np0000163438 devstack@neutron-api.service[102135]: DEBUG neutron.api.extensions [None req-5b2708fa-fedb-46db-8394-316cb737be48 None None] Loading extension file: subnet_external_network.py {{(pid=102135) _load_all_extensions_from_path /opt/stack/neutron/neutron/api/extensions.py:449}}
Apr 04 10:36:08.956001 np0000163438 devstack@neutron-api.service[102135]: DEBUG neutron.api.extensions [None req-5b2708fa-fedb-46db-8394-316cb737be48 None None] Ext name="Subnet belongs to an external network" alias="subnet-external-network" description="Informs if the subnet belongs to an external network" updated="2024-02-05T18:00:00-00:00" {{(pid=102135) _check_extension /opt/stack/neutron/neutron/api/extensions.py:415}}
Apr 04 10:36:08.956001 np0000163438 devstack@neutron-api.service[102135]: INFO neutron.api.extensions [None req-5b2708fa-fedb-46db-8394-316cb737be48 None None] Loaded extension: subnet-external-network
Apr 04 10:36:08.956001 np0000163438 devstack@neutron-api.service[102135]: DEBUG neutron.api.extensions [None req-5b2708fa-fedb-46db-8394-316cb737be48 None None] Loading extension file: subnet_onboard.py {{(pid=102135) _load_all_extensions_from_path /opt/stack/neutron/neutron/api/extensions.py:449}}
Apr 04 10:36:08.956001 np0000163438 devstack@neutron-api.service[102135]: DEBUG neutron.api.extensions [None req-5b2708fa-fedb-46db-8394-316cb737be48 None None] Ext name="Subnet Onboard" alias="subnet_onboard" description="Provides support for onboarding subnets into subnet pools" updated="2018-12-18T09:00:00-00:00" {{(pid=102135) _check_extension /opt/stack/neutron/neutron/api/extensions.py:415}}
Apr 04 10:36:08.956001 np0000163438 devstack@neutron-api.service[102135]: INFO neutron.api.extensions [None req-5b2708fa-fedb-46db-8394-316cb737be48 None None] Extension subnet_onboard not supported by any of loaded plugins
Apr 04 10:36:08.956319 np0000163438 devstack@neutron-api.service[102135]: DEBUG neutron.api.extensions [None req-5b2708fa-fedb-46db-8394-316cb737be48 None None] Loading extension file: subnet_segmentid_writable.py {{(pid=102135) _load_all_extensions_from_path /opt/stack/neutron/neutron/api/extensions.py:449}}
Apr 04 10:36:08.956319 np0000163438 devstack@neutron-api.service[102135]: DEBUG neutron.api.extensions [None req-5b2708fa-fedb-46db-8394-316cb737be48 None None] Ext name="Subnet SegmentID (writable)" alias="subnet-segmentid-writable" description="Provides a writable segment_id attribute for a subnet resource." updated="2018-03-12T00:00:00-00:00" {{(pid=102135) _check_extension /opt/stack/neutron/neutron/api/extensions.py:415}}
Apr 04 10:36:08.956319 np0000163438 devstack@neutron-api.service[102135]: INFO neutron.api.extensions [None req-5b2708fa-fedb-46db-8394-316cb737be48 None None] Extension subnet-segmentid-writable not supported by any of loaded plugins
Apr 04 10:36:08.956319 np0000163438 devstack@neutron-api.service[102135]: DEBUG neutron.api.extensions [None req-5b2708fa-fedb-46db-8394-316cb737be48 None None] Loading extension file: subnet_service_types.py {{(pid=102135) _load_all_extensions_from_path /opt/stack/neutron/neutron/api/extensions.py:449}}
Apr 04 10:36:08.956319 np0000163438 devstack@neutron-api.service[102135]: DEBUG neutron.api.extensions [None req-5b2708fa-fedb-46db-8394-316cb737be48 None None] Ext name="Subnet service types" alias="subnet-service-types" description="Provides ability to set the subnet service_types field" updated="2016-03-15T18:00:00-00:00" {{(pid=102135) _check_extension /opt/stack/neutron/neutron/api/extensions.py:415}}
Apr 04 10:36:08.956319 np0000163438 devstack@neutron-api.service[102135]: INFO neutron.api.extensions [None req-5b2708fa-fedb-46db-8394-316cb737be48 None None] Loaded extension: subnet-service-types
Apr 04 10:36:08.956319 np0000163438 devstack@neutron-api.service[102135]: DEBUG neutron.api.extensions [None req-5b2708fa-fedb-46db-8394-316cb737be48 None None] Loading extension file: subnetallocation.py {{(pid=102135) _load_all_extensions_from_path /opt/stack/neutron/neutron/api/extensions.py:449}}
Apr 04 10:36:08.956761 np0000163438 devstack@neutron-api.service[102135]: DEBUG neutron.api.extensions [None req-5b2708fa-fedb-46db-8394-316cb737be48 None None] Ext name="Subnet Allocation" alias="subnet_allocation" description="Enables allocation of subnets from a subnet pool" updated="2015-03-30T10:00:00-00:00" {{(pid=102135) _check_extension /opt/stack/neutron/neutron/api/extensions.py:415}}
Apr 04 10:36:08.956761 np0000163438 devstack@neutron-api.service[102135]: INFO neutron.api.extensions [None req-5b2708fa-fedb-46db-8394-316cb737be48 None None] Loaded extension: subnet_allocation
Apr 04 10:36:08.956761 np0000163438 devstack@neutron-api.service[102135]: DEBUG neutron.api.extensions [None req-5b2708fa-fedb-46db-8394-316cb737be48 None None] Loading extension file: subnetpool_prefix_ops.py {{(pid=102135) _load_all_extensions_from_path /opt/stack/neutron/neutron/api/extensions.py:449}}
Apr 04 10:36:08.956761 np0000163438 devstack@neutron-api.service[102135]: DEBUG neutron.api.extensions [None req-5b2708fa-fedb-46db-8394-316cb737be48 None None] Ext name="Subnet Pool Prefix Operations" alias="subnetpool-prefix-ops" description="Provides support for adjusting the prefix list of subnet pools" updated="2019-02-08T10:00:00-00:00" {{(pid=102135) _check_extension /opt/stack/neutron/neutron/api/extensions.py:415}}
Apr 04 10:36:08.956761 np0000163438 devstack@neutron-api.service[102135]: INFO neutron.api.extensions [None req-5b2708fa-fedb-46db-8394-316cb737be48 None None] Loaded extension: subnetpool-prefix-ops
Apr 04 10:36:08.956761 np0000163438 devstack@neutron-api.service[102135]: DEBUG neutron.api.extensions [None req-5b2708fa-fedb-46db-8394-316cb737be48 None None] Loading extension file: tag_creation.py {{(pid=102135) _load_all_extensions_from_path /opt/stack/neutron/neutron/api/extensions.py:449}}
Apr 04 10:36:08.956761 np0000163438 devstack@neutron-api.service[102135]: DEBUG neutron.api.extensions [None req-5b2708fa-fedb-46db-8394-316cb737be48 None None] Ext name="Tag creation extension" alias="tag-creation" description="Allow to create multiple tags for a resource" updated="2024-23-07T10:00:00-00:00" {{(pid=102135) _check_extension /opt/stack/neutron/neutron/api/extensions.py:415}}
Apr 04 10:36:08.957180 np0000163438 devstack@neutron-api.service[102135]: INFO neutron.api.extensions [None req-5b2708fa-fedb-46db-8394-316cb737be48 None None] Loaded extension: tag-creation
Apr 04 10:36:08.957180 np0000163438 devstack@neutron-api.service[102135]: DEBUG neutron.api.extensions [None req-5b2708fa-fedb-46db-8394-316cb737be48 None None] Loading extension file: tag_ports_during_bulk_creation.py {{(pid=102135) _load_all_extensions_from_path /opt/stack/neutron/neutron/api/extensions.py:449}}
