Jun 29 04:35:14.080027 np0000183345 devstack@neutron-api.service[103653]: DEBUG neutron.api.extensions [None req-04cdf849-768b-44a8-924e-eb6ccbe0d5ca None None] Loading extension file: address_scope.py {{(pid=103653) _load_all_extensions_from_path /opt/stack/neutron/neutron/api/extensions.py:449}}
Jun 29 04:35:14.080375 np0000183345 devstack@neutron-api.service[103653]: DEBUG neutron.api.extensions [None req-04cdf849-768b-44a8-924e-eb6ccbe0d5ca None None] Ext name="Address scope" alias="address-scope" description="Address scopes extension." updated="2015-07-26T10:00:00-00:00" {{(pid=103653) _check_extension /opt/stack/neutron/neutron/api/extensions.py:415}}
Jun 29 04:35:14.080515 np0000183345 devstack@neutron-api.service[103653]: INFO neutron.api.extensions [None req-04cdf849-768b-44a8-924e-eb6ccbe0d5ca None None] Loaded extension: address-scope
Jun 29 04:35:14.080515 np0000183345 devstack@neutron-api.service[103653]: DEBUG neutron.api.extensions [None req-04cdf849-768b-44a8-924e-eb6ccbe0d5ca None None] Loading extension file: admin_state_down_before_update.py {{(pid=103653) _load_all_extensions_from_path /opt/stack/neutron/neutron/api/extensions.py:449}}
Jun 29 04:35:14.081098 np0000183345 devstack@neutron-api.service[103653]: DEBUG neutron.api.extensions [None req-04cdf849-768b-44a8-924e-eb6ccbe0d5ca None None] Ext name="Enforce Router's Admin State Down Before Update Extension" alias="router-admin-state-down-before-update" description="Ensure that the admin state of a router is DOWN (admin_state_up=False) before updating the distributed attribute" updated="2019-07-02T15:56:00" {{(pid=103653) _check_extension /opt/stack/neutron/neutron/api/extensions.py:415}}
Jun 29 04:35:14.081098 np0000183345 devstack@neutron-api.service[103653]: INFO neutron.api.extensions [None req-04cdf849-768b-44a8-924e-eb6ccbe0d5ca None None] Extension router-admin-state-down-before-update not supported by any of loaded plugins
Jun 29 04:35:14.081098 np0000183345 devstack@neutron-api.service[103653]: DEBUG neutron.api.extensions [None req-04cdf849-768b-44a8-924e-eb6ccbe0d5ca None None] Loading extension file: agent.py {{(pid=103653) _load_all_extensions_from_path /opt/stack/neutron/neutron/api/extensions.py:449}}
Jun 29 04:35:14.081432 np0000183345 devstack@neutron-api.service[103653]: DEBUG neutron.api.extensions [None req-04cdf849-768b-44a8-924e-eb6ccbe0d5ca None None] Ext name="agent" alias="agent" description="The agent management extension." updated="2013-02-03T10:00:00-00:00" {{(pid=103653) _check_extension /opt/stack/neutron/neutron/api/extensions.py:415}}
Jun 29 04:35:14.081613 np0000183345 devstack@neutron-api.service[103653]: INFO neutron.api.extensions [None req-04cdf849-768b-44a8-924e-eb6ccbe0d5ca None None] Loaded extension: agent
Jun 29 04:35:14.081613 np0000183345 devstack@neutron-api.service[103653]: DEBUG neutron.api.extensions [None req-04cdf849-768b-44a8-924e-eb6ccbe0d5ca None None] Loading extension file: agent_resources_synced.py {{(pid=103653) _load_all_extensions_from_path /opt/stack/neutron/neutron/api/extensions.py:449}}
Jun 29 04:35:14.081904 np0000183345 devstack@neutron-api.service[103653]: DEBUG neutron.api.extensions [None req-04cdf849-768b-44a8-924e-eb6ccbe0d5ca None None] Ext name="Agent's Resource View Synced to Placement" alias="agent-resources-synced" description="Stores success/failure of last sync to Placement" updated="2018-12-19T00:00:00-00:00" {{(pid=103653) _check_extension /opt/stack/neutron/neutron/api/extensions.py:415}}
Jun 29 04:35:14.082139 np0000183345 devstack@neutron-api.service[103653]: INFO neutron.api.extensions [None req-04cdf849-768b-44a8-924e-eb6ccbe0d5ca None None] Extension agent-resources-synced not supported by any of loaded plugins
Jun 29 04:35:14.082139 np0000183345 devstack@neutron-api.service[103653]: DEBUG neutron.api.extensions [None req-04cdf849-768b-44a8-924e-eb6ccbe0d5ca None None] Loading extension file: agent_sort_key.py {{(pid=103653) _load_all_extensions_from_path /opt/stack/neutron/neutron/api/extensions.py:449}}
Jun 29 04:35:14.082490 np0000183345 devstack@neutron-api.service[103653]: DEBUG neutron.api.extensions [None req-04cdf849-768b-44a8-924e-eb6ccbe0d5ca None None] Ext name="Agents Sort Key" alias="agent_sort_key" description="Enabling the keyword sort_key for sorting in agents." updated="2013-02-03T10:00:00-00:00" {{(pid=103653) _check_extension /opt/stack/neutron/neutron/api/extensions.py:415}}
Jun 29 04:35:14.082676 np0000183345 devstack@neutron-api.service[103653]: INFO neutron.api.extensions [None req-04cdf849-768b-44a8-924e-eb6ccbe0d5ca None None] Extension agent_sort_key not supported by any of loaded plugins
Jun 29 04:35:14.082676 np0000183345 devstack@neutron-api.service[103653]: DEBUG neutron.api.extensions [None req-04cdf849-768b-44a8-924e-eb6ccbe0d5ca None None] Loading extension file: allowedaddresspairs.py {{(pid=103653) _load_all_extensions_from_path /opt/stack/neutron/neutron/api/extensions.py:449}}
Jun 29 04:35:14.083358 np0000183345 devstack@neutron-api.service[103653]: DEBUG neutron.api.extensions [None req-04cdf849-768b-44a8-924e-eb6ccbe0d5ca None None] Ext name="Allowed Address Pairs" alias="allowed-address-pairs" description="Provides allowed address pairs" updated="2013-07-23T10:00:00-00:00" {{(pid=103653) _check_extension /opt/stack/neutron/neutron/api/extensions.py:415}}
Jun 29 04:35:14.083524 np0000183345 devstack@neutron-api.service[103653]: INFO neutron.api.extensions [None req-04cdf849-768b-44a8-924e-eb6ccbe0d5ca None None] Loaded extension: allowed-address-pairs
Jun 29 04:35:14.083624 np0000183345 devstack@neutron-api.service[103653]: DEBUG neutron.api.extensions [None req-04cdf849-768b-44a8-924e-eb6ccbe0d5ca None None] Loading extension file: auto_allocated_topology.py {{(pid=103653) _load_all_extensions_from_path /opt/stack/neutron/neutron/api/extensions.py:449}}
Jun 29 04:35:14.083909 np0000183345 devstack@neutron-api.service[103653]: DEBUG neutron.api.extensions [None req-04cdf849-768b-44a8-924e-eb6ccbe0d5ca None None] Ext name="Auto Allocated Topology Services" alias="auto-allocated-topology" description="Auto Allocated Topology Services." updated="2016-01-01T00:00:00-00:00" {{(pid=103653) _check_extension /opt/stack/neutron/neutron/api/extensions.py:415}}
Jun 29 04:35:14.084060 np0000183345 devstack@neutron-api.service[103653]: INFO neutron.api.extensions [None req-04cdf849-768b-44a8-924e-eb6ccbe0d5ca None None] Loaded extension: auto-allocated-topology
Jun 29 04:35:14.084160 np0000183345 devstack@neutron-api.service[103653]: DEBUG neutron.api.extensions [None req-04cdf849-768b-44a8-924e-eb6ccbe0d5ca None None] Loading extension file: availability_zone.py {{(pid=103653) _load_all_extensions_from_path /opt/stack/neutron/neutron/api/extensions.py:449}}
Jun 29 04:35:14.084422 np0000183345 devstack@neutron-api.service[103653]: DEBUG neutron.api.extensions [None req-04cdf849-768b-44a8-924e-eb6ccbe0d5ca None None] Ext name="Availability Zone" alias="availability_zone" description="The availability zone extension." updated="2015-01-01T10:00:00-00:00" {{(pid=103653) _check_extension /opt/stack/neutron/neutron/api/extensions.py:415}}
Jun 29 04:35:14.084571 np0000183345 devstack@neutron-api.service[103653]: INFO neutron.api.extensions [None req-04cdf849-768b-44a8-924e-eb6ccbe0d5ca None None] Loaded extension: availability_zone
Jun 29 04:35:14.084682 np0000183345 devstack@neutron-api.service[103653]: DEBUG neutron.api.extensions [None req-04cdf849-768b-44a8-924e-eb6ccbe0d5ca None None] Loading extension file: availability_zone_filter.py {{(pid=103653) _load_all_extensions_from_path /opt/stack/neutron/neutron/api/extensions.py:449}}
Jun 29 04:35:14.085046 np0000183345 devstack@neutron-api.service[103653]: DEBUG neutron.api.extensions [None req-04cdf849-768b-44a8-924e-eb6ccbe0d5ca None None] Ext name="Availability Zone Filter Extension" alias="availability_zone_filter" description="Add filter parameters to AvailabilityZone resource" updated="2018-06-22T10:00:00-00:00" {{(pid=103653) _check_extension /opt/stack/neutron/neutron/api/extensions.py:415}}
Jun 29 04:35:14.085215 np0000183345 devstack@neutron-api.service[103653]: INFO neutron.api.extensions [None req-04cdf849-768b-44a8-924e-eb6ccbe0d5ca None None] Extension availability_zone_filter not supported by any of loaded plugins
Jun 29 04:35:14.085342 np0000183345 devstack@neutron-api.service[103653]: DEBUG neutron.api.extensions [None req-04cdf849-768b-44a8-924e-eb6ccbe0d5ca None None] Loading extension file: data_plane_status.py {{(pid=103653) _load_all_extensions_from_path /opt/stack/neutron/neutron/api/extensions.py:449}}
Jun 29 04:35:14.085617 np0000183345 devstack@neutron-api.service[103653]: DEBUG neutron.api.extensions [None req-04cdf849-768b-44a8-924e-eb6ccbe0d5ca None None] Ext name="Port data plane status extension" alias="data-plane-status" description="Expose status of underlying data plane" updated="2017-01-24T10:00:00-00:00" {{(pid=103653) _check_extension /opt/stack/neutron/neutron/api/extensions.py:415}}
Jun 29 04:35:14.085760 np0000183345 devstack@neutron-api.service[103653]: INFO neutron.api.extensions [None req-04cdf849-768b-44a8-924e-eb6ccbe0d5ca None None] Extension data-plane-status not supported by any of loaded plugins
Jun 29 04:35:14.085824 np0000183345 devstack@neutron-api.service[103653]: DEBUG neutron.api.extensions [None req-04cdf849-768b-44a8-924e-eb6ccbe0d5ca None None] Loading extension file: default_subnetpools.py {{(pid=103653) _load_all_extensions_from_path /opt/stack/neutron/neutron/api/extensions.py:449}}
Jun 29 04:35:14.086090 np0000183345 devstack@neutron-api.service[103653]: DEBUG neutron.api.extensions [None req-04cdf849-768b-44a8-924e-eb6ccbe0d5ca None None] Ext name="Default Subnetpools" alias="default-subnetpools" description="Provides ability to mark and use a subnetpool as the default." updated="2016-02-18T18:00:00-00:00" {{(pid=103653) _check_extension /opt/stack/neutron/neutron/api/extensions.py:415}}
Jun 29 04:35:14.086306 np0000183345 devstack@neutron-api.service[103653]: INFO neutron.api.extensions [None req-04cdf849-768b-44a8-924e-eb6ccbe0d5ca None None] Loaded extension: default-subnetpools
Jun 29 04:35:14.086390 np0000183345 devstack@neutron-api.service[103654]: INFO neutron.plugins.ml2.drivers.type_vlan [None req-e91799e7-82ee-4e27-b379-9a16a0536148 None None] VlanTypeDriver initialization complete
Jun 29 04:35:14.086619 np0000183345 devstack@neutron-api.service[103653]: DEBUG neutron.api.extensions [None req-04cdf849-768b-44a8-924e-eb6ccbe0d5ca None None] Loading extension file: dhcpagentscheduler.py {{(pid=103653) _load_all_extensions_from_path /opt/stack/neutron/neutron/api/extensions.py:449}}
Jun 29 04:35:14.086653 np0000183345 devstack@neutron-api.service[103654]: INFO neutron.plugins.ml2.managers [None req-e91799e7-82ee-4e27-b379-9a16a0536148 None None] Initializing extension driver 'port_security'
Jun 29 04:35:14.086721 np0000183345 devstack@neutron-api.service[103654]: INFO neutron.plugins.ml2.extensions.port_security [None req-e91799e7-82ee-4e27-b379-9a16a0536148 None None] PortSecurityExtensionDriver initialization complete
Jun 29 04:35:14.086806 np0000183345 devstack@neutron-api.service[103653]: DEBUG neutron.api.extensions [None req-04cdf849-768b-44a8-924e-eb6ccbe0d5ca None None] Ext name="DHCP Agent Scheduler" alias="dhcp_agent_scheduler" description="Schedule networks among dhcp agents" updated="2013-02-07T10:00:00-00:00" {{(pid=103653) _check_extension /opt/stack/neutron/neutron/api/extensions.py:415}}
Jun 29 04:35:14.086839 np0000183345 devstack@neutron-api.service[103654]: INFO neutron.plugins.ml2.managers [None req-e91799e7-82ee-4e27-b379-9a16a0536148 None None] Initializing extension driver 'qos'
Jun 29 04:35:14.086928 np0000183345 devstack@neutron-api.service[103654]: DEBUG neutron.plugins.ml2.extensions.qos [None req-e91799e7-82ee-4e27-b379-9a16a0536148 None None] QosExtensionDriver initialization complete {{(pid=103654) initialize /opt/stack/neutron/neutron/plugins/ml2/extensions/qos.py:31}}
Jun 29 04:35:14.086980 np0000183345 devstack@neutron-api.service[103653]: INFO neutron.api.extensions [None req-04cdf849-768b-44a8-924e-eb6ccbe0d5ca None None] Loaded extension: dhcp_agent_scheduler
Jun 29 04:35:14.087035 np0000183345 devstack@neutron-api.service[103654]: INFO neutron.plugins.ml2.managers [None req-e91799e7-82ee-4e27-b379-9a16a0536148 None None] Initializing mechanism driver 'ovn'
Jun 29 04:35:14.087066 np0000183345 devstack@neutron-api.service[103653]: DEBUG neutron.api.extensions [None req-04cdf849-768b-44a8-924e-eb6ccbe0d5ca None None] Loading extension file: dns.py {{(pid=103653) _load_all_extensions_from_path /opt/stack/neutron/neutron/api/extensions.py:449}}
Jun 29 04:35:14.087145 np0000183345 devstack@neutron-api.service[103654]: INFO neutron.plugins.ml2.drivers.ovn.mech_driver.mech_driver [None req-e91799e7-82ee-4e27-b379-9a16a0536148 None None] Starting OVNMechanismDriver
Jun 29 04:35:14.087304 np0000183345 devstack@neutron-api.service[103653]: DEBUG neutron.api.extensions [None req-04cdf849-768b-44a8-924e-eb6ccbe0d5ca None None] Ext name="DNS Integration" alias="dns-integration" description="Provides integration with DNS." updated="2015-08-15T18:00:00-00:00" {{(pid=103653) _check_extension /opt/stack/neutron/neutron/api/extensions.py:415}}
Jun 29 04:35:14.087479 np0000183345 devstack@neutron-api.service[103653]: INFO neutron.api.extensions [None req-04cdf849-768b-44a8-924e-eb6ccbe0d5ca None None] Loaded extension: dns-integration
Jun 29 04:35:14.087569 np0000183345 devstack@neutron-api.service[103653]: DEBUG neutron.api.extensions [None req-04cdf849-768b-44a8-924e-eb6ccbe0d5ca None None] Loading extension file: dns_domain_ports.py {{(pid=103653) _load_all_extensions_from_path /opt/stack/neutron/neutron/api/extensions.py:449}}
Jun 29 04:35:14.087822 np0000183345 devstack@neutron-api.service[103653]: DEBUG neutron.api.extensions [None req-04cdf849-768b-44a8-924e-eb6ccbe0d5ca None None] Ext name="dns_domain for ports" alias="dns-domain-ports" description="Allows the DNS domain to be specified for a network port." updated="2017-04-24T10:00:00-00:00" {{(pid=103653) _check_extension /opt/stack/neutron/neutron/api/extensions.py:415}}
Jun 29 04:35:14.087995 np0000183345 devstack@neutron-api.service[103653]: INFO neutron.api.extensions [None req-04cdf849-768b-44a8-924e-eb6ccbe0d5ca None None] Loaded extension: dns-domain-ports
Jun 29 04:35:14.088086 np0000183345 devstack@neutron-api.service[103653]: DEBUG neutron.api.extensions [None req-04cdf849-768b-44a8-924e-eb6ccbe0d5ca None None] Loading extension file: dns_integration_domain_keywords.py {{(pid=103653) _load_all_extensions_from_path /opt/stack/neutron/neutron/api/extensions.py:449}}
Jun 29 04:35:14.088317 np0000183345 devstack@neutron-api.service[103653]: DEBUG neutron.api.extensions [None req-04cdf849-768b-44a8-924e-eb6ccbe0d5ca None None] Ext name="DNS domain names with keywords allowed" alias="dns-integration-domain-keywords" description="Allows to use keywords like , , and as DNS domain name" updated="2020-06-15T18:00:00-00:00" {{(pid=103653) _check_extension /opt/stack/neutron/neutron/api/extensions.py:415}}
Jun 29 04:35:14.088489 np0000183345 devstack@neutron-api.service[103653]: INFO neutron.api.extensions [None req-04cdf849-768b-44a8-924e-eb6ccbe0d5ca None None] Loaded extension: dns-integration-domain-keywords
Jun 29 04:35:14.088596 np0000183345 devstack@neutron-api.service[103653]: DEBUG neutron.api.extensions [None req-04cdf849-768b-44a8-924e-eb6ccbe0d5ca None None] Loading extension file: dvr.py {{(pid=103653) _load_all_extensions_from_path /opt/stack/neutron/neutron/api/extensions.py:449}}
Jun 29 04:35:14.088869 np0000183345 devstack@neutron-api.service[103653]: DEBUG neutron.api.extensions [None req-04cdf849-768b-44a8-924e-eb6ccbe0d5ca None None] Ext name="Distributed Virtual Router" alias="dvr" description="Enables configuration of Distributed Virtual Routers." updated="2014-06-1T10:00:00-00:00" {{(pid=103653) _check_extension /opt/stack/neutron/neutron/api/extensions.py:415}}
Jun 29 04:35:14.089049 np0000183345 devstack@neutron-api.service[103653]: INFO neutron.api.extensions [None req-04cdf849-768b-44a8-924e-eb6ccbe0d5ca None None] Extension dvr not supported by any of loaded plugins
Jun 29 04:35:14.089144 np0000183345 devstack@neutron-api.service[103653]: DEBUG neutron.api.extensions [None req-04cdf849-768b-44a8-924e-eb6ccbe0d5ca None None] Loading extension file: ecmp_routes.py {{(pid=103653) _load_all_extensions_from_path /opt/stack/neutron/neutron/api/extensions.py:449}}
Jun 29 04:35:14.089376 np0000183345 devstack@neutron-api.service[103653]: DEBUG neutron.api.extensions [None req-04cdf849-768b-44a8-924e-eb6ccbe0d5ca None None] Ext name="Equal Cost Multipath Routing" alias="ecmp_routes" description="Allows traffic to reach thesame destination via multiple different links " updated="2020-11-26T18:00:00-00:00" {{(pid=103653) _check_extension /opt/stack/neutron/neutron/api/extensions.py:415}}
Jun 29 04:35:14.089410 np0000183345 devstack@neutron-api.service[103654]: DEBUG neutron_lib.callbacks.manager [None req-e91799e7-82ee-4e27-b379-9a16a0536148 None None] Subscribe: > process before_spawn 55550000, False {{(pid=103654) subscribe /opt/stack/data/venv/lib/python3.12/site-packages/neutron_lib/callbacks/manager.py:52}}
Jun 29 04:35:14.089538 np0000183345 devstack@neutron-api.service[103654]: DEBUG neutron_lib.callbacks.manager [None req-e91799e7-82ee-4e27-b379-9a16a0536148 None None] Subscribe: > process after_init 55550000, True {{(pid=103654) subscribe /opt/stack/data/venv/lib/python3.12/site-packages/neutron_lib/callbacks/manager.py:52}}
Jun 29 04:35:14.089573 np0000183345 devstack@neutron-api.service[103653]: INFO neutron.api.extensions [None req-04cdf849-768b-44a8-924e-eb6ccbe0d5ca None None] Extension ecmp_routes not supported by any of loaded plugins
Jun 29 04:35:14.089648 np0000183345 devstack@neutron-api.service[103653]: DEBUG neutron.api.extensions [None req-04cdf849-768b-44a8-924e-eb6ccbe0d5ca None None] Loading extension file: empty_string_filtering.py {{(pid=103653) _load_all_extensions_from_path /opt/stack/neutron/neutron/api/extensions.py:449}}
Jun 29 04:35:14.089692 np0000183345 devstack@neutron-api.service[103654]: DEBUG neutron_lib.callbacks.manager [None req-e91799e7-82ee-4e27-b379-9a16a0536148 None None] Subscribe: > segment after_create 55550000, False {{(pid=103654) subscribe /opt/stack/data/venv/lib/python3.12/site-packages/neutron_lib/callbacks/manager.py:52}}
Jun 29 04:35:14.089774 np0000183345 devstack@neutron-api.service[103654]: DEBUG neutron_lib.callbacks.manager [None req-e91799e7-82ee-4e27-b379-9a16a0536148 None None] Subscribe: > segment after_create 55550000, False {{(pid=103654) subscribe /opt/stack/data/venv/lib/python3.12/site-packages/neutron_lib/callbacks/manager.py:52}}
Jun 29 04:35:14.089893 np0000183345 devstack@neutron-api.service[103653]: DEBUG neutron.api.extensions [None req-04cdf849-768b-44a8-924e-eb6ccbe0d5ca None None] Ext name="Empty String Filtering Extension" alias="empty-string-filtering" description="Allow filtering by attributes with empty string value" updated="2018-05-01T10:00:00-00:00" {{(pid=103653) _check_extension /opt/stack/neutron/neutron/api/extensions.py:415}}
Jun 29 04:35:14.089928 np0000183345 devstack@neutron-api.service[103654]: DEBUG neutron_lib.callbacks.manager [None req-e91799e7-82ee-4e27-b379-9a16a0536148 None None] Subscribe: > segment after_delete 55550000, False {{(pid=103654) subscribe /opt/stack/data/venv/lib/python3.12/site-packages/neutron_lib/callbacks/manager.py:52}}
Jun 29 04:35:14.090024 np0000183345 devstack@neutron-api.service[103654]: DEBUG neutron_lib.callbacks.manager [None req-e91799e7-82ee-4e27-b379-9a16a0536148 None None] Subscribe: > allowed_address_pair before_create 55550000, False {{(pid=103654) subscribe /opt/stack/data/venv/lib/python3.12/site-packages/neutron_lib/callbacks/manager.py:52}}
Jun 29 04:35:14.090058 np0000183345 devstack@neutron-api.service[103653]: INFO neutron.api.extensions [None req-04cdf849-768b-44a8-924e-eb6ccbe0d5ca None None] Loaded extension: empty-string-filtering
Jun 29 04:35:14.090135 np0000183345 devstack@neutron-api.service[103654]: DEBUG neutron_lib.callbacks.manager [None req-e91799e7-82ee-4e27-b379-9a16a0536148 None None] Subscribe: > security_group precommit_create 55550000, False {{(pid=103654) subscribe /opt/stack/data/venv/lib/python3.12/site-packages/neutron_lib/callbacks/manager.py:52}}
Jun 29 04:35:14.090173 np0000183345 devstack@neutron-api.service[103653]: DEBUG neutron.api.extensions [None req-04cdf849-768b-44a8-924e-eb6ccbe0d5ca None None] Loading extension file: evpn.py {{(pid=103653) _load_all_extensions_from_path /opt/stack/neutron/neutron/api/extensions.py:449}}
Jun 29 04:35:14.090282 np0000183345 devstack@neutron-api.service[103654]: DEBUG neutron_lib.callbacks.manager [None req-e91799e7-82ee-4e27-b379-9a16a0536148 None None] Subscribe: > security_group after_update 55550000, False {{(pid=103654) subscribe /opt/stack/data/venv/lib/python3.12/site-packages/neutron_lib/callbacks/manager.py:52}}
Jun 29 04:35:14.090378 np0000183345 devstack@neutron-api.service[103654]: DEBUG neutron_lib.callbacks.manager [None req-e91799e7-82ee-4e27-b379-9a16a0536148 None None] Subscribe: > security_group after_create 55550000, False {{(pid=103654) subscribe /opt/stack/data/venv/lib/python3.12/site-packages/neutron_lib/callbacks/manager.py:52}}
Jun 29 04:35:14.090446 np0000183345 devstack@neutron-api.service[103653]: DEBUG neutron.api.extensions [None req-04cdf849-768b-44a8-924e-eb6ccbe0d5ca None None] Ext name="EVPN" alias="evpn" description="Router extension to support EVPN Type-5 route advertisement" updated="2026-04-28T00:00:00-00:00" {{(pid=103653) _check_extension /opt/stack/neutron/neutron/api/extensions.py:415}}
Jun 29 04:35:14.090509 np0000183345 devstack@neutron-api.service[103654]: DEBUG neutron_lib.callbacks.manager [None req-e91799e7-82ee-4e27-b379-9a16a0536148 None None] Subscribe: > security_group precommit_delete 55550000, False {{(pid=103654) subscribe /opt/stack/data/venv/lib/python3.12/site-packages/neutron_lib/callbacks/manager.py:52}}
Jun 29 04:35:14.090541 np0000183345 devstack@neutron-api.service[103653]: INFO neutron.api.extensions [None req-04cdf849-768b-44a8-924e-eb6ccbe0d5ca None None] Extension evpn not supported by any of loaded plugins
Jun 29 04:35:14.090577 np0000183345 devstack@neutron-api.service[103654]: DEBUG neutron_lib.callbacks.manager [None req-e91799e7-82ee-4e27-b379-9a16a0536148 None None] Subscribe: > security_group after_delete 55550000, False {{(pid=103654) subscribe /opt/stack/data/venv/lib/python3.12/site-packages/neutron_lib/callbacks/manager.py:52}}
Jun 29 04:35:14.090657 np0000183345 devstack@neutron-api.service[103653]: DEBUG neutron.api.extensions [None req-04cdf849-768b-44a8-924e-eb6ccbe0d5ca None None] Loading extension file: expose_l3_conntrack_helper.py {{(pid=103653) _load_all_extensions_from_path /opt/stack/neutron/neutron/api/extensions.py:449}}
Jun 29 04:35:14.090759 np0000183345 devstack@neutron-api.service[103654]: DEBUG neutron_lib.callbacks.manager [None req-e91799e7-82ee-4e27-b379-9a16a0536148 None None] Subscribe: > security_group_rule precommit_create 55550000, False {{(pid=103654) subscribe /opt/stack/data/venv/lib/python3.12/site-packages/neutron_lib/callbacks/manager.py:52}}
Jun 29 04:35:14.090834 np0000183345 devstack@neutron-api.service[103654]: DEBUG neutron_lib.callbacks.manager [None req-e91799e7-82ee-4e27-b379-9a16a0536148 None None] Subscribe: > security_group_rule after_create 55550000, False {{(pid=103654) subscribe /opt/stack/data/venv/lib/python3.12/site-packages/neutron_lib/callbacks/manager.py:52}}
Jun 29 04:35:14.090876 np0000183345 devstack@neutron-api.service[103653]: DEBUG neutron.api.extensions [None req-04cdf849-768b-44a8-924e-eb6ccbe0d5ca None None] Ext name="Expose CT target rules for conntrack helper" alias="expose-l3-conntrack-helper" description="Expose allow adding CT target rules for conntrack helper" updated="2019-04-04T10:00:00-00:00" {{(pid=103653) _check_extension /opt/stack/neutron/neutron/api/extensions.py:415}}
Jun 29 04:35:14.090941 np0000183345 devstack@neutron-api.service[103654]: DEBUG neutron_lib.callbacks.manager [None req-e91799e7-82ee-4e27-b379-9a16a0536148 None None] Subscribe: > security_group_rule before_delete 55550000, False {{(pid=103654) subscribe /opt/stack/data/venv/lib/python3.12/site-packages/neutron_lib/callbacks/manager.py:52}}
Jun 29 04:35:14.091041 np0000183345 devstack@neutron-api.service[103653]: INFO neutron.api.extensions [None req-04cdf849-768b-44a8-924e-eb6ccbe0d5ca None None] Extension expose-l3-conntrack-helper not supported by any of loaded plugins
Jun 29 04:35:14.091080 np0000183345 devstack@neutron-api.service[103654]: DEBUG neutron_lib.callbacks.manager [None req-e91799e7-82ee-4e27-b379-9a16a0536148 None None] Subscribe: > address_group after_create 55550000, False {{(pid=103654) subscribe /opt/stack/data/venv/lib/python3.12/site-packages/neutron_lib/callbacks/manager.py:52}}
Jun 29 04:35:14.091133 np0000183345 devstack@neutron-api.service[103653]: DEBUG neutron.api.extensions [None req-04cdf849-768b-44a8-924e-eb6ccbe0d5ca None None] Loading extension file: expose_port_forwarding_in_fip.py {{(pid=103653) _load_all_extensions_from_path /opt/stack/neutron/neutron/api/extensions.py:449}}
Jun 29 04:35:14.091166 np0000183345 devstack@neutron-api.service[103654]: DEBUG neutron_lib.callbacks.manager [None req-e91799e7-82ee-4e27-b379-9a16a0536148 None None] Subscribe: > address_group after_update 55550000, False {{(pid=103654) subscribe /opt/stack/data/venv/lib/python3.12/site-packages/neutron_lib/callbacks/manager.py:52}}
Jun 29 04:35:14.091252 np0000183345 devstack@neutron-api.service[103654]: DEBUG neutron_lib.callbacks.manager [None req-e91799e7-82ee-4e27-b379-9a16a0536148 None None] Subscribe: > address_group after_delete 55550000, False {{(pid=103654) subscribe /opt/stack/data/venv/lib/python3.12/site-packages/neutron_lib/callbacks/manager.py:52}}
Jun 29 04:35:14.091365 np0000183345 devstack@neutron-api.service[103653]: DEBUG neutron.api.extensions [None req-04cdf849-768b-44a8-924e-eb6ccbe0d5ca None None] Ext name="Expose Floating IP port forwardings" alias="expose-port-forwarding-in-fip" description="Expose port forwarding fields in floating IP response" updated="2018-06-28T16:00:00-00:00" {{(pid=103653) _check_extension /opt/stack/neutron/neutron/api/extensions.py:415}}
Jun 29 04:35:14.091473 np0000183345 devstack@neutron-api.service[103654]: DEBUG neutron_lib.callbacks.manager [None req-e91799e7-82ee-4e27-b379-9a16a0536148 None None] Subscribe: > qos_plugin after_init 55550000, False {{(pid=103654) subscribe /opt/stack/data/venv/lib/python3.12/site-packages/neutron_lib/callbacks/manager.py:52}}
Jun 29 04:35:14.091594 np0000183345 devstack@neutron-api.service[103653]: INFO neutron.api.extensions [None req-04cdf849-768b-44a8-924e-eb6ccbe0d5ca None None] Extension expose-port-forwarding-in-fip not supported by any of loaded plugins
Jun 29 04:35:14.091699 np0000183345 devstack@neutron-api.service[103653]: DEBUG neutron.api.extensions [None req-04cdf849-768b-44a8-924e-eb6ccbe0d5ca None None] Loading extension file: external_net.py {{(pid=103653) _load_all_extensions_from_path /opt/stack/neutron/neutron/api/extensions.py:449}}
Jun 29 04:35:14.091729 np0000183345 devstack@neutron-api.service[103654]: DEBUG neutron_lib.callbacks.manager [None req-e91799e7-82ee-4e27-b379-9a16a0536148 None None] Subscribe: > trunk_plugin after_init 55550000, False {{(pid=103654) subscribe /opt/stack/data/venv/lib/python3.12/site-packages/neutron_lib/callbacks/manager.py:52}}
Jun 29 04:35:14.091820 np0000183345 devstack@neutron-api.service[103655]: DEBUG oslo_concurrency.processutils [None req-9cd91b46-0d93-445b-aa05-3dde53dd9f65 None None] CMD "ovsdb-client transact ssl:199.204.45.109:6641 --timeout 180 -p /opt/stack/data/CA/int-ca/private/devstack-cert.key -c /opt/stack/data/CA/int-ca/devstack-cert.crt -C /opt/stack/data/CA/int-ca/ca-chain.pem ["OVN_Northbound", {"op": "wait", "timeout": 0, "table": "Port_Group", "where": [["name", "==", "neutron_pg_drop"]], "until": "==", "rows": []}, {"op": "insert", "table": "ACL", "row": {"action": "drop", "direction": "to-lport", "match": "outport == @neutron_pg_drop && ip", "priority": 1001}, "uuid-name": "droptoport"}, {"op": "insert", "table": "ACL", "row": {"action": "drop", "direction": "from-lport", "match": "inport == @neutron_pg_drop && ip", "priority": 1001}, "uuid-name": "dropfromport"}, {"op": "insert", "table": "Port_Group", "row": {"name": "neutron_pg_drop", "acls": ["set", [["named-uuid", "droptoport"], ["named-uuid", "dropfromport"]]]}}]" returned: 0 in 0.041s {{(pid=103655) execute /opt/stack/data/venv/lib/python3.12/site-packages/oslo_concurrency/processutils.py:468}}
Jun 29 04:35:14.091935 np0000183345 devstack@neutron-api.service[103653]: DEBUG neutron.api.extensions [None req-04cdf849-768b-44a8-924e-eb6ccbe0d5ca None None] Ext name="Neutron external network" alias="external-net" description="Adds external network attribute to network resource." updated="2013-01-14T10:00:00-00:00" {{(pid=103653) _check_extension /opt/stack/neutron/neutron/api/extensions.py:415}}
Jun 29 04:35:14.091969 np0000183345 devstack@neutron-api.service[103654]: DEBUG neutron_lib.callbacks.manager [None req-e91799e7-82ee-4e27-b379-9a16a0536148 None None] Subscribe: > logging-plugin after_init 55550000, False {{(pid=103654) subscribe /opt/stack/data/venv/lib/python3.12/site-packages/neutron_lib/callbacks/manager.py:52}}
Jun 29 04:35:14.092114 np0000183345 devstack@neutron-api.service[103653]: INFO neutron.api.extensions [None req-04cdf849-768b-44a8-924e-eb6ccbe0d5ca None None] Loaded extension: external-net
Jun 29 04:35:14.092200 np0000183345 devstack@neutron-api.service[103653]: DEBUG neutron.api.extensions [None req-04cdf849-768b-44a8-924e-eb6ccbe0d5ca None None] Loading extension file: extra_dhcp_opt.py {{(pid=103653) _load_all_extensions_from_path /opt/stack/neutron/neutron/api/extensions.py:449}}
Jun 29 04:35:14.092438 np0000183345 devstack@neutron-api.service[103653]: DEBUG neutron.api.extensions [None req-04cdf849-768b-44a8-924e-eb6ccbe0d5ca None None] Ext name="Neutron Extra DHCP options" alias="extra_dhcp_opt" description="Extra options configuration for DHCP. For example PXE boot options to DHCP clients can be specified (e.g. tftp-server, server-ip-address, bootfile-name)" updated="2013-03-17T12:00:00-00:00" {{(pid=103653) _check_extension /opt/stack/neutron/neutron/api/extensions.py:415}}
Jun 29 04:35:14.092485 np0000183345 devstack@neutron-api.service[103654]: INFO neutron.services.logapi.drivers.ovn.driver [None req-e91799e7-82ee-4e27-b379-9a16a0536148 None None] OVN logging driver registered
Jun 29 04:35:14.092514 np0000183345 devstack@neutron-api.service[103655]: DEBUG neutron_lib.callbacks.manager [None req-9cd91b46-0d93-445b-aa05-3dde53dd9f65 None None] Publish callbacks ['neutron.plugins.ml2.drivers.ovn.mech_driver.mech_driver.OVNMechanismDriver.post_fork_initialize-376431', 'neutron.services.pvlan.drivers.ovn.driver._initialize_pvlan_pg_drop-8545615172942', 'neutron.services.ovn_l3.plugin.OVNL3RouterPlugin._post_fork_initialize-135444'] for process (None), after_init {{(pid=103655) _notify_loop /opt/stack/data/venv/lib/python3.12/site-packages/neutron_lib/callbacks/manager.py:184}}
Jun 29 04:35:14.092618 np0000183345 devstack@neutron-api.service[103654]: DEBUG neutron_lib.callbacks.manager [None req-e91799e7-82ee-4e27-b379-9a16a0536148 None None] Subscribe: ._register_pvlan_driver at 0x7c5ae4f37f60> pvlan_plugin before_spawn 55550000, False {{(pid=103654) subscribe /opt/stack/data/venv/lib/python3.12/site-packages/neutron_lib/callbacks/manager.py:52}}
Jun 29 04:35:14.092655 np0000183345 devstack@neutron-api.service[103653]: INFO neutron.api.extensions [None req-04cdf849-768b-44a8-924e-eb6ccbe0d5ca None None] Loaded extension: extra_dhcp_opt
Jun 29 04:35:14.092740 np0000183345 devstack@neutron-api.service[103653]: DEBUG neutron.api.extensions [None req-04cdf849-768b-44a8-924e-eb6ccbe0d5ca None None] Loading extension file: extraroute.py {{(pid=103653) _load_all_extensions_from_path /opt/stack/neutron/neutron/api/extensions.py:449}}
Jun 29 04:35:14.092771 np0000183345 devstack@neutron-api.service[103654]: DEBUG neutron_lib.callbacks.manager [None req-e91799e7-82ee-4e27-b379-9a16a0536148 None None] Subscribe: process after_init 55550000, False {{(pid=103654) subscribe /opt/stack/data/venv/lib/python3.12/site-packages/neutron_lib/callbacks/manager.py:52}}
Jun 29 04:35:14.092982 np0000183345 devstack@neutron-api.service[103653]: DEBUG neutron.api.extensions [None req-04cdf849-768b-44a8-924e-eb6ccbe0d5ca None None] Ext name="Neutron Extra Route" alias="extraroute" description="Extra routes configuration for L3 router" updated="2013-02-01T10:00:00-00:00" {{(pid=103653) _check_extension /opt/stack/neutron/neutron/api/extensions.py:415}}
Jun 29 04:35:14.093152 np0000183345 devstack@neutron-api.service[103653]: INFO neutron.api.extensions [None req-04cdf849-768b-44a8-924e-eb6ccbe0d5ca None None] Loaded extension: extraroute
Jun 29 04:35:14.093183 np0000183345 devstack@neutron-api.service[103655]: DEBUG oslo_concurrency.lockutils [None req-9cd91b46-0d93-445b-aa05-3dde53dd9f65 None None] Acquiring lock "singleton_lock" {{(pid=103655) lock /opt/stack/data/venv/lib/python3.12/site-packages/oslo_concurrency/lockutils.py:395}}
Jun 29 04:35:14.093242 np0000183345 devstack@neutron-api.service[103653]: DEBUG neutron.api.extensions [None req-04cdf849-768b-44a8-924e-eb6ccbe0d5ca None None] Loading extension file: extraroute_atomic.py {{(pid=103653) _load_all_extensions_from_path /opt/stack/neutron/neutron/api/extensions.py:449}}
Jun 29 04:35:14.093388 np0000183345 devstack@neutron-api.service[103655]: DEBUG oslo_concurrency.lockutils [None req-9cd91b46-0d93-445b-aa05-3dde53dd9f65 None None] Acquired lock "singleton_lock" {{(pid=103655) lock /opt/stack/data/venv/lib/python3.12/site-packages/oslo_concurrency/lockutils.py:398}}
Jun 29 04:35:14.093486 np0000183345 devstack@neutron-api.service[103653]: DEBUG neutron.api.extensions [None req-04cdf849-768b-44a8-924e-eb6ccbe0d5ca None None] Ext name="Atomically add/remove extra routes" alias="extraroute-atomic" description="Edit extra routes of a router on server side by atomically adding/removing extra routes" updated="2019-07-10T00:00:00+00:00" {{(pid=103653) _check_extension /opt/stack/neutron/neutron/api/extensions.py:415}}
Jun 29 04:35:14.093678 np0000183345 devstack@neutron-api.service[103653]: INFO neutron.api.extensions [None req-04cdf849-768b-44a8-924e-eb6ccbe0d5ca None None] Loaded extension: extraroute-atomic
Jun 29 04:35:14.093770 np0000183345 devstack@neutron-api.service[103653]: DEBUG neutron.api.extensions [None req-04cdf849-768b-44a8-924e-eb6ccbe0d5ca None None] Loading extension file: filter_validation.py {{(pid=103653) _load_all_extensions_from_path /opt/stack/neutron/neutron/api/extensions.py:449}}
Jun 29 04:35:14.093942 np0000183345 devstack@neutron-api.service[103655]: DEBUG oslo_concurrency.lockutils [None req-9cd91b46-0d93-445b-aa05-3dde53dd9f65 None None] Releasing lock "singleton_lock" {{(pid=103655) lock /opt/stack/data/venv/lib/python3.12/site-packages/oslo_concurrency/lockutils.py:418}}
Jun 29 04:35:14.094063 np0000183345 devstack@neutron-api.service[103653]: DEBUG neutron.api.extensions [None req-04cdf849-768b-44a8-924e-eb6ccbe0d5ca None None] Ext name="Filter parameters validation" alias="filter-validation" description="Provides validation on filter parameters." updated="2018-07-04T10:00:00-00:00" {{(pid=103653) _check_extension /opt/stack/neutron/neutron/api/extensions.py:415}}
Jun 29 04:35:14.094245 np0000183345 devstack@neutron-api.service[103653]: INFO neutron.api.extensions [None req-04cdf849-768b-44a8-924e-eb6ccbe0d5ca None None] Loaded extension: filter-validation
Jun 29 04:35:14.094340 np0000183345 devstack@neutron-api.service[103653]: DEBUG neutron.api.extensions [None req-04cdf849-768b-44a8-924e-eb6ccbe0d5ca None None] Loading extension file: fip_pf_description.py {{(pid=103653) _load_all_extensions_from_path /opt/stack/neutron/neutron/api/extensions.py:449}}
Jun 29 04:35:14.094527 np0000183345 devstack@neutron-api.service[103653]: DEBUG neutron.api.extensions [None req-04cdf849-768b-44a8-924e-eb6ccbe0d5ca None None] Ext name="Floating IP Port Forwarding new attribute description" alias="floating-ip-port-forwarding-description" description="Add a description field to Port Forwarding rules" updated="2019-11-01T10:00:00-00:00" {{(pid=103653) _check_extension /opt/stack/neutron/neutron/api/extensions.py:415}}
Jun 29 04:35:14.094562 np0000183345 devstack@neutron-api.service[103654]: DEBUG neutron.plugins.ml2.plugin [None req-e91799e7-82ee-4e27-b379-9a16a0536148 None None] neutron.plugins.ml2.plugin.Ml2Plugin method _start_rpc_notifiers called with arguments () {} {{(pid=103654) wrapper /opt/stack/data/venv/lib/python3.12/site-packages/oslo_log/helpers.py:77}}
Jun 29 04:35:14.094749 np0000183345 devstack@neutron-api.service[103653]: INFO neutron.api.extensions [None req-04cdf849-768b-44a8-924e-eb6ccbe0d5ca None None] Extension floating-ip-port-forwarding-description not supported by any of loaded plugins
Jun 29 04:35:14.094822 np0000183345 devstack@neutron-api.service[103653]: DEBUG neutron.api.extensions [None req-04cdf849-768b-44a8-924e-eb6ccbe0d5ca None None] Loading extension file: fip_pf_detail.py {{(pid=103653) _load_all_extensions_from_path /opt/stack/neutron/neutron/api/extensions.py:449}}
Jun 29 04:35:14.094957 np0000183345 devstack@neutron-api.service[103654]: DEBUG neutron_lib.callbacks.manager [None req-e91799e7-82ee-4e27-b379-9a16a0536148 None None] Subscribe: > port after_create 55550000, False {{(pid=103654) subscribe /opt/stack/data/venv/lib/python3.12/site-packages/neutron_lib/callbacks/manager.py:52}}
Jun 29 04:35:14.095056 np0000183345 devstack@neutron-api.service[103653]: DEBUG neutron.api.extensions [None req-04cdf849-768b-44a8-924e-eb6ccbe0d5ca None None] Ext name="Floating IP port forwarding detail" alias="floating-ip-port-forwarding-detail" description="Allow list floating ip return more port forwarding data, include'id' and 'internal_port_id'" updated="2022-05-06T10:00:00-00:00" {{(pid=103653) _check_extension /opt/stack/neutron/neutron/api/extensions.py:415}}
Jun 29 04:35:14.095123 np0000183345 devstack@neutron-api.service[103654]: DEBUG neutron_lib.callbacks.manager [None req-e91799e7-82ee-4e27-b379-9a16a0536148 None None] Subscribe: > port after_update 55550000, False {{(pid=103654) subscribe /opt/stack/data/venv/lib/python3.12/site-packages/neutron_lib/callbacks/manager.py:52}}
Jun 29 04:35:14.095123 np0000183345 devstack@neutron-api.service[103654]: DEBUG neutron_lib.callbacks.manager [None req-e91799e7-82ee-4e27-b379-9a16a0536148 None None] Subscribe: > port after_delete 55550000, False {{(pid=103654) subscribe /opt/stack/data/venv/lib/python3.12/site-packages/neutron_lib/callbacks/manager.py:52}}
Jun 29 04:35:14.095213 np0000183345 devstack@neutron-api.service[103653]: INFO neutron.api.extensions [None req-04cdf849-768b-44a8-924e-eb6ccbe0d5ca None None] Loaded extension: floating-ip-port-forwarding-detail
Jun 29 04:35:14.095272 np0000183345 devstack@neutron-api.service[103654]: DEBUG neutron_lib.callbacks.manager [None req-e91799e7-82ee-4e27-b379-9a16a0536148 None None] Subscribe: > subnet after_create 55550000, False {{(pid=103654) subscribe /opt/stack/data/venv/lib/python3.12/site-packages/neutron_lib/callbacks/manager.py:52}}
Jun 29 04:35:14.095334 np0000183345 devstack@neutron-api.service[103653]: DEBUG neutron.api.extensions [None req-04cdf849-768b-44a8-924e-eb6ccbe0d5ca None None] Loading extension file: fip_pf_port_range.py {{(pid=103653) _load_all_extensions_from_path /opt/stack/neutron/neutron/api/extensions.py:449}}
Jun 29 04:35:14.095394 np0000183345 devstack@neutron-api.service[103654]: DEBUG neutron_lib.callbacks.manager [None req-e91799e7-82ee-4e27-b379-9a16a0536148 None None] Subscribe: > subnet after_update 55550000, False {{(pid=103654) subscribe /opt/stack/data/venv/lib/python3.12/site-packages/neutron_lib/callbacks/manager.py:52}}
Jun 29 04:35:14.095424 np0000183345 devstack@neutron-api.service[103654]: DEBUG neutron_lib.callbacks.manager [None req-e91799e7-82ee-4e27-b379-9a16a0536148 None None] Subscribe: > subnet after_delete 55550000, False {{(pid=103654) subscribe /opt/stack/data/venv/lib/python3.12/site-packages/neutron_lib/callbacks/manager.py:52}}
Jun 29 04:35:14.095485 np0000183345 devstack@neutron-api.service[103653]: DEBUG neutron.api.extensions [None req-04cdf849-768b-44a8-924e-eb6ccbe0d5ca None None] Ext name="Floating IP Port Forwarding support port ranges" alias="floating-ip-port-forwarding-port-ranges" description="Add support to port ranges" updated="2020-07-01T10:00:00-00:00" {{(pid=103653) _check_extension /opt/stack/neutron/neutron/api/extensions.py:415}}
Jun 29 04:35:14.095524 np0000183345 devstack@neutron-api.service[103654]: DEBUG neutron_lib.callbacks.manager [None req-e91799e7-82ee-4e27-b379-9a16a0536148 None None] Subscribe: > network after_create 55550000, False {{(pid=103654) subscribe /opt/stack/data/venv/lib/python3.12/site-packages/neutron_lib/callbacks/manager.py:52}}
Jun 29 04:35:14.095633 np0000183345 devstack@neutron-api.service[103654]: DEBUG neutron_lib.callbacks.manager [None req-e91799e7-82ee-4e27-b379-9a16a0536148 None None] Subscribe: > network after_update 55550000, False {{(pid=103654) subscribe /opt/stack/data/venv/lib/python3.12/site-packages/neutron_lib/callbacks/manager.py:52}}
Jun 29 04:35:14.095666 np0000183345 devstack@neutron-api.service[103653]: INFO neutron.api.extensions [None req-04cdf849-768b-44a8-924e-eb6ccbe0d5ca None None] Extension floating-ip-port-forwarding-port-ranges not supported by any of loaded plugins
Jun 29 04:35:14.095736 np0000183345 devstack@neutron-api.service[103654]: DEBUG neutron_lib.callbacks.manager [None req-e91799e7-82ee-4e27-b379-9a16a0536148 None None] Subscribe: > network after_delete 55550000, False {{(pid=103654) subscribe /opt/stack/data/venv/lib/python3.12/site-packages/neutron_lib/callbacks/manager.py:52}}
Jun 29 04:35:14.095775 np0000183345 devstack@neutron-api.service[103653]: DEBUG neutron.api.extensions [None req-04cdf849-768b-44a8-924e-eb6ccbe0d5ca None None] Loading extension file: fip_port_details.py {{(pid=103653) _load_all_extensions_from_path /opt/stack/neutron/neutron/api/extensions.py:449}}
Jun 29 04:35:14.095845 np0000183345 devstack@neutron-api.service[103654]: DEBUG neutron_lib.callbacks.manager [None req-e91799e7-82ee-4e27-b379-9a16a0536148 None None] Subscribe: > security_group after_create 55550000, False {{(pid=103654) subscribe /opt/stack/data/venv/lib/python3.12/site-packages/neutron_lib/callbacks/manager.py:52}}
Jun 29 04:35:14.095945 np0000183345 devstack@neutron-api.service[103654]: DEBUG neutron_lib.callbacks.manager [None req-e91799e7-82ee-4e27-b379-9a16a0536148 None None] Subscribe: > security_group after_update 55550000, False {{(pid=103654) subscribe /opt/stack/data/venv/lib/python3.12/site-packages/neutron_lib/callbacks/manager.py:52}}
Jun 29 04:35:14.095978 np0000183345 devstack@neutron-api.service[103653]: DEBUG neutron.api.extensions [None req-04cdf849-768b-44a8-924e-eb6ccbe0d5ca None None] Ext name="Floating IP Port Details Extension" alias="fip-port-details" description="Add port_details attribute to Floating IP resource" updated="2018-04-09T10:00:00-00:00" {{(pid=103653) _check_extension /opt/stack/neutron/neutron/api/extensions.py:415}}
Jun 29 04:35:14.096078 np0000183345 devstack@neutron-api.service[103654]: DEBUG neutron_lib.callbacks.manager [None req-e91799e7-82ee-4e27-b379-9a16a0536148 None None] Subscribe: > security_group after_delete 55550000, False {{(pid=103654) subscribe /opt/stack/data/venv/lib/python3.12/site-packages/neutron_lib/callbacks/manager.py:52}}
Jun 29 04:35:14.096172 np0000183345 devstack@neutron-api.service[103654]: DEBUG neutron_lib.callbacks.manager [None req-e91799e7-82ee-4e27-b379-9a16a0536148 None None] Subscribe: > security_group_rule after_create 55550000, False {{(pid=103654) subscribe /opt/stack/data/venv/lib/python3.12/site-packages/neutron_lib/callbacks/manager.py:52}}
Jun 29 04:35:14.096246 np0000183345 devstack@neutron-api.service[103653]: INFO neutron.api.extensions [None req-04cdf849-768b-44a8-924e-eb6ccbe0d5ca None None] Loaded extension: fip-port-details
Jun 29 04:35:14.096246 np0000183345 devstack@neutron-api.service[103653]: DEBUG neutron.api.extensions [None req-04cdf849-768b-44a8-924e-eb6ccbe0d5ca None None] Loading extension file: flavors.py {{(pid=103653) _load_all_extensions_from_path /opt/stack/neutron/neutron/api/extensions.py:449}}
Jun 29 04:35:14.096335 np0000183345 devstack@neutron-api.service[103654]: DEBUG neutron_lib.callbacks.manager [None req-e91799e7-82ee-4e27-b379-9a16a0536148 None None] Subscribe: > security_group_rule after_update 55550000, False {{(pid=103654) subscribe /opt/stack/data/venv/lib/python3.12/site-packages/neutron_lib/callbacks/manager.py:52}}
Jun 29 04:35:14.096335 np0000183345 devstack@neutron-api.service[103654]: DEBUG neutron_lib.callbacks.manager [None req-e91799e7-82ee-4e27-b379-9a16a0536148 None None] Subscribe: > security_group_rule after_delete 55550000, False {{(pid=103654) subscribe /opt/stack/data/venv/lib/python3.12/site-packages/neutron_lib/callbacks/manager.py:52}}
Jun 29 04:35:14.096479 np0000183345 devstack@neutron-api.service[103653]: DEBUG neutron.api.extensions [None req-04cdf849-768b-44a8-924e-eb6ccbe0d5ca None None] Ext name="Neutron Service Flavors" alias="flavors" description="Flavor specification for Neutron advanced services." updated="2015-09-17T10:00:00-00:00" {{(pid=103653) _check_extension /opt/stack/neutron/neutron/api/extensions.py:415}}
Jun 29 04:35:14.096512 np0000183345 devstack@neutron-api.service[103654]: DEBUG neutron_lib.callbacks.manager [None req-e91799e7-82ee-4e27-b379-9a16a0536148 None None] Subscribe: > address_group after_create 55550000, False {{(pid=103654) subscribe /opt/stack/data/venv/lib/python3.12/site-packages/neutron_lib/callbacks/manager.py:52}}
Jun 29 04:35:14.096650 np0000183345 devstack@neutron-api.service[103654]: DEBUG neutron_lib.callbacks.manager [None req-e91799e7-82ee-4e27-b379-9a16a0536148 None None] Subscribe: > address_group after_update 55550000, False {{(pid=103654) subscribe /opt/stack/data/venv/lib/python3.12/site-packages/neutron_lib/callbacks/manager.py:52}}
Jun 29 04:35:14.096683 np0000183345 devstack@neutron-api.service[103653]: INFO neutron.api.extensions [None req-04cdf849-768b-44a8-924e-eb6ccbe0d5ca None None] Loaded extension: flavors
Jun 29 04:35:14.096751 np0000183345 devstack@neutron-api.service[103653]: DEBUG neutron.api.extensions [None req-04cdf849-768b-44a8-924e-eb6ccbe0d5ca None None] Loading extension file: floating_ip_port_forwarding.py {{(pid=103653) _load_all_extensions_from_path /opt/stack/neutron/neutron/api/extensions.py:449}}
Jun 29 04:35:14.096781 np0000183345 devstack@neutron-api.service[103654]: DEBUG neutron_lib.callbacks.manager [None req-e91799e7-82ee-4e27-b379-9a16a0536148 None None] Subscribe: > address_group after_delete 55550000, False {{(pid=103654) subscribe /opt/stack/data/venv/lib/python3.12/site-packages/neutron_lib/callbacks/manager.py:52}}
Jun 29 04:35:14.096857 np0000183345 devstack@neutron-api.service[103654]: DEBUG neutron.plugins.ml2.ovo_rpc [None req-e91799e7-82ee-4e27-b379-9a16a0536148 None None] ML2 OVO RPC backend initialized. {{(pid=103654) __init__ /opt/stack/neutron/neutron/plugins/ml2/ovo_rpc.py:117}}
Jun 29 04:35:14.097083 np0000183345 devstack@neutron-api.service[103653]: DEBUG neutron.api.extensions [None req-04cdf849-768b-44a8-924e-eb6ccbe0d5ca None None] Ext name="Floating IP Port Forwarding" alias="floating-ip-port-forwarding" description="Allow port forwarding from floating IP port to an internal port" updated="2018-01-19T10:00:00-00:00" {{(pid=103653) _check_extension /opt/stack/neutron/neutron/api/extensions.py:415}}
Jun 29 04:35:14.097116 np0000183345 devstack@neutron-api.service[103655]: DEBUG neutron.plugins.ml2.drivers.ovn.mech_driver.mech_driver [None req-9cd91b46-0d93-445b-aa05-3dde53dd9f65 None None] Hash Ring setup using WSGI start time 2026-06-29 04:35:07+00:00 {{(pid=103655) _init_hash_ring /opt/stack/neutron/neutron/plugins/ml2/drivers/ovn/mech_driver/mech_driver.py:404}}
Jun 29 04:35:14.097290 np0000183345 devstack@neutron-api.service[103653]: INFO neutron.api.extensions [None req-04cdf849-768b-44a8-924e-eb6ccbe0d5ca None None] Extension floating-ip-port-forwarding not supported by any of loaded plugins
Jun 29 04:35:14.097345 np0000183345 devstack@neutron-api.service[103653]: DEBUG neutron.api.extensions [None req-04cdf849-768b-44a8-924e-eb6ccbe0d5ca None None] Loading extension file: floatingip_pools.py {{(pid=103653) _load_all_extensions_from_path /opt/stack/neutron/neutron/api/extensions.py:449}}
Jun 29 04:35:14.097628 np0000183345 devstack@neutron-api.service[103653]: DEBUG neutron.api.extensions [None req-04cdf849-768b-44a8-924e-eb6ccbe0d5ca None None] Ext name="Floating IP Pools Extension" alias="floatingip-pools" description="Provides a floating IP pools API." updated="2018-03-21T10:00:00-00:00" {{(pid=103653) _check_extension /opt/stack/neutron/neutron/api/extensions.py:415}}
Jun 29 04:35:14.097839 np0000183345 devstack@neutron-api.service[103653]: INFO neutron.api.extensions [None req-04cdf849-768b-44a8-924e-eb6ccbe0d5ca None None] Loaded extension: floatingip-pools
Jun 29 04:35:14.097903 np0000183345 devstack@neutron-api.service[103653]: DEBUG neutron.api.extensions [None req-04cdf849-768b-44a8-924e-eb6ccbe0d5ca None None] Loading extension file: ip_allocation.py {{(pid=103653) _load_all_extensions_from_path /opt/stack/neutron/neutron/api/extensions.py:449}}
