2026-07-10 01:07:14.139 8 INFO neutron.db.ovn_revision_numbers_db [None req-b755014f-3074-4114-b0b2-4fbd65943cbf d308a2684849439cb7b13cf2f628f37f 6b8e6360a4c249448185b0ccf406cc41 - - default default] Successfully bumped revision number for resource 1b90734a-a483-4c48-8e2b-c622a204746e (type: security_group_rules) to 0 [pid: 7|app: 0|req: 1076/2163] 10.0.0.87 () {34 vars in 963 bytes} [Fri Jul 10 01:07:14 2026] GET /v2.0/quotas/52b4e950a38e4982b86df3e2143d2c8d => generated 292 bytes in 13 msecs (HTTP/1.1 200) 4 headers in 157 bytes (1 switches on core 0)
2026-07-10 01:07:14.149 8 INFO neutron.db.ovn_revision_numbers_db [None req-b755014f-3074-4114-b0b2-4fbd65943cbf d308a2684849439cb7b13cf2f628f37f 6b8e6360a4c249448185b0ccf406cc41 - - default default] Successfully bumped revision number for resource 25211f8b-5f55-4e2e-8743-ab487c2e23ef (type: security_group_rules) to 0
2026-07-10 01:07:14.161 8 INFO neutron.db.ovn_revision_numbers_db [None req-b755014f-3074-4114-b0b2-4fbd65943cbf d308a2684849439cb7b13cf2f628f37f 6b8e6360a4c249448185b0ccf406cc41 - - default default] Successfully bumped revision number for resource 35373137-a0e4-4e4d-a917-07fddba4a7b3 (type: security_group_rules) to 0
2026-07-10 01:07:14.171 8 INFO neutron.db.ovn_revision_numbers_db [None req-b755014f-3074-4114-b0b2-4fbd65943cbf d308a2684849439cb7b13cf2f628f37f 6b8e6360a4c249448185b0ccf406cc41 - - default default] Successfully bumped revision number for resource 61172b9a-419f-4d8a-a905-c06e344fcbaf (type: security_group_rules) to 0 [pid: 7|app: 0|req: 1077/2164] 10.0.0.87 () {34 vars in 1000 bytes} [Fri Jul 10 01:07:14 2026] GET /v2.0/ports?tenant_id=52b4e950a38e4982b86df3e2143d2c8d&fields=id => generated 149 bytes in 67 msecs (HTTP/1.1 200) 4 headers in 157 bytes (1 switches on core 0)
2026-07-10 01:07:14.232 8 INFO neutron.db.segments_db [None req-b755014f-3074-4114-b0b2-4fbd65943cbf d308a2684849439cb7b13cf2f628f37f 6b8e6360a4c249448185b0ccf406cc41 - - default default] Added segment 188b7579-6ffc-4752-9f0d-522f8a70b303 of type geneve for network 11fec2a1-8592-41bd-8533-22500e746942 [pid: 7|app: 0|req: 1078/2165] 10.0.0.87 () {34 vars in 1006 bytes} [Fri Jul 10 01:07:14 2026] GET /v2.0/networks/d80a9a4b-76c6-46b2-a7cd-107ee2a7db48?fields=segments => generated 14 bytes in 39 msecs (HTTP/1.1 200) 4 headers in 156 bytes (1 switches on core 0)
2026-07-10 01:07:14.327 8 INFO neutron.db.ovn_revision_numbers_db [None req-b755014f-3074-4114-b0b2-4fbd65943cbf d308a2684849439cb7b13cf2f628f37f 6b8e6360a4c249448185b0ccf406cc41 - - default default] Successfully bumped revision number for resource 11fec2a1-8592-41bd-8533-22500e746942 (type: networks) to 1 [pid: 7|app: 0|req: 1079/2166] 10.0.0.87 () {34 vars in 1106 bytes} [Fri Jul 10 01:07:14 2026] GET /v2.0/networks/d80a9a4b-76c6-46b2-a7cd-107ee2a7db48?fields=provider%3Aphysical_network&fields=provider%3Anetwork_type => generated 79 bytes in 57 msecs (HTTP/1.1 200) 4 headers in 156 bytes (1 switches on core 0) [pid: 7|app: 0|req: 1080/2167] 10.0.0.87 () {34 vars in 988 bytes} [Fri Jul 10 01:07:14 2026] GET /v2.0/ports?device_id=82a7c351-671d-4570-9f91-5ad98f7894de => generated 12 bytes in 25 msecs (HTTP/1.1 200) 4 headers in 156 bytes (1 switches on core 0)
2026-07-10 01:07:14.484 8 WARNING neutron.scheduler.dhcp_agent_scheduler [None req-b755014f-3074-4114-b0b2-4fbd65943cbf d308a2684849439cb7b13cf2f628f37f 6b8e6360a4c249448185b0ccf406cc41 - - default default] No more DHCP agents
2026-07-10 01:07:14.485 8 WARNING neutron.api.rpc.agentnotifiers.dhcp_rpc_agent_api [None req-b755014f-3074-4114-b0b2-4fbd65943cbf d308a2684849439cb7b13cf2f628f37f 6b8e6360a4c249448185b0ccf406cc41 - - default default] Unable to schedule network 11fec2a1-8592-41bd-8533-22500e746942: no agents available; will retry on subsequent port and subnet creation events.
2026-07-10 01:07:14.539 7 INFO neutron.plugins.ml2.drivers.ovn.mech_driver.mech_driver [None req-994fb93f-bfd4-49fe-9f86-8a527d9f6a2b - - - - - -] OVN reports status down for port: f0f878ea-d25b-47bb-b083-bd1b6a440bd5
2026-07-10 01:07:14.555 8 INFO neutron.db.ovn_revision_numbers_db [None req-b755014f-3074-4114-b0b2-4fbd65943cbf d308a2684849439cb7b13cf2f628f37f 6b8e6360a4c249448185b0ccf406cc41 - - default default] Successfully bumped revision number for resource f0f878ea-d25b-47bb-b083-bd1b6a440bd5 (type: ports) to 1 [pid: 8|app: 0|req: 1088/2168] 10.0.0.60 () {34 vars in 668 bytes} [Fri Jul 10 01:07:13 2026] POST /v2.0/networks => generated 766 bytes in 625 msecs (HTTP/1.1 201) 4 headers in 162 bytes (1 switches on core 0)
2026-07-10 01:07:14.720 8 WARNING neutron.scheduler.dhcp_agent_scheduler [None req-7c8f3dd5-5577-4887-9e0f-48a897a3464c d308a2684849439cb7b13cf2f628f37f 6b8e6360a4c249448185b0ccf406cc41 - - default default] No more DHCP agents
2026-07-10 01:07:14.722 8 WARNING neutron.api.rpc.agentnotifiers.dhcp_rpc_agent_api [None req-7c8f3dd5-5577-4887-9e0f-48a897a3464c d308a2684849439cb7b13cf2f628f37f 6b8e6360a4c249448185b0ccf406cc41 - - default default] Unable to schedule network 11fec2a1-8592-41bd-8533-22500e746942: no agents available; will retry on subsequent port and subnet creation events.
2026-07-10 01:07:14.796 7 INFO neutron_taas.services.taas.taas_plugin [None req-e521829b-588c-4f73-ae87-8dabd81d22c3 3d05006eaeeb41d39bb30873520d7378 ffc3d7be2c724b20a2d4bb9655b072c6 - - default default] TaaS: Handle Delete Port: 43ec995a-fc8f-482a-9cae-470195ad5767
2026-07-10 01:07:14.798 7 INFO neutron_taas.services.taas.tap_mirror_plugin [None req-e521829b-588c-4f73-ae87-8dabd81d22c3 3d05006eaeeb41d39bb30873520d7378 ffc3d7be2c724b20a2d4bb9655b072c6 - - default default] Tap Mirror: Handle Delete Port: 43ec995a-fc8f-482a-9cae-470195ad5767
2026-07-10 01:07:15.167 8 INFO neutron.db.ovn_revision_numbers_db [None req-cb8eb77a-ac9b-47c6-b495-3965392d63a7 - - - - - -] Successfully bumped revision number for resource f0f878ea-d25b-47bb-b083-bd1b6a440bd5 (type: ports) to 2
2026-07-10 01:07:15.198 8 INFO neutron.db.ovn_revision_numbers_db [None req-cb8eb77a-ac9b-47c6-b495-3965392d63a7 - - - - - -] Successfully bumped revision number for resource 98fe59bf-263c-4be3-b802-588e8cfc8d81 (type: subnets) to 0 [pid: 8|app: 0|req: 1089/2169] 10.0.0.60 () {34 vars in 667 bytes} [Fri Jul 10 01:07:14 2026] POST /v2.0/subnets => generated 644 bytes in 631 msecs (HTTP/1.1 201) 4 headers in 162 bytes (1 switches on core 0)
2026-07-10 01:07:15.225 8 WARNING neutron.api.v2.base [None req-da516314-a79c-440b-8a31-7d3d579197b6 d308a2684849439cb7b13cf2f628f37f 6b8e6360a4c249448185b0ccf406cc41 - - default default] An exception happened while processing the request body. The exception message is [Invalid input for target_tenant. Reason: 'None' is not a valid string.].: webob.exc.HTTPBadRequest: Invalid input for target_tenant. Reason: 'None' is not a valid string.
2026-07-10 01:07:15.226 8 INFO neutron.api.v2.resource [None req-da516314-a79c-440b-8a31-7d3d579197b6 d308a2684849439cb7b13cf2f628f37f 6b8e6360a4c249448185b0ccf406cc41 - - default default] create failed (client error): Invalid input for target_tenant. Reason: 'None' is not a valid string. [pid: 8|app: 0|req: 1090/2170] 10.0.0.60 () {34 vars in 679 bytes} [Fri Jul 10 01:07:15 2026] POST /v2.0/rbac-policies => generated 143 bytes in 7 msecs (HTTP/1.1 400) 4 headers in 166 bytes (1 switches on core 0)
2026-07-10 01:07:15.360 8 INFO neutron_taas.services.taas.taas_plugin [None req-a70a0882-409c-4c11-814f-eee7b9e05d34 d308a2684849439cb7b13cf2f628f37f 6b8e6360a4c249448185b0ccf406cc41 - - default default] TaaS: Handle Delete Port: f0f878ea-d25b-47bb-b083-bd1b6a440bd5
2026-07-10 01:07:15.363 8 INFO neutron_taas.services.taas.tap_mirror_plugin [None req-a70a0882-409c-4c11-814f-eee7b9e05d34 d308a2684849439cb7b13cf2f628f37f 6b8e6360a4c249448185b0ccf406cc41 - - default default] Tap Mirror: Handle Delete Port: f0f878ea-d25b-47bb-b083-bd1b6a440bd5 [pid: 7|app: 0|req: 1081/2171] 10.0.0.60 () {34 vars in 787 bytes} [Fri Jul 10 01:07:14 2026] PUT /v2.0/routers/07f28e24-4a63-4b62-9ad1-218f1a628168/remove_router_interface => generated 309 bytes in 964 msecs (HTTP/1.1 200) 4 headers in 157 bytes (1 switches on core 0) /var/lib/openstack/lib/python3.12/site-packages/pycadf/identifier.py:70: UserWarning: Invalid uuid: neutron. To ensure interoperability, identifiers should be a valid uuid. warnings.warn(('Invalid uuid: %s. To ensure interoperability, '
2026-07-10 01:07:15.669 8 INFO neutron.services.segments.plugin [-] Segment 188b7579-6ffc-4752-9f0d-522f8a70b303 resource provider aggregate not found
2026-07-10 01:07:15.679 8 INFO neutron.services.segments.plugin [-] Segment 188b7579-6ffc-4752-9f0d-522f8a70b303 resource provider aggregate not found
2026-07-10 01:07:15.690 8 INFO neutron.services.segments.plugin [-] Client error retrieving segment 188b7579-6ffc-4752-9f0d-522f8a70b303 resource provider; error: Placement Client Error (4xx): {"errors": [{"status": 404, "title": "Not Found", "detail": "The resource could not be found.\n\n No resource provider with uuid 188b7579-6ffc-4752-9f0d-522f8a70b303 found for delete ", "request_id": "req-940ab1e4-cb41-4a01-b923-22820a342380"}]}
2026-07-10 01:07:15.695 8 INFO neutron.services.segments.plugin [-] Client error retrieving segment 188b7579-6ffc-4752-9f0d-522f8a70b303 resource provider; error: Placement Client Error (4xx): {"errors": [{"status": 404, "title": "Not Found", "detail": "The resource could not be found.\n\n No resource provider with uuid 188b7579-6ffc-4752-9f0d-522f8a70b303 found for delete ", "request_id": "req-ca0ec988-c92e-436f-bc70-bf2456f7e18d"}]} [pid: 8|app: 0|req: 1091/2172] 10.0.0.60 () {32 vars in 724 bytes} [Fri Jul 10 01:07:15 2026] DELETE /v2.0/networks/11fec2a1-8592-41bd-8533-22500e746942 => generated 0 bytes in 493 msecs (HTTP/1.1 204) 3 headers in 131 bytes (1 switches on core 0) [pid: 8|app: 0|req: 1092/2173] 10.0.0.87 () {34 vars in 988 bytes} [Fri Jul 10 01:07:15 2026] GET /v2.0/ports?device_id=82a7c351-671d-4570-9f91-5ad98f7894de => generated 12 bytes in 17 msecs (HTTP/1.1 200) 4 headers in 156 bytes (1 switches on core 0)
2026-07-10 01:07:15.774 7 INFO neutron_taas.services.taas.taas_plugin [None req-184d494a-212c-4f3b-8881-7ebd9748ad4f 3d05006eaeeb41d39bb30873520d7378 ffc3d7be2c724b20a2d4bb9655b072c6 - - default default] TaaS: Handle Delete Port: 43a006bd-c0c7-461a-b126-8b1a46ac83dc
2026-07-10 01:07:15.777 7 INFO neutron_taas.services.taas.tap_mirror_plugin [None req-184d494a-212c-4f3b-8881-7ebd9748ad4f 3d05006eaeeb41d39bb30873520d7378 ffc3d7be2c724b20a2d4bb9655b072c6 - - default default] Tap Mirror: Handle Delete Port: 43a006bd-c0c7-461a-b126-8b1a46ac83dc
2026-07-10 01:07:15.833 8 INFO neutron.db.segments_db [None req-b14ec52b-5e9d-4cca-a8de-cffe3331c26a d308a2684849439cb7b13cf2f628f37f 6b8e6360a4c249448185b0ccf406cc41 - - default default] Added segment 6f87e201-600e-465d-ae5a-57eb436b4b83 of type geneve for network 4686e56e-f7bd-4ed0-8782-e5ade482a32d
2026-07-10 01:07:15.950 8 INFO neutron.db.ovn_revision_numbers_db [None req-b14ec52b-5e9d-4cca-a8de-cffe3331c26a d308a2684849439cb7b13cf2f628f37f 6b8e6360a4c249448185b0ccf406cc41 - - default default] Successfully bumped revision number for resource 4686e56e-f7bd-4ed0-8782-e5ade482a32d (type: networks) to 1
2026-07-10 01:07:16.141 8 WARNING neutron.scheduler.dhcp_agent_scheduler [None req-b14ec52b-5e9d-4cca-a8de-cffe3331c26a d308a2684849439cb7b13cf2f628f37f 6b8e6360a4c249448185b0ccf406cc41 - - default default] No more DHCP agents
2026-07-10 01:07:16.142 8 WARNING neutron.api.rpc.agentnotifiers.dhcp_rpc_agent_api [None req-b14ec52b-5e9d-4cca-a8de-cffe3331c26a d308a2684849439cb7b13cf2f628f37f 6b8e6360a4c249448185b0ccf406cc41 - - default default] Unable to schedule network 4686e56e-f7bd-4ed0-8782-e5ade482a32d: no agents available; will retry on subsequent port and subnet creation events. [pid: 7|app: 0|req: 1082/2174] 10.0.0.60 () {32 vars in 722 bytes} [Fri Jul 10 01:07:15 2026] DELETE /v2.0/routers/07f28e24-4a63-4b62-9ad1-218f1a628168 => generated 0 bytes in 748 msecs (HTTP/1.1 204) 2 headers in 112 bytes (1 switches on core 0)
2026-07-10 01:07:16.212 8 INFO neutron.plugins.ml2.drivers.ovn.mech_driver.mech_driver [None req-4dacd7d1-b755-4582-b3ab-9ad1f3900641 - - - - - -] OVN reports status down for port: 10fe9aea-143c-4c60-89f4-a3661f4d1932
2026-07-10 01:07:16.269 8 INFO neutron.db.ovn_revision_numbers_db [None req-b14ec52b-5e9d-4cca-a8de-cffe3331c26a d308a2684849439cb7b13cf2f628f37f 6b8e6360a4c249448185b0ccf406cc41 - - default default] Successfully bumped revision number for resource 10fe9aea-143c-4c60-89f4-a3661f4d1932 (type: ports) to 1 [pid: 8|app: 0|req: 1093/2175] 10.0.0.60 () {34 vars in 668 bytes} [Fri Jul 10 01:07:15 2026] POST /v2.0/networks => generated 767 bytes in 566 msecs (HTTP/1.1 201) 4 headers in 162 bytes (1 switches on core 0) [pid: 7|app: 0|req: 1083/2176] 10.0.0.60 () {32 vars in 722 bytes} [Fri Jul 10 01:07:16 2026] DELETE /v2.0/subnets/adecdadd-c2ae-4010-aeb2-6e9a32f2a31e => generated 0 bytes in 165 msecs (HTTP/1.1 204) 3 headers in 131 bytes (1 switches on core 0)
2026-07-10 01:07:16.459 8 WARNING neutron.scheduler.dhcp_agent_scheduler [None req-97b49323-a50f-4424-91ea-b0981715f607 d308a2684849439cb7b13cf2f628f37f 6b8e6360a4c249448185b0ccf406cc41 - - default default] No more DHCP agents
2026-07-10 01:07:16.461 8 WARNING neutron.api.rpc.agentnotifiers.dhcp_rpc_agent_api [None req-97b49323-a50f-4424-91ea-b0981715f607 d308a2684849439cb7b13cf2f628f37f 6b8e6360a4c249448185b0ccf406cc41 - - default default] Unable to schedule network 4686e56e-f7bd-4ed0-8782-e5ade482a32d: no agents available; will retry on subsequent port and subnet creation events.
2026-07-10 01:07:16.493 7 INFO neutron_taas.services.taas.taas_plugin [None req-7140743c-1f03-44d0-828b-f64fe9b662ca 3d05006eaeeb41d39bb30873520d7378 ffc3d7be2c724b20a2d4bb9655b072c6 - - default default] TaaS: Handle Delete Port: 948b0dba-be64-41de-8d06-8c4bcba13b27
2026-07-10 01:07:16.495 7 INFO neutron_taas.services.taas.tap_mirror_plugin [None req-7140743c-1f03-44d0-828b-f64fe9b662ca 3d05006eaeeb41d39bb30873520d7378 ffc3d7be2c724b20a2d4bb9655b072c6 - - default default] Tap Mirror: Handle Delete Port: 948b0dba-be64-41de-8d06-8c4bcba13b27
2026-07-10 01:07:16.679 7 INFO neutron.services.segments.plugin [-] Segment 04d5e2ff-2cea-4a89-bc2b-8d23cd817a85 resource provider aggregate not found
2026-07-10 01:07:16.682 7 INFO neutron.services.segments.plugin [-] Segment 04d5e2ff-2cea-4a89-bc2b-8d23cd817a85 resource provider aggregate not found
2026-07-10 01:07:16.700 7 INFO neutron.services.segments.plugin [-] Client error retrieving segment 04d5e2ff-2cea-4a89-bc2b-8d23cd817a85 resource provider; error: Placement Client Error (4xx): {"errors": [{"status": 404, "title": "Not Found", "detail": "The resource could not be found.\n\n No resource provider with uuid 04d5e2ff-2cea-4a89-bc2b-8d23cd817a85 found for delete ", "request_id": "req-ecaecee0-7140-4031-80c5-7fe191be140e"}]}
2026-07-10 01:07:16.701 7 INFO neutron.services.segments.plugin [-] Client error retrieving segment 04d5e2ff-2cea-4a89-bc2b-8d23cd817a85 resource provider; error: Placement Client Error (4xx): {"errors": [{"status": 404, "title": "Not Found", "detail": "The resource could not be found.\n\n No resource provider with uuid 04d5e2ff-2cea-4a89-bc2b-8d23cd817a85 found for delete ", "request_id": "req-7a80eea5-77a9-423f-b6b7-f7a207899f33"}]} [pid: 7|app: 0|req: 1084/2177] 10.0.0.60 () {32 vars in 724 bytes} [Fri Jul 10 01:07:16 2026] DELETE /v2.0/networks/a85a599e-8ec9-4fc7-a66f-a268e72de32e => generated 0 bytes in 377 msecs (HTTP/1.1 204) 3 headers in 131 bytes (1 switches on core 0) [pid: 7|app: 0|req: 1085/2178] 10.0.0.87 () {34 vars in 988 bytes} [Fri Jul 10 01:07:16 2026] GET /v2.0/ports?device_id=82a7c351-671d-4570-9f91-5ad98f7894de => generated 12 bytes in 18 msecs (HTTP/1.1 200) 4 headers in 156 bytes (1 switches on core 0) [pid: 7|app: 0|req: 1086/2179] 10.0.0.60 () {32 vars in 772 bytes} [Fri Jul 10 01:07:16 2026] GET /v2.0/security-groups?tenant_id=8a70f879e7f4480597ec8700fa9b3971&name=default => generated 2925 bytes in 40 msecs (HTTP/1.1 200) 4 headers in 158 bytes (1 switches on core 0)
2026-07-10 01:07:16.911 8 INFO neutron.db.ovn_revision_numbers_db [None req-e8d50aa9-0220-4ff5-8087-4e4aa510cc30 - - - - - -] Successfully bumped revision number for resource 10fe9aea-143c-4c60-89f4-a3661f4d1932 (type: ports) to 2
2026-07-10 01:07:16.953 8 INFO neutron.db.ovn_revision_numbers_db [None req-e8d50aa9-0220-4ff5-8087-4e4aa510cc30 - - - - - -] Successfully bumped revision number for resource 1370dbe1-e91e-459f-865f-db473667cab3 (type: subnets) to 0 [pid: 8|app: 0|req: 1094/2180] 10.0.0.60 () {34 vars in 667 bytes} [Fri Jul 10 01:07:16 2026] POST /v2.0/subnets => generated 647 bytes in 654 msecs (HTTP/1.1 201) 4 headers in 162 bytes (1 switches on core 0)
2026-07-10 01:07:16.976 8 WARNING neutron.api.v2.base [None req-96df6b8b-f988-45b8-b532-d81edb614be0 d308a2684849439cb7b13cf2f628f37f 6b8e6360a4c249448185b0ccf406cc41 - - default default] An exception happened while processing the request body. The exception message is [Invalid input for target_tenant. Reason: '1234123412341234123412341234123412341234123412341234123412341234123412341234123412341234123412341234123412341234123412341234123412341234123412341234123412341234123412341234123412341234123412341234123412341234123412341234123412341234123412341234123412341234123412341234123412341234123412341234123412341234123412341234123412341234123412341234123412341234123412341234123412341234123412341234123412341234' exceeds maximum length of 255.].: webob.exc.HTTPBadRequest: Invalid input for target_tenant. Reason: '1234123412341234123412341234123412341234123412341234123412341234123412341234123412341234123412341234123412341234123412341234123412341234123412341234123412341234123412341234123412341234123412341234123412341234123412341234123412341234123412341234123412341234123412341234123412341234123412341234123412341234123412341234123412341234123412341234123412341234123412341234123412341234123412341234123412341234' exceeds maximum length of 255.
2026-07-10 01:07:16.977 8 INFO neutron.api.v2.resource [None req-96df6b8b-f988-45b8-b532-d81edb614be0 d308a2684849439cb7b13cf2f628f37f 6b8e6360a4c249448185b0ccf406cc41 - - default default] create failed (client error): Invalid input for target_tenant. Reason: '1234123412341234123412341234123412341234123412341234123412341234123412341234123412341234123412341234123412341234123412341234123412341234123412341234123412341234123412341234123412341234123412341234123412341234123412341234123412341234123412341234123412341234123412341234123412341234123412341234123412341234123412341234123412341234123412341234123412341234123412341234123412341234123412341234123412341234' exceeds maximum length of 255. [pid: 8|app: 0|req: 1095/2181] 10.0.0.60 () {34 vars in 679 bytes} [Fri Jul 10 01:07:16 2026] POST /v2.0/rbac-policies => generated 547 bytes in 6 msecs (HTTP/1.1 400) 4 headers in 166 bytes (1 switches on core 0)
2026-07-10 01:07:17.134 8 INFO neutron_taas.services.taas.taas_plugin [None req-f6cee55d-163a-4534-865c-06ade69e9d01 d308a2684849439cb7b13cf2f628f37f 6b8e6360a4c249448185b0ccf406cc41 - - default default] TaaS: Handle Delete Port: 10fe9aea-143c-4c60-89f4-a3661f4d1932
2026-07-10 01:07:17.136 8 INFO neutron_taas.services.taas.tap_mirror_plugin [None req-f6cee55d-163a-4534-865c-06ade69e9d01 d308a2684849439cb7b13cf2f628f37f 6b8e6360a4c249448185b0ccf406cc41 - - default default] Tap Mirror: Handle Delete Port: 10fe9aea-143c-4c60-89f4-a3661f4d1932 [pid: 7|app: 0|req: 1087/2182] 10.0.0.60 () {32 vars in 738 bytes} [Fri Jul 10 01:07:16 2026] DELETE /v2.0/security-groups/98dcef52-113b-474e-93da-fe5ea1be0253 => generated 0 bytes in 227 msecs (HTTP/1.1 204) 2 headers in 112 bytes (1 switches on core 0) [pid: 8|app: 0|req: 1096/2183] 10.0.0.60 () {32 vars in 724 bytes} [Fri Jul 10 01:07:16 2026] DELETE /v2.0/networks/4686e56e-f7bd-4ed0-8782-e5ade482a32d => generated 0 bytes in 464 msecs (HTTP/1.1 204) 3 headers in 131 bytes (1 switches on core 0)
2026-07-10 01:07:17.535 7 INFO neutron.db.segments_db [None req-5b6857f2-80d2-4d18-a7f9-d64db36c52a8 d308a2684849439cb7b13cf2f628f37f 6b8e6360a4c249448185b0ccf406cc41 - - default default] Added segment 36d4786a-b02f-4403-9d46-8a95a51eaa51 of type geneve for network ba3761c8-0e9b-4543-90e7-6f2560b9ab83
2026-07-10 01:07:17.637 7 INFO neutron.db.ovn_revision_numbers_db [None req-5b6857f2-80d2-4d18-a7f9-d64db36c52a8 d308a2684849439cb7b13cf2f628f37f 6b8e6360a4c249448185b0ccf406cc41 - - default default] Successfully bumped revision number for resource ba3761c8-0e9b-4543-90e7-6f2560b9ab83 (type: networks) to 1
2026-07-10 01:07:17.708 8 INFO neutron.services.segments.plugin [-] Segment 6f87e201-600e-465d-ae5a-57eb436b4b83 resource provider aggregate not found
2026-07-10 01:07:17.715 8 INFO neutron.services.segments.plugin [-] Segment 6f87e201-600e-465d-ae5a-57eb436b4b83 resource provider aggregate not found
2026-07-10 01:07:17.720 8 INFO neutron.services.segments.plugin [-] Client error retrieving segment 6f87e201-600e-465d-ae5a-57eb436b4b83 resource provider; error: Placement Client Error (4xx): {"errors": [{"status": 404, "title": "Not Found", "detail": "The resource could not be found.\n\n No resource provider with uuid 6f87e201-600e-465d-ae5a-57eb436b4b83 found for delete ", "request_id": "req-ebbd27a8-374b-4dfa-b3d1-e6a1923b5e32"}]}
2026-07-10 01:07:17.732 8 INFO neutron.services.segments.plugin [-] Client error retrieving segment 6f87e201-600e-465d-ae5a-57eb436b4b83 resource provider; error: Placement Client Error (4xx): {"errors": [{"status": 404, "title": "Not Found", "detail": "The resource could not be found.\n\n No resource provider with uuid 6f87e201-600e-465d-ae5a-57eb436b4b83 found for delete ", "request_id": "req-0551f118-8d38-4377-9fbe-3beb437cb8bb"}]}
2026-07-10 01:07:17.774 7 WARNING neutron.scheduler.dhcp_agent_scheduler [None req-5b6857f2-80d2-4d18-a7f9-d64db36c52a8 d308a2684849439cb7b13cf2f628f37f 6b8e6360a4c249448185b0ccf406cc41 - - default default] No more DHCP agents
2026-07-10 01:07:17.776 7 WARNING neutron.api.rpc.agentnotifiers.dhcp_rpc_agent_api [None req-5b6857f2-80d2-4d18-a7f9-d64db36c52a8 d308a2684849439cb7b13cf2f628f37f 6b8e6360a4c249448185b0ccf406cc41 - - default default] Unable to schedule network ba3761c8-0e9b-4543-90e7-6f2560b9ab83: no agents available; will retry on subsequent port and subnet creation events.
2026-07-10 01:07:17.830 8 INFO neutron.plugins.ml2.drivers.ovn.mech_driver.mech_driver [None req-4dacd7d1-b755-4582-b3ab-9ad1f3900641 - - - - - -] OVN reports status down for port: abaaf0b1-886e-4897-81f3-39eb23379fb1
2026-07-10 01:07:17.878 7 INFO neutron.db.ovn_revision_numbers_db [None req-5b6857f2-80d2-4d18-a7f9-d64db36c52a8 d308a2684849439cb7b13cf2f628f37f 6b8e6360a4c249448185b0ccf406cc41 - - default default] Successfully bumped revision number for resource abaaf0b1-886e-4897-81f3-39eb23379fb1 (type: ports) to 1 [pid: 7|app: 0|req: 1088/2184] 10.0.0.60 () {34 vars in 668 bytes} [Fri Jul 10 01:07:17 2026] POST /v2.0/networks => generated 768 bytes in 459 msecs (HTTP/1.1 201) 4 headers in 162 bytes (1 switches on core 0) [pid: 8|app: 0|req: 1097/2185] 10.0.0.87 () {34 vars in 988 bytes} [Fri Jul 10 01:07:17 2026] GET /v2.0/ports?device_id=82a7c351-671d-4570-9f91-5ad98f7894de => generated 12 bytes in 31 msecs (HTTP/1.1 200) 4 headers in 156 bytes (1 switches on core 0)
2026-07-10 01:07:18.058 7 WARNING neutron.scheduler.dhcp_agent_scheduler [None req-990c1596-962e-441c-8a87-09cd6b15ba87 d308a2684849439cb7b13cf2f628f37f 6b8e6360a4c249448185b0ccf406cc41 - - default default] No more DHCP agents
2026-07-10 01:07:18.059 7 WARNING neutron.api.rpc.agentnotifiers.dhcp_rpc_agent_api [None req-990c1596-962e-441c-8a87-09cd6b15ba87 d308a2684849439cb7b13cf2f628f37f 6b8e6360a4c249448185b0ccf406cc41 - - default default] Unable to schedule network ba3761c8-0e9b-4543-90e7-6f2560b9ab83: no agents available; will retry on subsequent port and subnet creation events.
2026-07-10 01:07:18.507 7 INFO neutron.db.ovn_revision_numbers_db [None req-bdf644c0-5a12-4d8a-9f66-bfca64d98de7 - - - - - -] Successfully bumped revision number for resource abaaf0b1-886e-4897-81f3-39eb23379fb1 (type: ports) to 2
2026-07-10 01:07:18.549 7 INFO neutron.db.ovn_revision_numbers_db [None req-bdf644c0-5a12-4d8a-9f66-bfca64d98de7 - - - - - -] Successfully bumped revision number for resource 6c06c567-f7f2-4b03-8227-82bcf309c995 (type: subnets) to 0 [pid: 7|app: 0|req: 1089/2186] 10.0.0.60 () {34 vars in 667 bytes} [Fri Jul 10 01:07:17 2026] POST /v2.0/subnets => generated 647 bytes in 649 msecs (HTTP/1.1 201) 4 headers in 162 bytes (1 switches on core 0) [pid: 7|app: 0|req: 1090/2187] 199.19.213.134 () {34 vars in 985 bytes} [Fri Jul 10 01:07:18 2026] GET /v2.0/networks?id=d80a9a4b-76c6-46b2-a7cd-107ee2a7db48 => generated 699 bytes in 48 msecs (HTTP/1.1 200) 4 headers in 157 bytes (1 switches on core 0) [pid: 7|app: 0|req: 1091/2188] 199.19.213.134 () {34 vars in 1049 bytes} [Fri Jul 10 01:07:18 2026] GET /v2.0/security-groups?fields=id&fields=name&tenant_id=52b4e950a38e4982b86df3e2143d2c8d => generated 273 bytes in 40 msecs (HTTP/1.1 200) 4 headers in 157 bytes (1 switches on core 0) [pid: 8|app: 0|req: 1098/2189] 10.0.0.60 () {34 vars in 679 bytes} [Fri Jul 10 01:07:18 2026] POST /v2.0/rbac-policies => generated 324 bytes in 223 msecs (HTTP/1.1 201) 4 headers in 162 bytes (1 switches on core 0)
2026-07-10 01:07:19.069 7 WARNING neutron.scheduler.dhcp_agent_scheduler [req-42f81816-28bc-4eb9-ba3a-7cf35dce2064 req-a771ed3f-a175-4373-a2cf-61502c7db2f8 e7271fe85fe9461689edf4254586c0e6 52b4e950a38e4982b86df3e2143d2c8d - - default default] No more DHCP agents
2026-07-10 01:07:19.070 7 WARNING neutron.api.rpc.agentnotifiers.dhcp_rpc_agent_api [req-42f81816-28bc-4eb9-ba3a-7cf35dce2064 req-a771ed3f-a175-4373-a2cf-61502c7db2f8 e7271fe85fe9461689edf4254586c0e6 52b4e950a38e4982b86df3e2143d2c8d - - default default] Unable to schedule network d80a9a4b-76c6-46b2-a7cd-107ee2a7db48: no agents available; will retry on subsequent port and subnet creation events.
2026-07-10 01:07:19.204 8 INFO neutron.plugins.ml2.drivers.ovn.mech_driver.mech_driver [None req-4dacd7d1-b755-4582-b3ab-9ad1f3900641 - - - - - -] OVN reports status down for port: 9987f1fa-119a-4b11-b642-28a11100eecc
2026-07-10 01:07:19.215 7 INFO neutron.db.ovn_revision_numbers_db [req-42f81816-28bc-4eb9-ba3a-7cf35dce2064 req-a771ed3f-a175-4373-a2cf-61502c7db2f8 e7271fe85fe9461689edf4254586c0e6 52b4e950a38e4982b86df3e2143d2c8d - - default default] Successfully bumped revision number for resource 9987f1fa-119a-4b11-b642-28a11100eecc (type: ports) to 1 [pid: 7|app: 0|req: 1092/2190] 199.19.213.134 () {38 vars in 954 bytes} [Fri Jul 10 01:07:18 2026] POST /v2.0/ports => generated 954 bytes in 508 msecs (HTTP/1.1 201) 4 headers in 162 bytes (1 switches on core 0)
2026-07-10 01:07:19.292 8 INFO neutron.db.ovn_revision_numbers_db [None req-1f1d0dfb-ad64-48fd-b78c-1ffd240739d7 3d05006eaeeb41d39bb30873520d7378 ffc3d7be2c724b20a2d4bb9655b072c6 - - default default] Successfully bumped revision number for resource 97302fbc-03bb-4be8-a14d-e5ac7653839b (type: security_groups) to 1 /var/lib/openstack/lib/python3.12/site-packages/pycadf/identifier.py:70: UserWarning: Invalid uuid: neutron. To ensure interoperability, identifiers should be a valid uuid. warnings.warn(('Invalid uuid: %s. To ensure interoperability, '
2026-07-10 01:07:19.312 8 INFO neutron.db.ovn_revision_numbers_db [None req-1f1d0dfb-ad64-48fd-b78c-1ffd240739d7 3d05006eaeeb41d39bb30873520d7378 ffc3d7be2c724b20a2d4bb9655b072c6 - - default default] Successfully bumped revision number for resource 22cc8f03-e0c3-43b2-bdb5-77c3337df014 (type: security_group_rules) to 0
2026-07-10 01:07:19.326 8 INFO neutron.db.ovn_revision_numbers_db [None req-1f1d0dfb-ad64-48fd-b78c-1ffd240739d7 3d05006eaeeb41d39bb30873520d7378 ffc3d7be2c724b20a2d4bb9655b072c6 - - default default] Successfully bumped revision number for resource c36f7d99-68fb-4b6d-9107-7e96a15e8e80 (type: security_group_rules) to 0 [pid: 7|app: 0|req: 1093/2191] 10.0.0.87 () {34 vars in 988 bytes} [Fri Jul 10 01:07:19 2026] GET /v2.0/ports?device_id=82a7c351-671d-4570-9f91-5ad98f7894de => generated 957 bytes in 37 msecs (HTTP/1.1 200) 4 headers in 157 bytes (1 switches on core 0)
2026-07-10 01:07:19.338 8 INFO neutron.db.ovn_revision_numbers_db [None req-1f1d0dfb-ad64-48fd-b78c-1ffd240739d7 3d05006eaeeb41d39bb30873520d7378 ffc3d7be2c724b20a2d4bb9655b072c6 - - default default] Successfully bumped revision number for resource c5b632fb-1f13-44d7-9c68-394d5f023d08 (type: security_group_rules) to 0
2026-07-10 01:07:19.349 8 INFO neutron.db.ovn_revision_numbers_db [None req-1f1d0dfb-ad64-48fd-b78c-1ffd240739d7 3d05006eaeeb41d39bb30873520d7378 ffc3d7be2c724b20a2d4bb9655b072c6 - - default default] Successfully bumped revision number for resource f982ebf9-1ff8-4795-af6a-7758498a329f (type: security_group_rules) to 0 [pid: 7|app: 0|req: 1094/2192] 10.0.0.60 () {32 vars in 721 bytes} [Fri Jul 10 01:07:19 2026] GET /v2.0/networks/ba3761c8-0e9b-4543-90e7-6f2560b9ab83 => generated 693 bytes in 70 msecs (HTTP/1.1 200) 4 headers in 157 bytes (1 switches on core 0)
2026-07-10 01:07:19.422 8 INFO neutron.db.segments_db [None req-1f1d0dfb-ad64-48fd-b78c-1ffd240739d7 3d05006eaeeb41d39bb30873520d7378 ffc3d7be2c724b20a2d4bb9655b072c6 - - default default] Added segment bf0f9276-feb5-4717-9051-f40ff5ea75f8 of type geneve for network 96dea1ad-d669-45a8-bead-b7091e92d593
2026-07-10 01:07:19.518 8 INFO neutron.db.ovn_revision_numbers_db [None req-1f1d0dfb-ad64-48fd-b78c-1ffd240739d7 3d05006eaeeb41d39bb30873520d7378 ffc3d7be2c724b20a2d4bb9655b072c6 - - default default] Successfully bumped revision number for resource 96dea1ad-d669-45a8-bead-b7091e92d593 (type: networks) to 1
2026-07-10 01:07:19.642 8 WARNING neutron.scheduler.dhcp_agent_scheduler [None req-1f1d0dfb-ad64-48fd-b78c-1ffd240739d7 3d05006eaeeb41d39bb30873520d7378 ffc3d7be2c724b20a2d4bb9655b072c6 - - default default] No more DHCP agents
2026-07-10 01:07:19.644 8 WARNING neutron.api.rpc.agentnotifiers.dhcp_rpc_agent_api [None req-1f1d0dfb-ad64-48fd-b78c-1ffd240739d7 3d05006eaeeb41d39bb30873520d7378 ffc3d7be2c724b20a2d4bb9655b072c6 - - default default] Unable to schedule network 96dea1ad-d669-45a8-bead-b7091e92d593: no agents available; will retry on subsequent port and subnet creation events.
2026-07-10 01:07:19.706 7 INFO neutron.plugins.ml2.drivers.ovn.mech_driver.mech_driver [None req-994fb93f-bfd4-49fe-9f86-8a527d9f6a2b - - - - - -] OVN reports status down for port: 21c29ab0-d4a9-4d1e-9f7f-bb7cb00ba9e8
2026-07-10 01:07:19.711 8 INFO neutron.db.ovn_revision_numbers_db [None req-1f1d0dfb-ad64-48fd-b78c-1ffd240739d7 3d05006eaeeb41d39bb30873520d7378 ffc3d7be2c724b20a2d4bb9655b072c6 - - default default] Successfully bumped revision number for resource 21c29ab0-d4a9-4d1e-9f7f-bb7cb00ba9e8 (type: ports) to 1 [pid: 8|app: 0|req: 1099/2193] 10.0.0.60 () {34 vars in 669 bytes} [Fri Jul 10 01:07:18 2026] POST /v2.0/networks => generated 781 bytes in 806 msecs (HTTP/1.1 201) 4 headers in 162 bytes (1 switches on core 0) [pid: 8|app: 0|req: 1100/2194] 10.0.0.87 () {34 vars in 1038 bytes} [Fri Jul 10 01:07:19 2026] GET /v2.0/security-groups?id=8ce45560-dd3f-49c3-b23c-9f1ae18a6c73&fields=id&fields=name => generated 113 bytes in 26 msecs (HTTP/1.1 200) 4 headers in 157 bytes (1 switches on core 0)
2026-07-10 01:07:19.783 7 INFO neutron.db.ovn_revision_numbers_db [req-42f81816-28bc-4eb9-ba3a-7cf35dce2064 req-829a886e-a2d8-4bfe-bb4d-44e6fbdbea23 58902b8c2fae4dab8354c74bd3fd5da9 346e7d8255f2475fb281f77628629f73 - - 3e5be9a5401844c89e43a9dccfb13dfa 3e5be9a5401844c89e43a9dccfb13dfa] Successfully bumped revision number for resource 9987f1fa-119a-4b11-b642-28a11100eecc (type: ports) to 2
2026-07-10 01:07:19.810 8 INFO neutron.pecan_wsgi.hooks.translation [None req-26b78adf-f622-424f-b59c-8347622676a6 2b294a5478a3400da0dd8334ac13e535 25d18010e396401e8adac8f17fae23c2 - - default default] GET failed (client error): The resource could not be found. [pid: 8|app: 0|req: 1101/2195] 10.0.0.60 () {32 vars in 721 bytes} [Fri Jul 10 01:07:19 2026] GET /v2.0/networks/ba3761c8-0e9b-4543-90e7-6f2560b9ab83 => generated 138 bytes in 38 msecs (HTTP/1.1 404) 4 headers in 164 bytes (1 switches on core 0)
2026-07-10 01:07:19.952 8 WARNING neutron.scheduler.dhcp_agent_scheduler [None req-fea1923a-d991-44bc-b806-8ed23ce67584 3d05006eaeeb41d39bb30873520d7378 ffc3d7be2c724b20a2d4bb9655b072c6 - - default default] No more DHCP agents
2026-07-10 01:07:19.955 8 WARNING neutron.api.rpc.agentnotifiers.dhcp_rpc_agent_api [None req-fea1923a-d991-44bc-b806-8ed23ce67584 3d05006eaeeb41d39bb30873520d7378 ffc3d7be2c724b20a2d4bb9655b072c6 - - default default] Unable to schedule network 96dea1ad-d669-45a8-bead-b7091e92d593: no agents available; will retry on subsequent port and subnet creation events.
2026-07-10 01:07:20.040 7 INFO neutron.db.ovn_revision_numbers_db [req-42f81816-28bc-4eb9-ba3a-7cf35dce2064 req-829a886e-a2d8-4bfe-bb4d-44e6fbdbea23 58902b8c2fae4dab8354c74bd3fd5da9 346e7d8255f2475fb281f77628629f73 - - 3e5be9a5401844c89e43a9dccfb13dfa 3e5be9a5401844c89e43a9dccfb13dfa] Successfully bumped revision number for resource 9987f1fa-119a-4b11-b642-28a11100eecc (type: ports) to 4 [pid: 7|app: 0|req: 1095/2196] 199.19.213.134 () {38 vars in 1027 bytes} [Fri Jul 10 01:07:19 2026] PUT /v2.0/ports/9987f1fa-119a-4b11-b642-28a11100eecc => generated 1204 bytes in 669 msecs (HTTP/1.1 200) 4 headers in 158 bytes (1 switches on core 0) /var/lib/openstack/lib/python3.12/site-packages/pycadf/identifier.py:70: UserWarning: Invalid uuid: neutron. To ensure interoperability, identifiers should be a valid uuid. warnings.warn(('Invalid uuid: %s. To ensure interoperability, '
2026-07-10 01:07:20.107 7 INFO neutron.notifiers.nova [-] Nova event matching ['req-26619413-af87-4741-9666-27e15b4e3812'] response: {'name': 'network-changed', 'server_uuid': '82a7c351-671d-4570-9f91-5ad98f7894de', 'tag': '9987f1fa-119a-4b11-b642-28a11100eecc', 'status': 'completed', 'code': 200}
2026-07-10 01:07:20.207 7 INFO neutron_taas.services.taas.taas_plugin [None req-ca53a3c0-d662-492d-8262-3ebb01548868 d308a2684849439cb7b13cf2f628f37f 6b8e6360a4c249448185b0ccf406cc41 - - default default] TaaS: Handle Delete Port: abaaf0b1-886e-4897-81f3-39eb23379fb1
2026-07-10 01:07:20.211 7 INFO neutron_taas.services.taas.tap_mirror_plugin [None req-ca53a3c0-d662-492d-8262-3ebb01548868 d308a2684849439cb7b13cf2f628f37f 6b8e6360a4c249448185b0ccf406cc41 - - default default] Tap Mirror: Handle Delete Port: abaaf0b1-886e-4897-81f3-39eb23379fb1
2026-07-10 01:07:20.442 8 INFO neutron.db.ovn_revision_numbers_db [None req-27d0ed83-bb04-439a-8872-e989fe531732 - - - - - -] Successfully bumped revision number for resource 21c29ab0-d4a9-4d1e-9f7f-bb7cb00ba9e8 (type: ports) to 2
2026-07-10 01:07:20.481 8 INFO neutron.db.ovn_revision_numbers_db [None req-27d0ed83-bb04-439a-8872-e989fe531732 - - - - - -] Successfully bumped revision number for resource 7a4e1a36-a980-4220-b06a-9175153a5fb8 (type: subnets) to 0 [pid: 8|app: 0|req: 1102/2199] 10.0.0.60 () {34 vars in 667 bytes} [Fri Jul 10 01:07:19 2026] POST /v2.0/subnets => generated 687 bytes in 685 msecs (HTTP/1.1 201) 4 headers in 162 bytes (1 switches on core 0)
2026-07-10 01:07:20.547 7 INFO neutron.services.segments.plugin [-] Segment 36d4786a-b02f-4403-9d46-8a95a51eaa51 resource provider aggregate not found
2026-07-10 01:07:20.551 7 INFO neutron.services.segments.plugin [-] Segment 36d4786a-b02f-4403-9d46-8a95a51eaa51 resource provider aggregate not found
2026-07-10 01:07:20.569 7 INFO neutron.services.segments.plugin [-] Client error retrieving segment 36d4786a-b02f-4403-9d46-8a95a51eaa51 resource provider; error: Placement Client Error (4xx): {"errors": [{"status": 404, "title": "Not Found", "detail": "The resource could not be found.\n\n No resource provider with uuid 36d4786a-b02f-4403-9d46-8a95a51eaa51 found for delete ", "request_id": "req-99e23b38-65de-4afe-894b-b959c042c676"}]}
2026-07-10 01:07:20.575 7 INFO neutron.services.segments.plugin [-] Client error retrieving segment 36d4786a-b02f-4403-9d46-8a95a51eaa51 resource provider; error: Placement Client Error (4xx): {"errors": [{"status": 404, "title": "Not Found", "detail": "The resource could not be found.\n\n No resource provider with uuid 36d4786a-b02f-4403-9d46-8a95a51eaa51 found for delete ", "request_id": "req-b01dec0e-c30a-4826-9fa5-9b9bc38e3bfa"}]} [pid: 7|app: 0|req: 1098/2200] 10.0.0.60 () {32 vars in 724 bytes} [Fri Jul 10 01:07:20 2026] DELETE /v2.0/networks/ba3761c8-0e9b-4543-90e7-6f2560b9ab83 => generated 0 bytes in 531 msecs (HTTP/1.1 204) 3 headers in 131 bytes (1 switches on core 0)
2026-07-10 01:07:20.615 7 INFO neutron.pecan_wsgi.hooks.translation [None req-a940f76e-b274-47b9-8e26-137f56928cdd d308a2684849439cb7b13cf2f628f37f 6b8e6360a4c249448185b0ccf406cc41 - - default default] DELETE failed (client error): The resource could not be found. [pid: 7|app: 0|req: 1099/2201] 10.0.0.60 () {32 vars in 722 bytes} [Fri Jul 10 01:07:20 2026] DELETE /v2.0/subnets/98fe59bf-263c-4be3-b802-588e8cfc8d81 => generated 136 bytes in 14 msecs (HTTP/1.1 404) 4 headers in 164 bytes (1 switches on core 0) [pid: 7|app: 0|req: 1100/2202] 199.19.213.134 () {34 vars in 1079 bytes} [Fri Jul 10 01:07:20 2026] GET /v2.0/ports?tenant_id=52b4e950a38e4982b86df3e2143d2c8d&device_id=82a7c351-671d-4570-9f91-5ad98f7894de => generated 1207 bytes in 33 msecs (HTTP/1.1 200) 4 headers in 158 bytes (1 switches on core 0)
2026-07-10 01:07:20.661 7 INFO neutron.pecan_wsgi.hooks.translation [None req-8eeb2388-12cf-4440-8582-4d292f847e7a d308a2684849439cb7b13cf2f628f37f 6b8e6360a4c249448185b0ccf406cc41 - - default default] DELETE failed (client error): The resource could not be found. [pid: 7|app: 0|req: 1101/2203] 10.0.0.60 () {32 vars in 722 bytes} [Fri Jul 10 01:07:20 2026] DELETE /v2.0/subnets/1370dbe1-e91e-459f-865f-db473667cab3 => generated 136 bytes in 12 msecs (HTTP/1.1 404) 4 headers in 164 bytes (1 switches on core 0) [pid: 7|app: 0|req: 1102/2204] 199.19.213.134 () {34 vars in 1017 bytes} [Fri Jul 10 01:07:20 2026] GET /v2.0/networks?tenant_id=52b4e950a38e4982b86df3e2143d2c8d&shared=False => generated 798 bytes in 35 msecs (HTTP/1.1 200) 4 headers in 157 bytes (1 switches on core 0)
2026-07-10 01:07:20.708 7 INFO neutron.pecan_wsgi.hooks.translation [None req-0d9d8d38-ce4b-43ce-a23e-67b805284157 d308a2684849439cb7b13cf2f628f37f 6b8e6360a4c249448185b0ccf406cc41 - - default default] DELETE failed (client error): The resource could not be found. [pid: 7|app: 0|req: 1103/2205] 10.0.0.60 () {32 vars in 722 bytes} [Fri Jul 10 01:07:20 2026] DELETE /v2.0/subnets/6c06c567-f7f2-4b03-8227-82bcf309c995 => generated 136 bytes in 10 msecs (HTTP/1.1 404) 4 headers in 164 bytes (1 switches on core 0) [pid: 7|app: 0|req: 1104/2206] 199.19.213.134 () {34 vars in 929 bytes} [Fri Jul 10 01:07:20 2026] GET /v2.0/networks?shared=True => generated 791 bytes in 32 msecs (HTTP/1.1 200) 4 headers in 157 bytes (1 switches on core 0) [pid: 7|app: 0|req: 1105/2207] 10.0.0.87 () {34 vars in 988 bytes} [Fri Jul 10 01:07:20 2026] GET /v2.0/ports?device_id=82a7c351-671d-4570-9f91-5ad98f7894de => generated 969 bytes in 50 msecs (HTTP/1.1 200) 4 headers in 157 bytes (1 switches on core 0) [pid: 7|app: 0|req: 1106/2208] 10.0.0.87 () {34 vars in 1038 bytes} [Fri Jul 10 01:07:20 2026] GET /v2.0/security-groups?id=8ce45560-dd3f-49c3-b23c-9f1ae18a6c73&fields=id&fields=name => generated 113 bytes in 41 msecs (HTTP/1.1 200) 4 headers in 157 bytes (1 switches on core 0)
2026-07-10 01:07:20.935 8 WARNING neutron.scheduler.dhcp_agent_scheduler [None req-1af868c5-648c-426f-ad23-3940072878e6 3d05006eaeeb41d39bb30873520d7378 ffc3d7be2c724b20a2d4bb9655b072c6 - - default default] No more DHCP agents
2026-07-10 01:07:20.937 8 WARNING neutron.api.rpc.agentnotifiers.dhcp_rpc_agent_api [None req-1af868c5-648c-426f-ad23-3940072878e6 3d05006eaeeb41d39bb30873520d7378 ffc3d7be2c724b20a2d4bb9655b072c6 - - default default] Unable to schedule network 284bcee2-7a8a-4ed1-b553-fd3a41277690: no agents available; will retry on subsequent port and subnet creation events.
2026-07-10 01:07:21.062 7 INFO neutron.plugins.ml2.drivers.ovn.mech_driver.mech_driver [None req-994fb93f-bfd4-49fe-9f86-8a527d9f6a2b - - - - - -] OVN reports status down for port: 414f8ad9-0ab3-4c65-be5e-d40399e78916
2026-07-10 01:07:21.085 8 INFO neutron.db.ovn_revision_numbers_db [None req-1af868c5-648c-426f-ad23-3940072878e6 3d05006eaeeb41d39bb30873520d7378 ffc3d7be2c724b20a2d4bb9655b072c6 - - default default] Successfully bumped revision number for resource 414f8ad9-0ab3-4c65-be5e-d40399e78916 (type: ports) to 1 [pid: 7|app: 0|req: 1107/2209] 10.0.0.60 () {32 vars in 772 bytes} [Fri Jul 10 01:07:21 2026] GET /v2.0/security-groups?tenant_id=6b8e6360a4c249448185b0ccf406cc41&name=default => generated 2925 bytes in 157 msecs (HTTP/1.1 200) 4 headers in 158 bytes (1 switches on core 0)
2026-07-10 01:07:21.636 8 INFO neutron.plugins.ml2.drivers.ovn.mech_driver.ovsdb.commands [None req-509948db-b5f5-422d-b99e-7d10de2d683c - - - - - -] Schedule LRP lrp-414f8ad9-0ab3-4c65-be5e-d40399e78916 on gateway 3fce57ec-af50-45ec-a035-267c99da64fb with priority 1
2026-07-10 01:07:21.698 8 INFO neutron.plugins.ml2.drivers.ovn.mech_driver.ovsdb.ovsdb_monitor [None req-a295cf3b-cb5a-49d6-a900-dbae7853cf04 - - - - - -] Router 4830883c-00f9-4989-a444-1229afbf22e7 is bound to host instance
2026-07-10 01:07:21.706 7 INFO neutron.plugins.ml2.drivers.ovn.mech_driver.mech_driver [None req-994fb93f-bfd4-49fe-9f86-8a527d9f6a2b - - - - - -] OVN reports status up for port: 414f8ad9-0ab3-4c65-be5e-d40399e78916
2026-07-10 01:07:21.716 8 INFO neutron.db.ovn_revision_numbers_db [None req-1af868c5-648c-426f-ad23-3940072878e6 3d05006eaeeb41d39bb30873520d7378 ffc3d7be2c724b20a2d4bb9655b072c6 - - default default] Successfully bumped revision number for resource 414f8ad9-0ab3-4c65-be5e-d40399e78916 (type: router_ports) to 1
2026-07-10 01:07:21.726 7 INFO neutron.plugins.ml2.plugin [None req-994fb93f-bfd4-49fe-9f86-8a527d9f6a2b - - - - - -] Attempt 1 to provision port 414f8ad9-0ab3-4c65-be5e-d40399e78916
2026-07-10 01:07:21.826 8 INFO neutron.db.ovn_revision_numbers_db [None req-1af868c5-648c-426f-ad23-3940072878e6 3d05006eaeeb41d39bb30873520d7378 ffc3d7be2c724b20a2d4bb9655b072c6 - - default default] Successfully bumped revision number for resource 4830883c-00f9-4989-a444-1229afbf22e7 (type: routers) to 2 [pid: 8|app: 0|req: 1103/2210] 10.0.0.60 () {34 vars in 667 bytes} [Fri Jul 10 01:07:20 2026] POST /v2.0/routers => generated 965 bytes in 1368 msecs (HTTP/1.1 201) 4 headers in 162 bytes (1 switches on core 0) [pid: 8|app: 0|req: 1104/2211] 199.19.213.134 () {34 vars in 1079 bytes} [Fri Jul 10 01:07:21 2026] GET /v2.0/ports?tenant_id=52b4e950a38e4982b86df3e2143d2c8d&device_id=82a7c351-671d-4570-9f91-5ad98f7894de => generated 1207 bytes in 84 msecs (HTTP/1.1 200) 4 headers in 158 bytes (1 switches on core 0) [pid: 7|app: 0|req: 1108/2212] 10.0.0.60 () {32 vars in 738 bytes} [Fri Jul 10 01:07:21 2026] DELETE /v2.0/security-groups/9e943b4b-9770-4a6b-95cf-0e6ffa9ebaed => generated 0 bytes in 355 msecs (HTTP/1.1 204) 2 headers in 112 bytes (1 switches on core 0) [pid: 7|app: 0|req: 1109/2213] 199.19.213.134 () {34 vars in 1057 bytes} [Fri Jul 10 01:07:21 2026] GET /v2.0/floatingips?fixed_ip_address=10.100.0.9&port_id=9987f1fa-119a-4b11-b642-28a11100eecc => generated 19 bytes in 19 msecs (HTTP/1.1 200) 4 headers in 156 bytes (1 switches on core 0) [pid: 7|app: 0|req: 1110/2214] 10.0.0.87 () {34 vars in 988 bytes} [Fri Jul 10 01:07:21 2026] GET /v2.0/ports?device_id=82a7c351-671d-4570-9f91-5ad98f7894de => generated 969 bytes in 41 msecs (HTTP/1.1 200) 4 headers in 157 bytes (1 switches on core 0) [pid: 7|app: 0|req: 1111/2215] 199.19.213.134 () {34 vars in 983 bytes} [Fri Jul 10 01:07:22 2026] GET /v2.0/subnets?id=4e18681b-100b-4468-8124-99f7f7480c58 => generated 678 bytes in 29 msecs (HTTP/1.1 200) 4 headers in 157 bytes (1 switches on core 0) [pid: 7|app: 0|req: 1112/2216] 10.0.0.87 () {34 vars in 1038 bytes} [Fri Jul 10 01:07:22 2026] GET /v2.0/security-groups?id=8ce45560-dd3f-49c3-b23c-9f1ae18a6c73&fields=id&fields=name => generated 113 bytes in 33 msecs (HTTP/1.1 200) 4 headers in 157 bytes (1 switches on core 0)
2026-07-10 01:07:22.232 7 INFO neutron.db.ovn_revision_numbers_db [None req-9fe346e9-d2e0-4016-abbc-0d52cc7c5ca8 3d05006eaeeb41d39bb30873520d7378 ffc3d7be2c724b20a2d4bb9655b072c6 - - default default] Successfully bumped revision number for resource a11d2fd5-eb45-4d8f-a11c-c8177afdd23c (type: security_groups) to 1
2026-07-10 01:07:22.242 7 INFO neutron.db.ovn_revision_numbers_db [None req-9fe346e9-d2e0-4016-abbc-0d52cc7c5ca8 3d05006eaeeb41d39bb30873520d7378 ffc3d7be2c724b20a2d4bb9655b072c6 - - default default] Successfully bumped revision number for resource 0784801e-ac72-4382-86f6-53b8d6e8cf1f (type: security_group_rules) to 0
2026-07-10 01:07:22.255 7 INFO neutron.db.ovn_revision_numbers_db [None req-9fe346e9-d2e0-4016-abbc-0d52cc7c5ca8 3d05006eaeeb41d39bb30873520d7378 ffc3d7be2c724b20a2d4bb9655b072c6 - - default default] Successfully bumped revision number for resource 434bb99c-aef2-42be-9b84-7313ed5b40fa (type: security_group_rules) to 0
2026-07-10 01:07:22.267 7 INFO neutron.db.ovn_revision_numbers_db [None req-9fe346e9-d2e0-4016-abbc-0d52cc7c5ca8 3d05006eaeeb41d39bb30873520d7378 ffc3d7be2c724b20a2d4bb9655b072c6 - - default default] Successfully bumped revision number for resource 47e315bc-fe8e-420f-8615-feb2c9dd042f (type: security_group_rules) to 0
2026-07-10 01:07:22.277 7 INFO neutron.db.ovn_revision_numbers_db [None req-9fe346e9-d2e0-4016-abbc-0d52cc7c5ca8 3d05006eaeeb41d39bb30873520d7378 ffc3d7be2c724b20a2d4bb9655b072c6 - - default default] Successfully bumped revision number for resource e7cce37e-ad02-44eb-9437-20d34dd49103 (type: security_group_rules) to 0 [pid: 7|app: 0|req: 1113/2217] 10.0.0.60 () {32 vars in 772 bytes} [Fri Jul 10 01:07:22 2026] GET /v2.0/security-groups?tenant_id=38d04a3044c8402bad73cbd734e9527a&name=default => generated 2925 bytes in 214 msecs (HTTP/1.1 200) 4 headers in 158 bytes (1 switches on core 0) [pid: 7|app: 0|req: 1114/2218] 199.19.213.134 () {34 vars in 1051 bytes} [Fri Jul 10 01:07:22 2026] GET /v2.0/ports?network_id=d80a9a4b-76c6-46b2-a7cd-107ee2a7db48&device_owner=network%3Adhcp => generated 12 bytes in 17 msecs (HTTP/1.1 200) 4 headers in 156 bytes (1 switches on core 0) [pid: 7|app: 0|req: 1115/2219] 10.0.0.60 () {32 vars in 738 bytes} [Fri Jul 10 01:07:22 2026] DELETE /v2.0/security-groups/a11d2fd5-eb45-4d8f-a11c-c8177afdd23c => generated 0 bytes in 219 msecs (HTTP/1.1 204) 2 headers in 112 bytes (1 switches on core 0) [pid: 7|app: 0|req: 1116/2220] 199.19.213.134 () {34 vars in 1011 bytes} [Fri Jul 10 01:07:22 2026] GET /v2.0/networks/d80a9a4b-76c6-46b2-a7cd-107ee2a7db48?fields=segments => generated 14 bytes in 42 msecs (HTTP/1.1 200) 4 headers in 156 bytes (1 switches on core 0) [pid: 7|app: 0|req: 1117/2221] 199.19.213.134 () {34 vars in 1111 bytes} [Fri Jul 10 01:07:22 2026] GET /v2.0/networks/d80a9a4b-76c6-46b2-a7cd-107ee2a7db48?fields=provider%3Aphysical_network&fields=provider%3Anetwork_type => generated 79 bytes in 47 msecs (HTTP/1.1 200) 4 headers in 156 bytes (1 switches on core 0)
2026-07-10 01:07:22.783 8 WARNING neutron.scheduler.dhcp_agent_scheduler [None req-23afd63a-a318-4ec0-a799-7542d02b90b9 3d05006eaeeb41d39bb30873520d7378 ffc3d7be2c724b20a2d4bb9655b072c6 - - default default] No more DHCP agents
2026-07-10 01:07:22.786 8 WARNING neutron.api.rpc.agentnotifiers.dhcp_rpc_agent_api [None req-23afd63a-a318-4ec0-a799-7542d02b90b9 3d05006eaeeb41d39bb30873520d7378 ffc3d7be2c724b20a2d4bb9655b072c6 - - default default] Unable to schedule network 96dea1ad-d669-45a8-bead-b7091e92d593: no agents available; will retry on subsequent port and subnet creation events.
2026-07-10 01:07:22.832 7 INFO neutron.db.ovn_revision_numbers_db [None req-88be77a7-82a2-4436-8070-e3aa8a6e5a97 3d05006eaeeb41d39bb30873520d7378 ffc3d7be2c724b20a2d4bb9655b072c6 - - default default] Successfully bumped revision number for resource fcae41d8-9552-4bcd-992b-024173d4a595 (type: security_groups) to 1
2026-07-10 01:07:22.845 7 INFO neutron.db.ovn_revision_numbers_db [None req-88be77a7-82a2-4436-8070-e3aa8a6e5a97 3d05006eaeeb41d39bb30873520d7378 ffc3d7be2c724b20a2d4bb9655b072c6 - - default default] Successfully bumped revision number for resource 37e72341-751d-40a6-98e7-cf97b3e8b216 (type: security_group_rules) to 0
2026-07-10 01:07:22.862 7 INFO neutron.db.ovn_revision_numbers_db [None req-88be77a7-82a2-4436-8070-e3aa8a6e5a97 3d05006eaeeb41d39bb30873520d7378 ffc3d7be2c724b20a2d4bb9655b072c6 - - default default] Successfully bumped revision number for resource c7fe17c8-d959-474b-9dca-5964897af683 (type: security_group_rules) to 0
2026-07-10 01:07:22.877 7 INFO neutron.db.ovn_revision_numbers_db [None req-88be77a7-82a2-4436-8070-e3aa8a6e5a97 3d05006eaeeb41d39bb30873520d7378 ffc3d7be2c724b20a2d4bb9655b072c6 - - default default] Successfully bumped revision number for resource f9675496-4377-417f-b3d0-a533ae119e9c (type: security_group_rules) to 0
2026-07-10 01:07:22.896 7 INFO neutron.db.ovn_revision_numbers_db [None req-88be77a7-82a2-4436-8070-e3aa8a6e5a97 3d05006eaeeb41d39bb30873520d7378 ffc3d7be2c724b20a2d4bb9655b072c6 - - default default] Successfully bumped revision number for resource fa353dc6-cc85-4560-baa3-a0d6a523f33d (type: security_group_rules) to 0 [pid: 7|app: 0|req: 1118/2222] 10.0.0.60 () {32 vars in 772 bytes} [Fri Jul 10 01:07:22 2026] GET /v2.0/security-groups?tenant_id=25d18010e396401e8adac8f17fae23c2&name=default => generated 2925 bytes in 247 msecs (HTTP/1.1 200) 4 headers in 158 bytes (1 switches on core 0)
2026-07-10 01:07:23.010 8 INFO neutron.plugins.ml2.drivers.ovn.mech_driver.mech_driver [None req-4dacd7d1-b755-4582-b3ab-9ad1f3900641 - - - - - -] OVN reports status down for port: b58d3bda-51c4-460d-bd95-a894bde7d7df
