2026-07-10 00:27:30.624 8 INFO neutron.api.extensions [None req-acc1d149-27ec-40d7-a647-33af89a26373 - - - - - -] Loaded extension: network-ip-availability
2026-07-10 00:27:30.624 7 INFO neutron.api.extensions [None req-b58b629d-0af7-4966-b002-7296fcadf3ef - - - - - -] Loaded extension: vpn-aes-ctr
2026-07-10 00:27:30.625 8 INFO neutron.api.extensions [None req-acc1d149-27ec-40d7-a647-33af89a26373 - - - - - -] Extension network-segment-range not supported by any of loaded plugins
2026-07-10 00:27:30.625 8 INFO neutron.api.extensions [None req-acc1d149-27ec-40d7-a647-33af89a26373 - - - - - -] Loaded extension: pagination
2026-07-10 00:27:30.626 7 INFO neutron.api.extensions [None req-b58b629d-0af7-4966-b002-7296fcadf3ef - - - - - -] Loaded extension: vpn-agent-scheduler
2026-07-10 00:27:30.626 8 INFO neutron.api.extensions [None req-acc1d149-27ec-40d7-a647-33af89a26373 - - - - - -] Loaded extension: port-device-profile
2026-07-10 00:27:30.626 8 INFO neutron.api.extensions [None req-acc1d149-27ec-40d7-a647-33af89a26373 - - - - - -] Extension port-hardware-offload-type not supported by any of loaded plugins
2026-07-10 00:27:30.627 7 INFO neutron.api.extensions [None req-b58b629d-0af7-4966-b002-7296fcadf3ef - - - - - -] Loaded extension: vpn-endpoint-groups
2026-07-10 00:27:30.627 8 INFO neutron.api.extensions [None req-acc1d149-27ec-40d7-a647-33af89a26373 - - - - - -] Extension port-hint-ovs-tx-steering not supported by any of loaded plugins
2026-07-10 00:27:30.627 7 INFO neutron.api.extensions [None req-b58b629d-0af7-4966-b002-7296fcadf3ef - - - - - -] Loaded extension: vpn-flavors
2026-07-10 00:27:30.627 8 INFO neutron.api.extensions [None req-acc1d149-27ec-40d7-a647-33af89a26373 - - - - - -] Extension port-hints not supported by any of loaded plugins
2026-07-10 00:27:30.628 8 INFO neutron.api.extensions [None req-acc1d149-27ec-40d7-a647-33af89a26373 - - - - - -] Extension port-mac-override not supported by any of loaded plugins
2026-07-10 00:27:30.629 8 INFO neutron.api.extensions [None req-acc1d149-27ec-40d7-a647-33af89a26373 - - - - - -] Loaded extension: port-mac-address-regenerate
2026-07-10 00:27:30.629 7 INFO neutron.api.extensions [None req-b58b629d-0af7-4966-b002-7296fcadf3ef - - - - - -] Loaded extension: vpnaas
2026-07-10 00:27:30.629 8 INFO neutron.api.extensions [None req-acc1d149-27ec-40d7-a647-33af89a26373 - - - - - -] Loaded extension: port-numa-affinity-policy
2026-07-10 00:27:30.630 8 INFO neutron.api.extensions [None req-acc1d149-27ec-40d7-a647-33af89a26373 - - - - - -] Loaded extension: port-numa-affinity-policy-socket
2026-07-10 00:27:30.630 7 INFO neutron.api.extensions [None req-b58b629d-0af7-4966-b002-7296fcadf3ef - - - - - -] Loaded extension: taas
2026-07-10 00:27:30.630 8 INFO neutron.api.extensions [None req-acc1d149-27ec-40d7-a647-33af89a26373 - - - - - -] Loaded extension: port-resource-request
2026-07-10 00:27:30.631 8 INFO neutron.api.extensions [None req-acc1d149-27ec-40d7-a647-33af89a26373 - - - - - -] Loaded extension: port-resource-request-groups
2026-07-10 00:27:30.631 7 INFO neutron.api.extensions [None req-b58b629d-0af7-4966-b002-7296fcadf3ef - - - - - -] Loaded extension: tap-mirror
2026-07-10 00:27:30.631 8 INFO neutron.api.extensions [None req-acc1d149-27ec-40d7-a647-33af89a26373 - - - - - -] Extension port-trusted-vif not supported by any of loaded plugins
2026-07-10 00:27:30.631 7 INFO neutron.api.extensions [None req-b58b629d-0af7-4966-b002-7296fcadf3ef - - - - - -] Loaded extension: taas-vlan-filter
2026-07-10 00:27:30.632 8 INFO neutron.api.extensions [None req-acc1d149-27ec-40d7-a647-33af89a26373 - - - - - -] Loaded extension: binding
2026-07-10 00:27:30.633 8 INFO neutron.api.extensions [None req-acc1d149-27ec-40d7-a647-33af89a26373 - - - - - -] Loaded extension: binding-extended
2026-07-10 00:27:30.634 8 INFO neutron.api.extensions [None req-acc1d149-27ec-40d7-a647-33af89a26373 - - - - - -] Loaded extension: port-security
2026-07-10 00:27:30.634 7 INFO neutron.quota.resource_registry [None req-b58b629d-0af7-4966-b002-7296fcadf3ef - - - - - -] Creating instance of TrackedResource for resource:network
2026-07-10 00:27:30.634 7 INFO neutron.quota.resource_registry [None req-b58b629d-0af7-4966-b002-7296fcadf3ef - - - - - -] Creating instance of TrackedResource for resource:subnet
2026-07-10 00:27:30.634 7 INFO neutron.quota.resource_registry [None req-b58b629d-0af7-4966-b002-7296fcadf3ef - - - - - -] Creating instance of TrackedResource for resource:subnetpool
2026-07-10 00:27:30.634 7 INFO neutron.quota.resource_registry [None req-b58b629d-0af7-4966-b002-7296fcadf3ef - - - - - -] Creating instance of TrackedResource for resource:port
2026-07-10 00:27:30.634 8 INFO neutron.api.extensions [None req-acc1d149-27ec-40d7-a647-33af89a26373 - - - - - -] Loaded extension: project-id
2026-07-10 00:27:30.635 8 INFO neutron.api.extensions [None req-acc1d149-27ec-40d7-a647-33af89a26373 - - - - - -] Loaded extension: provider
2026-07-10 00:27:30.635 8 INFO neutron.api.extensions [None req-acc1d149-27ec-40d7-a647-33af89a26373 - - - - - -] Loaded extension: qinq
2026-07-10 00:27:30.637 7 INFO neutron.quota.resource_registry [None req-b58b629d-0af7-4966-b002-7296fcadf3ef - - - - - -] Creating instance of TrackedResource for resource:router
2026-07-10 00:27:30.637 7 INFO neutron.quota.resource_registry [None req-b58b629d-0af7-4966-b002-7296fcadf3ef - - - - - -] Creating instance of TrackedResource for resource:floatingip
2026-07-10 00:27:30.638 8 INFO neutron.api.extensions [None req-acc1d149-27ec-40d7-a647-33af89a26373 - - - - - -] Loaded extension: qos
2026-07-10 00:27:30.639 8 INFO neutron.api.extensions [None req-acc1d149-27ec-40d7-a647-33af89a26373 - - - - - -] Loaded extension: qos-bw-limit-direction
2026-07-10 00:27:30.639 8 INFO neutron.api.extensions [None req-acc1d149-27ec-40d7-a647-33af89a26373 - - - - - -] Loaded extension: qos-bw-minimum-ingress
2026-07-10 00:27:30.640 8 INFO neutron.api.extensions [None req-acc1d149-27ec-40d7-a647-33af89a26373 - - - - - -] Loaded extension: qos-default
2026-07-10 00:27:30.641 8 INFO neutron.api.extensions [None req-acc1d149-27ec-40d7-a647-33af89a26373 - - - - - -] Loaded extension: qos-fip
2026-07-10 00:27:30.641 8 INFO neutron.api.extensions [None req-acc1d149-27ec-40d7-a647-33af89a26373 - - - - - -] Extension qos-fip-network-policy not supported by any of loaded plugins
2026-07-10 00:27:30.642 8 INFO neutron.api.extensions [None req-acc1d149-27ec-40d7-a647-33af89a26373 - - - - - -] Loaded extension: qos-gateway-ip
2026-07-10 00:27:30.642 7 INFO neutron.quota.resource_registry [None req-b58b629d-0af7-4966-b002-7296fcadf3ef - - - - - -] Creating instance of CountableResource for resource:rbac_policy
2026-07-10 00:27:30.643 8 INFO neutron.api.extensions [None req-acc1d149-27ec-40d7-a647-33af89a26373 - - - - - -] Loaded extension: qos-port-network-policy
2026-07-10 00:27:30.643 7 INFO neutron.quota.resource_registry [None req-b58b629d-0af7-4966-b002-7296fcadf3ef - - - - - -] Creating instance of TrackedResource for resource:security_group
2026-07-10 00:27:30.643 8 INFO neutron.api.extensions [None req-acc1d149-27ec-40d7-a647-33af89a26373 - - - - - -] Loaded extension: qos-pps-minimum
2026-07-10 00:27:30.643 7 INFO neutron.quota.resource_registry [None req-b58b629d-0af7-4966-b002-7296fcadf3ef - - - - - -] Creating instance of TrackedResource for resource:security_group_rule
2026-07-10 00:27:30.644 8 INFO neutron.api.extensions [None req-acc1d149-27ec-40d7-a647-33af89a26373 - - - - - -] Loaded extension: qos-pps-minimum-rule-alias
2026-07-10 00:27:30.644 7 INFO neutron.quota.resource_registry [None req-b58b629d-0af7-4966-b002-7296fcadf3ef - - - - - -] Creating instance of TrackedResource for resource:subnetpool
2026-07-10 00:27:30.645 7 WARNING neutron.quota.resource_registry [None req-b58b629d-0af7-4966-b002-7296fcadf3ef - - - - - -] subnetpool is already registered
2026-07-10 00:27:30.645 8 INFO neutron.api.extensions [None req-acc1d149-27ec-40d7-a647-33af89a26373 - - - - - -] Loaded extension: qos-pps
2026-07-10 00:27:30.645 7 INFO neutron.quota.resource_registry [None req-b58b629d-0af7-4966-b002-7296fcadf3ef - - - - - -] Creating instance of CountableResource for resource:trunk
2026-07-10 00:27:30.645 7 INFO neutron.quota.resource_registry [None req-b58b629d-0af7-4966-b002-7296fcadf3ef - - - - - -] Creating instance of CountableResource for resource:ikepolicy
2026-07-10 00:27:30.646 8 INFO neutron.api.extensions [None req-acc1d149-27ec-40d7-a647-33af89a26373 - - - - - -] Loaded extension: qos-rule-type-details
2026-07-10 00:27:30.646 7 INFO neutron.quota.resource_registry [None req-b58b629d-0af7-4966-b002-7296fcadf3ef - - - - - -] Creating instance of CountableResource for resource:ipsecpolicy
2026-07-10 00:27:30.646 8 INFO neutron.api.extensions [None req-acc1d149-27ec-40d7-a647-33af89a26373 - - - - - -] Loaded extension: qos-rule-type-filter
2026-07-10 00:27:30.646 7 INFO neutron.quota.resource_registry [None req-b58b629d-0af7-4966-b002-7296fcadf3ef - - - - - -] Creating instance of CountableResource for resource:endpoint_group
2026-07-10 00:27:30.647 7 INFO neutron.quota.resource_registry [None req-b58b629d-0af7-4966-b002-7296fcadf3ef - - - - - -] Creating instance of CountableResource for resource:vpnservice
2026-07-10 00:27:30.647 8 INFO neutron.api.extensions [None req-acc1d149-27ec-40d7-a647-33af89a26373 - - - - - -] Loaded extension: qos-rules-alias
2026-07-10 00:27:30.647 7 INFO neutron.quota.resource_registry [None req-b58b629d-0af7-4966-b002-7296fcadf3ef - - - - - -] Creating instance of CountableResource for resource:ipsec_site_connection
2026-07-10 00:27:30.647 8 INFO neutron.api.extensions [None req-acc1d149-27ec-40d7-a647-33af89a26373 - - - - - -] Loaded extension: quota-check-limit
2026-07-10 00:27:30.647 7 INFO neutron.quota.resource_registry [None req-b58b629d-0af7-4966-b002-7296fcadf3ef - - - - - -] Creating instance of CountableResource for resource:ipsecpolicy
2026-07-10 00:27:30.647 7 WARNING neutron.quota.resource_registry [None req-b58b629d-0af7-4966-b002-7296fcadf3ef - - - - - -] ipsecpolicy is already registered
2026-07-10 00:27:30.648 7 INFO neutron.quota.resource_registry [None req-b58b629d-0af7-4966-b002-7296fcadf3ef - - - - - -] Creating instance of CountableResource for resource:ikepolicy
2026-07-10 00:27:30.648 8 INFO neutron.api.extensions [None req-acc1d149-27ec-40d7-a647-33af89a26373 - - - - - -] Loaded extension: quota-check-limit-default
2026-07-10 00:27:30.648 7 WARNING neutron.quota.resource_registry [None req-b58b629d-0af7-4966-b002-7296fcadf3ef - - - - - -] ikepolicy is already registered
2026-07-10 00:27:30.650 8 INFO neutron.api.extensions [None req-acc1d149-27ec-40d7-a647-33af89a26373 - - - - - -] Loaded extension: quotas
2026-07-10 00:27:30.651 8 INFO neutron.api.extensions [None req-acc1d149-27ec-40d7-a647-33af89a26373 - - - - - -] Loaded extension: quota_details
2026-07-10 00:27:30.653 8 INFO neutron.api.extensions [None req-acc1d149-27ec-40d7-a647-33af89a26373 - - - - - -] Loaded extension: rbac-policies
2026-07-10 00:27:30.653 7 INFO neutron.quota.resource_registry [None req-b58b629d-0af7-4966-b002-7296fcadf3ef - - - - - -] Creating instance of TrackedResource for resource:router
2026-07-10 00:27:30.653 7 WARNING neutron.quota.resource_registry [None req-b58b629d-0af7-4966-b002-7296fcadf3ef - - - - - -] router is already registered
2026-07-10 00:27:30.653 8 INFO neutron.api.extensions [None req-acc1d149-27ec-40d7-a647-33af89a26373 - - - - - -] Extension rbac-address-group not supported by any of loaded plugins
2026-07-10 00:27:30.653 7 INFO neutron.quota.resource_registry [None req-b58b629d-0af7-4966-b002-7296fcadf3ef - - - - - -] Creating instance of TrackedResource for resource:floatingip
2026-07-10 00:27:30.654 7 WARNING neutron.quota.resource_registry [None req-b58b629d-0af7-4966-b002-7296fcadf3ef - - - - - -] floatingip is already registered
2026-07-10 00:27:30.654 8 INFO neutron.api.extensions [None req-acc1d149-27ec-40d7-a647-33af89a26373 - - - - - -] Loaded extension: rbac-address-scope
2026-07-10 00:27:30.654 8 INFO neutron.api.extensions [None req-acc1d149-27ec-40d7-a647-33af89a26373 - - - - - -] Loaded extension: rbac-security-groups
2026-07-10 00:27:30.655 8 INFO neutron.api.extensions [None req-acc1d149-27ec-40d7-a647-33af89a26373 - - - - - -] Extension rbac-subnetpool not supported by any of loaded plugins
2026-07-10 00:27:30.655 8 INFO neutron.api.extensions [None req-acc1d149-27ec-40d7-a647-33af89a26373 - - - - - -] Loaded extension: revision-if-match
2026-07-10 00:27:30.656 8 INFO neutron.api.extensions [None req-acc1d149-27ec-40d7-a647-33af89a26373 - - - - - -] Loaded extension: standard-attr-revisions
2026-07-10 00:27:30.657 8 INFO neutron.api.extensions [None req-acc1d149-27ec-40d7-a647-33af89a26373 - - - - - -] Loaded extension: router_availability_zone
2026-07-10 00:27:30.657 8 INFO neutron.api.extensions [None req-acc1d149-27ec-40d7-a647-33af89a26373 - - - - - -] Extension router-service-type not supported by any of loaded plugins
2026-07-10 00:27:30.657 7 INFO neutron.quota.resource_registry [None req-b58b629d-0af7-4966-b002-7296fcadf3ef - - - - - -] Creating instance of CountableResource for resource:rbac_policy
2026-07-10 00:27:30.658 7 WARNING neutron.quota.resource_registry [None req-b58b629d-0af7-4966-b002-7296fcadf3ef - - - - - -] rbac_policy is already registered
2026-07-10 00:27:30.658 7 INFO neutron.quota.resource_registry [None req-b58b629d-0af7-4966-b002-7296fcadf3ef - - - - - -] Creating instance of TrackedResource for resource:security_group
2026-07-10 00:27:30.658 7 WARNING neutron.quota.resource_registry [None req-b58b629d-0af7-4966-b002-7296fcadf3ef - - - - - -] security_group is already registered
2026-07-10 00:27:30.659 7 INFO neutron.quota.resource_registry [None req-b58b629d-0af7-4966-b002-7296fcadf3ef - - - - - -] Creating instance of TrackedResource for resource:security_group_rule
2026-07-10 00:27:30.659 7 WARNING neutron.quota.resource_registry [None req-b58b629d-0af7-4966-b002-7296fcadf3ef - - - - - -] security_group_rule is already registered
2026-07-10 00:27:30.660 8 INFO neutron.api.extensions [None req-acc1d149-27ec-40d7-a647-33af89a26373 - - - - - -] Loaded extension: security-groups-default-rules
2026-07-10 00:27:30.660 7 INFO neutron.quota.resource_registry [None req-b58b629d-0af7-4966-b002-7296fcadf3ef - - - - - -] Creating instance of TrackedResource for resource:subnetpool
2026-07-10 00:27:30.660 7 WARNING neutron.quota.resource_registry [None req-b58b629d-0af7-4966-b002-7296fcadf3ef - - - - - -] subnetpool is already registered
2026-07-10 00:27:30.660 8 INFO neutron.api.extensions [None req-acc1d149-27ec-40d7-a647-33af89a26373 - - - - - -] Loaded extension: security-groups-normalized-cidr
2026-07-10 00:27:30.660 7 INFO neutron.quota.resource_registry [None req-b58b629d-0af7-4966-b002-7296fcadf3ef - - - - - -] Creating instance of CountableResource for resource:trunk
2026-07-10 00:27:30.660 7 WARNING neutron.quota.resource_registry [None req-b58b629d-0af7-4966-b002-7296fcadf3ef - - - - - -] trunk is already registered
2026-07-10 00:27:30.661 8 INFO neutron.api.extensions [None req-acc1d149-27ec-40d7-a647-33af89a26373 - - - - - -] Extension port-security-groups-filtering not supported by any of loaded plugins
2026-07-10 00:27:30.661 7 INFO neutron.quota.resource_registry [None req-b58b629d-0af7-4966-b002-7296fcadf3ef - - - - - -] Creating instance of CountableResource for resource:ikepolicy
2026-07-10 00:27:30.661 7 WARNING neutron.quota.resource_registry [None req-b58b629d-0af7-4966-b002-7296fcadf3ef - - - - - -] ikepolicy is already registered
2026-07-10 00:27:30.661 8 INFO neutron.api.extensions [None req-acc1d149-27ec-40d7-a647-33af89a26373 - - - - - -] Loaded extension: security-groups-remote-address-group
2026-07-10 00:27:30.661 7 INFO neutron.quota.resource_registry [None req-b58b629d-0af7-4966-b002-7296fcadf3ef - - - - - -] Creating instance of CountableResource for resource:ipsecpolicy
2026-07-10 00:27:30.661 7 WARNING neutron.quota.resource_registry [None req-b58b629d-0af7-4966-b002-7296fcadf3ef - - - - - -] ipsecpolicy is already registered
2026-07-10 00:27:30.662 8 INFO neutron.api.extensions [None req-acc1d149-27ec-40d7-a647-33af89a26373 - - - - - -] Loaded extension: security-groups-rules-belongs-to-default-sg
2026-07-10 00:27:30.662 7 INFO neutron.quota.resource_registry [None req-b58b629d-0af7-4966-b002-7296fcadf3ef - - - - - -] Creating instance of CountableResource for resource:endpoint_group
2026-07-10 00:27:30.662 7 WARNING neutron.quota.resource_registry [None req-b58b629d-0af7-4966-b002-7296fcadf3ef - - - - - -] endpoint_group is already registered
2026-07-10 00:27:30.662 8 INFO neutron.api.extensions [None req-acc1d149-27ec-40d7-a647-33af89a26373 - - - - - -] Loaded extension: security-groups-shared-filtering
2026-07-10 00:27:30.662 7 INFO neutron.quota.resource_registry [None req-b58b629d-0af7-4966-b002-7296fcadf3ef - - - - - -] Creating instance of CountableResource for resource:vpnservice
2026-07-10 00:27:30.662 7 WARNING neutron.quota.resource_registry [None req-b58b629d-0af7-4966-b002-7296fcadf3ef - - - - - -] vpnservice is already registered
2026-07-10 00:27:30.663 7 INFO neutron.quota.resource_registry [None req-b58b629d-0af7-4966-b002-7296fcadf3ef - - - - - -] Creating instance of CountableResource for resource:ipsec_site_connection
2026-07-10 00:27:30.663 7 WARNING neutron.quota.resource_registry [None req-b58b629d-0af7-4966-b002-7296fcadf3ef - - - - - -] ipsec_site_connection is already registered
2026-07-10 00:27:30.663 7 INFO neutron.quota.resource_registry [None req-b58b629d-0af7-4966-b002-7296fcadf3ef - - - - - -] Creating instance of CountableResource for resource:ipsecpolicy
2026-07-10 00:27:30.663 7 WARNING neutron.quota.resource_registry [None req-b58b629d-0af7-4966-b002-7296fcadf3ef - - - - - -] ipsecpolicy is already registered
2026-07-10 00:27:30.664 7 INFO neutron.quota.resource_registry [None req-b58b629d-0af7-4966-b002-7296fcadf3ef - - - - - -] Creating instance of CountableResource for resource:ikepolicy
2026-07-10 00:27:30.664 7 WARNING neutron.quota.resource_registry [None req-b58b629d-0af7-4966-b002-7296fcadf3ef - - - - - -] ikepolicy is already registered
2026-07-10 00:27:30.667 8 INFO neutron.api.extensions [None req-acc1d149-27ec-40d7-a647-33af89a26373 - - - - - -] Loaded extension: security-group
2026-07-10 00:27:30.668 8 INFO neutron.api.extensions [None req-acc1d149-27ec-40d7-a647-33af89a26373 - - - - - -] Loaded extension: segment
2026-07-10 00:27:30.668 8 INFO neutron.api.extensions [None req-acc1d149-27ec-40d7-a647-33af89a26373 - - - - - -] Loaded extension: segments-peer-subnet-host-routes
2026-07-10 00:27:30.669 8 INFO neutron.api.extensions [None req-acc1d149-27ec-40d7-a647-33af89a26373 - - - - - -] Loaded extension: service-type
2026-07-10 00:27:30.669 8 INFO neutron.api.extensions [None req-acc1d149-27ec-40d7-a647-33af89a26373 - - - - - -] Loaded extension: sorting
2026-07-10 00:27:30.670 8 INFO neutron.api.extensions [None req-acc1d149-27ec-40d7-a647-33af89a26373 - - - - - -] Loaded extension: standard-attr-segment
2026-07-10 00:27:30.670 8 INFO neutron.api.extensions [None req-acc1d149-27ec-40d7-a647-33af89a26373 - - - - - -] Loaded extension: standard-attr-description
2026-07-10 00:27:30.671 8 INFO neutron.api.extensions [None req-acc1d149-27ec-40d7-a647-33af89a26373 - - - - - -] Loaded extension: stateful-security-group
2026-07-10 00:27:30.671 8 WARNING neutron.api.extensions [None req-acc1d149-27ec-40d7-a647-33af89a26373 - - - - - -] Did not find expected name "Stdattrs_common" in /var/lib/openstack/lib/python3.12/site-packages/neutron/extensions/stdattrs_common.py
2026-07-10 00:27:30.672 8 INFO neutron.api.extensions [None req-acc1d149-27ec-40d7-a647-33af89a26373 - - - - - -] Loaded extension: subnet-dns-publish-fixed-ip
2026-07-10 00:27:30.672 8 INFO neutron.api.extensions [None req-acc1d149-27ec-40d7-a647-33af89a26373 - - - - - -] Loaded extension: subnet-external-network
2026-07-10 00:27:30.673 8 INFO neutron.api.extensions [None req-acc1d149-27ec-40d7-a647-33af89a26373 - - - - - -] Extension subnet_onboard not supported by any of loaded plugins
2026-07-10 00:27:30.673 8 INFO neutron.api.extensions [None req-acc1d149-27ec-40d7-a647-33af89a26373 - - - - - -] Loaded extension: subnet-segmentid-writable
2026-07-10 00:27:30.674 8 INFO neutron.api.extensions [None req-acc1d149-27ec-40d7-a647-33af89a26373 - - - - - -] Loaded extension: subnet-service-types
2026-07-10 00:27:30.674 8 INFO neutron.api.extensions [None req-acc1d149-27ec-40d7-a647-33af89a26373 - - - - - -] Loaded extension: subnet_allocation
2026-07-10 00:27:30.675 8 INFO neutron.api.extensions [None req-acc1d149-27ec-40d7-a647-33af89a26373 - - - - - -] Loaded extension: subnetpool-prefix-ops
2026-07-10 00:27:30.676 8 INFO neutron.api.extensions [None req-acc1d149-27ec-40d7-a647-33af89a26373 - - - - - -] Loaded extension: tag-creation
2026-07-10 00:27:30.676 8 INFO neutron.api.extensions [None req-acc1d149-27ec-40d7-a647-33af89a26373 - - - - - -] Extension tag-ports-during-bulk-creation not supported by any of loaded plugins
2026-07-10 00:27:30.680 8 INFO neutron.api.extensions [None req-acc1d149-27ec-40d7-a647-33af89a26373 - - - - - -] Loaded extension: standard-attr-tag
2026-07-10 00:27:30.681 8 INFO neutron.api.extensions [None req-acc1d149-27ec-40d7-a647-33af89a26373 - - - - - -] Loaded extension: standard-attr-timestamp
2026-07-10 00:27:30.681 8 INFO neutron.api.extensions [None req-acc1d149-27ec-40d7-a647-33af89a26373 - - - - - -] Loaded extension: trunk
2026-07-10 00:27:30.682 8 INFO neutron.api.extensions [None req-acc1d149-27ec-40d7-a647-33af89a26373 - - - - - -] Loaded extension: trunk-details
2026-07-10 00:27:30.682 8 INFO neutron.api.extensions [None req-acc1d149-27ec-40d7-a647-33af89a26373 - - - - - -] Extension uplink-status-propagation not supported by any of loaded plugins
2026-07-10 00:27:30.683 8 INFO neutron.api.extensions [None req-acc1d149-27ec-40d7-a647-33af89a26373 - - - - - -] Extension uplink-status-propagation-updatable not supported by any of loaded plugins
2026-07-10 00:27:30.683 8 INFO neutron.api.extensions [None req-acc1d149-27ec-40d7-a647-33af89a26373 - - - - - -] Loaded extension: vlan-transparent
2026-07-10 00:27:30.684 8 INFO neutron.api.extensions [None req-acc1d149-27ec-40d7-a647-33af89a26373 - - - - - -] Loaded extension: vpn-aes-ctr
2026-07-10 00:27:30.686 8 INFO neutron.api.extensions [None req-acc1d149-27ec-40d7-a647-33af89a26373 - - - - - -] Loaded extension: vpn-agent-scheduler
2026-07-10 00:27:30.687 8 INFO neutron.api.extensions [None req-acc1d149-27ec-40d7-a647-33af89a26373 - - - - - -] Loaded extension: vpn-endpoint-groups
2026-07-10 00:27:30.687 8 INFO neutron.api.extensions [None req-acc1d149-27ec-40d7-a647-33af89a26373 - - - - - -] Loaded extension: vpn-flavors
2026-07-10 00:27:30.689 8 INFO neutron.api.extensions [None req-acc1d149-27ec-40d7-a647-33af89a26373 - - - - - -] Loaded extension: vpnaas
2026-07-10 00:27:30.690 8 INFO neutron.api.extensions [None req-acc1d149-27ec-40d7-a647-33af89a26373 - - - - - -] Loaded extension: taas
2026-07-10 00:27:30.691 8 INFO neutron.api.extensions [None req-acc1d149-27ec-40d7-a647-33af89a26373 - - - - - -] Loaded extension: tap-mirror
2026-07-10 00:27:30.691 8 INFO neutron.api.extensions [None req-acc1d149-27ec-40d7-a647-33af89a26373 - - - - - -] Loaded extension: taas-vlan-filter
2026-07-10 00:27:30.694 8 INFO neutron.quota.resource_registry [None req-acc1d149-27ec-40d7-a647-33af89a26373 - - - - - -] Creating instance of TrackedResource for resource:network
2026-07-10 00:27:30.694 8 INFO neutron.quota.resource_registry [None req-acc1d149-27ec-40d7-a647-33af89a26373 - - - - - -] Creating instance of TrackedResource for resource:subnet
2026-07-10 00:27:30.694 8 INFO neutron.quota.resource_registry [None req-acc1d149-27ec-40d7-a647-33af89a26373 - - - - - -] Creating instance of TrackedResource for resource:subnetpool
2026-07-10 00:27:30.694 8 INFO neutron.quota.resource_registry [None req-acc1d149-27ec-40d7-a647-33af89a26373 - - - - - -] Creating instance of TrackedResource for resource:port
2026-07-10 00:27:30.697 8 INFO neutron.quota.resource_registry [None req-acc1d149-27ec-40d7-a647-33af89a26373 - - - - - -] Creating instance of TrackedResource for resource:router
2026-07-10 00:27:30.698 8 INFO neutron.quota.resource_registry [None req-acc1d149-27ec-40d7-a647-33af89a26373 - - - - - -] Creating instance of TrackedResource for resource:floatingip
2026-07-10 00:27:30.700 7 WARNING keystonemiddleware._common.config [None req-b58b629d-0af7-4966-b002-7296fcadf3ef - - - - - -] The option "audit_map_file" is not known to keystonemiddleware
2026-07-10 00:27:30.703 8 INFO neutron.quota.resource_registry [None req-acc1d149-27ec-40d7-a647-33af89a26373 - - - - - -] Creating instance of CountableResource for resource:rbac_policy
2026-07-10 00:27:30.703 8 INFO neutron.quota.resource_registry [None req-acc1d149-27ec-40d7-a647-33af89a26373 - - - - - -] Creating instance of TrackedResource for resource:security_group
2026-07-10 00:27:30.704 8 INFO neutron.quota.resource_registry [None req-acc1d149-27ec-40d7-a647-33af89a26373 - - - - - -] Creating instance of TrackedResource for resource:security_group_rule
2026-07-10 00:27:30.705 8 INFO neutron.quota.resource_registry [None req-acc1d149-27ec-40d7-a647-33af89a26373 - - - - - -] Creating instance of TrackedResource for resource:subnetpool
2026-07-10 00:27:30.705 8 WARNING neutron.quota.resource_registry [None req-acc1d149-27ec-40d7-a647-33af89a26373 - - - - - -] subnetpool is already registered
2026-07-10 00:27:30.705 8 INFO neutron.quota.resource_registry [None req-acc1d149-27ec-40d7-a647-33af89a26373 - - - - - -] Creating instance of CountableResource for resource:trunk
2026-07-10 00:27:30.706 8 INFO neutron.quota.resource_registry [None req-acc1d149-27ec-40d7-a647-33af89a26373 - - - - - -] Creating instance of CountableResource for resource:ikepolicy
2026-07-10 00:27:30.706 8 INFO neutron.quota.resource_registry [None req-acc1d149-27ec-40d7-a647-33af89a26373 - - - - - -] Creating instance of CountableResource for resource:ipsecpolicy
2026-07-10 00:27:30.706 7 WARNING oslo_config.cfg [None req-b58b629d-0af7-4966-b002-7296fcadf3ef - - - - - -] Deprecated: Option "auth_uri" from group "keystone_authtoken" is deprecated. Use option "www_authenticate_uri" from group "keystone_authtoken".
2026-07-10 00:27:30.707 8 INFO neutron.quota.resource_registry [None req-acc1d149-27ec-40d7-a647-33af89a26373 - - - - - -] Creating instance of CountableResource for resource:endpoint_group
2026-07-10 00:27:30.707 8 INFO neutron.quota.resource_registry [None req-acc1d149-27ec-40d7-a647-33af89a26373 - - - - - -] Creating instance of CountableResource for resource:vpnservice
2026-07-10 00:27:30.707 8 INFO neutron.quota.resource_registry [None req-acc1d149-27ec-40d7-a647-33af89a26373 - - - - - -] Creating instance of CountableResource for resource:ipsec_site_connection
2026-07-10 00:27:30.708 8 INFO neutron.quota.resource_registry [None req-acc1d149-27ec-40d7-a647-33af89a26373 - - - - - -] Creating instance of CountableResource for resource:ipsecpolicy
2026-07-10 00:27:30.708 8 WARNING neutron.quota.resource_registry [None req-acc1d149-27ec-40d7-a647-33af89a26373 - - - - - -] ipsecpolicy is already registered
2026-07-10 00:27:30.708 8 INFO neutron.quota.resource_registry [None req-acc1d149-27ec-40d7-a647-33af89a26373 - - - - - -] Creating instance of CountableResource for resource:ikepolicy
2026-07-10 00:27:30.708 8 WARNING neutron.quota.resource_registry [None req-acc1d149-27ec-40d7-a647-33af89a26373 - - - - - -] ikepolicy is already registered
2026-07-10 00:27:30.714 8 INFO neutron.quota.resource_registry [None req-acc1d149-27ec-40d7-a647-33af89a26373 - - - - - -] Creating instance of TrackedResource for resource:router
2026-07-10 00:27:30.714 8 WARNING neutron.quota.resource_registry [None req-acc1d149-27ec-40d7-a647-33af89a26373 - - - - - -] router is already registered
2026-07-10 00:27:30.715 8 INFO neutron.quota.resource_registry [None req-acc1d149-27ec-40d7-a647-33af89a26373 - - - - - -] Creating instance of TrackedResource for resource:floatingip
2026-07-10 00:27:30.715 8 WARNING neutron.quota.resource_registry [None req-acc1d149-27ec-40d7-a647-33af89a26373 - - - - - -] floatingip is already registered
2026-07-10 00:27:30.719 8 INFO neutron.quota.resource_registry [None req-acc1d149-27ec-40d7-a647-33af89a26373 - - - - - -] Creating instance of CountableResource for resource:rbac_policy
2026-07-10 00:27:30.719 8 WARNING neutron.quota.resource_registry [None req-acc1d149-27ec-40d7-a647-33af89a26373 - - - - - -] rbac_policy is already registered
2026-07-10 00:27:30.720 8 INFO neutron.quota.resource_registry [None req-acc1d149-27ec-40d7-a647-33af89a26373 - - - - - -] Creating instance of TrackedResource for resource:security_group
2026-07-10 00:27:30.720 8 WARNING neutron.quota.resource_registry [None req-acc1d149-27ec-40d7-a647-33af89a26373 - - - - - -] security_group is already registered
2026-07-10 00:27:30.720 8 INFO neutron.quota.resource_registry [None req-acc1d149-27ec-40d7-a647-33af89a26373 - - - - - -] Creating instance of TrackedResource for resource:security_group_rule
2026-07-10 00:27:30.720 8 WARNING neutron.quota.resource_registry [None req-acc1d149-27ec-40d7-a647-33af89a26373 - - - - - -] security_group_rule is already registered
2026-07-10 00:27:30.721 8 INFO neutron.quota.resource_registry [None req-acc1d149-27ec-40d7-a647-33af89a26373 - - - - - -] Creating instance of TrackedResource for resource:subnetpool
2026-07-10 00:27:30.721 8 WARNING neutron.quota.resource_registry [None req-acc1d149-27ec-40d7-a647-33af89a26373 - - - - - -] subnetpool is already registered
2026-07-10 00:27:30.722 8 INFO neutron.quota.resource_registry [None req-acc1d149-27ec-40d7-a647-33af89a26373 - - - - - -] Creating instance of CountableResource for resource:trunk
2026-07-10 00:27:30.722 8 WARNING neutron.quota.resource_registry [None req-acc1d149-27ec-40d7-a647-33af89a26373 - - - - - -] trunk is already registered
2026-07-10 00:27:30.722 8 INFO neutron.quota.resource_registry [None req-acc1d149-27ec-40d7-a647-33af89a26373 - - - - - -] Creating instance of CountableResource for resource:ikepolicy
2026-07-10 00:27:30.722 8 WARNING neutron.quota.resource_registry [None req-acc1d149-27ec-40d7-a647-33af89a26373 - - - - - -] ikepolicy is already registered
2026-07-10 00:27:30.723 8 INFO neutron.quota.resource_registry [None req-acc1d149-27ec-40d7-a647-33af89a26373 - - - - - -] Creating instance of CountableResource for resource:ipsecpolicy
2026-07-10 00:27:30.723 8 WARNING neutron.quota.resource_registry [None req-acc1d149-27ec-40d7-a647-33af89a26373 - - - - - -] ipsecpolicy is already registered
2026-07-10 00:27:30.723 8 INFO neutron.quota.resource_registry [None req-acc1d149-27ec-40d7-a647-33af89a26373 - - - - - -] Creating instance of CountableResource for resource:endpoint_group
2026-07-10 00:27:30.723 8 WARNING neutron.quota.resource_registry [None req-acc1d149-27ec-40d7-a647-33af89a26373 - - - - - -] endpoint_group is already registered
2026-07-10 00:27:30.724 8 INFO neutron.quota.resource_registry [None req-acc1d149-27ec-40d7-a647-33af89a26373 - - - - - -] Creating instance of CountableResource for resource:vpnservice
2026-07-10 00:27:30.724 8 WARNING neutron.quota.resource_registry [None req-acc1d149-27ec-40d7-a647-33af89a26373 - - - - - -] vpnservice is already registered
2026-07-10 00:27:30.724 8 INFO neutron.quota.resource_registry [None req-acc1d149-27ec-40d7-a647-33af89a26373 - - - - - -] Creating instance of CountableResource for resource:ipsec_site_connection
2026-07-10 00:27:30.724 8 WARNING neutron.quota.resource_registry [None req-acc1d149-27ec-40d7-a647-33af89a26373 - - - - - -] ipsec_site_connection is already registered
2026-07-10 00:27:30.725 8 INFO neutron.quota.resource_registry [None req-acc1d149-27ec-40d7-a647-33af89a26373 - - - - - -] Creating instance of CountableResource for resource:ipsecpolicy
2026-07-10 00:27:30.725 8 WARNING neutron.quota.resource_registry [None req-acc1d149-27ec-40d7-a647-33af89a26373 - - - - - -] ipsecpolicy is already registered
2026-07-10 00:27:30.725 8 INFO neutron.quota.resource_registry [None req-acc1d149-27ec-40d7-a647-33af89a26373 - - - - - -] Creating instance of CountableResource for resource:ikepolicy
2026-07-10 00:27:30.725 8 WARNING neutron.quota.resource_registry [None req-acc1d149-27ec-40d7-a647-33af89a26373 - - - - - -] ikepolicy is already registered
2026-07-10 00:27:30.729 7 WARNING neutron.plugins.ml2.drivers.ovn.mech_driver.mech_driver [None req-b58b629d-0af7-4966-b002-7296fcadf3ef - - - - - -] uWSGI must provide a start time using the configuration parameter "start-time %t" in the configuration file
2026-07-10 00:27:30.743 7 INFO neutron.db.ovn_hash_ring_db [None req-b58b629d-0af7-4966-b002-7296fcadf3ef - - - - - -] Nodes from host "neutron-server-64dc5cb7c-lbjb9" and group "mechanism_driver" removed from the Hash Ring created at
2026-07-10 00:27:30+00:00
2026-07-10 00:27:30.745 7 INFO neutron.db.ovn_hash_ring_db [None req-b58b629d-0af7-4966-b002-7296fcadf3ef - - - - - -] Node 9bae6a577ed05ab1a6e0f6783461a009 from host "neutron-server-64dc5cb7c-lbjb9" and group "mechanism_driver" added to the Hash Ring
2026-07-10 00:27:30.752 7 INFO neutron.plugins.ml2.drivers.ovn.mech_driver.mech_driver [None req-b58b629d-0af7-4966-b002-7296fcadf3ef - - - - - -] Hash Ring probing thread for node 9bae6a577ed05ab1a6e0f6783461a009 has started
2026-07-10 00:27:30.753 7 INFO neutron.plugins.ml2.drivers.ovn.mech_driver.ovsdb.impl_idl_ovn [None req-b58b629d-0af7-4966-b002-7296fcadf3ef - - - - - -] Getting OvsdbNbOvnIdl for WorkerService with retry
2026-07-10 00:27:30.762 8 WARNING keystonemiddleware._common.config [None req-acc1d149-27ec-40d7-a647-33af89a26373 - - - - - -] The option "audit_map_file" is not known to keystonemiddleware
2026-07-10 00:27:30.770 8 WARNING oslo_config.cfg [None req-acc1d149-27ec-40d7-a647-33af89a26373 - - - - - -] Deprecated: Option "auth_uri" from group "keystone_authtoken" is deprecated. Use option "www_authenticate_uri" from group "keystone_authtoken".
2026-07-10 00:27:30.785 7 INFO ovsdbapp.backend.ovs_idl.vlog [None req-b58b629d-0af7-4966-b002-7296fcadf3ef - - - - - -] tcp:10.99.128.38:6641: connecting...
2026-07-10 00:27:30.785 7 INFO ovsdbapp.backend.ovs_idl.vlog [None req-b58b629d-0af7-4966-b002-7296fcadf3ef - - - - - -] tcp:10.99.128.38:6641: connected
2026-07-10 00:27:30.790 8 WARNING neutron.plugins.ml2.drivers.ovn.mech_driver.mech_driver [None req-acc1d149-27ec-40d7-a647-33af89a26373 - - - - - -] uWSGI must provide a start time using the configuration parameter "start-time %t" in the configuration file
2026-07-10 00:27:30.804 8 INFO neutron.db.ovn_hash_ring_db [None req-acc1d149-27ec-40d7-a647-33af89a26373 - - - - - -] Nodes from host "neutron-server-64dc5cb7c-lbjb9" and group "mechanism_driver" removed from the Hash Ring created at
2026-07-10 00:27:30+00:00
2026-07-10 00:27:30.809 8 INFO neutron.db.ovn_hash_ring_db [None req-acc1d149-27ec-40d7-a647-33af89a26373 - - - - - -] Node 21ce43c4f21954afbb2ef30a03ada4e1 from host "neutron-server-64dc5cb7c-lbjb9" and group "mechanism_driver" added to the Hash Ring
2026-07-10 00:27:30.818 8 INFO neutron.plugins.ml2.drivers.ovn.mech_driver.mech_driver [None req-acc1d149-27ec-40d7-a647-33af89a26373 - - - - - -] Hash Ring probing thread for node 21ce43c4f21954afbb2ef30a03ada4e1 has started
2026-07-10 00:27:30.818 8 INFO neutron.plugins.ml2.drivers.ovn.mech_driver.ovsdb.impl_idl_ovn [None req-acc1d149-27ec-40d7-a647-33af89a26373 - - - - - -] Getting OvsdbNbOvnIdl for WorkerService with retry
2026-07-10 00:27:30.826 7 INFO neutron.plugins.ml2.drivers.ovn.mech_driver.ovsdb.impl_idl_ovn [None req-b58b629d-0af7-4966-b002-7296fcadf3ef - - - - - -] Getting OvsdbSbOvnIdl for WorkerService with retry
2026-07-10 00:27:30.851 7 INFO ovsdbapp.backend.ovs_idl.vlog [None req-b58b629d-0af7-4966-b002-7296fcadf3ef - - - - - -] tcp:10.103.229.173:6642: connecting...
2026-07-10 00:27:30.852 7 INFO ovsdbapp.backend.ovs_idl.vlog [None req-b58b629d-0af7-4966-b002-7296fcadf3ef - - - - - -] tcp:10.103.229.173:6642: connected
2026-07-10 00:27:30.853 8 INFO ovsdbapp.backend.ovs_idl.vlog [None req-acc1d149-27ec-40d7-a647-33af89a26373 - - - - - -] tcp:10.99.128.38:6641: connecting...
2026-07-10 00:27:30.854 8 INFO ovsdbapp.backend.ovs_idl.vlog [None req-acc1d149-27ec-40d7-a647-33af89a26373 - - - - - -] tcp:10.99.128.38:6641: connected
2026-07-10 00:27:30.903 8 INFO neutron.plugins.ml2.drivers.ovn.mech_driver.ovsdb.impl_idl_ovn [None req-acc1d149-27ec-40d7-a647-33af89a26373 - - - - - -] Getting OvsdbSbOvnIdl for WorkerService with retry
2026-07-10 00:27:30.904 7 INFO neutron.plugins.ml2.drivers.ovn.mech_driver.mech_driver [None req-b58b629d-0af7-4966-b002-7296fcadf3ef - - - - - -] WorkerService process has finished the post initialization
2026-07-10 00:27:30.905 7 INFO neutron.plugins.ml2.drivers.ovn.mech_driver.ovsdb.extensions.qos [-] Starting OVNClientQosExtension
2026-07-10 00:27:30.907 7 INFO neutron.plugins.ml2.drivers.ovn.mech_driver.ovsdb.extensions.placement [-] Starting OVNClientPlacementExtension
2026-07-10 00:27:30.931 8 INFO ovsdbapp.backend.ovs_idl.vlog [None req-acc1d149-27ec-40d7-a647-33af89a26373 - - - - - -] tcp:10.103.229.173:6642: connecting...
2026-07-10 00:27:30.931 8 INFO ovsdbapp.backend.ovs_idl.vlog [None req-acc1d149-27ec-40d7-a647-33af89a26373 - - - - - -] tcp:10.103.229.173:6642: connected
2026-07-10 00:27:30.935 7 INFO ovsdbapp.backend.ovs_idl.vlog [None req-b58b629d-0af7-4966-b002-7296fcadf3ef - - - - - -] tcp:10.99.128.38:6641: connecting...
2026-07-10 00:27:30.935 7 INFO ovsdbapp.backend.ovs_idl.vlog [None req-b58b629d-0af7-4966-b002-7296fcadf3ef - - - - - -] tcp:10.99.128.38:6641: connected
2026-07-10 00:27:30.972 8 INFO neutron.plugins.ml2.drivers.ovn.mech_driver.mech_driver [None req-acc1d149-27ec-40d7-a647-33af89a26373 - - - - - -] WorkerService process has finished the post initialization
2026-07-10 00:27:30.983 7 INFO ovsdbapp.backend.ovs_idl.vlog [None req-b58b629d-0af7-4966-b002-7296fcadf3ef - - - - - -] tcp:10.99.128.38:6641: connecting...
2026-07-10 00:27:30.984 7 INFO ovsdbapp.backend.ovs_idl.vlog [None req-b58b629d-0af7-4966-b002-7296fcadf3ef - - - - - -] tcp:10.99.128.38:6641: connected
2026-07-10 00:27:30.995 8 INFO ovsdbapp.backend.ovs_idl.vlog [None req-acc1d149-27ec-40d7-a647-33af89a26373 - - - - - -] tcp:10.99.128.38:6641: connecting...
2026-07-10 00:27:30.995 8 INFO ovsdbapp.backend.ovs_idl.vlog [None req-acc1d149-27ec-40d7-a647-33af89a26373 - - - - - -] tcp:10.99.128.38:6641: connected WSGI app 0 (mountpoint='') ready in 10 seconds on interpreter 0x7fc2622a1668 pid: 7 (default app)
2026-07-10 00:27:31.039 8 INFO ovsdbapp.backend.ovs_idl.vlog [None req-acc1d149-27ec-40d7-a647-33af89a26373 - - - - - -] tcp:10.99.128.38:6641: connecting...
2026-07-10 00:27:31.039 8 INFO ovsdbapp.backend.ovs_idl.vlog [None req-acc1d149-27ec-40d7-a647-33af89a26373 - - - - - -] tcp:10.99.128.38:6641: connected WSGI app 0 (mountpoint='') ready in 10 seconds on interpreter 0x7fc2622a1668 pid: 8 (default app) /var/lib/openstack/lib/python3.12/site-packages/pycadf/identifier.py:70: UserWarning: Invalid uuid: unknown. To ensure interoperability, identifiers should be a valid uuid. warnings.warn(('Invalid uuid: %s. To ensure interoperability, '
2026-07-10 00:27:38.255 8 INFO neutron.pecan_wsgi.hooks.translation [None req-340236ed-a8bf-47f7-a911-f198211b4a81 3d05006eaeeb41d39bb30873520d7378 ffc3d7be2c724b20a2d4bb9655b072c6 - - default default] GET failed (client error): The resource could not be found. [pid: 8|app: 0|req: 1/4] 199.19.213.134 () {44 vars in 927 bytes} [Fri Jul 10 00:27:37 2026] GET /v2.0/networks/public => generated 108 bytes in 805 msecs (HTTP/1.1 404) 4 headers in 164 bytes (1 switches on core 0) /var/lib/openstack/lib/python3.12/site-packages/pycadf/identifier.py:70: UserWarning: Invalid uuid: unknown. To ensure interoperability, identifiers should be a valid uuid. warnings.warn(('Invalid uuid: %s. To ensure interoperability, ' [pid: 7|app: 0|req: 4/5] 199.19.213.134 () {44 vars in 949 bytes} [Fri Jul 10 00:27:38 2026] GET /v2.0/networks?name=public => generated 15 bytes in 368 msecs (HTTP/1.1 200) 4 headers in 156 bytes (1 switches on core 0)
2026-07-10 00:27:39.028 8 INFO neutron.plugins.ml2.drivers.ovn.mech_driver.ovsdb.extensions.qos [None req-1225b3d0-239c-412d-a8b7-ac8ca101179b 3d05006eaeeb41d39bb30873520d7378 ffc3d7be2c724b20a2d4bb9655b072c6 - - default default] Starting OVNClientQosExtension
2026-07-10 00:27:39.028 8 INFO neutron.plugins.ml2.drivers.ovn.mech_driver.ovsdb.extensions.placement [None req-1225b3d0-239c-412d-a8b7-ac8ca101179b 3d05006eaeeb41d39bb30873520d7378 ffc3d7be2c724b20a2d4bb9655b072c6 - - default default] Starting OVNClientPlacementExtension
2026-07-10 00:27:39.068 8 INFO neutron.db.ovn_revision_numbers_db [None req-1225b3d0-239c-412d-a8b7-ac8ca101179b 3d05006eaeeb41d39bb30873520d7378 ffc3d7be2c724b20a2d4bb9655b072c6 - - default default] Successfully bumped revision number for resource b94589e2-d4eb-4c76-a87b-059c8954770c (type: security_groups) to 1
2026-07-10 00:27:39.084 8 INFO neutron.db.ovn_revision_numbers_db [None req-1225b3d0-239c-412d-a8b7-ac8ca101179b 3d05006eaeeb41d39bb30873520d7378 ffc3d7be2c724b20a2d4bb9655b072c6 - - default default] Successfully bumped revision number for resource 573d8087-c317-4802-b246-5663d92737cc (type: security_group_rules) to 0
2026-07-10 00:27:39.097 8 INFO neutron.db.ovn_revision_numbers_db [None req-1225b3d0-239c-412d-a8b7-ac8ca101179b 3d05006eaeeb41d39bb30873520d7378 ffc3d7be2c724b20a2d4bb9655b072c6 - - default default] Successfully bumped revision number for resource 7eafda11-abfc-469f-9cdb-ee0ee002a931 (type: security_group_rules) to 0
2026-07-10 00:27:39.109 8 INFO neutron.db.ovn_revision_numbers_db [None req-1225b3d0-239c-412d-a8b7-ac8ca101179b 3d05006eaeeb41d39bb30873520d7378 ffc3d7be2c724b20a2d4bb9655b072c6 - - default default] Successfully bumped revision number for resource 934bda74-edf9-43b7-9718-78285f2a8730 (type: security_group_rules) to 0
2026-07-10 00:27:39.120 8 INFO neutron.db.ovn_revision_numbers_db [None req-1225b3d0-239c-412d-a8b7-ac8ca101179b 3d05006eaeeb41d39bb30873520d7378 ffc3d7be2c724b20a2d4bb9655b072c6 - - default default] Successfully bumped revision number for resource eae1f546-e564-4ecc-9949-b69800c50c72 (type: security_group_rules) to 0
2026-07-10 00:27:39.204 8 WARNING neutron.services.revisions.revision_plugin [None req-1225b3d0-239c-412d-a8b7-ac8ca101179b 3d05006eaeeb41d39bb30873520d7378 ffc3d7be2c724b20a2d4bb9655b072c6 - - default default] Could not find related network for resource to bump revision.
2026-07-10 00:27:39.231 8 INFO neutron.db.segments_db [None req-1225b3d0-239c-412d-a8b7-ac8ca101179b 3d05006eaeeb41d39bb30873520d7378 ffc3d7be2c724b20a2d4bb9655b072c6 - - default default] Added segment 660bb9a6-de7c-4d22-a710-9cbc77252e12 of type flat for network 284bcee2-7a8a-4ed1-b553-fd3a41277690
2026-07-10 00:27:39.367 8 INFO neutron.plugins.ml2.drivers.ovn.mech_driver.mech_driver [-] OVN reports status down for port: provnet-660bb9a6-de7c-4d22-a710-9cbc77252e12
2026-07-10 00:27:39.371 7 INFO neutron.plugins.ml2.drivers.ovn.mech_driver.mech_driver [-] OVN reports status down for port: provnet-660bb9a6-de7c-4d22-a710-9cbc77252e12
2026-07-10 00:27:39.420 8 INFO neutron.db.ovn_revision_numbers_db [None req-1225b3d0-239c-412d-a8b7-ac8ca101179b 3d05006eaeeb41d39bb30873520d7378 ffc3d7be2c724b20a2d4bb9655b072c6 - - default default] Successfully bumped revision number for resource 284bcee2-7a8a-4ed1-b553-fd3a41277690 (type: networks) to 1
2026-07-10 00:27:39.866 8 WARNING neutron.scheduler.dhcp_agent_scheduler [None req-1225b3d0-239c-412d-a8b7-ac8ca101179b 3d05006eaeeb41d39bb30873520d7378 ffc3d7be2c724b20a2d4bb9655b072c6 - - default default] No more DHCP agents
2026-07-10 00:27:39.868 8 WARNING neutron.api.rpc.agentnotifiers.dhcp_rpc_agent_api [None req-1225b3d0-239c-412d-a8b7-ac8ca101179b 3d05006eaeeb41d39bb30873520d7378 ffc3d7be2c724b20a2d4bb9655b072c6 - - default default] Unable to schedule network 284bcee2-7a8a-4ed1-b553-fd3a41277690: no agents available; will retry on subsequent port and subnet creation events.
2026-07-10 00:27:39.943 7 INFO neutron.plugins.ml2.drivers.ovn.mech_driver.mech_driver [None req-3c8177c1-1a0d-40f2-a0cc-468adde17d44 - - - - - -] OVN reports status down for port: 31b764d1-979e-420a-9c0b-f628ffebeb86
2026-07-10 00:27:39.990 8 INFO neutron.db.ovn_revision_numbers_db [None req-1225b3d0-239c-412d-a8b7-ac8ca101179b 3d05006eaeeb41d39bb30873520d7378 ffc3d7be2c724b20a2d4bb9655b072c6 - - default default] Successfully bumped revision number for resource 31b764d1-979e-420a-9c0b-f628ffebeb86 (type: ports) to 1 [pid: 8|app: 0|req: 2/6] 199.19.213.134 () {48 vars in 967 bytes} [Fri Jul 10 00:27:38 2026] POST /v2.0/networks => generated 744 bytes in 1377 msecs (HTTP/1.1 201) 4 headers in 162 bytes (1 switches on core 0)
2026-07-10 00:27:41.531 7 INFO neutron.pecan_wsgi.hooks.translation [None req-cbce4f22-bf94-481c-8ed0-ef1c00ccdb6f 3d05006eaeeb41d39bb30873520d7378 ffc3d7be2c724b20a2d4bb9655b072c6 - - default default] GET failed (client error): The resource could not be found. [pid: 7|app: 0|req: 5/7] 199.19.213.134 () {44 vars in 927 bytes} [Fri Jul 10 00:27:41 2026] GET /v2.0/networks/public => generated 108 bytes in 386 msecs (HTTP/1.1 404) 4 headers in 164 bytes (1 switches on core 0) [pid: 8|app: 0|req: 3/8] 199.19.213.134 () {44 vars in 949 bytes} [Fri Jul 10 00:27:41 2026] GET /v2.0/networks?name=public => generated 753 bytes in 48 msecs (HTTP/1.1 200) 4 headers in 157 bytes (1 switches on core 0)
2026-07-10 00:27:41.620 7 INFO neutron.pecan_wsgi.hooks.translation [None req-35da5ba4-07f6-4570-9405-868097dbba49 3d05006eaeeb41d39bb30873520d7378 ffc3d7be2c724b20a2d4bb9655b072c6 - - default default] GET failed (client error): The resource could not be found. [pid: 7|app: 0|req: 6/9] 199.19.213.134 () {44 vars in 1034 bytes} [Fri Jul 10 00:27:41 2026] GET /v2.0/subnets/public-subnet?network_id=284bcee2-7a8a-4ed1-b553-fd3a41277690 => generated 113 bytes in 26 msecs (HTTP/1.1 404) 4 headers in 164 bytes (1 switches on core 0) [pid: 8|app: 0|req: 4/10] 199.19.213.134 () {44 vars in 1057 bytes} [Fri Jul 10 00:27:41 2026] GET /v2.0/subnets?name=public-subnet&network_id=284bcee2-7a8a-4ed1-b553-fd3a41277690 => generated 14 bytes in 29 msecs (HTTP/1.1 200) 4 headers in 156 bytes (1 switches on core 0)
2026-07-10 00:27:42.120 7 WARNING neutron.scheduler.dhcp_agent_scheduler [None req-93df37c7-0330-4523-85ab-033d6ea787eb 3d05006eaeeb41d39bb30873520d7378 ffc3d7be2c724b20a2d4bb9655b072c6 - - default default] No more DHCP agents
2026-07-10 00:27:42.122 7 WARNING neutron.api.rpc.agentnotifiers.dhcp_rpc_agent_api [None req-93df37c7-0330-4523-85ab-033d6ea787eb 3d05006eaeeb41d39bb30873520d7378 ffc3d7be2c724b20a2d4bb9655b072c6 - - default default] Unable to schedule network 284bcee2-7a8a-4ed1-b553-fd3a41277690: no agents available; will retry on subsequent port and subnet creation events.
2026-07-10 00:27:42.829 7 INFO neutron.db.ovn_revision_numbers_db [None req-55e5c3f5-e718-4dec-ab4c-72b540f1580e - - - - - -] Successfully bumped revision number for resource 31b764d1-979e-420a-9c0b-f628ffebeb86 (type: ports) to 2
2026-07-10 00:27:42.872 7 INFO neutron.db.ovn_revision_numbers_db [None req-55e5c3f5-e718-4dec-ab4c-72b540f1580e - - - - - -] Successfully bumped revision number for resource 66da0b59-eca6-4376-b920-6047ba612624 (type: subnets) to 0 [pid: 7|app: 0|req: 7/11] 199.19.213.134 () {48 vars in 965 bytes} [Fri Jul 10 00:27:41 2026] POST /v2.0/subnets => generated 664 bytes in 1238 msecs (HTTP/1.1 201) 4 headers in 162 bytes (1 switches on core 0)
2026-07-10 00:32:30.383 8 INFO neutron.pecan_wsgi.hooks.translation [None req-e6b655de-2267-472c-b92f-56e2f43910d0 3d05006eaeeb41d39bb30873520d7378 ffc3d7be2c724b20a2d4bb9655b072c6 - - default default] GET failed (client error): The resource could not be found. [pid: 8|app: 0|req: 23/47] 199.19.213.134 () {44 vars in 937 bytes} [Fri Jul 10 00:32:30 2026] GET /v2.0/networks/lb-mgmt-net => generated 113 bytes in 104 msecs (HTTP/1.1 404) 4 headers in 164 bytes (1 switches on core 0) [pid: 7|app: 0|req: 25/48] 199.19.213.134 () {44 vars in 959 bytes} [Fri Jul 10 00:32:30 2026] GET /v2.0/networks?name=lb-mgmt-net => generated 15 bytes in 15 msecs (HTTP/1.1 200) 4 headers in 156 bytes (1 switches on core 0)
2026-07-10 00:32:30.492 8 INFO neutron.db.segments_db [None req-b0f3e20b-6251-4d5a-af55-49d0555ebf3a 3d05006eaeeb41d39bb30873520d7378 ffc3d7be2c724b20a2d4bb9655b072c6 - - default default] Added segment 217b9d18-4a47-4690-bb86-e3486a75aa37 of type geneve for network 5942867e-8516-43dd-a9bf-6c24ebfbf260
2026-07-10 00:32:30.611 8 INFO neutron.db.ovn_revision_numbers_db [None req-b0f3e20b-6251-4d5a-af55-49d0555ebf3a 3d05006eaeeb41d39bb30873520d7378 ffc3d7be2c724b20a2d4bb9655b072c6 - - default default] Successfully bumped revision number for resource 5942867e-8516-43dd-a9bf-6c24ebfbf260 (type: networks) to 1
2026-07-10 00:32:30.745 8 WARNING neutron.scheduler.dhcp_agent_scheduler [None req-b0f3e20b-6251-4d5a-af55-49d0555ebf3a 3d05006eaeeb41d39bb30873520d7378 ffc3d7be2c724b20a2d4bb9655b072c6 - - default default] No more DHCP agents
2026-07-10 00:32:30.746 8 WARNING neutron.api.rpc.agentnotifiers.dhcp_rpc_agent_api [None req-b0f3e20b-6251-4d5a-af55-49d0555ebf3a 3d05006eaeeb41d39bb30873520d7378 ffc3d7be2c724b20a2d4bb9655b072c6 - - default default] Unable to schedule network 5942867e-8516-43dd-a9bf-6c24ebfbf260: no agents available; will retry on subsequent port and subnet creation events.
2026-07-10 00:32:30.787 8 INFO neutron.plugins.ml2.drivers.ovn.mech_driver.mech_driver [None req-fe0bac0b-5c48-4154-8866-f240f8d4de71 - - - - - -] OVN reports status down for port: 6cc95504-ad20-420a-b148-e53736a9f91d
