2026-07-10 01:05:30.943 7 INFO neutron.db.ovn_revision_numbers_db [None req-f624632f-ba5a-4dc1-8120-f865e542e609 3d05006eaeeb41d39bb30873520d7378 ffc3d7be2c724b20a2d4bb9655b072c6 - - default default] Successfully bumped revision number for resource 806f09d0-f74f-475f-b862-545ab23c5bf0 (type: security_group_rules) to 0
2026-07-10 01:05:30.966 7 INFO neutron.db.ovn_revision_numbers_db [None req-f624632f-ba5a-4dc1-8120-f865e542e609 3d05006eaeeb41d39bb30873520d7378 ffc3d7be2c724b20a2d4bb9655b072c6 - - default default] Successfully bumped revision number for resource b3d967d8-71af-4658-acf6-9f109663b2c0 (type: security_group_rules) to 0
2026-07-10 01:05:30.975 7 INFO neutron.db.ovn_revision_numbers_db [None req-014413fa-ce78-4472-9adc-efa95f40513c - - - - - -] Successfully bumped revision number for resource fdc9b554-c556-4b36-95ed-a7a92a4add47 (type: ports) to 6 [pid: 7|app: 0|req: 690/1343] 10.0.0.60 () {32 vars in 772 bytes} [Fri Jul 10 01:05:30 2026] GET /v2.0/security-groups?tenant_id=4d0ea53914614d28bcb5fb656e1abba0&name=default => generated 2925 bytes in 609 msecs (HTTP/1.1 200) 4 headers in 158 bytes (1 switches on core 0)
2026-07-10 01:05:31.078 8 WARNING neutron.scheduler.dhcp_agent_scheduler [None req-478e7896-33a6-4bb0-a9e2-1ccf9bb757d0 ab7d19dcd01a4a9fab9e8fc5e3be3466 b31638481bf84662b66a3e716542cca7 - - default default] No more DHCP agents
2026-07-10 01:05:31.080 8 WARNING neutron.api.rpc.agentnotifiers.dhcp_rpc_agent_api [None req-478e7896-33a6-4bb0-a9e2-1ccf9bb757d0 ab7d19dcd01a4a9fab9e8fc5e3be3466 b31638481bf84662b66a3e716542cca7 - - default default] Unable to schedule network 6ffe257a-b26b-45eb-8fae-2b677d7e8364: no agents available; will retry on subsequent port and subnet creation events.
2026-07-10 01:05:31.128 8 INFO neutron.plugins.ml2.drivers.ovn.mech_driver.mech_driver [None req-4a59df28-6b89-40d5-a50a-51431b1dc475 - - - - - -] OVN reports status down for port: f3df96f5-c962-4890-8ac2-c1666c195485 [pid: 7|app: 0|req: 691/1344] 10.0.0.60 () {34 vars in 751 bytes} [Fri Jul 10 01:05:31 2026] PUT /v2.0/networks/45e14d5f-303f-4d07-a82d-7dcd35426191/tags => generated 25 bytes in 99 msecs (HTTP/1.1 200) 4 headers in 156 bytes (1 switches on core 0) /var/lib/openstack/lib/python3.12/site-packages/pycadf/identifier.py:70: UserWarning: Invalid uuid: neutron. To ensure interoperability, identifiers should be a valid uuid. warnings.warn(('Invalid uuid: %s. To ensure interoperability, ' [pid: 7|app: 0|req: 692/1345] 10.0.0.87 () {34 vars in 988 bytes} [Fri Jul 10 01:05:31 2026] GET /v2.0/ports?device_id=09e48661-c662-45ea-9e78-efb5446330d2 => generated 973 bytes in 37 msecs (HTTP/1.1 200) 4 headers in 157 bytes (1 switches on core 0)
2026-07-10 01:05:31.184 8 INFO neutron.db.ovn_revision_numbers_db [None req-478e7896-33a6-4bb0-a9e2-1ccf9bb757d0 ab7d19dcd01a4a9fab9e8fc5e3be3466 b31638481bf84662b66a3e716542cca7 - - default default] Successfully bumped revision number for resource f3df96f5-c962-4890-8ac2-c1666c195485 (type: ports) to 1 [pid: 8|app: 0|req: 654/1346] 10.0.0.60 () {34 vars in 668 bytes} [Fri Jul 10 01:05:30 2026] POST /v2.0/networks => generated 691 bytes in 584 msecs (HTTP/1.1 201) 4 headers in 162 bytes (1 switches on core 0) [pid: 8|app: 0|req: 655/1347] 10.0.0.60 () {34 vars in 751 bytes} [Fri Jul 10 01:05:31 2026] PUT /v2.0/networks/54c73efe-13b0-4127-884c-ae0c761ee310/tags => generated 34 bytes in 66 msecs (HTTP/1.1 200) 4 headers in 156 bytes (1 switches on core 0) [pid: 8|app: 0|req: 656/1348] 10.0.0.87 () {34 vars in 1038 bytes} [Fri Jul 10 01:05:31 2026] GET /v2.0/security-groups?id=7b3d042c-aa4b-40a9-9bf4-659722122eea&fields=id&fields=name => generated 113 bytes in 33 msecs (HTTP/1.1 200) 4 headers in 157 bytes (1 switches on core 0)
2026-07-10 01:05:31.427 8 INFO neutron.db.segments_db [None req-853ea4ba-5717-4d77-8eb4-62963f916b06 ab7d19dcd01a4a9fab9e8fc5e3be3466 b31638481bf84662b66a3e716542cca7 - - default default] Added segment cf11b3eb-4e00-43dd-8678-36319451f200 of type geneve for network 6392ed52-b201-4578-9edd-8deb834560bc [pid: 7|app: 0|req: 693/1349] 10.0.0.60 () {32 vars in 738 bytes} [Fri Jul 10 01:05:31 2026] DELETE /v2.0/security-groups/d87d6a3c-88d5-47e4-b116-2dfae03a50fb => generated 0 bytes in 260 msecs (HTTP/1.1 204) 2 headers in 112 bytes (1 switches on core 0) [pid: 7|app: 0|req: 694/1350] 10.0.0.60 () {34 vars in 751 bytes} [Fri Jul 10 01:05:31 2026] PUT /v2.0/networks/1fce0446-64da-42a7-9971-fcd546a8905a/tags => generated 19 bytes in 50 msecs (HTTP/1.1 200) 4 headers in 156 bytes (1 switches on core 0)
2026-07-10 01:05:31.538 8 INFO neutron.db.ovn_revision_numbers_db [None req-853ea4ba-5717-4d77-8eb4-62963f916b06 ab7d19dcd01a4a9fab9e8fc5e3be3466 b31638481bf84662b66a3e716542cca7 - - default default] Successfully bumped revision number for resource 6392ed52-b201-4578-9edd-8deb834560bc (type: networks) to 1 [pid: 7|app: 0|req: 695/1351] 10.0.0.60 () {32 vars in 664 bytes} [Fri Jul 10 01:05:31 2026] GET /v2.0/networks?tags=red => generated 1988 bytes in 56 msecs (HTTP/1.1 200) 4 headers in 158 bytes (1 switches on core 0)
2026-07-10 01:05:31.680 8 WARNING neutron.scheduler.dhcp_agent_scheduler [None req-853ea4ba-5717-4d77-8eb4-62963f916b06 ab7d19dcd01a4a9fab9e8fc5e3be3466 b31638481bf84662b66a3e716542cca7 - - default default] No more DHCP agents
2026-07-10 01:05:31.682 8 WARNING neutron.api.rpc.agentnotifiers.dhcp_rpc_agent_api [None req-853ea4ba-5717-4d77-8eb4-62963f916b06 ab7d19dcd01a4a9fab9e8fc5e3be3466 b31638481bf84662b66a3e716542cca7 - - default default] Unable to schedule network 6392ed52-b201-4578-9edd-8deb834560bc: no agents available; will retry on subsequent port and subnet creation events.
2026-07-10 01:05:31.696 7 INFO neutron.db.ovn_revision_numbers_db [None req-7bc1d7a3-4cc8-4fbb-aaea-112f3d2948dd 3d05006eaeeb41d39bb30873520d7378 ffc3d7be2c724b20a2d4bb9655b072c6 - - default default] Successfully bumped revision number for resource c9e17f16-4784-4704-954d-246a909f7822 (type: security_groups) to 1
2026-07-10 01:05:31.709 7 INFO neutron.db.ovn_revision_numbers_db [None req-7bc1d7a3-4cc8-4fbb-aaea-112f3d2948dd 3d05006eaeeb41d39bb30873520d7378 ffc3d7be2c724b20a2d4bb9655b072c6 - - default default] Successfully bumped revision number for resource 27d98495-3f4b-41ec-b324-827a3a7e5857 (type: security_group_rules) to 0
2026-07-10 01:05:31.740 7 INFO neutron.plugins.ml2.drivers.ovn.mech_driver.mech_driver [None req-b93ca1b2-ea18-4b2b-a862-93f04401231d - - - - - -] OVN reports status down for port: bbfeaa9a-cf8d-4ff4-b9f6-3d15e7a2da5c
2026-07-10 01:05:31.743 7 INFO neutron.db.ovn_revision_numbers_db [None req-7bc1d7a3-4cc8-4fbb-aaea-112f3d2948dd 3d05006eaeeb41d39bb30873520d7378 ffc3d7be2c724b20a2d4bb9655b072c6 - - default default] Successfully bumped revision number for resource 42d1e869-bc65-4adc-863a-4ba16f2a9f43 (type: security_group_rules) to 0
2026-07-10 01:05:31.752 8 INFO neutron.db.ovn_revision_numbers_db [None req-853ea4ba-5717-4d77-8eb4-62963f916b06 ab7d19dcd01a4a9fab9e8fc5e3be3466 b31638481bf84662b66a3e716542cca7 - - default default] Successfully bumped revision number for resource bbfeaa9a-cf8d-4ff4-b9f6-3d15e7a2da5c (type: ports) to 1
2026-07-10 01:05:31.764 7 INFO neutron.db.ovn_revision_numbers_db [None req-7bc1d7a3-4cc8-4fbb-aaea-112f3d2948dd 3d05006eaeeb41d39bb30873520d7378 ffc3d7be2c724b20a2d4bb9655b072c6 - - default default] Successfully bumped revision number for resource 6250f20b-6c49-4539-8710-b42aa5d7c173 (type: security_group_rules) to 0 [pid: 8|app: 0|req: 657/1352] 10.0.0.60 () {34 vars in 668 bytes} [Fri Jul 10 01:05:31 2026] POST /v2.0/networks => generated 692 bytes in 450 msecs (HTTP/1.1 201) 4 headers in 162 bytes (1 switches on core 0)
2026-07-10 01:05:31.784 7 INFO neutron.db.ovn_revision_numbers_db [None req-7bc1d7a3-4cc8-4fbb-aaea-112f3d2948dd 3d05006eaeeb41d39bb30873520d7378 ffc3d7be2c724b20a2d4bb9655b072c6 - - default default] Successfully bumped revision number for resource 999d3163-65f8-4ad6-a639-241e163beb2d (type: security_group_rules) to 0 [pid: 8|app: 0|req: 658/1353] 10.0.0.60 () {32 vars in 678 bytes} [Fri Jul 10 01:05:31 2026] GET /v2.0/networks?tags=red%2Cblue => generated 1337 bytes in 45 msecs (HTTP/1.1 200) 4 headers in 158 bytes (1 switches on core 0) [pid: 7|app: 0|req: 696/1354] 10.0.0.60 () {32 vars in 772 bytes} [Fri Jul 10 01:05:31 2026] GET /v2.0/security-groups?tenant_id=1807d48da1754bb6ae7b3bbb54f4b934&name=default => generated 2925 bytes in 287 msecs (HTTP/1.1 200) 4 headers in 158 bytes (1 switches on core 0) [pid: 8|app: 0|req: 659/1355] 199.19.213.134 () {34 vars in 993 bytes} [Fri Jul 10 01:05:31 2026] GET /v2.0/ports?device_id=09e48661-c662-45ea-9e78-efb5446330d2 => generated 973 bytes in 72 msecs (HTTP/1.1 200) 4 headers in 157 bytes (1 switches on core 0) [pid: 8|app: 0|req: 660/1356] 10.0.0.60 () {32 vars in 674 bytes} [Fri Jul 10 01:05:31 2026] GET /v2.0/networks?tags-any=blue => generated 1337 bytes in 47 msecs (HTTP/1.1 200) 4 headers in 158 bytes (1 switches on core 0)
2026-07-10 01:05:31.983 7 INFO neutron.services.segments.plugin [-] Segment 4bae6fb5-0cc0-4653-a846-b0e5bb4eca0f resource provider aggregate not found
2026-07-10 01:05:32.004 7 INFO neutron.services.segments.plugin [-] Segment 4bae6fb5-0cc0-4653-a846-b0e5bb4eca0f resource provider aggregate not found
2026-07-10 01:05:32.009 7 INFO neutron.services.segments.plugin [-] Client error retrieving segment 4bae6fb5-0cc0-4653-a846-b0e5bb4eca0f resource provider; error: Placement Client Error (4xx): {"errors": [{"status": 404, "title": "Not Found", "detail": "The resource could not be found.\n\n No resource provider with uuid 4bae6fb5-0cc0-4653-a846-b0e5bb4eca0f found for delete ", "request_id": "req-0fdad4ac-62b9-4424-aa4b-c93b6c192fa9"}]}
2026-07-10 01:05:32.024 7 INFO neutron.services.segments.plugin [-] Client error retrieving segment 4bae6fb5-0cc0-4653-a846-b0e5bb4eca0f resource provider; error: Placement Client Error (4xx): {"errors": [{"status": 404, "title": "Not Found", "detail": "The resource could not be found.\n\n No resource provider with uuid 4bae6fb5-0cc0-4653-a846-b0e5bb4eca0f found for delete ", "request_id": "req-5473ae30-4789-4425-a132-8955949cdead"}]} [pid: 8|app: 0|req: 661/1357] 10.0.0.60 () {32 vars in 738 bytes} [Fri Jul 10 01:05:31 2026] DELETE /v2.0/security-groups/c9e17f16-4784-4704-954d-246a909f7822 => generated 0 bytes in 196 msecs (HTTP/1.1 204) 2 headers in 112 bytes (1 switches on core 0)
2026-07-10 01:05:32.270 7 WARNING neutron.scheduler.dhcp_agent_scheduler [None req-5cab788d-4fba-4891-bc08-9045e0f6e257 ab7d19dcd01a4a9fab9e8fc5e3be3466 b31638481bf84662b66a3e716542cca7 - - default default] No more DHCP agents
2026-07-10 01:05:32.272 7 WARNING neutron.api.rpc.agentnotifiers.dhcp_rpc_agent_api [None req-5cab788d-4fba-4891-bc08-9045e0f6e257 ab7d19dcd01a4a9fab9e8fc5e3be3466 b31638481bf84662b66a3e716542cca7 - - default default] Unable to schedule network 6ffe257a-b26b-45eb-8fae-2b677d7e8364: no agents available; will retry on subsequent port and subnet creation events.
2026-07-10 01:05:32.273 8 INFO neutron_taas.services.taas.taas_plugin [req-ad982dc8-d4af-49bc-88f5-72ddd8e5b610 req-7fc28b3d-226d-4e34-a6e4-68622f73798d 70ec4e95c29a4c6bbcac9c70ca4dc467 6f969242a8ab42949b306f728ba1ef5a - - default default] TaaS: Handle Delete Port: fdc9b554-c556-4b36-95ed-a7a92a4add47
2026-07-10 01:05:32.276 8 INFO neutron_taas.services.taas.tap_mirror_plugin [req-ad982dc8-d4af-49bc-88f5-72ddd8e5b610 req-7fc28b3d-226d-4e34-a6e4-68622f73798d 70ec4e95c29a4c6bbcac9c70ca4dc467 6f969242a8ab42949b306f728ba1ef5a - - default default] Tap Mirror: Handle Delete Port: fdc9b554-c556-4b36-95ed-a7a92a4add47
2026-07-10 01:05:32.349 8 INFO neutron.plugins.ml2.drivers.ovn.mech_driver.mech_driver [None req-4a59df28-6b89-40d5-a50a-51431b1dc475 - - - - - -] OVN reports status down for port: 24e8f463-5501-4d5b-ad1c-5bc0c1ac9629
2026-07-10 01:05:32.364 7 INFO neutron.db.ovn_revision_numbers_db [None req-5cab788d-4fba-4891-bc08-9045e0f6e257 ab7d19dcd01a4a9fab9e8fc5e3be3466 b31638481bf84662b66a3e716542cca7 - - default default] Successfully bumped revision number for resource 24e8f463-5501-4d5b-ad1c-5bc0c1ac9629 (type: ports) to 1
2026-07-10 01:05:32.405 7 WARNING neutron.scheduler.dhcp_agent_scheduler [None req-5cab788d-4fba-4891-bc08-9045e0f6e257 ab7d19dcd01a4a9fab9e8fc5e3be3466 b31638481bf84662b66a3e716542cca7 - - default default] No more DHCP agents
2026-07-10 01:05:32.406 7 WARNING neutron.api.rpc.agentnotifiers.dhcp_rpc_agent_api [None req-5cab788d-4fba-4891-bc08-9045e0f6e257 ab7d19dcd01a4a9fab9e8fc5e3be3466 b31638481bf84662b66a3e716542cca7 - - default default] Unable to schedule network 6392ed52-b201-4578-9edd-8deb834560bc: no agents available; will retry on subsequent port and subnet creation events.
2026-07-10 01:05:32.448 7 INFO neutron.plugins.ml2.drivers.ovn.mech_driver.mech_driver [None req-b93ca1b2-ea18-4b2b-a862-93f04401231d - - - - - -] OVN reports status down for port: 2c76b803-937f-43eb-9144-40c6d3ea5e69
2026-07-10 01:05:32.519 7 INFO neutron.db.ovn_revision_numbers_db [None req-5cab788d-4fba-4891-bc08-9045e0f6e257 ab7d19dcd01a4a9fab9e8fc5e3be3466 b31638481bf84662b66a3e716542cca7 - - default default] Successfully bumped revision number for resource 2c76b803-937f-43eb-9144-40c6d3ea5e69 (type: ports) to 1
2026-07-10 01:05:32.568 8 INFO neutron.db.l3_db [req-ad982dc8-d4af-49bc-88f5-72ddd8e5b610 req-7fc28b3d-226d-4e34-a6e4-68622f73798d 70ec4e95c29a4c6bbcac9c70ca4dc467 6f969242a8ab42949b306f728ba1ef5a - - default default] Floating IP 65e40dd5-b8fb-476b-9ad4-ac70a2e40fed disassociated. External IP: 10.96.250.220, port: fdc9b554-c556-4b36-95ed-a7a92a4add47. [pid: 7|app: 0|req: 697/1358] 10.0.0.60 () {34 vars in 663 bytes} [Fri Jul 10 01:05:31 2026] POST /v2.0/ports => generated 1506 bytes in 783 msecs (HTTP/1.1 201) 4 headers in 163 bytes (1 switches on core 0) /var/lib/openstack/lib/python3.12/site-packages/pycadf/identifier.py:70: UserWarning: Invalid uuid: neutron. To ensure interoperability, identifiers should be a valid uuid. warnings.warn(('Invalid uuid: %s. To ensure interoperability, ' [pid: 8|app: 0|req: 662/1359] 199.19.213.134 () {36 vars in 996 bytes} [Fri Jul 10 01:05:32 2026] DELETE /v2.0/ports/fdc9b554-c556-4b36-95ed-a7a92a4add47 => generated 0 bytes in 557 msecs (HTTP/1.1 204) 3 headers in 131 bytes (1 switches on core 0) [pid: 7|app: 0|req: 698/1360] 10.0.0.60 () {32 vars in 686 bytes} [Fri Jul 10 01:05:32 2026] GET /v2.0/networks?tags-any=red%2Cblue => generated 1988 bytes in 70 msecs (HTTP/1.1 200) 4 headers in 158 bytes (1 switches on core 0) /var/lib/openstack/lib/python3.12/site-packages/pycadf/identifier.py:70: UserWarning: Invalid uuid: neutron. To ensure interoperability, identifiers should be a valid uuid. warnings.warn(('Invalid uuid: %s. To ensure interoperability, ' [pid: 8|app: 0|req: 663/1361] 10.0.0.87 () {34 vars in 988 bytes} [Fri Jul 10 01:05:32 2026] GET /v2.0/ports?device_id=09e48661-c662-45ea-9e78-efb5446330d2 => generated 12 bytes in 24 msecs (HTTP/1.1 200) 4 headers in 156 bytes (1 switches on core 0)
2026-07-10 01:05:32.737 8 INFO neutron.notifiers.nova [-] Nova event matching ['req-8d69084d-aae6-4060-94dc-9a6c35502a76'] response: {'server_uuid': '09e48661-c662-45ea-9e78-efb5446330d2', 'name': 'network-vif-deleted', 'tag': 'fdc9b554-c556-4b36-95ed-a7a92a4add47', 'status': 'completed', 'code': 200}
2026-07-10 01:05:32.773 7 INFO neutron.notifiers.nova [-] Nova event matching ['req-523da773-1f9f-45ee-86b7-97c8ca1a9bb9'] response: {'server_uuid': '09e48661-c662-45ea-9e78-efb5446330d2', 'name': 'network-vif-unplugged', 'status': 'completed', 'tag': 'fdc9b554-c556-4b36-95ed-a7a92a4add47', 'code': 200} [pid: 8|app: 0|req: 664/1362] 10.0.0.60 () {32 vars in 672 bytes} [Fri Jul 10 01:05:32 2026] GET /v2.0/networks?not-tags=red => generated 1987 bytes in 64 msecs (HTTP/1.1 200) 4 headers in 158 bytes (1 switches on core 0) [pid: 7|app: 0|req: 699/1363] 10.0.0.60 () {32 vars in 641 bytes} [Fri Jul 10 01:05:32 2026] GET /v2.0/ports => generated 3018 bytes in 88 msecs (HTTP/1.1 200) 4 headers in 158 bytes (1 switches on core 0) [pid: 8|app: 0|req: 665/1364] 10.0.0.60 () {32 vars in 686 bytes} [Fri Jul 10 01:05:32 2026] GET /v2.0/networks?not-tags=red%2Cblue => generated 2638 bytes in 66 msecs (HTTP/1.1 200) 4 headers in 158 bytes (1 switches on core 0)
2026-07-10 01:05:32.922 7 INFO neutron_taas.services.taas.taas_plugin [None req-91380616-20d8-47d9-8b4c-c03b84ea1fc2 ab7d19dcd01a4a9fab9e8fc5e3be3466 b31638481bf84662b66a3e716542cca7 - - default default] TaaS: Handle Delete Port: 24e8f463-5501-4d5b-ad1c-5bc0c1ac9629
2026-07-10 01:05:32.925 7 INFO neutron_taas.services.taas.tap_mirror_plugin [None req-91380616-20d8-47d9-8b4c-c03b84ea1fc2 ab7d19dcd01a4a9fab9e8fc5e3be3466 b31638481bf84662b66a3e716542cca7 - - default default] Tap Mirror: Handle Delete Port: 24e8f463-5501-4d5b-ad1c-5bc0c1ac9629 [pid: 8|app: 0|req: 666/1365] 10.0.0.60 () {32 vars in 682 bytes} [Fri Jul 10 01:05:32 2026] GET /v2.0/networks?not-tags-any=blue => generated 2638 bytes in 75 msecs (HTTP/1.1 200) 4 headers in 158 bytes (1 switches on core 0) [pid: 8|app: 0|req: 667/1366] 10.0.0.60 () {32 vars in 694 bytes} [Fri Jul 10 01:05:32 2026] GET /v2.0/networks?not-tags-any=red%2Cblue => generated 1987 bytes in 47 msecs (HTTP/1.1 200) 4 headers in 158 bytes (1 switches on core 0) [pid: 7|app: 0|req: 700/1367] 10.0.0.60 () {32 vars in 718 bytes} [Fri Jul 10 01:05:32 2026] DELETE /v2.0/ports/24e8f463-5501-4d5b-ad1c-5bc0c1ac9629 => generated 0 bytes in 255 msecs (HTTP/1.1 204) 3 headers in 131 bytes (1 switches on core 0)
2026-07-10 01:05:33.114 8 INFO neutron_taas.services.taas.taas_plugin [None req-5e877945-21bc-435a-a211-ea3a9b265975 17610b841b5747eeb9fd4700e6bfcb2b b7cf1cec69084fccb17ce27f52014d40 - - default default] TaaS: Handle Delete Port: 8c335f2c-b7b5-4cf0-b257-543b8d58606b
2026-07-10 01:05:33.117 8 INFO neutron_taas.services.taas.tap_mirror_plugin [None req-5e877945-21bc-435a-a211-ea3a9b265975 17610b841b5747eeb9fd4700e6bfcb2b b7cf1cec69084fccb17ce27f52014d40 - - default default] Tap Mirror: Handle Delete Port: 8c335f2c-b7b5-4cf0-b257-543b8d58606b
2026-07-10 01:05:33.154 7 INFO neutron_taas.services.taas.taas_plugin [None req-b4fa519d-78d0-4ccb-bd8b-beecd5252a78 ab7d19dcd01a4a9fab9e8fc5e3be3466 b31638481bf84662b66a3e716542cca7 - - default default] TaaS: Handle Delete Port: 2c76b803-937f-43eb-9144-40c6d3ea5e69
2026-07-10 01:05:33.157 7 INFO neutron_taas.services.taas.tap_mirror_plugin [None req-b4fa519d-78d0-4ccb-bd8b-beecd5252a78 ab7d19dcd01a4a9fab9e8fc5e3be3466 b31638481bf84662b66a3e716542cca7 - - default default] Tap Mirror: Handle Delete Port: 2c76b803-937f-43eb-9144-40c6d3ea5e69
2026-07-10 01:05:33.270 8 INFO neutron.services.segments.plugin [-] Segment f83d9eb7-e836-4045-90c1-0b9a247cd811 resource provider aggregate not found [pid: 7|app: 0|req: 701/1368] 10.0.0.60 () {32 vars in 718 bytes} [Fri Jul 10 01:05:33 2026] DELETE /v2.0/ports/2c76b803-937f-43eb-9144-40c6d3ea5e69 => generated 0 bytes in 231 msecs (HTTP/1.1 204) 3 headers in 131 bytes (1 switches on core 0)
2026-07-10 01:05:33.288 8 INFO neutron.services.segments.plugin [-] Segment f83d9eb7-e836-4045-90c1-0b9a247cd811 resource provider aggregate not found
2026-07-10 01:05:33.304 8 INFO neutron.services.segments.plugin [-] Client error retrieving segment f83d9eb7-e836-4045-90c1-0b9a247cd811 resource provider; error: Placement Client Error (4xx): {"errors": [{"status": 404, "title": "Not Found", "detail": "The resource could not be found.\n\n No resource provider with uuid f83d9eb7-e836-4045-90c1-0b9a247cd811 found for delete ", "request_id": "req-f004720a-b71b-41b2-b8f4-4bea4001d5b7"}]}
2026-07-10 01:05:33.309 8 INFO neutron.services.segments.plugin [-] Client error retrieving segment f83d9eb7-e836-4045-90c1-0b9a247cd811 resource provider; error: Placement Client Error (4xx): {"errors": [{"status": 404, "title": "Not Found", "detail": "The resource could not be found.\n\n No resource provider with uuid f83d9eb7-e836-4045-90c1-0b9a247cd811 found for delete ", "request_id": "req-32728157-f920-42ed-8438-8fac72847cda"}]} [pid: 7|app: 0|req: 702/1369] 10.0.0.60 () {32 vars in 641 bytes} [Fri Jul 10 01:05:33 2026] GET /v2.0/ports => generated 1523 bytes in 40 msecs (HTTP/1.1 200) 4 headers in 158 bytes (1 switches on core 0) [pid: 8|app: 0|req: 668/1370] 10.0.0.60 () {32 vars in 724 bytes} [Fri Jul 10 01:05:32 2026] DELETE /v2.0/networks/c7915f92-a24f-4abc-820a-0891f020fa7c => generated 0 bytes in 349 msecs (HTTP/1.1 204) 3 headers in 131 bytes (1 switches on core 0)
2026-07-10 01:05:33.407 7 INFO neutron.db.segments_db [None req-4876dcd0-263d-4316-87e4-ede3c8d9b811 ab7d19dcd01a4a9fab9e8fc5e3be3466 b31638481bf84662b66a3e716542cca7 - - default default] Added segment 9107eeaa-9492-48ef-a9ca-6c1dea750dcc of type geneve for network 5be8c537-5be0-4411-ae58-79a1b0d3143e
2026-07-10 01:05:33.446 8 INFO neutron_taas.services.taas.taas_plugin [None req-0409c957-be9c-4b27-894d-4a4959dd9fad 17610b841b5747eeb9fd4700e6bfcb2b b7cf1cec69084fccb17ce27f52014d40 - - default default] TaaS: Handle Delete Port: 3a4ee9cd-73ab-4bdc-b591-6b140ab4e469
2026-07-10 01:05:33.449 8 INFO neutron_taas.services.taas.tap_mirror_plugin [None req-0409c957-be9c-4b27-894d-4a4959dd9fad 17610b841b5747eeb9fd4700e6bfcb2b b7cf1cec69084fccb17ce27f52014d40 - - default default] Tap Mirror: Handle Delete Port: 3a4ee9cd-73ab-4bdc-b591-6b140ab4e469
2026-07-10 01:05:33.486 7 INFO neutron.db.ovn_revision_numbers_db [None req-4876dcd0-263d-4316-87e4-ede3c8d9b811 ab7d19dcd01a4a9fab9e8fc5e3be3466 b31638481bf84662b66a3e716542cca7 - - default default] Successfully bumped revision number for resource 5be8c537-5be0-4411-ae58-79a1b0d3143e (type: networks) to 1
2026-07-10 01:05:33.653 7 WARNING neutron.scheduler.dhcp_agent_scheduler [None req-4876dcd0-263d-4316-87e4-ede3c8d9b811 ab7d19dcd01a4a9fab9e8fc5e3be3466 b31638481bf84662b66a3e716542cca7 - - default default] No more DHCP agents
2026-07-10 01:05:33.655 7 WARNING neutron.api.rpc.agentnotifiers.dhcp_rpc_agent_api [None req-4876dcd0-263d-4316-87e4-ede3c8d9b811 ab7d19dcd01a4a9fab9e8fc5e3be3466 b31638481bf84662b66a3e716542cca7 - - default default] Unable to schedule network 5be8c537-5be0-4411-ae58-79a1b0d3143e: no agents available; will retry on subsequent port and subnet creation events. [pid: 8|app: 0|req: 669/1371] 10.0.0.60 () {32 vars in 724 bytes} [Fri Jul 10 01:05:33 2026] DELETE /v2.0/networks/45e14d5f-303f-4d07-a82d-7dcd35426191 => generated 0 bytes in 327 msecs (HTTP/1.1 204) 3 headers in 131 bytes (1 switches on core 0)
2026-07-10 01:05:33.704 7 INFO neutron.plugins.ml2.drivers.ovn.mech_driver.mech_driver [None req-b93ca1b2-ea18-4b2b-a862-93f04401231d - - - - - -] OVN reports status down for port: 673ba8aa-062c-4676-aded-26d6f318f6a1
2026-07-10 01:05:33.759 7 INFO neutron.db.ovn_revision_numbers_db [None req-4876dcd0-263d-4316-87e4-ede3c8d9b811 ab7d19dcd01a4a9fab9e8fc5e3be3466 b31638481bf84662b66a3e716542cca7 - - default default] Successfully bumped revision number for resource 673ba8aa-062c-4676-aded-26d6f318f6a1 (type: ports) to 1
2026-07-10 01:05:33.796 8 INFO neutron_taas.services.taas.taas_plugin [None req-b9d601ae-0218-43fd-b5f9-12d90ac09682 17610b841b5747eeb9fd4700e6bfcb2b b7cf1cec69084fccb17ce27f52014d40 - - default default] TaaS: Handle Delete Port: 54743d52-d7fa-461b-a1df-7413d927a6b6 [pid: 7|app: 0|req: 703/1372] 10.0.0.60 () {34 vars in 668 bytes} [Fri Jul 10 01:05:33 2026] POST /v2.0/networks => generated 691 bytes in 464 msecs (HTTP/1.1 201) 4 headers in 162 bytes (1 switches on core 0)
2026-07-10 01:05:33.797 8 INFO neutron_taas.services.taas.tap_mirror_plugin [None req-b9d601ae-0218-43fd-b5f9-12d90ac09682 17610b841b5747eeb9fd4700e6bfcb2b b7cf1cec69084fccb17ce27f52014d40 - - default default] Tap Mirror: Handle Delete Port: 54743d52-d7fa-461b-a1df-7413d927a6b6 [pid: 7|app: 0|req: 704/1373] 10.0.0.87 () {34 vars in 988 bytes} [Fri Jul 10 01:05:33 2026] GET /v2.0/ports?device_id=09e48661-c662-45ea-9e78-efb5446330d2 => generated 12 bytes in 25 msecs (HTTP/1.1 200) 4 headers in 156 bytes (1 switches on core 0) [pid: 8|app: 0|req: 670/1374] 10.0.0.60 () {32 vars in 724 bytes} [Fri Jul 10 01:05:33 2026] DELETE /v2.0/networks/54c73efe-13b0-4127-884c-ae0c761ee310 => generated 0 bytes in 323 msecs (HTTP/1.1 204) 3 headers in 131 bytes (1 switches on core 0)
2026-07-10 01:05:34.075 8 INFO neutron.db.segments_db [None req-f422147a-c033-4987-a90c-ae18e8283f50 ab7d19dcd01a4a9fab9e8fc5e3be3466 b31638481bf84662b66a3e716542cca7 - - default default] Added segment 99a3ec9f-6c28-4313-a492-395fa43fd8a6 of type geneve for network ea259f26-4860-4e90-aa94-d180bf204736
2026-07-10 01:05:34.125 7 INFO neutron.db.ovn_revision_numbers_db [None req-2725ee38-c3e2-406e-81a5-f4ab4c1694ab a103c2c035844935af1602571b416332 1708a7c712124d3894109a263eafa204 - - default default] Successfully bumped revision number for resource fc7aa916-6b72-4b03-8306-34898cfe5811 (type: security_groups) to 1
2026-07-10 01:05:34.136 7 INFO neutron.db.ovn_revision_numbers_db [None req-2725ee38-c3e2-406e-81a5-f4ab4c1694ab a103c2c035844935af1602571b416332 1708a7c712124d3894109a263eafa204 - - default default] Successfully bumped revision number for resource 029aaee7-5893-47a8-a3f0-bae564896cba (type: security_group_rules) to 0
2026-07-10 01:05:34.147 7 INFO neutron.db.ovn_revision_numbers_db [None req-2725ee38-c3e2-406e-81a5-f4ab4c1694ab a103c2c035844935af1602571b416332 1708a7c712124d3894109a263eafa204 - - default default] Successfully bumped revision number for resource 47648af8-5cfa-4c38-9c51-e2522ab64df1 (type: security_group_rules) to 0
2026-07-10 01:05:34.164 7 INFO neutron.db.ovn_revision_numbers_db [None req-2725ee38-c3e2-406e-81a5-f4ab4c1694ab a103c2c035844935af1602571b416332 1708a7c712124d3894109a263eafa204 - - default default] Successfully bumped revision number for resource 9848db2b-96f6-4929-a18e-89380cdd99f0 (type: security_group_rules) to 0
2026-07-10 01:05:34.181 7 INFO neutron.db.ovn_revision_numbers_db [None req-2725ee38-c3e2-406e-81a5-f4ab4c1694ab a103c2c035844935af1602571b416332 1708a7c712124d3894109a263eafa204 - - default default] Successfully bumped revision number for resource c90517b9-9cf8-40f7-a9f7-7929bf744322 (type: security_group_rules) to 0
2026-07-10 01:05:34.184 8 INFO neutron.db.ovn_revision_numbers_db [None req-f422147a-c033-4987-a90c-ae18e8283f50 ab7d19dcd01a4a9fab9e8fc5e3be3466 b31638481bf84662b66a3e716542cca7 - - default default] Successfully bumped revision number for resource ea259f26-4860-4e90-aa94-d180bf204736 (type: networks) to 1
2026-07-10 01:05:34.244 7 INFO neutron.db.segments_db [None req-2725ee38-c3e2-406e-81a5-f4ab4c1694ab a103c2c035844935af1602571b416332 1708a7c712124d3894109a263eafa204 - - default default] Added segment e461857a-bfa9-4dcc-a15b-9880d74be893 of type geneve for network 642a2f84-f103-42f4-a3cb-7e30b9981e0d
2026-07-10 01:05:34.355 7 INFO neutron.db.ovn_revision_numbers_db [None req-2725ee38-c3e2-406e-81a5-f4ab4c1694ab a103c2c035844935af1602571b416332 1708a7c712124d3894109a263eafa204 - - default default] Successfully bumped revision number for resource 642a2f84-f103-42f4-a3cb-7e30b9981e0d (type: networks) to 1
2026-07-10 01:05:34.367 8 WARNING neutron.scheduler.dhcp_agent_scheduler [None req-f422147a-c033-4987-a90c-ae18e8283f50 ab7d19dcd01a4a9fab9e8fc5e3be3466 b31638481bf84662b66a3e716542cca7 - - default default] No more DHCP agents
2026-07-10 01:05:34.368 8 WARNING neutron.api.rpc.agentnotifiers.dhcp_rpc_agent_api [None req-f422147a-c033-4987-a90c-ae18e8283f50 ab7d19dcd01a4a9fab9e8fc5e3be3466 b31638481bf84662b66a3e716542cca7 - - default default] Unable to schedule network ea259f26-4860-4e90-aa94-d180bf204736: no agents available; will retry on subsequent port and subnet creation events.
2026-07-10 01:05:34.416 8 INFO neutron.plugins.ml2.drivers.ovn.mech_driver.mech_driver [None req-4a59df28-6b89-40d5-a50a-51431b1dc475 - - - - - -] OVN reports status down for port: 02d24bab-ba5f-4f3a-adca-8ec9e7d9c510
2026-07-10 01:05:34.479 8 INFO neutron.db.ovn_revision_numbers_db [None req-f422147a-c033-4987-a90c-ae18e8283f50 ab7d19dcd01a4a9fab9e8fc5e3be3466 b31638481bf84662b66a3e716542cca7 - - default default] Successfully bumped revision number for resource 02d24bab-ba5f-4f3a-adca-8ec9e7d9c510 (type: ports) to 1 [pid: 8|app: 0|req: 671/1375] 10.0.0.60 () {34 vars in 668 bytes} [Fri Jul 10 01:05:34 2026] POST /v2.0/networks => generated 691 bytes in 525 msecs (HTTP/1.1 201) 4 headers in 162 bytes (1 switches on core 0)
2026-07-10 01:05:34.538 7 WARNING neutron.scheduler.dhcp_agent_scheduler [None req-2725ee38-c3e2-406e-81a5-f4ab4c1694ab a103c2c035844935af1602571b416332 1708a7c712124d3894109a263eafa204 - - default default] No more DHCP agents
2026-07-10 01:05:34.539 7 WARNING neutron.api.rpc.agentnotifiers.dhcp_rpc_agent_api [None req-2725ee38-c3e2-406e-81a5-f4ab4c1694ab a103c2c035844935af1602571b416332 1708a7c712124d3894109a263eafa204 - - default default] Unable to schedule network 642a2f84-f103-42f4-a3cb-7e30b9981e0d: no agents available; will retry on subsequent port and subnet creation events.
2026-07-10 01:05:34.587 7 INFO neutron.plugins.ml2.drivers.ovn.mech_driver.mech_driver [None req-b93ca1b2-ea18-4b2b-a862-93f04401231d - - - - - -] OVN reports status down for port: 29c0bdc3-47fa-48da-88fe-3e6cffbcd4c7
2026-07-10 01:05:34.636 7 INFO neutron.db.ovn_revision_numbers_db [None req-2725ee38-c3e2-406e-81a5-f4ab4c1694ab a103c2c035844935af1602571b416332 1708a7c712124d3894109a263eafa204 - - default default] Successfully bumped revision number for resource 29c0bdc3-47fa-48da-88fe-3e6cffbcd4c7 (type: ports) to 1 [pid: 7|app: 0|req: 705/1376] 10.0.0.60 () {34 vars in 668 bytes} [Fri Jul 10 01:05:33 2026] POST /v2.0/networks => generated 688 bytes in 845 msecs (HTTP/1.1 201) 4 headers in 162 bytes (1 switches on core 0)
2026-07-10 01:05:34.677 8 INFO neutron_taas.services.taas.taas_plugin [None req-0fe57517-2cef-406c-8652-c9d2080283da 17610b841b5747eeb9fd4700e6bfcb2b b7cf1cec69084fccb17ce27f52014d40 - - default default] TaaS: Handle Delete Port: ab47af67-9b0a-4464-9b4c-135aceba6f0a
2026-07-10 01:05:34.679 8 INFO neutron_taas.services.taas.tap_mirror_plugin [None req-0fe57517-2cef-406c-8652-c9d2080283da 17610b841b5747eeb9fd4700e6bfcb2b b7cf1cec69084fccb17ce27f52014d40 - - default default] Tap Mirror: Handle Delete Port: ab47af67-9b0a-4464-9b4c-135aceba6f0a [pid: 8|app: 0|req: 672/1377] 10.0.0.60 () {32 vars in 724 bytes} [Fri Jul 10 01:05:34 2026] DELETE /v2.0/networks/1fce0446-64da-42a7-9971-fcd546a8905a => generated 0 bytes in 347 msecs (HTTP/1.1 204) 3 headers in 131 bytes (1 switches on core 0)
2026-07-10 01:05:34.878 7 WARNING neutron.scheduler.dhcp_agent_scheduler [None req-7fb25321-3dc1-4630-a560-6a4e4aa87c29 a103c2c035844935af1602571b416332 1708a7c712124d3894109a263eafa204 - - default default] No more DHCP agents
2026-07-10 01:05:34.881 7 WARNING neutron.api.rpc.agentnotifiers.dhcp_rpc_agent_api [None req-7fb25321-3dc1-4630-a560-6a4e4aa87c29 a103c2c035844935af1602571b416332 1708a7c712124d3894109a263eafa204 - - default default] Unable to schedule network 642a2f84-f103-42f4-a3cb-7e30b9981e0d: no agents available; will retry on subsequent port and subnet creation events.
2026-07-10 01:05:34.919 7 INFO neutron.db.ovn_revision_numbers_db [None req-7fb25321-3dc1-4630-a560-6a4e4aa87c29 a103c2c035844935af1602571b416332 1708a7c712124d3894109a263eafa204 - - default default] Successfully bumped revision number for resource 05bc0a86-c330-4dd9-88d3-9aebae780714 (type: subnets) to 0 [pid: 7|app: 0|req: 706/1380] 10.0.0.60 () {34 vars in 667 bytes} [Fri Jul 10 01:05:34 2026] POST /v2.0/subnets => generated 627 bytes in 266 msecs (HTTP/1.1 201) 4 headers in 162 bytes (1 switches on core 0) [pid: 7|app: 0|req: 707/1381] 10.0.0.87 () {34 vars in 988 bytes} [Fri Jul 10 01:05:34 2026] GET /v2.0/ports?device_id=09e48661-c662-45ea-9e78-efb5446330d2 => generated 12 bytes in 23 msecs (HTTP/1.1 200) 4 headers in 156 bytes (1 switches on core 0)
2026-07-10 01:05:35.010 8 INFO neutron_taas.services.taas.taas_plugin [None req-374e6322-2a64-4ca4-8153-26422722f418 17610b841b5747eeb9fd4700e6bfcb2b b7cf1cec69084fccb17ce27f52014d40 - - default default] TaaS: Handle Delete Port: fbfa0f9b-a273-40c1-811a-4b068446795a
2026-07-10 01:05:35.013 8 INFO neutron_taas.services.taas.tap_mirror_plugin [None req-374e6322-2a64-4ca4-8153-26422722f418 17610b841b5747eeb9fd4700e6bfcb2b b7cf1cec69084fccb17ce27f52014d40 - - default default] Tap Mirror: Handle Delete Port: fbfa0f9b-a273-40c1-811a-4b068446795a [pid: 8|app: 0|req: 675/1382] 10.0.0.60 () {32 vars in 724 bytes} [Fri Jul 10 01:05:34 2026] DELETE /v2.0/networks/f1bb9ddf-7fcc-4782-9160-3cd9907c5da9 => generated 0 bytes in 308 msecs (HTTP/1.1 204) 3 headers in 131 bytes (1 switches on core 0)
2026-07-10 01:05:35.332 8 INFO neutron.services.segments.plugin [-] Segment 7c997058-7c1a-4724-a6f9-f6c1e08f93a7 resource provider aggregate not found
2026-07-10 01:05:35.340 8 INFO neutron.services.segments.plugin [-] Segment 7c997058-7c1a-4724-a6f9-f6c1e08f93a7 resource provider aggregate not found
2026-07-10 01:05:35.356 8 INFO neutron.services.segments.plugin [-] Client error retrieving segment 7c997058-7c1a-4724-a6f9-f6c1e08f93a7 resource provider; error: Placement Client Error (4xx): {"errors": [{"status": 404, "title": "Not Found", "detail": "The resource could not be found.\n\n No resource provider with uuid 7c997058-7c1a-4724-a6f9-f6c1e08f93a7 found for delete ", "request_id": "req-5117b21a-8a3f-4eeb-a47f-3dd1090be0d5"}]}
2026-07-10 01:05:35.362 8 INFO neutron.services.segments.plugin [-] Client error retrieving segment 7c997058-7c1a-4724-a6f9-f6c1e08f93a7 resource provider; error: Placement Client Error (4xx): {"errors": [{"status": 404, "title": "Not Found", "detail": "The resource could not be found.\n\n No resource provider with uuid 7c997058-7c1a-4724-a6f9-f6c1e08f93a7 found for delete ", "request_id": "req-f155e1b2-0bf6-4853-bc02-82af1dfea937"}]}
2026-07-10 01:05:35.380 8 INFO neutron.services.segments.plugin [-] Segment 1b1fc92f-c71f-4267-bcff-f52576ad9cb4 resource provider aggregate not found
2026-07-10 01:05:35.386 8 INFO neutron.services.segments.plugin [-] Segment 1b1fc92f-c71f-4267-bcff-f52576ad9cb4 resource provider aggregate not found
2026-07-10 01:05:35.395 7 WARNING neutron.scheduler.dhcp_agent_scheduler [None req-4217a4f6-79dc-48f3-b925-2001c9b2fe8d a103c2c035844935af1602571b416332 1708a7c712124d3894109a263eafa204 - - default default] No more DHCP agents
2026-07-10 01:05:35.397 7 WARNING neutron.api.rpc.agentnotifiers.dhcp_rpc_agent_api [None req-4217a4f6-79dc-48f3-b925-2001c9b2fe8d a103c2c035844935af1602571b416332 1708a7c712124d3894109a263eafa204 - - default default] Unable to schedule network 284bcee2-7a8a-4ed1-b553-fd3a41277690: no agents available; will retry on subsequent port and subnet creation events.
2026-07-10 01:05:35.403 8 INFO neutron.services.segments.plugin [-] Client error retrieving segment 1b1fc92f-c71f-4267-bcff-f52576ad9cb4 resource provider; error: Placement Client Error (4xx): {"errors": [{"status": 404, "title": "Not Found", "detail": "The resource could not be found.\n\n No resource provider with uuid 1b1fc92f-c71f-4267-bcff-f52576ad9cb4 found for delete ", "request_id": "req-bbe4ae87-d5d1-4069-b135-f66788f15dfc"}]}
2026-07-10 01:05:35.411 8 INFO neutron.services.segments.plugin [-] Client error retrieving segment 1b1fc92f-c71f-4267-bcff-f52576ad9cb4 resource provider; error: Placement Client Error (4xx): {"errors": [{"status": 404, "title": "Not Found", "detail": "The resource could not be found.\n\n No resource provider with uuid 1b1fc92f-c71f-4267-bcff-f52576ad9cb4 found for delete ", "request_id": "req-dcfddaca-2c97-4722-888e-b20f2f635cd2"}]}
2026-07-10 01:05:35.429 8 INFO neutron.services.segments.plugin [-] Segment 9c8fc80b-a69e-494c-87d7-77943ae0af87 resource provider aggregate not found
2026-07-10 01:05:35.431 8 INFO neutron.services.segments.plugin [-] Segment 9c8fc80b-a69e-494c-87d7-77943ae0af87 resource provider aggregate not found
2026-07-10 01:05:35.456 8 INFO neutron.services.segments.plugin [-] Client error retrieving segment 9c8fc80b-a69e-494c-87d7-77943ae0af87 resource provider; error: Placement Client Error (4xx): {"errors": [{"status": 404, "title": "Not Found", "detail": "The resource could not be found.\n\n No resource provider with uuid 9c8fc80b-a69e-494c-87d7-77943ae0af87 found for delete ", "request_id": "req-cc12f8a1-3635-43dc-8ced-fc7789583704"}]}
2026-07-10 01:05:35.457 8 INFO neutron.services.segments.plugin [-] Client error retrieving segment 9c8fc80b-a69e-494c-87d7-77943ae0af87 resource provider; error: Placement Client Error (4xx): {"errors": [{"status": 404, "title": "Not Found", "detail": "The resource could not be found.\n\n No resource provider with uuid 9c8fc80b-a69e-494c-87d7-77943ae0af87 found for delete ", "request_id": "req-0b792e16-b0d8-4d62-bcb5-49565bcb4c4f"}]}
2026-07-10 01:05:35.477 8 INFO neutron.services.segments.plugin [-] Segment 32d6e254-3bed-47aa-85b9-5b3889c0f400 resource provider aggregate not found
2026-07-10 01:05:35.488 8 INFO neutron.services.segments.plugin [-] Segment 32d6e254-3bed-47aa-85b9-5b3889c0f400 resource provider aggregate not found
2026-07-10 01:05:35.496 7 INFO neutron.plugins.ml2.drivers.ovn.mech_driver.mech_driver [None req-b93ca1b2-ea18-4b2b-a862-93f04401231d - - - - - -] OVN reports status down for port: cc5fc8f2-7ab8-4cdd-af17-140cbc62824f
2026-07-10 01:05:35.514 8 INFO neutron.services.segments.plugin [-] Client error retrieving segment 32d6e254-3bed-47aa-85b9-5b3889c0f400 resource provider; error: Placement Client Error (4xx): {"errors": [{"status": 404, "title": "Not Found", "detail": "The resource could not be found.\n\n No resource provider with uuid 32d6e254-3bed-47aa-85b9-5b3889c0f400 found for delete ", "request_id": "req-8f195bf1-7715-4972-a86b-5aee4d93c2c6"}]}
2026-07-10 01:05:35.515 8 INFO neutron.services.segments.plugin [-] Client error retrieving segment 32d6e254-3bed-47aa-85b9-5b3889c0f400 resource provider; error: Placement Client Error (4xx): {"errors": [{"status": 404, "title": "Not Found", "detail": "The resource could not be found.\n\n No resource provider with uuid 32d6e254-3bed-47aa-85b9-5b3889c0f400 found for delete ", "request_id": "req-bbc4dc6c-b074-4050-a8a7-bec1eba81a31"}]}
2026-07-10 01:05:35.544 7 INFO neutron.db.ovn_revision_numbers_db [None req-4217a4f6-79dc-48f3-b925-2001c9b2fe8d a103c2c035844935af1602571b416332 1708a7c712124d3894109a263eafa204 - - default default] Successfully bumped revision number for resource cc5fc8f2-7ab8-4cdd-af17-140cbc62824f (type: ports) to 1
2026-07-10 01:05:35.584 8 WARNING neutron.scheduler.dhcp_agent_scheduler [None req-42572ec1-2e8e-4147-a780-300b3c806314 ab7d19dcd01a4a9fab9e8fc5e3be3466 b31638481bf84662b66a3e716542cca7 - - default default] No more DHCP agents
2026-07-10 01:05:35.585 8 WARNING neutron.api.rpc.agentnotifiers.dhcp_rpc_agent_api [None req-42572ec1-2e8e-4147-a780-300b3c806314 ab7d19dcd01a4a9fab9e8fc5e3be3466 b31638481bf84662b66a3e716542cca7 - - default default] Unable to schedule network 5be8c537-5be0-4411-ae58-79a1b0d3143e: no agents available; will retry on subsequent port and subnet creation events.
2026-07-10 01:05:35.635 8 INFO neutron.db.ovn_revision_numbers_db [None req-42572ec1-2e8e-4147-a780-300b3c806314 ab7d19dcd01a4a9fab9e8fc5e3be3466 b31638481bf84662b66a3e716542cca7 - - default default] Successfully bumped revision number for resource d79ea9fb-35c0-4477-af93-a4ecd681db80 (type: subnets) to 0
2026-07-10 01:05:35.660 8 WARNING neutron.scheduler.dhcp_agent_scheduler [None req-42572ec1-2e8e-4147-a780-300b3c806314 ab7d19dcd01a4a9fab9e8fc5e3be3466 b31638481bf84662b66a3e716542cca7 - - default default] No more DHCP agents
2026-07-10 01:05:35.662 8 WARNING neutron.api.rpc.agentnotifiers.dhcp_rpc_agent_api [None req-42572ec1-2e8e-4147-a780-300b3c806314 ab7d19dcd01a4a9fab9e8fc5e3be3466 b31638481bf84662b66a3e716542cca7 - - default default] Unable to schedule network ea259f26-4860-4e90-aa94-d180bf204736: no agents available; will retry on subsequent port and subnet creation events.
2026-07-10 01:05:35.695 8 INFO neutron.db.ovn_revision_numbers_db [None req-42572ec1-2e8e-4147-a780-300b3c806314 ab7d19dcd01a4a9fab9e8fc5e3be3466 b31638481bf84662b66a3e716542cca7 - - default default] Successfully bumped revision number for resource 2aee5119-d0f3-4c59-b36c-29af5c054d39 (type: subnets) to 0 [pid: 8|app: 0|req: 676/1383] 10.0.0.60 () {34 vars in 667 bytes} [Fri Jul 10 01:05:35 2026] POST /v2.0/subnets => generated 1322 bytes in 530 msecs (HTTP/1.1 201) 4 headers in 163 bytes (1 switches on core 0) [pid: 8|app: 0|req: 677/1384] 10.0.0.60 () {32 vars in 645 bytes} [Fri Jul 10 01:05:35 2026] GET /v2.0/subnets => generated 1958 bytes in 45 msecs (HTTP/1.1 200) 4 headers in 158 bytes (1 switches on core 0) [pid: 8|app: 0|req: 678/1385] 10.0.0.60 () {32 vars in 722 bytes} [Fri Jul 10 01:05:35 2026] DELETE /v2.0/subnets/d79ea9fb-35c0-4477-af93-a4ecd681db80 => generated 0 bytes in 172 msecs (HTTP/1.1 204) 3 headers in 131 bytes (1 switches on core 0) [pid: 8|app: 0|req: 679/1386] 10.0.0.114 () {28 vars in 618 bytes} [Fri Jul 10 01:05:35 2026] GET /v2.0/network-ip-availabilities => generated 3367 bytes in 124 msecs (HTTP/1.1 200) 4 headers in 158 bytes (1 switches on core 0)
2026-07-10 01:05:36.157 7 INFO neutron.plugins.ml2.drivers.ovn.mech_driver.ovsdb.commands [None req-bf514c02-959b-4df7-a4e7-c7d4fdd24974 - - - - - -] Schedule LRP lrp-cc5fc8f2-7ab8-4cdd-af17-140cbc62824f on gateway 3fce57ec-af50-45ec-a035-267c99da64fb with priority 1
2026-07-10 01:05:36.190 7 INFO neutron.plugins.ml2.drivers.ovn.mech_driver.mech_driver [None req-b93ca1b2-ea18-4b2b-a862-93f04401231d - - - - - -] OVN reports status up for port: cc5fc8f2-7ab8-4cdd-af17-140cbc62824f
2026-07-10 01:05:36.213 7 INFO neutron.plugins.ml2.plugin [None req-b93ca1b2-ea18-4b2b-a862-93f04401231d - - - - - -] Attempt 1 to provision port cc5fc8f2-7ab8-4cdd-af17-140cbc62824f
2026-07-10 01:05:36.253 7 INFO neutron.db.ovn_revision_numbers_db [None req-4217a4f6-79dc-48f3-b925-2001c9b2fe8d a103c2c035844935af1602571b416332 1708a7c712124d3894109a263eafa204 - - default default] Successfully bumped revision number for resource cc5fc8f2-7ab8-4cdd-af17-140cbc62824f (type: router_ports) to 1
2026-07-10 01:05:36.259 8 INFO neutron.db.ovn_revision_numbers_db [None req-b9e66974-ef10-491b-bcb1-4766d8706e6b 3d05006eaeeb41d39bb30873520d7378 ffc3d7be2c724b20a2d4bb9655b072c6 - - default default] Successfully bumped revision number for resource 46ff8039-ec5a-472e-837e-769e6050f5a9 (type: security_groups) to 1
2026-07-10 01:05:36.269 8 INFO neutron.db.ovn_revision_numbers_db [None req-b9e66974-ef10-491b-bcb1-4766d8706e6b 3d05006eaeeb41d39bb30873520d7378 ffc3d7be2c724b20a2d4bb9655b072c6 - - default default] Successfully bumped revision number for resource 15ffb530-770c-4d56-acc7-3429af586f1c (type: security_group_rules) to 0
2026-07-10 01:05:36.279 8 INFO neutron.db.ovn_revision_numbers_db [None req-b9e66974-ef10-491b-bcb1-4766d8706e6b 3d05006eaeeb41d39bb30873520d7378 ffc3d7be2c724b20a2d4bb9655b072c6 - - default default] Successfully bumped revision number for resource 298cae60-ee5c-47dc-9eb9-72439cef2161 (type: security_group_rules) to 0
2026-07-10 01:05:36.292 8 INFO neutron.db.ovn_revision_numbers_db [None req-b9e66974-ef10-491b-bcb1-4766d8706e6b 3d05006eaeeb41d39bb30873520d7378 ffc3d7be2c724b20a2d4bb9655b072c6 - - default default] Successfully bumped revision number for resource 2bd2fde3-e72b-4449-b55a-23803998b714 (type: security_group_rules) to 0
2026-07-10 01:05:36.302 8 INFO neutron.db.ovn_revision_numbers_db [None req-b9e66974-ef10-491b-bcb1-4766d8706e6b 3d05006eaeeb41d39bb30873520d7378 ffc3d7be2c724b20a2d4bb9655b072c6 - - default default] Successfully bumped revision number for resource b9055706-3e2f-4df0-bb99-7f61d0f2887e (type: security_group_rules) to 0 [pid: 8|app: 0|req: 680/1387] 10.0.0.60 () {32 vars in 772 bytes} [Fri Jul 10 01:05:36 2026] GET /v2.0/security-groups?tenant_id=f153f4877989475f987d246f587f28c1&name=default => generated 2925 bytes in 265 msecs (HTTP/1.1 200) 4 headers in 158 bytes (1 switches on core 0)
2026-07-10 01:05:36.357 7 INFO neutron.db.ovn_revision_numbers_db [None req-4217a4f6-79dc-48f3-b925-2001c9b2fe8d a103c2c035844935af1602571b416332 1708a7c712124d3894109a263eafa204 - - default default] Successfully bumped revision number for resource 553e8791-5343-4d6b-a957-fe1f4869bc13 (type: routers) to 2 [pid: 7|app: 0|req: 708/1388] 10.0.0.60 () {34 vars in 667 bytes} [Fri Jul 10 01:05:34 2026] POST /v2.0/routers => generated 955 bytes in 1413 msecs (HTTP/1.1 201) 4 headers in 162 bytes (1 switches on core 0) [pid: 7|app: 0|req: 709/1389] 10.0.0.87 () {34 vars in 988 bytes} [Fri Jul 10 01:05:36 2026] GET /v2.0/ports?device_id=09e48661-c662-45ea-9e78-efb5446330d2 => generated 12 bytes in 17 msecs (HTTP/1.1 200) 4 headers in 156 bytes (1 switches on core 0) [pid: 7|app: 0|req: 710/1390] 10.0.0.114 () {28 vars in 590 bytes} [Fri Jul 10 01:05:36 2026] GET /v2.0/floatingips => generated 555 bytes in 19 msecs (HTTP/1.1 200) 4 headers in 157 bytes (1 switches on core 0) [pid: 8|app: 0|req: 681/1391] 10.0.0.60 () {32 vars in 722 bytes} [Fri Jul 10 01:05:36 2026] DELETE /v2.0/subnets/2aee5119-d0f3-4c59-b36c-29af5c054d39 => generated 0 bytes in 126 msecs (HTTP/1.1 204) 3 headers in 131 bytes (1 switches on core 0) [pid: 7|app: 0|req: 711/1392] 10.0.0.60 () {32 vars in 738 bytes} [Fri Jul 10 01:05:36 2026] DELETE /v2.0/security-groups/46ff8039-ec5a-472e-837e-769e6050f5a9 => generated 0 bytes in 228 msecs (HTTP/1.1 204) 2 headers in 112 bytes (1 switches on core 0) [pid: 7|app: 0|req: 712/1393] 10.0.0.114 () {28 vars in 598 bytes} [Fri Jul 10 01:05:36 2026] GET /v2.0/security-groups => generated 31882 bytes in 38 msecs (HTTP/1.1 200) 4 headers in 159 bytes (1 switches on core 0) [pid: 7|app: 0|req: 713/1394] 10.0.0.60 () {32 vars in 645 bytes} [Fri Jul 10 01:05:36 2026] GET /v2.0/subnets => generated 649 bytes in 36 msecs (HTTP/1.1 200) 4 headers in 157 bytes (1 switches on core 0) [pid: 7|app: 0|req: 714/1395] 10.0.0.114 () {28 vars in 580 bytes} [Fri Jul 10 01:05:36 2026] GET /v2.0/agents => generated 1214 bytes in 14 msecs (HTTP/1.1 200) 4 headers in 158 bytes (1 switches on core 0)
2026-07-10 01:05:36.877 7 INFO neutron.db.ovn_revision_numbers_db [None req-c7e7b91c-0182-455a-8834-793dd8b3b02c 3d05006eaeeb41d39bb30873520d7378 ffc3d7be2c724b20a2d4bb9655b072c6 - - default default] Successfully bumped revision number for resource 1a824455-ecb8-4f2c-9e0d-0c118d19a3c0 (type: security_groups) to 1
2026-07-10 01:05:36.897 7 INFO neutron.db.ovn_revision_numbers_db [None req-c7e7b91c-0182-455a-8834-793dd8b3b02c 3d05006eaeeb41d39bb30873520d7378 ffc3d7be2c724b20a2d4bb9655b072c6 - - default default] Successfully bumped revision number for resource 258aadf8-4ebe-4a0c-ad3d-7e14e6049d9d (type: security_group_rules) to 0
2026-07-10 01:05:36.916 7 INFO neutron.db.ovn_revision_numbers_db [None req-c7e7b91c-0182-455a-8834-793dd8b3b02c 3d05006eaeeb41d39bb30873520d7378 ffc3d7be2c724b20a2d4bb9655b072c6 - - default default] Successfully bumped revision number for resource 2faafca5-3236-4009-bf02-4f25ede11704 (type: security_group_rules) to 0
2026-07-10 01:05:36.935 7 INFO neutron.db.ovn_revision_numbers_db [None req-c7e7b91c-0182-455a-8834-793dd8b3b02c 3d05006eaeeb41d39bb30873520d7378 ffc3d7be2c724b20a2d4bb9655b072c6 - - default default] Successfully bumped revision number for resource 391b6f97-7f9f-4ea5-9ebc-224332cdece8 (type: security_group_rules) to 0
2026-07-10 01:05:36.948 7 INFO neutron.db.ovn_revision_numbers_db [None req-c7e7b91c-0182-455a-8834-793dd8b3b02c 3d05006eaeeb41d39bb30873520d7378 ffc3d7be2c724b20a2d4bb9655b072c6 - - default default] Successfully bumped revision number for resource ba395a2a-bf40-4511-b6f0-549e69f630aa (type: security_group_rules) to 0 [pid: 7|app: 0|req: 715/1396] 10.0.0.60 () {32 vars in 772 bytes} [Fri Jul 10 01:05:36 2026] GET /v2.0/security-groups?tenant_id=baaecf4ea36a4d378b642fc66a54ad86&name=default => generated 2925 bytes in 260 msecs (HTTP/1.1 200) 4 headers in 158 bytes (1 switches on core 0)
2026-07-10 01:05:37.054 8 WARNING neutron.scheduler.dhcp_agent_scheduler [None req-c61b9caa-3735-4da9-b657-9bb357cbb078 a103c2c035844935af1602571b416332 1708a7c712124d3894109a263eafa204 - - default default] No more DHCP agents
2026-07-10 01:05:37.055 8 WARNING neutron.api.rpc.agentnotifiers.dhcp_rpc_agent_api [None req-c61b9caa-3735-4da9-b657-9bb357cbb078 a103c2c035844935af1602571b416332 1708a7c712124d3894109a263eafa204 - - default default] Unable to schedule network 642a2f84-f103-42f4-a3cb-7e30b9981e0d: no agents available; will retry on subsequent port and subnet creation events.
2026-07-10 01:05:37.102 7 INFO neutron_taas.services.taas.taas_plugin [None req-ccf65adf-0a4b-4f63-93c9-f60686d436e1 ab7d19dcd01a4a9fab9e8fc5e3be3466 b31638481bf84662b66a3e716542cca7 - - default default] TaaS: Handle Delete Port: 02d24bab-ba5f-4f3a-adca-8ec9e7d9c510
2026-07-10 01:05:37.105 7 INFO neutron_taas.services.taas.tap_mirror_plugin [None req-ccf65adf-0a4b-4f63-93c9-f60686d436e1 ab7d19dcd01a4a9fab9e8fc5e3be3466 b31638481bf84662b66a3e716542cca7 - - default default] Tap Mirror: Handle Delete Port: 02d24bab-ba5f-4f3a-adca-8ec9e7d9c510
2026-07-10 01:05:37.272 7 INFO neutron.services.segments.plugin [-] Segment 99a3ec9f-6c28-4313-a492-395fa43fd8a6 resource provider aggregate not found
2026-07-10 01:05:37.281 7 INFO neutron.services.segments.plugin [-] Segment 99a3ec9f-6c28-4313-a492-395fa43fd8a6 resource provider aggregate not found
2026-07-10 01:05:37.290 7 INFO neutron.services.segments.plugin [-] Client error retrieving segment 99a3ec9f-6c28-4313-a492-395fa43fd8a6 resource provider; error: Placement Client Error (4xx): {"errors": [{"status": 404, "title": "Not Found", "detail": "The resource could not be found.\n\n No resource provider with uuid 99a3ec9f-6c28-4313-a492-395fa43fd8a6 found for delete ", "request_id": "req-6afc75cd-a72d-46e4-b402-3a4977496748"}]}
