Feb 24 01:27:27.635208 np0000156685 devstack@o-api.service[121608]: DEBUG ovsdbapp.backend.ovs_idl.transaction [-] Running txn n=1 command(idx=0): DbSetCommand(_result=None, table=Load_Balancer, record=ec7fabdf-3d6a-417a-844e-44a2098deb19, col_values=(('protocol', 'tcp'),), if_exists=True) {{(pid=121608) do_commit /opt/stack/data/venv/lib/python3.12/site-packages/ovsdbapp/backend/ovs_idl/transaction.py:89}}
Feb 24 01:27:27.648120 np0000156685 devstack@o-api.service[121608]: DEBUG ovsdbapp.backend.ovs_idl.transaction [-] Running txn n=1 command(idx=0): DbSetCommand(_result=None, table=Load_Balancer, record=ec7fabdf-3d6a-417a-844e-44a2098deb19, col_values=(('external_ids', {'listener_cc7c9e23-0911-4aed-8045-8a9ea8b60b1e': '6443:'}),), if_exists=True) {{(pid=121608) do_commit /opt/stack/data/venv/lib/python3.12/site-packages/ovsdbapp/backend/ovs_idl/transaction.py:89}}
Feb 24 01:27:27.648581 np0000156685 devstack@o-api.service[121608]: DEBUG ovsdbapp.backend.ovs_idl.transaction [-] Running txn n=1 command(idx=1): DbSetCommand(_result=None, table=Load_Balancer, record=ec7fabdf-3d6a-417a-844e-44a2098deb19, col_values=(('protocol', 'tcp'),), if_exists=True) {{(pid=121608) do_commit /opt/stack/data/venv/lib/python3.12/site-packages/ovsdbapp/backend/ovs_idl/transaction.py:89}}
Feb 24 01:27:27.648771 np0000156685 devstack@o-api.service[121608]: DEBUG ovsdbapp.backend.ovs_idl.transaction [-] Running txn n=1 command(idx=2): DbClearCommand(_result=None, table=Load_Balancer, record=ec7fabdf-3d6a-417a-844e-44a2098deb19, column=vips) {{(pid=121608) do_commit /opt/stack/data/venv/lib/python3.12/site-packages/ovsdbapp/backend/ovs_idl/transaction.py:89}}
Feb 24 01:27:27.648970 np0000156685 devstack@o-api.service[121608]: DEBUG ovsdbapp.backend.ovs_idl.transaction [-] Running txn n=1 command(idx=3): DbSetCommand(_result=None, table=Load_Balancer, record=ec7fabdf-3d6a-417a-844e-44a2098deb19, col_values=(('vips', {}),), if_exists=True) {{(pid=121608) do_commit /opt/stack/data/venv/lib/python3.12/site-packages/ovsdbapp/backend/ovs_idl/transaction.py:89}}
Feb 24 01:27:27.657831 np0000156685 devstack@o-api.service[121608]: DEBUG ovn_octavia_provider.helper [-] Updating status to octavia: {'listeners': [{'id': 'cc7c9e23-0911-4aed-8045-8a9ea8b60b1e', 'provisioning_status': 'ACTIVE', 'operating_status': 'ONLINE'}], 'loadbalancers': [{'id': '4993be75-fe1f-4cd3-88bf-fb928993bbdf', 'provisioning_status': 'ACTIVE'}]} {{(pid=121608) _update_status_to_octavia /opt/stack/ovn-octavia-provider/ovn_octavia_provider/helper.py:450}}
Feb 24 01:27:27.689173 np0000156685 devstack@o-api.service[121608]: [pid: 121608|app: 0|req: 2/8] 172.18.0.2 () {58 vars in 1196 bytes} [Tue Feb 24 01:27:27 2026] POST /load-balancer/v2.0/lbaas/listeners => generated 1065 bytes in 214 msecs (HTTP/1.1 201) 4 headers in 163 bytes (1 switches on core 0)
Feb 24 01:27:27.732463 np0000156685 devstack@o-api.service[121609]: [pid: 121609|app: 0|req: 3/9] 172.18.0.2 () {54 vars in 1265 bytes} [Tue Feb 24 01:27:27 2026] GET /load-balancer/v2.0/lbaas/loadbalancers/4993be75-fe1f-4cd3-88bf-fb928993bbdf => generated 943 bytes in 41 msecs (HTTP/1.1 200) 4 headers in 157 bytes (1 switches on core 0)
Feb 24 01:27:28.767469 np0000156685 devstack@o-api.service[121606]: DEBUG oslo_db.sqlalchemy.engines [None req-cde1d0e4-69e2-4f3e-bbc4-85cad2528b0a demo demo] MySQL server mode set to STRICT_TRANS_TABLES,STRICT_ALL_TABLES,NO_ZERO_IN_DATE,NO_ZERO_DATE,ERROR_FOR_DIVISION_BY_ZERO,TRADITIONAL,NO_ENGINE_SUBSTITUTION {{(pid=121606) _check_effective_sql_mode /opt/stack/data/venv/lib/python3.12/site-packages/oslo_db/sqlalchemy/engines.py:325}}
Feb 24 01:27:28.879870 np0000156685 devstack@o-api.service[121606]: [pid: 121606|app: 0|req: 3/10] 172.18.0.2 () {54 vars in 1265 bytes} [Tue Feb 24 01:27:28 2026] GET /load-balancer/v2.0/lbaas/loadbalancers/4993be75-fe1f-4cd3-88bf-fb928993bbdf => generated 935 bytes in 137 msecs (HTTP/1.1 200) 4 headers in 157 bytes (1 switches on core 0)
Feb 24 01:27:28.923249 np0000156685 devstack@o-api.service[121607]: [pid: 121607|app: 0|req: 3/11] 172.18.0.2 () {54 vars in 1253 bytes} [Tue Feb 24 01:27:28 2026] GET /load-balancer/v2.0/lbaas/listeners/cc7c9e23-0911-4aed-8045-8a9ea8b60b1e => generated 1073 bytes in 41 msecs (HTTP/1.1 200) 4 headers in 158 bytes (1 switches on core 0)
Feb 24 01:27:28.947078 np0000156685 devstack@o-api.service[121608]: [pid: 121608|app: 0|req: 3/12] 172.18.0.2 () {54 vars in 1261 bytes} [Tue Feb 24 01:27:28 2026] GET /load-balancer/v2.0/lbaas/pools?name=k8s-clusterapi-cluster-magnum-system-kube-7tagt-kubeapi-6443 => generated 32 bytes in 20 msecs (HTTP/1.1 200) 4 headers in 156 bytes (1 switches on core 0)
Feb 24 01:27:29.020749 np0000156685 devstack@o-api.service[121609]: DEBUG ovsdbapp.backend.ovs_idl [None req-b7b72c34-773a-4519-9779-a20ceab96c4a demo demo] Connection already started, not creating indices {{(pid=121609) __init__ /opt/stack/data/venv/lib/python3.12/site-packages/ovsdbapp/backend/ovs_idl/__init__.py:36}}
Feb 24 01:27:29.021231 np0000156685 devstack@o-api.service[121609]: DEBUG octavia.db.repositories [None req-b7b72c34-773a-4519-9779-a20ceab96c4a demo demo] Checking quota for project: 3e5d4de9c5a14eeaa5094b179b980632 object: {{(pid=121609) check_quota_met /opt/stack/octavia/octavia/db/repositories.py:414}}
Feb 24 01:27:29.083427 np0000156685 devstack@o-api.service[121609]: /opt/stack/octavia/octavia/db/repositories.py:1066: SAWarning: Coercing Subquery object into a select() for use in IN(); please pass a select() construct explicitly
Feb 24 01:27:29.083427 np0000156685 devstack@o-api.service[121609]: filter(models.LoadBalancer.id.in_(lb_subquery)).first())
Feb 24 01:27:29.086302 np0000156685 devstack@o-api.service[121609]: /opt/stack/octavia/octavia/db/repositories.py:1066: SAWarning: SELECT statement has a cartesian product between FROM element(s) "load_balancer" and FROM element "pool". Apply join condition(s) between each element to resolve.
Feb 24 01:27:29.086302 np0000156685 devstack@o-api.service[121609]: filter(models.LoadBalancer.id.in_(lb_subquery)).first())
Feb 24 01:27:29.145495 np0000156685 devstack@o-api.service[121609]: INFO octavia.api.v2.controllers.pool [None req-b7b72c34-773a-4519-9779-a20ceab96c4a demo demo] Sending create Pool 8b3e7adb-6669-434c-995d-8e1a2c482134 to provider ovn
Feb 24 01:27:29.146865 np0000156685 devstack@o-api.service[121609]: DEBUG ovn_octavia_provider.helper [-] Handling request pool_create with info {'id': '8b3e7adb-6669-434c-995d-8e1a2c482134', 'loadbalancer_id': '4993be75-fe1f-4cd3-88bf-fb928993bbdf', 'protocol': 'TCP', 'lb_algorithm': 'SOURCE_IP_PORT', 'listener_id': 'cc7c9e23-0911-4aed-8045-8a9ea8b60b1e', 'admin_state_up': True, 'session_persistence': None} {{(pid=121609) request_handler /opt/stack/ovn-octavia-provider/ovn_octavia_provider/helper.py:423}}
Feb 24 01:27:29.148165 np0000156685 devstack@o-api.service[121609]: DEBUG ovsdbapp.backend.ovs_idl.transaction [-] Running txn n=1 command(idx=0): DbSetCommand(_result=None, table=Load_Balancer, record=ec7fabdf-3d6a-417a-844e-44a2098deb19, col_values=(('external_ids', {'enabled': 'True', 'neutron:vip': '192.168.24.186', 'neutron:vip_port_id': 'd224d22f-16d6-4bfd-b0f4-8f16595dec66', 'lr_ref': 'neutron-ef013b05-1488-499c-9bff-d97be8311cea', 'ls_refs': '{"neutron-143335bb-3616-44ac-9e05-f6a67deba3e1": 1}', 'neutron:vip_fip': '172.24.5.29', 'listener_cc7c9e23-0911-4aed-8045-8a9ea8b60b1e': '6443:pool_8b3e7adb-6669-434c-995d-8e1a2c482134', 'pool_8b3e7adb-6669-434c-995d-8e1a2c482134': ''}),), if_exists=True) {{(pid=121609) do_commit /opt/stack/data/venv/lib/python3.12/site-packages/ovsdbapp/backend/ovs_idl/transaction.py:89}}
Feb 24 01:27:29.154003 np0000156685 devstack@o-api.service[121609]: DEBUG ovn_octavia_provider.helper [-] Updating status to octavia: {'pools': [{'id': '8b3e7adb-6669-434c-995d-8e1a2c482134', 'provisioning_status': 'ACTIVE', 'operating_status': 'ONLINE'}], 'loadbalancers': [{'id': '4993be75-fe1f-4cd3-88bf-fb928993bbdf', 'provisioning_status': 'ACTIVE'}], 'listeners': [{'id': 'cc7c9e23-0911-4aed-8045-8a9ea8b60b1e', 'provisioning_status': 'ACTIVE'}]} {{(pid=121609) _update_status_to_octavia /opt/stack/ovn-octavia-provider/ovn_octavia_provider/helper.py:450}}
Feb 24 01:27:29.460644 np0000156685 devstack@o-api.service[121609]: [pid: 121609|app: 0|req: 4/13] 172.18.0.2 () {58 vars in 1184 bytes} [Tue Feb 24 01:27:28 2026] POST /load-balancer/v2.0/lbaas/pools => generated 811 bytes in 511 msecs (HTTP/1.1 201) 4 headers in 162 bytes (1 switches on core 0)
Feb 24 01:27:29.514785 np0000156685 devstack@o-api.service[121606]: [pid: 121606|app: 0|req: 4/14] 172.18.0.2 () {54 vars in 1265 bytes} [Tue Feb 24 01:27:29 2026] GET /load-balancer/v2.0/lbaas/loadbalancers/4993be75-fe1f-4cd3-88bf-fb928993bbdf => generated 989 bytes in 52 msecs (HTTP/1.1 200) 4 headers in 157 bytes (1 switches on core 0)
Feb 24 01:27:30.611311 np0000156685 devstack@o-api.service[121607]: [pid: 121607|app: 0|req: 4/15] 172.18.0.2 () {54 vars in 1265 bytes} [Tue Feb 24 01:27:30 2026] GET /load-balancer/v2.0/lbaas/loadbalancers/4993be75-fe1f-4cd3-88bf-fb928993bbdf => generated 981 bytes in 56 msecs (HTTP/1.1 200) 4 headers in 157 bytes (1 switches on core 0)
Feb 24 01:27:30.629839 np0000156685 devstack@o-api.service[121608]: [pid: 121608|app: 0|req: 4/16] 172.18.0.2 () {54 vars in 1288 bytes} [Tue Feb 24 01:27:30 2026] GET /load-balancer/v2.0/lbaas/healthmonitors?name=k8s-clusterapi-cluster-magnum-system-kube-7tagt-kubeapi-6443 => generated 50 bytes in 16 msecs (HTTP/1.1 200) 4 headers in 156 bytes (1 switches on core 0)
Feb 24 01:27:30.702573 np0000156685 devstack@o-api.service[121609]: DEBUG ovsdbapp.backend.ovs_idl [None req-6e0dafbc-69a0-422a-94d1-a940a9097238 demo demo] Connection already started, not creating indices {{(pid=121609) __init__ /opt/stack/data/venv/lib/python3.12/site-packages/ovsdbapp/backend/ovs_idl/__init__.py:36}}
Feb 24 01:27:30.703222 np0000156685 devstack@o-api.service[121609]: DEBUG octavia.db.repositories [None req-6e0dafbc-69a0-422a-94d1-a940a9097238 demo demo] Checking quota for project: 3e5d4de9c5a14eeaa5094b179b980632 object: {{(pid=121609) check_quota_met /opt/stack/octavia/octavia/db/repositories.py:414}}
Feb 24 01:27:30.761356 np0000156685 devstack@o-api.service[121609]: INFO octavia.api.v2.controllers.health_monitor [None req-6e0dafbc-69a0-422a-94d1-a940a9097238 demo demo] Sending create Health Monitor 9847d9d3-8513-47ef-86a5-486e9ec8bc09 to provider ovn
Feb 24 01:27:30.762023 np0000156685 devstack@o-api.service[121609]: DEBUG ovn_octavia_provider.helper [-] Handling request hm_create with info {'id': '9847d9d3-8513-47ef-86a5-486e9ec8bc09', 'pool_id': '8b3e7adb-6669-434c-995d-8e1a2c482134', 'type': 'TCP', 'interval': 10, 'timeout': 5, 'failure_count': 3, 'success_count': 5, 'admin_state_up': True} {{(pid=121609) request_handler /opt/stack/ovn-octavia-provider/ovn_octavia_provider/helper.py:423}}
Feb 24 01:27:30.765355 np0000156685 devstack@o-api.service[121609]: DEBUG ovsdbapp.backend.ovs_idl.transaction [-] Running txn n=1 command(idx=0): DbCreateCommand(_result=None, table=Load_Balancer_Health_Check, columns={'vip': '192.168.24.186:6443', 'options': {'interval': '10', 'timeout': '5', 'success_count': '5', 'failure_count': '3'}, 'external_ids': {'octavia:healthmonitor': '9847d9d3-8513-47ef-86a5-486e9ec8bc09', 'octavia:pool_id': '8b3e7adb-6669-434c-995d-8e1a2c482134', 'octavia:vip': '192.168.24.186'}}, row=False) {{(pid=121609) do_commit /opt/stack/data/venv/lib/python3.12/site-packages/ovsdbapp/backend/ovs_idl/transaction.py:89}}
Feb 24 01:27:30.766025 np0000156685 devstack@o-api.service[121609]: DEBUG ovsdbapp.backend.ovs_idl.transaction [-] Running txn n=1 command(idx=1): DbAddCommand(_result=None, table=Load_Balancer, record=ec7fabdf-3d6a-417a-844e-44a2098deb19, column=health_check, values=(DbCreateCommand(_result=Load_Balancer_Health_Check(uuid=76117294-e905-4f63-ae6a-618d6d6243ca, external_ids={'octavia:healthmonitor': '9847d9d3-8513-47ef-86a5-486e9ec8bc09', 'octavia:pool_id': '8b3e7adb-6669-434c-995d-8e1a2c482134', 'octavia:vip': '192.168.24.186'}, options={'interval': '10', 'timeout': '5', 'success_count': '5', 'failure_count': '3'}, vip=192.168.24.186:6443), table=Load_Balancer_Health_Check, columns={'vip': '192.168.24.186:6443', 'options': {'interval': '10', 'timeout': '5', 'success_count': '5', 'failure_count': '3'}, 'external_ids': {'octavia:healthmonitor': '9847d9d3-8513-47ef-86a5-486e9ec8bc09', 'octavia:pool_id': '8b3e7adb-6669-434c-995d-8e1a2c482134', 'octavia:vip': '192.168.24.186'}}, row=False),)) {{(pid=121609) do_commit /opt/stack/data/venv/lib/python3.12/site-packages/ovsdbapp/backend/ovs_idl/transaction.py:89}}
Feb 24 01:27:30.766830 np0000156685 devstack@o-api.service[121609]: DEBUG ovsdbapp.backend.ovs_idl.transaction [-] Running txn n=1 command(idx=2): DbSetCommand(_result=None, table=Load_Balancer, record=ec7fabdf-3d6a-417a-844e-44a2098deb19, col_values=(('external_ids', {'octavia:healthmonitors': '["9847d9d3-8513-47ef-86a5-486e9ec8bc09"]'}),), if_exists=True) {{(pid=121609) do_commit /opt/stack/data/venv/lib/python3.12/site-packages/ovsdbapp/backend/ovs_idl/transaction.py:89}}
Feb 24 01:27:30.767407 np0000156685 devstack@o-api.service[121609]: DEBUG ovsdbapp.backend.ovs_idl.transaction [-] Running txn n=1 command(idx=3): DbCreateCommand(_result=None, table=Load_Balancer_Health_Check, columns={'vip': '172.24.5.29:6443', 'options': {'interval': '10', 'timeout': '5', 'success_count': '5', 'failure_count': '3'}, 'external_ids': {'octavia:healthmonitor': '9847d9d3-8513-47ef-86a5-486e9ec8bc09', 'octavia:pool_id': '8b3e7adb-6669-434c-995d-8e1a2c482134', 'octavia:vip': '172.24.5.29'}}, row=False) {{(pid=121609) do_commit /opt/stack/data/venv/lib/python3.12/site-packages/ovsdbapp/backend/ovs_idl/transaction.py:89}}
Feb 24 01:27:30.767955 np0000156685 devstack@o-api.service[121609]: DEBUG ovsdbapp.backend.ovs_idl.transaction [-] Running txn n=1 command(idx=4): DbAddCommand(_result=None, table=Load_Balancer, record=ec7fabdf-3d6a-417a-844e-44a2098deb19, column=health_check, values=(DbCreateCommand(_result=Load_Balancer_Health_Check(uuid=895afecb-167f-4a6d-a884-74f25ce9bfa7, external_ids={'octavia:healthmonitor': '9847d9d3-8513-47ef-86a5-486e9ec8bc09', 'octavia:pool_id': '8b3e7adb-6669-434c-995d-8e1a2c482134', 'octavia:vip': '172.24.5.29'}, options={'interval': '10', 'timeout': '5', 'success_count': '5', 'failure_count': '3'}, vip=172.24.5.29:6443), table=Load_Balancer_Health_Check, columns={'vip': '172.24.5.29:6443', 'options': {'interval': '10', 'timeout': '5', 'success_count': '5', 'failure_count': '3'}, 'external_ids': {'octavia:healthmonitor': '9847d9d3-8513-47ef-86a5-486e9ec8bc09', 'octavia:pool_id': '8b3e7adb-6669-434c-995d-8e1a2c482134', 'octavia:vip': '172.24.5.29'}}, row=False),)) {{(pid=121609) do_commit /opt/stack/data/venv/lib/python3.12/site-packages/ovsdbapp/backend/ovs_idl/transaction.py:89}}
Feb 24 01:27:30.786087 np0000156685 devstack@o-api.service[121609]: DEBUG ovn_octavia_provider.helper [-] no member status on external_ids: None {{(pid=121609) _get_current_operating_statuses /opt/stack/ovn-octavia-provider/ovn_octavia_provider/helper.py:4184}}
Feb 24 01:27:30.814298 np0000156685 devstack@o-api.service[121609]: [pid: 121609|app: 0|req: 5/17] 172.18.0.2 () {58 vars in 1211 bytes} [Tue Feb 24 01:27:30 2026] POST /load-balancer/v2.0/lbaas/healthmonitors => generated 649 bytes in 182 msecs (HTTP/1.1 201) 4 headers in 162 bytes (1 switches on core 0)
Feb 24 01:27:30.858952 np0000156685 devstack@o-api.service[121606]: [pid: 121606|app: 0|req: 5/18] 172.18.0.2 () {54 vars in 1265 bytes} [Tue Feb 24 01:27:30 2026] GET /load-balancer/v2.0/lbaas/loadbalancers/4993be75-fe1f-4cd3-88bf-fb928993bbdf => generated 989 bytes in 42 msecs (HTTP/1.1 200) 4 headers in 157 bytes (1 switches on core 0)
Feb 24 01:27:31.011241 np0000156685 devstack@o-api.service[121609]: DEBUG ovn_octavia_provider.helper [-] Updating status to octavia: {'loadbalancers': [{'id': '4993be75-fe1f-4cd3-88bf-fb928993bbdf', 'provisioning_status': 'ACTIVE', 'operating_status': 'ONLINE'}], 'listeners': [{'id': 'cc7c9e23-0911-4aed-8045-8a9ea8b60b1e', 'provisioning_status': 'ACTIVE', 'operating_status': 'ONLINE'}], 'pools': [{'id': '8b3e7adb-6669-434c-995d-8e1a2c482134', 'provisioning_status': 'ACTIVE', 'operating_status': 'OFFLINE'}], 'members': [], 'healthmonitors': [{'id': '9847d9d3-8513-47ef-86a5-486e9ec8bc09', 'provisioning_status': 'ACTIVE', 'operating_status': 'ONLINE'}]} {{(pid=121609) _update_status_to_octavia /opt/stack/ovn-octavia-provider/ovn_octavia_provider/helper.py:450}}
Feb 24 01:27:31.943420 np0000156685 devstack@o-api.service[121607]: [pid: 121607|app: 0|req: 5/19] 172.18.0.2 () {54 vars in 1265 bytes} [Tue Feb 24 01:27:31 2026] GET /load-balancer/v2.0/lbaas/loadbalancers/4993be75-fe1f-4cd3-88bf-fb928993bbdf => generated 981 bytes in 46 msecs (HTTP/1.1 200) 4 headers in 157 bytes (1 switches on core 0)
Feb 24 01:27:32.720561 np0000156685 devstack@o-api.service[121608]: [pid: 121608|app: 0|req: 5/20] 172.18.0.2 () {54 vars in 1275 bytes} [Tue Feb 24 01:27:32 2026] GET /load-balancer/v2.0/lbaas/loadbalancers?name=k8s-clusterapi-cluster-magnum-system-kube-7tagt-kubeapi => generated 1011 bytes in 43 msecs (HTTP/1.1 200) 4 headers in 158 bytes (1 switches on core 0)
Feb 24 01:27:32.818381 np0000156685 devstack@o-api.service[121609]: [pid: 121609|app: 0|req: 6/21] 172.18.0.2 () {54 vars in 1083 bytes} [Tue Feb 24 01:27:32 2026] GET /load-balancer/ => generated 4745 bytes in 5 msecs (HTTP/1.1 200) 4 headers in 158 bytes (1 switches on core 0)
Feb 24 01:27:32.853725 np0000156685 devstack@o-api.service[121606]: [pid: 121606|app: 0|req: 6/22] 172.18.0.2 () {54 vars in 1273 bytes} [Tue Feb 24 01:27:32 2026] GET /load-balancer/v2.0/lbaas/listeners?name=k8s-clusterapi-cluster-magnum-system-kube-7tagt-kubeapi-6443 => generated 1133 bytes in 33 msecs (HTTP/1.1 200) 4 headers in 158 bytes (1 switches on core 0)
Feb 24 01:27:32.900918 np0000156685 devstack@o-api.service[121607]: [pid: 121607|app: 0|req: 6/23] 172.18.0.2 () {54 vars in 1261 bytes} [Tue Feb 24 01:27:32 2026] GET /load-balancer/v2.0/lbaas/pools?name=k8s-clusterapi-cluster-magnum-system-kube-7tagt-kubeapi-6443 => generated 902 bytes in 45 msecs (HTTP/1.1 200) 4 headers in 157 bytes (1 switches on core 0)
Feb 24 01:27:32.923922 np0000156685 devstack@o-api.service[121608]: [pid: 121608|app: 0|req: 6/24] 172.18.0.2 () {54 vars in 1288 bytes} [Tue Feb 24 01:27:32 2026] GET /load-balancer/v2.0/lbaas/healthmonitors?name=k8s-clusterapi-cluster-magnum-system-kube-7tagt-kubeapi-6443 => generated 688 bytes in 20 msecs (HTTP/1.1 200) 4 headers in 157 bytes (1 switches on core 0)
Feb 24 01:27:34.040096 np0000156685 devstack@o-api.service[121609]: [pid: 121609|app: 0|req: 7/25] 172.18.0.2 () {54 vars in 1275 bytes} [Tue Feb 24 01:27:33 2026] GET /load-balancer/v2.0/lbaas/loadbalancers?name=k8s-clusterapi-cluster-magnum-system-kube-7tagt-kubeapi => generated 1011 bytes in 51 msecs (HTTP/1.1 200) 4 headers in 158 bytes (1 switches on core 0)
Feb 24 01:27:34.134517 np0000156685 devstack@o-api.service[121606]: [pid: 121606|app: 0|req: 7/26] 172.18.0.2 () {54 vars in 1083 bytes} [Tue Feb 24 01:27:34 2026] GET /load-balancer/ => generated 4745 bytes in 4 msecs (HTTP/1.1 200) 4 headers in 158 bytes (1 switches on core 0)
Feb 24 01:27:34.170940 np0000156685 devstack@o-api.service[121607]: [pid: 121607|app: 0|req: 7/27] 172.18.0.2 () {54 vars in 1273 bytes} [Tue Feb 24 01:27:34 2026] GET /load-balancer/v2.0/lbaas/listeners?name=k8s-clusterapi-cluster-magnum-system-kube-7tagt-kubeapi-6443 => generated 1133 bytes in 34 msecs (HTTP/1.1 200) 4 headers in 158 bytes (1 switches on core 0)
Feb 24 01:27:34.417632 np0000156685 devstack@o-api.service[121608]: [pid: 121608|app: 0|req: 7/28] 172.18.0.2 () {54 vars in 1261 bytes} [Tue Feb 24 01:27:34 2026] GET /load-balancer/v2.0/lbaas/pools?name=k8s-clusterapi-cluster-magnum-system-kube-7tagt-kubeapi-6443 => generated 902 bytes in 244 msecs (HTTP/1.1 200) 4 headers in 157 bytes (1 switches on core 0)
Feb 24 01:27:34.441054 np0000156685 devstack@o-api.service[121609]: [pid: 121609|app: 0|req: 8/29] 172.18.0.2 () {54 vars in 1288 bytes} [Tue Feb 24 01:27:34 2026] GET /load-balancer/v2.0/lbaas/healthmonitors?name=k8s-clusterapi-cluster-magnum-system-kube-7tagt-kubeapi-6443 => generated 688 bytes in 21 msecs (HTTP/1.1 200) 4 headers in 157 bytes (1 switches on core 0)
Feb 24 01:28:46.215572 np0000156685 devstack@o-api.service[121606]: [pid: 121606|app: 0|req: 8/30] 172.18.0.2 () {54 vars in 1261 bytes} [Tue Feb 24 01:28:46 2026] GET /load-balancer/v2.0/lbaas/pools?name=k8s-clusterapi-cluster-magnum-system-kube-7tagt-kubeapi-6443 => generated 902 bytes in 53 msecs (HTTP/1.1 200) 4 headers in 157 bytes (1 switches on core 0)
Feb 24 01:28:46.303235 np0000156685 devstack@o-api.service[121607]: [pid: 121607|app: 0|req: 8/31] 172.18.0.2 () {54 vars in 1442 bytes} [Tue Feb 24 01:28:46 2026] GET /load-balancer/v2.0/lbaas/pools/8b3e7adb-6669-434c-995d-8e1a2c482134/members?name=k8s-clusterapi-cluster-magnum-system-kube-7tagt-kubeapi-6443-kube-7tagt-fz2l2-d96x7 => generated 36 bytes in 85 msecs (HTTP/1.1 200) 4 headers in 156 bytes (1 switches on core 0)
Feb 24 01:28:46.485277 np0000156685 devstack@o-api.service[121608]: [pid: 121608|app: 0|req: 8/32] 172.18.0.2 () {54 vars in 1265 bytes} [Tue Feb 24 01:28:46 2026] GET /load-balancer/v2.0/lbaas/loadbalancers/4993be75-fe1f-4cd3-88bf-fb928993bbdf => generated 981 bytes in 180 msecs (HTTP/1.1 200) 4 headers in 157 bytes (1 switches on core 0)
Feb 24 01:28:46.601501 np0000156685 devstack@o-api.service[121609]: DEBUG ovsdbapp.backend.ovs_idl [None req-853b1226-24f7-4486-9df6-9873d149c5a4 demo demo] Connection already started, not creating indices {{(pid=121609) __init__ /opt/stack/data/venv/lib/python3.12/site-packages/ovsdbapp/backend/ovs_idl/__init__.py:36}}
Feb 24 01:28:46.602382 np0000156685 devstack@o-api.service[121609]: DEBUG octavia.db.repositories [None req-853b1226-24f7-4486-9df6-9873d149c5a4 demo demo] Checking quota for project: 3e5d4de9c5a14eeaa5094b179b980632 object: {{(pid=121609) check_quota_met /opt/stack/octavia/octavia/db/repositories.py:414}}
Feb 24 01:28:46.655365 np0000156685 devstack@o-api.service[121609]: INFO octavia.api.v2.controllers.member [None req-853b1226-24f7-4486-9df6-9873d149c5a4 demo demo] Sending create Member 9e745052-c8a8-46b6-a23c-15072d6bb8ac to provider ovn
Feb 24 01:28:47.234611 np0000156685 devstack@o-api.service[121609]: DEBUG ovn_octavia_provider.helper [-] Handling request member_create with info [{'id': '9e745052-c8a8-46b6-a23c-15072d6bb8ac', 'address': '192.168.24.43', 'protocol_port': 6443, 'pool_id': '8b3e7adb-6669-434c-995d-8e1a2c482134', 'subnet_id': '0aa09e9d-7d7d-4f51-af3c-c33014c7d903', 'admin_state_up': True}] {{(pid=121609) request_handler /opt/stack/ovn-octavia-provider/ovn_octavia_provider/helper.py:423}}
Feb 24 01:28:47.235604 np0000156685 devstack@o-api.service[121609]: DEBUG ovn_octavia_provider.helper [-] no member status on external_ids: None {{(pid=121609) _find_member_status /opt/stack/ovn-octavia-provider/ovn_octavia_provider/helper.py:2525}}
Feb 24 01:28:47.236623 np0000156685 devstack@o-api.service[121609]: DEBUG ovsdbapp.backend.ovs_idl.transaction [-] Running txn n=1 command(idx=0): DbSetCommand(_result=None, table=Load_Balancer, record=ec7fabdf-3d6a-417a-844e-44a2098deb19, col_values=(('external_ids', {'pool_8b3e7adb-6669-434c-995d-8e1a2c482134': 'member_9e745052-c8a8-46b6-a23c-15072d6bb8ac_192.168.24.43:6443_0aa09e9d-7d7d-4f51-af3c-c33014c7d903'}),), if_exists=True) {{(pid=121609) do_commit /opt/stack/data/venv/lib/python3.12/site-packages/ovsdbapp/backend/ovs_idl/transaction.py:89}}
Feb 24 01:28:47.237285 np0000156685 devstack@o-api.service[121609]: DEBUG ovsdbapp.backend.ovs_idl.transaction [-] Running txn n=1 command(idx=1): DbClearCommand(_result=None, table=Load_Balancer, record=ec7fabdf-3d6a-417a-844e-44a2098deb19, column=vips) {{(pid=121609) do_commit /opt/stack/data/venv/lib/python3.12/site-packages/ovsdbapp/backend/ovs_idl/transaction.py:89}}
Feb 24 01:28:47.237538 np0000156685 devstack@o-api.service[121609]: DEBUG ovsdbapp.backend.ovs_idl.transaction [-] Running txn n=1 command(idx=2): DbSetCommand(_result=None, table=Load_Balancer, record=ec7fabdf-3d6a-417a-844e-44a2098deb19, col_values=(('vips', {'192.168.24.186:6443': '192.168.24.43:6443', '172.24.5.29:6443': '192.168.24.43:6443'}),), if_exists=True) {{(pid=121609) do_commit /opt/stack/data/venv/lib/python3.12/site-packages/ovsdbapp/backend/ovs_idl/transaction.py:89}}
Feb 24 01:28:47.288283 np0000156685 devstack@o-api.service[121609]: DEBUG ovsdbapp.backend.ovs_idl.transaction [-] Running txn n=1 command(idx=0): DbSetCommand(_result=None, table=Load_Balancer, record=ec7fabdf-3d6a-417a-844e-44a2098deb19, col_values=(('external_ids', {'ls_refs': '{"neutron-143335bb-3616-44ac-9e05-f6a67deba3e1": 2}'}),), if_exists=True) {{(pid=121609) do_commit /opt/stack/data/venv/lib/python3.12/site-packages/ovsdbapp/backend/ovs_idl/transaction.py:89}}
Feb 24 01:28:47.311833 np0000156685 devstack@o-api.service[121609]: [pid: 121609|app: 0|req: 9/33] 172.18.0.2 () {58 vars in 1319 bytes} [Tue Feb 24 01:28:46 2026] POST /load-balancer/v2.0/lbaas/pools/8b3e7adb-6669-434c-995d-8e1a2c482134/members => generated 587 bytes in 824 msecs (HTTP/1.1 201) 4 headers in 162 bytes (1 switches on core 0)
Feb 24 01:28:47.339784 np0000156685 devstack@o-api.service[121609]: DEBUG ovsdbapp.backend.ovs_idl.transaction [-] Running txn n=1 command(idx=0): LrLbAddCommand(_result=None, router=94116c26-0e19-43bc-8e8d-0dab81f65278, lb=ec7fabdf-3d6a-417a-844e-44a2098deb19, may_exist=True) {{(pid=121609) do_commit /opt/stack/data/venv/lib/python3.12/site-packages/ovsdbapp/backend/ovs_idl/transaction.py:89}}
Feb 24 01:28:47.340042 np0000156685 devstack@o-api.service[121609]: DEBUG ovsdbapp.backend.ovs_idl.transaction [-] Running txn n=1 command(idx=1): LsLbAddCommand(_result=None, switch=neutron-143335bb-3616-44ac-9e05-f6a67deba3e1, lb=ec7fabdf-3d6a-417a-844e-44a2098deb19, may_exist=True) {{(pid=121609) do_commit /opt/stack/data/venv/lib/python3.12/site-packages/ovsdbapp/backend/ovs_idl/transaction.py:89}}
Feb 24 01:28:47.340316 np0000156685 devstack@o-api.service[121609]: DEBUG ovsdbapp.backend.ovs_idl.transaction [-] Transaction caused no change {{(pid=121609) do_commit /opt/stack/data/venv/lib/python3.12/site-packages/ovsdbapp/backend/ovs_idl/transaction.py:129}}
Feb 24 01:28:47.359277 np0000156685 devstack@o-api.service[121606]: [pid: 121606|app: 0|req: 9/34] 172.18.0.2 () {54 vars in 1265 bytes} [Tue Feb 24 01:28:47 2026] GET /load-balancer/v2.0/lbaas/loadbalancers/4993be75-fe1f-4cd3-88bf-fb928993bbdf => generated 989 bytes in 43 msecs (HTTP/1.1 200) 4 headers in 157 bytes (1 switches on core 0)
Feb 24 01:28:47.968968 np0000156685 devstack@o-api.service[121609]: DEBUG ovsdbapp.backend.ovs_idl.transaction [-] Running txn n=1 command(idx=0): AddBackendToIPPortMapping(_result=None, lb=ec7fabdf-3d6a-417a-844e-44a2098deb19, backend_ip=192.168.24.43, port_name=1f454242-6ab3-4e19-afa1-1f4389130ddf, src_ip=192.168.24.126) {{(pid=121609) do_commit /opt/stack/data/venv/lib/python3.12/site-packages/ovsdbapp/backend/ovs_idl/transaction.py:89}}
Feb 24 01:28:47.971246 np0000156685 devstack@o-api.service[121609]: DEBUG ovn_octavia_provider.helper [-] no member status on external_ids: None {{(pid=121609) _update_external_ids_member_status /opt/stack/ovn-octavia-provider/ovn_octavia_provider/helper.py:2557}}
Feb 24 01:28:47.971619 np0000156685 devstack@o-api.service[121609]: DEBUG ovsdbapp.backend.ovs_idl.transaction [-] Running txn n=1 command(idx=0): DbSetCommand(_result=None, table=Load_Balancer, record=ec7fabdf-3d6a-417a-844e-44a2098deb19, col_values=(('external_ids', {'neutron:member_status': '{"9e745052-c8a8-46b6-a23c-15072d6bb8ac": "ONLINE"}'}),), if_exists=True) {{(pid=121609) do_commit /opt/stack/data/venv/lib/python3.12/site-packages/ovsdbapp/backend/ovs_idl/transaction.py:89}}
Feb 24 01:28:48.206187 np0000156685 devstack@o-api.service[121609]: DEBUG ovn_octavia_provider.helper [-] Updating status to octavia: {'loadbalancers': [{'id': '4993be75-fe1f-4cd3-88bf-fb928993bbdf', 'provisioning_status': 'ACTIVE', 'operating_status': 'ONLINE'}], 'listeners': [{'id': 'cc7c9e23-0911-4aed-8045-8a9ea8b60b1e', 'provisioning_status': 'ACTIVE', 'operating_status': 'ONLINE'}], 'pools': [{'id': '8b3e7adb-6669-434c-995d-8e1a2c482134', 'provisioning_status': 'ACTIVE', 'operating_status': 'ONLINE'}], 'members': [{'id': '9e745052-c8a8-46b6-a23c-15072d6bb8ac', 'provisioning_status': 'ACTIVE', 'operating_status': 'ONLINE'}]} {{(pid=121609) _update_status_to_octavia /opt/stack/ovn-octavia-provider/ovn_octavia_provider/helper.py:450}}
Feb 24 01:28:48.446010 np0000156685 devstack@o-api.service[121609]: DEBUG ovn_octavia_provider.helper [-] Handling request handle_member_dvr with info [{'id': '9e745052-c8a8-46b6-a23c-15072d6bb8ac', 'address': '192.168.24.43', 'pool_id': '8b3e7adb-6669-434c-995d-8e1a2c482134', 'subnet_id': '0aa09e9d-7d7d-4f51-af3c-c33014c7d903', 'action': 'member_added'}] {{(pid=121609) request_handler /opt/stack/ovn-octavia-provider/ovn_octavia_provider/helper.py:423}}
Feb 24 01:28:48.455102 np0000156685 devstack@o-api.service[121607]: [pid: 121607|app: 0|req: 9/35] 172.18.0.2 () {54 vars in 1265 bytes} [Tue Feb 24 01:28:48 2026] GET /load-balancer/v2.0/lbaas/loadbalancers/4993be75-fe1f-4cd3-88bf-fb928993bbdf => generated 989 bytes in 61 msecs (HTTP/1.1 200) 4 headers in 157 bytes (1 switches on core 0)
Feb 24 01:28:48.494465 np0000156685 devstack@o-api.service[121609]: DEBUG ovn_octavia_provider.helper [-] Member 9e745052-c8a8-46b6-a23c-15072d6bb8ac has no FIP assigned. There is no need to modify its NAT. {{(pid=121609) handle_member_dvr /opt/stack/ovn-octavia-provider/ovn_octavia_provider/helper.py:3249}}
Feb 24 01:28:49.841086 np0000156685 devstack@o-api.service[121608]: [pid: 121608|app: 0|req: 9/36] 172.18.0.2 () {54 vars in 1265 bytes} [Tue Feb 24 01:28:49 2026] GET /load-balancer/v2.0/lbaas/loadbalancers/4993be75-fe1f-4cd3-88bf-fb928993bbdf => generated 981 bytes in 46 msecs (HTTP/1.1 200) 4 headers in 157 bytes (1 switches on core 0)
Feb 24 01:28:50.323896 np0000156685 devstack@o-api.service[121609]: [pid: 121609|app: 0|req: 10/37] 172.18.0.2 () {54 vars in 1261 bytes} [Tue Feb 24 01:28:50 2026] GET /load-balancer/v2.0/lbaas/pools?name=k8s-clusterapi-cluster-magnum-system-kube-7tagt-kubeapi-6443 => generated 947 bytes in 203 msecs (HTTP/1.1 200) 4 headers in 157 bytes (1 switches on core 0)
Feb 24 01:28:50.413252 np0000156685 devstack@o-api.service[121606]: [pid: 121606|app: 0|req: 10/38] 172.18.0.2 () {54 vars in 1442 bytes} [Tue Feb 24 01:28:50 2026] GET /load-balancer/v2.0/lbaas/pools/8b3e7adb-6669-434c-995d-8e1a2c482134/members?name=k8s-clusterapi-cluster-magnum-system-kube-7tagt-kubeapi-6443-kube-7tagt-fz2l2-d96x7 => generated 619 bytes in 85 msecs (HTTP/1.1 200) 4 headers in 157 bytes (1 switches on core 0)
Feb 24 01:28:50.891568 np0000156685 devstack@o-api.service[121607]: [pid: 121607|app: 0|req: 10/39] 172.18.0.2 () {54 vars in 1261 bytes} [Tue Feb 24 01:28:50 2026] GET /load-balancer/v2.0/lbaas/pools?name=k8s-clusterapi-cluster-magnum-system-kube-7tagt-kubeapi-6443 => generated 947 bytes in 199 msecs (HTTP/1.1 200) 4 headers in 157 bytes (1 switches on core 0)
Feb 24 01:28:50.972640 np0000156685 devstack@o-api.service[121608]: [pid: 121608|app: 0|req: 10/40] 172.18.0.2 () {54 vars in 1442 bytes} [Tue Feb 24 01:28:50 2026] GET /load-balancer/v2.0/lbaas/pools/8b3e7adb-6669-434c-995d-8e1a2c482134/members?name=k8s-clusterapi-cluster-magnum-system-kube-7tagt-kubeapi-6443-kube-7tagt-fz2l2-d96x7 => generated 619 bytes in 78 msecs (HTTP/1.1 200) 4 headers in 157 bytes (1 switches on core 0)
Feb 24 01:31:58.302560 np0000156685 devstack@o-api.service[121609]: [pid: 121609|app: 0|req: 11/41] 172.18.0.2 () {54 vars in 1261 bytes} [Tue Feb 24 01:31:58 2026] GET /load-balancer/v2.0/lbaas/pools?name=k8s-clusterapi-cluster-magnum-system-kube-7tagt-kubeapi-6443 => generated 947 bytes in 33 msecs (HTTP/1.1 200) 4 headers in 157 bytes (1 switches on core 0)
Feb 24 01:31:58.365624 np0000156685 devstack@o-api.service[121606]: [pid: 121606|app: 0|req: 11/42] 172.18.0.2 () {54 vars in 1442 bytes} [Tue Feb 24 01:31:58 2026] GET /load-balancer/v2.0/lbaas/pools/8b3e7adb-6669-434c-995d-8e1a2c482134/members?name=k8s-clusterapi-cluster-magnum-system-kube-7tagt-kubeapi-6443-kube-7tagt-fz2l2-d96x7 => generated 619 bytes in 60 msecs (HTTP/1.1 200) 4 headers in 157 bytes (1 switches on core 0)
Feb 24 01:31:58.705221 np0000156685 devstack@o-api.service[121607]: [pid: 121607|app: 0|req: 11/43] 172.18.0.2 () {54 vars in 1261 bytes} [Tue Feb 24 01:31:58 2026] GET /load-balancer/v2.0/lbaas/pools?name=k8s-clusterapi-cluster-magnum-system-kube-7tagt-kubeapi-6443 => generated 947 bytes in 37 msecs (HTTP/1.1 200) 4 headers in 157 bytes (1 switches on core 0)
Feb 24 01:31:58.769046 np0000156685 devstack@o-api.service[121608]: [pid: 121608|app: 0|req: 11/44] 172.18.0.2 () {54 vars in 1442 bytes} [Tue Feb 24 01:31:58 2026] GET /load-balancer/v2.0/lbaas/pools/8b3e7adb-6669-434c-995d-8e1a2c482134/members?name=k8s-clusterapi-cluster-magnum-system-kube-7tagt-kubeapi-6443-kube-7tagt-fz2l2-d96x7 => generated 619 bytes in 61 msecs (HTTP/1.1 200) 4 headers in 157 bytes (1 switches on core 0)
Feb 24 01:31:59.108914 np0000156685 devstack@o-api.service[121609]: [pid: 121609|app: 0|req: 12/45] 172.18.0.2 () {54 vars in 1261 bytes} [Tue Feb 24 01:31:59 2026] GET /load-balancer/v2.0/lbaas/pools?name=k8s-clusterapi-cluster-magnum-system-kube-7tagt-kubeapi-6443 => generated 947 bytes in 40 msecs (HTTP/1.1 200) 4 headers in 157 bytes (1 switches on core 0)
Feb 24 01:31:59.194473 np0000156685 devstack@o-api.service[121606]: [pid: 121606|app: 0|req: 12/46] 172.18.0.2 () {54 vars in 1442 bytes} [Tue Feb 24 01:31:59 2026] GET /load-balancer/v2.0/lbaas/pools/8b3e7adb-6669-434c-995d-8e1a2c482134/members?name=k8s-clusterapi-cluster-magnum-system-kube-7tagt-kubeapi-6443-kube-7tagt-fz2l2-d96x7 => generated 619 bytes in 84 msecs (HTTP/1.1 200) 4 headers in 157 bytes (1 switches on core 0)
Feb 24 01:33:15.643483 np0000156685 devstack@o-api.service[121607]: [pid: 121607|app: 0|req: 12/47] 172.24.5.3 () {54 vars in 1087 bytes} [Tue Feb 24 01:33:15 2026] GET /load-balancer/ => generated 4745 bytes in 220 msecs (HTTP/1.1 200) 4 headers in 158 bytes (1 switches on core 0)
Feb 24 01:33:17.623295 np0000156685 devstack@o-api.service[121608]: [pid: 121608|app: 0|req: 12/48] 172.18.0.2 () {54 vars in 1261 bytes} [Tue Feb 24 01:33:17 2026] GET /load-balancer/v2.0/lbaas/pools?name=k8s-clusterapi-cluster-magnum-system-kube-7tagt-kubeapi-6443 => generated 947 bytes in 45 msecs (HTTP/1.1 200) 4 headers in 157 bytes (1 switches on core 0)
Feb 24 01:33:17.726053 np0000156685 devstack@o-api.service[121609]: [pid: 121609|app: 0|req: 13/49] 172.18.0.2 () {54 vars in 1442 bytes} [Tue Feb 24 01:33:17 2026] GET /load-balancer/v2.0/lbaas/pools/8b3e7adb-6669-434c-995d-8e1a2c482134/members?name=k8s-clusterapi-cluster-magnum-system-kube-7tagt-kubeapi-6443-kube-7tagt-fz2l2-d96x7 => generated 619 bytes in 99 msecs (HTTP/1.1 200) 4 headers in 157 bytes (1 switches on core 0)
Feb 24 01:33:18.106762 np0000156685 devstack@o-api.service[121606]: [pid: 121606|app: 0|req: 13/50] 172.18.0.2 () {54 vars in 1261 bytes} [Tue Feb 24 01:33:18 2026] GET /load-balancer/v2.0/lbaas/pools?name=k8s-clusterapi-cluster-magnum-system-kube-7tagt-kubeapi-6443 => generated 947 bytes in 41 msecs (HTTP/1.1 200) 4 headers in 157 bytes (1 switches on core 0)
Feb 24 01:33:18.183657 np0000156685 devstack@o-api.service[121607]: [pid: 121607|app: 0|req: 13/51] 172.18.0.2 () {54 vars in 1442 bytes} [Tue Feb 24 01:33:18 2026] GET /load-balancer/v2.0/lbaas/pools/8b3e7adb-6669-434c-995d-8e1a2c482134/members?name=k8s-clusterapi-cluster-magnum-system-kube-7tagt-kubeapi-6443-kube-7tagt-fz2l2-d96x7 => generated 619 bytes in 72 msecs (HTTP/1.1 200) 4 headers in 157 bytes (2 switches on core 0)
Feb 24 01:34:58.503430 np0000156685 devstack@o-api.service[121608]: [pid: 121608|app: 0|req: 13/52] 172.18.0.2 () {54 vars in 1261 bytes} [Tue Feb 24 01:34:58 2026] GET /load-balancer/v2.0/lbaas/pools?name=k8s-clusterapi-cluster-magnum-system-kube-7tagt-kubeapi-6443 => generated 947 bytes in 34 msecs (HTTP/1.1 200) 4 headers in 157 bytes (1 switches on core 0)
Feb 24 01:34:58.604835 np0000156685 devstack@o-api.service[121609]: [pid: 121609|app: 0|req: 14/53] 172.18.0.2 () {54 vars in 1442 bytes} [Tue Feb 24 01:34:58 2026] GET /load-balancer/v2.0/lbaas/pools/8b3e7adb-6669-434c-995d-8e1a2c482134/members?name=k8s-clusterapi-cluster-magnum-system-kube-7tagt-kubeapi-6443-kube-7tagt-fz2l2-d96x7 => generated 619 bytes in 99 msecs (HTTP/1.1 200) 4 headers in 157 bytes (1 switches on core 0)
Feb 24 01:35:04.748896 np0000156685 devstack@o-api.service[121606]: [pid: 121606|app: 0|req: 14/54] 172.18.0.2 () {54 vars in 1275 bytes} [Tue Feb 24 01:35:04 2026] GET /load-balancer/v2.0/lbaas/loadbalancers?name=k8s-clusterapi-cluster-magnum-system-kube-7tagt-kubeapi => generated 1011 bytes in 55 msecs (HTTP/1.1 200) 4 headers in 158 bytes (1 switches on core 0)
Feb 24 01:35:04.800395 np0000156685 devstack@o-api.service[121607]: [pid: 121607|app: 0|req: 14/55] 172.18.0.2 () {54 vars in 1083 bytes} [Tue Feb 24 01:35:04 2026] GET /load-balancer/ => generated 4745 bytes in 3 msecs (HTTP/1.1 200) 4 headers in 158 bytes (1 switches on core 0)
Feb 24 01:35:04.836702 np0000156685 devstack@o-api.service[121608]: [pid: 121608|app: 0|req: 14/56] 172.18.0.2 () {54 vars in 1273 bytes} [Tue Feb 24 01:35:04 2026] GET /load-balancer/v2.0/lbaas/listeners?name=k8s-clusterapi-cluster-magnum-system-kube-7tagt-kubeapi-6443 => generated 1133 bytes in 34 msecs (HTTP/1.1 200) 4 headers in 158 bytes (1 switches on core 0)
Feb 24 01:35:04.877929 np0000156685 devstack@o-api.service[121609]: [pid: 121609|app: 0|req: 15/57] 172.18.0.2 () {54 vars in 1261 bytes} [Tue Feb 24 01:35:04 2026] GET /load-balancer/v2.0/lbaas/pools?name=k8s-clusterapi-cluster-magnum-system-kube-7tagt-kubeapi-6443 => generated 947 bytes in 37 msecs (HTTP/1.1 200) 4 headers in 157 bytes (1 switches on core 0)
Feb 24 01:35:04.909598 np0000156685 devstack@o-api.service[121606]: [pid: 121606|app: 0|req: 15/58] 172.18.0.2 () {54 vars in 1288 bytes} [Tue Feb 24 01:35:04 2026] GET /load-balancer/v2.0/lbaas/healthmonitors?name=k8s-clusterapi-cluster-magnum-system-kube-7tagt-kubeapi-6443 => generated 688 bytes in 30 msecs (HTTP/1.1 200) 4 headers in 157 bytes (1 switches on core 0)
Feb 24 01:35:34.510731 np0000156685 devstack@o-api.service[121607]: [pid: 121607|app: 0|req: 15/59] 172.18.0.2 () {54 vars in 1261 bytes} [Tue Feb 24 01:35:34 2026] GET /load-balancer/v2.0/lbaas/pools?name=k8s-clusterapi-cluster-magnum-system-kube-7tagt-kubeapi-6443 => generated 947 bytes in 44 msecs (HTTP/1.1 200) 4 headers in 157 bytes (1 switches on core 0)
Feb 24 01:35:34.577221 np0000156685 devstack@o-api.service[121608]: [pid: 121608|app: 0|req: 15/60] 172.18.0.2 () {54 vars in 1442 bytes} [Tue Feb 24 01:35:34 2026] GET /load-balancer/v2.0/lbaas/pools/8b3e7adb-6669-434c-995d-8e1a2c482134/members?name=k8s-clusterapi-cluster-magnum-system-kube-7tagt-kubeapi-6443-kube-7tagt-fz2l2-d96x7 => generated 619 bytes in 63 msecs (HTTP/1.1 200) 4 headers in 157 bytes (1 switches on core 0)
Feb 24 01:44:00.009365 np0000156685 devstack@o-api.service[121609]: [pid: 121609|app: 0|req: 16/61] 172.18.0.2 () {54 vars in 1261 bytes} [Tue Feb 24 01:43:59 2026] GET /load-balancer/v2.0/lbaas/pools?name=k8s-clusterapi-cluster-magnum-system-kube-7tagt-kubeapi-6443 => generated 947 bytes in 42 msecs (HTTP/1.1 200) 4 headers in 157 bytes (1 switches on core 0)
Feb 24 01:44:00.082904 np0000156685 devstack@o-api.service[121606]: [pid: 121606|app: 0|req: 16/62] 172.18.0.2 () {54 vars in 1442 bytes} [Tue Feb 24 01:44:00 2026] GET /load-balancer/v2.0/lbaas/pools/8b3e7adb-6669-434c-995d-8e1a2c482134/members?name=k8s-clusterapi-cluster-magnum-system-kube-7tagt-kubeapi-6443-kube-7tagt-fz2l2-d96x7 => generated 619 bytes in 71 msecs (HTTP/1.1 200) 4 headers in 157 bytes (1 switches on core 0)
Feb 24 01:44:08.521198 np0000156685 devstack@o-api.service[121607]: [pid: 121607|app: 0|req: 16/63] 172.18.0.2 () {54 vars in 1275 bytes} [Tue Feb 24 01:44:08 2026] GET /load-balancer/v2.0/lbaas/loadbalancers?name=k8s-clusterapi-cluster-magnum-system-kube-7tagt-kubeapi => generated 1011 bytes in 46 msecs (HTTP/1.1 200) 4 headers in 158 bytes (1 switches on core 0)
Feb 24 01:44:08.572682 np0000156685 devstack@o-api.service[121608]: [pid: 121608|app: 0|req: 16/64] 172.18.0.2 () {54 vars in 1083 bytes} [Tue Feb 24 01:44:08 2026] GET /load-balancer/ => generated 4745 bytes in 7 msecs (HTTP/1.1 200) 4 headers in 158 bytes (1 switches on core 0)
Feb 24 01:44:08.610622 np0000156685 devstack@o-api.service[121609]: [pid: 121609|app: 0|req: 17/65] 172.18.0.2 () {54 vars in 1273 bytes} [Tue Feb 24 01:44:08 2026] GET /load-balancer/v2.0/lbaas/listeners?name=k8s-clusterapi-cluster-magnum-system-kube-7tagt-kubeapi-6443 => generated 1133 bytes in 35 msecs (HTTP/1.1 200) 4 headers in 158 bytes (1 switches on core 0)
Feb 24 01:44:08.650057 np0000156685 devstack@o-api.service[121606]: [pid: 121606|app: 0|req: 17/66] 172.18.0.2 () {54 vars in 1261 bytes} [Tue Feb 24 01:44:08 2026] GET /load-balancer/v2.0/lbaas/pools?name=k8s-clusterapi-cluster-magnum-system-kube-7tagt-kubeapi-6443 => generated 947 bytes in 37 msecs (HTTP/1.1 200) 4 headers in 157 bytes (1 switches on core 0)
Feb 24 01:44:08.678782 np0000156685 devstack@o-api.service[121607]: [pid: 121607|app: 0|req: 17/67] 172.18.0.2 () {54 vars in 1288 bytes} [Tue Feb 24 01:44:08 2026] GET /load-balancer/v2.0/lbaas/healthmonitors?name=k8s-clusterapi-cluster-magnum-system-kube-7tagt-kubeapi-6443 => generated 688 bytes in 27 msecs (HTTP/1.1 200) 4 headers in 157 bytes (1 switches on core 0)
Feb 24 01:44:47.839236 np0000156685 devstack@o-api.service[121608]: [pid: 121608|app: 0|req: 17/68] 172.18.0.2 () {54 vars in 1261 bytes} [Tue Feb 24 01:44:47 2026] GET /load-balancer/v2.0/lbaas/pools?name=k8s-clusterapi-cluster-magnum-system-kube-7tagt-kubeapi-6443 => generated 947 bytes in 40 msecs (HTTP/1.1 200) 4 headers in 157 bytes (1 switches on core 0)
Feb 24 01:44:47.915335 np0000156685 devstack@o-api.service[121609]: [pid: 121609|app: 0|req: 18/69] 172.18.0.2 () {54 vars in 1442 bytes} [Tue Feb 24 01:44:47 2026] GET /load-balancer/v2.0/lbaas/pools/8b3e7adb-6669-434c-995d-8e1a2c482134/members?name=k8s-clusterapi-cluster-magnum-system-kube-7tagt-kubeapi-6443-kube-7tagt-fz2l2-d96x7 => generated 619 bytes in 73 msecs (HTTP/1.1 200) 4 headers in 157 bytes (1 switches on core 0)
Feb 24 01:53:01.618966 np0000156685 devstack@o-api.service[121606]: [pid: 121606|app: 0|req: 18/70] 172.18.0.2 () {54 vars in 1261 bytes} [Tue Feb 24 01:53:01 2026] GET /load-balancer/v2.0/lbaas/pools?name=k8s-clusterapi-cluster-magnum-system-kube-7tagt-kubeapi-6443 => generated 947 bytes in 181 msecs (HTTP/1.1 200) 4 headers in 157 bytes (1 switches on core 0)
Feb 24 01:53:01.698209 np0000156685 devstack@o-api.service[121607]: [pid: 121607|app: 0|req: 18/71] 172.18.0.2 () {54 vars in 1442 bytes} [Tue Feb 24 01:53:01 2026] GET /load-balancer/v2.0/lbaas/pools/8b3e7adb-6669-434c-995d-8e1a2c482134/members?name=k8s-clusterapi-cluster-magnum-system-kube-7tagt-kubeapi-6443-kube-7tagt-fz2l2-d96x7 => generated 619 bytes in 76 msecs (HTTP/1.1 200) 4 headers in 157 bytes (1 switches on core 0)
Feb 24 01:53:11.317163 np0000156685 devstack@o-api.service[121608]: [pid: 121608|app: 0|req: 18/72] 172.18.0.2 () {54 vars in 1275 bytes} [Tue Feb 24 01:53:11 2026] GET /load-balancer/v2.0/lbaas/loadbalancers?name=k8s-clusterapi-cluster-magnum-system-kube-7tagt-kubeapi => generated 1011 bytes in 32 msecs (HTTP/1.1 200) 4 headers in 158 bytes (1 switches on core 0)
Feb 24 01:53:11.369071 np0000156685 devstack@o-api.service[121609]: [pid: 121609|app: 0|req: 19/73] 172.18.0.2 () {54 vars in 1083 bytes} [Tue Feb 24 01:53:11 2026] GET /load-balancer/ => generated 4745 bytes in 5 msecs (HTTP/1.1 200) 4 headers in 158 bytes (1 switches on core 0)
Feb 24 01:53:11.396276 np0000156685 devstack@o-api.service[121606]: [pid: 121606|app: 0|req: 19/74] 172.18.0.2 () {54 vars in 1273 bytes} [Tue Feb 24 01:53:11 2026] GET /load-balancer/v2.0/lbaas/listeners?name=k8s-clusterapi-cluster-magnum-system-kube-7tagt-kubeapi-6443 => generated 1133 bytes in 25 msecs (HTTP/1.1 200) 4 headers in 158 bytes (1 switches on core 0)
Feb 24 01:53:11.435292 np0000156685 devstack@o-api.service[121607]: [pid: 121607|app: 0|req: 19/75] 172.18.0.2 () {54 vars in 1261 bytes} [Tue Feb 24 01:53:11 2026] GET /load-balancer/v2.0/lbaas/pools?name=k8s-clusterapi-cluster-magnum-system-kube-7tagt-kubeapi-6443 => generated 947 bytes in 36 msecs (HTTP/1.1 200) 4 headers in 157 bytes (1 switches on core 0)
Feb 24 01:53:11.461056 np0000156685 devstack@o-api.service[121608]: [pid: 121608|app: 0|req: 19/76] 172.18.0.2 () {54 vars in 1288 bytes} [Tue Feb 24 01:53:11 2026] GET /load-balancer/v2.0/lbaas/healthmonitors?name=k8s-clusterapi-cluster-magnum-system-kube-7tagt-kubeapi-6443 => generated 688 bytes in 23 msecs (HTTP/1.1 200) 4 headers in 157 bytes (1 switches on core 0)
Feb 24 01:54:01.262231 np0000156685 devstack@o-api.service[121609]: [pid: 121609|app: 0|req: 20/77] 172.18.0.2 () {54 vars in 1261 bytes} [Tue Feb 24 01:54:01 2026] GET /load-balancer/v2.0/lbaas/pools?name=k8s-clusterapi-cluster-magnum-system-kube-7tagt-kubeapi-6443 => generated 947 bytes in 46 msecs (HTTP/1.1 200) 4 headers in 157 bytes (1 switches on core 0)
Feb 24 01:54:01.335435 np0000156685 devstack@o-api.service[121606]: [pid: 121606|app: 0|req: 20/78] 172.18.0.2 () {54 vars in 1442 bytes} [Tue Feb 24 01:54:01 2026] GET /load-balancer/v2.0/lbaas/pools/8b3e7adb-6669-434c-995d-8e1a2c482134/members?name=k8s-clusterapi-cluster-magnum-system-kube-7tagt-kubeapi-6443-kube-7tagt-fz2l2-d96x7 => generated 619 bytes in 71 msecs (HTTP/1.1 200) 4 headers in 157 bytes (1 switches on core 0)
Feb 24 02:02:03.047177 np0000156685 devstack@o-api.service[121607]: [pid: 121607|app: 0|req: 20/79] 172.18.0.2 () {54 vars in 1261 bytes} [Tue Feb 24 02:02:03 2026] GET /load-balancer/v2.0/lbaas/pools?name=k8s-clusterapi-cluster-magnum-system-kube-7tagt-kubeapi-6443 => generated 947 bytes in 41 msecs (HTTP/1.1 200) 4 headers in 157 bytes (1 switches on core 0)
Feb 24 02:02:03.124233 np0000156685 devstack@o-api.service[121608]: [pid: 121608|app: 0|req: 20/80] 172.18.0.2 () {54 vars in 1442 bytes} [Tue Feb 24 02:02:03 2026] GET /load-balancer/v2.0/lbaas/pools/8b3e7adb-6669-434c-995d-8e1a2c482134/members?name=k8s-clusterapi-cluster-magnum-system-kube-7tagt-kubeapi-6443-kube-7tagt-fz2l2-d96x7 => generated 619 bytes in 75 msecs (HTTP/1.1 200) 4 headers in 157 bytes (1 switches on core 0)
Feb 24 02:02:14.730116 np0000156685 devstack@o-api.service[121609]: [pid: 121609|app: 0|req: 21/81] 172.18.0.2 () {54 vars in 1275 bytes} [Tue Feb 24 02:02:14 2026] GET /load-balancer/v2.0/lbaas/loadbalancers?name=k8s-clusterapi-cluster-magnum-system-kube-7tagt-kubeapi => generated 1011 bytes in 38 msecs (HTTP/1.1 200) 4 headers in 158 bytes (1 switches on core 0)
Feb 24 02:02:14.780833 np0000156685 devstack@o-api.service[121606]: [pid: 121606|app: 0|req: 21/82] 172.18.0.2 () {54 vars in 1083 bytes} [Tue Feb 24 02:02:14 2026] GET /load-balancer/ => generated 4745 bytes in 4 msecs (HTTP/1.1 200) 4 headers in 158 bytes (1 switches on core 0)
Feb 24 02:02:14.806960 np0000156685 devstack@o-api.service[121607]: [pid: 121607|app: 0|req: 21/83] 172.18.0.2 () {54 vars in 1273 bytes} [Tue Feb 24 02:02:14 2026] GET /load-balancer/v2.0/lbaas/listeners?name=k8s-clusterapi-cluster-magnum-system-kube-7tagt-kubeapi-6443 => generated 1133 bytes in 24 msecs (HTTP/1.1 200) 4 headers in 158 bytes (2 switches on core 0)
Feb 24 02:02:14.843307 np0000156685 devstack@o-api.service[121608]: [pid: 121608|app: 0|req: 21/84] 172.18.0.2 () {54 vars in 1261 bytes} [Tue Feb 24 02:02:14 2026] GET /load-balancer/v2.0/lbaas/pools?name=k8s-clusterapi-cluster-magnum-system-kube-7tagt-kubeapi-6443 => generated 947 bytes in 33 msecs (HTTP/1.1 200) 4 headers in 157 bytes (1 switches on core 0)
Feb 24 02:02:14.862244 np0000156685 devstack@o-api.service[121609]: [pid: 121609|app: 0|req: 22/85] 172.18.0.2 () {54 vars in 1288 bytes} [Tue Feb 24 02:02:14 2026] GET /load-balancer/v2.0/lbaas/healthmonitors?name=k8s-clusterapi-cluster-magnum-system-kube-7tagt-kubeapi-6443 => generated 688 bytes in 17 msecs (HTTP/1.1 200) 4 headers in 157 bytes (1 switches on core 0)
Feb 24 02:03:14.660602 np0000156685 devstack@o-api.service[121606]: [pid: 121606|app: 0|req: 22/86] 172.18.0.2 () {54 vars in 1261 bytes} [Tue Feb 24 02:03:14 2026] GET /load-balancer/v2.0/lbaas/pools?name=k8s-clusterapi-cluster-magnum-system-kube-7tagt-kubeapi-6443 => generated 947 bytes in 38 msecs (HTTP/1.1 200) 4 headers in 157 bytes (1 switches on core 0)
Feb 24 02:03:14.738892 np0000156685 devstack@o-api.service[121607]: [pid: 121607|app: 0|req: 22/87] 172.18.0.2 () {54 vars in 1442 bytes} [Tue Feb 24 02:03:14 2026] GET /load-balancer/v2.0/lbaas/pools/8b3e7adb-6669-434c-995d-8e1a2c482134/members?name=k8s-clusterapi-cluster-magnum-system-kube-7tagt-kubeapi-6443-kube-7tagt-fz2l2-d96x7 => generated 619 bytes in 76 msecs (HTTP/1.1 200) 4 headers in 157 bytes (1 switches on core 0)