Apr 19 16:41:21.116204 np0000167814 devstack@neutron-api.service[104038]: DEBUG neutron_lib.callbacks.manager [None req-b9d9d43b-8c86-428f-a000-46f0e1165257 None None] Subscribe: port after_update 55550000, False {{(pid=104038) subscribe /opt/stack/data/venv/lib/python3.12/site-packages/neutron_lib/callbacks/manager.py:52}}
Apr 19 16:41:21.116293 np0000167814 devstack@neutron-api.service[104038]: DEBUG neutron_lib.callbacks.manager [None req-b9d9d43b-8c86-428f-a000-46f0e1165257 None None] Subscribe: port after_delete 55550000, False {{(pid=104038) subscribe /opt/stack/data/venv/lib/python3.12/site-packages/neutron_lib/callbacks/manager.py:52}}
Apr 19 16:41:21.116380 np0000167814 devstack@neutron-api.service[104038]: DEBUG neutron_lib.callbacks.manager [None req-b9d9d43b-8c86-428f-a000-46f0e1165257 None None] Subscribe: subnet after_update 55550000, False {{(pid=104038) subscribe /opt/stack/data/venv/lib/python3.12/site-packages/neutron_lib/callbacks/manager.py:52}}
Apr 19 16:41:21.116504 np0000167814 devstack@neutron-api.service[104038]: DEBUG neutron_lib.callbacks.manager [None req-b9d9d43b-8c86-428f-a000-46f0e1165257 None None] Subscribe: subnetpool_address_scope after_update 55550000, False {{(pid=104038) subscribe /opt/stack/data/venv/lib/python3.12/site-packages/neutron_lib/callbacks/manager.py:52}}
Apr 19 16:41:21.116534 np0000167814 devstack@neutron-api.service[104037]: DEBUG neutron.api.extensions [None req-4221281c-8610-4639-bb68-8c9258f6912d None None] Ext name="Neutron Metering" alias="metering" description="Neutron Metering extension." updated="2013-06-12T10:00:00-00:00" {{(pid=104037) _check_extension /opt/stack/neutron/neutron/api/extensions.py:415}}
Apr 19 16:41:21.116566 np0000167814 devstack@neutron-api.service[104038]: DEBUG neutron_lib.callbacks.manager [None req-b9d9d43b-8c86-428f-a000-46f0e1165257 None None] Subscribe: port before_update 55550000, False {{(pid=104038) subscribe /opt/stack/data/venv/lib/python3.12/site-packages/neutron_lib/callbacks/manager.py:52}}
Apr 19 16:41:21.116664 np0000167814 devstack@neutron-api.service[104037]: INFO neutron.api.extensions [None req-4221281c-8610-4639-bb68-8c9258f6912d None None] Extension metering not supported by any of loaded plugins
Apr 19 16:41:21.116691 np0000167814 devstack@neutron-api.service[104038]: DEBUG neutron_lib.callbacks.manager [None req-b9d9d43b-8c86-428f-a000-46f0e1165257 None None] Subscribe: port after_update 55550000, False {{(pid=104038) subscribe /opt/stack/data/venv/lib/python3.12/site-packages/neutron_lib/callbacks/manager.py:52}}
Apr 19 16:41:21.116809 np0000167814 devstack@neutron-api.service[104037]: DEBUG neutron.api.extensions [None req-4221281c-8610-4639-bb68-8c9258f6912d None None] Loading extension file: metering_source_and_destination_fields.py {{(pid=104037) _load_all_extensions_from_path /opt/stack/neutron/neutron/api/extensions.py:449}}
Apr 19 16:41:21.116842 np0000167814 devstack@neutron-api.service[104038]: DEBUG neutron_lib.callbacks.manager [None req-b9d9d43b-8c86-428f-a000-46f0e1165257 None None] Subscribe: > port precommit_delete 55550000, False {{(pid=104038) subscribe /opt/stack/data/venv/lib/python3.12/site-packages/neutron_lib/callbacks/manager.py:52}}
Apr 19 16:41:21.116876 np0000167814 devstack@neutron-api.service[104036]: DEBUG neutron.manager [None req-4eb187dc-e32d-45d9-bd91-61b5f74e7616 None None] Successfully loaded network-ip-availability plugin. Description: Provides IP availability data for each network and subnet. {{(pid=104036) _create_and_add_service_plugin /opt/stack/neutron/neutron/manager.py:239}}
Apr 19 16:41:21.116876 np0000167814 devstack@neutron-api.service[104036]: INFO neutron.manager [None req-4eb187dc-e32d-45d9-bd91-61b5f74e7616 None None] Loading Plugin: flavors
Apr 19 16:41:21.116993 np0000167814 devstack@neutron-api.service[104038]: DEBUG neutron_lib.callbacks.manager [None req-b9d9d43b-8c86-428f-a000-46f0e1165257 None None] Subscribe: port before_update 55550000, False {{(pid=104038) subscribe /opt/stack/data/venv/lib/python3.12/site-packages/neutron_lib/callbacks/manager.py:52}}
Apr 19 16:41:21.116993 np0000167814 devstack@neutron-api.service[104038]: DEBUG neutron_lib.callbacks.manager [None req-b9d9d43b-8c86-428f-a000-46f0e1165257 None None] Subscribe: port before_delete 55550000, False {{(pid=104038) subscribe /opt/stack/data/venv/lib/python3.12/site-packages/neutron_lib/callbacks/manager.py:52}}
Apr 19 16:41:21.117048 np0000167814 devstack@neutron-api.service[104037]: DEBUG neutron.api.extensions [None req-4221281c-8610-4639-bb68-8c9258f6912d None None] Ext name="Neutron Metering with source and destination filtering" alias="metering_source_and_destination_fields" description="Neutron Metering extension that enables the use of source and destination IP prefixes to create metering label rules." updated="2020-08-21T08:12:00-00:00" {{(pid=104037) _check_extension /opt/stack/neutron/neutron/api/extensions.py:415}}
Apr 19 16:41:21.117135 np0000167814 devstack@neutron-api.service[104038]: DEBUG neutron_lib.callbacks.manager [None req-b9d9d43b-8c86-428f-a000-46f0e1165257 None None] Subscribe: > router precommit_create 55550000, False {{(pid=104038) subscribe /opt/stack/data/venv/lib/python3.12/site-packages/neutron_lib/callbacks/manager.py:52}}
Apr 19 16:41:21.117167 np0000167814 devstack@neutron-api.service[104038]: DEBUG neutron_lib.callbacks.manager [None req-b9d9d43b-8c86-428f-a000-46f0e1165257 None None] Subscribe: > router precommit_create 55550000, False {{(pid=104038) subscribe /opt/stack/data/venv/lib/python3.12/site-packages/neutron_lib/callbacks/manager.py:52}}
Apr 19 16:41:21.117224 np0000167814 devstack@neutron-api.service[104037]: INFO neutron.api.extensions [None req-4221281c-8610-4639-bb68-8c9258f6912d None None] Extension metering_source_and_destination_fields not supported by any of loaded plugins
Apr 19 16:41:21.117252 np0000167814 devstack@neutron-api.service[104037]: DEBUG neutron.api.extensions [None req-4221281c-8610-4639-bb68-8c9258f6912d None None] Loading extension file: multiprovidernet.py {{(pid=104037) _load_all_extensions_from_path /opt/stack/neutron/neutron/api/extensions.py:449}}
Apr 19 16:41:21.117313 np0000167814 devstack@neutron-api.service[104038]: DEBUG neutron_lib.callbacks.manager [None req-b9d9d43b-8c86-428f-a000-46f0e1165257 None None] Subscribe: > router precommit_update 55550000, False {{(pid=104038) subscribe /opt/stack/data/venv/lib/python3.12/site-packages/neutron_lib/callbacks/manager.py:52}}
Apr 19 16:41:21.117515 np0000167814 devstack@neutron-api.service[104038]: DEBUG neutron_lib.callbacks.manager [None req-b9d9d43b-8c86-428f-a000-46f0e1165257 None None] Subscribe: subnet after_update 55550000, False {{(pid=104038) subscribe /opt/stack/data/venv/lib/python3.12/site-packages/neutron_lib/callbacks/manager.py:52}}
Apr 19 16:41:21.117602 np0000167814 devstack@neutron-api.service[104037]: DEBUG neutron.api.extensions [None req-4221281c-8610-4639-bb68-8c9258f6912d None None] Ext name="Multi Provider Network" alias="multi-provider" description="Expose mapping of virtual networks to multiple physical networks" updated="2013-06-27T10:00:00-00:00" {{(pid=104037) _check_extension /opt/stack/neutron/neutron/api/extensions.py:415}}
Apr 19 16:41:21.117641 np0000167814 devstack@neutron-api.service[104037]: INFO neutron.api.extensions [None req-4221281c-8610-4639-bb68-8c9258f6912d None None] Loaded extension: multi-provider
Apr 19 16:41:21.117949 np0000167814 devstack@neutron-api.service[104037]: DEBUG neutron.api.extensions [None req-4221281c-8610-4639-bb68-8c9258f6912d None None] Loading extension file: netmtu.py {{(pid=104037) _load_all_extensions_from_path /opt/stack/neutron/neutron/api/extensions.py:449}}
Apr 19 16:41:21.118043 np0000167814 devstack@neutron-api.service[104036]: DEBUG neutron.manager [None req-4eb187dc-e32d-45d9-bd91-61b5f74e7616 None None] Successfully loaded FLAVORS plugin. Description: Neutron Flavors and Service Profiles manager plugin {{(pid=104036) _create_and_add_service_plugin /opt/stack/neutron/neutron/manager.py:239}}
Apr 19 16:41:21.118043 np0000167814 devstack@neutron-api.service[104036]: INFO neutron.manager [None req-4eb187dc-e32d-45d9-bd91-61b5f74e7616 None None] Loading Plugin: revisions
Apr 19 16:41:21.118165 np0000167814 devstack@neutron-api.service[104037]: DEBUG neutron.api.extensions [None req-4221281c-8610-4639-bb68-8c9258f6912d None None] Ext name="Network MTU" alias="net-mtu" description="Provides MTU attribute for a network resource." updated="2015-03-25T10:00:00-00:00" {{(pid=104037) _check_extension /opt/stack/neutron/neutron/api/extensions.py:415}}
Apr 19 16:41:21.118195 np0000167814 devstack@neutron-api.service[104038]: DEBUG neutron.quota.resource_registry [None req-b9d9d43b-8c86-428f-a000-46f0e1165257 None None] Tracking information for resource: router configured {{(pid=104038) set_tracked_resource /opt/stack/neutron/neutron/quota/resource_registry.py:203}}
Apr 19 16:41:21.118195 np0000167814 devstack@neutron-api.service[104038]: DEBUG neutron.quota.resource_registry [None req-b9d9d43b-8c86-428f-a000-46f0e1165257 None None] Tracking information for resource: floatingip configured {{(pid=104038) set_tracked_resource /opt/stack/neutron/neutron/quota/resource_registry.py:203}}
Apr 19 16:41:21.118314 np0000167814 devstack@neutron-api.service[104037]: INFO neutron.api.extensions [None req-4221281c-8610-4639-bb68-8c9258f6912d None None] Loaded extension: net-mtu
Apr 19 16:41:21.118347 np0000167814 devstack@neutron-api.service[104038]: INFO neutron.services.ovn_l3.plugin [None req-b9d9d43b-8c86-428f-a000-46f0e1165257 None None] Starting OVNL3RouterPlugin
Apr 19 16:41:21.118406 np0000167814 devstack@neutron-api.service[104037]: DEBUG neutron.api.extensions [None req-4221281c-8610-4639-bb68-8c9258f6912d None None] Loading extension file: netmtu_writable.py {{(pid=104037) _load_all_extensions_from_path /opt/stack/neutron/neutron/api/extensions.py:449}}
Apr 19 16:41:21.118434 np0000167814 devstack@neutron-api.service[104038]: DEBUG neutron_lib.callbacks.manager [None req-b9d9d43b-8c86-428f-a000-46f0e1165257 None None] Subscribe: > port_forwarding_plugin after_init 55550000, False {{(pid=104038) subscribe /opt/stack/data/venv/lib/python3.12/site-packages/neutron_lib/callbacks/manager.py:52}}
Apr 19 16:41:21.118493 np0000167814 devstack@neutron-api.service[104037]: DEBUG neutron.api.extensions [None req-4221281c-8610-4639-bb68-8c9258f6912d None None] Ext name="Network MTU (writable)" alias="net-mtu-writable" description="Provides a writable MTU attribute for a network resource." updated="2017-07-12T00:00:00-00:00" {{(pid=104037) _check_extension /opt/stack/neutron/neutron/api/extensions.py:415}}
Apr 19 16:41:21.118624 np0000167814 devstack@neutron-api.service[104037]: INFO neutron.api.extensions [None req-4221281c-8610-4639-bb68-8c9258f6912d None None] Loaded extension: net-mtu-writable
Apr 19 16:41:21.118652 np0000167814 devstack@neutron-api.service[104038]: DEBUG neutron_lib.callbacks.manager [None req-b9d9d43b-8c86-428f-a000-46f0e1165257 None None] Subscribe: > router before_create 55550100, False {{(pid=104038) subscribe /opt/stack/data/venv/lib/python3.12/site-packages/neutron_lib/callbacks/manager.py:52}}
Apr 19 16:41:21.118711 np0000167814 devstack@neutron-api.service[104037]: DEBUG neutron.api.extensions [None req-4221281c-8610-4639-bb68-8c9258f6912d None None] Loading extension file: network_availability_zone.py {{(pid=104037) _load_all_extensions_from_path /opt/stack/neutron/neutron/api/extensions.py:449}}
Apr 19 16:41:21.118741 np0000167814 devstack@neutron-api.service[104038]: DEBUG neutron_lib.callbacks.manager [None req-b9d9d43b-8c86-428f-a000-46f0e1165257 None None] Subscribe: > router precommit_delete 55550100, False {{(pid=104038) subscribe /opt/stack/data/venv/lib/python3.12/site-packages/neutron_lib/callbacks/manager.py:52}}
Apr 19 16:41:21.118816 np0000167814 devstack@neutron-api.service[104036]: DEBUG neutron.manager [None req-4eb187dc-e32d-45d9-bd91-61b5f74e7616 None None] Successfully loaded revision_plugin plugin. Description: Adds revision numbers to resources. {{(pid=104036) _create_and_add_service_plugin /opt/stack/neutron/neutron/manager.py:239}}
Apr 19 16:41:21.118847 np0000167814 devstack@neutron-api.service[104038]: DEBUG neutron_lib.callbacks.manager [None req-b9d9d43b-8c86-428f-a000-46f0e1165257 None None] Subscribe: > router precommit_create 55550100, False {{(pid=104038) subscribe /opt/stack/data/venv/lib/python3.12/site-packages/neutron_lib/callbacks/manager.py:52}}
Apr 19 16:41:21.118945 np0000167814 devstack@neutron-api.service[104036]: DEBUG oslo_concurrency.lockutils [None req-4eb187dc-e32d-45d9-bd91-61b5f74e7616 None None] Lock "manager" "released" by "neutron.manager.NeutronManager._create_instance" :: held 4.254s {{(pid=104036) inner /opt/stack/data/venv/lib/python3.12/site-packages/oslo_concurrency/lockutils.py:538}}
Apr 19 16:41:21.118973 np0000167814 devstack@neutron-api.service[104038]: DEBUG neutron_lib.callbacks.manager [None req-b9d9d43b-8c86-428f-a000-46f0e1165257 None None] Subscribe: > router precommit_update 55550100, False {{(pid=104038) subscribe /opt/stack/data/venv/lib/python3.12/site-packages/neutron_lib/callbacks/manager.py:52}}
Apr 19 16:41:21.119007 np0000167814 devstack@neutron-api.service[104037]: DEBUG neutron.api.extensions [None req-4221281c-8610-4639-bb68-8c9258f6912d None None] Ext name="Network Availability Zone" alias="network_availability_zone" description="Availability zone support for network." updated="2015-01-01T10:00:00-00:00" {{(pid=104037) _check_extension /opt/stack/neutron/neutron/api/extensions.py:415}}
Apr 19 16:41:21.119116 np0000167814 devstack@neutron-api.service[104036]: DEBUG neutron.api.extensions [None req-4eb187dc-e32d-45d9-bd91-61b5f74e7616 None None] get_extension_paths = OrderedDict({'/opt/stack/neutron/neutron/extensions': 1}) {{(pid=104036) get_extensions_path /opt/stack/neutron/neutron/api/extensions.py:640}}
Apr 19 16:41:21.119148 np0000167814 devstack@neutron-api.service[104037]: INFO neutron.api.extensions [None req-4221281c-8610-4639-bb68-8c9258f6912d None None] Loaded extension: network_availability_zone
Apr 19 16:41:21.119202 np0000167814 devstack@neutron-api.service[104037]: DEBUG neutron.api.extensions [None req-4221281c-8610-4639-bb68-8c9258f6912d None None] Loading extension file: network_ha.py {{(pid=104037) _load_all_extensions_from_path /opt/stack/neutron/neutron/api/extensions.py:449}}
Apr 19 16:41:21.119227 np0000167814 devstack@neutron-api.service[104036]: INFO neutron.api.extensions [None req-4eb187dc-e32d-45d9-bd91-61b5f74e7616 None None] Initializing extension manager.
Apr 19 16:41:21.119437 np0000167814 devstack@neutron-api.service[104037]: DEBUG neutron.api.extensions [None req-4221281c-8610-4639-bb68-8c9258f6912d None None] Ext name="Network HA creation flag" alias="network_ha" description="Network high availability creation flag." updated="2023-04-27T10:00:00-00:00" {{(pid=104037) _check_extension /opt/stack/neutron/neutron/api/extensions.py:415}}
Apr 19 16:41:21.119471 np0000167814 devstack@neutron-api.service[104036]: DEBUG neutron.api.extensions [None req-4eb187dc-e32d-45d9-bd91-61b5f74e7616 None None] Loading extension file: __init__.py {{(pid=104036) _load_all_extensions_from_path /opt/stack/neutron/neutron/api/extensions.py:449}}
Apr 19 16:41:21.119550 np0000167814 devstack@neutron-api.service[104036]: DEBUG neutron.api.extensions [None req-4eb187dc-e32d-45d9-bd91-61b5f74e7616 None None] Loading extension file: __pycache__ {{(pid=104036) _load_all_extensions_from_path /opt/stack/neutron/neutron/api/extensions.py:449}}
Apr 19 16:41:21.119588 np0000167814 devstack@neutron-api.service[104037]: INFO neutron.api.extensions [None req-4221281c-8610-4639-bb68-8c9258f6912d None None] Extension network_ha not supported by any of loaded plugins
Apr 19 16:41:21.119678 np0000167814 devstack@neutron-api.service[104036]: DEBUG neutron.api.extensions [None req-4eb187dc-e32d-45d9-bd91-61b5f74e7616 None None] Loading extension file: address_group.py {{(pid=104036) _load_all_extensions_from_path /opt/stack/neutron/neutron/api/extensions.py:449}}
Apr 19 16:41:21.119711 np0000167814 devstack@neutron-api.service[104037]: DEBUG neutron.api.extensions [None req-4221281c-8610-4639-bb68-8c9258f6912d None None] Loading extension file: network_ip_availability.py {{(pid=104037) _load_all_extensions_from_path /opt/stack/neutron/neutron/api/extensions.py:449}}
Apr 19 16:41:21.119957 np0000167814 devstack@neutron-api.service[104037]: DEBUG neutron.api.extensions [None req-4221281c-8610-4639-bb68-8c9258f6912d None None] Ext name="Network IP Availability" alias="network-ip-availability" description="Provides IP availability data for each network and subnet." updated="2015-09-24T00:00:00-00:00" {{(pid=104037) _check_extension /opt/stack/neutron/neutron/api/extensions.py:415}}
Apr 19 16:41:21.119994 np0000167814 devstack@neutron-api.service[104036]: DEBUG neutron.api.extensions [None req-4eb187dc-e32d-45d9-bd91-61b5f74e7616 None None] Ext name="Address group" alias="address-group" description="Support address group" updated="2020-07-15T10:00:00-00:00" {{(pid=104036) _check_extension /opt/stack/neutron/neutron/api/extensions.py:415}}
Apr 19 16:41:21.120190 np0000167814 devstack@neutron-api.service[104037]: INFO neutron.api.extensions [None req-4221281c-8610-4639-bb68-8c9258f6912d None None] Loaded extension: network-ip-availability
Apr 19 16:41:21.120190 np0000167814 devstack@neutron-api.service[104037]: DEBUG neutron.api.extensions [None req-4221281c-8610-4639-bb68-8c9258f6912d None None] Loading extension file: network_ip_availability_details.py {{(pid=104037) _load_all_extensions_from_path /opt/stack/neutron/neutron/api/extensions.py:449}}
Apr 19 16:41:21.120293 np0000167814 devstack@neutron-api.service[104036]: INFO neutron.api.extensions [None req-4eb187dc-e32d-45d9-bd91-61b5f74e7616 None None] Loaded extension: address-group
Apr 19 16:41:21.120293 np0000167814 devstack@neutron-api.service[104036]: DEBUG neutron.api.extensions [None req-4eb187dc-e32d-45d9-bd91-61b5f74e7616 None None] Loading extension file: address_scope.py {{(pid=104036) _load_all_extensions_from_path /opt/stack/neutron/neutron/api/extensions.py:449}}
Apr 19 16:41:21.120435 np0000167814 devstack@neutron-api.service[104037]: DEBUG neutron.api.extensions [None req-4221281c-8610-4639-bb68-8c9258f6912d None None] Ext name="Network IP Availability Details Extension" alias="network-ip-availability-details" description="Add ip_availability_details attribute to network-ip-availabilities resource." updated="2025-10-31T00:00:00-00:00" {{(pid=104037) _check_extension /opt/stack/neutron/neutron/api/extensions.py:415}}
Apr 19 16:41:21.120610 np0000167814 devstack@neutron-api.service[104037]: INFO neutron.api.extensions [None req-4221281c-8610-4639-bb68-8c9258f6912d None None] Loaded extension: network-ip-availability-details
Apr 19 16:41:21.120639 np0000167814 devstack@neutron-api.service[104036]: DEBUG neutron.api.extensions [None req-4eb187dc-e32d-45d9-bd91-61b5f74e7616 None None] Ext name="Address scope" alias="address-scope" description="Address scopes extension." updated="2015-07-26T10:00:00-00:00" {{(pid=104036) _check_extension /opt/stack/neutron/neutron/api/extensions.py:415}}
Apr 19 16:41:21.120667 np0000167814 devstack@neutron-api.service[104037]: DEBUG neutron.api.extensions [None req-4221281c-8610-4639-bb68-8c9258f6912d None None] Loading extension file: network_segment_range.py {{(pid=104037) _load_all_extensions_from_path /opt/stack/neutron/neutron/api/extensions.py:449}}
Apr 19 16:41:21.120830 np0000167814 devstack@neutron-api.service[104036]: INFO neutron.api.extensions [None req-4eb187dc-e32d-45d9-bd91-61b5f74e7616 None None] Loaded extension: address-scope
Apr 19 16:41:21.120893 np0000167814 devstack@neutron-api.service[104036]: DEBUG neutron.api.extensions [None req-4eb187dc-e32d-45d9-bd91-61b5f74e7616 None None] Loading extension file: admin_state_down_before_update.py {{(pid=104036) _load_all_extensions_from_path /opt/stack/neutron/neutron/api/extensions.py:449}}
Apr 19 16:41:21.120975 np0000167814 devstack@neutron-api.service[104037]: DEBUG neutron.api.extensions [None req-4221281c-8610-4639-bb68-8c9258f6912d None None] Ext name="Neutron Network Segment Range" alias="network-segment-range" description="Provides support for the network segment range management" updated="2018-11-29T00:00:00-00:00" {{(pid=104037) _check_extension /opt/stack/neutron/neutron/api/extensions.py:415}}
Apr 19 16:41:21.121106 np0000167814 devstack@neutron-api.service[104036]: DEBUG neutron.api.extensions [None req-4eb187dc-e32d-45d9-bd91-61b5f74e7616 None None] Ext name="Enforce Router's Admin State Down Before Update Extension" alias="router-admin-state-down-before-update" description="Ensure that the admin state of a router is DOWN (admin_state_up=False) before updating the distributed attribute" updated="2019-07-02T15:56:00" {{(pid=104036) _check_extension /opt/stack/neutron/neutron/api/extensions.py:415}}
Apr 19 16:41:21.121180 np0000167814 devstack@neutron-api.service[104037]: INFO neutron.api.extensions [None req-4221281c-8610-4639-bb68-8c9258f6912d None None] Extension network-segment-range not supported by any of loaded plugins
Apr 19 16:41:21.121213 np0000167814 devstack@neutron-api.service[104037]: DEBUG neutron.api.extensions [None req-4221281c-8610-4639-bb68-8c9258f6912d None None] Loading extension file: pagination.py {{(pid=104037) _load_all_extensions_from_path /opt/stack/neutron/neutron/api/extensions.py:449}}
Apr 19 16:41:21.121306 np0000167814 devstack@neutron-api.service[104036]: INFO neutron.api.extensions [None req-4eb187dc-e32d-45d9-bd91-61b5f74e7616 None None] Extension router-admin-state-down-before-update not supported by any of loaded plugins
Apr 19 16:41:21.121387 np0000167814 devstack@neutron-api.service[104036]: DEBUG neutron.api.extensions [None req-4eb187dc-e32d-45d9-bd91-61b5f74e7616 None None] Loading extension file: agent.py {{(pid=104036) _load_all_extensions_from_path /opt/stack/neutron/neutron/api/extensions.py:449}}
Apr 19 16:41:21.121439 np0000167814 devstack@neutron-api.service[104037]: DEBUG neutron.api.extensions [None req-4221281c-8610-4639-bb68-8c9258f6912d None None] Ext name="Pagination support" alias="pagination" description="Extension that indicates that pagination is enabled." updated="2016-06-12T00:00:00-00:00" {{(pid=104037) _check_extension /opt/stack/neutron/neutron/api/extensions.py:415}}
Apr 19 16:41:21.121572 np0000167814 devstack@neutron-api.service[104037]: INFO neutron.api.extensions [None req-4221281c-8610-4639-bb68-8c9258f6912d None None] Loaded extension: pagination
Apr 19 16:41:21.121647 np0000167814 devstack@neutron-api.service[104037]: DEBUG neutron.api.extensions [None req-4221281c-8610-4639-bb68-8c9258f6912d None None] Loading extension file: port_device_profile.py {{(pid=104037) _load_all_extensions_from_path /opt/stack/neutron/neutron/api/extensions.py:449}}
Apr 19 16:41:21.121674 np0000167814 devstack@neutron-api.service[104036]: DEBUG neutron.api.extensions [None req-4eb187dc-e32d-45d9-bd91-61b5f74e7616 None None] Ext name="agent" alias="agent" description="The agent management extension." updated="2013-02-03T10:00:00-00:00" {{(pid=104036) _check_extension /opt/stack/neutron/neutron/api/extensions.py:415}}
Apr 19 16:41:21.121845 np0000167814 devstack@neutron-api.service[104036]: INFO neutron.api.extensions [None req-4eb187dc-e32d-45d9-bd91-61b5f74e7616 None None] Loaded extension: agent
Apr 19 16:41:21.121875 np0000167814 devstack@neutron-api.service[104037]: DEBUG neutron.api.extensions [None req-4221281c-8610-4639-bb68-8c9258f6912d None None] Ext name="Port device profile" alias="port-device-profile" description="Expose the port device profile (Cyborg)" updated="2020-12-17T10:00:00-00:00" {{(pid=104037) _check_extension /opt/stack/neutron/neutron/api/extensions.py:415}}
Apr 19 16:41:21.121935 np0000167814 devstack@neutron-api.service[104036]: DEBUG neutron.api.extensions [None req-4eb187dc-e32d-45d9-bd91-61b5f74e7616 None None] Loading extension file: agent_resources_synced.py {{(pid=104036) _load_all_extensions_from_path /opt/stack/neutron/neutron/api/extensions.py:449}}
Apr 19 16:41:21.122003 np0000167814 devstack@neutron-api.service[104037]: INFO neutron.api.extensions [None req-4221281c-8610-4639-bb68-8c9258f6912d None None] Loaded extension: port-device-profile
Apr 19 16:41:21.122089 np0000167814 devstack@neutron-api.service[104037]: DEBUG neutron.api.extensions [None req-4221281c-8610-4639-bb68-8c9258f6912d None None] Loading extension file: port_hardware_offload_type.py {{(pid=104037) _load_all_extensions_from_path /opt/stack/neutron/neutron/api/extensions.py:449}}
Apr 19 16:41:21.122157 np0000167814 devstack@neutron-api.service[104036]: DEBUG neutron.api.extensions [None req-4eb187dc-e32d-45d9-bd91-61b5f74e7616 None None] Ext name="Agent's Resource View Synced to Placement" alias="agent-resources-synced" description="Stores success/failure of last sync to Placement" updated="2018-12-19T00:00:00-00:00" {{(pid=104036) _check_extension /opt/stack/neutron/neutron/api/extensions.py:415}}
Apr 19 16:41:21.122187 np0000167814 devstack@neutron-api.service[104038]: DEBUG neutron.services.provider_configuration [None req-b9d9d43b-8c86-428f-a000-46f0e1165257 None None] Service providers = [] {{(pid=104038) parse_service_provider_opt /opt/stack/neutron/neutron/services/provider_configuration.py:170}}
Apr 19 16:41:21.122285 np0000167814 devstack@neutron-api.service[104038]: DEBUG neutron.db.servicetype_db [None req-b9d9d43b-8c86-428f-a000-46f0e1165257 None None] Adding provider configuration for service L3_ROUTER_NAT {{(pid=104038) add_provider_configuration /opt/stack/neutron/neutron/db/servicetype_db.py:42}}
Apr 19 16:41:21.122352 np0000167814 devstack@neutron-api.service[104037]: DEBUG neutron.api.extensions [None req-4221281c-8610-4639-bb68-8c9258f6912d None None] Ext name="Port hardware offload" alias="port-hardware-offload-type" description="Expose port hardware offload extension" updated="2023-05-09T10:00:00-00:00" {{(pid=104037) _check_extension /opt/stack/neutron/neutron/api/extensions.py:415}}
Apr 19 16:41:21.122382 np0000167814 devstack@neutron-api.service[104036]: INFO neutron.api.extensions [None req-4eb187dc-e32d-45d9-bd91-61b5f74e7616 None None] Extension agent-resources-synced not supported by any of loaded plugins
Apr 19 16:41:21.122447 np0000167814 devstack@neutron-api.service[104036]: DEBUG neutron.api.extensions [None req-4eb187dc-e32d-45d9-bd91-61b5f74e7616 None None] Loading extension file: allowedaddresspairs.py {{(pid=104036) _load_all_extensions_from_path /opt/stack/neutron/neutron/api/extensions.py:449}}
Apr 19 16:41:21.122508 np0000167814 devstack@neutron-api.service[104037]: INFO neutron.api.extensions [None req-4221281c-8610-4639-bb68-8c9258f6912d None None] Extension port-hardware-offload-type not supported by any of loaded plugins
Apr 19 16:41:21.122552 np0000167814 devstack@neutron-api.service[104037]: DEBUG neutron.api.extensions [None req-4221281c-8610-4639-bb68-8c9258f6912d None None] Loading extension file: port_hint_ovs_tx_steering.py {{(pid=104037) _load_all_extensions_from_path /opt/stack/neutron/neutron/api/extensions.py:449}}
Apr 19 16:41:21.122783 np0000167814 devstack@neutron-api.service[104037]: DEBUG neutron.api.extensions [None req-4221281c-8610-4639-bb68-8c9258f6912d None None] Ext name="Port hint: Open vSwitch Tx steering" alias="port-hint-ovs-tx-steering" description="Enable Port hint: Open vSwitch Tx steering" updated="2023-01-01T00:00:00-00:00" {{(pid=104037) _check_extension /opt/stack/neutron/neutron/api/extensions.py:415}}
Apr 19 16:41:21.122945 np0000167814 devstack@neutron-api.service[104037]: INFO neutron.api.extensions [None req-4221281c-8610-4639-bb68-8c9258f6912d None None] Extension port-hint-ovs-tx-steering not supported by any of loaded plugins
Apr 19 16:41:21.123030 np0000167814 devstack@neutron-api.service[104037]: DEBUG neutron.api.extensions [None req-4221281c-8610-4639-bb68-8c9258f6912d None None] Loading extension file: port_hints.py {{(pid=104037) _load_all_extensions_from_path /opt/stack/neutron/neutron/api/extensions.py:449}}
Apr 19 16:41:21.123069 np0000167814 devstack@neutron-api.service[104036]: DEBUG neutron.api.extensions [None req-4eb187dc-e32d-45d9-bd91-61b5f74e7616 None None] Ext name="Allowed Address Pairs" alias="allowed-address-pairs" description="Provides allowed address pairs" updated="2013-07-23T10:00:00-00:00" {{(pid=104036) _check_extension /opt/stack/neutron/neutron/api/extensions.py:415}}
Apr 19 16:41:21.123244 np0000167814 devstack@neutron-api.service[104036]: INFO neutron.api.extensions [None req-4eb187dc-e32d-45d9-bd91-61b5f74e7616 None None] Loaded extension: allowed-address-pairs
Apr 19 16:41:21.123277 np0000167814 devstack@neutron-api.service[104037]: DEBUG neutron.api.extensions [None req-4221281c-8610-4639-bb68-8c9258f6912d None None] Ext name="Port hints" alias="port-hints" description="Backend specific port hints to allow backend specific tuning" updated="2023-01-01T00:00:00-00:00" {{(pid=104037) _check_extension /opt/stack/neutron/neutron/api/extensions.py:415}}
Apr 19 16:41:21.123339 np0000167814 devstack@neutron-api.service[104036]: DEBUG neutron.api.extensions [None req-4eb187dc-e32d-45d9-bd91-61b5f74e7616 None None] Loading extension file: auto_allocated_topology.py {{(pid=104036) _load_all_extensions_from_path /opt/stack/neutron/neutron/api/extensions.py:449}}
Apr 19 16:41:21.123409 np0000167814 devstack@neutron-api.service[104037]: INFO neutron.api.extensions [None req-4221281c-8610-4639-bb68-8c9258f6912d None None] Extension port-hints not supported by any of loaded plugins
Apr 19 16:41:21.123495 np0000167814 devstack@neutron-api.service[104037]: DEBUG neutron.api.extensions [None req-4221281c-8610-4639-bb68-8c9258f6912d None None] Loading extension file: port_mac_address_override.py {{(pid=104037) _load_all_extensions_from_path /opt/stack/neutron/neutron/api/extensions.py:449}}
Apr 19 16:41:21.123524 np0000167814 devstack@neutron-api.service[104038]: DEBUG neutron_lib.callbacks.manager [None req-b9d9d43b-8c86-428f-a000-46f0e1165257 None None] Subscribe: > router precommit_create 55549900, False {{(pid=104038) subscribe /opt/stack/data/venv/lib/python3.12/site-packages/neutron_lib/callbacks/manager.py:52}}
Apr 19 16:41:21.123588 np0000167814 devstack@neutron-api.service[104036]: DEBUG neutron.api.extensions [None req-4eb187dc-e32d-45d9-bd91-61b5f74e7616 None None] Ext name="Auto Allocated Topology Services" alias="auto-allocated-topology" description="Auto Allocated Topology Services." updated="2016-01-01T00:00:00-00:00" {{(pid=104036) _check_extension /opt/stack/neutron/neutron/api/extensions.py:415}}
Apr 19 16:41:21.123618 np0000167814 devstack@neutron-api.service[104038]: DEBUG neutron_lib.callbacks.manager [None req-b9d9d43b-8c86-428f-a000-46f0e1165257 None None] Subscribe: > router_interface after_create 55550000, False {{(pid=104038) subscribe /opt/stack/data/venv/lib/python3.12/site-packages/neutron_lib/callbacks/manager.py:52}}
Apr 19 16:41:21.123755 np0000167814 devstack@neutron-api.service[104037]: DEBUG neutron.api.extensions [None req-4221281c-8610-4639-bb68-8c9258f6912d None None] Ext name="Neutron Port MAC address override" alias="port-mac-override" description="Allow overriding the MAC address of a direct-physical Port via the active binding profile" updated="2022-03-18T10:00:00-00:00" {{(pid=104037) _check_extension /opt/stack/neutron/neutron/api/extensions.py:415}}
Apr 19 16:41:21.123808 np0000167814 devstack@neutron-api.service[104038]: DEBUG neutron_lib.callbacks.manager [None req-b9d9d43b-8c86-428f-a000-46f0e1165257 None None] Subscribe: > floatingip after_create 55550000, False {{(pid=104038) subscribe /opt/stack/data/venv/lib/python3.12/site-packages/neutron_lib/callbacks/manager.py:52}}
Apr 19 16:41:21.123839 np0000167814 devstack@neutron-api.service[104036]: INFO neutron.api.extensions [None req-4eb187dc-e32d-45d9-bd91-61b5f74e7616 None None] Loaded extension: auto-allocated-topology
Apr 19 16:41:21.123896 np0000167814 devstack@neutron-api.service[104038]: DEBUG neutron_lib.callbacks.manager [None req-b9d9d43b-8c86-428f-a000-46f0e1165257 None None] Subscribe: > floatingip precommit_create 55550000, False {{(pid=104038) subscribe /opt/stack/data/venv/lib/python3.12/site-packages/neutron_lib/callbacks/manager.py:52}}
Apr 19 16:41:21.123927 np0000167814 devstack@neutron-api.service[104036]: DEBUG neutron.api.extensions [None req-4eb187dc-e32d-45d9-bd91-61b5f74e7616 None None] Loading extension file: availability_zone.py {{(pid=104036) _load_all_extensions_from_path /opt/stack/neutron/neutron/api/extensions.py:449}}
Apr 19 16:41:21.123989 np0000167814 devstack@neutron-api.service[104037]: INFO neutron.api.extensions [None req-4221281c-8610-4639-bb68-8c9258f6912d None None] Extension port-mac-override not supported by any of loaded plugins
Apr 19 16:41:21.124045 np0000167814 devstack@neutron-api.service[104038]: DEBUG neutron_lib.callbacks.manager [None req-b9d9d43b-8c86-428f-a000-46f0e1165257 None None] Subscribe: > floatingip precommit_update 55550000, False {{(pid=104038) subscribe /opt/stack/data/venv/lib/python3.12/site-packages/neutron_lib/callbacks/manager.py:52}}
Apr 19 16:41:21.124079 np0000167814 devstack@neutron-api.service[104037]: DEBUG neutron.api.extensions [None req-4221281c-8610-4639-bb68-8c9258f6912d None None] Loading extension file: port_mac_address_regenerate.py {{(pid=104037) _load_all_extensions_from_path /opt/stack/neutron/neutron/api/extensions.py:449}}
Apr 19 16:41:21.124134 np0000167814 devstack@neutron-api.service[104038]: DEBUG neutron_lib.callbacks.manager [None req-b9d9d43b-8c86-428f-a000-46f0e1165257 None None] Subscribe: > floatingip after_delete 55550000, False {{(pid=104038) subscribe /opt/stack/data/venv/lib/python3.12/site-packages/neutron_lib/callbacks/manager.py:52}}
Apr 19 16:41:21.124134 np0000167814 devstack@neutron-api.service[104038]: DEBUG neutron_lib.callbacks.manager [None req-b9d9d43b-8c86-428f-a000-46f0e1165257 None None] Subscribe: > floatingip after_status_update 55550000, False {{(pid=104038) subscribe /opt/stack/data/venv/lib/python3.12/site-packages/neutron_lib/callbacks/manager.py:52}}
Apr 19 16:41:21.124221 np0000167814 devstack@neutron-api.service[104036]: DEBUG neutron.api.extensions [None req-4eb187dc-e32d-45d9-bd91-61b5f74e7616 None None] Ext name="Availability Zone" alias="availability_zone" description="The availability zone extension." updated="2015-01-01T10:00:00-00:00" {{(pid=104036) _check_extension /opt/stack/neutron/neutron/api/extensions.py:415}}
Apr 19 16:41:21.124286 np0000167814 devstack@neutron-api.service[104038]: DEBUG neutron_lib.callbacks.manager [None req-b9d9d43b-8c86-428f-a000-46f0e1165257 None None] Subscribe: > floatingip after_update 55550000, False {{(pid=104038) subscribe /opt/stack/data/venv/lib/python3.12/site-packages/neutron_lib/callbacks/manager.py:52}}
Apr 19 16:41:21.124317 np0000167814 devstack@neutron-api.service[104037]: DEBUG neutron.api.extensions [None req-4221281c-8610-4639-bb68-8c9258f6912d None None] Ext name="Neutron Port MAC address regenerate" alias="port-mac-address-regenerate" description="Network port MAC address regenerate" updated="2018-05-03T10:00:00-00:00" {{(pid=104037) _check_extension /opt/stack/neutron/neutron/api/extensions.py:415}}
Apr 19 16:41:21.124379 np0000167814 devstack@neutron-api.service[104036]: INFO neutron.api.extensions [None req-4eb187dc-e32d-45d9-bd91-61b5f74e7616 None None] Loaded extension: availability_zone
Apr 19 16:41:21.124445 np0000167814 devstack@neutron-api.service[104038]: DEBUG neutron_lib.callbacks.manager [None req-b9d9d43b-8c86-428f-a000-46f0e1165257 None None] Subscribe: > port_forwarding after_create 55550000, False {{(pid=104038) subscribe /opt/stack/data/venv/lib/python3.12/site-packages/neutron_lib/callbacks/manager.py:52}}
Apr 19 16:41:21.124504 np0000167814 devstack@neutron-api.service[104036]: DEBUG neutron.api.extensions [None req-4eb187dc-e32d-45d9-bd91-61b5f74e7616 None None] Loading extension file: availability_zone_filter.py {{(pid=104036) _load_all_extensions_from_path /opt/stack/neutron/neutron/api/extensions.py:449}}
Apr 19 16:41:21.124533 np0000167814 devstack@neutron-api.service[104038]: DEBUG neutron_lib.callbacks.manager [None req-b9d9d43b-8c86-428f-a000-46f0e1165257 None None] Subscribe: > router_interface after_delete 55550000, False {{(pid=104038) subscribe /opt/stack/data/venv/lib/python3.12/site-packages/neutron_lib/callbacks/manager.py:52}}
Apr 19 16:41:21.124598 np0000167814 devstack@neutron-api.service[104037]: INFO neutron.api.extensions [None req-4221281c-8610-4639-bb68-8c9258f6912d None None] Loaded extension: port-mac-address-regenerate
Apr 19 16:41:21.124658 np0000167814 devstack@neutron-api.service[104038]: DEBUG neutron_lib.callbacks.manager [None req-b9d9d43b-8c86-428f-a000-46f0e1165257 None None] Subscribe: > router after_create 55550000, False {{(pid=104038) subscribe /opt/stack/data/venv/lib/python3.12/site-packages/neutron_lib/callbacks/manager.py:52}}
Apr 19 16:41:21.124692 np0000167814 devstack@neutron-api.service[104037]: DEBUG neutron.api.extensions [None req-4221281c-8610-4639-bb68-8c9258f6912d None None] Loading extension file: port_numa_affinity_policy.py {{(pid=104037) _load_all_extensions_from_path /opt/stack/neutron/neutron/api/extensions.py:449}}
Apr 19 16:41:21.124762 np0000167814 devstack@neutron-api.service[104038]: DEBUG neutron_lib.callbacks.manager [None req-b9d9d43b-8c86-428f-a000-46f0e1165257 None None] Subscribe: > router precommit_create 55550000, False {{(pid=104038) subscribe /opt/stack/data/venv/lib/python3.12/site-packages/neutron_lib/callbacks/manager.py:52}}
Apr 19 16:41:21.124795 np0000167814 devstack@neutron-api.service[104036]: DEBUG neutron.api.extensions [None req-4eb187dc-e32d-45d9-bd91-61b5f74e7616 None None] Ext name="Availability Zone Filter Extension" alias="availability_zone_filter" description="Add filter parameters to AvailabilityZone resource" updated="2018-06-22T10:00:00-00:00" {{(pid=104036) _check_extension /opt/stack/neutron/neutron/api/extensions.py:415}}
Apr 19 16:41:21.124861 np0000167814 devstack@neutron-api.service[104038]: DEBUG neutron_lib.callbacks.manager [None req-b9d9d43b-8c86-428f-a000-46f0e1165257 None None] Subscribe: > router after_delete 55550000, False {{(pid=104038) subscribe /opt/stack/data/venv/lib/python3.12/site-packages/neutron_lib/callbacks/manager.py:52}}
Apr 19 16:41:21.124924 np0000167814 devstack@neutron-api.service[104037]: DEBUG neutron.api.extensions [None req-4221281c-8610-4639-bb68-8c9258f6912d None None] Ext name="Port NUMA affinity policy" alias="port-numa-affinity-policy" description="Expose the port NUMA affinity policy" updated="2020-07-08T10:00:00-00:00" {{(pid=104037) _check_extension /opt/stack/neutron/neutron/api/extensions.py:415}}
Apr 19 16:41:21.124954 np0000167814 devstack@neutron-api.service[104036]: INFO neutron.api.extensions [None req-4eb187dc-e32d-45d9-bd91-61b5f74e7616 None None] Extension availability_zone_filter not supported by any of loaded plugins
Apr 19 16:41:21.125010 np0000167814 devstack@neutron-api.service[104038]: DEBUG neutron_lib.callbacks.manager [None req-b9d9d43b-8c86-428f-a000-46f0e1165257 None None] Subscribe: > router after_update 55550000, False {{(pid=104038) subscribe /opt/stack/data/venv/lib/python3.12/site-packages/neutron_lib/callbacks/manager.py:52}}
Apr 19 16:41:21.125069 np0000167814 devstack@neutron-api.service[104036]: DEBUG neutron.api.extensions [None req-4eb187dc-e32d-45d9-bd91-61b5f74e7616 None None] Loading extension file: data_plane_status.py {{(pid=104036) _load_all_extensions_from_path /opt/stack/neutron/neutron/api/extensions.py:449}}
Apr 19 16:41:21.125098 np0000167814 devstack@neutron-api.service[104037]: INFO neutron.api.extensions [None req-4221281c-8610-4639-bb68-8c9258f6912d None None] Loaded extension: port-numa-affinity-policy
Apr 19 16:41:21.125167 np0000167814 devstack@neutron-api.service[104038]: DEBUG neutron.services.service_base [None req-b9d9d43b-8c86-428f-a000-46f0e1165257 None None] Loaded 'neutron.services.ovn_l3.service_providers.ovn.OvnDriver' provider for service L3_ROUTER_NAT {{(pid=104038) load_drivers /opt/stack/neutron/neutron/services/service_base.py:49}}
Apr 19 16:41:21.125197 np0000167814 devstack@neutron-api.service[104037]: DEBUG neutron.api.extensions [None req-4221281c-8610-4639-bb68-8c9258f6912d None None] Loading extension file: port_numa_affinity_policy_socket.py {{(pid=104037) _load_all_extensions_from_path /opt/stack/neutron/neutron/api/extensions.py:449}}
Apr 19 16:41:21.125254 np0000167814 devstack@neutron-api.service[104038]: DEBUG neutron_lib.callbacks.manager [None req-b9d9d43b-8c86-428f-a000-46f0e1165257 None None] Subscribe: > process after_init 55550001, True {{(pid=104038) subscribe /opt/stack/data/venv/lib/python3.12/site-packages/neutron_lib/callbacks/manager.py:52}}
Apr 19 16:41:21.125318 np0000167814 devstack@neutron-api.service[104036]: DEBUG neutron.api.extensions [None req-4eb187dc-e32d-45d9-bd91-61b5f74e7616 None None] Ext name="Port data plane status extension" alias="data-plane-status" description="Expose status of underlying data plane" updated="2017-01-24T10:00:00-00:00" {{(pid=104036) _check_extension /opt/stack/neutron/neutron/api/extensions.py:415}}
Apr 19 16:41:21.125352 np0000167814 devstack@neutron-api.service[104038]: DEBUG neutron.manager [None req-b9d9d43b-8c86-428f-a000-46f0e1165257 None None] Successfully loaded L3_ROUTER_NAT plugin. Description: L3 Router Service Plugin for basic L3 forwarding using OVN {{(pid=104038) _create_and_add_service_plugin /opt/stack/neutron/neutron/manager.py:239}}
Apr 19 16:41:21.125352 np0000167814 devstack@neutron-api.service[104038]: INFO neutron.manager [None req-b9d9d43b-8c86-428f-a000-46f0e1165257 None None] Loading Plugin: auto_allocate
Apr 19 16:41:21.125458 np0000167814 devstack@neutron-api.service[104036]: INFO neutron.api.extensions [None req-4eb187dc-e32d-45d9-bd91-61b5f74e7616 None None] Extension data-plane-status not supported by any of loaded plugins
Apr 19 16:41:21.125486 np0000167814 devstack@neutron-api.service[104037]: DEBUG neutron.api.extensions [None req-4221281c-8610-4639-bb68-8c9258f6912d None None] Ext name="Port NUMA affinity policy "socket"" alias="port-numa-affinity-policy-socket" description="Adds "socket" to the supported port NUMA affinity policies" updated="2024-02-09T10:00:00-00:00" {{(pid=104037) _check_extension /opt/stack/neutron/neutron/api/extensions.py:415}}
Apr 19 16:41:21.125550 np0000167814 devstack@neutron-api.service[104036]: DEBUG neutron.api.extensions [None req-4eb187dc-e32d-45d9-bd91-61b5f74e7616 None None] Loading extension file: default_subnetpools.py {{(pid=104036) _load_all_extensions_from_path /opt/stack/neutron/neutron/api/extensions.py:449}}
Apr 19 16:41:21.125578 np0000167814 devstack@neutron-api.service[104037]: INFO neutron.api.extensions [None req-4221281c-8610-4639-bb68-8c9258f6912d None None] Loaded extension: port-numa-affinity-policy-socket
Apr 19 16:41:21.125578 np0000167814 devstack@neutron-api.service[104037]: DEBUG neutron.api.extensions [None req-4221281c-8610-4639-bb68-8c9258f6912d None None] Loading extension file: port_resource_request.py {{(pid=104037) _load_all_extensions_from_path /opt/stack/neutron/neutron/api/extensions.py:449}}
Apr 19 16:41:21.125691 np0000167814 devstack@neutron-api.service[104036]: DEBUG neutron.api.extensions [None req-4eb187dc-e32d-45d9-bd91-61b5f74e7616 None None] Ext name="Default Subnetpools" alias="default-subnetpools" description="Provides ability to mark and use a subnetpool as the default." updated="2016-02-18T18:00:00-00:00" {{(pid=104036) _check_extension /opt/stack/neutron/neutron/api/extensions.py:415}}
Apr 19 16:41:21.125782 np0000167814 devstack@neutron-api.service[104036]: INFO neutron.api.extensions [None req-4eb187dc-e32d-45d9-bd91-61b5f74e7616 None None] Loaded extension: default-subnetpools
Apr 19 16:41:21.125814 np0000167814 devstack@neutron-api.service[104037]: DEBUG neutron.api.extensions [None req-4221281c-8610-4639-bb68-8c9258f6912d None None] Ext name="Port Resource Request" alias="port-resource-request" description="Expose resource request to Port" updated="2018-05-08T10:00:00-00:00" {{(pid=104037) _check_extension /opt/stack/neutron/neutron/api/extensions.py:415}}
Apr 19 16:41:21.125906 np0000167814 devstack@neutron-api.service[104036]: DEBUG neutron.api.extensions [None req-4eb187dc-e32d-45d9-bd91-61b5f74e7616 None None] Loading extension file: dhcpagentscheduler.py {{(pid=104036) _load_all_extensions_from_path /opt/stack/neutron/neutron/api/extensions.py:449}}
Apr 19 16:41:21.125979 np0000167814 devstack@neutron-api.service[104037]: INFO neutron.api.extensions [None req-4221281c-8610-4639-bb68-8c9258f6912d None None] Extension port-resource-request not supported by any of loaded plugins
Apr 19 16:41:21.126035 np0000167814 devstack@neutron-api.service[104037]: DEBUG neutron.api.extensions [None req-4221281c-8610-4639-bb68-8c9258f6912d None None] Loading extension file: port_resource_request_groups.py {{(pid=104037) _load_all_extensions_from_path /opt/stack/neutron/neutron/api/extensions.py:449}}
Apr 19 16:41:21.126185 np0000167814 devstack@neutron-api.service[104038]: DEBUG neutron_lib.callbacks.manager [None req-b9d9d43b-8c86-428f-a000-46f0e1165257 None None] Subscribe: network precommit_update 55550000, False {{(pid=104038) subscribe /opt/stack/data/venv/lib/python3.12/site-packages/neutron_lib/callbacks/manager.py:52}}
Apr 19 16:41:21.126263 np0000167814 devstack@neutron-api.service[104036]: DEBUG neutron.api.extensions [None req-4eb187dc-e32d-45d9-bd91-61b5f74e7616 None None] Ext name="DHCP Agent Scheduler" alias="dhcp_agent_scheduler" description="Schedule networks among dhcp agents" updated="2013-02-07T10:00:00-00:00" {{(pid=104036) _check_extension /opt/stack/neutron/neutron/api/extensions.py:415}}
Apr 19 16:41:21.126374 np0000167814 devstack@neutron-api.service[104037]: DEBUG neutron.api.extensions [None req-4221281c-8610-4639-bb68-8c9258f6912d None None] Ext name="Port Resource Request Groups" alias="port-resource-request-groups" description="Support requesting multiple groups of resources and traits from the same RP subtree in resource_request" updated="2021-08-02T10:00:00-00:00" {{(pid=104037) _check_extension /opt/stack/neutron/neutron/api/extensions.py:415}}
Apr 19 16:41:21.126463 np0000167814 devstack@neutron-api.service[104038]: DEBUG neutron_lib.callbacks.manager [None req-b9d9d43b-8c86-428f-a000-46f0e1165257 None None] Subscribe: network precommit_create 55550000, False {{(pid=104038) subscribe /opt/stack/data/venv/lib/python3.12/site-packages/neutron_lib/callbacks/manager.py:52}}
Apr 19 16:41:21.126540 np0000167814 devstack@neutron-api.service[104036]: INFO neutron.api.extensions [None req-4eb187dc-e32d-45d9-bd91-61b5f74e7616 None None] Loaded extension: dhcp_agent_scheduler
Apr 19 16:41:21.126600 np0000167814 devstack@neutron-api.service[104038]: DEBUG neutron.manager [None req-b9d9d43b-8c86-428f-a000-46f0e1165257 None None] Successfully loaded auto-allocated-topology plugin. Description: Auto Allocated Topology - aka get me a network. {{(pid=104038) _create_and_add_service_plugin /opt/stack/neutron/neutron/manager.py:239}}
Apr 19 16:41:21.126659 np0000167814 devstack@neutron-api.service[104036]: DEBUG neutron.api.extensions [None req-4eb187dc-e32d-45d9-bd91-61b5f74e7616 None None] Loading extension file: dns.py {{(pid=104036) _load_all_extensions_from_path /opt/stack/neutron/neutron/api/extensions.py:449}}
Apr 19 16:41:21.126864 np0000167814 devstack@neutron-api.service[104037]: INFO neutron.api.extensions [None req-4221281c-8610-4639-bb68-8c9258f6912d None None] Extension port-resource-request-groups not supported by any of loaded plugins
Apr 19 16:41:21.127063 np0000167814 devstack@neutron-api.service[104038]: INFO neutron.manager [None req-b9d9d43b-8c86-428f-a000-46f0e1165257 None None] Loading Plugin: tag
Apr 19 16:41:21.127142 np0000167814 devstack@neutron-api.service[104037]: DEBUG neutron.api.extensions [None req-4221281c-8610-4639-bb68-8c9258f6912d None None] Loading extension file: port_trusted_vif.py {{(pid=104037) _load_all_extensions_from_path /opt/stack/neutron/neutron/api/extensions.py:449}}
Apr 19 16:41:21.127175 np0000167814 devstack@neutron-api.service[104036]: DEBUG neutron.api.extensions [None req-4eb187dc-e32d-45d9-bd91-61b5f74e7616 None None] Ext name="DNS Integration" alias="dns-integration" description="Provides integration with DNS." updated="2015-08-15T18:00:00-00:00" {{(pid=104036) _check_extension /opt/stack/neutron/neutron/api/extensions.py:415}}
Apr 19 16:41:21.127233 np0000167814 devstack@neutron-api.service[104037]: DEBUG neutron.api.extensions [None req-4221281c-8610-4639-bb68-8c9258f6912d None None] Ext name="Port trusted vif" alias="port-trusted-vif" description="Expose port 'trusted' attribute in the API" updated="2024-07-10T10:00:00-00:00" {{(pid=104037) _check_extension /opt/stack/neutron/neutron/api/extensions.py:415}}
Apr 19 16:41:21.127233 np0000167814 devstack@neutron-api.service[104037]: INFO neutron.api.extensions [None req-4221281c-8610-4639-bb68-8c9258f6912d None None] Extension port-trusted-vif not supported by any of loaded plugins
Apr 19 16:41:21.127233 np0000167814 devstack@neutron-api.service[104037]: DEBUG neutron.api.extensions [None req-4221281c-8610-4639-bb68-8c9258f6912d None None] Loading extension file: portbindings.py {{(pid=104037) _load_all_extensions_from_path /opt/stack/neutron/neutron/api/extensions.py:449}}
