2026-02-25 07:18:18.408 8 INFO neutron.plugins.ml2.drivers.ovn.mech_driver.mech_driver [None req-397ec7cf-6208-4c99-8408-f2268d0a3a8b - - - - - -] OVN reports status down for port: 4434495a-87b2-49ae-9a81-8e1f0b1d4e05 [pid: 7|app: 0|req: 955/1840] 10.0.0.13 () {34 vars in 669 bytes} [Wed Feb 25 07:18:17 2026] POST /v2.0/networks => generated 630 bytes in 1072 msecs (HTTP/1.1 201) 4 headers in 162 bytes (1 switches on core 0) [pid: 7|app: 0|req: 956/1841] 10.0.0.34 () {34 vars in 989 bytes} [Wed Feb 25 07:18:18 2026] GET /v2.0/ports?device_id=975c25c5-ba57-4386-b5be-65a970ef53d8 => generated 12 bytes in 17 msecs (HTTP/1.1 200) 4 headers in 156 bytes (1 switches on core 0)
2026-02-25 07:18:18.521 8 INFO neutron.plugins.ml2.drivers.ovn.mech_driver.mech_driver [None req-397ec7cf-6208-4c99-8408-f2268d0a3a8b - - - - - -] OVN reports status down for port: 3e07d1a8-d3b3-495a-820e-9ab77ffe9d05
2026-02-25 07:18:18.662 7 WARNING neutron.scheduler.dhcp_agent_scheduler [req-c8e42a48-b280-4553-b973-9a4530de7432 req-9b8e8dd7-d9af-4264-846f-ac9c7a1f1593 15fb987bf6704f6587b5e4320d47d3e3 f19abe4e938147abafad73973717a380 - - default default] No more DHCP agents
2026-02-25 07:18:18.663 7 WARNING neutron.api.rpc.agentnotifiers.dhcp_rpc_agent_api [req-c8e42a48-b280-4553-b973-9a4530de7432 req-9b8e8dd7-d9af-4264-846f-ac9c7a1f1593 15fb987bf6704f6587b5e4320d47d3e3 f19abe4e938147abafad73973717a380 - - default default] Unable to schedule network c822b206-75f5-474f-b442-f3fcc7aa8220: no agents available; will retry on subsequent port and subnet creation events.
2026-02-25 07:18:18.666 8 WARNING neutron.scheduler.dhcp_agent_scheduler [None req-f52d5c08-770a-4ce1-b91b-d4e75111ae06 56ee04d65eaa40a4bc2050db22f7bf56 05b60dd58031417cadb785ecf33af6a0 - - default default] No more DHCP agents
2026-02-25 07:18:18.667 8 WARNING neutron.api.rpc.agentnotifiers.dhcp_rpc_agent_api [None req-f52d5c08-770a-4ce1-b91b-d4e75111ae06 56ee04d65eaa40a4bc2050db22f7bf56 05b60dd58031417cadb785ecf33af6a0 - - default default] Unable to schedule network 398099b4-15c8-453a-bbee-f79f9db598bf: no agents available; will retry on subsequent port and subnet creation events.
2026-02-25 07:18:18.713 8 INFO neutron.db.ovn_revision_numbers_db [None req-f52d5c08-770a-4ce1-b91b-d4e75111ae06 56ee04d65eaa40a4bc2050db22f7bf56 05b60dd58031417cadb785ecf33af6a0 - - default default] Successfully bumped revision number for resource 94d52b69-f1b7-4b3b-a236-17ce5ec638b4 (type: subnets) to 0 [pid: 8|app: 0|req: 886/1842] 10.0.0.13 () {34 vars in 668 bytes} [Wed Feb 25 07:18:18 2026] POST /v2.0/subnets => generated 646 bytes in 378 msecs (HTTP/1.1 201) 4 headers in 162 bytes (1 switches on core 0)
2026-02-25 07:18:18.890 8 INFO neutron.plugins.ml2.drivers.ovn.mech_driver.mech_driver [None req-397ec7cf-6208-4c99-8408-f2268d0a3a8b - - - - - -] OVN reports status down for port: e39f1384-50c4-43e1-b070-ade75c9428b0
2026-02-25 07:18:18.890 7 INFO neutron.db.ovn_revision_numbers_db [req-c8e42a48-b280-4553-b973-9a4530de7432 req-9b8e8dd7-d9af-4264-846f-ac9c7a1f1593 15fb987bf6704f6587b5e4320d47d3e3 f19abe4e938147abafad73973717a380 - - default default] Successfully bumped revision number for resource e39f1384-50c4-43e1-b070-ade75c9428b0 (type: ports) to 1
2026-02-25 07:18:18.891 8 INFO neutron.db.segments_db [None req-9806ea28-e53f-4726-83b4-e42cf78434dd 15754d1268bf4ddeaed76e504f18a69f 93796b836a8d4eed8713c873c92a849b - - default default] Added segment 3582ea63-80c9-4c59-b7a2-440f8e1961cb of type geneve for network e59c95a8-0243-4456-b8df-3d5e72348a4a [pid: 7|app: 0|req: 957/1843] 199.204.45.223 () {38 vars in 955 bytes} [Wed Feb 25 07:18:18 2026] POST /v2.0/ports => generated 958 bytes in 507 msecs (HTTP/1.1 201) 4 headers in 162 bytes (1 switches on core 0) /var/lib/openstack/lib/python3.12/site-packages/pycadf/identifier.py:70: UserWarning: Invalid uuid: neutron. To ensure interoperability, identifiers should be a valid uuid. warnings.warn(('Invalid uuid: %s. To ensure interoperability, '
2026-02-25 07:18:19.060 8 INFO neutron.db.ovn_revision_numbers_db [None req-9806ea28-e53f-4726-83b4-e42cf78434dd 15754d1268bf4ddeaed76e504f18a69f 93796b836a8d4eed8713c873c92a849b - - default default] Successfully bumped revision number for resource e59c95a8-0243-4456-b8df-3d5e72348a4a (type: networks) to 1
2026-02-25 07:18:19.135 7 WARNING neutron.scheduler.dhcp_agent_scheduler [None req-bc760448-140b-4bbe-8329-7d4473ba8447 56ee04d65eaa40a4bc2050db22f7bf56 05b60dd58031417cadb785ecf33af6a0 - - default default] No more DHCP agents
2026-02-25 07:18:19.136 7 WARNING neutron.api.rpc.agentnotifiers.dhcp_rpc_agent_api [None req-bc760448-140b-4bbe-8329-7d4473ba8447 56ee04d65eaa40a4bc2050db22f7bf56 05b60dd58031417cadb785ecf33af6a0 - - default default] Unable to schedule network 762d1af6-263c-43cc-8916-d75b146fc6f9: no agents available; will retry on subsequent port and subnet creation events.
2026-02-25 07:18:19.174 7 INFO neutron.db.ovn_revision_numbers_db [None req-bc760448-140b-4bbe-8329-7d4473ba8447 56ee04d65eaa40a4bc2050db22f7bf56 05b60dd58031417cadb785ecf33af6a0 - - default default] Successfully bumped revision number for resource 85cb40a3-349f-4e4f-836e-98e43e2fdd07 (type: subnets) to 0 [pid: 7|app: 0|req: 958/1844] 10.0.0.13 () {34 vars in 668 bytes} [Wed Feb 25 07:18:18 2026] POST /v2.0/subnets => generated 655 bytes in 257 msecs (HTTP/1.1 201) 4 headers in 162 bytes (1 switches on core 0)
2026-02-25 07:18:19.232 8 WARNING neutron.scheduler.dhcp_agent_scheduler [None req-9806ea28-e53f-4726-83b4-e42cf78434dd 15754d1268bf4ddeaed76e504f18a69f 93796b836a8d4eed8713c873c92a849b - - default default] No more DHCP agents
2026-02-25 07:18:19.237 8 WARNING neutron.api.rpc.agentnotifiers.dhcp_rpc_agent_api [None req-9806ea28-e53f-4726-83b4-e42cf78434dd 15754d1268bf4ddeaed76e504f18a69f 93796b836a8d4eed8713c873c92a849b - - default default] Unable to schedule network e59c95a8-0243-4456-b8df-3d5e72348a4a: no agents available; will retry on subsequent port and subnet creation events.
2026-02-25 07:18:19.320 8 INFO neutron.plugins.ml2.drivers.ovn.mech_driver.mech_driver [None req-397ec7cf-6208-4c99-8408-f2268d0a3a8b - - - - - -] OVN reports status down for port: 5e4b3da3-2b05-411c-8ed5-c4b63300694c
2026-02-25 07:18:19.375 8 INFO neutron.db.ovn_revision_numbers_db [None req-9806ea28-e53f-4726-83b4-e42cf78434dd 15754d1268bf4ddeaed76e504f18a69f 93796b836a8d4eed8713c873c92a849b - - default default] Successfully bumped revision number for resource 5e4b3da3-2b05-411c-8ed5-c4b63300694c (type: ports) to 1 [pid: 8|app: 0|req: 887/1845] 10.0.0.13 () {34 vars in 669 bytes} [Wed Feb 25 07:18:18 2026] POST /v2.0/networks => generated 629 bytes in 680 msecs (HTTP/1.1 201) 4 headers in 162 bytes (1 switches on core 0)
2026-02-25 07:18:19.523 8 INFO neutron.db.ovn_revision_numbers_db [None req-a15061f8-aeb0-45dd-9c30-b21f92d11888 56ee04d65eaa40a4bc2050db22f7bf56 05b60dd58031417cadb785ecf33af6a0 - - default default] Successfully bumped revision number for resource cd950cc9-64f2-41ae-90d9-8fc2987e302d (type: routers) to 1 [pid: 8|app: 0|req: 888/1846] 10.0.0.13 () {34 vars in 668 bytes} [Wed Feb 25 07:18:19 2026] POST /v2.0/routers => generated 607 bytes in 120 msecs (HTTP/1.1 201) 4 headers in 162 bytes (1 switches on core 0)
2026-02-25 07:18:19.600 7 INFO neutron.db.ovn_revision_numbers_db [req-c8e42a48-b280-4553-b973-9a4530de7432 req-bf8abfb4-02f2-4063-afa5-e05eca385d02 b627ed85dac24a23b0d55de5897306c1 92e666e21c634d998871a9e242808838 - - ca3e9b0f0bbc422fb1c43f12d9690f57 ca3e9b0f0bbc422fb1c43f12d9690f57] Successfully bumped revision number for resource e39f1384-50c4-43e1-b070-ade75c9428b0 (type: ports) to 2
2026-02-25 07:18:19.813 7 INFO neutron.db.ovn_revision_numbers_db [req-c8e42a48-b280-4553-b973-9a4530de7432 req-bf8abfb4-02f2-4063-afa5-e05eca385d02 b627ed85dac24a23b0d55de5897306c1 92e666e21c634d998871a9e242808838 - - ca3e9b0f0bbc422fb1c43f12d9690f57 ca3e9b0f0bbc422fb1c43f12d9690f57] Successfully bumped revision number for resource e39f1384-50c4-43e1-b070-ade75c9428b0 (type: ports) to 4 [pid: 7|app: 0|req: 959/1847] 199.204.45.223 () {38 vars in 1028 bytes} [Wed Feb 25 07:18:19 2026] PUT /v2.0/ports/e39f1384-50c4-43e1-b070-ade75c9428b0 => generated 1208 bytes in 644 msecs (HTTP/1.1 200) 4 headers in 158 bytes (1 switches on core 0) /var/lib/openstack/lib/python3.12/site-packages/pycadf/identifier.py:70: UserWarning: Invalid uuid: neutron. To ensure interoperability, identifiers should be a valid uuid. warnings.warn(('Invalid uuid: %s. To ensure interoperability, '
2026-02-25 07:18:19.856 8 INFO neutron.db.ovn_revision_numbers_db [None req-c93b218d-e961-4085-ba9e-b7f6783d5bd6 e9dfc37fe5a9499ca3f6f4f76e48ef75 769e99243ae3455ea3e97c8d7b20c644 - - default default] Successfully bumped revision number for resource 141018c1-cc84-4551-b6dc-ad25c56516a4 (type: security_groups) to 1
2026-02-25 07:18:19.868 8 INFO neutron.db.ovn_revision_numbers_db [None req-c93b218d-e961-4085-ba9e-b7f6783d5bd6 e9dfc37fe5a9499ca3f6f4f76e48ef75 769e99243ae3455ea3e97c8d7b20c644 - - default default] Successfully bumped revision number for resource 2ab9ea76-3754-4c15-8c67-8d5d222fddcb (type: security_group_rules) to 0
2026-02-25 07:18:19.879 7 INFO neutron.notifiers.nova [-] Nova event matching ['req-84652e11-30b5-4aa2-b27f-4f401b2a8116'] response: {'name': 'network-changed', 'server_uuid': '975c25c5-ba57-4386-b5be-65a970ef53d8', 'tag': 'e39f1384-50c4-43e1-b070-ade75c9428b0', 'status': 'completed', 'code': 200}
2026-02-25 07:18:19.879 8 INFO neutron.db.ovn_revision_numbers_db [None req-c93b218d-e961-4085-ba9e-b7f6783d5bd6 e9dfc37fe5a9499ca3f6f4f76e48ef75 769e99243ae3455ea3e97c8d7b20c644 - - default default] Successfully bumped revision number for resource 39c16c63-918a-4b16-80e4-a91c021d31bb (type: security_group_rules) to 0
2026-02-25 07:18:19.890 8 INFO neutron.db.ovn_revision_numbers_db [None req-c93b218d-e961-4085-ba9e-b7f6783d5bd6 e9dfc37fe5a9499ca3f6f4f76e48ef75 769e99243ae3455ea3e97c8d7b20c644 - - default default] Successfully bumped revision number for resource 7b5c8e88-22e8-4b69-870a-9161c1c9e6bf (type: security_group_rules) to 0
2026-02-25 07:18:19.901 8 INFO neutron.db.ovn_revision_numbers_db [None req-c93b218d-e961-4085-ba9e-b7f6783d5bd6 e9dfc37fe5a9499ca3f6f4f76e48ef75 769e99243ae3455ea3e97c8d7b20c644 - - default default] Successfully bumped revision number for resource c2214804-1742-4718-bd1c-269a399f0774 (type: security_group_rules) to 0
2026-02-25 07:18:19.969 8 INFO neutron.db.segments_db [None req-c93b218d-e961-4085-ba9e-b7f6783d5bd6 e9dfc37fe5a9499ca3f6f4f76e48ef75 769e99243ae3455ea3e97c8d7b20c644 - - default default] Added segment 322b60f2-e5ca-4959-9f2f-a44cd6a72236 of type geneve for network cfdf4e72-1548-470a-9ea0-75bd7531a0fe
2026-02-25 07:18:20.038 7 WARNING neutron.scheduler.dhcp_agent_scheduler [None req-30b363ce-c271-42d0-9e0b-e30512bb5a5d 15754d1268bf4ddeaed76e504f18a69f 93796b836a8d4eed8713c873c92a849b - - default default] No more DHCP agents
2026-02-25 07:18:20.040 7 WARNING neutron.api.rpc.agentnotifiers.dhcp_rpc_agent_api [None req-30b363ce-c271-42d0-9e0b-e30512bb5a5d 15754d1268bf4ddeaed76e504f18a69f 93796b836a8d4eed8713c873c92a849b - - default default] Unable to schedule network c24cbb95-0a02-40cf-8586-ee7ce087a3aa: no agents available; will retry on subsequent port and subnet creation events.
2026-02-25 07:18:20.085 8 INFO neutron.db.ovn_revision_numbers_db [None req-c93b218d-e961-4085-ba9e-b7f6783d5bd6 e9dfc37fe5a9499ca3f6f4f76e48ef75 769e99243ae3455ea3e97c8d7b20c644 - - default default] Successfully bumped revision number for resource cfdf4e72-1548-470a-9ea0-75bd7531a0fe (type: networks) to 1
2026-02-25 07:18:20.246 8 WARNING neutron.scheduler.dhcp_agent_scheduler [None req-c93b218d-e961-4085-ba9e-b7f6783d5bd6 e9dfc37fe5a9499ca3f6f4f76e48ef75 769e99243ae3455ea3e97c8d7b20c644 - - default default] No more DHCP agents
2026-02-25 07:18:20.248 8 WARNING neutron.api.rpc.agentnotifiers.dhcp_rpc_agent_api [None req-c93b218d-e961-4085-ba9e-b7f6783d5bd6 e9dfc37fe5a9499ca3f6f4f76e48ef75 769e99243ae3455ea3e97c8d7b20c644 - - default default] Unable to schedule network cfdf4e72-1548-470a-9ea0-75bd7531a0fe: no agents available; will retry on subsequent port and subnet creation events.
2026-02-25 07:18:20.317 8 INFO neutron.plugins.ml2.drivers.ovn.mech_driver.mech_driver [None req-397ec7cf-6208-4c99-8408-f2268d0a3a8b - - - - - -] OVN reports status down for port: 8ab06405-bcb0-4e6a-80ec-9dab68c93c77
2026-02-25 07:18:20.379 8 INFO neutron.db.ovn_revision_numbers_db [None req-c93b218d-e961-4085-ba9e-b7f6783d5bd6 e9dfc37fe5a9499ca3f6f4f76e48ef75 769e99243ae3455ea3e97c8d7b20c644 - - default default] Successfully bumped revision number for resource 8ab06405-bcb0-4e6a-80ec-9dab68c93c77 (type: ports) to 1 [pid: 8|app: 0|req: 889/1848] 10.0.0.13 () {34 vars in 669 bytes} [Wed Feb 25 07:18:19 2026] POST /v2.0/networks => generated 632 bytes in 891 msecs (HTTP/1.1 201) 4 headers in 162 bytes (1 switches on core 0)
2026-02-25 07:18:20.527 7 INFO neutron.db.ovn_revision_numbers_db [None req-b89f78c5-5572-490e-bbe6-15d2e0dc86f5 - - - - - -] Successfully bumped revision number for resource 3e07d1a8-d3b3-495a-820e-9ab77ffe9d05 (type: ports) to 2 [pid: 8|app: 0|req: 890/1849] 10.0.0.34 () {34 vars in 989 bytes} [Wed Feb 25 07:18:20 2026] GET /v2.0/ports?device_id=975c25c5-ba57-4386-b5be-65a970ef53d8 => generated 973 bytes in 123 msecs (HTTP/1.1 200) 4 headers in 157 bytes (1 switches on core 0)
2026-02-25 07:18:20.554 7 INFO neutron.db.ovn_revision_numbers_db [None req-b89f78c5-5572-490e-bbe6-15d2e0dc86f5 - - - - - -] Successfully bumped revision number for resource f178e6d8-806b-44d0-9b7a-899d576a934a (type: subnets) to 0 [pid: 7|app: 0|req: 960/1850] 10.0.0.13 () {34 vars in 668 bytes} [Wed Feb 25 07:18:19 2026] POST /v2.0/subnets => generated 626 bytes in 731 msecs (HTTP/1.1 201) 4 headers in 162 bytes (1 switches on core 0) [pid: 7|app: 0|req: 961/1851] 199.204.45.223 () {34 vars in 1080 bytes} [Wed Feb 25 07:18:20 2026] GET /v2.0/ports?tenant_id=f19abe4e938147abafad73973717a380&device_id=975c25c5-ba57-4386-b5be-65a970ef53d8 => generated 1211 bytes in 37 msecs (HTTP/1.1 200) 4 headers in 158 bytes (1 switches on core 0)
2026-02-25 07:18:20.690 7 INFO neutron.db.segments_db [None req-7aa01768-4768-4ef7-a9a3-bd3a4e5b98ee e9dfc37fe5a9499ca3f6f4f76e48ef75 769e99243ae3455ea3e97c8d7b20c644 - - default default] Added segment 24968e02-9a9e-4822-b515-1f2afdf165b5 of type geneve for network 8e67a95e-cbe6-4180-b719-666a06b80852
2026-02-25 07:18:20.808 7 INFO neutron.db.ovn_revision_numbers_db [None req-7aa01768-4768-4ef7-a9a3-bd3a4e5b98ee e9dfc37fe5a9499ca3f6f4f76e48ef75 769e99243ae3455ea3e97c8d7b20c644 - - default default] Successfully bumped revision number for resource 8e67a95e-cbe6-4180-b719-666a06b80852 (type: networks) to 1
2026-02-25 07:18:20.900 8 WARNING neutron.scheduler.dhcp_agent_scheduler [None req-f724a962-bed9-4b02-830b-61738a5627b3 56ee04d65eaa40a4bc2050db22f7bf56 05b60dd58031417cadb785ecf33af6a0 - - default default] No more DHCP agents
2026-02-25 07:18:20.901 8 WARNING neutron.api.rpc.agentnotifiers.dhcp_rpc_agent_api [None req-f724a962-bed9-4b02-830b-61738a5627b3 56ee04d65eaa40a4bc2050db22f7bf56 05b60dd58031417cadb785ecf33af6a0 - - default default] Unable to schedule network 398099b4-15c8-453a-bbee-f79f9db598bf: no agents available; will retry on subsequent port and subnet creation events.
2026-02-25 07:18:20.978 8 INFO neutron.plugins.ml2.drivers.ovn.mech_driver.mech_driver [None req-397ec7cf-6208-4c99-8408-f2268d0a3a8b - - - - - -] OVN reports status down for port: 69f83f42-6b70-4844-9d4e-0a8001d488b4
2026-02-25 07:18:20.993 7 WARNING neutron.scheduler.dhcp_agent_scheduler [None req-7aa01768-4768-4ef7-a9a3-bd3a4e5b98ee e9dfc37fe5a9499ca3f6f4f76e48ef75 769e99243ae3455ea3e97c8d7b20c644 - - default default] No more DHCP agents
2026-02-25 07:18:20.996 7 WARNING neutron.api.rpc.agentnotifiers.dhcp_rpc_agent_api [None req-7aa01768-4768-4ef7-a9a3-bd3a4e5b98ee e9dfc37fe5a9499ca3f6f4f76e48ef75 769e99243ae3455ea3e97c8d7b20c644 - - default default] Unable to schedule network 8e67a95e-cbe6-4180-b719-666a06b80852: no agents available; will retry on subsequent port and subnet creation events.
2026-02-25 07:18:21.043 8 INFO neutron.db.ovn_revision_numbers_db [None req-f724a962-bed9-4b02-830b-61738a5627b3 56ee04d65eaa40a4bc2050db22f7bf56 05b60dd58031417cadb785ecf33af6a0 - - default default] Successfully bumped revision number for resource 69f83f42-6b70-4844-9d4e-0a8001d488b4 (type: ports) to 1
2026-02-25 07:18:21.104 7 INFO neutron.db.ovn_revision_numbers_db [None req-7aa01768-4768-4ef7-a9a3-bd3a4e5b98ee e9dfc37fe5a9499ca3f6f4f76e48ef75 769e99243ae3455ea3e97c8d7b20c644 - - default default] Successfully bumped revision number for resource 0aac6f95-7763-4359-bdf5-7dc92d4ae267 (type: ports) to 1 [pid: 7|app: 0|req: 962/1852] 10.0.0.13 () {34 vars in 669 bytes} [Wed Feb 25 07:18:20 2026] POST /v2.0/networks => generated 632 bytes in 522 msecs (HTTP/1.1 201) 4 headers in 162 bytes (1 switches on core 0) [pid: 7|app: 0|req: 963/1853] 10.0.0.34 () {34 vars in 1039 bytes} [Wed Feb 25 07:18:21 2026] GET /v2.0/security-groups?id=a19e87da-5e8a-4d78-adff-5893307ed64f&fields=id&fields=name => generated 88 bytes in 26 msecs (HTTP/1.1 200) 4 headers in 156 bytes (1 switches on core 0)
2026-02-25 07:18:21.190 8 INFO neutron.plugins.ml2.drivers.ovn.mech_driver.mech_driver [None req-397ec7cf-6208-4c99-8408-f2268d0a3a8b - - - - - -] OVN reports status down for port: 0aac6f95-7763-4359-bdf5-7dc92d4ae267
2026-02-25 07:18:21.307 7 WARNING neutron.scheduler.dhcp_agent_scheduler [None req-834775d2-8923-4cf9-b29e-287d445cd597 15754d1268bf4ddeaed76e504f18a69f 93796b836a8d4eed8713c873c92a849b - - default default] No more DHCP agents
2026-02-25 07:18:21.309 7 WARNING neutron.api.rpc.agentnotifiers.dhcp_rpc_agent_api [None req-834775d2-8923-4cf9-b29e-287d445cd597 15754d1268bf4ddeaed76e504f18a69f 93796b836a8d4eed8713c873c92a849b - - default default] Unable to schedule network e59c95a8-0243-4456-b8df-3d5e72348a4a: no agents available; will retry on subsequent port and subnet creation events.
2026-02-25 07:18:21.635 8 INFO neutron.plugins.ml2.drivers.ovn.mech_driver.mech_driver [None req-397ec7cf-6208-4c99-8408-f2268d0a3a8b - - - - - -] OVN reports status up for port: 69f83f42-6b70-4844-9d4e-0a8001d488b4
2026-02-25 07:18:21.653 8 INFO neutron.plugins.ml2.plugin [None req-397ec7cf-6208-4c99-8408-f2268d0a3a8b - - - - - -] Attempt 1 to provision port 69f83f42-6b70-4844-9d4e-0a8001d488b4
2026-02-25 07:18:21.715 7 INFO neutron.db.ovn_revision_numbers_db [None req-53574a43-10f7-447f-99a9-652d478b5a83 - - - - - -] Successfully bumped revision number for resource 5e4b3da3-2b05-411c-8ed5-c4b63300694c (type: ports) to 2
2026-02-25 07:18:21.744 7 INFO neutron.db.ovn_revision_numbers_db [None req-53574a43-10f7-447f-99a9-652d478b5a83 - - - - - -] Successfully bumped revision number for resource abac26f9-4f80-497c-93b3-f96c8331ffae (type: subnets) to 0 [pid: 7|app: 0|req: 964/1854] 10.0.0.13 () {34 vars in 668 bytes} [Wed Feb 25 07:18:21 2026] POST /v2.0/subnets => generated 626 bytes in 604 msecs (HTTP/1.1 201) 4 headers in 162 bytes (1 switches on core 0) [pid: 7|app: 0|req: 965/1855] 199.204.45.223 () {34 vars in 1018 bytes} [Wed Feb 25 07:18:21 2026] GET /v2.0/networks?tenant_id=f19abe4e938147abafad73973717a380&shared=False => generated 770 bytes in 38 msecs (HTTP/1.1 200) 4 headers in 157 bytes (1 switches on core 0)
2026-02-25 07:18:21.831 8 WARNING neutron.scheduler.dhcp_agent_scheduler [None req-f724a962-bed9-4b02-830b-61738a5627b3 56ee04d65eaa40a4bc2050db22f7bf56 05b60dd58031417cadb785ecf33af6a0 - - default default] No more DHCP agents
2026-02-25 07:18:21.834 8 WARNING neutron.api.rpc.agentnotifiers.dhcp_rpc_agent_api [None req-f724a962-bed9-4b02-830b-61738a5627b3 56ee04d65eaa40a4bc2050db22f7bf56 05b60dd58031417cadb785ecf33af6a0 - - default default] Unable to schedule network 398099b4-15c8-453a-bbee-f79f9db598bf: no agents available; will retry on subsequent port and subnet creation events.
2026-02-25 07:18:21.889 7 INFO neutron.db.segments_db [None req-e2dca554-351d-4190-b7d4-8c7ed5995374 e9dfc37fe5a9499ca3f6f4f76e48ef75 769e99243ae3455ea3e97c8d7b20c644 - - default default] Added segment 726d121f-9774-4954-a69f-a9769f4e370a of type geneve for network 24bc8915-9cab-4bc8-98cd-89677d16a483
2026-02-25 07:18:22.000 7 INFO neutron.db.ovn_revision_numbers_db [None req-e2dca554-351d-4190-b7d4-8c7ed5995374 e9dfc37fe5a9499ca3f6f4f76e48ef75 769e99243ae3455ea3e97c8d7b20c644 - - default default] Successfully bumped revision number for resource 24bc8915-9cab-4bc8-98cd-89677d16a483 (type: networks) to 1
2026-02-25 07:18:22.174 7 WARNING neutron.scheduler.dhcp_agent_scheduler [None req-e2dca554-351d-4190-b7d4-8c7ed5995374 e9dfc37fe5a9499ca3f6f4f76e48ef75 769e99243ae3455ea3e97c8d7b20c644 - - default default] No more DHCP agents
2026-02-25 07:18:22.177 7 WARNING neutron.api.rpc.agentnotifiers.dhcp_rpc_agent_api [None req-e2dca554-351d-4190-b7d4-8c7ed5995374 e9dfc37fe5a9499ca3f6f4f76e48ef75 769e99243ae3455ea3e97c8d7b20c644 - - default default] Unable to schedule network 24bc8915-9cab-4bc8-98cd-89677d16a483: no agents available; will retry on subsequent port and subnet creation events.
2026-02-25 07:18:22.288 7 INFO neutron.db.ovn_revision_numbers_db [None req-e2dca554-351d-4190-b7d4-8c7ed5995374 e9dfc37fe5a9499ca3f6f4f76e48ef75 769e99243ae3455ea3e97c8d7b20c644 - - default default] Successfully bumped revision number for resource c8f4d920-3877-411d-ada6-128e785e0d55 (type: ports) to 1 [pid: 7|app: 0|req: 966/1856] 10.0.0.13 () {34 vars in 669 bytes} [Wed Feb 25 07:18:21 2026] POST /v2.0/networks => generated 632 bytes in 506 msecs (HTTP/1.1 201) 4 headers in 162 bytes (1 switches on core 0)
2026-02-25 07:18:22.306 8 INFO neutron.db.ovn_revision_numbers_db [None req-f724a962-bed9-4b02-830b-61738a5627b3 56ee04d65eaa40a4bc2050db22f7bf56 05b60dd58031417cadb785ecf33af6a0 - - default default] Successfully bumped revision number for resource 69f83f42-6b70-4844-9d4e-0a8001d488b4 (type: router_ports) to 1 [pid: 8|app: 0|req: 891/1857] 10.0.0.13 () {34 vars in 782 bytes} [Wed Feb 25 07:18:20 2026] PUT /v2.0/routers/cd950cc9-64f2-41ae-90d9-8fc2987e302d/add_router_interface => generated 309 bytes in 1767 msecs (HTTP/1.1 200) 4 headers in 157 bytes (1 switches on core 0)
2026-02-25 07:18:22.423 7 INFO neutron.db.ovn_revision_numbers_db [None req-9e0b5529-b983-4587-b25c-8743fed2b03a 15754d1268bf4ddeaed76e504f18a69f 93796b836a8d4eed8713c873c92a849b - - default default] Successfully bumped revision number for resource c4a3229e-9682-461a-803b-255aa8b98abf (type: routers) to 1 [pid: 7|app: 0|req: 967/1858] 10.0.0.13 () {34 vars in 668 bytes} [Wed Feb 25 07:18:22 2026] POST /v2.0/routers => generated 603 bytes in 135 msecs (HTTP/1.1 201) 4 headers in 162 bytes (1 switches on core 0) [pid: 7|app: 0|req: 968/1859] 10.0.0.34 () {34 vars in 989 bytes} [Wed Feb 25 07:18:22 2026] GET /v2.0/ports?device_id=975c25c5-ba57-4386-b5be-65a970ef53d8 => generated 973 bytes in 27 msecs (HTTP/1.1 200) 4 headers in 157 bytes (1 switches on core 0) [pid: 8|app: 0|req: 892/1860] 199.204.45.223 () {34 vars in 930 bytes} [Wed Feb 25 07:18:22 2026] GET /v2.0/networks?shared=True => generated 753 bytes in 158 msecs (HTTP/1.1 200) 4 headers in 157 bytes (1 switches on core 0)
2026-02-25 07:18:22.503 8 INFO neutron.db.ovn_revision_numbers_db [None req-397ec7cf-6208-4c99-8408-f2268d0a3a8b - - - - - -] Successfully bumped revision number for resource 69f83f42-6b70-4844-9d4e-0a8001d488b4 (type: ports) to 2 [pid: 8|app: 0|req: 893/1861] 10.0.0.13 () {32 vars in 716 bytes} [Wed Feb 25 07:18:22 2026] GET /v2.0/ports/69f83f42-6b70-4844-9d4e-0a8001d488b4 => generated 947 bytes in 49 msecs (HTTP/1.1 200) 4 headers in 157 bytes (1 switches on core 0)
2026-02-25 07:18:22.537 7 INFO neutron.db.segments_db [None req-f195df4a-f497-4ed6-b09e-50e8611cd119 e9dfc37fe5a9499ca3f6f4f76e48ef75 769e99243ae3455ea3e97c8d7b20c644 - - default default] Added segment 560ad89c-c322-4268-84ee-8924a13b6033 of type geneve for network dfc92332-a0cc-44b2-8f54-54dac3b1be32
2026-02-25 07:18:22.646 7 INFO neutron.db.ovn_revision_numbers_db [None req-f195df4a-f497-4ed6-b09e-50e8611cd119 e9dfc37fe5a9499ca3f6f4f76e48ef75 769e99243ae3455ea3e97c8d7b20c644 - - default default] Successfully bumped revision number for resource dfc92332-a0cc-44b2-8f54-54dac3b1be32 (type: networks) to 1
2026-02-25 07:18:22.779 7 WARNING neutron.scheduler.dhcp_agent_scheduler [None req-f195df4a-f497-4ed6-b09e-50e8611cd119 e9dfc37fe5a9499ca3f6f4f76e48ef75 769e99243ae3455ea3e97c8d7b20c644 - - default default] No more DHCP agents
2026-02-25 07:18:22.781 7 WARNING neutron.api.rpc.agentnotifiers.dhcp_rpc_agent_api [None req-f195df4a-f497-4ed6-b09e-50e8611cd119 e9dfc37fe5a9499ca3f6f4f76e48ef75 769e99243ae3455ea3e97c8d7b20c644 - - default default] Unable to schedule network dfc92332-a0cc-44b2-8f54-54dac3b1be32: no agents available; will retry on subsequent port and subnet creation events.
2026-02-25 07:18:22.881 7 INFO neutron.db.ovn_revision_numbers_db [None req-f195df4a-f497-4ed6-b09e-50e8611cd119 e9dfc37fe5a9499ca3f6f4f76e48ef75 769e99243ae3455ea3e97c8d7b20c644 - - default default] Successfully bumped revision number for resource 4b7772a1-04d0-4da8-9149-38980ab35e95 (type: ports) to 1 [pid: 7|app: 0|req: 969/1862] 10.0.0.13 () {34 vars in 669 bytes} [Wed Feb 25 07:18:22 2026] POST /v2.0/networks => generated 631 bytes in 433 msecs (HTTP/1.1 201) 4 headers in 162 bytes (1 switches on core 0) [pid: 7|app: 0|req: 970/1863] 10.0.0.34 () {34 vars in 1039 bytes} [Wed Feb 25 07:18:22 2026] GET /v2.0/security-groups?id=a19e87da-5e8a-4d78-adff-5893307ed64f&fields=id&fields=name => generated 88 bytes in 25 msecs (HTTP/1.1 200) 4 headers in 156 bytes (1 switches on core 0)
2026-02-25 07:18:23.021 8 WARNING neutron.scheduler.dhcp_agent_scheduler [None req-a444c430-2db6-4ce3-9285-07331e3288c8 15754d1268bf4ddeaed76e504f18a69f 93796b836a8d4eed8713c873c92a849b - - default default] No more DHCP agents
2026-02-25 07:18:23.022 8 WARNING neutron.api.rpc.agentnotifiers.dhcp_rpc_agent_api [None req-a444c430-2db6-4ce3-9285-07331e3288c8 15754d1268bf4ddeaed76e504f18a69f 93796b836a8d4eed8713c873c92a849b - - default default] Unable to schedule network c24cbb95-0a02-40cf-8586-ee7ce087a3aa: no agents available; will retry on subsequent port and subnet creation events.
2026-02-25 07:18:23.188 8 INFO neutron.db.ovn_revision_numbers_db [None req-a444c430-2db6-4ce3-9285-07331e3288c8 15754d1268bf4ddeaed76e504f18a69f 93796b836a8d4eed8713c873c92a849b - - default default] Successfully bumped revision number for resource 85b2cb19-35bf-497f-89ee-1ef9b637bc51 (type: ports) to 1
2026-02-25 07:18:23.376 7 WARNING neutron.scheduler.dhcp_agent_scheduler [None req-45b16556-0477-414d-94db-36be38c64da6 56ee04d65eaa40a4bc2050db22f7bf56 05b60dd58031417cadb785ecf33af6a0 - - default default] No more DHCP agents
2026-02-25 07:18:23.378 7 WARNING neutron.api.rpc.agentnotifiers.dhcp_rpc_agent_api [None req-45b16556-0477-414d-94db-36be38c64da6 56ee04d65eaa40a4bc2050db22f7bf56 05b60dd58031417cadb785ecf33af6a0 - - default default] Unable to schedule network 762d1af6-263c-43cc-8916-d75b146fc6f9: no agents available; will retry on subsequent port and subnet creation events.
2026-02-25 07:18:23.499 7 INFO neutron.db.ovn_revision_numbers_db [None req-45b16556-0477-414d-94db-36be38c64da6 56ee04d65eaa40a4bc2050db22f7bf56 05b60dd58031417cadb785ecf33af6a0 - - default default] Successfully bumped revision number for resource 6d2bff60-02ac-4986-bca0-69c7fadb3f80 (type: ports) to 1
2026-02-25 07:18:23.814 8 WARNING neutron.scheduler.dhcp_agent_scheduler [None req-a444c430-2db6-4ce3-9285-07331e3288c8 15754d1268bf4ddeaed76e504f18a69f 93796b836a8d4eed8713c873c92a849b - - default default] No more DHCP agents
2026-02-25 07:18:23.815 8 WARNING neutron.api.rpc.agentnotifiers.dhcp_rpc_agent_api [None req-a444c430-2db6-4ce3-9285-07331e3288c8 15754d1268bf4ddeaed76e504f18a69f 93796b836a8d4eed8713c873c92a849b - - default default] Unable to schedule network c24cbb95-0a02-40cf-8586-ee7ce087a3aa: no agents available; will retry on subsequent port and subnet creation events.
2026-02-25 07:18:24.109 8 INFO neutron.db.ovn_revision_numbers_db [None req-a444c430-2db6-4ce3-9285-07331e3288c8 15754d1268bf4ddeaed76e504f18a69f 93796b836a8d4eed8713c873c92a849b - - default default] Successfully bumped revision number for resource 85b2cb19-35bf-497f-89ee-1ef9b637bc51 (type: router_ports) to 1 [pid: 8|app: 0|req: 894/1864] 10.0.0.13 () {34 vars in 782 bytes} [Wed Feb 25 07:18:22 2026] PUT /v2.0/routers/c4a3229e-9682-461a-803b-255aa8b98abf/add_router_interface => generated 309 bytes in 1587 msecs (HTTP/1.1 200) 4 headers in 157 bytes (1 switches on core 0)
2026-02-25 07:18:24.127 7 WARNING neutron.scheduler.dhcp_agent_scheduler [None req-45b16556-0477-414d-94db-36be38c64da6 56ee04d65eaa40a4bc2050db22f7bf56 05b60dd58031417cadb785ecf33af6a0 - - default default] No more DHCP agents
2026-02-25 07:18:24.128 7 WARNING neutron.api.rpc.agentnotifiers.dhcp_rpc_agent_api [None req-45b16556-0477-414d-94db-36be38c64da6 56ee04d65eaa40a4bc2050db22f7bf56 05b60dd58031417cadb785ecf33af6a0 - - default default] Unable to schedule network 762d1af6-263c-43cc-8916-d75b146fc6f9: no agents available; will retry on subsequent port and subnet creation events.
2026-02-25 07:18:24.205 8 INFO neutron.db.segments_db [None req-bbf98555-9d1f-4cc4-b075-873c420b6515 e9dfc37fe5a9499ca3f6f4f76e48ef75 769e99243ae3455ea3e97c8d7b20c644 - - default default] Added segment f18ca0bf-f546-4bf1-a4b1-0fb3ada588f1 of type geneve for network a6515db2-c7f4-495f-9549-ecbec333d078
2026-02-25 07:18:24.319 7 INFO neutron.db.ovn_revision_numbers_db [None req-45b16556-0477-414d-94db-36be38c64da6 56ee04d65eaa40a4bc2050db22f7bf56 05b60dd58031417cadb785ecf33af6a0 - - default default] Successfully bumped revision number for resource 6d2bff60-02ac-4986-bca0-69c7fadb3f80 (type: router_ports) to 1 [pid: 7|app: 0|req: 971/1865] 10.0.0.13 () {34 vars in 782 bytes} [Wed Feb 25 07:18:22 2026] PUT /v2.0/routers/cd950cc9-64f2-41ae-90d9-8fc2987e302d/add_router_interface => generated 309 bytes in 1396 msecs (HTTP/1.1 200) 4 headers in 157 bytes (1 switches on core 0) [pid: 7|app: 0|req: 974/1868] 199.204.45.223 () {34 vars in 1080 bytes} [Wed Feb 25 07:18:24 2026] GET /v2.0/ports?tenant_id=f19abe4e938147abafad73973717a380&device_id=975c25c5-ba57-4386-b5be-65a970ef53d8 => generated 1211 bytes in 48 msecs (HTTP/1.1 200) 4 headers in 158 bytes (1 switches on core 0)
2026-02-25 07:18:24.399 8 INFO neutron.db.ovn_revision_numbers_db [None req-bbf98555-9d1f-4cc4-b075-873c420b6515 e9dfc37fe5a9499ca3f6f4f76e48ef75 769e99243ae3455ea3e97c8d7b20c644 - - default default] Successfully bumped revision number for resource a6515db2-c7f4-495f-9549-ecbec333d078 (type: networks) to 1 [pid: 7|app: 0|req: 975/1869] 10.0.0.34 () {34 vars in 989 bytes} [Wed Feb 25 07:18:24 2026] GET /v2.0/ports?device_id=975c25c5-ba57-4386-b5be-65a970ef53d8 => generated 973 bytes in 70 msecs (HTTP/1.1 200) 4 headers in 157 bytes (1 switches on core 0) [pid: 7|app: 0|req: 976/1870] 10.0.0.13 () {32 vars in 716 bytes} [Wed Feb 25 07:18:24 2026] GET /v2.0/ports/85b2cb19-35bf-497f-89ee-1ef9b637bc51 => generated 941 bytes in 24 msecs (HTTP/1.1 200) 4 headers in 157 bytes (1 switches on core 0) [pid: 7|app: 0|req: 977/1871] 10.0.0.13 () {32 vars in 716 bytes} [Wed Feb 25 07:18:24 2026] GET /v2.0/ports/6d2bff60-02ac-4986-bca0-69c7fadb3f80 => generated 953 bytes in 68 msecs (HTTP/1.1 200) 4 headers in 157 bytes (1 switches on core 0) [pid: 7|app: 0|req: 978/1872] 199.204.45.223 () {34 vars in 1060 bytes} [Wed Feb 25 07:18:24 2026] GET /v2.0/floatingips?fixed_ip_address=10.100.0.12&port_id=e39f1384-50c4-43e1-b070-ade75c9428b0 => generated 19 bytes in 15 msecs (HTTP/1.1 200) 4 headers in 156 bytes (1 switches on core 0)
2026-02-25 07:18:24.557 8 WARNING neutron.scheduler.dhcp_agent_scheduler [None req-bbf98555-9d1f-4cc4-b075-873c420b6515 e9dfc37fe5a9499ca3f6f4f76e48ef75 769e99243ae3455ea3e97c8d7b20c644 - - default default] No more DHCP agents
2026-02-25 07:18:24.558 8 WARNING neutron.api.rpc.agentnotifiers.dhcp_rpc_agent_api [None req-bbf98555-9d1f-4cc4-b075-873c420b6515 e9dfc37fe5a9499ca3f6f4f76e48ef75 769e99243ae3455ea3e97c8d7b20c644 - - default default] Unable to schedule network a6515db2-c7f4-495f-9549-ecbec333d078: no agents available; will retry on subsequent port and subnet creation events. [pid: 7|app: 0|req: 979/1873] 10.0.0.34 () {34 vars in 1039 bytes} [Wed Feb 25 07:18:24 2026] GET /v2.0/security-groups?id=a19e87da-5e8a-4d78-adff-5893307ed64f&fields=id&fields=name => generated 88 bytes in 32 msecs (HTTP/1.1 200) 4 headers in 156 bytes (1 switches on core 0)
2026-02-25 07:18:24.659 8 INFO neutron.db.ovn_revision_numbers_db [None req-bbf98555-9d1f-4cc4-b075-873c420b6515 e9dfc37fe5a9499ca3f6f4f76e48ef75 769e99243ae3455ea3e97c8d7b20c644 - - default default] Successfully bumped revision number for resource e1098cc2-bca7-4d66-94a6-36ed911aeea0 (type: ports) to 1 [pid: 8|app: 0|req: 895/1874] 10.0.0.13 () {34 vars in 669 bytes} [Wed Feb 25 07:18:24 2026] POST /v2.0/networks => generated 631 bytes in 570 msecs (HTTP/1.1 201) 4 headers in 162 bytes (1 switches on core 0) [pid: 8|app: 0|req: 896/1875] 10.0.0.13 () {32 vars in 716 bytes} [Wed Feb 25 07:18:24 2026] GET /v2.0/ports/6d2bff60-02ac-4986-bca0-69c7fadb3f80 => generated 953 bytes in 68 msecs (HTTP/1.1 200) 4 headers in 157 bytes (1 switches on core 0) [pid: 8|app: 0|req: 897/1876] 199.204.45.223 () {34 vars in 984 bytes} [Wed Feb 25 07:18:24 2026] GET /v2.0/subnets?id=6db7636b-03c0-4cb9-abe3-db429340aa0b => generated 689 bytes in 27 msecs (HTTP/1.1 200) 4 headers in 157 bytes (1 switches on core 0) [pid: 8|app: 0|req: 898/1877] 10.0.0.13 () {34 vars in 752 bytes} [Wed Feb 25 07:18:24 2026] PUT /v2.0/networks/cfdf4e72-1548-470a-9ea0-75bd7531a0fe/tags => generated 17 bytes in 56 msecs (HTTP/1.1 200) 4 headers in 156 bytes (1 switches on core 0) [pid: 8|app: 0|req: 899/1878] 199.204.45.223 () {34 vars in 1052 bytes} [Wed Feb 25 07:18:24 2026] GET /v2.0/ports?network_id=c822b206-75f5-474f-b442-f3fcc7aa8220&device_owner=network%3Adhcp => generated 12 bytes in 16 msecs (HTTP/1.1 200) 4 headers in 156 bytes (1 switches on core 0) [pid: 8|app: 0|req: 900/1879] 10.0.0.13 () {34 vars in 752 bytes} [Wed Feb 25 07:18:24 2026] PUT /v2.0/networks/8e67a95e-cbe6-4180-b719-666a06b80852/tags => generated 25 bytes in 41 msecs (HTTP/1.1 200) 4 headers in 156 bytes (1 switches on core 0) [pid: 8|app: 0|req: 901/1880] 199.204.45.223 () {34 vars in 1012 bytes} [Wed Feb 25 07:18:24 2026] GET /v2.0/networks/c822b206-75f5-474f-b442-f3fcc7aa8220?fields=segments => generated 14 bytes in 33 msecs (HTTP/1.1 200) 4 headers in 156 bytes (1 switches on core 0) [pid: 8|app: 0|req: 902/1881] 10.0.0.13 () {34 vars in 752 bytes} [Wed Feb 25 07:18:24 2026] PUT /v2.0/networks/24bc8915-9cab-4bc8-98cd-89677d16a483/tags => generated 34 bytes in 46 msecs (HTTP/1.1 200) 4 headers in 156 bytes (1 switches on core 0) [pid: 8|app: 0|req: 903/1882] 199.204.45.223 () {34 vars in 1112 bytes} [Wed Feb 25 07:18:24 2026] GET /v2.0/networks/c822b206-75f5-474f-b442-f3fcc7aa8220?fields=provider%3Aphysical_network&fields=provider%3Anetwork_type => generated 79 bytes in 33 msecs (HTTP/1.1 200) 4 headers in 156 bytes (1 switches on core 0)
2026-02-25 07:18:25.035 7 WARNING neutron.scheduler.dhcp_agent_scheduler [None req-4fda9ec4-6d1e-4b8d-ba63-55cbd9233d69 15754d1268bf4ddeaed76e504f18a69f 93796b836a8d4eed8713c873c92a849b - - default default] No more DHCP agents
2026-02-25 07:18:25.038 7 WARNING neutron.api.rpc.agentnotifiers.dhcp_rpc_agent_api [None req-4fda9ec4-6d1e-4b8d-ba63-55cbd9233d69 15754d1268bf4ddeaed76e504f18a69f 93796b836a8d4eed8713c873c92a849b - - default default] Unable to schedule network e59c95a8-0243-4456-b8df-3d5e72348a4a: no agents available; will retry on subsequent port and subnet creation events. [pid: 8|app: 0|req: 904/1883] 10.0.0.13 () {34 vars in 752 bytes} [Wed Feb 25 07:18:25 2026] PUT /v2.0/networks/dfc92332-a0cc-44b2-8f54-54dac3b1be32/tags => generated 19 bytes in 56 msecs (HTTP/1.1 200) 4 headers in 156 bytes (1 switches on core 0) [pid: 8|app: 0|req: 905/1884] 10.0.0.13 () {32 vars in 665 bytes} [Wed Feb 25 07:18:25 2026] GET /v2.0/networks?tags=red => generated 1875 bytes in 47 msecs (HTTP/1.1 200) 4 headers in 158 bytes (1 switches on core 0)
2026-02-25 07:18:25.204 7 INFO neutron.db.ovn_revision_numbers_db [None req-4fda9ec4-6d1e-4b8d-ba63-55cbd9233d69 15754d1268bf4ddeaed76e504f18a69f 93796b836a8d4eed8713c873c92a849b - - default default] Successfully bumped revision number for resource 7794b7eb-a5cd-4554-ba0b-f0912a6f4c77 (type: ports) to 1 [pid: 8|app: 0|req: 906/1885] 10.0.0.13 () {32 vars in 679 bytes} [Wed Feb 25 07:18:25 2026] GET /v2.0/networks?tags=red%2Cblue => generated 1262 bytes in 98 msecs (HTTP/1.1 200) 4 headers in 158 bytes (1 switches on core 0) [pid: 8|app: 0|req: 907/1886] 10.0.0.13 () {32 vars in 675 bytes} [Wed Feb 25 07:18:25 2026] GET /v2.0/networks?tags-any=blue => generated 1262 bytes in 44 msecs (HTTP/1.1 200) 4 headers in 158 bytes (1 switches on core 0) [pid: 8|app: 0|req: 908/1887] 10.0.0.13 () {32 vars in 687 bytes} [Wed Feb 25 07:18:25 2026] GET /v2.0/networks?tags-any=red%2Cblue => generated 1875 bytes in 36 msecs (HTTP/1.1 200) 4 headers in 158 bytes (1 switches on core 0) [pid: 8|app: 0|req: 909/1888] 10.0.0.13 () {32 vars in 673 bytes} [Wed Feb 25 07:18:25 2026] GET /v2.0/networks?not-tags=red => generated 1872 bytes in 65 msecs (HTTP/1.1 200) 4 headers in 158 bytes (1 switches on core 0) [pid: 8|app: 0|req: 910/1889] 10.0.0.13 () {32 vars in 687 bytes} [Wed Feb 25 07:18:25 2026] GET /v2.0/networks?not-tags=red%2Cblue => generated 2485 bytes in 54 msecs (HTTP/1.1 200) 4 headers in 158 bytes (1 switches on core 0) [pid: 8|app: 0|req: 911/1890] 10.0.0.13 () {32 vars in 683 bytes} [Wed Feb 25 07:18:25 2026] GET /v2.0/networks?not-tags-any=blue => generated 2485 bytes in 68 msecs (HTTP/1.1 200) 4 headers in 158 bytes (1 switches on core 0) [pid: 8|app: 0|req: 912/1891] 10.0.0.13 () {32 vars in 695 bytes} [Wed Feb 25 07:18:25 2026] GET /v2.0/networks?not-tags-any=red%2Cblue => generated 1872 bytes in 55 msecs (HTTP/1.1 200) 4 headers in 158 bytes (1 switches on core 0)
2026-02-25 07:18:25.699 8 INFO neutron_taas.services.taas.taas_plugin [None req-ea37e5c6-f603-44f0-8703-12dc7744166b e9dfc37fe5a9499ca3f6f4f76e48ef75 769e99243ae3455ea3e97c8d7b20c644 - - default default] TaaS: Handle Delete Port: 8ab06405-bcb0-4e6a-80ec-9dab68c93c77
2026-02-25 07:18:25.702 8 INFO neutron_taas.services.taas.tap_mirror_plugin [None req-ea37e5c6-f603-44f0-8703-12dc7744166b e9dfc37fe5a9499ca3f6f4f76e48ef75 769e99243ae3455ea3e97c8d7b20c644 - - default default] Tap Mirror: Handle Delete Port: 8ab06405-bcb0-4e6a-80ec-9dab68c93c77
2026-02-25 07:18:25.869 7 WARNING neutron.scheduler.dhcp_agent_scheduler [None req-4fda9ec4-6d1e-4b8d-ba63-55cbd9233d69 15754d1268bf4ddeaed76e504f18a69f 93796b836a8d4eed8713c873c92a849b - - default default] No more DHCP agents
2026-02-25 07:18:25.870 7 WARNING neutron.api.rpc.agentnotifiers.dhcp_rpc_agent_api [None req-4fda9ec4-6d1e-4b8d-ba63-55cbd9233d69 15754d1268bf4ddeaed76e504f18a69f 93796b836a8d4eed8713c873c92a849b - - default default] Unable to schedule network e59c95a8-0243-4456-b8df-3d5e72348a4a: no agents available; will retry on subsequent port and subnet creation events.
2026-02-25 07:18:25.920 8 INFO neutron.services.segments.plugin [-] Segment 322b60f2-e5ca-4959-9f2f-a44cd6a72236 resource provider aggregate not found
2026-02-25 07:18:25.923 8 INFO neutron.services.segments.plugin [-] Segment 322b60f2-e5ca-4959-9f2f-a44cd6a72236 resource provider aggregate not found
2026-02-25 07:18:25.941 8 INFO neutron.services.segments.plugin [-] Segment 322b60f2-e5ca-4959-9f2f-a44cd6a72236 resource provider not found; error: Placement Client Error (4xx): {"errors": [{"status": 404, "title": "Not Found", "detail": "The resource could not be found.\n\n No resource provider with uuid 322b60f2-e5ca-4959-9f2f-a44cd6a72236 found for delete ", "request_id": "req-22d1970e-cf9d-4c39-86d9-ca8a24b2fe33"}]}
2026-02-25 07:18:25.943 8 INFO neutron.services.segments.plugin [-] Segment 322b60f2-e5ca-4959-9f2f-a44cd6a72236 resource provider not found; error: Placement Client Error (4xx): {"errors": [{"status": 404, "title": "Not Found", "detail": "The resource could not be found.\n\n No resource provider with uuid 322b60f2-e5ca-4959-9f2f-a44cd6a72236 found for delete ", "request_id": "req-fdb67ac7-2842-4a0a-845f-29d7c34f8cf0"}]} [pid: 8|app: 0|req: 913/1892] 10.0.0.13 () {32 vars in 725 bytes} [Wed Feb 25 07:18:25 2026] DELETE /v2.0/networks/cfdf4e72-1548-470a-9ea0-75bd7531a0fe => generated 0 bytes in 404 msecs (HTTP/1.1 204) 3 headers in 131 bytes (1 switches on core 0)
2026-02-25 07:18:26.104 7 INFO neutron.db.ovn_revision_numbers_db [None req-4fda9ec4-6d1e-4b8d-ba63-55cbd9233d69 15754d1268bf4ddeaed76e504f18a69f 93796b836a8d4eed8713c873c92a849b - - default default] Successfully bumped revision number for resource 7794b7eb-a5cd-4554-ba0b-f0912a6f4c77 (type: router_ports) to 1 [pid: 7|app: 0|req: 980/1893] 10.0.0.13 () {34 vars in 782 bytes} [Wed Feb 25 07:18:24 2026] PUT /v2.0/routers/c4a3229e-9682-461a-803b-255aa8b98abf/add_router_interface => generated 309 bytes in 1523 msecs (HTTP/1.1 200) 4 headers in 157 bytes (1 switches on core 0) [pid: 7|app: 0|req: 981/1894] 10.0.0.13 () {32 vars in 716 bytes} [Wed Feb 25 07:18:26 2026] GET /v2.0/ports/6d2bff60-02ac-4986-bca0-69c7fadb3f80 => generated 953 bytes in 33 msecs (HTTP/1.1 200) 4 headers in 157 bytes (1 switches on core 0) [pid: 8|app: 0|req: 914/1895] 10.0.0.34 () {34 vars in 989 bytes} [Wed Feb 25 07:18:25 2026] GET /v2.0/ports?device_id=975c25c5-ba57-4386-b5be-65a970ef53d8 => generated 973 bytes in 204 msecs (HTTP/1.1 200) 4 headers in 157 bytes (1 switches on core 0)
2026-02-25 07:18:26.257 7 INFO neutron_taas.services.taas.taas_plugin [None req-222498a8-5b7a-4791-a6ea-6b0a3be97b1e e9dfc37fe5a9499ca3f6f4f76e48ef75 769e99243ae3455ea3e97c8d7b20c644 - - default default] TaaS: Handle Delete Port: 0aac6f95-7763-4359-bdf5-7dc92d4ae267
2026-02-25 07:18:26.260 7 INFO neutron_taas.services.taas.tap_mirror_plugin [None req-222498a8-5b7a-4791-a6ea-6b0a3be97b1e e9dfc37fe5a9499ca3f6f4f76e48ef75 769e99243ae3455ea3e97c8d7b20c644 - - default default] Tap Mirror: Handle Delete Port: 0aac6f95-7763-4359-bdf5-7dc92d4ae267 [pid: 8|app: 0|req: 915/1896] 10.0.0.13 () {32 vars in 716 bytes} [Wed Feb 25 07:18:26 2026] GET /v2.0/ports/7794b7eb-a5cd-4554-ba0b-f0912a6f4c77 => generated 941 bytes in 74 msecs (HTTP/1.1 200) 4 headers in 157 bytes (1 switches on core 0) [pid: 8|app: 0|req: 916/1897] 10.0.0.34 () {34 vars in 1039 bytes} [Wed Feb 25 07:18:26 2026] GET /v2.0/security-groups?id=a19e87da-5e8a-4d78-adff-5893307ed64f&fields=id&fields=name => generated 88 bytes in 26 msecs (HTTP/1.1 200) 4 headers in 156 bytes (1 switches on core 0) [pid: 8|app: 0|req: 917/1898] 10.0.0.13 () {32 vars in 716 bytes} [Wed Feb 25 07:18:26 2026] GET /v2.0/ports/7794b7eb-a5cd-4554-ba0b-f0912a6f4c77 => generated 941 bytes in 34 msecs (HTTP/1.1 200) 4 headers in 157 bytes (1 switches on core 0)
2026-02-25 07:18:26.429 7 INFO neutron.services.segments.plugin [-] Segment 24968e02-9a9e-4822-b515-1f2afdf165b5 resource provider aggregate not found
2026-02-25 07:18:26.433 7 INFO neutron.services.segments.plugin [-] Segment 24968e02-9a9e-4822-b515-1f2afdf165b5 resource provider aggregate not found
2026-02-25 07:18:26.439 7 INFO neutron.services.segments.plugin [-] Segment 24968e02-9a9e-4822-b515-1f2afdf165b5 resource provider not found; error: Placement Client Error (4xx): {"errors": [{"status": 404, "title": "Not Found", "detail": "The resource could not be found.\n\n No resource provider with uuid 24968e02-9a9e-4822-b515-1f2afdf165b5 found for delete ", "request_id": "req-8929edd1-9586-44c9-b3d7-7ccaa535fb37"}]}
2026-02-25 07:18:26.458 7 INFO neutron.services.segments.plugin [-] Segment 24968e02-9a9e-4822-b515-1f2afdf165b5 resource provider not found; error: Placement Client Error (4xx): {"errors": [{"status": 404, "title": "Not Found", "detail": "The resource could not be found.\n\n No resource provider with uuid 24968e02-9a9e-4822-b515-1f2afdf165b5 found for delete ", "request_id": "req-4708a6e7-c3d8-4317-9686-06fb05d613d2"}]} [pid: 7|app: 0|req: 982/1899] 10.0.0.13 () {32 vars in 725 bytes} [Wed Feb 25 07:18:26 2026] DELETE /v2.0/networks/8e67a95e-cbe6-4180-b719-666a06b80852 => generated 0 bytes in 348 msecs (HTTP/1.1 204) 3 headers in 131 bytes (1 switches on core 0)
2026-02-25 07:18:26.592 8 INFO neutron_taas.services.taas.taas_plugin [None req-7d08972c-1059-4fec-b4ef-d58b2e7005ce e9dfc37fe5a9499ca3f6f4f76e48ef75 769e99243ae3455ea3e97c8d7b20c644 - - default default] TaaS: Handle Delete Port: c8f4d920-3877-411d-ada6-128e785e0d55
2026-02-25 07:18:26.594 8 INFO neutron_taas.services.taas.tap_mirror_plugin [None req-7d08972c-1059-4fec-b4ef-d58b2e7005ce e9dfc37fe5a9499ca3f6f4f76e48ef75 769e99243ae3455ea3e97c8d7b20c644 - - default default] Tap Mirror: Handle Delete Port: c8f4d920-3877-411d-ada6-128e785e0d55 [pid: 8|app: 0|req: 918/1900] 10.0.0.13 () {32 vars in 725 bytes} [Wed Feb 25 07:18:26 2026] DELETE /v2.0/networks/24bc8915-9cab-4bc8-98cd-89677d16a483 => generated 0 bytes in 302 msecs (HTTP/1.1 204) 3 headers in 131 bytes (1 switches on core 0)
2026-02-25 07:18:26.893 7 INFO neutron_taas.services.taas.taas_plugin [None req-cb906408-cc4f-4156-b09f-eaea025ad829 e9dfc37fe5a9499ca3f6f4f76e48ef75 769e99243ae3455ea3e97c8d7b20c644 - - default default] TaaS: Handle Delete Port: 4b7772a1-04d0-4da8-9149-38980ab35e95
2026-02-25 07:18:26.895 7 INFO neutron_taas.services.taas.tap_mirror_plugin [None req-cb906408-cc4f-4156-b09f-eaea025ad829 e9dfc37fe5a9499ca3f6f4f76e48ef75 769e99243ae3455ea3e97c8d7b20c644 - - default default] Tap Mirror: Handle Delete Port: 4b7772a1-04d0-4da8-9149-38980ab35e95 [pid: 7|app: 0|req: 983/1901] 10.0.0.13 () {32 vars in 725 bytes} [Wed Feb 25 07:18:26 2026] DELETE /v2.0/networks/dfc92332-a0cc-44b2-8f54-54dac3b1be32 => generated 0 bytes in 316 msecs (HTTP/1.1 204) 3 headers in 131 bytes (1 switches on core 0) [pid: 7|app: 0|req: 984/1902] 10.0.0.13 () {32 vars in 716 bytes} [Wed Feb 25 07:18:27 2026] GET /v2.0/ports/6d2bff60-02ac-4986-bca0-69c7fadb3f80 => generated 953 bytes in 39 msecs (HTTP/1.1 200) 4 headers in 157 bytes (1 switches on core 0)
2026-02-25 07:18:27.235 8 INFO neutron_taas.services.taas.taas_plugin [None req-f8db1fb4-bad1-4b6b-bc81-1cee89767f04 e9dfc37fe5a9499ca3f6f4f76e48ef75 769e99243ae3455ea3e97c8d7b20c644 - - default default] TaaS: Handle Delete Port: e1098cc2-bca7-4d66-94a6-36ed911aeea0
2026-02-25 07:18:27.237 8 INFO neutron_taas.services.taas.tap_mirror_plugin [None req-f8db1fb4-bad1-4b6b-bc81-1cee89767f04 e9dfc37fe5a9499ca3f6f4f76e48ef75 769e99243ae3455ea3e97c8d7b20c644 - - default default] Tap Mirror: Handle Delete Port: e1098cc2-bca7-4d66-94a6-36ed911aeea0 [pid: 8|app: 0|req: 919/1903] 10.0.0.13 () {32 vars in 725 bytes} [Wed Feb 25 07:18:27 2026] DELETE /v2.0/networks/a6515db2-c7f4-495f-9549-ecbec333d078 => generated 0 bytes in 316 msecs (HTTP/1.1 204) 3 headers in 131 bytes (1 switches on core 0) [pid: 7|app: 0|req: 985/1904] 10.0.0.13 () {32 vars in 716 bytes} [Wed Feb 25 07:18:27 2026] GET /v2.0/ports/7794b7eb-a5cd-4554-ba0b-f0912a6f4c77 => generated 941 bytes in 118 msecs (HTTP/1.1 200) 4 headers in 157 bytes (1 switches on core 0) [pid: 8|app: 0|req: 920/1905] 10.0.0.34 () {34 vars in 989 bytes} [Wed Feb 25 07:18:27 2026] GET /v2.0/ports?device_id=975c25c5-ba57-4386-b5be-65a970ef53d8 => generated 973 bytes in 31 msecs (HTTP/1.1 200) 4 headers in 157 bytes (1 switches on core 0) [pid: 7|app: 0|req: 986/1906] 10.0.0.34 () {34 vars in 1039 bytes} [Wed Feb 25 07:18:27 2026] GET /v2.0/security-groups?id=a19e87da-5e8a-4d78-adff-5893307ed64f&fields=id&fields=name => generated 88 bytes in 29 msecs (HTTP/1.1 200) 4 headers in 156 bytes (1 switches on core 0)
2026-02-25 07:18:27.963 8 INFO neutron.services.segments.plugin [-] Segment 726d121f-9774-4954-a69f-a9769f4e370a resource provider aggregate not found
2026-02-25 07:18:27.975 8 INFO neutron.services.segments.plugin [-] Segment 726d121f-9774-4954-a69f-a9769f4e370a resource provider aggregate not found
2026-02-25 07:18:27.980 8 INFO neutron.services.segments.plugin [-] Segment 726d121f-9774-4954-a69f-a9769f4e370a resource provider not found; error: Placement Client Error (4xx): {"errors": [{"status": 404, "title": "Not Found", "detail": "The resource could not be found.\n\n No resource provider with uuid 726d121f-9774-4954-a69f-a9769f4e370a found for delete ", "request_id": "req-037c8a8a-b3c4-46ca-9c74-2f3ebfa16536"}]}
2026-02-25 07:18:27.997 8 INFO neutron.services.segments.plugin [-] Segment 726d121f-9774-4954-a69f-a9769f4e370a resource provider not found; error: Placement Client Error (4xx): {"errors": [{"status": 404, "title": "Not Found", "detail": "The resource could not be found.\n\n No resource provider with uuid 726d121f-9774-4954-a69f-a9769f4e370a found for delete ", "request_id": "req-0a33df6c-5c52-4432-824a-3764c8561559"}]}
2026-02-25 07:18:28.003 8 INFO neutron.services.segments.plugin [-] Segment f18ca0bf-f546-4bf1-a4b1-0fb3ada588f1 resource provider aggregate not found
2026-02-25 07:18:28.022 8 INFO neutron.services.segments.plugin [-] Segment f18ca0bf-f546-4bf1-a4b1-0fb3ada588f1 resource provider aggregate not found
2026-02-25 07:18:28.025 8 INFO neutron.services.segments.plugin [-] Segment f18ca0bf-f546-4bf1-a4b1-0fb3ada588f1 resource provider not found; error: Placement Client Error (4xx): {"errors": [{"status": 404, "title": "Not Found", "detail": "The resource could not be found.\n\n No resource provider with uuid f18ca0bf-f546-4bf1-a4b1-0fb3ada588f1 found for delete ", "request_id": "req-28c7185f-ca3c-498c-b9cd-e37b118f3172"}]}
