2026-02-25 07:13:35.063 7 INFO neutron.api.v2.resource [None req-82b241f8-4b57-4569-a24b-f9ff41dfc630 2469ece70ce7499b8626998baec535e2 e10df551d00e42c9a7a316787d565325 - - default default] show failed (client error): The resource could not be found. [pid: 7|app: 0|req: 258/508] 199.204.45.223 () {44 vars in 1075 bytes} [Wed Feb 25 07:13:35 2026] GET /v2.0/security-groups/manila-service-security-group?project_id=92e666e21c634d998871a9e242808838 => generated 139 bytes in 46 msecs (HTTP/1.1 404) 4 headers in 164 bytes (1 switches on core 0) [pid: 8|app: 0|req: 251/509] 199.204.45.223 () {44 vars in 1098 bytes} [Wed Feb 25 07:13:35 2026] GET /v2.0/security-groups?name=manila-service-security-group&project_id=92e666e21c634d998871a9e242808838 => generated 4072 bytes in 29 msecs (HTTP/1.1 200) 4 headers in 158 bytes (1 switches on core 0) [pid: 7|app: 0|req: 259/510] 199.204.45.223 () {44 vars in 1089 bytes} [Wed Feb 25 07:13:36 2026] GET /v2.0/security-groups/1f7b0ef1-d0dd-419a-8ffc-4ca1d0c59de4?project_id=92e666e21c634d998871a9e242808838 => generated 4075 bytes in 59 msecs (HTTP/1.1 200) 4 headers in 158 bytes (1 switches on core 0) [pid: 8|app: 0|req: 252/511] 199.204.45.223 () {44 vars in 1002 bytes} [Wed Feb 25 07:13:36 2026] GET /v2.0/security-groups/1f7b0ef1-d0dd-419a-8ffc-4ca1d0c59de4 => generated 4075 bytes in 36 msecs (HTTP/1.1 200) 4 headers in 158 bytes (1 switches on core 0) [pid: 7|app: 0|req: 260/512] 199.204.45.223 () {44 vars in 1012 bytes} [Wed Feb 25 07:13:36 2026] GET /v2.0/security-group-rules/0cc81aa8-10f8-487d-bd2d-3daa3d8999f5 => generated 597 bytes in 15 msecs (HTTP/1.1 200) 4 headers in 157 bytes (1 switches on core 0) [pid: 8|app: 0|req: 253/513] 199.204.45.223 () {44 vars in 1089 bytes} [Wed Feb 25 07:13:37 2026] GET /v2.0/security-groups/1f7b0ef1-d0dd-419a-8ffc-4ca1d0c59de4?project_id=92e666e21c634d998871a9e242808838 => generated 4075 bytes in 69 msecs (HTTP/1.1 200) 4 headers in 158 bytes (1 switches on core 0) [pid: 7|app: 0|req: 261/514] 199.204.45.223 () {44 vars in 1002 bytes} [Wed Feb 25 07:13:37 2026] GET /v2.0/security-groups/1f7b0ef1-d0dd-419a-8ffc-4ca1d0c59de4 => generated 4075 bytes in 35 msecs (HTTP/1.1 200) 4 headers in 158 bytes (1 switches on core 0) [pid: 8|app: 0|req: 254/515] 199.204.45.223 () {44 vars in 1012 bytes} [Wed Feb 25 07:13:37 2026] GET /v2.0/security-group-rules/998cd67a-52b6-4b75-97da-15bfd21accc8 => generated 599 bytes in 16 msecs (HTTP/1.1 200) 4 headers in 157 bytes (1 switches on core 0) [pid: 7|app: 0|req: 262/518] 199.204.45.223 () {44 vars in 1089 bytes} [Wed Feb 25 07:13:38 2026] GET /v2.0/security-groups/1f7b0ef1-d0dd-419a-8ffc-4ca1d0c59de4?project_id=92e666e21c634d998871a9e242808838 => generated 4075 bytes in 61 msecs (HTTP/1.1 200) 4 headers in 158 bytes (1 switches on core 0) [pid: 8|app: 0|req: 257/519] 199.204.45.223 () {44 vars in 1002 bytes} [Wed Feb 25 07:13:38 2026] GET /v2.0/security-groups/1f7b0ef1-d0dd-419a-8ffc-4ca1d0c59de4 => generated 4075 bytes in 33 msecs (HTTP/1.1 200) 4 headers in 158 bytes (1 switches on core 0) [pid: 7|app: 0|req: 263/520] 199.204.45.223 () {44 vars in 1012 bytes} [Wed Feb 25 07:13:38 2026] GET /v2.0/security-group-rules/e8b1af68-db65-419c-a624-a24b3461a709 => generated 601 bytes in 18 msecs (HTTP/1.1 200) 4 headers in 157 bytes (1 switches on core 0) [pid: 8|app: 0|req: 258/521] 199.204.45.223 () {44 vars in 1089 bytes} [Wed Feb 25 07:13:39 2026] GET /v2.0/security-groups/1f7b0ef1-d0dd-419a-8ffc-4ca1d0c59de4?project_id=92e666e21c634d998871a9e242808838 => generated 4075 bytes in 56 msecs (HTTP/1.1 200) 4 headers in 158 bytes (1 switches on core 0) [pid: 7|app: 0|req: 264/522] 199.204.45.223 () {44 vars in 1002 bytes} [Wed Feb 25 07:13:39 2026] GET /v2.0/security-groups/1f7b0ef1-d0dd-419a-8ffc-4ca1d0c59de4 => generated 4075 bytes in 42 msecs (HTTP/1.1 200) 4 headers in 158 bytes (1 switches on core 0) [pid: 8|app: 0|req: 259/523] 199.204.45.223 () {44 vars in 1012 bytes} [Wed Feb 25 07:13:39 2026] GET /v2.0/security-group-rules/0c8257c3-ba31-4590-abf2-caed7a9c78b8 => generated 602 bytes in 16 msecs (HTTP/1.1 200) 4 headers in 157 bytes (1 switches on core 0) [pid: 7|app: 0|req: 265/524] 199.204.45.223 () {44 vars in 976 bytes} [Wed Feb 25 07:13:46 2026] GET /v2.0/quotas/92e666e21c634d998871a9e242808838 => generated 291 bytes in 12 msecs (HTTP/1.1 200) 4 headers in 157 bytes (1 switches on core 0) [pid: 8|app: 0|req: 263/531] 199.204.45.223 () {44 vars in 950 bytes} [Wed Feb 25 07:14:27 2026] GET /v2.0/networks?name=public => generated 753 bytes in 76 msecs (HTTP/1.1 200) 4 headers in 157 bytes (1 switches on core 0) [pid: 7|app: 0|req: 269/532] 10.0.0.252 () {28 vars in 619 bytes} [Wed Feb 25 07:14:29 2026] GET /v2.0/network-ip-availabilities => generated 1104 bytes in 82 msecs (HTTP/1.1 200) 4 headers in 158 bytes (1 switches on core 0) [pid: 8|app: 0|req: 264/533] 10.0.0.252 () {28 vars in 599 bytes} [Wed Feb 25 07:14:30 2026] GET /v2.0/security-groups => generated 17401 bytes in 49 msecs (HTTP/1.1 200) 4 headers in 159 bytes (1 switches on core 0) [pid: 7|app: 0|req: 270/534] 10.0.0.252 () {28 vars in 581 bytes} [Wed Feb 25 07:14:30 2026] GET /v2.0/agents => generated 1214 bytes in 86 msecs (HTTP/1.1 200) 4 headers in 158 bytes (1 switches on core 0) [pid: 8|app: 0|req: 265/535] 10.0.0.252 () {28 vars in 585 bytes} [Wed Feb 25 07:14:30 2026] GET /v2.0/networks => generated 2173 bytes in 57 msecs (HTTP/1.1 200) 4 headers in 158 bytes (1 switches on core 0) [pid: 7|app: 0|req: 271/536] 10.0.0.252 () {28 vars in 583 bytes} [Wed Feb 25 07:14:30 2026] GET /v2.0/routers => generated 15 bytes in 28 msecs (HTTP/1.1 200) 4 headers in 156 bytes (1 switches on core 0) [pid: 8|app: 0|req: 266/537] 10.0.0.252 () {28 vars in 624 bytes} [Wed Feb 25 07:14:30 2026] GET /v2.0/agents?binary=ovn-controller => generated 416 bytes in 21 msecs (HTTP/1.1 200) 4 headers in 157 bytes (1 switches on core 0) [pid: 7|app: 0|req: 272/538] 10.0.0.252 () {28 vars in 583 bytes} [Wed Feb 25 07:14:30 2026] GET /v2.0/subnets => generated 1308 bytes in 33 msecs (HTTP/1.1 200) 4 headers in 158 bytes (1 switches on core 0) [pid: 8|app: 0|req: 267/539] 10.0.0.252 () {28 vars in 579 bytes} [Wed Feb 25 07:14:30 2026] GET /v2.0/ports => generated 5175 bytes in 83 msecs (HTTP/1.1 200) 4 headers in 158 bytes (1 switches on core 0) [pid: 7|app: 0|req: 273/540] 10.0.0.252 () {28 vars in 583 bytes} [Wed Feb 25 07:14:30 2026] GET /v2.0/subnets => generated 1308 bytes in 32 msecs (HTTP/1.1 200) 4 headers in 158 bytes (1 switches on core 0) [pid: 8|app: 0|req: 268/541] 10.0.0.252 () {28 vars in 591 bytes} [Wed Feb 25 07:14:30 2026] GET /v2.0/subnetpools => generated 19 bytes in 9 msecs (HTTP/1.1 200) 4 headers in 156 bytes (1 switches on core 0) [pid: 7|app: 0|req: 274/542] 10.0.0.252 () {28 vars in 591 bytes} [Wed Feb 25 07:14:30 2026] GET /v2.0/floatingips => generated 19 bytes in 20 msecs (HTTP/1.1 200) 4 headers in 156 bytes (1 switches on core 0) [pid: 7|app: 0|req: 277/547] 10.0.0.13 () {32 vars in 648 bytes} [Wed Feb 25 07:15:05 2026] GET /v2.0/networks => generated 2173 bytes in 154 msecs (HTTP/1.1 200) 4 headers in 158 bytes (1 switches on core 0) [pid: 8|app: 0|req: 271/548] 10.0.0.13 () {32 vars in 654 bytes} [Wed Feb 25 07:15:06 2026] GET /v2.0/floatingips => generated 19 bytes in 17 msecs (HTTP/1.1 200) 4 headers in 156 bytes (1 switches on core 0) [pid: 7|app: 0|req: 278/549] 10.0.0.13 () {32 vars in 646 bytes} [Wed Feb 25 07:15:06 2026] GET /v2.0/routers => generated 15 bytes in 30 msecs (HTTP/1.1 200) 4 headers in 156 bytes (1 switches on core 0) [pid: 8|app: 0|req: 272/550] 10.0.0.13 () {32 vars in 642 bytes} [Wed Feb 25 07:15:06 2026] GET /v2.0/ports => generated 5175 bytes in 47 msecs (HTTP/1.1 200) 4 headers in 158 bytes (1 switches on core 0) [pid: 7|app: 0|req: 279/551] 10.0.0.13 () {32 vars in 646 bytes} [Wed Feb 25 07:15:06 2026] GET /v2.0/subnets => generated 1308 bytes in 25 msecs (HTTP/1.1 200) 4 headers in 158 bytes (1 switches on core 0) [pid: 8|app: 0|req: 273/552] 10.0.0.13 () {32 vars in 648 bytes} [Wed Feb 25 07:15:06 2026] GET /v2.0/networks => generated 2173 bytes in 57 msecs (HTTP/1.1 200) 4 headers in 158 bytes (1 switches on core 0) [pid: 7|app: 0|req: 280/553] 10.0.0.13 () {32 vars in 662 bytes} [Wed Feb 25 07:15:06 2026] GET /v2.0/security-groups => generated 17401 bytes in 27 msecs (HTTP/1.1 200) 4 headers in 159 bytes (1 switches on core 0) [pid: 8|app: 0|req: 274/554] 10.0.0.13 () {32 vars in 654 bytes} [Wed Feb 25 07:15:06 2026] GET /v2.0/subnetpools => generated 19 bytes in 11 msecs (HTTP/1.1 200) 4 headers in 156 bytes (1 switches on core 0)
2026-02-25 07:15:16.923 7 INFO neutron.db.ovn_revision_numbers_db [None req-9448a5b0-736f-4c28-94c9-d7d08c78bd0f 2469ece70ce7499b8626998baec535e2 e10df551d00e42c9a7a316787d565325 - - default default] Successfully bumped revision number for resource 030fd82e-b32d-41b9-be9e-6f3abcb00226 (type: security_groups) to 1
2026-02-25 07:15:16.933 7 INFO neutron.db.ovn_revision_numbers_db [None req-9448a5b0-736f-4c28-94c9-d7d08c78bd0f 2469ece70ce7499b8626998baec535e2 e10df551d00e42c9a7a316787d565325 - - default default] Successfully bumped revision number for resource 1c4d8c2f-1899-49ca-9f07-c252f1a89971 (type: security_group_rules) to 0
2026-02-25 07:15:16.952 7 INFO neutron.db.ovn_revision_numbers_db [None req-9448a5b0-736f-4c28-94c9-d7d08c78bd0f 2469ece70ce7499b8626998baec535e2 e10df551d00e42c9a7a316787d565325 - - default default] Successfully bumped revision number for resource 517fa5ed-b408-4546-9221-3d06d97eca48 (type: security_group_rules) to 0
2026-02-25 07:15:16.963 7 INFO neutron.db.ovn_revision_numbers_db [None req-9448a5b0-736f-4c28-94c9-d7d08c78bd0f 2469ece70ce7499b8626998baec535e2 e10df551d00e42c9a7a316787d565325 - - default default] Successfully bumped revision number for resource 9e0a4d10-82b3-404d-afb6-de3259c4543f (type: security_group_rules) to 0
2026-02-25 07:15:16.975 7 INFO neutron.db.ovn_revision_numbers_db [None req-9448a5b0-736f-4c28-94c9-d7d08c78bd0f 2469ece70ce7499b8626998baec535e2 e10df551d00e42c9a7a316787d565325 - - default default] Successfully bumped revision number for resource f4079ffb-9825-4faf-8c09-cab149ae887f (type: security_group_rules) to 0
2026-02-25 07:15:16.995 8 INFO neutron.db.ovn_revision_numbers_db [None req-c6088066-160b-477e-95c6-7e1f9cfe3d9e 2469ece70ce7499b8626998baec535e2 e10df551d00e42c9a7a316787d565325 - - default default] Successfully bumped revision number for resource 3c8de5f8-282b-42fd-93e5-c79a9de2f37f (type: security_groups) to 1
2026-02-25 07:15:17.008 8 INFO neutron.db.ovn_revision_numbers_db [None req-c6088066-160b-477e-95c6-7e1f9cfe3d9e 2469ece70ce7499b8626998baec535e2 e10df551d00e42c9a7a316787d565325 - - default default] Successfully bumped revision number for resource 112c5a4c-5a95-43af-b32d-a4530b99f7ae (type: security_group_rules) to 0
2026-02-25 07:15:17.025 8 INFO neutron.db.ovn_revision_numbers_db [None req-c6088066-160b-477e-95c6-7e1f9cfe3d9e 2469ece70ce7499b8626998baec535e2 e10df551d00e42c9a7a316787d565325 - - default default] Successfully bumped revision number for resource 131129de-9beb-4d34-8801-7b0381d61652 (type: security_group_rules) to 0
2026-02-25 07:15:17.046 8 INFO neutron.db.ovn_revision_numbers_db [None req-c6088066-160b-477e-95c6-7e1f9cfe3d9e 2469ece70ce7499b8626998baec535e2 e10df551d00e42c9a7a316787d565325 - - default default] Successfully bumped revision number for resource 3fe82100-f818-43f4-b151-36b1053540bf (type: security_group_rules) to 0
2026-02-25 07:15:17.064 8 INFO neutron.db.ovn_revision_numbers_db [None req-c6088066-160b-477e-95c6-7e1f9cfe3d9e 2469ece70ce7499b8626998baec535e2 e10df551d00e42c9a7a316787d565325 - - default default] Successfully bumped revision number for resource c5bdf26a-0304-4f49-b0ef-81a362334d84 (type: security_group_rules) to 0
2026-02-25 07:15:17.114 7 INFO neutron.db.segments_db [None req-9448a5b0-736f-4c28-94c9-d7d08c78bd0f 2469ece70ce7499b8626998baec535e2 e10df551d00e42c9a7a316787d565325 - - default default] Added segment f97f9ffe-4136-4610-8af6-b4b2b5d1254c of type geneve for network d994e651-ec76-4c4c-b579-00aad0f5768a
2026-02-25 07:15:17.166 8 INFO neutron.db.segments_db [None req-c6088066-160b-477e-95c6-7e1f9cfe3d9e 2469ece70ce7499b8626998baec535e2 e10df551d00e42c9a7a316787d565325 - - default default] Added segment 658ba117-802d-49c8-914c-a06d94764fd0 of type geneve for network 4430c7c2-54df-4f99-959b-012fccb35cbd
2026-02-25 07:15:17.226 7 INFO neutron.db.ovn_revision_numbers_db [None req-9448a5b0-736f-4c28-94c9-d7d08c78bd0f 2469ece70ce7499b8626998baec535e2 e10df551d00e42c9a7a316787d565325 - - default default] Successfully bumped revision number for resource d994e651-ec76-4c4c-b579-00aad0f5768a (type: networks) to 1
2026-02-25 07:15:17.294 8 INFO neutron.db.ovn_revision_numbers_db [None req-c6088066-160b-477e-95c6-7e1f9cfe3d9e 2469ece70ce7499b8626998baec535e2 e10df551d00e42c9a7a316787d565325 - - default default] Successfully bumped revision number for resource 4430c7c2-54df-4f99-959b-012fccb35cbd (type: networks) to 1
2026-02-25 07:15:17.388 7 WARNING neutron.scheduler.dhcp_agent_scheduler [None req-9448a5b0-736f-4c28-94c9-d7d08c78bd0f 2469ece70ce7499b8626998baec535e2 e10df551d00e42c9a7a316787d565325 - - default default] No more DHCP agents
2026-02-25 07:15:17.389 7 WARNING neutron.api.rpc.agentnotifiers.dhcp_rpc_agent_api [None req-9448a5b0-736f-4c28-94c9-d7d08c78bd0f 2469ece70ce7499b8626998baec535e2 e10df551d00e42c9a7a316787d565325 - - default default] Unable to schedule network d994e651-ec76-4c4c-b579-00aad0f5768a: no agents available; will retry on subsequent port and subnet creation events.
2026-02-25 07:15:17.462 8 WARNING neutron.scheduler.dhcp_agent_scheduler [None req-c6088066-160b-477e-95c6-7e1f9cfe3d9e 2469ece70ce7499b8626998baec535e2 e10df551d00e42c9a7a316787d565325 - - default default] No more DHCP agents
2026-02-25 07:15:17.464 8 WARNING neutron.api.rpc.agentnotifiers.dhcp_rpc_agent_api [None req-c6088066-160b-477e-95c6-7e1f9cfe3d9e 2469ece70ce7499b8626998baec535e2 e10df551d00e42c9a7a316787d565325 - - default default] Unable to schedule network 4430c7c2-54df-4f99-959b-012fccb35cbd: no agents available; will retry on subsequent port and subnet creation events.
2026-02-25 07:15:17.491 8 INFO neutron.plugins.ml2.drivers.ovn.mech_driver.mech_driver [None req-701d52ed-e7f1-4896-8f22-d078b3d6b134 - - - - - -] OVN reports status down for port: 849308c2-9072-40fe-942b-bf2b067555eb
2026-02-25 07:15:17.497 7 INFO neutron.db.ovn_revision_numbers_db [None req-9448a5b0-736f-4c28-94c9-d7d08c78bd0f 2469ece70ce7499b8626998baec535e2 e10df551d00e42c9a7a316787d565325 - - default default] Successfully bumped revision number for resource 849308c2-9072-40fe-942b-bf2b067555eb (type: ports) to 1 [pid: 7|app: 0|req: 282/557] 10.0.0.13 () {34 vars in 670 bytes} [Wed Feb 25 07:15:16 2026] POST /v2.0/networks => generated 748 bytes in 853 msecs (HTTP/1.1 201) 4 headers in 162 bytes (1 switches on core 0)
2026-02-25 07:15:17.616 8 INFO neutron.plugins.ml2.drivers.ovn.mech_driver.mech_driver [None req-701d52ed-e7f1-4896-8f22-d078b3d6b134 - - - - - -] OVN reports status down for port: 248abd9b-248c-4623-9bcd-acda7f72264e
2026-02-25 07:15:17.637 8 INFO neutron.db.ovn_revision_numbers_db [None req-c6088066-160b-477e-95c6-7e1f9cfe3d9e 2469ece70ce7499b8626998baec535e2 e10df551d00e42c9a7a316787d565325 - - default default] Successfully bumped revision number for resource 248abd9b-248c-4623-9bcd-acda7f72264e (type: ports) to 1 [pid: 8|app: 0|req: 276/558] 10.0.0.13 () {34 vars in 670 bytes} [Wed Feb 25 07:15:16 2026] POST /v2.0/networks => generated 751 bytes in 910 msecs (HTTP/1.1 201) 4 headers in 162 bytes (1 switches on core 0)
2026-02-25 07:15:17.769 7 INFO neutron.db.ovn_revision_numbers_db [None req-915482af-42b3-4e20-98a9-9aae91cea52d 2469ece70ce7499b8626998baec535e2 e10df551d00e42c9a7a316787d565325 - - default default] Successfully bumped revision number for resource ff51b816-14ad-4037-b926-82ed00286144 (type: security_groups) to 1
2026-02-25 07:15:17.780 7 INFO neutron.db.ovn_revision_numbers_db [None req-915482af-42b3-4e20-98a9-9aae91cea52d 2469ece70ce7499b8626998baec535e2 e10df551d00e42c9a7a316787d565325 - - default default] Successfully bumped revision number for resource 0abc954c-8d1e-4948-a9c3-843d08b8b873 (type: security_group_rules) to 0
2026-02-25 07:15:17.792 7 INFO neutron.db.ovn_revision_numbers_db [None req-915482af-42b3-4e20-98a9-9aae91cea52d 2469ece70ce7499b8626998baec535e2 e10df551d00e42c9a7a316787d565325 - - default default] Successfully bumped revision number for resource 933d93fe-9ee7-4b15-8c84-42fd4ce65d19 (type: security_group_rules) to 0
2026-02-25 07:15:17.802 7 INFO neutron.db.ovn_revision_numbers_db [None req-915482af-42b3-4e20-98a9-9aae91cea52d 2469ece70ce7499b8626998baec535e2 e10df551d00e42c9a7a316787d565325 - - default default] Successfully bumped revision number for resource a17430db-78df-485c-af65-8af58bdcd083 (type: security_group_rules) to 0
2026-02-25 07:15:17.813 7 INFO neutron.db.ovn_revision_numbers_db [None req-915482af-42b3-4e20-98a9-9aae91cea52d 2469ece70ce7499b8626998baec535e2 e10df551d00e42c9a7a316787d565325 - - default default] Successfully bumped revision number for resource bcbdfec4-e374-4813-abdc-9436c066b102 (type: security_group_rules) to 0
2026-02-25 07:15:17.890 8 INFO neutron.db.ovn_revision_numbers_db [None req-5b6eac72-24b7-47ce-bcb2-92bdfd4a3dff 2469ece70ce7499b8626998baec535e2 e10df551d00e42c9a7a316787d565325 - - default default] Successfully bumped revision number for resource 44a80a24-347b-422d-b903-ec67e457807d (type: security_groups) to 1
2026-02-25 07:15:17.898 7 INFO neutron.db.segments_db [None req-915482af-42b3-4e20-98a9-9aae91cea52d 2469ece70ce7499b8626998baec535e2 e10df551d00e42c9a7a316787d565325 - - default default] Added segment fd0f9694-44d0-4dca-ab1d-59908f800863 of type geneve for network 38ec0147-2939-4c43-8c38-ae64acdadf5f
2026-02-25 07:15:17.902 8 INFO neutron.db.ovn_revision_numbers_db [None req-5b6eac72-24b7-47ce-bcb2-92bdfd4a3dff 2469ece70ce7499b8626998baec535e2 e10df551d00e42c9a7a316787d565325 - - default default] Successfully bumped revision number for resource 445b7ab4-63ea-4c9f-9a5d-3f70ccbbc5ac (type: security_group_rules) to 0
2026-02-25 07:15:17.914 8 INFO neutron.db.ovn_revision_numbers_db [None req-5b6eac72-24b7-47ce-bcb2-92bdfd4a3dff 2469ece70ce7499b8626998baec535e2 e10df551d00e42c9a7a316787d565325 - - default default] Successfully bumped revision number for resource b88ab5d0-2092-41d2-afb9-fbfdf91bad74 (type: security_group_rules) to 0
2026-02-25 07:15:17.923 8 INFO neutron.db.ovn_revision_numbers_db [None req-5b6eac72-24b7-47ce-bcb2-92bdfd4a3dff 2469ece70ce7499b8626998baec535e2 e10df551d00e42c9a7a316787d565325 - - default default] Successfully bumped revision number for resource f1c2bbb8-bd6c-4ceb-bbe2-67d71ee2f186 (type: security_group_rules) to 0
2026-02-25 07:15:17.937 8 INFO neutron.db.ovn_revision_numbers_db [None req-5b6eac72-24b7-47ce-bcb2-92bdfd4a3dff 2469ece70ce7499b8626998baec535e2 e10df551d00e42c9a7a316787d565325 - - default default] Successfully bumped revision number for resource f38e1ab2-ecd9-4c95-aa27-aca7da5e21d3 (type: security_group_rules) to 0 [pid: 8|app: 0|req: 277/559] 10.0.0.13 () {32 vars in 773 bytes} [Wed Feb 25 07:15:17 2026] GET /v2.0/security-groups?tenant_id=591c6e7a87024bdb91a6e108353972c0&name=default => generated 2921 bytes in 311 msecs (HTTP/1.1 200) 4 headers in 158 bytes (1 switches on core 0)
2026-02-25 07:15:18.010 7 INFO neutron.db.ovn_revision_numbers_db [None req-915482af-42b3-4e20-98a9-9aae91cea52d 2469ece70ce7499b8626998baec535e2 e10df551d00e42c9a7a316787d565325 - - default default] Successfully bumped revision number for resource 38ec0147-2939-4c43-8c38-ae64acdadf5f (type: networks) to 1
2026-02-25 07:15:18.108 8 WARNING neutron.scheduler.dhcp_agent_scheduler [None req-1f999784-0eb2-4bbf-8f4a-fb46e96d08dd 2469ece70ce7499b8626998baec535e2 e10df551d00e42c9a7a316787d565325 - - default default] No more DHCP agents
2026-02-25 07:15:18.110 8 WARNING neutron.api.rpc.agentnotifiers.dhcp_rpc_agent_api [None req-1f999784-0eb2-4bbf-8f4a-fb46e96d08dd 2469ece70ce7499b8626998baec535e2 e10df551d00e42c9a7a316787d565325 - - default default] Unable to schedule network d994e651-ec76-4c4c-b579-00aad0f5768a: no agents available; will retry on subsequent port and subnet creation events.
2026-02-25 07:15:18.147 7 WARNING neutron.scheduler.dhcp_agent_scheduler [None req-915482af-42b3-4e20-98a9-9aae91cea52d 2469ece70ce7499b8626998baec535e2 e10df551d00e42c9a7a316787d565325 - - default default] No more DHCP agents
2026-02-25 07:15:18.148 7 WARNING neutron.api.rpc.agentnotifiers.dhcp_rpc_agent_api [None req-915482af-42b3-4e20-98a9-9aae91cea52d 2469ece70ce7499b8626998baec535e2 e10df551d00e42c9a7a316787d565325 - - default default] Unable to schedule network 38ec0147-2939-4c43-8c38-ae64acdadf5f: no agents available; will retry on subsequent port and subnet creation events.
2026-02-25 07:15:18.250 7 INFO neutron.db.ovn_revision_numbers_db [None req-915482af-42b3-4e20-98a9-9aae91cea52d 2469ece70ce7499b8626998baec535e2 e10df551d00e42c9a7a316787d565325 - - default default] Successfully bumped revision number for resource 52778c44-2fb1-4219-a689-b81224bbdb15 (type: ports) to 1
2026-02-25 07:15:18.257 8 INFO neutron.plugins.ml2.drivers.ovn.mech_driver.mech_driver [None req-701d52ed-e7f1-4896-8f22-d078b3d6b134 - - - - - -] OVN reports status down for port: 52778c44-2fb1-4219-a689-b81224bbdb15 [pid: 7|app: 0|req: 283/560] 10.0.0.13 () {34 vars in 670 bytes} [Wed Feb 25 07:15:17 2026] POST /v2.0/networks => generated 755 bytes in 757 msecs (HTTP/1.1 201) 4 headers in 162 bytes (1 switches on core 0)
2026-02-25 07:15:18.402 7 WARNING neutron.scheduler.dhcp_agent_scheduler [None req-c7120e5d-d58b-4ed1-ae32-487a89a90d6e 2469ece70ce7499b8626998baec535e2 e10df551d00e42c9a7a316787d565325 - - default default] No more DHCP agents
2026-02-25 07:15:18.404 7 WARNING neutron.api.rpc.agentnotifiers.dhcp_rpc_agent_api [None req-c7120e5d-d58b-4ed1-ae32-487a89a90d6e 2469ece70ce7499b8626998baec535e2 e10df551d00e42c9a7a316787d565325 - - default default] Unable to schedule network 4430c7c2-54df-4f99-959b-012fccb35cbd: no agents available; will retry on subsequent port and subnet creation events.
2026-02-25 07:15:18.661 8 INFO neutron.db.ovn_revision_numbers_db [None req-a74c2bb7-3312-43ae-817a-592e798ff816 - - - - - -] Successfully bumped revision number for resource 849308c2-9072-40fe-942b-bf2b067555eb (type: ports) to 2
2026-02-25 07:15:18.693 8 INFO neutron.db.ovn_revision_numbers_db [None req-a74c2bb7-3312-43ae-817a-592e798ff816 - - - - - -] Successfully bumped revision number for resource 43be42e4-d356-4609-a2e4-71bd3691594f (type: subnets) to 0 [pid: 8|app: 0|req: 278/561] 10.0.0.13 () {34 vars in 668 bytes} [Wed Feb 25 07:15:17 2026] POST /v2.0/subnets => generated 692 bytes in 721 msecs (HTTP/1.1 201) 4 headers in 162 bytes (1 switches on core 0)
2026-02-25 07:15:18.896 7 INFO neutron.db.ovn_revision_numbers_db [None req-5656d694-540e-4351-b3aa-5d4bfb85a142 - - - - - -] Successfully bumped revision number for resource 248abd9b-248c-4623-9bcd-acda7f72264e (type: ports) to 2
2026-02-25 07:15:18.937 7 INFO neutron.db.ovn_revision_numbers_db [None req-5656d694-540e-4351-b3aa-5d4bfb85a142 - - - - - -] Successfully bumped revision number for resource a03b4c44-b929-407c-a17e-1e6da5467cc9 (type: subnets) to 0 [pid: 7|app: 0|req: 284/562] 10.0.0.13 () {34 vars in 668 bytes} [Wed Feb 25 07:15:18 2026] POST /v2.0/subnets => generated 696 bytes in 677 msecs (HTTP/1.1 201) 4 headers in 162 bytes (1 switches on core 0) [pid: 8|app: 0|req: 279/563] 10.0.0.13 () {32 vars in 739 bytes} [Wed Feb 25 07:15:18 2026] DELETE /v2.0/security-groups/44a80a24-347b-422d-b903-ec67e457807d => generated 0 bytes in 303 msecs (HTTP/1.1 204) 2 headers in 112 bytes (1 switches on core 0)
2026-02-25 07:15:19.092 7 WARNING neutron.scheduler.dhcp_agent_scheduler [None req-32176e92-88b3-4806-a395-30b0a381510e 2469ece70ce7499b8626998baec535e2 e10df551d00e42c9a7a316787d565325 - - default default] No more DHCP agents
2026-02-25 07:15:19.093 7 WARNING neutron.api.rpc.agentnotifiers.dhcp_rpc_agent_api [None req-32176e92-88b3-4806-a395-30b0a381510e 2469ece70ce7499b8626998baec535e2 e10df551d00e42c9a7a316787d565325 - - default default] Unable to schedule network 38ec0147-2939-4c43-8c38-ae64acdadf5f: no agents available; will retry on subsequent port and subnet creation events.
2026-02-25 07:15:19.500 7 INFO neutron.db.ovn_revision_numbers_db [None req-3e4c0f1f-e654-4515-a20b-d32c071b6a55 - - - - - -] Successfully bumped revision number for resource 52778c44-2fb1-4219-a689-b81224bbdb15 (type: ports) to 2
2026-02-25 07:15:19.528 8 WARNING neutron.scheduler.dhcp_agent_scheduler [None req-8265cd02-0fce-4791-b827-dbe4e54661a1 2469ece70ce7499b8626998baec535e2 e10df551d00e42c9a7a316787d565325 - - default default] No more DHCP agents
2026-02-25 07:15:19.529 8 WARNING neutron.api.rpc.agentnotifiers.dhcp_rpc_agent_api [None req-8265cd02-0fce-4791-b827-dbe4e54661a1 2469ece70ce7499b8626998baec535e2 e10df551d00e42c9a7a316787d565325 - - default default] Unable to schedule network c4602b8b-b46e-48c5-aec6-16a634b0c6bc: no agents available; will retry on subsequent port and subnet creation events.
2026-02-25 07:15:19.531 7 INFO neutron.db.ovn_revision_numbers_db [None req-3e4c0f1f-e654-4515-a20b-d32c071b6a55 - - - - - -] Successfully bumped revision number for resource 1e0f887f-2327-4427-920c-a7b8c15b8ec5 (type: subnets) to 0 [pid: 7|app: 0|req: 285/564] 10.0.0.13 () {34 vars in 668 bytes} [Wed Feb 25 07:15:18 2026] POST /v2.0/subnets => generated 699 bytes in 593 msecs (HTTP/1.1 201) 4 headers in 162 bytes (1 switches on core 0)
2026-02-25 07:15:19.621 8 INFO neutron.plugins.ml2.drivers.ovn.mech_driver.mech_driver [None req-701d52ed-e7f1-4896-8f22-d078b3d6b134 - - - - - -] OVN reports status down for port: 777eb0ca-3da5-44fa-8a4b-3b227225e0d2
2026-02-25 07:15:19.692 8 INFO neutron.db.ovn_revision_numbers_db [None req-8265cd02-0fce-4791-b827-dbe4e54661a1 2469ece70ce7499b8626998baec535e2 e10df551d00e42c9a7a316787d565325 - - default default] Successfully bumped revision number for resource 777eb0ca-3da5-44fa-8a4b-3b227225e0d2 (type: ports) to 1
2026-02-25 07:15:20.000 8 INFO neutron.plugins.ml2.drivers.ovn.mech_driver.ovsdb.extensions.qos [None req-8265cd02-0fce-4791-b827-dbe4e54661a1 2469ece70ce7499b8626998baec535e2 e10df551d00e42c9a7a316787d565325 - - default default] Starting OVNClientQosExtension
2026-02-25 07:15:20.079 8 WARNING oslo_config.cfg [None req-8265cd02-0fce-4791-b827-dbe4e54661a1 2469ece70ce7499b8626998baec535e2 e10df551d00e42c9a7a316787d565325 - - default default] Deprecated: Option "ovn_emit_need_to_frag" from group "ovn" is deprecated for removal (The option is useful only on very old Linux kernels (version < 5.2).). Its value may be silently ignored in the future.
2026-02-25 07:15:20.302 7 WARNING neutron.scheduler.dhcp_agent_scheduler [None req-1aebca9a-e4be-4558-b85f-1233656161fc 2469ece70ce7499b8626998baec535e2 e10df551d00e42c9a7a316787d565325 - - default default] No more DHCP agents
2026-02-25 07:15:20.303 7 WARNING neutron.api.rpc.agentnotifiers.dhcp_rpc_agent_api [None req-1aebca9a-e4be-4558-b85f-1233656161fc 2469ece70ce7499b8626998baec535e2 e10df551d00e42c9a7a316787d565325 - - default default] Unable to schedule network c4602b8b-b46e-48c5-aec6-16a634b0c6bc: no agents available; will retry on subsequent port and subnet creation events.
2026-02-25 07:15:20.319 8 INFO neutron.plugins.ml2.drivers.ovn.mech_driver.ovsdb.commands [-] Schedule LRP lrp-777eb0ca-3da5-44fa-8a4b-3b227225e0d2 on gateway e594377e-1635-4861-a551-0b41e7c38675 with priority 1
2026-02-25 07:15:20.446 8 INFO neutron.plugins.ml2.drivers.ovn.mech_driver.mech_driver [None req-701d52ed-e7f1-4896-8f22-d078b3d6b134 - - - - - -] OVN reports status up for port: 777eb0ca-3da5-44fa-8a4b-3b227225e0d2
2026-02-25 07:15:20.451 8 INFO neutron.plugins.ml2.drivers.ovn.mech_driver.ovsdb.ovsdb_monitor [-] Router 5b5ec7a4-cec3-4393-b6bd-3df5f36a94f1 is bound to host instance
2026-02-25 07:15:20.558 7 INFO neutron.db.ovn_revision_numbers_db [None req-1aebca9a-e4be-4558-b85f-1233656161fc 2469ece70ce7499b8626998baec535e2 e10df551d00e42c9a7a316787d565325 - - default default] Successfully bumped revision number for resource c33c6324-b378-4e12-ba68-99298fe67375 (type: ports) to 1
2026-02-25 07:15:20.635 8 INFO neutron.plugins.ml2.plugin [None req-701d52ed-e7f1-4896-8f22-d078b3d6b134 - - - - - -] Attempt 1 to provision port 777eb0ca-3da5-44fa-8a4b-3b227225e0d2
2026-02-25 07:15:20.649 8 INFO neutron.db.ovn_revision_numbers_db [None req-8265cd02-0fce-4791-b827-dbe4e54661a1 2469ece70ce7499b8626998baec535e2 e10df551d00e42c9a7a316787d565325 - - default default] Successfully bumped revision number for resource 777eb0ca-3da5-44fa-8a4b-3b227225e0d2 (type: router_ports) to 1
2026-02-25 07:15:20.790 8 INFO neutron.db.ovn_revision_numbers_db [None req-8265cd02-0fce-4791-b827-dbe4e54661a1 2469ece70ce7499b8626998baec535e2 e10df551d00e42c9a7a316787d565325 - - default default] Successfully bumped revision number for resource 5b5ec7a4-cec3-4393-b6bd-3df5f36a94f1 (type: routers) to 2 [pid: 8|app: 0|req: 280/565] 10.0.0.13 () {34 vars in 668 bytes} [Wed Feb 25 07:15:19 2026] POST /v2.0/routers => generated 970 bytes in 1828 msecs (HTTP/1.1 201) 4 headers in 162 bytes (1 switches on core 0)
2026-02-25 07:15:20.844 7 INFO neutron.plugins.ml2.drivers.ovn.mech_driver.ovsdb.extensions.qos [None req-1aebca9a-e4be-4558-b85f-1233656161fc 2469ece70ce7499b8626998baec535e2 e10df551d00e42c9a7a316787d565325 - - default default] Starting OVNClientQosExtension
2026-02-25 07:15:20.920 7 WARNING oslo_config.cfg [None req-1aebca9a-e4be-4558-b85f-1233656161fc 2469ece70ce7499b8626998baec535e2 e10df551d00e42c9a7a316787d565325 - - default default] Deprecated: Option "ovn_emit_need_to_frag" from group "ovn" is deprecated for removal (The option is useful only on very old Linux kernels (version < 5.2).). Its value may be silently ignored in the future.
2026-02-25 07:15:21.133 7 INFO neutron.plugins.ml2.drivers.ovn.mech_driver.ovsdb.commands [-] Schedule LRP lrp-c33c6324-b378-4e12-ba68-99298fe67375 on gateway e594377e-1635-4861-a551-0b41e7c38675 with priority 1
2026-02-25 07:15:21.262 7 INFO neutron.db.ovn_revision_numbers_db [None req-1aebca9a-e4be-4558-b85f-1233656161fc 2469ece70ce7499b8626998baec535e2 e10df551d00e42c9a7a316787d565325 - - default default] Successfully bumped revision number for resource c33c6324-b378-4e12-ba68-99298fe67375 (type: router_ports) to 1
2026-02-25 07:15:21.329 7 INFO neutron.db.ovn_revision_numbers_db [None req-1aebca9a-e4be-4558-b85f-1233656161fc 2469ece70ce7499b8626998baec535e2 e10df551d00e42c9a7a316787d565325 - - default default] Successfully bumped revision number for resource c22a0ab9-bfd8-4aa7-b606-0364ce289866 (type: routers) to 2 [pid: 7|app: 0|req: 286/566] 10.0.0.13 () {34 vars in 668 bytes} [Wed Feb 25 07:15:19 2026] POST /v2.0/routers => generated 974 bytes in 1801 msecs (HTTP/1.1 201) 4 headers in 162 bytes (1 switches on core 0)
2026-02-25 07:15:21.663 7 INFO neutron.db.ovn_revision_numbers_db [None req-961b0abd-2e26-46b2-b899-4ee1141c3f37 2469ece70ce7499b8626998baec535e2 e10df551d00e42c9a7a316787d565325 - - default default] Successfully bumped revision number for resource a3793c78-a56e-4cda-b13b-57c9651bc96e (type: security_groups) to 1
2026-02-25 07:15:21.674 7 INFO neutron.db.ovn_revision_numbers_db [None req-961b0abd-2e26-46b2-b899-4ee1141c3f37 2469ece70ce7499b8626998baec535e2 e10df551d00e42c9a7a316787d565325 - - default default] Successfully bumped revision number for resource 4420fc27-3504-46f2-8dd2-4dd8b160bd25 (type: security_group_rules) to 0
2026-02-25 07:15:21.685 7 INFO neutron.db.ovn_revision_numbers_db [None req-961b0abd-2e26-46b2-b899-4ee1141c3f37 2469ece70ce7499b8626998baec535e2 e10df551d00e42c9a7a316787d565325 - - default default] Successfully bumped revision number for resource 73e9eccc-9cef-4cb7-b75c-12a524266e2e (type: security_group_rules) to 0
2026-02-25 07:15:21.696 7 INFO neutron.db.ovn_revision_numbers_db [None req-961b0abd-2e26-46b2-b899-4ee1141c3f37 2469ece70ce7499b8626998baec535e2 e10df551d00e42c9a7a316787d565325 - - default default] Successfully bumped revision number for resource 7f0cb09d-a2d3-45bb-8c5b-05cd0e61c06b (type: security_group_rules) to 0
2026-02-25 07:15:21.706 7 INFO neutron.db.ovn_revision_numbers_db [None req-961b0abd-2e26-46b2-b899-4ee1141c3f37 2469ece70ce7499b8626998baec535e2 e10df551d00e42c9a7a316787d565325 - - default default] Successfully bumped revision number for resource fe357b87-b85f-4bf6-b46a-6545fcf2ad06 (type: security_group_rules) to 0
2026-02-25 07:15:21.776 7 INFO neutron.db.segments_db [None req-961b0abd-2e26-46b2-b899-4ee1141c3f37 2469ece70ce7499b8626998baec535e2 e10df551d00e42c9a7a316787d565325 - - default default] Added segment f99f21c4-c684-4c36-92b6-27937d5485ec of type geneve for network f5e8df74-7eb2-45a4-a5cb-026f816db196
2026-02-25 07:15:21.878 7 INFO neutron.db.ovn_revision_numbers_db [None req-961b0abd-2e26-46b2-b899-4ee1141c3f37 2469ece70ce7499b8626998baec535e2 e10df551d00e42c9a7a316787d565325 - - default default] Successfully bumped revision number for resource f5e8df74-7eb2-45a4-a5cb-026f816db196 (type: networks) to 1
2026-02-25 07:15:21.915 8 WARNING neutron.scheduler.dhcp_agent_scheduler [None req-c1f6179a-3350-42ef-b873-e879008d7a0b 2469ece70ce7499b8626998baec535e2 e10df551d00e42c9a7a316787d565325 - - default default] No more DHCP agents
2026-02-25 07:15:21.918 8 WARNING neutron.api.rpc.agentnotifiers.dhcp_rpc_agent_api [None req-c1f6179a-3350-42ef-b873-e879008d7a0b 2469ece70ce7499b8626998baec535e2 e10df551d00e42c9a7a316787d565325 - - default default] Unable to schedule network c4602b8b-b46e-48c5-aec6-16a634b0c6bc: no agents available; will retry on subsequent port and subnet creation events.
2026-02-25 07:15:22.006 7 WARNING neutron.scheduler.dhcp_agent_scheduler [None req-961b0abd-2e26-46b2-b899-4ee1141c3f37 2469ece70ce7499b8626998baec535e2 e10df551d00e42c9a7a316787d565325 - - default default] No more DHCP agents
2026-02-25 07:15:22.007 7 WARNING neutron.api.rpc.agentnotifiers.dhcp_rpc_agent_api [None req-961b0abd-2e26-46b2-b899-4ee1141c3f37 2469ece70ce7499b8626998baec535e2 e10df551d00e42c9a7a316787d565325 - - default default] Unable to schedule network f5e8df74-7eb2-45a4-a5cb-026f816db196: no agents available; will retry on subsequent port and subnet creation events.
2026-02-25 07:15:22.151 7 INFO neutron.db.ovn_revision_numbers_db [None req-961b0abd-2e26-46b2-b899-4ee1141c3f37 2469ece70ce7499b8626998baec535e2 e10df551d00e42c9a7a316787d565325 - - default default] Successfully bumped revision number for resource 47a6355c-1cb6-46c9-9587-719e14bb297e (type: ports) to 1 [pid: 7|app: 0|req: 287/567] 10.0.0.13 () {34 vars in 670 bytes} [Wed Feb 25 07:15:21 2026] POST /v2.0/networks => generated 747 bytes in 824 msecs (HTTP/1.1 201) 4 headers in 162 bytes (1 switches on core 0)
2026-02-25 07:15:22.230 8 INFO neutron.db.ovn_revision_numbers_db [None req-c1f6179a-3350-42ef-b873-e879008d7a0b 2469ece70ce7499b8626998baec535e2 e10df551d00e42c9a7a316787d565325 - - default default] Successfully bumped revision number for resource b76b8890-f7e5-4529-b3cd-1afdc7034f5e (type: ports) to 1
2026-02-25 07:15:22.482 8 INFO neutron.db.ovn_revision_numbers_db [None req-2453b8d5-36bc-4a52-a709-a13df5bc0479 - - - - - -] Successfully bumped revision number for resource 777eb0ca-3da5-44fa-8a4b-3b227225e0d2 (type: ports) to 4
2026-02-25 07:15:22.620 7 WARNING neutron.scheduler.dhcp_agent_scheduler [None req-67edac8d-c3a4-4eaf-b621-79d67fc7b347 2469ece70ce7499b8626998baec535e2 e10df551d00e42c9a7a316787d565325 - - default default] No more DHCP agents
2026-02-25 07:15:22.622 7 WARNING neutron.api.rpc.agentnotifiers.dhcp_rpc_agent_api [None req-67edac8d-c3a4-4eaf-b621-79d67fc7b347 2469ece70ce7499b8626998baec535e2 e10df551d00e42c9a7a316787d565325 - - default default] Unable to schedule network d994e651-ec76-4c4c-b579-00aad0f5768a: no agents available; will retry on subsequent port and subnet creation events.
2026-02-25 07:15:22.774 7 INFO neutron.db.ovn_revision_numbers_db [None req-67edac8d-c3a4-4eaf-b621-79d67fc7b347 2469ece70ce7499b8626998baec535e2 e10df551d00e42c9a7a316787d565325 - - default default] Successfully bumped revision number for resource a00c29ac-680d-4771-baa4-a67cc2659253 (type: ports) to 1
2026-02-25 07:15:23.150 8 INFO neutron.db.ovn_revision_numbers_db [None req-2453b8d5-36bc-4a52-a709-a13df5bc0479 - - - - - -] Successfully bumped revision number for resource 777eb0ca-3da5-44fa-8a4b-3b227225e0d2 (type: ports) to 5
2026-02-25 07:15:23.245 8 INFO neutron.plugins.ml2.drivers.ovn.mech_driver.ovsdb.ovsdb_monitor [None req-2453b8d5-36bc-4a52-a709-a13df5bc0479 - - - - - -] Router c22a0ab9-bfd8-4aa7-b606-0364ce289866 is bound to host instance
2026-02-25 07:15:23.268 8 INFO neutron.plugins.ml2.drivers.ovn.mech_driver.ovsdb.commands [-] Schedule LRP lrp-b76b8890-f7e5-4529-b3cd-1afdc7034f5e on gateway e594377e-1635-4861-a551-0b41e7c38675 with priority 1
2026-02-25 07:15:23.533 8 INFO neutron.plugins.ml2.drivers.ovn.mech_driver.mech_driver [None req-701d52ed-e7f1-4896-8f22-d078b3d6b134 - - - - - -] OVN reports status down for port: c33c6324-b378-4e12-ba68-99298fe67375
2026-02-25 07:15:23.551 7 WARNING neutron.scheduler.dhcp_agent_scheduler [None req-67edac8d-c3a4-4eaf-b621-79d67fc7b347 2469ece70ce7499b8626998baec535e2 e10df551d00e42c9a7a316787d565325 - - default default] No more DHCP agents
2026-02-25 07:15:23.552 7 WARNING neutron.api.rpc.agentnotifiers.dhcp_rpc_agent_api [None req-67edac8d-c3a4-4eaf-b621-79d67fc7b347 2469ece70ce7499b8626998baec535e2 e10df551d00e42c9a7a316787d565325 - - default default] Unable to schedule network d994e651-ec76-4c4c-b579-00aad0f5768a: no agents available; will retry on subsequent port and subnet creation events.
2026-02-25 07:15:23.621 8 INFO neutron.db.ovn_revision_numbers_db [None req-c1f6179a-3350-42ef-b873-e879008d7a0b 2469ece70ce7499b8626998baec535e2 e10df551d00e42c9a7a316787d565325 - - default default] Successfully bumped revision number for resource b76b8890-f7e5-4529-b3cd-1afdc7034f5e (type: router_ports) to 1
2026-02-25 07:15:23.732 8 WARNING neutron.plugins.ml2.drivers.ovn.mech_driver.ovsdb.ovn_client [None req-701d52ed-e7f1-4896-8f22-d078b3d6b134 - - - - - -] Logical_Switch_Port c33c6324-b378-4e12-ba68-99298fe67375 host information not removed, the port state is up
2026-02-25 07:15:23.732 8 INFO neutron.plugins.ml2.drivers.ovn.mech_driver.mech_driver [None req-701d52ed-e7f1-4896-8f22-d078b3d6b134 - - - - - -] OVN reports status up for port: c33c6324-b378-4e12-ba68-99298fe67375
2026-02-25 07:15:23.749 8 INFO neutron.plugins.ml2.plugin [None req-701d52ed-e7f1-4896-8f22-d078b3d6b134 - - - - - -] Attempt 1 to provision port c33c6324-b378-4e12-ba68-99298fe67375
2026-02-25 07:15:23.763 8 INFO neutron.db.ovn_revision_numbers_db [None req-c1f6179a-3350-42ef-b873-e879008d7a0b 2469ece70ce7499b8626998baec535e2 e10df551d00e42c9a7a316787d565325 - - default default] Successfully bumped revision number for resource 7054b34f-fac2-455e-8581-58f48f7739b4 (type: routers) to 2 [pid: 8|app: 0|req: 281/568] 10.0.0.13 () {34 vars in 668 bytes} [Wed Feb 25 07:15:20 2026] POST /v2.0/routers => generated 977 bytes in 2951 msecs (HTTP/1.1 201) 4 headers in 162 bytes (1 switches on core 0)
2026-02-25 07:15:24.032 7 INFO neutron.db.ovn_revision_numbers_db [None req-67edac8d-c3a4-4eaf-b621-79d67fc7b347 2469ece70ce7499b8626998baec535e2 e10df551d00e42c9a7a316787d565325 - - default default] Successfully bumped revision number for resource a00c29ac-680d-4771-baa4-a67cc2659253 (type: router_ports) to 1 [pid: 7|app: 0|req: 288/569] 10.0.0.13 () {34 vars in 782 bytes} [Wed Feb 25 07:15:22 2026] PUT /v2.0/routers/5b5ec7a4-cec3-4393-b6bd-3df5f36a94f1/add_router_interface => generated 309 bytes in 1866 msecs (HTTP/1.1 200) 4 headers in 157 bytes (1 switches on core 0)
2026-02-25 07:15:24.151 7 WARNING neutron.scheduler.dhcp_agent_scheduler [None req-54af4f94-d4b3-4ad7-8cfc-905c2a6f2244 2469ece70ce7499b8626998baec535e2 e10df551d00e42c9a7a316787d565325 - - default default] No more DHCP agents
2026-02-25 07:15:24.152 7 WARNING neutron.api.rpc.agentnotifiers.dhcp_rpc_agent_api [None req-54af4f94-d4b3-4ad7-8cfc-905c2a6f2244 2469ece70ce7499b8626998baec535e2 e10df551d00e42c9a7a316787d565325 - - default default] Unable to schedule network f5e8df74-7eb2-45a4-a5cb-026f816db196: no agents available; will retry on subsequent port and subnet creation events.
2026-02-25 07:15:24.389 8 WARNING neutron.scheduler.dhcp_agent_scheduler [None req-8ee755bf-30d4-4f78-832c-f17c17a8521a 2469ece70ce7499b8626998baec535e2 e10df551d00e42c9a7a316787d565325 - - default default] No more DHCP agents
2026-02-25 07:15:24.391 8 WARNING neutron.api.rpc.agentnotifiers.dhcp_rpc_agent_api [None req-8ee755bf-30d4-4f78-832c-f17c17a8521a 2469ece70ce7499b8626998baec535e2 e10df551d00e42c9a7a316787d565325 - - default default] Unable to schedule network 4430c7c2-54df-4f99-959b-012fccb35cbd: no agents available; will retry on subsequent port and subnet creation events.
2026-02-25 07:15:24.580 7 INFO neutron.db.ovn_revision_numbers_db [None req-4c224da1-91ab-40ac-9190-d790556d36c9 - - - - - -] Successfully bumped revision number for resource 47a6355c-1cb6-46c9-9587-719e14bb297e (type: ports) to 2
2026-02-25 07:15:24.627 7 INFO neutron.db.ovn_revision_numbers_db [None req-4c224da1-91ab-40ac-9190-d790556d36c9 - - - - - -] Successfully bumped revision number for resource 68ea7415-20bf-4ecb-a295-30b31206de7e (type: subnets) to 0 [pid: 7|app: 0|req: 289/570] 10.0.0.13 () {34 vars in 668 bytes} [Wed Feb 25 07:15:24 2026] POST /v2.0/subnets => generated 691 bytes in 612 msecs (HTTP/1.1 201) 4 headers in 162 bytes (1 switches on core 0)
2026-02-25 07:15:24.690 8 INFO neutron.db.ovn_revision_numbers_db [None req-8ee755bf-30d4-4f78-832c-f17c17a8521a 2469ece70ce7499b8626998baec535e2 e10df551d00e42c9a7a316787d565325 - - default default] Successfully bumped revision number for resource 11e4ec9a-a1b6-4864-988a-1aee9d4301d8 (type: ports) to 1
2026-02-25 07:15:25.050 7 WARNING neutron.scheduler.dhcp_agent_scheduler [None req-5cbe97c4-af0c-4bea-8918-c5a4472a8b71 2469ece70ce7499b8626998baec535e2 e10df551d00e42c9a7a316787d565325 - - default default] No more DHCP agents
2026-02-25 07:15:25.051 7 WARNING neutron.api.rpc.agentnotifiers.dhcp_rpc_agent_api [None req-5cbe97c4-af0c-4bea-8918-c5a4472a8b71 2469ece70ce7499b8626998baec535e2 e10df551d00e42c9a7a316787d565325 - - default default] Unable to schedule network 38ec0147-2939-4c43-8c38-ae64acdadf5f: no agents available; will retry on subsequent port and subnet creation events.
2026-02-25 07:15:25.188 7 INFO neutron.db.ovn_revision_numbers_db [None req-5cbe97c4-af0c-4bea-8918-c5a4472a8b71 2469ece70ce7499b8626998baec535e2 e10df551d00e42c9a7a316787d565325 - - default default] Successfully bumped revision number for resource 447a4486-cdb2-4889-9646-01770d141209 (type: ports) to 1
2026-02-25 07:15:25.615 8 INFO neutron.db.ovn_revision_numbers_db [None req-89ca790d-cc9b-47bf-80d5-45b57d25e3b6 - - - - - -] Successfully bumped revision number for resource c33c6324-b378-4e12-ba68-99298fe67375 (type: ports) to 4
2026-02-25 07:15:25.853 7 WARNING neutron.scheduler.dhcp_agent_scheduler [None req-5cbe97c4-af0c-4bea-8918-c5a4472a8b71 2469ece70ce7499b8626998baec535e2 e10df551d00e42c9a7a316787d565325 - - default default] No more DHCP agents
2026-02-25 07:15:25.854 7 WARNING neutron.api.rpc.agentnotifiers.dhcp_rpc_agent_api [None req-5cbe97c4-af0c-4bea-8918-c5a4472a8b71 2469ece70ce7499b8626998baec535e2 e10df551d00e42c9a7a316787d565325 - - default default] Unable to schedule network 38ec0147-2939-4c43-8c38-ae64acdadf5f: no agents available; will retry on subsequent port and subnet creation events.
2026-02-25 07:15:25.986 8 INFO neutron.plugins.ml2.drivers.ovn.mech_driver.mech_driver [None req-701d52ed-e7f1-4896-8f22-d078b3d6b134 - - - - - -] OVN reports status down for port: b76b8890-f7e5-4529-b3cd-1afdc7034f5e
2026-02-25 07:15:26.130 8 WARNING neutron.plugins.ml2.drivers.ovn.mech_driver.ovsdb.ovn_client [None req-701d52ed-e7f1-4896-8f22-d078b3d6b134 - - - - - -] Logical_Switch_Port b76b8890-f7e5-4529-b3cd-1afdc7034f5e host information not removed, the port state is up
2026-02-25 07:15:26.130 8 INFO neutron.plugins.ml2.drivers.ovn.mech_driver.mech_driver [None req-701d52ed-e7f1-4896-8f22-d078b3d6b134 - - - - - -] OVN reports status down for port: 47a6355c-1cb6-46c9-9587-719e14bb297e
2026-02-25 07:15:26.192 8 WARNING neutron.scheduler.dhcp_agent_scheduler [None req-8ee755bf-30d4-4f78-832c-f17c17a8521a 2469ece70ce7499b8626998baec535e2 e10df551d00e42c9a7a316787d565325 - - default default] No more DHCP agents
2026-02-25 07:15:26.198 8 WARNING neutron.api.rpc.agentnotifiers.dhcp_rpc_agent_api [None req-8ee755bf-30d4-4f78-832c-f17c17a8521a 2469ece70ce7499b8626998baec535e2 e10df551d00e42c9a7a316787d565325 - - default default] Unable to schedule network 4430c7c2-54df-4f99-959b-012fccb35cbd: no agents available; will retry on subsequent port and subnet creation events.
2026-02-25 07:15:26.328 7 INFO neutron.db.ovn_revision_numbers_db [None req-5cbe97c4-af0c-4bea-8918-c5a4472a8b71 2469ece70ce7499b8626998baec535e2 e10df551d00e42c9a7a316787d565325 - - default default] Successfully bumped revision number for resource 447a4486-cdb2-4889-9646-01770d141209 (type: router_ports) to 1 [pid: 7|app: 0|req: 292/573] 10.0.0.13 () {34 vars in 782 bytes} [Wed Feb 25 07:15:24 2026] PUT /v2.0/routers/7054b34f-fac2-455e-8581-58f48f7739b4/add_router_interface => generated 309 bytes in 1679 msecs (HTTP/1.1 200) 4 headers in 157 bytes (1 switches on core 0)
2026-02-25 07:15:26.527 8 INFO neutron.plugins.ml2.drivers.ovn.mech_driver.mech_driver [None req-701d52ed-e7f1-4896-8f22-d078b3d6b134 - - - - - -] OVN reports status down for port: a00c29ac-680d-4771-baa4-a67cc2659253
2026-02-25 07:15:26.637 8 INFO neutron.db.ovn_revision_numbers_db [None req-89ca790d-cc9b-47bf-80d5-45b57d25e3b6 - - - - - -] Successfully bumped revision number for resource c33c6324-b378-4e12-ba68-99298fe67375 (type: ports) to 5
2026-02-25 07:15:26.724 7 WARNING neutron.scheduler.dhcp_agent_scheduler [None req-9e7f9e3d-e481-4aea-86ae-eb34561c92ee 2469ece70ce7499b8626998baec535e2 e10df551d00e42c9a7a316787d565325 - - default default] No more DHCP agents
2026-02-25 07:15:26.726 7 WARNING neutron.api.rpc.agentnotifiers.dhcp_rpc_agent_api [None req-9e7f9e3d-e481-4aea-86ae-eb34561c92ee 2469ece70ce7499b8626998baec535e2 e10df551d00e42c9a7a316787d565325 - - default default] Unable to schedule network c4602b8b-b46e-48c5-aec6-16a634b0c6bc: no agents available; will retry on subsequent port and subnet creation events.
2026-02-25 07:15:26.740 8 WARNING neutron.plugins.ml2.drivers.ovn.mech_driver.ovsdb.ovn_client [None req-701d52ed-e7f1-4896-8f22-d078b3d6b134 - - - - - -] Logical_Switch_Port a00c29ac-680d-4771-baa4-a67cc2659253 host information not removed, the port state is up
2026-02-25 07:15:26.740 8 INFO neutron.plugins.ml2.drivers.ovn.mech_driver.mech_driver [None req-701d52ed-e7f1-4896-8f22-d078b3d6b134 - - - - - -] OVN reports status up for port: b76b8890-f7e5-4529-b3cd-1afdc7034f5e
2026-02-25 07:15:26.778 8 INFO neutron.plugins.ml2.plugin [None req-701d52ed-e7f1-4896-8f22-d078b3d6b134 - - - - - -] Attempt 1 to provision port b76b8890-f7e5-4529-b3cd-1afdc7034f5e
2026-02-25 07:15:26.852 8 INFO neutron.plugins.ml2.drivers.ovn.mech_driver.ovsdb.ovsdb_monitor [None req-89ca790d-cc9b-47bf-80d5-45b57d25e3b6 - - - - - -] Router 7054b34f-fac2-455e-8581-58f48f7739b4 is bound to host instance
2026-02-25 07:15:26.872 7 INFO neutron.db.ovn_revision_numbers_db [None req-9e7f9e3d-e481-4aea-86ae-eb34561c92ee 2469ece70ce7499b8626998baec535e2 e10df551d00e42c9a7a316787d565325 - - default default] Successfully bumped revision number for resource 42998b83-0e70-4417-9eb8-0285e17166e8 (type: ports) to 1
2026-02-25 07:15:27.485 7 INFO neutron.plugins.ml2.drivers.ovn.mech_driver.ovsdb.commands [-] Schedule LRP lrp-42998b83-0e70-4417-9eb8-0285e17166e8 on gateway e594377e-1635-4861-a551-0b41e7c38675 with priority 1
2026-02-25 07:15:27.542 8 INFO neutron.db.ovn_revision_numbers_db [None req-8ee755bf-30d4-4f78-832c-f17c17a8521a 2469ece70ce7499b8626998baec535e2 e10df551d00e42c9a7a316787d565325 - - default default] Successfully bumped revision number for resource 11e4ec9a-a1b6-4864-988a-1aee9d4301d8 (type: router_ports) to 1 [pid: 8|app: 0|req: 282/574] 10.0.0.13 () {34 vars in 782 bytes} [Wed Feb 25 07:15:23 2026] PUT /v2.0/routers/c22a0ab9-bfd8-4aa7-b606-0364ce289866/add_router_interface => generated 309 bytes in 3761 msecs (HTTP/1.1 200) 4 headers in 157 bytes (1 switches on core 0)
2026-02-25 07:15:27.623 7 INFO neutron.db.ovn_revision_numbers_db [None req-9e7f9e3d-e481-4aea-86ae-eb34561c92ee 2469ece70ce7499b8626998baec535e2 e10df551d00e42c9a7a316787d565325 - - default default] Successfully bumped revision number for resource 42998b83-0e70-4417-9eb8-0285e17166e8 (type: router_ports) to 1
2026-02-25 07:15:27.703 7 INFO neutron.db.ovn_revision_numbers_db [None req-9e7f9e3d-e481-4aea-86ae-eb34561c92ee 2469ece70ce7499b8626998baec535e2 e10df551d00e42c9a7a316787d565325 - - default default] Successfully bumped revision number for resource 6a3e4201-8919-4558-8117-bcbd0a3eb1e8 (type: routers) to 2 [pid: 7|app: 0|req: 293/575] 10.0.0.13 () {34 vars in 668 bytes} [Wed Feb 25 07:15:26 2026] POST /v2.0/routers => generated 969 bytes in 1403 msecs (HTTP/1.1 201) 4 headers in 162 bytes (1 switches on core 0)
2026-02-25 07:15:27.901 8 INFO neutron.db.ovn_revision_numbers_db [req-84e7c17e-a151-43c9-bc23-fe6246a2b05f req-69d5d56d-1a8e-4b9f-92ea-d09efd88bcd6 8f58d3d37b394f0fa38de7d94a363595 c75801a6a31740a3832ba5e5753096dc - - default default] Successfully bumped revision number for resource 5160a779-3424-45d6-8611-893ea7d3d946 (type: security_groups) to 1
