2026-02-25 07:18:50.953 7 INFO neutron_taas.services.taas.taas_plugin [None req-c3f6beab-1cfa-440b-92ec-a6605c09455d 56ee04d65eaa40a4bc2050db22f7bf56 05b60dd58031417cadb785ecf33af6a0 - - default default] TaaS: Handle Delete Port: 3c7d07ce-33a8-43b6-8eca-c51d0f5f140c
2026-02-25 07:18:50.956 7 INFO neutron_taas.services.taas.tap_mirror_plugin [None req-c3f6beab-1cfa-440b-92ec-a6605c09455d 56ee04d65eaa40a4bc2050db22f7bf56 05b60dd58031417cadb785ecf33af6a0 - - default default] Tap Mirror: Handle Delete Port: 3c7d07ce-33a8-43b6-8eca-c51d0f5f140c
2026-02-25 07:18:51.221 8 INFO neutron_taas.services.taas.taas_plugin [None req-93eabc5f-f9c7-487f-83b2-38394929a9f8 15754d1268bf4ddeaed76e504f18a69f 93796b836a8d4eed8713c873c92a849b - - default default] TaaS: Handle Delete Port: 19d32d63-2f93-40b5-a23d-f79cf319ec30
2026-02-25 07:18:51.230 8 INFO neutron_taas.services.taas.tap_mirror_plugin [None req-93eabc5f-f9c7-487f-83b2-38394929a9f8 15754d1268bf4ddeaed76e504f18a69f 93796b836a8d4eed8713c873c92a849b - - default default] Tap Mirror: Handle Delete Port: 19d32d63-2f93-40b5-a23d-f79cf319ec30 [pid: 7|app: 0|req: 1084/2087] 10.0.0.13 () {34 vars in 788 bytes} [Wed Feb 25 07:18:50 2026] PUT /v2.0/routers/99907f46-87eb-41b7-b0e7-5934505d9419/remove_router_interface => generated 309 bytes in 573 msecs (HTTP/1.1 200) 4 headers in 157 bytes (1 switches on core 0) /var/lib/openstack/lib/python3.12/site-packages/pycadf/identifier.py:70: UserWarning: Invalid uuid: neutron. To ensure interoperability, identifiers should be a valid uuid. warnings.warn(('Invalid uuid: %s. To ensure interoperability, ' [pid: 7|app: 0|req: 1085/2088] 10.0.0.13 () {32 vars in 735 bytes} [Wed Feb 25 07:18:51 2026] GET /v2.0/ports?device_id=99907f46-87eb-41b7-b0e7-5934505d9419 => generated 12 bytes in 24 msecs (HTTP/1.1 200) 4 headers in 156 bytes (1 switches on core 0) [pid: 7|app: 0|req: 1086/2089] 10.0.0.13 () {32 vars in 723 bytes} [Wed Feb 25 07:18:51 2026] DELETE /v2.0/routers/99907f46-87eb-41b7-b0e7-5934505d9419 => generated 0 bytes in 249 msecs (HTTP/1.1 204) 2 headers in 112 bytes (1 switches on core 0) [pid: 8|app: 0|req: 1004/2090] 10.0.0.13 () {34 vars in 788 bytes} [Wed Feb 25 07:18:50 2026] PUT /v2.0/routers/169b7686-aa5d-4121-94a0-3cbc513d1f00/remove_router_interface => generated 309 bytes in 655 msecs (HTTP/1.1 200) 4 headers in 157 bytes (1 switches on core 0) /var/lib/openstack/lib/python3.12/site-packages/pycadf/identifier.py:70: UserWarning: Invalid uuid: neutron. To ensure interoperability, identifiers should be a valid uuid. warnings.warn(('Invalid uuid: %s. To ensure interoperability, '
2026-02-25 07:18:51.640 8 INFO neutron.api.v2.resource [None req-190cbaeb-7dc6-4b9e-9c98-857effccda11 15754d1268bf4ddeaed76e504f18a69f 93796b836a8d4eed8713c873c92a849b - - default default] remove_router_interface failed (client error): The resource could not be found. [pid: 8|app: 0|req: 1005/2091] 10.0.0.13 () {34 vars in 788 bytes} [Wed Feb 25 07:18:51 2026] PUT /v2.0/routers/169b7686-aa5d-4121-94a0-3cbc513d1f00/remove_router_interface => generated 197 bytes in 56 msecs (HTTP/1.1 404) 4 headers in 164 bytes (1 switches on core 0) [pid: 8|app: 0|req: 1006/2092] 10.0.0.13 () {32 vars in 735 bytes} [Wed Feb 25 07:18:51 2026] GET /v2.0/ports?device_id=169b7686-aa5d-4121-94a0-3cbc513d1f00 => generated 12 bytes in 20 msecs (HTTP/1.1 200) 4 headers in 156 bytes (1 switches on core 0) [pid: 7|app: 0|req: 1087/2093] 10.0.0.13 () {32 vars in 723 bytes} [Wed Feb 25 07:18:51 2026] DELETE /v2.0/subnets/76530121-6a16-4899-a61e-36a7d8850346 => generated 0 bytes in 203 msecs (HTTP/1.1 204) 3 headers in 131 bytes (1 switches on core 0)
2026-02-25 07:18:51.846 7 INFO neutron_taas.services.taas.taas_plugin [None req-f94b8b5f-c84c-4f8c-bf70-6db21c960ec8 56ee04d65eaa40a4bc2050db22f7bf56 05b60dd58031417cadb785ecf33af6a0 - - default default] TaaS: Handle Delete Port: 80292884-9e62-4f69-821b-d73a330007e8
2026-02-25 07:18:51.849 7 INFO neutron_taas.services.taas.tap_mirror_plugin [None req-f94b8b5f-c84c-4f8c-bf70-6db21c960ec8 56ee04d65eaa40a4bc2050db22f7bf56 05b60dd58031417cadb785ecf33af6a0 - - default default] Tap Mirror: Handle Delete Port: 80292884-9e62-4f69-821b-d73a330007e8 [pid: 8|app: 0|req: 1007/2094] 10.0.0.13 () {32 vars in 723 bytes} [Wed Feb 25 07:18:51 2026] DELETE /v2.0/routers/169b7686-aa5d-4121-94a0-3cbc513d1f00 => generated 0 bytes in 205 msecs (HTTP/1.1 204) 2 headers in 112 bytes (1 switches on core 0)
2026-02-25 07:18:52.055 7 INFO neutron.services.segments.plugin [-] Segment 167bc1f0-5601-483d-be76-1eeca3446cb0 resource provider aggregate not found
2026-02-25 07:18:52.060 7 INFO neutron.services.segments.plugin [-] Segment 167bc1f0-5601-483d-be76-1eeca3446cb0 resource provider aggregate not found [pid: 8|app: 0|req: 1008/2095] 10.0.0.13 () {32 vars in 723 bytes} [Wed Feb 25 07:18:51 2026] DELETE /v2.0/subnets/2a8e7dd3-035f-44a2-8e34-c90cd59cb955 => generated 0 bytes in 190 msecs (HTTP/1.1 204) 3 headers in 131 bytes (1 switches on core 0)
2026-02-25 07:18:52.080 7 INFO neutron.services.segments.plugin [-] Segment 167bc1f0-5601-483d-be76-1eeca3446cb0 resource provider not found; error: Placement Client Error (4xx): {"errors": [{"status": 404, "title": "Not Found", "detail": "The resource could not be found.\n\n No resource provider with uuid 167bc1f0-5601-483d-be76-1eeca3446cb0 found for delete ", "request_id": "req-12f7590d-6bd9-48aa-b3a8-d2432809775c"}]}
2026-02-25 07:18:52.081 7 INFO neutron.services.segments.plugin [-] Segment 167bc1f0-5601-483d-be76-1eeca3446cb0 resource provider not found; error: Placement Client Error (4xx): {"errors": [{"status": 404, "title": "Not Found", "detail": "The resource could not be found.\n\n No resource provider with uuid 167bc1f0-5601-483d-be76-1eeca3446cb0 found for delete ", "request_id": "req-37685dde-38c6-4542-a6b9-c88689e14bb3"}]} [pid: 7|app: 0|req: 1088/2096] 10.0.0.13 () {32 vars in 725 bytes} [Wed Feb 25 07:18:51 2026] DELETE /v2.0/networks/2b21b51e-10d5-4032-b09c-2bb8f325f3ba => generated 0 bytes in 370 msecs (HTTP/1.1 204) 3 headers in 131 bytes (1 switches on core 0)
2026-02-25 07:18:52.237 8 INFO neutron_taas.services.taas.taas_plugin [None req-d3779bf9-d837-4b56-ae09-1e3785628d4c 15754d1268bf4ddeaed76e504f18a69f 93796b836a8d4eed8713c873c92a849b - - default default] TaaS: Handle Delete Port: de358cc3-6cb2-4b12-9f35-63b846376035
2026-02-25 07:18:52.240 8 INFO neutron_taas.services.taas.tap_mirror_plugin [None req-d3779bf9-d837-4b56-ae09-1e3785628d4c 15754d1268bf4ddeaed76e504f18a69f 93796b836a8d4eed8713c873c92a849b - - default default] Tap Mirror: Handle Delete Port: de358cc3-6cb2-4b12-9f35-63b846376035
2026-02-25 07:18:52.438 8 INFO neutron.services.segments.plugin [-] Segment ec0fb565-ca1b-4389-b30a-43c5b8764a04 resource provider aggregate not found
2026-02-25 07:18:52.442 8 INFO neutron.services.segments.plugin [-] Segment ec0fb565-ca1b-4389-b30a-43c5b8764a04 resource provider aggregate not found
2026-02-25 07:18:52.460 8 INFO neutron.services.segments.plugin [-] Segment ec0fb565-ca1b-4389-b30a-43c5b8764a04 resource provider not found; error: Placement Client Error (4xx): {"errors": [{"status": 404, "title": "Not Found", "detail": "The resource could not be found.\n\n No resource provider with uuid ec0fb565-ca1b-4389-b30a-43c5b8764a04 found for delete ", "request_id": "req-84abcf73-bafc-4dd4-b640-27cdcda99bb5"}]}
2026-02-25 07:18:52.466 8 INFO neutron.services.segments.plugin [-] Segment ec0fb565-ca1b-4389-b30a-43c5b8764a04 resource provider not found; error: Placement Client Error (4xx): {"errors": [{"status": 404, "title": "Not Found", "detail": "The resource could not be found.\n\n No resource provider with uuid ec0fb565-ca1b-4389-b30a-43c5b8764a04 found for delete ", "request_id": "req-67bda966-6d7b-446c-9600-081db912b6b6"}]} [pid: 8|app: 0|req: 1009/2097] 10.0.0.13 () {32 vars in 725 bytes} [Wed Feb 25 07:18:52 2026] DELETE /v2.0/networks/b6aa8dda-0237-4576-8631-78060ab9fa49 => generated 0 bytes in 421 msecs (HTTP/1.1 204) 3 headers in 131 bytes (1 switches on core 0)
2026-02-25 07:18:52.552 7 WARNING neutron.scheduler.dhcp_agent_scheduler [None req-4ba8c55d-2748-4722-9cce-6b3aaa5cdf25 56ee04d65eaa40a4bc2050db22f7bf56 05b60dd58031417cadb785ecf33af6a0 - - default default] No more DHCP agents
2026-02-25 07:18:52.553 7 WARNING neutron.api.rpc.agentnotifiers.dhcp_rpc_agent_api [None req-4ba8c55d-2748-4722-9cce-6b3aaa5cdf25 56ee04d65eaa40a4bc2050db22f7bf56 05b60dd58031417cadb785ecf33af6a0 - - default default] Unable to schedule network c4602b8b-b46e-48c5-aec6-16a634b0c6bc: no agents available; will retry on subsequent port and subnet creation events. [pid: 8|app: 0|req: 1010/2098] 10.0.0.34 () {34 vars in 989 bytes} [Wed Feb 25 07:18:52 2026] GET /v2.0/ports?device_id=975c25c5-ba57-4386-b5be-65a970ef53d8 => generated 975 bytes in 71 msecs (HTTP/1.1 200) 4 headers in 157 bytes (1 switches on core 0)
2026-02-25 07:18:52.651 8 INFO neutron.db.segments_db [None req-ccd6f2a8-70e5-456b-a251-89af7cd30550 15754d1268bf4ddeaed76e504f18a69f 93796b836a8d4eed8713c873c92a849b - - default default] Added segment d0b96c8f-a96c-42df-8317-f279437b5615 of type geneve for network 8602c5f3-a062-48c3-a93b-069026a9a73d
2026-02-25 07:18:52.751 7 INFO neutron.db.ovn_revision_numbers_db [None req-4ba8c55d-2748-4722-9cce-6b3aaa5cdf25 56ee04d65eaa40a4bc2050db22f7bf56 05b60dd58031417cadb785ecf33af6a0 - - default default] Successfully bumped revision number for resource 76393809-660d-49e0-9259-7fb61cb2dd60 (type: ports) to 1
2026-02-25 07:18:52.806 8 INFO neutron.db.ovn_revision_numbers_db [None req-ccd6f2a8-70e5-456b-a251-89af7cd30550 15754d1268bf4ddeaed76e504f18a69f 93796b836a8d4eed8713c873c92a849b - - default default] Successfully bumped revision number for resource 8602c5f3-a062-48c3-a93b-069026a9a73d (type: networks) to 1
2026-02-25 07:18:52.989 8 WARNING neutron.scheduler.dhcp_agent_scheduler [None req-ccd6f2a8-70e5-456b-a251-89af7cd30550 15754d1268bf4ddeaed76e504f18a69f 93796b836a8d4eed8713c873c92a849b - - default default] No more DHCP agents
2026-02-25 07:18:52.991 8 WARNING neutron.api.rpc.agentnotifiers.dhcp_rpc_agent_api [None req-ccd6f2a8-70e5-456b-a251-89af7cd30550 15754d1268bf4ddeaed76e504f18a69f 93796b836a8d4eed8713c873c92a849b - - default default] Unable to schedule network 8602c5f3-a062-48c3-a93b-069026a9a73d: no agents available; will retry on subsequent port and subnet creation events.
2026-02-25 07:18:53.106 8 INFO neutron.db.ovn_revision_numbers_db [None req-ccd6f2a8-70e5-456b-a251-89af7cd30550 15754d1268bf4ddeaed76e504f18a69f 93796b836a8d4eed8713c873c92a849b - - default default] Successfully bumped revision number for resource 3193caea-f48a-46b1-8952-b41308d8ac8d (type: ports) to 1 [pid: 8|app: 0|req: 1011/2099] 10.0.0.13 () {34 vars in 669 bytes} [Wed Feb 25 07:18:52 2026] POST /v2.0/networks => generated 629 bytes in 558 msecs (HTTP/1.1 201) 4 headers in 162 bytes (1 switches on core 0) [pid: 8|app: 0|req: 1012/2100] 10.0.0.34 () {34 vars in 1039 bytes} [Wed Feb 25 07:18:53 2026] GET /v2.0/security-groups?id=a19e87da-5e8a-4d78-adff-5893307ed64f&fields=id&fields=name => generated 88 bytes in 32 msecs (HTTP/1.1 200) 4 headers in 156 bytes (1 switches on core 0)
2026-02-25 07:18:53.384 8 WARNING neutron.scheduler.dhcp_agent_scheduler [None req-a5c7d074-5579-4d6c-9c24-8af745a02cbc 15754d1268bf4ddeaed76e504f18a69f 93796b836a8d4eed8713c873c92a849b - - default default] No more DHCP agents
2026-02-25 07:18:53.385 8 WARNING neutron.api.rpc.agentnotifiers.dhcp_rpc_agent_api [None req-a5c7d074-5579-4d6c-9c24-8af745a02cbc 15754d1268bf4ddeaed76e504f18a69f 93796b836a8d4eed8713c873c92a849b - - default default] Unable to schedule network 8602c5f3-a062-48c3-a93b-069026a9a73d: no agents available; will retry on subsequent port and subnet creation events.
2026-02-25 07:18:53.492 7 INFO neutron.plugins.ml2.drivers.ovn.mech_driver.ovsdb.commands [-] Schedule LRP lrp-76393809-660d-49e0-9259-7fb61cb2dd60 on gateway e594377e-1635-4861-a551-0b41e7c38675 with priority 1
2026-02-25 07:18:53.586 7 INFO neutron.db.ovn_revision_numbers_db [None req-4ba8c55d-2748-4722-9cce-6b3aaa5cdf25 56ee04d65eaa40a4bc2050db22f7bf56 05b60dd58031417cadb785ecf33af6a0 - - default default] Successfully bumped revision number for resource 76393809-660d-49e0-9259-7fb61cb2dd60 (type: router_ports) to 1
2026-02-25 07:18:53.658 7 INFO neutron.db.ovn_revision_numbers_db [None req-4ba8c55d-2748-4722-9cce-6b3aaa5cdf25 56ee04d65eaa40a4bc2050db22f7bf56 05b60dd58031417cadb785ecf33af6a0 - - default default] Successfully bumped revision number for resource b100d8f5-895c-4c2d-9806-2f9ba77dccaf (type: routers) to 2 [pid: 7|app: 0|req: 1089/2103] 10.0.0.13 () {34 vars in 668 bytes} [Wed Feb 25 07:18:52 2026] POST /v2.0/routers => generated 952 bytes in 1559 msecs (HTTP/1.1 201) 4 headers in 162 bytes (1 switches on core 0) [pid: 7|app: 0|req: 1090/2104] 10.0.0.13 () {32 vars in 720 bytes} [Wed Feb 25 07:18:53 2026] GET /v2.0/routers/b100d8f5-895c-4c2d-9806-2f9ba77dccaf => generated 958 bytes in 72 msecs (HTTP/1.1 200) 4 headers in 157 bytes (1 switches on core 0) [pid: 7|app: 0|req: 1091/2105] 10.0.0.13 () {32 vars in 646 bytes} [Wed Feb 25 07:18:53 2026] GET /v2.0/routers => generated 961 bytes in 77 msecs (HTTP/1.1 200) 4 headers in 157 bytes (1 switches on core 0)
2026-02-25 07:18:53.921 8 INFO neutron.db.ovn_revision_numbers_db [None req-ab995249-61e7-4b20-810c-c2b33b4ad816 - - - - - -] Successfully bumped revision number for resource 3193caea-f48a-46b1-8952-b41308d8ac8d (type: ports) to 2
2026-02-25 07:18:53.944 8 INFO neutron.db.ovn_revision_numbers_db [None req-ab995249-61e7-4b20-810c-c2b33b4ad816 - - - - - -] Successfully bumped revision number for resource 13f5f7cd-d32d-442c-b6d2-83e380bcf93c (type: subnets) to 0 [pid: 8|app: 0|req: 1015/2106] 10.0.0.13 () {34 vars in 668 bytes} [Wed Feb 25 07:18:53 2026] POST /v2.0/subnets => generated 626 bytes in 796 msecs (HTTP/1.1 201) 4 headers in 162 bytes (1 switches on core 0)
2026-02-25 07:18:54.082 8 INFO neutron.db.ovn_revision_numbers_db [None req-280bd717-ce1f-4805-83c7-ccc54385a963 15754d1268bf4ddeaed76e504f18a69f 93796b836a8d4eed8713c873c92a849b - - default default] Successfully bumped revision number for resource 9f1bbb2b-b745-476a-9b71-a5d7776ec910 (type: routers) to 1 [pid: 8|app: 0|req: 1016/2107] 10.0.0.13 () {34 vars in 668 bytes} [Wed Feb 25 07:18:53 2026] POST /v2.0/routers => generated 603 bytes in 132 msecs (HTTP/1.1 201) 4 headers in 162 bytes (1 switches on core 0)
2026-02-25 07:18:54.251 7 INFO neutron.db.ovn_revision_numbers_db [None req-cd7cc162-8f24-4c60-af89-0b5ed597378d 56ee04d65eaa40a4bc2050db22f7bf56 05b60dd58031417cadb785ecf33af6a0 - - default default] Successfully bumped revision number for resource b100d8f5-895c-4c2d-9806-2f9ba77dccaf (type: routers) to 3 [pid: 7|app: 0|req: 1092/2108] 10.0.0.13 () {34 vars in 740 bytes} [Wed Feb 25 07:18:53 2026] PUT /v2.0/routers/b100d8f5-895c-4c2d-9806-2f9ba77dccaf => generated 965 bytes in 413 msecs (HTTP/1.1 200) 4 headers in 157 bytes (1 switches on core 0) [pid: 7|app: 0|req: 1093/2109] 10.0.0.34 () {34 vars in 989 bytes} [Wed Feb 25 07:18:54 2026] GET /v2.0/ports?device_id=975c25c5-ba57-4386-b5be-65a970ef53d8 => generated 975 bytes in 71 msecs (HTTP/1.1 200) 4 headers in 157 bytes (1 switches on core 0) [pid: 7|app: 0|req: 1094/2110] 10.0.0.13 () {32 vars in 720 bytes} [Wed Feb 25 07:18:54 2026] GET /v2.0/routers/b100d8f5-895c-4c2d-9806-2f9ba77dccaf => generated 965 bytes in 55 msecs (HTTP/1.1 200) 4 headers in 157 bytes (1 switches on core 0) [pid: 7|app: 0|req: 1095/2111] 10.0.0.34 () {34 vars in 1039 bytes} [Wed Feb 25 07:18:54 2026] GET /v2.0/security-groups?id=a19e87da-5e8a-4d78-adff-5893307ed64f&fields=id&fields=name => generated 88 bytes in 35 msecs (HTTP/1.1 200) 4 headers in 156 bytes (1 switches on core 0) [pid: 7|app: 0|req: 1096/2112] 10.0.0.13 () {32 vars in 735 bytes} [Wed Feb 25 07:18:54 2026] GET /v2.0/ports?device_id=b100d8f5-895c-4c2d-9806-2f9ba77dccaf => generated 12 bytes in 16 msecs (HTTP/1.1 200) 4 headers in 156 bytes (1 switches on core 0)
2026-02-25 07:18:54.450 8 WARNING neutron.scheduler.dhcp_agent_scheduler [None req-2841c418-ee13-419d-94fc-ffd25d148e44 15754d1268bf4ddeaed76e504f18a69f 93796b836a8d4eed8713c873c92a849b - - default default] No more DHCP agents
2026-02-25 07:18:54.451 8 WARNING neutron.api.rpc.agentnotifiers.dhcp_rpc_agent_api [None req-2841c418-ee13-419d-94fc-ffd25d148e44 15754d1268bf4ddeaed76e504f18a69f 93796b836a8d4eed8713c873c92a849b - - default default] Unable to schedule network 8602c5f3-a062-48c3-a93b-069026a9a73d: no agents available; will retry on subsequent port and subnet creation events.
2026-02-25 07:18:54.618 8 INFO neutron.db.ovn_revision_numbers_db [None req-2841c418-ee13-419d-94fc-ffd25d148e44 15754d1268bf4ddeaed76e504f18a69f 93796b836a8d4eed8713c873c92a849b - - default default] Successfully bumped revision number for resource 216374c5-5dbd-4151-9464-3baef1de80e9 (type: ports) to 1
2026-02-25 07:18:54.786 7 INFO neutron_taas.services.taas.taas_plugin [None req-e6c71db7-a1ae-4527-b8cd-0f4930030180 56ee04d65eaa40a4bc2050db22f7bf56 05b60dd58031417cadb785ecf33af6a0 - - default default] TaaS: Handle Delete Port: 76393809-660d-49e0-9259-7fb61cb2dd60
2026-02-25 07:18:54.789 7 INFO neutron_taas.services.taas.tap_mirror_plugin [None req-e6c71db7-a1ae-4527-b8cd-0f4930030180 56ee04d65eaa40a4bc2050db22f7bf56 05b60dd58031417cadb785ecf33af6a0 - - default default] Tap Mirror: Handle Delete Port: 76393809-660d-49e0-9259-7fb61cb2dd60
2026-02-25 07:18:55.137 8 WARNING neutron.plugins.ml2.drivers.ovn.mech_driver.ovsdb.ovn_client [None req-a1c14360-2641-475a-9aef-84672b5058c0 - - - - - -] No port found with ID 3c7d07ce-33a8-43b6-8eca-c51d0f5f140c: RuntimeError: No port found with ID 3c7d07ce-33a8-43b6-8eca-c51d0f5f140c
2026-02-25 07:18:55.138 8 INFO neutron.plugins.ml2.drivers.ovn.mech_driver.mech_driver [None req-a1c14360-2641-475a-9aef-84672b5058c0 - - - - - -] OVN reports status down for port: de358cc3-6cb2-4b12-9f35-63b846376035
2026-02-25 07:18:55.140 8 WARNING neutron.scheduler.dhcp_agent_scheduler [None req-2841c418-ee13-419d-94fc-ffd25d148e44 15754d1268bf4ddeaed76e504f18a69f 93796b836a8d4eed8713c873c92a849b - - default default] No more DHCP agents
2026-02-25 07:18:55.141 8 WARNING neutron.api.rpc.agentnotifiers.dhcp_rpc_agent_api [None req-2841c418-ee13-419d-94fc-ffd25d148e44 15754d1268bf4ddeaed76e504f18a69f 93796b836a8d4eed8713c873c92a849b - - default default] Unable to schedule network 8602c5f3-a062-48c3-a93b-069026a9a73d: no agents available; will retry on subsequent port and subnet creation events.
2026-02-25 07:18:55.185 8 INFO neutron.plugins.ml2.drivers.ovn.mech_driver.mech_driver [None req-a1c14360-2641-475a-9aef-84672b5058c0 - - - - - -] OVN reports status down for port: 19d32d63-2f93-40b5-a23d-f79cf319ec30 [pid: 7|app: 0|req: 1097/2113] 10.0.0.13 () {32 vars in 723 bytes} [Wed Feb 25 07:18:54 2026] DELETE /v2.0/routers/b100d8f5-895c-4c2d-9806-2f9ba77dccaf => generated 0 bytes in 771 msecs (HTTP/1.1 204) 2 headers in 112 bytes (1 switches on core 0) [pid: 7|app: 0|req: 1098/2114] 199.204.45.223 () {34 vars in 994 bytes} [Wed Feb 25 07:18:55 2026] GET /v2.0/ports?device_id=975c25c5-ba57-4386-b5be-65a970ef53d8 => generated 975 bytes in 36 msecs (HTTP/1.1 200) 4 headers in 157 bytes (1 switches on core 0)
2026-02-25 07:18:55.271 8 INFO neutron.plugins.ml2.drivers.ovn.mech_driver.mech_driver [None req-a1c14360-2641-475a-9aef-84672b5058c0 - - - - - -] OVN reports status up for port: 19d32d63-2f93-40b5-a23d-f79cf319ec30
2026-02-25 07:18:55.314 8 INFO neutron.plugins.ml2.drivers.ovn.mech_driver.mech_driver [None req-a1c14360-2641-475a-9aef-84672b5058c0 - - - - - -] OVN reports status down for port: 76393809-660d-49e0-9259-7fb61cb2dd60
2026-02-25 07:18:55.326 8 INFO neutron.plugins.ml2.drivers.ovn.mech_driver.mech_driver [None req-a1c14360-2641-475a-9aef-84672b5058c0 - - - - - -] OVN reports status down for port: 3193caea-f48a-46b1-8952-b41308d8ac8d
2026-02-25 07:18:55.485 8 INFO neutron.plugins.ml2.drivers.ovn.mech_driver.mech_driver [None req-a1c14360-2641-475a-9aef-84672b5058c0 - - - - - -] OVN reports status down for port: e39f1384-50c4-43e1-b070-ade75c9428b0
2026-02-25 07:18:55.531 8 INFO neutron.db.ovn_revision_numbers_db [None req-2841c418-ee13-419d-94fc-ffd25d148e44 15754d1268bf4ddeaed76e504f18a69f 93796b836a8d4eed8713c873c92a849b - - default default] Successfully bumped revision number for resource 216374c5-5dbd-4151-9464-3baef1de80e9 (type: router_ports) to 1 [pid: 8|app: 0|req: 1017/2115] 10.0.0.13 () {34 vars in 782 bytes} [Wed Feb 25 07:18:54 2026] PUT /v2.0/routers/9f1bbb2b-b745-476a-9b71-a5d7776ec910/add_router_interface => generated 309 bytes in 1440 msecs (HTTP/1.1 200) 4 headers in 157 bytes (1 switches on core 0)
2026-02-25 07:18:55.569 7 INFO neutron.db.ovn_revision_numbers_db [None req-c34665ad-a0ca-4dfd-840e-589a6bf96719 e090199c83a0415a9587c162e1ca65ab 787facd964e24c1e8a90a70c2008a377 - - default default] Successfully bumped revision number for resource 5c090a19-9a08-4833-b4cd-d4a3baa65eb7 (type: security_groups) to 1 [pid: 8|app: 0|req: 1018/2116] 10.0.0.13 () {32 vars in 735 bytes} [Wed Feb 25 07:18:55 2026] GET /v2.0/ports?device_id=b100d8f5-895c-4c2d-9806-2f9ba77dccaf => generated 12 bytes in 32 msecs (HTTP/1.1 200) 4 headers in 156 bytes (1 switches on core 0)
2026-02-25 07:18:55.579 7 INFO neutron.db.ovn_revision_numbers_db [None req-c34665ad-a0ca-4dfd-840e-589a6bf96719 e090199c83a0415a9587c162e1ca65ab 787facd964e24c1e8a90a70c2008a377 - - default default] Successfully bumped revision number for resource 0056c5a4-2501-4269-93a8-e781dc864dd8 (type: security_group_rules) to 0
2026-02-25 07:18:55.591 7 INFO neutron.db.ovn_revision_numbers_db [None req-c34665ad-a0ca-4dfd-840e-589a6bf96719 e090199c83a0415a9587c162e1ca65ab 787facd964e24c1e8a90a70c2008a377 - - default default] Successfully bumped revision number for resource 167e777a-643a-443c-bc25-1c3a81afcaf2 (type: security_group_rules) to 0
2026-02-25 07:18:55.601 7 INFO neutron.db.ovn_revision_numbers_db [None req-c34665ad-a0ca-4dfd-840e-589a6bf96719 e090199c83a0415a9587c162e1ca65ab 787facd964e24c1e8a90a70c2008a377 - - default default] Successfully bumped revision number for resource 75f6622d-a8e6-41cd-9d47-12809bca6c87 (type: security_group_rules) to 0
2026-02-25 07:18:55.612 7 INFO neutron.db.ovn_revision_numbers_db [None req-c34665ad-a0ca-4dfd-840e-589a6bf96719 e090199c83a0415a9587c162e1ca65ab 787facd964e24c1e8a90a70c2008a377 - - default default] Successfully bumped revision number for resource 826abc42-2368-47ab-891d-b0cef3db62c5 (type: security_group_rules) to 0
2026-02-25 07:18:55.689 7 INFO neutron.db.segments_db [None req-c34665ad-a0ca-4dfd-840e-589a6bf96719 e090199c83a0415a9587c162e1ca65ab 787facd964e24c1e8a90a70c2008a377 - - default default] Added segment 6eea11f4-63fe-4f08-a813-4fd567247138 of type geneve for network 7a4a2f47-61fd-496d-8adc-a215dc37752b
2026-02-25 07:18:55.728 8 INFO neutron.notifiers.nova [-] Nova event matching ['req-f0abc5b2-0032-4798-bc7a-0b9f06019e9a'] response: {'server_uuid': '975c25c5-ba57-4386-b5be-65a970ef53d8', 'name': 'network-vif-unplugged', 'status': 'completed', 'tag': 'e39f1384-50c4-43e1-b070-ade75c9428b0', 'code': 200}
2026-02-25 07:18:55.809 7 INFO neutron.db.ovn_revision_numbers_db [None req-c34665ad-a0ca-4dfd-840e-589a6bf96719 e090199c83a0415a9587c162e1ca65ab 787facd964e24c1e8a90a70c2008a377 - - default default] Successfully bumped revision number for resource 7a4a2f47-61fd-496d-8adc-a215dc37752b (type: networks) to 1
2026-02-25 07:18:55.855 8 INFO neutron_taas.services.taas.taas_plugin [req-513dad7c-3cf6-4ac7-94d8-51c2cc45e0cb req-0106747e-f9c2-4574-9931-156aa308c52d 15fb987bf6704f6587b5e4320d47d3e3 f19abe4e938147abafad73973717a380 - - default default] TaaS: Handle Delete Port: e39f1384-50c4-43e1-b070-ade75c9428b0
2026-02-25 07:18:55.860 8 INFO neutron_taas.services.taas.tap_mirror_plugin [req-513dad7c-3cf6-4ac7-94d8-51c2cc45e0cb req-0106747e-f9c2-4574-9931-156aa308c52d 15fb987bf6704f6587b5e4320d47d3e3 f19abe4e938147abafad73973717a380 - - default default] Tap Mirror: Handle Delete Port: e39f1384-50c4-43e1-b070-ade75c9428b0
2026-02-25 07:18:55.986 7 WARNING neutron.scheduler.dhcp_agent_scheduler [None req-c34665ad-a0ca-4dfd-840e-589a6bf96719 e090199c83a0415a9587c162e1ca65ab 787facd964e24c1e8a90a70c2008a377 - - default default] No more DHCP agents
2026-02-25 07:18:55.987 7 WARNING neutron.api.rpc.agentnotifiers.dhcp_rpc_agent_api [None req-c34665ad-a0ca-4dfd-840e-589a6bf96719 e090199c83a0415a9587c162e1ca65ab 787facd964e24c1e8a90a70c2008a377 - - default default] Unable to schedule network 7a4a2f47-61fd-496d-8adc-a215dc37752b: no agents available; will retry on subsequent port and subnet creation events.
2026-02-25 07:18:55.992 8 INFO neutron.db.ovn_revision_numbers_db [None req-a1c14360-2641-475a-9aef-84672b5058c0 - - - - - -] Successfully bumped revision number for resource e39f1384-50c4-43e1-b070-ade75c9428b0 (type: ports) to 6
2026-02-25 07:18:56.100 8 ERROR ovsdbapp.backend.ovs_idl.command [None req-386a6f7c-d982-4ed0-a73d-9c6dbcab48ba - - - - - -] Error executing command (LspGetUpCommand): ovsdbapp.backend.ovs_idl.idlutils.RowNotFound: Cannot find Logical_Switch_Port with name=e39f1384-50c4-43e1-b070-ade75c9428b0
2026-02-25 07:18:56.100 8 ERROR ovsdbapp.backend.ovs_idl.command
Traceback (most recent call last):
2026-02-25 07:18:56.100 8 ERROR ovsdbapp.backend.ovs_idl.command
File "/var/lib/openstack/lib/python3.12/site-packages/ovsdbapp/backend/ovs_idl/command.py", line 47, in execute
2026-02-25 07:18:56.100 8 ERROR ovsdbapp.backend.ovs_idl.command self.run_idl(None)
2026-02-25 07:18:56.100 8 ERROR ovsdbapp.backend.ovs_idl.command
File "/var/lib/openstack/lib/python3.12/site-packages/ovsdbapp/schema/ovn_northbound/commands.py", line 681, in run_idl
2026-02-25 07:18:56.100 8 ERROR ovsdbapp.backend.ovs_idl.command lsp = self.api.lookup('Logical_Switch_Port', self.port)
2026-02-25 07:18:56.100 8 ERROR ovsdbapp.backend.ovs_idl.command ^^^^^^^^^^^^^^^^^^^^^^^^^^^^^^^^^^^^^^^^^^^^^^^^^
2026-02-25 07:18:56.100 8 ERROR ovsdbapp.backend.ovs_idl.command
File "/var/lib/openstack/lib/python3.12/site-packages/ovsdbapp/backend/ovs_idl/__init__.py", line 184, in lookup
2026-02-25 07:18:56.100 8 ERROR ovsdbapp.backend.ovs_idl.command return self._lookup(table, record)
2026-02-25 07:18:56.100 8 ERROR ovsdbapp.backend.ovs_idl.command ^^^^^^^^^^^^^^^^^^^^^^^^^^^
2026-02-25 07:18:56.100 8 ERROR ovsdbapp.backend.ovs_idl.command
File "/var/lib/openstack/lib/python3.12/site-packages/ovsdbapp/backend/ovs_idl/__init__.py", line 235, in _lookup
2026-02-25 07:18:56.100 8 ERROR ovsdbapp.backend.ovs_idl.command row = idlutils.row_by_value(self, rl.table, rl.column, record)
2026-02-25 07:18:56.100 8 ERROR ovsdbapp.backend.ovs_idl.command ^^^^^^^^^^^^^^^^^^^^^^^^^^^^^^^^^^^^^^^^^^^^^^^^^^^^^^^^
2026-02-25 07:18:56.100 8 ERROR ovsdbapp.backend.ovs_idl.command
File "/var/lib/openstack/lib/python3.12/site-packages/ovsdbapp/backend/ovs_idl/idlutils.py", line 114, in row_by_value
2026-02-25 07:18:56.100 8 ERROR ovsdbapp.backend.ovs_idl.command raise RowNotFound(table=table, col=column, match=match)
2026-02-25 07:18:56.100 8 ERROR ovsdbapp.backend.ovs_idl.command ovsdbapp.backend.ovs_idl.idlutils.RowNotFound: Cannot find Logical_Switch_Port with name=e39f1384-50c4-43e1-b070-ade75c9428b0
2026-02-25 07:18:56.100 8 ERROR ovsdbapp.backend.ovs_idl.command
2026-02-25 07:18:56.107 8 ERROR ovsdbapp.event [None req-386a6f7c-d982-4ed0-a73d-9c6dbcab48ba - - - - - -] Unexpected exception in notify_loop: ovsdbapp.backend.ovs_idl.idlutils.RowNotFound: Cannot find Logical_Switch_Port with name=e39f1384-50c4-43e1-b070-ade75c9428b0
2026-02-25 07:18:56.107 8 ERROR ovsdbapp.event
Traceback (most recent call last):
2026-02-25 07:18:56.107 8 ERROR ovsdbapp.event
File "/var/lib/openstack/lib/python3.12/site-packages/ovsdbapp/event.py", line 177, in notify_loop
2026-02-25 07:18:56.107 8 ERROR ovsdbapp.event match.run(event, row, updates)
2026-02-25 07:18:56.107 8 ERROR ovsdbapp.event
File "/var/lib/openstack/lib/python3.12/site-packages/neutron/plugins/ml2/drivers/ovn/mech_driver/ovsdb/ovsdb_monitor.py", line 542, in run
2026-02-25 07:18:56.107 8 ERROR ovsdbapp.event self.driver.set_port_status_down(row.name)
2026-02-25 07:18:56.107 8 ERROR ovsdbapp.event
File "/var/lib/openstack/lib/python3.12/site-packages/neutron/plugins/ml2/drivers/ovn/mech_driver/mech_driver.py", line 1386, in set_port_status_down
2026-02-25 07:18:56.107 8 ERROR ovsdbapp.event self._ovn_client.update_lsp_host_info(
2026-02-25 07:18:56.107 8 ERROR ovsdbapp.event
File "/var/lib/openstack/lib/python3.12/site-packages/neutron/plugins/ml2/drivers/ovn/mech_driver/ovsdb/ovn_client.py", line 312, in update_lsp_host_info
2026-02-25 07:18:56.107 8 ERROR ovsdbapp.event port_up = self._nb_idl.lsp_get_up(db_port.id).execute(
2026-02-25 07:18:56.107 8 ERROR ovsdbapp.event ^^^^^^^^^^^^^^^^^^^^^^^^^^^^^^^^^^^^^^^^^^^^
2026-02-25 07:18:56.107 8 ERROR ovsdbapp.event
File "/var/lib/openstack/lib/python3.12/site-packages/ovsdbapp/backend/ovs_idl/command.py", line 47, in execute
2026-02-25 07:18:56.107 8 ERROR ovsdbapp.event self.run_idl(None)
2026-02-25 07:18:56.107 8 ERROR ovsdbapp.event
File "/var/lib/openstack/lib/python3.12/site-packages/ovsdbapp/schema/ovn_northbound/commands.py", line 681, in run_idl
2026-02-25 07:18:56.107 8 ERROR ovsdbapp.event lsp = self.api.lookup('Logical_Switch_Port', self.port)
2026-02-25 07:18:56.107 8 ERROR ovsdbapp.event ^^^^^^^^^^^^^^^^^^^^^^^^^^^^^^^^^^^^^^^^^^^^^^^^^
2026-02-25 07:18:56.107 8 ERROR ovsdbapp.event
File "/var/lib/openstack/lib/python3.12/site-packages/ovsdbapp/backend/ovs_idl/__init__.py", line 184, in lookup
2026-02-25 07:18:56.107 8 ERROR ovsdbapp.event return self._lookup(table, record)
2026-02-25 07:18:56.107 8 ERROR ovsdbapp.event ^^^^^^^^^^^^^^^^^^^^^^^^^^^
2026-02-25 07:18:56.107 8 ERROR ovsdbapp.event
File "/var/lib/openstack/lib/python3.12/site-packages/ovsdbapp/backend/ovs_idl/__init__.py", line 235, in _lookup
2026-02-25 07:18:56.107 8 ERROR ovsdbapp.event row = idlutils.row_by_value(self, rl.table, rl.column, record)
2026-02-25 07:18:56.107 8 ERROR ovsdbapp.event ^^^^^^^^^^^^^^^^^^^^^^^^^^^^^^^^^^^^^^^^^^^^^^^^^^^^^^^^
2026-02-25 07:18:56.107 8 ERROR ovsdbapp.event
File "/var/lib/openstack/lib/python3.12/site-packages/ovsdbapp/backend/ovs_idl/idlutils.py", line 114, in row_by_value
2026-02-25 07:18:56.107 8 ERROR ovsdbapp.event raise RowNotFound(table=table, col=column, match=match)
2026-02-25 07:18:56.107 8 ERROR ovsdbapp.event ovsdbapp.backend.ovs_idl.idlutils.RowNotFound: Cannot find Logical_Switch_Port with name=e39f1384-50c4-43e1-b070-ade75c9428b0
2026-02-25 07:18:56.107 8 ERROR ovsdbapp.event
2026-02-25 07:18:56.110 8 INFO neutron.plugins.ml2.drivers.ovn.mech_driver.mech_driver [None req-386a6f7c-d982-4ed0-a73d-9c6dbcab48ba - - - - - -] OVN reports status up for port: 76393809-660d-49e0-9259-7fb61cb2dd60 [pid: 8|app: 0|req: 1019/2117] 199.204.45.223 () {36 vars in 997 bytes} [Wed Feb 25 07:18:55 2026] DELETE /v2.0/ports/e39f1384-50c4-43e1-b070-ade75c9428b0 => generated 0 bytes in 546 msecs (HTTP/1.1 204) 3 headers in 131 bytes (1 switches on core 0)
2026-02-25 07:18:56.134 7 INFO neutron.db.ovn_revision_numbers_db [None req-c34665ad-a0ca-4dfd-840e-589a6bf96719 e090199c83a0415a9587c162e1ca65ab 787facd964e24c1e8a90a70c2008a377 - - default default] Successfully bumped revision number for resource 38da2e7a-9747-49fa-ba17-03e1d0eec177 (type: ports) to 1
2026-02-25 07:18:56.142 8 INFO neutron.plugins.ml2.drivers.ovn.mech_driver.mech_driver [None req-386a6f7c-d982-4ed0-a73d-9c6dbcab48ba - - - - - -] OVN reports status down for port: 216374c5-5dbd-4151-9464-3baef1de80e9 [pid: 8|app: 0|req: 1020/2118] 10.0.0.34 () {34 vars in 989 bytes} [Wed Feb 25 07:18:56 2026] GET /v2.0/ports?device_id=975c25c5-ba57-4386-b5be-65a970ef53d8 => generated 12 bytes in 32 msecs (HTTP/1.1 200) 4 headers in 156 bytes (1 switches on core 0) [pid: 7|app: 0|req: 1099/2119] 10.0.0.13 () {34 vars in 669 bytes} [Wed Feb 25 07:18:55 2026] POST /v2.0/networks => generated 632 bytes in 906 msecs (HTTP/1.1 201) 4 headers in 162 bytes (1 switches on core 0)
2026-02-25 07:18:56.170 7 INFO neutron.api.v2.resource [None req-985916dc-c33b-449c-bf44-8fcd0c067254 56ee04d65eaa40a4bc2050db22f7bf56 05b60dd58031417cadb785ecf33af6a0 - - default default] delete failed (client error): The resource could not be found. [pid: 7|app: 0|req: 1100/2120] 10.0.0.13 () {32 vars in 723 bytes} [Wed Feb 25 07:18:56 2026] DELETE /v2.0/routers/b100d8f5-895c-4c2d-9806-2f9ba77dccaf => generated 135 bytes in 15 msecs (HTTP/1.1 404) 4 headers in 164 bytes (1 switches on core 0) [pid: 8|app: 0|req: 1021/2121] 10.0.0.13 () {32 vars in 716 bytes} [Wed Feb 25 07:18:56 2026] GET /v2.0/ports/216374c5-5dbd-4151-9464-3baef1de80e9 => generated 941 bytes in 65 msecs (HTTP/1.1 200) 4 headers in 157 bytes (1 switches on core 0)
2026-02-25 07:18:56.366 7 WARNING neutron.scheduler.dhcp_agent_scheduler [None req-0f22ee93-a820-4889-8f6a-05f224dcf38e e090199c83a0415a9587c162e1ca65ab 787facd964e24c1e8a90a70c2008a377 - - default default] No more DHCP agents
2026-02-25 07:18:56.367 7 WARNING neutron.api.rpc.agentnotifiers.dhcp_rpc_agent_api [None req-0f22ee93-a820-4889-8f6a-05f224dcf38e e090199c83a0415a9587c162e1ca65ab 787facd964e24c1e8a90a70c2008a377 - - default default] Unable to schedule network 7a4a2f47-61fd-496d-8adc-a215dc37752b: no agents available; will retry on subsequent port and subnet creation events.
2026-02-25 07:18:56.492 7 INFO neutron.db.ovn_revision_numbers_db [None req-0f22ee93-a820-4889-8f6a-05f224dcf38e e090199c83a0415a9587c162e1ca65ab 787facd964e24c1e8a90a70c2008a377 - - default default] Successfully bumped revision number for resource 9df46908-a632-46fb-a0f4-29a25d473087 (type: ports) to 1 [pid: 7|app: 0|req: 1101/2122] 10.0.0.13 () {34 vars in 663 bytes} [Wed Feb 25 07:18:56 2026] POST /v2.0/ports => generated 743 bytes in 369 msecs (HTTP/1.1 201) 4 headers in 162 bytes (1 switches on core 0) /var/lib/openstack/lib/python3.12/site-packages/pycadf/identifier.py:70: UserWarning: Invalid uuid: neutron. To ensure interoperability, identifiers should be a valid uuid. warnings.warn(('Invalid uuid: %s. To ensure interoperability, ' [pid: 7|app: 0|req: 1102/2123] 10.0.0.13 () {32 vars in 716 bytes} [Wed Feb 25 07:18:56 2026] GET /v2.0/ports/216374c5-5dbd-4151-9464-3baef1de80e9 => generated 941 bytes in 73 msecs (HTTP/1.1 200) 4 headers in 157 bytes (1 switches on core 0) [pid: 8|app: 0|req: 1022/2124] 10.0.0.13 () {32 vars in 735 bytes} [Wed Feb 25 07:18:56 2026] GET /v2.0/ports?device_id=99907f46-87eb-41b7-b0e7-5934505d9419 => generated 12 bytes in 475 msecs (HTTP/1.1 200) 4 headers in 156 bytes (1 switches on core 0)
2026-02-25 07:18:56.748 8 INFO neutron.api.v2.resource [None req-9cfb01b7-a347-49bd-95e9-a1d33a1495ae 56ee04d65eaa40a4bc2050db22f7bf56 05b60dd58031417cadb785ecf33af6a0 - - default default] delete failed (client error): The resource could not be found. [pid: 8|app: 0|req: 1023/2125] 10.0.0.13 () {32 vars in 723 bytes} [Wed Feb 25 07:18:56 2026] DELETE /v2.0/routers/99907f46-87eb-41b7-b0e7-5934505d9419 => generated 135 bytes in 48 msecs (HTTP/1.1 404) 4 headers in 164 bytes (1 switches on core 0)
2026-02-25 07:18:56.772 8 INFO neutron.pecan_wsgi.hooks.translation [None req-8a2660a5-cb29-4d28-b50c-bc8ceded9690 56ee04d65eaa40a4bc2050db22f7bf56 05b60dd58031417cadb785ecf33af6a0 - - default default] DELETE failed (client error): The resource could not be found. [pid: 8|app: 0|req: 1024/2126] 10.0.0.13 () {32 vars in 723 bytes} [Wed Feb 25 07:18:56 2026] DELETE /v2.0/subnets/76530121-6a16-4899-a61e-36a7d8850346 => generated 136 bytes in 22 msecs (HTTP/1.1 404) 4 headers in 164 bytes (1 switches on core 0) [pid: 8|app: 0|req: 1025/2127] 10.0.0.13 () {32 vars in 735 bytes} [Wed Feb 25 07:18:56 2026] GET /v2.0/ports?device_id=e95d9872-60e5-40c9-bee6-df078b3b2f2c => generated 12 bytes in 22 msecs (HTTP/1.1 200) 4 headers in 156 bytes (1 switches on core 0)
2026-02-25 07:18:56.828 8 WARNING neutron.plugins.ml2.drivers.ovn.mech_driver.ovsdb.ovn_client [None req-386a6f7c-d982-4ed0-a73d-9c6dbcab48ba - - - - - -] Logical_Switch_Port 216374c5-5dbd-4151-9464-3baef1de80e9 host information not removed, the port state is up
2026-02-25 07:18:56.828 8 INFO neutron.api.v2.resource [None req-b12e967f-b9db-4b37-9367-ed88aa4a42bd 56ee04d65eaa40a4bc2050db22f7bf56 05b60dd58031417cadb785ecf33af6a0 - - default default] delete failed (client error): The resource could not be found.
2026-02-25 07:18:56.829 8 INFO neutron.plugins.ml2.drivers.ovn.mech_driver.mech_driver [None req-386a6f7c-d982-4ed0-a73d-9c6dbcab48ba - - - - - -] OVN reports status up for port: 216374c5-5dbd-4151-9464-3baef1de80e9 [pid: 8|app: 0|req: 1026/2128] 10.0.0.13 () {32 vars in 723 bytes} [Wed Feb 25 07:18:56 2026] DELETE /v2.0/routers/e95d9872-60e5-40c9-bee6-df078b3b2f2c => generated 135 bytes in 25 msecs (HTTP/1.1 404) 4 headers in 164 bytes (1 switches on core 0) [pid: 7|app: 0|req: 1103/2129] 10.0.0.13 () {34 vars in 665 bytes} [Wed Feb 25 07:18:56 2026] POST /v2.0/trunks => generated 409 bytes in 219 msecs (HTTP/1.1 201) 4 headers in 162 bytes (1 switches on core 0)
2026-02-25 07:18:56.846 8 INFO neutron.plugins.ml2.plugin [None req-386a6f7c-d982-4ed0-a73d-9c6dbcab48ba - - - - - -] Attempt 1 to provision port 216374c5-5dbd-4151-9464-3baef1de80e9
2026-02-25 07:18:56.862 8 INFO neutron.pecan_wsgi.hooks.translation [None req-aaf37e13-d901-4447-824b-82c8ffb6279d 56ee04d65eaa40a4bc2050db22f7bf56 05b60dd58031417cadb785ecf33af6a0 - - default default] DELETE failed (client error): The resource could not be found. [pid: 8|app: 0|req: 1027/2130] 10.0.0.13 () {32 vars in 723 bytes} [Wed Feb 25 07:18:56 2026] DELETE /v2.0/subnets/2a93e40e-dbd6-4fbf-9604-cf7312778b6c => generated 136 bytes in 31 msecs (HTTP/1.1 404) 4 headers in 164 bytes (1 switches on core 0) [pid: 8|app: 0|req: 1028/2131] 10.0.0.13 () {32 vars in 735 bytes} [Wed Feb 25 07:18:56 2026] GET /v2.0/ports?device_id=cd950cc9-64f2-41ae-90d9-8fc2987e302d => generated 12 bytes in 30 msecs (HTTP/1.1 200) 4 headers in 156 bytes (1 switches on core 0)
2026-02-25 07:18:56.927 7 INFO neutron.db.segments_db [None req-18578541-8cf4-4fbe-a798-be52dab62403 e090199c83a0415a9587c162e1ca65ab 787facd964e24c1e8a90a70c2008a377 - - default default] Added segment 91eb2003-320f-4e60-88ca-fd50ffc44090 of type geneve for network 7cfed736-f243-45fc-940f-f00ccb665114
2026-02-25 07:18:56.935 8 INFO neutron.api.v2.resource [None req-0dd63ba5-d5b0-49dc-9da2-e53db7d2fd99 56ee04d65eaa40a4bc2050db22f7bf56 05b60dd58031417cadb785ecf33af6a0 - - default default] delete failed (client error): The resource could not be found. [pid: 8|app: 0|req: 1029/2132] 10.0.0.13 () {32 vars in 723 bytes} [Wed Feb 25 07:18:56 2026] DELETE /v2.0/routers/cd950cc9-64f2-41ae-90d9-8fc2987e302d => generated 135 bytes in 32 msecs (HTTP/1.1 404) 4 headers in 164 bytes (1 switches on core 0)
2026-02-25 07:18:56.958 8 INFO neutron.pecan_wsgi.hooks.translation [None req-2c6c93f5-670c-4a5f-8c4b-1ad56b1d94ac 56ee04d65eaa40a4bc2050db22f7bf56 05b60dd58031417cadb785ecf33af6a0 - - default default] DELETE failed (client error): The resource could not be found. [pid: 8|app: 0|req: 1030/2133] 10.0.0.13 () {32 vars in 723 bytes} [Wed Feb 25 07:18:56 2026] DELETE /v2.0/subnets/85cb40a3-349f-4e4f-836e-98e43e2fdd07 => generated 136 bytes in 19 msecs (HTTP/1.1 404) 4 headers in 164 bytes (1 switches on core 0)
2026-02-25 07:18:56.990 8 INFO neutron.pecan_wsgi.hooks.translation [None req-73833af3-e78f-47d9-9072-a8fe62e204f2 56ee04d65eaa40a4bc2050db22f7bf56 05b60dd58031417cadb785ecf33af6a0 - - default default] DELETE failed (client error): The resource could not be found. [pid: 8|app: 0|req: 1031/2134] 10.0.0.13 () {32 vars in 723 bytes} [Wed Feb 25 07:18:56 2026] DELETE /v2.0/subnets/94d52b69-f1b7-4b3b-a236-17ce5ec638b4 => generated 136 bytes in 30 msecs (HTTP/1.1 404) 4 headers in 164 bytes (1 switches on core 0)
2026-02-25 07:18:57.042 7 INFO neutron.db.ovn_revision_numbers_db [None req-18578541-8cf4-4fbe-a798-be52dab62403 e090199c83a0415a9587c162e1ca65ab 787facd964e24c1e8a90a70c2008a377 - - default default] Successfully bumped revision number for resource 7cfed736-f243-45fc-940f-f00ccb665114 (type: networks) to 1
2026-02-25 07:18:57.213 7 WARNING neutron.scheduler.dhcp_agent_scheduler [None req-18578541-8cf4-4fbe-a798-be52dab62403 e090199c83a0415a9587c162e1ca65ab 787facd964e24c1e8a90a70c2008a377 - - default default] No more DHCP agents
2026-02-25 07:18:57.216 7 WARNING neutron.api.rpc.agentnotifiers.dhcp_rpc_agent_api [None req-18578541-8cf4-4fbe-a798-be52dab62403 e090199c83a0415a9587c162e1ca65ab 787facd964e24c1e8a90a70c2008a377 - - default default] Unable to schedule network 7cfed736-f243-45fc-940f-f00ccb665114: no agents available; will retry on subsequent port and subnet creation events. [pid: 8|app: 0|req: 1032/2135] 10.0.0.34 () {34 vars in 989 bytes} [Wed Feb 25 07:18:57 2026] GET /v2.0/ports?device_id=975c25c5-ba57-4386-b5be-65a970ef53d8 => generated 12 bytes in 43 msecs (HTTP/1.1 200) 4 headers in 156 bytes (1 switches on core 0)
2026-02-25 07:18:57.329 7 INFO neutron.db.ovn_revision_numbers_db [None req-18578541-8cf4-4fbe-a798-be52dab62403 e090199c83a0415a9587c162e1ca65ab 787facd964e24c1e8a90a70c2008a377 - - default default] Successfully bumped revision number for resource ce5865e5-a5ec-45fc-8697-b466f87bb542 (type: ports) to 1
2026-02-25 07:18:57.346 8 INFO neutron.db.ovn_revision_numbers_db [None req-386a6f7c-d982-4ed0-a73d-9c6dbcab48ba - - - - - -] Successfully bumped revision number for resource 216374c5-5dbd-4151-9464-3baef1de80e9 (type: ports) to 2 [pid: 7|app: 0|req: 1104/2136] 10.0.0.13 () {34 vars in 669 bytes} [Wed Feb 25 07:18:56 2026] POST /v2.0/networks => generated 632 bytes in 512 msecs (HTTP/1.1 201) 4 headers in 162 bytes (1 switches on core 0) [pid: 7|app: 0|req: 1105/2137] 10.0.0.13 () {32 vars in 773 bytes} [Wed Feb 25 07:18:57 2026] GET /v2.0/security-groups?tenant_id=05b60dd58031417cadb785ecf33af6a0&name=default => generated 2925 bytes in 115 msecs (HTTP/1.1 200) 4 headers in 158 bytes (1 switches on core 0)
2026-02-25 07:18:57.612 8 WARNING neutron.scheduler.dhcp_agent_scheduler [None req-264af71b-40d2-4251-a03e-310dba85f31e e090199c83a0415a9587c162e1ca65ab 787facd964e24c1e8a90a70c2008a377 - - default default] No more DHCP agents
2026-02-25 07:18:57.613 8 WARNING neutron.api.rpc.agentnotifiers.dhcp_rpc_agent_api [None req-264af71b-40d2-4251-a03e-310dba85f31e e090199c83a0415a9587c162e1ca65ab 787facd964e24c1e8a90a70c2008a377 - - default default] Unable to schedule network 7cfed736-f243-45fc-940f-f00ccb665114: no agents available; will retry on subsequent port and subnet creation events.
2026-02-25 07:18:57.738 8 INFO neutron.db.ovn_revision_numbers_db [None req-264af71b-40d2-4251-a03e-310dba85f31e e090199c83a0415a9587c162e1ca65ab 787facd964e24c1e8a90a70c2008a377 - - default default] Successfully bumped revision number for resource 91f6834d-a9ab-4cbb-a4ec-762ac6113f96 (type: ports) to 1
2026-02-25 07:18:57.763 8 INFO neutron.notifiers.nova [-] Nova event matching ['req-dc1e50bd-d302-44a7-b8f5-d3eebdc08bf8'] response: {'server_uuid': '975c25c5-ba57-4386-b5be-65a970ef53d8', 'name': 'network-vif-unplugged', 'status': 'completed', 'tag': 'e39f1384-50c4-43e1-b070-ade75c9428b0', 'code': 200}
2026-02-25 07:18:57.768 8 INFO neutron.notifiers.nova [-] Nova event matching ['req-dc1e50bd-d302-44a7-b8f5-d3eebdc08bf8'] response: {'server_uuid': '975c25c5-ba57-4386-b5be-65a970ef53d8', 'name': 'network-vif-deleted', 'tag': 'e39f1384-50c4-43e1-b070-ade75c9428b0', 'status': 'completed', 'code': 200} [pid: 8|app: 0|req: 1033/2138] 10.0.0.13 () {34 vars in 663 bytes} [Wed Feb 25 07:18:57 2026] POST /v2.0/ports => generated 743 bytes in 446 msecs (HTTP/1.1 201) 4 headers in 162 bytes (1 switches on core 0) /var/lib/openstack/lib/python3.12/site-packages/pycadf/identifier.py:70: UserWarning: Invalid uuid: neutron. To ensure interoperability, identifiers should be a valid uuid. warnings.warn(('Invalid uuid: %s. To ensure interoperability, ' [pid: 8|app: 0|req: 1034/2139] 10.0.0.13 () {32 vars in 716 bytes} [Wed Feb 25 07:18:57 2026] GET /v2.0/ports/216374c5-5dbd-4151-9464-3baef1de80e9 => generated 943 bytes in 39 msecs (HTTP/1.1 200) 4 headers in 157 bytes (1 switches on core 0) [pid: 7|app: 0|req: 1106/2140] 10.0.0.13 () {32 vars in 739 bytes} [Wed Feb 25 07:18:57 2026] DELETE /v2.0/security-groups/ceeaccce-198a-438d-b0b4-0209cd9c4f88 => generated 0 bytes in 311 msecs (HTTP/1.1 204) 2 headers in 112 bytes (1 switches on core 0) [pid: 8|app: 0|req: 1035/2141] 10.0.0.13 () {34 vars in 665 bytes} [Wed Feb 25 07:18:57 2026] POST /v2.0/trunks => generated 409 bytes in 228 msecs (HTTP/1.1 201) 4 headers in 162 bytes (1 switches on core 0)
2026-02-25 07:18:58.145 8 INFO neutron.db.segments_db [None req-dd7bd9e0-774d-439f-990c-b00312834233 e090199c83a0415a9587c162e1ca65ab 787facd964e24c1e8a90a70c2008a377 - - default default] Added segment 78f37ebe-219e-4bfd-83ad-8a89fd0a7093 of type geneve for network b9e62d07-afdd-4a63-9fc2-3c319a6cc238
2026-02-25 07:18:58.156 7 INFO neutron_taas.services.taas.taas_plugin [None req-da2746b2-cfff-4f87-8a4d-8a4731f007d9 15754d1268bf4ddeaed76e504f18a69f 93796b836a8d4eed8713c873c92a849b - - default default] TaaS: Handle Delete Port: 216374c5-5dbd-4151-9464-3baef1de80e9
2026-02-25 07:18:58.159 7 INFO neutron_taas.services.taas.tap_mirror_plugin [None req-da2746b2-cfff-4f87-8a4d-8a4731f007d9 15754d1268bf4ddeaed76e504f18a69f 93796b836a8d4eed8713c873c92a849b - - default default] Tap Mirror: Handle Delete Port: 216374c5-5dbd-4151-9464-3baef1de80e9
2026-02-25 07:18:58.255 8 INFO neutron.db.ovn_revision_numbers_db [None req-dd7bd9e0-774d-439f-990c-b00312834233 e090199c83a0415a9587c162e1ca65ab 787facd964e24c1e8a90a70c2008a377 - - default default] Successfully bumped revision number for resource b9e62d07-afdd-4a63-9fc2-3c319a6cc238 (type: networks) to 1
2026-02-25 07:18:58.430 8 WARNING neutron.scheduler.dhcp_agent_scheduler [None req-dd7bd9e0-774d-439f-990c-b00312834233 e090199c83a0415a9587c162e1ca65ab 787facd964e24c1e8a90a70c2008a377 - - default default] No more DHCP agents
2026-02-25 07:18:58.431 8 WARNING neutron.api.rpc.agentnotifiers.dhcp_rpc_agent_api [None req-dd7bd9e0-774d-439f-990c-b00312834233 e090199c83a0415a9587c162e1ca65ab 787facd964e24c1e8a90a70c2008a377 - - default default] Unable to schedule network b9e62d07-afdd-4a63-9fc2-3c319a6cc238: no agents available; will retry on subsequent port and subnet creation events.
2026-02-25 07:18:58.529 8 INFO neutron.db.ovn_revision_numbers_db [None req-dd7bd9e0-774d-439f-990c-b00312834233 e090199c83a0415a9587c162e1ca65ab 787facd964e24c1e8a90a70c2008a377 - - default default] Successfully bumped revision number for resource cf229947-02fb-4d18-8635-69aa282b5f7e (type: ports) to 1 [pid: 8|app: 0|req: 1036/2142] 10.0.0.13 () {34 vars in 669 bytes} [Wed Feb 25 07:18:58 2026] POST /v2.0/networks => generated 632 bytes in 475 msecs (HTTP/1.1 201) 4 headers in 162 bytes (1 switches on core 0) [pid: 8|app: 0|req: 1037/2143] 10.0.0.34 () {34 vars in 989 bytes} [Wed Feb 25 07:18:58 2026] GET /v2.0/ports?device_id=975c25c5-ba57-4386-b5be-65a970ef53d8 => generated 12 bytes in 16 msecs (HTTP/1.1 200) 4 headers in 156 bytes (1 switches on core 0) [pid: 7|app: 0|req: 1107/2144] 10.0.0.13 () {34 vars in 788 bytes} [Wed Feb 25 07:18:57 2026] PUT /v2.0/routers/9f1bbb2b-b745-476a-9b71-a5d7776ec910/remove_router_interface => generated 309 bytes in 682 msecs (HTTP/1.1 200) 4 headers in 157 bytes (1 switches on core 0) /var/lib/openstack/lib/python3.12/site-packages/pycadf/identifier.py:70: UserWarning: Invalid uuid: neutron. To ensure interoperability, identifiers should be a valid uuid. warnings.warn(('Invalid uuid: %s. To ensure interoperability, ' [pid: 7|app: 0|req: 1108/2145] 10.0.0.13 () {32 vars in 735 bytes} [Wed Feb 25 07:18:58 2026] GET /v2.0/ports?device_id=9f1bbb2b-b745-476a-9b71-a5d7776ec910 => generated 12 bytes in 21 msecs (HTTP/1.1 200) 4 headers in 156 bytes (1 switches on core 0)
2026-02-25 07:18:58.752 8 WARNING neutron.scheduler.dhcp_agent_scheduler [None req-dd6fc73d-8b1a-4acf-a07b-5a3e23f4c254 e090199c83a0415a9587c162e1ca65ab 787facd964e24c1e8a90a70c2008a377 - - default default] No more DHCP agents
2026-02-25 07:18:58.755 8 WARNING neutron.api.rpc.agentnotifiers.dhcp_rpc_agent_api [None req-dd6fc73d-8b1a-4acf-a07b-5a3e23f4c254 e090199c83a0415a9587c162e1ca65ab 787facd964e24c1e8a90a70c2008a377 - - default default] Unable to schedule network b9e62d07-afdd-4a63-9fc2-3c319a6cc238: no agents available; will retry on subsequent port and subnet creation events. [pid: 7|app: 0|req: 1109/2146] 10.0.0.13 () {32 vars in 723 bytes} [Wed Feb 25 07:18:58 2026] DELETE /v2.0/routers/9f1bbb2b-b745-476a-9b71-a5d7776ec910 => generated 0 bytes in 200 msecs (HTTP/1.1 204) 2 headers in 112 bytes (1 switches on core 0)
