2026-02-25 07:18:07.612 7 INFO neutron.db.ovn_revision_numbers_db [None req-e4685107-010c-417b-b0db-d06cad666e29 e5b222c5811742b8b4cdfa85c8c186be 6940d767fd4c4ec5a1ad5cc102b43c1a - - default default] Successfully bumped revision number for resource e4dc4a5c-2a4c-4ad6-81b4-7b85971948df (type: ports) to 1 [pid: 7|app: 0|req: 928/1779] 10.0.0.13 () {34 vars in 664 bytes} [Wed Feb 25 07:18:07 2026] POST /v2.0/ports => generated 775 bytes in 364 msecs (HTTP/1.1 201) 4 headers in 162 bytes (1 switches on core 0) /var/lib/openstack/lib/python3.12/site-packages/pycadf/identifier.py:70: UserWarning: Invalid uuid: neutron. To ensure interoperability, identifiers should be a valid uuid. warnings.warn(('Invalid uuid: %s. To ensure interoperability, '
2026-02-25 07:18:07.800 8 INFO neutron.plugins.ml2.drivers.ovn.mech_driver.ovsdb.commands [-] Schedule LRP lrp-98aec184-79e2-4823-b949-f97c79bed0aa on gateway e594377e-1635-4861-a551-0b41e7c38675 with priority 1
2026-02-25 07:18:07.902 8 INFO neutron.plugins.ml2.drivers.ovn.mech_driver.mech_driver [None req-74fcad77-8658-4e2c-be81-0ff28e9b9ff1 - - - - - -] OVN reports status up for port: 98aec184-79e2-4823-b949-f97c79bed0aa
2026-02-25 07:18:07.908 8 INFO neutron.plugins.ml2.drivers.ovn.mech_driver.ovsdb.ovsdb_monitor [None req-04cad9ea-8b57-41c5-ae76-a2be7feaa053 - - - - - -] Router 9ed02b89-fdb6-4cbf-83bd-c5fb5b3eaeaa is bound to host instance
2026-02-25 07:18:07.968 8 INFO neutron.plugins.ml2.plugin [None req-74fcad77-8658-4e2c-be81-0ff28e9b9ff1 - - - - - -] Attempt 1 to provision port 98aec184-79e2-4823-b949-f97c79bed0aa
2026-02-25 07:18:08.028 7 INFO neutron.db.ovn_revision_numbers_db [None req-43e34600-232e-4376-9041-de28f9bb5eb2 e5b222c5811742b8b4cdfa85c8c186be 6940d767fd4c4ec5a1ad5cc102b43c1a - - default default] Successfully bumped revision number for resource e4dc4a5c-2a4c-4ad6-81b4-7b85971948df (type: ports) to 2 [pid: 7|app: 0|req: 929/1780] 10.0.0.13 () {34 vars in 736 bytes} [Wed Feb 25 07:18:07 2026] PUT /v2.0/ports/e4dc4a5c-2a4c-4ad6-81b4-7b85971948df => generated 752 bytes in 377 msecs (HTTP/1.1 200) 4 headers in 157 bytes (1 switches on core 0)
2026-02-25 07:18:08.048 8 INFO neutron.db.ovn_revision_numbers_db [None req-5f2655f5-9877-4c7d-9678-48dbbf628447 2469ece70ce7499b8626998baec535e2 e10df551d00e42c9a7a316787d565325 - - default default] Successfully bumped revision number for resource 98aec184-79e2-4823-b949-f97c79bed0aa (type: router_ports) to 1 /var/lib/openstack/lib/python3.12/site-packages/pycadf/identifier.py:70: UserWarning: Invalid uuid: neutron. To ensure interoperability, identifiers should be a valid uuid. warnings.warn(('Invalid uuid: %s. To ensure interoperability, '
2026-02-25 07:18:08.251 8 INFO neutron.db.ovn_revision_numbers_db [None req-5f2655f5-9877-4c7d-9678-48dbbf628447 2469ece70ce7499b8626998baec535e2 e10df551d00e42c9a7a316787d565325 - - default default] Successfully bumped revision number for resource 9ed02b89-fdb6-4cbf-83bd-c5fb5b3eaeaa (type: routers) to 2 [pid: 8|app: 0|req: 852/1781] 10.0.0.13 () {34 vars in 668 bytes} [Wed Feb 25 07:18:06 2026] POST /v2.0/routers => generated 964 bytes in 1845 msecs (HTTP/1.1 201) 4 headers in 162 bytes (1 switches on core 0) [pid: 8|app: 0|req: 853/1782] 10.0.0.34 () {34 vars in 989 bytes} [Wed Feb 25 07:18:08 2026] GET /v2.0/ports?device_id=af7bb371-f96d-4cf8-b578-6b37bdeddd53 => generated 12 bytes in 44 msecs (HTTP/1.1 200) 4 headers in 156 bytes (1 switches on core 0)
2026-02-25 07:18:08.345 7 INFO neutron.db.ovn_revision_numbers_db [None req-188ed7b7-a62f-4b02-975b-3d6ceac3ba3c 74f04333263a42bfbdc71ee7427a8d26 b2daa25e11964e0491e8dab183f8157f - - default default] Successfully bumped revision number for resource 59c17633-3389-4102-9bfb-53201aed1c8a (type: security_groups) to 1
2026-02-25 07:18:08.356 7 INFO neutron.db.ovn_revision_numbers_db [None req-188ed7b7-a62f-4b02-975b-3d6ceac3ba3c 74f04333263a42bfbdc71ee7427a8d26 b2daa25e11964e0491e8dab183f8157f - - default default] Successfully bumped revision number for resource ceffd985-604b-4a5e-a6b5-371b71dce62c (type: security_group_rules) to 0
2026-02-25 07:18:08.369 7 INFO neutron.db.ovn_revision_numbers_db [None req-188ed7b7-a62f-4b02-975b-3d6ceac3ba3c 74f04333263a42bfbdc71ee7427a8d26 b2daa25e11964e0491e8dab183f8157f - - default default] Successfully bumped revision number for resource da7d661c-40c9-4138-802a-b8e602b41cbe (type: security_group_rules) to 0
2026-02-25 07:18:08.381 7 INFO neutron.db.ovn_revision_numbers_db [None req-188ed7b7-a62f-4b02-975b-3d6ceac3ba3c 74f04333263a42bfbdc71ee7427a8d26 b2daa25e11964e0491e8dab183f8157f - - default default] Successfully bumped revision number for resource dcee89f0-74b0-428a-8a89-6a94c1d4a48d (type: security_group_rules) to 0
2026-02-25 07:18:08.396 7 INFO neutron.db.ovn_revision_numbers_db [None req-188ed7b7-a62f-4b02-975b-3d6ceac3ba3c 74f04333263a42bfbdc71ee7427a8d26 b2daa25e11964e0491e8dab183f8157f - - default default] Successfully bumped revision number for resource ed344113-bb8b-4f79-aa06-a54195f563cf (type: security_group_rules) to 0
2026-02-25 07:18:08.503 7 INFO neutron.db.segments_db [None req-188ed7b7-a62f-4b02-975b-3d6ceac3ba3c 74f04333263a42bfbdc71ee7427a8d26 b2daa25e11964e0491e8dab183f8157f - - default default] Added segment 1c09da23-9cf0-4301-b6de-bf76cad15a3d of type geneve for network 090104a2-72e6-4d01-8044-93cbf0ad28cb
2026-02-25 07:18:08.642 7 INFO neutron.db.ovn_revision_numbers_db [None req-188ed7b7-a62f-4b02-975b-3d6ceac3ba3c 74f04333263a42bfbdc71ee7427a8d26 b2daa25e11964e0491e8dab183f8157f - - default default] Successfully bumped revision number for resource 090104a2-72e6-4d01-8044-93cbf0ad28cb (type: networks) to 1
2026-02-25 07:18:08.764 8 INFO neutron_taas.services.taas.taas_plugin [None req-f25a27cf-9093-4b8a-acc9-91a4b88e56c8 e5b222c5811742b8b4cdfa85c8c186be 6940d767fd4c4ec5a1ad5cc102b43c1a - - default default] TaaS: Handle Delete Port: e4dc4a5c-2a4c-4ad6-81b4-7b85971948df
2026-02-25 07:18:08.769 8 INFO neutron_taas.services.taas.tap_mirror_plugin [None req-f25a27cf-9093-4b8a-acc9-91a4b88e56c8 e5b222c5811742b8b4cdfa85c8c186be 6940d767fd4c4ec5a1ad5cc102b43c1a - - default default] Tap Mirror: Handle Delete Port: e4dc4a5c-2a4c-4ad6-81b4-7b85971948df
2026-02-25 07:18:08.806 7 WARNING neutron.scheduler.dhcp_agent_scheduler [None req-188ed7b7-a62f-4b02-975b-3d6ceac3ba3c 74f04333263a42bfbdc71ee7427a8d26 b2daa25e11964e0491e8dab183f8157f - - default default] No more DHCP agents
2026-02-25 07:18:08.807 7 WARNING neutron.api.rpc.agentnotifiers.dhcp_rpc_agent_api [None req-188ed7b7-a62f-4b02-975b-3d6ceac3ba3c 74f04333263a42bfbdc71ee7427a8d26 b2daa25e11964e0491e8dab183f8157f - - default default] Unable to schedule network 090104a2-72e6-4d01-8044-93cbf0ad28cb: no agents available; will retry on subsequent port and subnet creation events.
2026-02-25 07:18:08.906 7 INFO neutron.db.ovn_revision_numbers_db [None req-188ed7b7-a62f-4b02-975b-3d6ceac3ba3c 74f04333263a42bfbdc71ee7427a8d26 b2daa25e11964e0491e8dab183f8157f - - default default] Successfully bumped revision number for resource fa7c94bd-3e0a-4bd2-91f4-93eacaa15ea5 (type: ports) to 1 [pid: 7|app: 0|req: 930/1783] 10.0.0.13 () {34 vars in 669 bytes} [Wed Feb 25 07:18:08 2026] POST /v2.0/networks => generated 644 bytes in 896 msecs (HTTP/1.1 201) 4 headers in 162 bytes (1 switches on core 0) [pid: 8|app: 0|req: 854/1786] 10.0.0.13 () {32 vars in 719 bytes} [Wed Feb 25 07:18:08 2026] DELETE /v2.0/ports/e4dc4a5c-2a4c-4ad6-81b4-7b85971948df => generated 0 bytes in 708 msecs (HTTP/1.1 204) 3 headers in 131 bytes (1 switches on core 0)
2026-02-25 07:18:09.367 8 WARNING neutron.scheduler.dhcp_agent_scheduler [None req-313e1698-d0db-4808-932e-4c840a6b758a 74f04333263a42bfbdc71ee7427a8d26 b2daa25e11964e0491e8dab183f8157f - - default default] No more DHCP agents
2026-02-25 07:18:09.375 8 WARNING neutron.api.rpc.agentnotifiers.dhcp_rpc_agent_api [None req-313e1698-d0db-4808-932e-4c840a6b758a 74f04333263a42bfbdc71ee7427a8d26 b2daa25e11964e0491e8dab183f8157f - - default default] Unable to schedule network 090104a2-72e6-4d01-8044-93cbf0ad28cb: no agents available; will retry on subsequent port and subnet creation events.
2026-02-25 07:18:09.394 7 WARNING neutron.scheduler.dhcp_agent_scheduler [None req-1a1fc547-7c78-4da0-b70c-6cfff162b1ea 2469ece70ce7499b8626998baec535e2 e10df551d00e42c9a7a316787d565325 - - default default] No more DHCP agents
2026-02-25 07:18:09.395 7 WARNING neutron.api.rpc.agentnotifiers.dhcp_rpc_agent_api [None req-1a1fc547-7c78-4da0-b70c-6cfff162b1ea 2469ece70ce7499b8626998baec535e2 e10df551d00e42c9a7a316787d565325 - - default default] Unable to schedule network c822b206-75f5-474f-b442-f3fcc7aa8220: no agents available; will retry on subsequent port and subnet creation events.
2026-02-25 07:18:09.579 7 INFO neutron.db.ovn_revision_numbers_db [None req-1a1fc547-7c78-4da0-b70c-6cfff162b1ea 2469ece70ce7499b8626998baec535e2 e10df551d00e42c9a7a316787d565325 - - default default] Successfully bumped revision number for resource d2c1b5b8-6b67-4acf-b46d-b84ee63f4e51 (type: ports) to 1
2026-02-25 07:18:09.659 8 INFO neutron.db.ovn_revision_numbers_db [None req-13478f54-bd83-4684-85fe-a8160b6779a3 - - - - - -] Successfully bumped revision number for resource 98aec184-79e2-4823-b949-f97c79bed0aa (type: ports) to 4
2026-02-25 07:18:10.255 8 INFO neutron.db.ovn_revision_numbers_db [None req-2d364ab5-7784-4cc1-a5e6-eee2911e1ac9 - - - - - -] Successfully bumped revision number for resource fa7c94bd-3e0a-4bd2-91f4-93eacaa15ea5 (type: ports) to 2
2026-02-25 07:18:10.293 8 INFO neutron.db.ovn_revision_numbers_db [None req-13478f54-bd83-4684-85fe-a8160b6779a3 - - - - - -] Successfully bumped revision number for resource 98aec184-79e2-4823-b949-f97c79bed0aa (type: ports) to 5
2026-02-25 07:18:10.297 7 WARNING neutron.scheduler.dhcp_agent_scheduler [None req-1a1fc547-7c78-4da0-b70c-6cfff162b1ea 2469ece70ce7499b8626998baec535e2 e10df551d00e42c9a7a316787d565325 - - default default] No more DHCP agents
2026-02-25 07:18:10.299 7 WARNING neutron.api.rpc.agentnotifiers.dhcp_rpc_agent_api [None req-1a1fc547-7c78-4da0-b70c-6cfff162b1ea 2469ece70ce7499b8626998baec535e2 e10df551d00e42c9a7a316787d565325 - - default default] Unable to schedule network c822b206-75f5-474f-b442-f3fcc7aa8220: no agents available; will retry on subsequent port and subnet creation events.
2026-02-25 07:18:10.312 8 INFO neutron.db.ovn_revision_numbers_db [None req-2d364ab5-7784-4cc1-a5e6-eee2911e1ac9 - - - - - -] Successfully bumped revision number for resource 1d00e939-447b-4f1c-a184-af2c1763e5df (type: subnets) to 0 [pid: 8|app: 0|req: 855/1787] 10.0.0.13 () {34 vars in 668 bytes} [Wed Feb 25 07:18:09 2026] POST /v2.0/subnets => generated 641 bytes in 1316 msecs (HTTP/1.1 201) 4 headers in 162 bytes (1 switches on core 0) [pid: 8|app: 0|req: 856/1788] 10.0.0.13 () {32 vars in 642 bytes} [Wed Feb 25 07:18:10 2026] GET /v2.0/ports => generated 1534 bytes in 93 msecs (HTTP/1.1 200) 4 headers in 158 bytes (1 switches on core 0)
2026-02-25 07:18:10.665 8 INFO neutron.plugins.ml2.drivers.ovn.mech_driver.mech_driver [None req-74fcad77-8658-4e2c-be81-0ff28e9b9ff1 - - - - - -] OVN reports status down for port: e4dc4a5c-2a4c-4ad6-81b4-7b85971948df
2026-02-25 07:18:10.684 8 INFO neutron.plugins.ml2.drivers.ovn.mech_driver.mech_driver [None req-74fcad77-8658-4e2c-be81-0ff28e9b9ff1 - - - - - -] OVN reports status down for port: fa7c94bd-3e0a-4bd2-91f4-93eacaa15ea5 [pid: 8|app: 0|req: 857/1789] 10.0.0.13 () {32 vars in 739 bytes} [Wed Feb 25 07:18:10 2026] DELETE /v2.0/security-groups/4027cf2a-cc09-4d61-a660-cad89d12b338 => generated 0 bytes in 276 msecs (HTTP/1.1 204) 2 headers in 112 bytes (1 switches on core 0)
2026-02-25 07:18:10.835 7 INFO neutron.db.ovn_revision_numbers_db [None req-1a1fc547-7c78-4da0-b70c-6cfff162b1ea 2469ece70ce7499b8626998baec535e2 e10df551d00e42c9a7a316787d565325 - - default default] Successfully bumped revision number for resource d2c1b5b8-6b67-4acf-b46d-b84ee63f4e51 (type: router_ports) to 1 [pid: 7|app: 0|req: 933/1790] 10.0.0.13 () {34 vars in 782 bytes} [Wed Feb 25 07:18:08 2026] PUT /v2.0/routers/9ed02b89-fdb6-4cbf-83bd-c5fb5b3eaeaa/add_router_interface => generated 309 bytes in 1893 msecs (HTTP/1.1 200) 4 headers in 157 bytes (1 switches on core 0)
2026-02-25 07:18:10.854 7 INFO neutron.pecan_wsgi.hooks.translation [None req-1993e9b6-2e8c-4549-8c4e-02bf35a403e6 e5b222c5811742b8b4cdfa85c8c186be 6940d767fd4c4ec5a1ad5cc102b43c1a - - default default] GET failed (client error): The resource could not be found. [pid: 7|app: 0|req: 934/1791] 10.0.0.13 () {32 vars in 716 bytes} [Wed Feb 25 07:18:10 2026] GET /v2.0/ports/e4dc4a5c-2a4c-4ad6-81b4-7b85971948df => generated 132 bytes in 14 msecs (HTTP/1.1 404) 4 headers in 164 bytes (1 switches on core 0)
2026-02-25 07:18:10.901 8 INFO neutron.db.segments_db [None req-2340116a-7469-4d9d-9bd0-752467bac4d7 74f04333263a42bfbdc71ee7427a8d26 b2daa25e11964e0491e8dab183f8157f - - default default] Added segment 9e11210e-ac50-4e53-9834-16f589ebc67e of type geneve for network 8e02fcd8-ed89-40e0-b2cd-c01b13d6d41a
2026-02-25 07:18:10.971 8 INFO neutron.plugins.ml2.drivers.ovn.mech_driver.mech_driver [None req-74fcad77-8658-4e2c-be81-0ff28e9b9ff1 - - - - - -] OVN reports status down for port: d2c1b5b8-6b67-4acf-b46d-b84ee63f4e51
2026-02-25 07:18:11.063 8 WARNING neutron.plugins.ml2.drivers.ovn.mech_driver.ovsdb.ovn_client [None req-74fcad77-8658-4e2c-be81-0ff28e9b9ff1 - - - - - -] Logical_Switch_Port d2c1b5b8-6b67-4acf-b46d-b84ee63f4e51 host information not removed, the port state is up
2026-02-25 07:18:11.064 8 INFO neutron.plugins.ml2.drivers.ovn.mech_driver.mech_driver [None req-74fcad77-8658-4e2c-be81-0ff28e9b9ff1 - - - - - -] OVN reports status up for port: d2c1b5b8-6b67-4acf-b46d-b84ee63f4e51
2026-02-25 07:18:11.083 8 INFO neutron.plugins.ml2.plugin [None req-74fcad77-8658-4e2c-be81-0ff28e9b9ff1 - - - - - -] Attempt 1 to provision port d2c1b5b8-6b67-4acf-b46d-b84ee63f4e51
2026-02-25 07:18:11.097 8 INFO neutron.db.ovn_revision_numbers_db [None req-2340116a-7469-4d9d-9bd0-752467bac4d7 74f04333263a42bfbdc71ee7427a8d26 b2daa25e11964e0491e8dab183f8157f - - default default] Successfully bumped revision number for resource 8e02fcd8-ed89-40e0-b2cd-c01b13d6d41a (type: networks) to 1
2026-02-25 07:18:11.120 7 INFO neutron_taas.services.taas.taas_plugin [None req-8d7097f5-c94a-46dc-bea2-c598b8fba7b7 3456bcd3c3d9456388b051810e5f72a6 a546ba9bf2a84e9da441361ff986aba3 - - default default] TaaS: Handle Delete Port: 15f5b0ad-17a5-4496-824c-834d62d86c3f
2026-02-25 07:18:11.123 7 INFO neutron_taas.services.taas.tap_mirror_plugin [None req-8d7097f5-c94a-46dc-bea2-c598b8fba7b7 3456bcd3c3d9456388b051810e5f72a6 a546ba9bf2a84e9da441361ff986aba3 - - default default] Tap Mirror: Handle Delete Port: 15f5b0ad-17a5-4496-824c-834d62d86c3f
2026-02-25 07:18:11.458 8 WARNING neutron.scheduler.dhcp_agent_scheduler [None req-2340116a-7469-4d9d-9bd0-752467bac4d7 74f04333263a42bfbdc71ee7427a8d26 b2daa25e11964e0491e8dab183f8157f - - default default] No more DHCP agents
2026-02-25 07:18:11.464 8 WARNING neutron.api.rpc.agentnotifiers.dhcp_rpc_agent_api [None req-2340116a-7469-4d9d-9bd0-752467bac4d7 74f04333263a42bfbdc71ee7427a8d26 b2daa25e11964e0491e8dab183f8157f - - default default] Unable to schedule network 8e02fcd8-ed89-40e0-b2cd-c01b13d6d41a: no agents available; will retry on subsequent port and subnet creation events.
2026-02-25 07:18:11.608 8 INFO neutron.db.ovn_revision_numbers_db [None req-2340116a-7469-4d9d-9bd0-752467bac4d7 74f04333263a42bfbdc71ee7427a8d26 b2daa25e11964e0491e8dab183f8157f - - default default] Successfully bumped revision number for resource 64feb714-d661-4f22-8dd9-3da2b1e82873 (type: ports) to 1 [pid: 8|app: 0|req: 858/1792] 10.0.0.13 () {34 vars in 669 bytes} [Wed Feb 25 07:18:10 2026] POST /v2.0/networks => generated 643 bytes in 947 msecs (HTTP/1.1 201) 4 headers in 162 bytes (1 switches on core 0) [pid: 7|app: 0|req: 935/1793] 10.0.0.13 () {34 vars in 788 bytes} [Wed Feb 25 07:18:10 2026] PUT /v2.0/routers/e0b2153b-4e63-443d-bd22-ac3c294d351b/remove_router_interface => generated 309 bytes in 869 msecs (HTTP/1.1 200) 4 headers in 157 bytes (1 switches on core 0) /var/lib/openstack/lib/python3.12/site-packages/pycadf/identifier.py:70: UserWarning: Invalid uuid: neutron. To ensure interoperability, identifiers should be a valid uuid. warnings.warn(('Invalid uuid: %s. To ensure interoperability, ' [pid: 8|app: 0|req: 859/1794] 10.0.0.13 () {32 vars in 642 bytes} [Wed Feb 25 07:18:11 2026] GET /v2.0/ports => generated 1534 bytes in 111 msecs (HTTP/1.1 200) 4 headers in 158 bytes (1 switches on core 0)
2026-02-25 07:18:11.889 7 INFO neutron.db.ovn_revision_numbers_db [None req-0c6c340d-1fe2-49b8-8f48-a4aa7042b195 74f04333263a42bfbdc71ee7427a8d26 b2daa25e11964e0491e8dab183f8157f - - default default] Successfully bumped revision number for resource 8e02fcd8-ed89-40e0-b2cd-c01b13d6d41a (type: networks) to 2 [pid: 7|app: 0|req: 936/1795] 10.0.0.13 () {34 vars in 742 bytes} [Wed Feb 25 07:18:11 2026] PUT /v2.0/networks/8e02fcd8-ed89-40e0-b2cd-c01b13d6d41a => generated 598 bytes in 170 msecs (HTTP/1.1 200) 4 headers in 157 bytes (1 switches on core 0) [pid: 7|app: 0|req: 937/1796] 10.0.0.13 () {32 vars in 716 bytes} [Wed Feb 25 07:18:11 2026] GET /v2.0/ports/b1575c2a-dfed-410d-a774-e840f2728b4d => generated 775 bytes in 26 msecs (HTTP/1.1 200) 4 headers in 157 bytes (1 switches on core 0)
2026-02-25 07:18:12.007 8 INFO neutron.db.ovn_revision_numbers_db [None req-74fcad77-8658-4e2c-be81-0ff28e9b9ff1 - - - - - -] Successfully bumped revision number for resource d2c1b5b8-6b67-4acf-b46d-b84ee63f4e51 (type: ports) to 2
2026-02-25 07:18:12.070 7 WARNING neutron.scheduler.dhcp_agent_scheduler [None req-f4aa1222-4416-4267-93d8-ba9cdc328ddf 74f04333263a42bfbdc71ee7427a8d26 b2daa25e11964e0491e8dab183f8157f - - default default] No more DHCP agents
2026-02-25 07:18:12.071 7 WARNING neutron.api.rpc.agentnotifiers.dhcp_rpc_agent_api [None req-f4aa1222-4416-4267-93d8-ba9cdc328ddf 74f04333263a42bfbdc71ee7427a8d26 b2daa25e11964e0491e8dab183f8157f - - default default] Unable to schedule network 8e02fcd8-ed89-40e0-b2cd-c01b13d6d41a: no agents available; will retry on subsequent port and subnet creation events. [pid: 8|app: 0|req: 860/1797] 10.0.0.13 () {32 vars in 723 bytes} [Wed Feb 25 07:18:11 2026] DELETE /v2.0/subnets/63f14124-7eff-49cd-aa8d-192c31cd6bdd => generated 0 bytes in 310 msecs (HTTP/1.1 204) 3 headers in 131 bytes (1 switches on core 0)
2026-02-25 07:18:12.117 8 INFO neutron.pecan_wsgi.hooks.translation [None req-fa844f2e-b533-4e9f-a71c-dc570d55e8d0 e5b222c5811742b8b4cdfa85c8c186be 6940d767fd4c4ec5a1ad5cc102b43c1a - - default default] DELETE failed (client error): The resource could not be found. [pid: 8|app: 0|req: 861/1798] 10.0.0.13 () {32 vars in 719 bytes} [Wed Feb 25 07:18:12 2026] DELETE /v2.0/ports/ae8400e5-6fd6-420e-b1af-082470252caa => generated 132 bytes in 32 msecs (HTTP/1.1 404) 4 headers in 164 bytes (1 switches on core 0)
2026-02-25 07:18:12.435 8 INFO neutron_taas.services.taas.taas_plugin [None req-21a9e8a9-67ab-4da3-acf9-218f952b7184 3456bcd3c3d9456388b051810e5f72a6 a546ba9bf2a84e9da441361ff986aba3 - - default default] TaaS: Handle Delete Port: 8b19f4ff-be94-40a5-949f-952c8b0750cf
2026-02-25 07:18:12.444 8 INFO neutron_taas.services.taas.tap_mirror_plugin [None req-21a9e8a9-67ab-4da3-acf9-218f952b7184 3456bcd3c3d9456388b051810e5f72a6 a546ba9bf2a84e9da441361ff986aba3 - - default default] Tap Mirror: Handle Delete Port: 8b19f4ff-be94-40a5-949f-952c8b0750cf
2026-02-25 07:18:12.501 7 INFO neutron.db.ovn_revision_numbers_db [None req-d9827242-fbd2-4186-832f-0d3d777d7bd1 - - - - - -] Successfully bumped revision number for resource 64feb714-d661-4f22-8dd9-3da2b1e82873 (type: ports) to 2
2026-02-25 07:18:12.527 7 INFO neutron.db.ovn_revision_numbers_db [None req-d9827242-fbd2-4186-832f-0d3d777d7bd1 - - - - - -] Successfully bumped revision number for resource ac4aec20-2888-40ec-b8a7-2a9e19170340 (type: subnets) to 0 [pid: 7|app: 0|req: 938/1799] 10.0.0.13 () {34 vars in 668 bytes} [Wed Feb 25 07:18:11 2026] POST /v2.0/subnets => generated 626 bytes in 622 msecs (HTTP/1.1 201) 4 headers in 162 bytes (1 switches on core 0)
2026-02-25 07:18:12.557 7 INFO neutron.pecan_wsgi.hooks.translation [None req-688c11e6-e7a1-48ba-b914-2d9afb8f9c8c e5b222c5811742b8b4cdfa85c8c186be 6940d767fd4c4ec5a1ad5cc102b43c1a - - default default] DELETE failed (client error): The resource could not be found. [pid: 7|app: 0|req: 939/1800] 10.0.0.13 () {32 vars in 723 bytes} [Wed Feb 25 07:18:12 2026] DELETE /v2.0/subnets/4cd65b72-66c1-48da-b772-dc1060fda6a9 => generated 136 bytes in 14 msecs (HTTP/1.1 404) 4 headers in 164 bytes (1 switches on core 0)
2026-02-25 07:18:12.820 7 INFO neutron.db.ovn_revision_numbers_db [None req-32583b5c-d8fa-4d7f-ae31-f57976d676cb 74f04333263a42bfbdc71ee7427a8d26 b2daa25e11964e0491e8dab183f8157f - - default default] Successfully bumped revision number for resource ac4aec20-2888-40ec-b8a7-2a9e19170340 (type: subnets) to 1 [pid: 7|app: 0|req: 940/1801] 10.0.0.13 () {34 vars in 740 bytes} [Wed Feb 25 07:18:12 2026] PUT /v2.0/subnets/ac4aec20-2888-40ec-b8a7-2a9e19170340 => generated 636 bytes in 264 msecs (HTTP/1.1 200) 4 headers in 157 bytes (1 switches on core 0)
2026-02-25 07:18:12.836 7 INFO neutron.pecan_wsgi.hooks.translation [None req-3d3b6e52-e4db-45a5-9d01-fdf7e2d84e92 e5b222c5811742b8b4cdfa85c8c186be 6940d767fd4c4ec5a1ad5cc102b43c1a - - default default] DELETE failed (client error): The resource could not be found. [pid: 7|app: 0|req: 941/1802] 10.0.0.13 () {32 vars in 723 bytes} [Wed Feb 25 07:18:12 2026] DELETE /v2.0/subnets/d01f9a06-e37f-4a49-a480-79ebe8ff3b12 => generated 136 bytes in 14 msecs (HTTP/1.1 404) 4 headers in 164 bytes (1 switches on core 0) [pid: 8|app: 0|req: 862/1803] 10.0.0.13 () {32 vars in 723 bytes} [Wed Feb 25 07:18:12 2026] DELETE /v2.0/routers/e0b2153b-4e63-443d-bd22-ac3c294d351b => generated 0 bytes in 803 msecs (HTTP/1.1 204) 2 headers in 112 bytes (1 switches on core 0)
2026-02-25 07:18:13.024 8 INFO neutron_taas.services.taas.taas_plugin [None req-7ff6a8d3-3b45-4ce4-8202-e299f4c34ac6 e5b222c5811742b8b4cdfa85c8c186be 6940d767fd4c4ec5a1ad5cc102b43c1a - - default default] TaaS: Handle Delete Port: b1575c2a-dfed-410d-a774-e840f2728b4d
2026-02-25 07:18:13.026 7 INFO neutron_taas.services.taas.taas_plugin [None req-9d90aa0b-8b97-43eb-b0cc-c4c9a3b318f5 74f04333263a42bfbdc71ee7427a8d26 b2daa25e11964e0491e8dab183f8157f - - default default] TaaS: Handle Delete Port: 64feb714-d661-4f22-8dd9-3da2b1e82873
2026-02-25 07:18:13.027 8 INFO neutron_taas.services.taas.tap_mirror_plugin [None req-7ff6a8d3-3b45-4ce4-8202-e299f4c34ac6 e5b222c5811742b8b4cdfa85c8c186be 6940d767fd4c4ec5a1ad5cc102b43c1a - - default default] Tap Mirror: Handle Delete Port: b1575c2a-dfed-410d-a774-e840f2728b4d
2026-02-25 07:18:13.029 7 INFO neutron_taas.services.taas.tap_mirror_plugin [None req-9d90aa0b-8b97-43eb-b0cc-c4c9a3b318f5 74f04333263a42bfbdc71ee7427a8d26 b2daa25e11964e0491e8dab183f8157f - - default default] Tap Mirror: Handle Delete Port: 64feb714-d661-4f22-8dd9-3da2b1e82873 [pid: 8|app: 0|req: 863/1804] 10.0.0.13 () {32 vars in 719 bytes} [Wed Feb 25 07:18:12 2026] DELETE /v2.0/ports/b1575c2a-dfed-410d-a774-e840f2728b4d => generated 0 bytes in 219 msecs (HTTP/1.1 204) 3 headers in 131 bytes (1 switches on core 0)
2026-02-25 07:18:13.281 8 INFO neutron_taas.services.taas.taas_plugin [None req-613b0ff9-cbca-471d-86ee-cce5e3ebd354 3456bcd3c3d9456388b051810e5f72a6 a546ba9bf2a84e9da441361ff986aba3 - - default default] TaaS: Handle Delete Port: 4d17a3e8-46cc-4720-920d-6368cc421fd7
2026-02-25 07:18:13.285 8 INFO neutron_taas.services.taas.tap_mirror_plugin [None req-613b0ff9-cbca-471d-86ee-cce5e3ebd354 3456bcd3c3d9456388b051810e5f72a6 a546ba9bf2a84e9da441361ff986aba3 - - default default] Tap Mirror: Handle Delete Port: 4d17a3e8-46cc-4720-920d-6368cc421fd7
2026-02-25 07:18:13.388 7 INFO neutron.services.segments.plugin [-] Segment 9e11210e-ac50-4e53-9834-16f589ebc67e resource provider aggregate not found
2026-02-25 07:18:13.398 7 INFO neutron.services.segments.plugin [-] Segment 9e11210e-ac50-4e53-9834-16f589ebc67e resource provider aggregate not found
2026-02-25 07:18:13.414 7 INFO neutron.services.segments.plugin [-] Segment 9e11210e-ac50-4e53-9834-16f589ebc67e resource provider not found; error: Placement Client Error (4xx): {"errors": [{"status": 404, "title": "Not Found", "detail": "The resource could not be found.\n\n No resource provider with uuid 9e11210e-ac50-4e53-9834-16f589ebc67e found for delete ", "request_id": "req-7628c49a-1ff1-4c44-b551-98e24404c486"}]}
2026-02-25 07:18:13.417 7 INFO neutron.services.segments.plugin [-] Segment 9e11210e-ac50-4e53-9834-16f589ebc67e resource provider not found; error: Placement Client Error (4xx): {"errors": [{"status": 404, "title": "Not Found", "detail": "The resource could not be found.\n\n No resource provider with uuid 9e11210e-ac50-4e53-9834-16f589ebc67e found for delete ", "request_id": "req-6cd034dc-b102-4c8e-8aba-27ae07051b42"}]} [pid: 7|app: 0|req: 942/1805] 10.0.0.13 () {32 vars in 725 bytes} [Wed Feb 25 07:18:12 2026] DELETE /v2.0/networks/8e02fcd8-ed89-40e0-b2cd-c01b13d6d41a => generated 0 bytes in 623 msecs (HTTP/1.1 204) 3 headers in 131 bytes (1 switches on core 0)
2026-02-25 07:18:13.482 8 INFO neutron.services.segments.plugin [-] Segment 316f87cd-dea7-4174-b8a7-c9665b83f66a resource provider aggregate not found
2026-02-25 07:18:13.485 8 INFO neutron.services.segments.plugin [-] Segment 316f87cd-dea7-4174-b8a7-c9665b83f66a resource provider aggregate not found
2026-02-25 07:18:13.504 8 INFO neutron.services.segments.plugin [-] Segment 316f87cd-dea7-4174-b8a7-c9665b83f66a resource provider not found; error: Placement Client Error (4xx): {"errors": [{"status": 404, "title": "Not Found", "detail": "The resource could not be found.\n\n No resource provider with uuid 316f87cd-dea7-4174-b8a7-c9665b83f66a found for delete ", "request_id": "req-9df860f8-3744-41a2-8b85-79a7f2aadf18"}]}
2026-02-25 07:18:13.506 8 INFO neutron.services.segments.plugin [-] Segment 316f87cd-dea7-4174-b8a7-c9665b83f66a resource provider not found; error: Placement Client Error (4xx): {"errors": [{"status": 404, "title": "Not Found", "detail": "The resource could not be found.\n\n No resource provider with uuid 316f87cd-dea7-4174-b8a7-c9665b83f66a found for delete ", "request_id": "req-9e821cfa-968b-42a1-a93b-cb689aab2ef8"}]} [pid: 7|app: 0|req: 943/1806] 10.0.0.34 () {34 vars in 981 bytes} [Wed Feb 25 07:18:13 2026] GET /v2.0/networks?id=c822b206-75f5-474f-b442-f3fcc7aa8220 => generated 671 bytes in 47 msecs (HTTP/1.1 200) 4 headers in 157 bytes (1 switches on core 0) [pid: 8|app: 0|req: 864/1807] 10.0.0.13 () {32 vars in 725 bytes} [Wed Feb 25 07:18:13 2026] DELETE /v2.0/networks/0966fbda-4994-45d7-a77f-87d6ab64c5c1 => generated 0 bytes in 404 msecs (HTTP/1.1 204) 3 headers in 131 bytes (1 switches on core 0)
2026-02-25 07:18:13.558 8 INFO neutron.pecan_wsgi.hooks.translation [None req-7cf4ebae-c5eb-454c-8c54-11587bb278fb 74f04333263a42bfbdc71ee7427a8d26 b2daa25e11964e0491e8dab183f8157f - - default default] DELETE failed (client error): The resource could not be found. [pid: 8|app: 0|req: 865/1808] 10.0.0.13 () {32 vars in 725 bytes} [Wed Feb 25 07:18:13 2026] DELETE /v2.0/networks/8e02fcd8-ed89-40e0-b2cd-c01b13d6d41a => generated 138 bytes in 10 msecs (HTTP/1.1 404) 4 headers in 164 bytes (1 switches on core 0) [pid: 8|app: 0|req: 866/1809] 10.0.0.34 () {34 vars in 964 bytes} [Wed Feb 25 07:18:13 2026] GET /v2.0/quotas/f19abe4e938147abafad73973717a380 => generated 292 bytes in 6 msecs (HTTP/1.1 200) 4 headers in 157 bytes (1 switches on core 0) [pid: 8|app: 0|req: 867/1810] 10.0.0.13 () {32 vars in 693 bytes} [Wed Feb 25 07:18:13 2026] GET /v2.0/networks?router%3Aexternal=True => generated 651 bytes in 46 msecs (HTTP/1.1 200) 4 headers in 157 bytes (1 switches on core 0)
2026-02-25 07:18:13.652 7 INFO neutron_taas.services.taas.taas_plugin [None req-16da878e-6559-49c8-b6c5-8e52f620160e e5b222c5811742b8b4cdfa85c8c186be 6940d767fd4c4ec5a1ad5cc102b43c1a - - default default] TaaS: Handle Delete Port: b5197f53-97df-4f42-baa2-a6aa1bd07804
2026-02-25 07:18:13.655 7 INFO neutron_taas.services.taas.tap_mirror_plugin [None req-16da878e-6559-49c8-b6c5-8e52f620160e e5b222c5811742b8b4cdfa85c8c186be 6940d767fd4c4ec5a1ad5cc102b43c1a - - default default] Tap Mirror: Handle Delete Port: b5197f53-97df-4f42-baa2-a6aa1bd07804 [pid: 8|app: 0|req: 868/1811] 10.0.0.34 () {34 vars in 1001 bytes} [Wed Feb 25 07:18:13 2026] GET /v2.0/ports?tenant_id=f19abe4e938147abafad73973717a380&fields=id => generated 103 bytes in 65 msecs (HTTP/1.1 200) 4 headers in 157 bytes (1 switches on core 0) [pid: 8|app: 0|req: 869/1812] 10.0.0.13 () {32 vars in 741 bytes} [Wed Feb 25 07:18:13 2026] GET /v2.0/subnets?network_id=c4602b8b-b46e-48c5-aec6-16a634b0c6bc => generated 649 bytes in 33 msecs (HTTP/1.1 200) 4 headers in 157 bytes (1 switches on core 0) [pid: 8|app: 0|req: 870/1813] 10.0.0.34 () {34 vars in 1007 bytes} [Wed Feb 25 07:18:13 2026] GET /v2.0/networks/c822b206-75f5-474f-b442-f3fcc7aa8220?fields=segments => generated 14 bytes in 68 msecs (HTTP/1.1 200) 4 headers in 156 bytes (1 switches on core 0) [pid: 8|app: 0|req: 871/1814] 10.0.0.13 () {32 vars in 652 bytes} [Wed Feb 25 07:18:13 2026] GET /v2.0/extensions => generated 20118 bytes in 4 msecs (HTTP/1.1 200) 4 headers in 159 bytes (1 switches on core 0) [pid: 8|app: 0|req: 872/1815] 10.0.0.34 () {34 vars in 1107 bytes} [Wed Feb 25 07:18:13 2026] GET /v2.0/networks/c822b206-75f5-474f-b442-f3fcc7aa8220?fields=provider%3Aphysical_network&fields=provider%3Anetwork_type => generated 79 bytes in 53 msecs (HTTP/1.1 200) 4 headers in 156 bytes (1 switches on core 0) [pid: 7|app: 0|req: 944/1816] 10.0.0.13 () {32 vars in 725 bytes} [Wed Feb 25 07:18:13 2026] DELETE /v2.0/networks/39f78d45-1358-4455-8119-f5632ffb2050 => generated 0 bytes in 380 msecs (HTTP/1.1 204) 3 headers in 131 bytes (1 switches on core 0) [pid: 8|app: 0|req: 873/1817] 10.0.0.13 () {32 vars in 648 bytes} [Wed Feb 25 07:18:13 2026] GET /v2.0/networks => generated 1309 bytes in 76 msecs (HTTP/1.1 200) 4 headers in 158 bytes (1 switches on core 0) [pid: 7|app: 0|req: 945/1818] 10.0.0.13 () {32 vars in 646 bytes} [Wed Feb 25 07:18:13 2026] GET /v2.0/subnets => generated 1280 bytes in 43 msecs (HTTP/1.1 200) 4 headers in 158 bytes (1 switches on core 0) [pid: 8|app: 0|req: 874/1819] 10.0.0.34 () {34 vars in 989 bytes} [Wed Feb 25 07:18:13 2026] GET /v2.0/ports?device_id=975c25c5-ba57-4386-b5be-65a970ef53d8 => generated 12 bytes in 34 msecs (HTTP/1.1 200) 4 headers in 156 bytes (1 switches on core 0) [pid: 7|app: 0|req: 946/1820] 10.0.0.13 () {32 vars in 722 bytes} [Wed Feb 25 07:18:13 2026] GET /v2.0/networks/090104a2-72e6-4d01-8044-93cbf0ad28cb => generated 669 bytes in 48 msecs (HTTP/1.1 200) 4 headers in 157 bytes (1 switches on core 0) [pid: 8|app: 0|req: 875/1821] 10.0.0.13 () {32 vars in 720 bytes} [Wed Feb 25 07:18:14 2026] GET /v2.0/subnets/1d00e939-447b-4f1c-a184-af2c1763e5df => generated 641 bytes in 36 msecs (HTTP/1.1 200) 4 headers in 157 bytes (1 switches on core 0)
2026-02-25 07:18:14.089 7 INFO neutron.pecan_wsgi.hooks.translation [None req-501124aa-b9e4-4b7b-9ffa-45e19be29d62 74f04333263a42bfbdc71ee7427a8d26 b2daa25e11964e0491e8dab183f8157f - - default default] DELETE failed (client error): The resource could not be found. [pid: 7|app: 0|req: 947/1822] 10.0.0.13 () {32 vars in 723 bytes} [Wed Feb 25 07:18:14 2026] DELETE /v2.0/subnets/ac4aec20-2888-40ec-b8a7-2a9e19170340 => generated 136 bytes in 20 msecs (HTTP/1.1 404) 4 headers in 164 bytes (1 switches on core 0)
2026-02-25 07:18:14.111 8 INFO neutron.pecan_wsgi.hooks.translation [None req-05adbd5b-74b4-43dc-83aa-71a66caebcff 74f04333263a42bfbdc71ee7427a8d26 b2daa25e11964e0491e8dab183f8157f - - default default] DELETE failed (client error): The resource could not be found. [pid: 8|app: 0|req: 876/1823] 10.0.0.13 () {32 vars in 725 bytes} [Wed Feb 25 07:18:14 2026] DELETE /v2.0/networks/8e02fcd8-ed89-40e0-b2cd-c01b13d6d41a => generated 138 bytes in 17 msecs (HTTP/1.1 404) 4 headers in 164 bytes (1 switches on core 0) [pid: 7|app: 0|req: 948/1824] 10.0.0.13 () {32 vars in 723 bytes} [Wed Feb 25 07:18:14 2026] DELETE /v2.0/subnets/1d00e939-447b-4f1c-a184-af2c1763e5df => generated 0 bytes in 183 msecs (HTTP/1.1 204) 3 headers in 131 bytes (1 switches on core 0) [pid: 8|app: 0|req: 877/1825] 10.0.0.13 () {32 vars in 773 bytes} [Wed Feb 25 07:18:14 2026] GET /v2.0/security-groups?tenant_id=a546ba9bf2a84e9da441361ff986aba3&name=default => generated 2925 bytes in 173 msecs (HTTP/1.1 200) 4 headers in 158 bytes (1 switches on core 0)
2026-02-25 07:18:14.422 7 INFO neutron_taas.services.taas.taas_plugin [None req-d507eefe-8e0e-4835-8b0d-b4cf54b630df 74f04333263a42bfbdc71ee7427a8d26 b2daa25e11964e0491e8dab183f8157f - - default default] TaaS: Handle Delete Port: fa7c94bd-3e0a-4bd2-91f4-93eacaa15ea5 [pid: 8|app: 0|req: 878/1826] 10.0.0.13 () {32 vars in 773 bytes} [Wed Feb 25 07:18:14 2026] GET /v2.0/security-groups?tenant_id=6940d767fd4c4ec5a1ad5cc102b43c1a&name=default => generated 2925 bytes in 64 msecs (HTTP/1.1 200) 4 headers in 158 bytes (1 switches on core 0)
2026-02-25 07:18:14.425 7 INFO neutron_taas.services.taas.tap_mirror_plugin [None req-d507eefe-8e0e-4835-8b0d-b4cf54b630df 74f04333263a42bfbdc71ee7427a8d26 b2daa25e11964e0491e8dab183f8157f - - default default] Tap Mirror: Handle Delete Port: fa7c94bd-3e0a-4bd2-91f4-93eacaa15ea5 [pid: 7|app: 0|req: 949/1827] 10.0.0.13 () {32 vars in 725 bytes} [Wed Feb 25 07:18:14 2026] DELETE /v2.0/networks/090104a2-72e6-4d01-8044-93cbf0ad28cb => generated 0 bytes in 384 msecs (HTTP/1.1 204) 3 headers in 131 bytes (1 switches on core 0) [pid: 8|app: 0|req: 879/1828] 10.0.0.13 () {32 vars in 739 bytes} [Wed Feb 25 07:18:14 2026] DELETE /v2.0/security-groups/4f6d4ff6-5ac2-4740-af9a-5bc10b8211b2 => generated 0 bytes in 305 msecs (HTTP/1.1 204) 2 headers in 112 bytes (1 switches on core 0) [pid: 7|app: 0|req: 950/1829] 10.0.0.13 () {32 vars in 739 bytes} [Wed Feb 25 07:18:14 2026] DELETE /v2.0/security-groups/ea9a8b01-b23a-4392-99c5-0bc4273393e3 => generated 0 bytes in 255 msecs (HTTP/1.1 204) 2 headers in 112 bytes (1 switches on core 0)
2026-02-25 07:18:15.013 8 INFO neutron.db.ovn_revision_numbers_db [None req-29040165-da98-4f83-8aa4-b5e8e3e3491a 2469ece70ce7499b8626998baec535e2 e10df551d00e42c9a7a316787d565325 - - default default] Successfully bumped revision number for resource eee24cb8-3d18-4149-a369-581ca7ce68e3 (type: security_groups) to 1
2026-02-25 07:18:15.023 8 INFO neutron.db.ovn_revision_numbers_db [None req-29040165-da98-4f83-8aa4-b5e8e3e3491a 2469ece70ce7499b8626998baec535e2 e10df551d00e42c9a7a316787d565325 - - default default] Successfully bumped revision number for resource 30a9fe65-79f7-4261-9a31-987a039f9a04 (type: security_group_rules) to 0
2026-02-25 07:18:15.035 8 INFO neutron.db.ovn_revision_numbers_db [None req-29040165-da98-4f83-8aa4-b5e8e3e3491a 2469ece70ce7499b8626998baec535e2 e10df551d00e42c9a7a316787d565325 - - default default] Successfully bumped revision number for resource b89375a7-fdba-4b33-8c22-4f8aa9f0cff0 (type: security_group_rules) to 0 [pid: 7|app: 0|req: 951/1830] 10.0.0.34 () {34 vars in 989 bytes} [Wed Feb 25 07:18:15 2026] GET /v2.0/ports?device_id=975c25c5-ba57-4386-b5be-65a970ef53d8 => generated 12 bytes in 21 msecs (HTTP/1.1 200) 4 headers in 156 bytes (1 switches on core 0)
2026-02-25 07:18:15.053 8 INFO neutron.db.ovn_revision_numbers_db [None req-29040165-da98-4f83-8aa4-b5e8e3e3491a 2469ece70ce7499b8626998baec535e2 e10df551d00e42c9a7a316787d565325 - - default default] Successfully bumped revision number for resource ee26d4b5-3f3a-4fa5-ac1b-3a62f4380d8e (type: security_group_rules) to 0
2026-02-25 07:18:15.066 8 INFO neutron.db.ovn_revision_numbers_db [None req-29040165-da98-4f83-8aa4-b5e8e3e3491a 2469ece70ce7499b8626998baec535e2 e10df551d00e42c9a7a316787d565325 - - default default] Successfully bumped revision number for resource f485c8ae-4a25-424b-9ef2-0be4fda3fe7e (type: security_group_rules) to 0 [pid: 8|app: 0|req: 880/1831] 10.0.0.13 () {32 vars in 773 bytes} [Wed Feb 25 07:18:14 2026] GET /v2.0/security-groups?tenant_id=1a1684372971479aa23dbde7a4624a8f&name=default => generated 2925 bytes in 291 msecs (HTTP/1.1 200) 4 headers in 158 bytes (1 switches on core 0) [pid: 8|app: 0|req: 881/1832] 10.0.0.13 () {32 vars in 773 bytes} [Wed Feb 25 07:18:15 2026] GET /v2.0/security-groups?tenant_id=b2daa25e11964e0491e8dab183f8157f&name=default => generated 2925 bytes in 219 msecs (HTTP/1.1 200) 4 headers in 158 bytes (1 switches on core 0)
2026-02-25 07:18:15.436 7 INFO neutron.services.segments.plugin [-] Segment e35daeb1-3500-4e80-994d-578762ccaf3e resource provider aggregate not found
2026-02-25 07:18:15.443 7 INFO neutron.services.segments.plugin [-] Segment e35daeb1-3500-4e80-994d-578762ccaf3e resource provider aggregate not found
2026-02-25 07:18:15.463 7 INFO neutron.services.segments.plugin [-] Segment e35daeb1-3500-4e80-994d-578762ccaf3e resource provider not found; error: Placement Client Error (4xx): {"errors": [{"status": 404, "title": "Not Found", "detail": "The resource could not be found.\n\n No resource provider with uuid e35daeb1-3500-4e80-994d-578762ccaf3e found for delete ", "request_id": "req-b7448d8e-346a-48bf-a3dd-108866c9e4f7"}]}
2026-02-25 07:18:15.466 7 INFO neutron.services.segments.plugin [-] Segment e35daeb1-3500-4e80-994d-578762ccaf3e resource provider not found; error: Placement Client Error (4xx): {"errors": [{"status": 404, "title": "Not Found", "detail": "The resource could not be found.\n\n No resource provider with uuid e35daeb1-3500-4e80-994d-578762ccaf3e found for delete ", "request_id": "req-d8d86c09-350c-4361-acf9-d63c5cb6525d"}]} [pid: 7|app: 0|req: 952/1833] 10.0.0.13 () {32 vars in 739 bytes} [Wed Feb 25 07:18:15 2026] DELETE /v2.0/security-groups/eee24cb8-3d18-4149-a369-581ca7ce68e3 => generated 0 bytes in 358 msecs (HTTP/1.1 204) 2 headers in 112 bytes (1 switches on core 0)
2026-02-25 07:18:15.480 7 INFO neutron.services.segments.plugin [-] Segment 1c09da23-9cf0-4301-b6de-bf76cad15a3d resource provider aggregate not found
2026-02-25 07:18:15.486 7 INFO neutron.services.segments.plugin [-] Segment 1c09da23-9cf0-4301-b6de-bf76cad15a3d resource provider aggregate not found
2026-02-25 07:18:15.504 7 INFO neutron.services.segments.plugin [-] Segment 1c09da23-9cf0-4301-b6de-bf76cad15a3d resource provider not found; error: Placement Client Error (4xx): {"errors": [{"status": 404, "title": "Not Found", "detail": "The resource could not be found.\n\n No resource provider with uuid 1c09da23-9cf0-4301-b6de-bf76cad15a3d found for delete ", "request_id": "req-ddc04d9d-4c3c-4cd0-bcc8-343c54320184"}]}
2026-02-25 07:18:15.505 7 INFO neutron.services.segments.plugin [-] Segment 1c09da23-9cf0-4301-b6de-bf76cad15a3d resource provider not found; error: Placement Client Error (4xx): {"errors": [{"status": 404, "title": "Not Found", "detail": "The resource could not be found.\n\n No resource provider with uuid 1c09da23-9cf0-4301-b6de-bf76cad15a3d found for delete ", "request_id": "req-d6c181bb-ef11-4a2a-8989-a24e8442f0ad"}]} [pid: 8|app: 0|req: 882/1834] 10.0.0.13 () {32 vars in 739 bytes} [Wed Feb 25 07:18:15 2026] DELETE /v2.0/security-groups/59c17633-3389-4102-9bfb-53201aed1c8a => generated 0 bytes in 355 msecs (HTTP/1.1 204) 2 headers in 112 bytes (1 switches on core 0) [pid: 7|app: 0|req: 953/1835] 10.0.0.34 () {34 vars in 989 bytes} [Wed Feb 25 07:18:16 2026] GET /v2.0/ports?device_id=975c25c5-ba57-4386-b5be-65a970ef53d8 => generated 12 bytes in 25 msecs (HTTP/1.1 200) 4 headers in 156 bytes (1 switches on core 0)
2026-02-25 07:18:16.929 8 INFO neutron.db.ovn_revision_numbers_db [None req-f9bdc660-24c1-4420-bfc6-49ee29fd6d03 56ee04d65eaa40a4bc2050db22f7bf56 05b60dd58031417cadb785ecf33af6a0 - - default default] Successfully bumped revision number for resource ceeaccce-198a-438d-b0b4-0209cd9c4f88 (type: security_groups) to 1
2026-02-25 07:18:16.940 8 INFO neutron.db.ovn_revision_numbers_db [None req-f9bdc660-24c1-4420-bfc6-49ee29fd6d03 56ee04d65eaa40a4bc2050db22f7bf56 05b60dd58031417cadb785ecf33af6a0 - - default default] Successfully bumped revision number for resource 03ec99c9-435c-4e59-aa79-2a70dd55f084 (type: security_group_rules) to 0
2026-02-25 07:18:16.951 8 INFO neutron.db.ovn_revision_numbers_db [None req-f9bdc660-24c1-4420-bfc6-49ee29fd6d03 56ee04d65eaa40a4bc2050db22f7bf56 05b60dd58031417cadb785ecf33af6a0 - - default default] Successfully bumped revision number for resource 7a6d4c9e-c32d-45c4-915b-9480991464c7 (type: security_group_rules) to 0
2026-02-25 07:18:16.964 8 INFO neutron.db.ovn_revision_numbers_db [None req-f9bdc660-24c1-4420-bfc6-49ee29fd6d03 56ee04d65eaa40a4bc2050db22f7bf56 05b60dd58031417cadb785ecf33af6a0 - - default default] Successfully bumped revision number for resource b3a718b1-7103-4554-b973-83e66a958e10 (type: security_group_rules) to 0
2026-02-25 07:18:17.001 8 INFO neutron.db.ovn_revision_numbers_db [None req-f9bdc660-24c1-4420-bfc6-49ee29fd6d03 56ee04d65eaa40a4bc2050db22f7bf56 05b60dd58031417cadb785ecf33af6a0 - - default default] Successfully bumped revision number for resource bed17aa0-1a02-4901-9f5d-1b0f3159ac34 (type: security_group_rules) to 0
2026-02-25 07:18:17.074 8 INFO neutron.db.segments_db [None req-f9bdc660-24c1-4420-bfc6-49ee29fd6d03 56ee04d65eaa40a4bc2050db22f7bf56 05b60dd58031417cadb785ecf33af6a0 - - default default] Added segment cbcdb10a-f2cc-45f2-a3ed-309c22631889 of type geneve for network 398099b4-15c8-453a-bbee-f79f9db598bf
2026-02-25 07:18:17.214 8 INFO neutron.db.ovn_revision_numbers_db [None req-f9bdc660-24c1-4420-bfc6-49ee29fd6d03 56ee04d65eaa40a4bc2050db22f7bf56 05b60dd58031417cadb785ecf33af6a0 - - default default] Successfully bumped revision number for resource 398099b4-15c8-453a-bbee-f79f9db598bf (type: networks) to 1 [pid: 7|app: 0|req: 954/1836] 10.0.0.34 () {34 vars in 989 bytes} [Wed Feb 25 07:18:17 2026] GET /v2.0/ports?device_id=975c25c5-ba57-4386-b5be-65a970ef53d8 => generated 12 bytes in 32 msecs (HTTP/1.1 200) 4 headers in 156 bytes (1 switches on core 0)
2026-02-25 07:18:17.387 8 WARNING neutron.scheduler.dhcp_agent_scheduler [None req-f9bdc660-24c1-4420-bfc6-49ee29fd6d03 56ee04d65eaa40a4bc2050db22f7bf56 05b60dd58031417cadb785ecf33af6a0 - - default default] No more DHCP agents
2026-02-25 07:18:17.388 8 WARNING neutron.api.rpc.agentnotifiers.dhcp_rpc_agent_api [None req-f9bdc660-24c1-4420-bfc6-49ee29fd6d03 56ee04d65eaa40a4bc2050db22f7bf56 05b60dd58031417cadb785ecf33af6a0 - - default default] Unable to schedule network 398099b4-15c8-453a-bbee-f79f9db598bf: no agents available; will retry on subsequent port and subnet creation events.
2026-02-25 07:18:17.485 8 INFO neutron.db.ovn_revision_numbers_db [None req-f9bdc660-24c1-4420-bfc6-49ee29fd6d03 56ee04d65eaa40a4bc2050db22f7bf56 05b60dd58031417cadb785ecf33af6a0 - - default default] Successfully bumped revision number for resource cba0f9ae-3b06-4ca6-bfd3-cb402293a093 (type: ports) to 1 [pid: 8|app: 0|req: 883/1837] 10.0.0.13 () {34 vars in 669 bytes} [Wed Feb 25 07:18:16 2026] POST /v2.0/networks => generated 634 bytes in 853 msecs (HTTP/1.1 201) 4 headers in 162 bytes (1 switches on core 0)
2026-02-25 07:18:17.589 8 INFO neutron.db.segments_db [None req-26959b74-0ff4-4ac5-88c5-246c2235ec24 56ee04d65eaa40a4bc2050db22f7bf56 05b60dd58031417cadb785ecf33af6a0 - - default default] Added segment cbb5f6d9-b92b-4412-801b-2dab36eaed3a of type geneve for network 762d1af6-263c-43cc-8916-d75b146fc6f9
2026-02-25 07:18:17.694 7 INFO neutron.db.ovn_revision_numbers_db [None req-52e5286b-c33b-435b-a04a-d17bcda95a4d 15754d1268bf4ddeaed76e504f18a69f 93796b836a8d4eed8713c873c92a849b - - default default] Successfully bumped revision number for resource d0fdd09d-b7bc-42c6-86a4-27bfba16462b (type: security_groups) to 1
2026-02-25 07:18:17.716 7 INFO neutron.db.ovn_revision_numbers_db [None req-52e5286b-c33b-435b-a04a-d17bcda95a4d 15754d1268bf4ddeaed76e504f18a69f 93796b836a8d4eed8713c873c92a849b - - default default] Successfully bumped revision number for resource 2611614b-8526-4028-a6c7-00b72513fd92 (type: security_group_rules) to 0
2026-02-25 07:18:17.724 8 INFO neutron.db.ovn_revision_numbers_db [None req-26959b74-0ff4-4ac5-88c5-246c2235ec24 56ee04d65eaa40a4bc2050db22f7bf56 05b60dd58031417cadb785ecf33af6a0 - - default default] Successfully bumped revision number for resource 762d1af6-263c-43cc-8916-d75b146fc6f9 (type: networks) to 1
2026-02-25 07:18:17.732 7 INFO neutron.db.ovn_revision_numbers_db [None req-52e5286b-c33b-435b-a04a-d17bcda95a4d 15754d1268bf4ddeaed76e504f18a69f 93796b836a8d4eed8713c873c92a849b - - default default] Successfully bumped revision number for resource 79408cb4-0c59-469a-802e-8a1f5d60ca8f (type: security_group_rules) to 0
2026-02-25 07:18:17.743 7 INFO neutron.db.ovn_revision_numbers_db [None req-52e5286b-c33b-435b-a04a-d17bcda95a4d 15754d1268bf4ddeaed76e504f18a69f 93796b836a8d4eed8713c873c92a849b - - default default] Successfully bumped revision number for resource a96b2113-5d9a-42af-a788-eda1065e4a2b (type: security_group_rules) to 0
2026-02-25 07:18:17.753 7 INFO neutron.db.ovn_revision_numbers_db [None req-52e5286b-c33b-435b-a04a-d17bcda95a4d 15754d1268bf4ddeaed76e504f18a69f 93796b836a8d4eed8713c873c92a849b - - default default] Successfully bumped revision number for resource c2c5dffd-095a-4dd7-9094-0ffbfafb8844 (type: security_group_rules) to 0
2026-02-25 07:18:17.836 7 INFO neutron.db.segments_db [None req-52e5286b-c33b-435b-a04a-d17bcda95a4d 15754d1268bf4ddeaed76e504f18a69f 93796b836a8d4eed8713c873c92a849b - - default default] Added segment 371d26c0-bf55-4356-ac16-24cad1003e59 of type geneve for network c24cbb95-0a02-40cf-8586-ee7ce087a3aa
2026-02-25 07:18:17.861 8 WARNING neutron.plugins.ml2.drivers.ovn.mech_driver.ovsdb.ovn_client [None req-397ec7cf-6208-4c99-8408-f2268d0a3a8b - - - - - -] No hosting information found for port d2c1b5b8-6b67-4acf-b46d-b84ee63f4e51: RuntimeError: No hosting information found for port d2c1b5b8-6b67-4acf-b46d-b84ee63f4e51
2026-02-25 07:18:17.997 8 WARNING neutron.scheduler.dhcp_agent_scheduler [None req-26959b74-0ff4-4ac5-88c5-246c2235ec24 56ee04d65eaa40a4bc2050db22f7bf56 05b60dd58031417cadb785ecf33af6a0 - - default default] No more DHCP agents
2026-02-25 07:18:18.002 8 WARNING neutron.api.rpc.agentnotifiers.dhcp_rpc_agent_api [None req-26959b74-0ff4-4ac5-88c5-246c2235ec24 56ee04d65eaa40a4bc2050db22f7bf56 05b60dd58031417cadb785ecf33af6a0 - - default default] Unable to schedule network 762d1af6-263c-43cc-8916-d75b146fc6f9: no agents available; will retry on subsequent port and subnet creation events.
2026-02-25 07:18:18.081 7 INFO neutron.db.ovn_revision_numbers_db [None req-52e5286b-c33b-435b-a04a-d17bcda95a4d 15754d1268bf4ddeaed76e504f18a69f 93796b836a8d4eed8713c873c92a849b - - default default] Successfully bumped revision number for resource c24cbb95-0a02-40cf-8586-ee7ce087a3aa (type: networks) to 1
2026-02-25 07:18:18.134 8 INFO neutron.db.ovn_revision_numbers_db [None req-397ec7cf-6208-4c99-8408-f2268d0a3a8b - - - - - -] Successfully bumped revision number for resource d2c1b5b8-6b67-4acf-b46d-b84ee63f4e51 (type: router_ports) to 2
2026-02-25 07:18:18.135 8 INFO neutron.plugins.ml2.drivers.ovn.mech_driver.mech_driver [None req-397ec7cf-6208-4c99-8408-f2268d0a3a8b - - - - - -] OVN reports status down for port: 64feb714-d661-4f22-8dd9-3da2b1e82873
2026-02-25 07:18:18.207 8 INFO neutron.db.ovn_revision_numbers_db [None req-26959b74-0ff4-4ac5-88c5-246c2235ec24 56ee04d65eaa40a4bc2050db22f7bf56 05b60dd58031417cadb785ecf33af6a0 - - default default] Successfully bumped revision number for resource 4434495a-87b2-49ae-9a81-8e1f0b1d4e05 (type: ports) to 1
2026-02-25 07:18:18.239 8 INFO neutron.plugins.ml2.drivers.ovn.mech_driver.mech_driver [None req-397ec7cf-6208-4c99-8408-f2268d0a3a8b - - - - - -] OVN reports status down for port: cba0f9ae-3b06-4ca6-bfd3-cb402293a093 [pid: 8|app: 0|req: 884/1838] 10.0.0.13 () {34 vars in 669 bytes} [Wed Feb 25 07:18:17 2026] POST /v2.0/networks => generated 634 bytes in 745 msecs (HTTP/1.1 201) 4 headers in 162 bytes (1 switches on core 0)
2026-02-25 07:18:18.285 7 WARNING neutron.scheduler.dhcp_agent_scheduler [None req-52e5286b-c33b-435b-a04a-d17bcda95a4d 15754d1268bf4ddeaed76e504f18a69f 93796b836a8d4eed8713c873c92a849b - - default default] No more DHCP agents
2026-02-25 07:18:18.286 7 WARNING neutron.api.rpc.agentnotifiers.dhcp_rpc_agent_api [None req-52e5286b-c33b-435b-a04a-d17bcda95a4d 15754d1268bf4ddeaed76e504f18a69f 93796b836a8d4eed8713c873c92a849b - - default default] Unable to schedule network c24cbb95-0a02-40cf-8586-ee7ce087a3aa: no agents available; will retry on subsequent port and subnet creation events. [pid: 8|app: 0|req: 885/1839] 199.204.45.223 () {34 vars in 986 bytes} [Wed Feb 25 07:18:18 2026] GET /v2.0/networks?id=c822b206-75f5-474f-b442-f3fcc7aa8220 => generated 671 bytes in 104 msecs (HTTP/1.1 200) 4 headers in 157 bytes (1 switches on core 0)
2026-02-25 07:18:18.388 7 INFO neutron.db.ovn_revision_numbers_db [None req-52e5286b-c33b-435b-a04a-d17bcda95a4d 15754d1268bf4ddeaed76e504f18a69f 93796b836a8d4eed8713c873c92a849b - - default default] Successfully bumped revision number for resource 3e07d1a8-d3b3-495a-820e-9ab77ffe9d05 (type: ports) to 1
