Feb 17 16:24:16.853160 np0000156043 devstack@neutron-api.service[104353]: WARNING oslo_policy.policy [None req-43fb4244-d5bf-4b29-a583-f940243a172b None None] JSON formatted policy_file support is deprecated since Victoria release. You need to use YAML format which will be default in future. You can use ``oslopolicy-convert-json-to-yaml`` tool to convert existing JSON-formatted policy file to YAML-formatted in backward compatible way: https://docs.openstack.org/oslo.policy/latest/cli/oslopolicy-convert-json-to-yaml.html.
Feb 17 16:24:16.853358 np0000156043 devstack@neutron-api.service[104353]: WARNING oslo_policy.policy [None req-43fb4244-d5bf-4b29-a583-f940243a172b None None] JSON formatted policy_file support is deprecated since Victoria release. You need to use YAML format which will be default in future. You can use ``oslopolicy-convert-json-to-yaml`` tool to convert existing JSON-formatted policy file to YAML-formatted in backward compatible way: https://docs.openstack.org/oslo.policy/latest/cli/oslopolicy-convert-json-to-yaml.html.
Feb 17 16:24:16.853758 np0000156043 devstack@neutron-api.service[104352]: WARNING oslo_policy.policy [None req-4d4d89a9-62e3-455c-b04c-b33d3df07509 None None] JSON formatted policy_file support is deprecated since Victoria release. You need to use YAML format which will be default in future. You can use ``oslopolicy-convert-json-to-yaml`` tool to convert existing JSON-formatted policy file to YAML-formatted in backward compatible way: https://docs.openstack.org/oslo.policy/latest/cli/oslopolicy-convert-json-to-yaml.html.
Feb 17 16:24:16.853928 np0000156043 devstack@neutron-api.service[104352]: WARNING oslo_policy.policy [None req-4d4d89a9-62e3-455c-b04c-b33d3df07509 None None] JSON formatted policy_file support is deprecated since Victoria release. You need to use YAML format which will be default in future. You can use ``oslopolicy-convert-json-to-yaml`` tool to convert existing JSON-formatted policy file to YAML-formatted in backward compatible way: https://docs.openstack.org/oslo.policy/latest/cli/oslopolicy-convert-json-to-yaml.html.
Feb 17 16:24:16.854956 np0000156043 devstack@neutron-api.service[104351]: WARNING oslo_policy.policy [None req-e51f813c-767b-428b-a953-d634e2a69fb1 None None] JSON formatted policy_file support is deprecated since Victoria release. You need to use YAML format which will be default in future. You can use ``oslopolicy-convert-json-to-yaml`` tool to convert existing JSON-formatted policy file to YAML-formatted in backward compatible way: https://docs.openstack.org/oslo.policy/latest/cli/oslopolicy-convert-json-to-yaml.html.
Feb 17 16:24:16.855126 np0000156043 devstack@neutron-api.service[104351]: WARNING oslo_policy.policy [None req-e51f813c-767b-428b-a953-d634e2a69fb1 None None] JSON formatted policy_file support is deprecated since Victoria release. You need to use YAML format which will be default in future. You can use ``oslopolicy-convert-json-to-yaml`` tool to convert existing JSON-formatted policy file to YAML-formatted in backward compatible way: https://docs.openstack.org/oslo.policy/latest/cli/oslopolicy-convert-json-to-yaml.html.
Feb 17 16:24:16.855260 np0000156043 devstack@neutron-api.service[104354]: WARNING oslo_policy.policy [None req-b149c8e1-91a6-45cc-8c2b-07b9a4fe906f None None] JSON formatted policy_file support is deprecated since Victoria release. You need to use YAML format which will be default in future. You can use ``oslopolicy-convert-json-to-yaml`` tool to convert existing JSON-formatted policy file to YAML-formatted in backward compatible way: https://docs.openstack.org/oslo.policy/latest/cli/oslopolicy-convert-json-to-yaml.html.
Feb 17 16:24:16.855434 np0000156043 devstack@neutron-api.service[104354]: WARNING oslo_policy.policy [None req-b149c8e1-91a6-45cc-8c2b-07b9a4fe906f None None] JSON formatted policy_file support is deprecated since Victoria release. You need to use YAML format which will be default in future. You can use ``oslopolicy-convert-json-to-yaml`` tool to convert existing JSON-formatted policy file to YAML-formatted in backward compatible way: https://docs.openstack.org/oslo.policy/latest/cli/oslopolicy-convert-json-to-yaml.html.
Feb 17 16:24:16.901033 np0000156043 devstack@neutron-api.service[104353]: INFO dbcounter [None req-43fb4244-d5bf-4b29-a583-f940243a172b None None] Registered counter for database neutron
Feb 17 16:24:16.901848 np0000156043 devstack@neutron-api.service[104352]: INFO dbcounter [None req-4d4d89a9-62e3-455c-b04c-b33d3df07509 None None] Registered counter for database neutron
Feb 17 16:24:16.904818 np0000156043 devstack@neutron-api.service[104354]: INFO dbcounter [None req-b149c8e1-91a6-45cc-8c2b-07b9a4fe906f None None] Registered counter for database neutron
Feb 17 16:24:16.910227 np0000156043 devstack@neutron-api.service[104351]: INFO dbcounter [None req-e51f813c-767b-428b-a953-d634e2a69fb1 None None] Registered counter for database neutron
Feb 17 16:24:16.916255 np0000156043 devstack@neutron-api.service[104353]: DEBUG oslo_db.sqlalchemy.engines [None req-43fb4244-d5bf-4b29-a583-f940243a172b None None] MySQL server mode set to STRICT_TRANS_TABLES,STRICT_ALL_TABLES,NO_ZERO_IN_DATE,NO_ZERO_DATE,ERROR_FOR_DIVISION_BY_ZERO,TRADITIONAL,NO_ENGINE_SUBSTITUTION {{(pid=104353) _check_effective_sql_mode /opt/stack/data/venv/lib/python3.12/site-packages/oslo_db/sqlalchemy/engines.py:325}}
Feb 17 16:24:16.922310 np0000156043 devstack@neutron-api.service[104354]: DEBUG oslo_db.sqlalchemy.engines [None req-b149c8e1-91a6-45cc-8c2b-07b9a4fe906f None None] MySQL server mode set to STRICT_TRANS_TABLES,STRICT_ALL_TABLES,NO_ZERO_IN_DATE,NO_ZERO_DATE,ERROR_FOR_DIVISION_BY_ZERO,TRADITIONAL,NO_ENGINE_SUBSTITUTION {{(pid=104354) _check_effective_sql_mode /opt/stack/data/venv/lib/python3.12/site-packages/oslo_db/sqlalchemy/engines.py:325}}
Feb 17 16:24:16.930186 np0000156043 devstack@neutron-api.service[104352]: DEBUG oslo_db.sqlalchemy.engines [None req-4d4d89a9-62e3-455c-b04c-b33d3df07509 None None] MySQL server mode set to STRICT_TRANS_TABLES,STRICT_ALL_TABLES,NO_ZERO_IN_DATE,NO_ZERO_DATE,ERROR_FOR_DIVISION_BY_ZERO,TRADITIONAL,NO_ENGINE_SUBSTITUTION {{(pid=104352) _check_effective_sql_mode /opt/stack/data/venv/lib/python3.12/site-packages/oslo_db/sqlalchemy/engines.py:325}}
Feb 17 16:24:16.937617 np0000156043 devstack@neutron-api.service[104351]: DEBUG oslo_db.sqlalchemy.engines [None req-e51f813c-767b-428b-a953-d634e2a69fb1 None None] MySQL server mode set to STRICT_TRANS_TABLES,STRICT_ALL_TABLES,NO_ZERO_IN_DATE,NO_ZERO_DATE,ERROR_FOR_DIVISION_BY_ZERO,TRADITIONAL,NO_ENGINE_SUBSTITUTION {{(pid=104351) _check_effective_sql_mode /opt/stack/data/venv/lib/python3.12/site-packages/oslo_db/sqlalchemy/engines.py:325}}
Feb 17 16:24:17.369289 np0000156043 devstack@neutron-api.service[104353]: DEBUG dbcounter [-] [104353] Writer thread running {{(pid=104353) stat_writer /opt/stack/data/venv/lib/python3.12/site-packages/dbcounter.py:102}}
Feb 17 16:24:17.393083 np0000156043 devstack@neutron-api.service[104352]: DEBUG dbcounter [-] [104352] Writer thread running {{(pid=104352) stat_writer /opt/stack/data/venv/lib/python3.12/site-packages/dbcounter.py:102}}
Feb 17 16:24:17.398797 np0000156043 devstack@neutron-api.service[104354]: DEBUG dbcounter [-] [104354] Writer thread running {{(pid=104354) stat_writer /opt/stack/data/venv/lib/python3.12/site-packages/dbcounter.py:102}}
Feb 17 16:24:17.401945 np0000156043 devstack@neutron-api.service[104351]: DEBUG dbcounter [-] [104351] Writer thread running {{(pid=104351) stat_writer /opt/stack/data/venv/lib/python3.12/site-packages/dbcounter.py:102}}
Feb 17 16:24:20.331362 np0000156043 devstack@neutron-api.service[104351]: DEBUG neutron_lib.db.api [None req-e51f813c-767b-428b-a953-d634e2a69fb1 None None] Retry wrapper got retriable exception: (pymysql.err.IntegrityError) (1062, "Duplicate entry '1' for key 'ml2_geneve_allocations.PRIMARY'")
Feb 17 16:24:20.331362 np0000156043 devstack@neutron-api.service[104351]: [SQL: INSERT INTO ml2_geneve_allocations (geneve_vni, allocated) VALUES (%(geneve_vni)s, %(allocated)s)]
Feb 17 16:24:20.331362 np0000156043 devstack@neutron-api.service[104351]: [parameters: [{'geneve_vni': 1, 'allocated': 0}, {'geneve_vni': 2, 'allocated': 0}, {'geneve_vni': 3, 'allocated': 0}, {'geneve_vni': 4, 'allocated': 0}, {'geneve_vni': 5, 'allocated': 0}, {'geneve_vni': 6, 'allocated': 0}, {'geneve_vni': 7, 'allocated': 0}, {'geneve_vni': 8, 'allocated': 0} ... displaying 10 of 100 total bound parameter sets ... {'geneve_vni': 99, 'allocated': 0}, {'geneve_vni': 100, 'allocated': 0}]]
Feb 17 16:24:20.331362 np0000156043 devstack@neutron-api.service[104351]: (Background on this error at: https://sqlalche.me/e/20/gkpj) {{(pid=104351) wrapped /opt/stack/data/venv/lib/python3.12/site-packages/neutron_lib/db/api.py:185}}
Feb 17 16:24:20.332221 np0000156043 devstack@neutron-api.service[104352]: DEBUG neutron_lib.db.api [None req-4d4d89a9-62e3-455c-b04c-b33d3df07509 None None] Retry wrapper got retriable exception: (pymysql.err.IntegrityError) (1062, "Duplicate entry '1' for key 'ml2_geneve_allocations.PRIMARY'")
Feb 17 16:24:20.332221 np0000156043 devstack@neutron-api.service[104352]: [SQL: INSERT INTO ml2_geneve_allocations (geneve_vni, allocated) VALUES (%(geneve_vni)s, %(allocated)s)]
Feb 17 16:24:20.332221 np0000156043 devstack@neutron-api.service[104352]: [parameters: [{'geneve_vni': 1, 'allocated': 0}, {'geneve_vni': 2, 'allocated': 0}, {'geneve_vni': 3, 'allocated': 0}, {'geneve_vni': 4, 'allocated': 0}, {'geneve_vni': 5, 'allocated': 0}, {'geneve_vni': 6, 'allocated': 0}, {'geneve_vni': 7, 'allocated': 0}, {'geneve_vni': 8, 'allocated': 0} ... displaying 10 of 100 total bound parameter sets ... {'geneve_vni': 99, 'allocated': 0}, {'geneve_vni': 100, 'allocated': 0}]]
Feb 17 16:24:20.332221 np0000156043 devstack@neutron-api.service[104352]: (Background on this error at: https://sqlalche.me/e/20/gkpj) {{(pid=104352) wrapped /opt/stack/data/venv/lib/python3.12/site-packages/neutron_lib/db/api.py:185}}
Feb 17 16:24:20.332709 np0000156043 devstack@neutron-api.service[104351]: DEBUG oslo_db.api [None req-e51f813c-767b-428b-a953-d634e2a69fb1 None None] Performing DB retry for function neutron.plugins.ml2.drivers.type_tunnel._TunnelTypeDriverBase._sync_allocations {{(pid=104351) wrapper /opt/stack/data/venv/lib/python3.12/site-packages/oslo_db/api.py:155}}
Feb 17 16:24:20.332767 np0000156043 devstack@neutron-api.service[104352]: DEBUG oslo_db.api [None req-4d4d89a9-62e3-455c-b04c-b33d3df07509 None None] Performing DB retry for function neutron.plugins.ml2.drivers.type_tunnel._TunnelTypeDriverBase._sync_allocations {{(pid=104352) wrapper /opt/stack/data/venv/lib/python3.12/site-packages/oslo_db/api.py:155}}
Feb 17 16:24:20.332811 np0000156043 devstack@neutron-api.service[104353]: INFO neutron.plugins.ml2.managers [None req-43fb4244-d5bf-4b29-a583-f940243a172b None None] Initializing driver for type 'local'
Feb 17 16:24:20.333146 np0000156043 devstack@neutron-api.service[104354]: DEBUG neutron_lib.db.api [None req-b149c8e1-91a6-45cc-8c2b-07b9a4fe906f None None] Retry wrapper got retriable exception: (pymysql.err.IntegrityError) (1062, "Duplicate entry '1' for key 'ml2_geneve_allocations.PRIMARY'")
Feb 17 16:24:20.333146 np0000156043 devstack@neutron-api.service[104354]: [SQL: INSERT INTO ml2_geneve_allocations (geneve_vni, allocated) VALUES (%(geneve_vni)s, %(allocated)s)]
Feb 17 16:24:20.333146 np0000156043 devstack@neutron-api.service[104354]: [parameters: [{'geneve_vni': 1, 'allocated': 0}, {'geneve_vni': 2, 'allocated': 0}, {'geneve_vni': 3, 'allocated': 0}, {'geneve_vni': 4, 'allocated': 0}, {'geneve_vni': 5, 'allocated': 0}, {'geneve_vni': 6, 'allocated': 0}, {'geneve_vni': 7, 'allocated': 0}, {'geneve_vni': 8, 'allocated': 0} ... displaying 10 of 100 total bound parameter sets ... {'geneve_vni': 99, 'allocated': 0}, {'geneve_vni': 100, 'allocated': 0}]]
Feb 17 16:24:20.333146 np0000156043 devstack@neutron-api.service[104354]: (Background on this error at: https://sqlalche.me/e/20/gkpj) {{(pid=104354) wrapped /opt/stack/data/venv/lib/python3.12/site-packages/neutron_lib/db/api.py:185}}
Feb 17 16:24:20.334048 np0000156043 devstack@neutron-api.service[104353]: INFO neutron.plugins.ml2.managers [None req-43fb4244-d5bf-4b29-a583-f940243a172b None None] Initializing driver for type 'vlan'
Feb 17 16:24:20.334092 np0000156043 devstack@neutron-api.service[104354]: DEBUG oslo_db.api [None req-b149c8e1-91a6-45cc-8c2b-07b9a4fe906f None None] Performing DB retry for function neutron.plugins.ml2.drivers.type_tunnel._TunnelTypeDriverBase._sync_allocations {{(pid=104354) wrapper /opt/stack/data/venv/lib/python3.12/site-packages/oslo_db/api.py:155}}
Feb 17 16:24:21.217337 np0000156043 devstack@neutron-api.service[104354]: INFO neutron.plugins.ml2.managers [None req-b149c8e1-91a6-45cc-8c2b-07b9a4fe906f None None] Initializing driver for type 'local'
Feb 17 16:24:21.217337 np0000156043 devstack@neutron-api.service[104354]: INFO neutron.plugins.ml2.managers [None req-b149c8e1-91a6-45cc-8c2b-07b9a4fe906f None None] Initializing driver for type 'vlan'
Feb 17 16:24:21.217868 np0000156043 devstack@neutron-api.service[104351]: INFO neutron.plugins.ml2.managers [None req-e51f813c-767b-428b-a953-d634e2a69fb1 None None] Initializing driver for type 'local'
Feb 17 16:24:21.218033 np0000156043 devstack@neutron-api.service[104352]: INFO neutron.plugins.ml2.managers [None req-4d4d89a9-62e3-455c-b04c-b33d3df07509 None None] Initializing driver for type 'local'
Feb 17 16:24:21.218291 np0000156043 devstack@neutron-api.service[104351]: INFO neutron.plugins.ml2.managers [None req-e51f813c-767b-428b-a953-d634e2a69fb1 None None] Initializing driver for type 'vlan'
Feb 17 16:24:21.218417 np0000156043 devstack@neutron-api.service[104352]: INFO neutron.plugins.ml2.managers [None req-4d4d89a9-62e3-455c-b04c-b33d3df07509 None None] Initializing driver for type 'vlan'
Feb 17 16:24:21.515974 np0000156043 devstack@neutron-api.service[104353]: INFO neutron.plugins.ml2.drivers.type_vlan [None req-43fb4244-d5bf-4b29-a583-f940243a172b None None] VlanTypeDriver initialization complete
Feb 17 16:24:21.516751 np0000156043 devstack@neutron-api.service[104353]: INFO neutron.plugins.ml2.managers [None req-43fb4244-d5bf-4b29-a583-f940243a172b None None] Initializing extension driver 'port_security'
Feb 17 16:24:21.516751 np0000156043 devstack@neutron-api.service[104353]: INFO neutron.plugins.ml2.extensions.port_security [None req-43fb4244-d5bf-4b29-a583-f940243a172b None None] PortSecurityExtensionDriver initialization complete
Feb 17 16:24:21.516751 np0000156043 devstack@neutron-api.service[104353]: INFO neutron.plugins.ml2.managers [None req-43fb4244-d5bf-4b29-a583-f940243a172b None None] Initializing extension driver 'qos'
Feb 17 16:24:21.517205 np0000156043 devstack@neutron-api.service[104353]: DEBUG neutron.plugins.ml2.extensions.qos [None req-43fb4244-d5bf-4b29-a583-f940243a172b None None] QosExtensionDriver initialization complete {{(pid=104353) initialize /opt/stack/neutron/neutron/plugins/ml2/extensions/qos.py:31}}
Feb 17 16:24:21.517524 np0000156043 devstack@neutron-api.service[104353]: INFO neutron.plugins.ml2.managers [None req-43fb4244-d5bf-4b29-a583-f940243a172b None None] Initializing mechanism driver 'ovn'
Feb 17 16:24:21.517776 np0000156043 devstack@neutron-api.service[104353]: INFO neutron.plugins.ml2.drivers.ovn.mech_driver.mech_driver [None req-43fb4244-d5bf-4b29-a583-f940243a172b None None] Starting OVNMechanismDriver
Feb 17 16:24:21.522379 np0000156043 devstack@neutron-api.service[104353]: DEBUG neutron_lib.callbacks.manager [None req-43fb4244-d5bf-4b29-a583-f940243a172b None None] Subscribe: > process before_spawn 55550000, False {{(pid=104353) subscribe /opt/stack/data/venv/lib/python3.12/site-packages/neutron_lib/callbacks/manager.py:52}}
Feb 17 16:24:21.522979 np0000156043 devstack@neutron-api.service[104353]: DEBUG neutron_lib.callbacks.manager [None req-43fb4244-d5bf-4b29-a583-f940243a172b None None] Subscribe: > process after_init 55550000, True {{(pid=104353) subscribe /opt/stack/data/venv/lib/python3.12/site-packages/neutron_lib/callbacks/manager.py:52}}
Feb 17 16:24:21.523370 np0000156043 devstack@neutron-api.service[104353]: DEBUG neutron_lib.callbacks.manager [None req-43fb4244-d5bf-4b29-a583-f940243a172b None None] Subscribe: > segment after_create 55550000, False {{(pid=104353) subscribe /opt/stack/data/venv/lib/python3.12/site-packages/neutron_lib/callbacks/manager.py:52}}
Feb 17 16:24:21.523650 np0000156043 devstack@neutron-api.service[104353]: DEBUG neutron_lib.callbacks.manager [None req-43fb4244-d5bf-4b29-a583-f940243a172b None None] Subscribe: > segment after_create 55550000, False {{(pid=104353) subscribe /opt/stack/data/venv/lib/python3.12/site-packages/neutron_lib/callbacks/manager.py:52}}
Feb 17 16:24:21.523952 np0000156043 devstack@neutron-api.service[104353]: DEBUG neutron_lib.callbacks.manager [None req-43fb4244-d5bf-4b29-a583-f940243a172b None None] Subscribe: > segment after_delete 55550000, False {{(pid=104353) subscribe /opt/stack/data/venv/lib/python3.12/site-packages/neutron_lib/callbacks/manager.py:52}}
Feb 17 16:24:21.524254 np0000156043 devstack@neutron-api.service[104353]: DEBUG neutron_lib.callbacks.manager [None req-43fb4244-d5bf-4b29-a583-f940243a172b None None] Subscribe: > allowed_address_pair before_create 55550000, False {{(pid=104353) subscribe /opt/stack/data/venv/lib/python3.12/site-packages/neutron_lib/callbacks/manager.py:52}}
Feb 17 16:24:21.524385 np0000156043 devstack@neutron-api.service[104353]: DEBUG neutron_lib.callbacks.manager [None req-43fb4244-d5bf-4b29-a583-f940243a172b None None] Subscribe: > security_group precommit_create 55550000, False {{(pid=104353) subscribe /opt/stack/data/venv/lib/python3.12/site-packages/neutron_lib/callbacks/manager.py:52}}
Feb 17 16:24:21.524519 np0000156043 devstack@neutron-api.service[104353]: DEBUG neutron_lib.callbacks.manager [None req-43fb4244-d5bf-4b29-a583-f940243a172b None None] Subscribe: > security_group after_update 55550000, False {{(pid=104353) subscribe /opt/stack/data/venv/lib/python3.12/site-packages/neutron_lib/callbacks/manager.py:52}}
Feb 17 16:24:21.524655 np0000156043 devstack@neutron-api.service[104353]: DEBUG neutron_lib.callbacks.manager [None req-43fb4244-d5bf-4b29-a583-f940243a172b None None] Subscribe: > security_group after_create 55550000, False {{(pid=104353) subscribe /opt/stack/data/venv/lib/python3.12/site-packages/neutron_lib/callbacks/manager.py:52}}
Feb 17 16:24:21.524766 np0000156043 devstack@neutron-api.service[104353]: DEBUG neutron_lib.callbacks.manager [None req-43fb4244-d5bf-4b29-a583-f940243a172b None None] Subscribe: > security_group precommit_delete 55550000, False {{(pid=104353) subscribe /opt/stack/data/venv/lib/python3.12/site-packages/neutron_lib/callbacks/manager.py:52}}
Feb 17 16:24:21.524896 np0000156043 devstack@neutron-api.service[104353]: DEBUG neutron_lib.callbacks.manager [None req-43fb4244-d5bf-4b29-a583-f940243a172b None None] Subscribe: > security_group after_delete 55550000, False {{(pid=104353) subscribe /opt/stack/data/venv/lib/python3.12/site-packages/neutron_lib/callbacks/manager.py:52}}
Feb 17 16:24:21.525022 np0000156043 devstack@neutron-api.service[104353]: DEBUG neutron_lib.callbacks.manager [None req-43fb4244-d5bf-4b29-a583-f940243a172b None None] Subscribe: > security_group_rule precommit_create 55550000, False {{(pid=104353) subscribe /opt/stack/data/venv/lib/python3.12/site-packages/neutron_lib/callbacks/manager.py:52}}
Feb 17 16:24:21.525166 np0000156043 devstack@neutron-api.service[104353]: DEBUG neutron_lib.callbacks.manager [None req-43fb4244-d5bf-4b29-a583-f940243a172b None None] Subscribe: > security_group_rule after_create 55550000, False {{(pid=104353) subscribe /opt/stack/data/venv/lib/python3.12/site-packages/neutron_lib/callbacks/manager.py:52}}
Feb 17 16:24:21.525401 np0000156043 devstack@neutron-api.service[104353]: DEBUG neutron_lib.callbacks.manager [None req-43fb4244-d5bf-4b29-a583-f940243a172b None None] Subscribe: > security_group_rule before_delete 55550000, False {{(pid=104353) subscribe /opt/stack/data/venv/lib/python3.12/site-packages/neutron_lib/callbacks/manager.py:52}}
Feb 17 16:24:21.525513 np0000156043 devstack@neutron-api.service[104353]: DEBUG neutron_lib.callbacks.manager [None req-43fb4244-d5bf-4b29-a583-f940243a172b None None] Subscribe: > address_group after_create 55550000, False {{(pid=104353) subscribe /opt/stack/data/venv/lib/python3.12/site-packages/neutron_lib/callbacks/manager.py:52}}
Feb 17 16:24:21.525648 np0000156043 devstack@neutron-api.service[104353]: DEBUG neutron_lib.callbacks.manager [None req-43fb4244-d5bf-4b29-a583-f940243a172b None None] Subscribe: > address_group after_update 55550000, False {{(pid=104353) subscribe /opt/stack/data/venv/lib/python3.12/site-packages/neutron_lib/callbacks/manager.py:52}}
Feb 17 16:24:21.525816 np0000156043 devstack@neutron-api.service[104353]: DEBUG neutron_lib.callbacks.manager [None req-43fb4244-d5bf-4b29-a583-f940243a172b None None] Subscribe: > address_group after_delete 55550000, False {{(pid=104353) subscribe /opt/stack/data/venv/lib/python3.12/site-packages/neutron_lib/callbacks/manager.py:52}}
Feb 17 16:24:21.525917 np0000156043 devstack@neutron-api.service[104353]: DEBUG neutron_lib.callbacks.manager [None req-43fb4244-d5bf-4b29-a583-f940243a172b None None] Subscribe: > qos_plugin after_init 55550000, False {{(pid=104353) subscribe /opt/stack/data/venv/lib/python3.12/site-packages/neutron_lib/callbacks/manager.py:52}}
Feb 17 16:24:21.526157 np0000156043 devstack@neutron-api.service[104353]: DEBUG neutron_lib.callbacks.manager [None req-43fb4244-d5bf-4b29-a583-f940243a172b None None] Subscribe: > trunk_plugin after_init 55550000, False {{(pid=104353) subscribe /opt/stack/data/venv/lib/python3.12/site-packages/neutron_lib/callbacks/manager.py:52}}
Feb 17 16:24:21.526463 np0000156043 devstack@neutron-api.service[104353]: DEBUG neutron_lib.callbacks.manager [None req-43fb4244-d5bf-4b29-a583-f940243a172b None None] Subscribe: > logging-plugin after_init 55550000, False {{(pid=104353) subscribe /opt/stack/data/venv/lib/python3.12/site-packages/neutron_lib/callbacks/manager.py:52}}
Feb 17 16:24:21.528082 np0000156043 devstack@neutron-api.service[104353]: INFO neutron.services.logapi.drivers.ovn.driver [None req-43fb4244-d5bf-4b29-a583-f940243a172b None None] OVN logging driver registered
Feb 17 16:24:21.533206 np0000156043 devstack@neutron-api.service[104353]: DEBUG neutron.plugins.ml2.plugin [None req-43fb4244-d5bf-4b29-a583-f940243a172b None None] neutron.plugins.ml2.plugin.Ml2Plugin method _start_rpc_notifiers called with arguments () {} {{(pid=104353) wrapper /opt/stack/data/venv/lib/python3.12/site-packages/oslo_log/helpers.py:77}}
Feb 17 16:24:21.533508 np0000156043 devstack@neutron-api.service[104353]: DEBUG neutron_lib.callbacks.manager [None req-43fb4244-d5bf-4b29-a583-f940243a172b None None] Subscribe: > port after_create 55550000, False {{(pid=104353) subscribe /opt/stack/data/venv/lib/python3.12/site-packages/neutron_lib/callbacks/manager.py:52}}
Feb 17 16:24:21.533629 np0000156043 devstack@neutron-api.service[104353]: DEBUG neutron_lib.callbacks.manager [None req-43fb4244-d5bf-4b29-a583-f940243a172b None None] Subscribe: > port after_update 55550000, False {{(pid=104353) subscribe /opt/stack/data/venv/lib/python3.12/site-packages/neutron_lib/callbacks/manager.py:52}}
Feb 17 16:24:21.533741 np0000156043 devstack@neutron-api.service[104353]: DEBUG neutron_lib.callbacks.manager [None req-43fb4244-d5bf-4b29-a583-f940243a172b None None] Subscribe: > port after_delete 55550000, False {{(pid=104353) subscribe /opt/stack/data/venv/lib/python3.12/site-packages/neutron_lib/callbacks/manager.py:52}}
Feb 17 16:24:21.533853 np0000156043 devstack@neutron-api.service[104353]: DEBUG neutron_lib.callbacks.manager [None req-43fb4244-d5bf-4b29-a583-f940243a172b None None] Subscribe: > subnet after_create 55550000, False {{(pid=104353) subscribe /opt/stack/data/venv/lib/python3.12/site-packages/neutron_lib/callbacks/manager.py:52}}
Feb 17 16:24:21.533961 np0000156043 devstack@neutron-api.service[104353]: DEBUG neutron_lib.callbacks.manager [None req-43fb4244-d5bf-4b29-a583-f940243a172b None None] Subscribe: > subnet after_update 55550000, False {{(pid=104353) subscribe /opt/stack/data/venv/lib/python3.12/site-packages/neutron_lib/callbacks/manager.py:52}}
Feb 17 16:24:21.534070 np0000156043 devstack@neutron-api.service[104353]: DEBUG neutron_lib.callbacks.manager [None req-43fb4244-d5bf-4b29-a583-f940243a172b None None] Subscribe: > subnet after_delete 55550000, False {{(pid=104353) subscribe /opt/stack/data/venv/lib/python3.12/site-packages/neutron_lib/callbacks/manager.py:52}}
Feb 17 16:24:21.534174 np0000156043 devstack@neutron-api.service[104353]: DEBUG neutron_lib.callbacks.manager [None req-43fb4244-d5bf-4b29-a583-f940243a172b None None] Subscribe: > network after_create 55550000, False {{(pid=104353) subscribe /opt/stack/data/venv/lib/python3.12/site-packages/neutron_lib/callbacks/manager.py:52}}
Feb 17 16:24:21.534284 np0000156043 devstack@neutron-api.service[104353]: DEBUG neutron_lib.callbacks.manager [None req-43fb4244-d5bf-4b29-a583-f940243a172b None None] Subscribe: > network after_update 55550000, False {{(pid=104353) subscribe /opt/stack/data/venv/lib/python3.12/site-packages/neutron_lib/callbacks/manager.py:52}}
Feb 17 16:24:21.534402 np0000156043 devstack@neutron-api.service[104353]: DEBUG neutron_lib.callbacks.manager [None req-43fb4244-d5bf-4b29-a583-f940243a172b None None] Subscribe: > network after_delete 55550000, False {{(pid=104353) subscribe /opt/stack/data/venv/lib/python3.12/site-packages/neutron_lib/callbacks/manager.py:52}}
Feb 17 16:24:21.534527 np0000156043 devstack@neutron-api.service[104353]: DEBUG neutron_lib.callbacks.manager [None req-43fb4244-d5bf-4b29-a583-f940243a172b None None] Subscribe: > security_group after_create 55550000, False {{(pid=104353) subscribe /opt/stack/data/venv/lib/python3.12/site-packages/neutron_lib/callbacks/manager.py:52}}
Feb 17 16:24:21.534633 np0000156043 devstack@neutron-api.service[104353]: DEBUG neutron_lib.callbacks.manager [None req-43fb4244-d5bf-4b29-a583-f940243a172b None None] Subscribe: > security_group after_update 55550000, False {{(pid=104353) subscribe /opt/stack/data/venv/lib/python3.12/site-packages/neutron_lib/callbacks/manager.py:52}}
Feb 17 16:24:21.534735 np0000156043 devstack@neutron-api.service[104353]: DEBUG neutron_lib.callbacks.manager [None req-43fb4244-d5bf-4b29-a583-f940243a172b None None] Subscribe: > security_group after_delete 55550000, False {{(pid=104353) subscribe /opt/stack/data/venv/lib/python3.12/site-packages/neutron_lib/callbacks/manager.py:52}}
Feb 17 16:24:21.534841 np0000156043 devstack@neutron-api.service[104353]: DEBUG neutron_lib.callbacks.manager [None req-43fb4244-d5bf-4b29-a583-f940243a172b None None] Subscribe: > security_group_rule after_create 55550000, False {{(pid=104353) subscribe /opt/stack/data/venv/lib/python3.12/site-packages/neutron_lib/callbacks/manager.py:52}}
Feb 17 16:24:21.535054 np0000156043 devstack@neutron-api.service[104353]: DEBUG neutron_lib.callbacks.manager [None req-43fb4244-d5bf-4b29-a583-f940243a172b None None] Subscribe: > security_group_rule after_update 55550000, False {{(pid=104353) subscribe /opt/stack/data/venv/lib/python3.12/site-packages/neutron_lib/callbacks/manager.py:52}}
Feb 17 16:24:21.535168 np0000156043 devstack@neutron-api.service[104353]: DEBUG neutron_lib.callbacks.manager [None req-43fb4244-d5bf-4b29-a583-f940243a172b None None] Subscribe: > security_group_rule after_delete 55550000, False {{(pid=104353) subscribe /opt/stack/data/venv/lib/python3.12/site-packages/neutron_lib/callbacks/manager.py:52}}
Feb 17 16:24:21.535299 np0000156043 devstack@neutron-api.service[104353]: DEBUG neutron_lib.callbacks.manager [None req-43fb4244-d5bf-4b29-a583-f940243a172b None None] Subscribe: > address_group after_create 55550000, False {{(pid=104353) subscribe /opt/stack/data/venv/lib/python3.12/site-packages/neutron_lib/callbacks/manager.py:52}}
Feb 17 16:24:21.535544 np0000156043 devstack@neutron-api.service[104353]: DEBUG neutron_lib.callbacks.manager [None req-43fb4244-d5bf-4b29-a583-f940243a172b None None] Subscribe: > address_group after_update 55550000, False {{(pid=104353) subscribe /opt/stack/data/venv/lib/python3.12/site-packages/neutron_lib/callbacks/manager.py:52}}
Feb 17 16:24:21.535544 np0000156043 devstack@neutron-api.service[104353]: DEBUG neutron_lib.callbacks.manager [None req-43fb4244-d5bf-4b29-a583-f940243a172b None None] Subscribe: > address_group after_delete 55550000, False {{(pid=104353) subscribe /opt/stack/data/venv/lib/python3.12/site-packages/neutron_lib/callbacks/manager.py:52}}
Feb 17 16:24:21.535686 np0000156043 devstack@neutron-api.service[104353]: DEBUG neutron.plugins.ml2.ovo_rpc [None req-43fb4244-d5bf-4b29-a583-f940243a172b None None] ML2 OVO RPC backend initialized. {{(pid=104353) __init__ /opt/stack/neutron/neutron/plugins/ml2/ovo_rpc.py:117}}
Feb 17 16:24:21.536725 np0000156043 devstack@neutron-api.service[104353]: INFO neutron.quota [None req-43fb4244-d5bf-4b29-a583-f940243a172b None None] Loaded quota_driver: .
Feb 17 16:24:21.536842 np0000156043 devstack@neutron-api.service[104353]: INFO neutron.plugins.ml2.plugin [None req-43fb4244-d5bf-4b29-a583-f940243a172b None None] Modular L2 Plugin initialization complete
Feb 17 16:24:21.536994 np0000156043 devstack@neutron-api.service[104353]: DEBUG neutron.manager [None req-43fb4244-d5bf-4b29-a583-f940243a172b None None] Loading services supported by the core plugin {{(pid=104353) _load_services_from_core_plugin /opt/stack/neutron/neutron/manager.py:169}}
Feb 17 16:24:21.537109 np0000156043 devstack@neutron-api.service[104353]: INFO neutron.plugins.ml2.managers [None req-43fb4244-d5bf-4b29-a583-f940243a172b None None] Got port-security extension from driver 'port_security'
Feb 17 16:24:21.537440 np0000156043 devstack@neutron-api.service[104353]: DEBUG neutron.manager [None req-43fb4244-d5bf-4b29-a583-f940243a172b None None] Loading service plugins: ['ovn-router', 'auto_allocate', 'tag', 'timestamp', 'network_ip_availability', 'flavors', 'revisions'] {{(pid=104353) _load_service_plugins /opt/stack/neutron/neutron/manager.py:194}}
Feb 17 16:24:21.537692 np0000156043 devstack@neutron-api.service[104353]: INFO neutron.manager [None req-43fb4244-d5bf-4b29-a583-f940243a172b None None] Loading Plugin: ovn-router
Feb 17 16:24:21.547112 np0000156043 devstack@neutron-api.service[104352]: DEBUG neutron_lib.db.api [None req-4d4d89a9-62e3-455c-b04c-b33d3df07509 None None] Retry wrapper got retriable exception: (pymysql.err.IntegrityError) (1062, "Duplicate entry 'public-1' for key 'ml2_vlan_allocations.PRIMARY'")
Feb 17 16:24:21.547112 np0000156043 devstack@neutron-api.service[104352]: [SQL: INSERT INTO ml2_vlan_allocations (physical_network, vlan_id, allocated) VALUES (%(physical_network)s, %(vlan_id)s, %(allocated)s)]
Feb 17 16:24:21.547112 np0000156043 devstack@neutron-api.service[104352]: [parameters: [{'physical_network': 'public', 'vlan_id': 1, 'allocated': 0}, {'physical_network': 'public', 'vlan_id': 2, 'allocated': 0}, {'physical_network': 'public', 'vlan_id': 3, 'allocated': 0}, {'physical_network': 'public', 'vlan_id': 4, 'allocated': 0}, {'physical_network': 'public', 'vlan_id': 5, 'allocated': 0}, {'physical_network': 'public', 'vlan_id': 6, 'allocated': 0}, {'physical_network': 'public', 'vlan_id': 7, 'allocated': 0}, {'physical_network': 'public', 'vlan_id': 8, 'allocated': 0} ... displaying 10 of 4094 total bound parameter sets ... {'physical_network': 'public', 'vlan_id': 4093, 'allocated': 0}, {'physical_network': 'public', 'vlan_id': 4094, 'allocated': 0}]]
Feb 17 16:24:21.547112 np0000156043 devstack@neutron-api.service[104352]: (Background on this error at: https://sqlalche.me/e/20/gkpj) {{(pid=104352) wrapped /opt/stack/data/venv/lib/python3.12/site-packages/neutron_lib/db/api.py:185}}
Feb 17 16:24:21.547791 np0000156043 devstack@neutron-api.service[104352]: DEBUG oslo_db.api [None req-4d4d89a9-62e3-455c-b04c-b33d3df07509 None None] Performing DB retry for function neutron.plugins.ml2.drivers.type_vlan.VlanTypeDriver._sync_vlan_allocations {{(pid=104352) wrapper /opt/stack/data/venv/lib/python3.12/site-packages/oslo_db/api.py:155}}
Feb 17 16:24:21.560938 np0000156043 devstack@neutron-api.service[104351]: DEBUG neutron_lib.db.api [None req-e51f813c-767b-428b-a953-d634e2a69fb1 None None] Retry wrapper got retriable exception: (pymysql.err.IntegrityError) (1062, "Duplicate entry 'public-1' for key 'ml2_vlan_allocations.PRIMARY'")
Feb 17 16:24:21.560938 np0000156043 devstack@neutron-api.service[104351]: [SQL: INSERT INTO ml2_vlan_allocations (physical_network, vlan_id, allocated) VALUES (%(physical_network)s, %(vlan_id)s, %(allocated)s)]
Feb 17 16:24:21.560938 np0000156043 devstack@neutron-api.service[104351]: [parameters: [{'physical_network': 'public', 'vlan_id': 1, 'allocated': 0}, {'physical_network': 'public', 'vlan_id': 2, 'allocated': 0}, {'physical_network': 'public', 'vlan_id': 3, 'allocated': 0}, {'physical_network': 'public', 'vlan_id': 4, 'allocated': 0}, {'physical_network': 'public', 'vlan_id': 5, 'allocated': 0}, {'physical_network': 'public', 'vlan_id': 6, 'allocated': 0}, {'physical_network': 'public', 'vlan_id': 7, 'allocated': 0}, {'physical_network': 'public', 'vlan_id': 8, 'allocated': 0} ... displaying 10 of 4094 total bound parameter sets ... {'physical_network': 'public', 'vlan_id': 4093, 'allocated': 0}, {'physical_network': 'public', 'vlan_id': 4094, 'allocated': 0}]]
Feb 17 16:24:21.560938 np0000156043 devstack@neutron-api.service[104351]: (Background on this error at: https://sqlalche.me/e/20/gkpj) {{(pid=104351) wrapped /opt/stack/data/venv/lib/python3.12/site-packages/neutron_lib/db/api.py:185}}
Feb 17 16:24:21.561631 np0000156043 devstack@neutron-api.service[104351]: DEBUG oslo_db.api [None req-e51f813c-767b-428b-a953-d634e2a69fb1 None None] Performing DB retry for function neutron.plugins.ml2.drivers.type_vlan.VlanTypeDriver._sync_vlan_allocations {{(pid=104351) wrapper /opt/stack/data/venv/lib/python3.12/site-packages/oslo_db/api.py:155}}
Feb 17 16:24:21.562424 np0000156043 devstack@neutron-api.service[104354]: DEBUG neutron_lib.db.api [None req-b149c8e1-91a6-45cc-8c2b-07b9a4fe906f None None] Retry wrapper got retriable exception: (pymysql.err.IntegrityError) (1062, "Duplicate entry 'public-1' for key 'ml2_vlan_allocations.PRIMARY'")
Feb 17 16:24:21.562424 np0000156043 devstack@neutron-api.service[104354]: [SQL: INSERT INTO ml2_vlan_allocations (physical_network, vlan_id, allocated) VALUES (%(physical_network)s, %(vlan_id)s, %(allocated)s)]
Feb 17 16:24:21.562424 np0000156043 devstack@neutron-api.service[104354]: [parameters: [{'physical_network': 'public', 'vlan_id': 1, 'allocated': 0}, {'physical_network': 'public', 'vlan_id': 2, 'allocated': 0}, {'physical_network': 'public', 'vlan_id': 3, 'allocated': 0}, {'physical_network': 'public', 'vlan_id': 4, 'allocated': 0}, {'physical_network': 'public', 'vlan_id': 5, 'allocated': 0}, {'physical_network': 'public', 'vlan_id': 6, 'allocated': 0}, {'physical_network': 'public', 'vlan_id': 7, 'allocated': 0}, {'physical_network': 'public', 'vlan_id': 8, 'allocated': 0} ... displaying 10 of 4094 total bound parameter sets ... {'physical_network': 'public', 'vlan_id': 4093, 'allocated': 0}, {'physical_network': 'public', 'vlan_id': 4094, 'allocated': 0}]]
Feb 17 16:24:21.562424 np0000156043 devstack@neutron-api.service[104354]: (Background on this error at: https://sqlalche.me/e/20/gkpj) {{(pid=104354) wrapped /opt/stack/data/venv/lib/python3.12/site-packages/neutron_lib/db/api.py:185}}
Feb 17 16:24:21.563013 np0000156043 devstack@neutron-api.service[104354]: DEBUG oslo_db.api [None req-b149c8e1-91a6-45cc-8c2b-07b9a4fe906f None None] Performing DB retry for function neutron.plugins.ml2.drivers.type_vlan.VlanTypeDriver._sync_vlan_allocations {{(pid=104354) wrapper /opt/stack/data/venv/lib/python3.12/site-packages/oslo_db/api.py:155}}
Feb 17 16:24:21.577940 np0000156043 devstack@neutron-api.service[104353]: DEBUG neutron_lib.callbacks.manager [None req-43fb4244-d5bf-4b29-a583-f940243a172b None None] Subscribe: > router before_delete 55550000, False {{(pid=104353) subscribe /opt/stack/data/venv/lib/python3.12/site-packages/neutron_lib/callbacks/manager.py:52}}
Feb 17 16:24:21.578087 np0000156043 devstack@neutron-api.service[104353]: DEBUG neutron_lib.callbacks.manager [None req-43fb4244-d5bf-4b29-a583-f940243a172b None None] Subscribe: port after_update 55550000, False {{(pid=104353) subscribe /opt/stack/data/venv/lib/python3.12/site-packages/neutron_lib/callbacks/manager.py:52}}
Feb 17 16:24:21.578214 np0000156043 devstack@neutron-api.service[104353]: DEBUG neutron_lib.callbacks.manager [None req-43fb4244-d5bf-4b29-a583-f940243a172b None None] Subscribe: port after_delete 55550000, False {{(pid=104353) subscribe /opt/stack/data/venv/lib/python3.12/site-packages/neutron_lib/callbacks/manager.py:52}}
Feb 17 16:24:21.578361 np0000156043 devstack@neutron-api.service[104353]: DEBUG neutron_lib.callbacks.manager [None req-43fb4244-d5bf-4b29-a583-f940243a172b None None] Subscribe: subnet after_update 55550000, False {{(pid=104353) subscribe /opt/stack/data/venv/lib/python3.12/site-packages/neutron_lib/callbacks/manager.py:52}}
Feb 17 16:24:21.578453 np0000156043 devstack@neutron-api.service[104353]: DEBUG neutron_lib.callbacks.manager [None req-43fb4244-d5bf-4b29-a583-f940243a172b None None] Subscribe: subnetpool_address_scope after_update 55550000, False {{(pid=104353) subscribe /opt/stack/data/venv/lib/python3.12/site-packages/neutron_lib/callbacks/manager.py:52}}
Feb 17 16:24:21.578570 np0000156043 devstack@neutron-api.service[104353]: DEBUG neutron_lib.callbacks.manager [None req-43fb4244-d5bf-4b29-a583-f940243a172b None None] Subscribe: port before_update 55550000, False {{(pid=104353) subscribe /opt/stack/data/venv/lib/python3.12/site-packages/neutron_lib/callbacks/manager.py:52}}
Feb 17 16:24:21.578645 np0000156043 devstack@neutron-api.service[104353]: DEBUG neutron_lib.callbacks.manager [None req-43fb4244-d5bf-4b29-a583-f940243a172b None None] Subscribe: port after_update 55550000, False {{(pid=104353) subscribe /opt/stack/data/venv/lib/python3.12/site-packages/neutron_lib/callbacks/manager.py:52}}
Feb 17 16:24:21.578752 np0000156043 devstack@neutron-api.service[104353]: DEBUG neutron_lib.callbacks.manager [None req-43fb4244-d5bf-4b29-a583-f940243a172b None None] Subscribe: > port precommit_delete 55550000, False {{(pid=104353) subscribe /opt/stack/data/venv/lib/python3.12/site-packages/neutron_lib/callbacks/manager.py:52}}
Feb 17 16:24:21.578854 np0000156043 devstack@neutron-api.service[104353]: DEBUG neutron_lib.callbacks.manager [None req-43fb4244-d5bf-4b29-a583-f940243a172b None None] Subscribe: port before_update 55550000, False {{(pid=104353) subscribe /opt/stack/data/venv/lib/python3.12/site-packages/neutron_lib/callbacks/manager.py:52}}
Feb 17 16:24:21.578947 np0000156043 devstack@neutron-api.service[104353]: DEBUG neutron_lib.callbacks.manager [None req-43fb4244-d5bf-4b29-a583-f940243a172b None None] Subscribe: port before_delete 55550000, False {{(pid=104353) subscribe /opt/stack/data/venv/lib/python3.12/site-packages/neutron_lib/callbacks/manager.py:52}}
Feb 17 16:24:21.579070 np0000156043 devstack@neutron-api.service[104353]: DEBUG neutron_lib.callbacks.manager [None req-43fb4244-d5bf-4b29-a583-f940243a172b None None] Subscribe: > router precommit_create 55550000, False {{(pid=104353) subscribe /opt/stack/data/venv/lib/python3.12/site-packages/neutron_lib/callbacks/manager.py:52}}
Feb 17 16:24:21.579169 np0000156043 devstack@neutron-api.service[104353]: DEBUG neutron_lib.callbacks.manager [None req-43fb4244-d5bf-4b29-a583-f940243a172b None None] Subscribe: > router precommit_create 55550000, False {{(pid=104353) subscribe /opt/stack/data/venv/lib/python3.12/site-packages/neutron_lib/callbacks/manager.py:52}}
Feb 17 16:24:21.579287 np0000156043 devstack@neutron-api.service[104353]: DEBUG neutron_lib.callbacks.manager [None req-43fb4244-d5bf-4b29-a583-f940243a172b None None] Subscribe: > router precommit_update 55550000, False {{(pid=104353) subscribe /opt/stack/data/venv/lib/python3.12/site-packages/neutron_lib/callbacks/manager.py:52}}
Feb 17 16:24:21.579384 np0000156043 devstack@neutron-api.service[104353]: DEBUG neutron_lib.callbacks.manager [None req-43fb4244-d5bf-4b29-a583-f940243a172b None None] Subscribe: subnet after_update 55550000, False {{(pid=104353) subscribe /opt/stack/data/venv/lib/python3.12/site-packages/neutron_lib/callbacks/manager.py:52}}
Feb 17 16:24:21.580225 np0000156043 devstack@neutron-api.service[104353]: DEBUG neutron.quota.resource_registry [None req-43fb4244-d5bf-4b29-a583-f940243a172b None None] Tracking information for resource: router configured {{(pid=104353) set_tracked_resource /opt/stack/neutron/neutron/quota/resource_registry.py:203}}
Feb 17 16:24:21.580434 np0000156043 devstack@neutron-api.service[104353]: DEBUG neutron.quota.resource_registry [None req-43fb4244-d5bf-4b29-a583-f940243a172b None None] Tracking information for resource: floatingip configured {{(pid=104353) set_tracked_resource /opt/stack/neutron/neutron/quota/resource_registry.py:203}}
Feb 17 16:24:21.580525 np0000156043 devstack@neutron-api.service[104353]: INFO neutron.services.ovn_l3.plugin [None req-43fb4244-d5bf-4b29-a583-f940243a172b None None] Starting OVNL3RouterPlugin
Feb 17 16:24:21.580771 np0000156043 devstack@neutron-api.service[104353]: DEBUG neutron_lib.callbacks.manager [None req-43fb4244-d5bf-4b29-a583-f940243a172b None None] Subscribe: > port_forwarding_plugin after_init 55550000, False {{(pid=104353) subscribe /opt/stack/data/venv/lib/python3.12/site-packages/neutron_lib/callbacks/manager.py:52}}
Feb 17 16:24:21.580986 np0000156043 devstack@neutron-api.service[104353]: DEBUG neutron_lib.callbacks.manager [None req-43fb4244-d5bf-4b29-a583-f940243a172b None None] Subscribe: > router before_create 55550100, False {{(pid=104353) subscribe /opt/stack/data/venv/lib/python3.12/site-packages/neutron_lib/callbacks/manager.py:52}}
Feb 17 16:24:21.581067 np0000156043 devstack@neutron-api.service[104353]: DEBUG neutron_lib.callbacks.manager [None req-43fb4244-d5bf-4b29-a583-f940243a172b None None] Subscribe: > router precommit_delete 55550100, False {{(pid=104353) subscribe /opt/stack/data/venv/lib/python3.12/site-packages/neutron_lib/callbacks/manager.py:52}}
Feb 17 16:24:21.581186 np0000156043 devstack@neutron-api.service[104353]: DEBUG neutron_lib.callbacks.manager [None req-43fb4244-d5bf-4b29-a583-f940243a172b None None] Subscribe: > router precommit_create 55550100, False {{(pid=104353) subscribe /opt/stack/data/venv/lib/python3.12/site-packages/neutron_lib/callbacks/manager.py:52}}
Feb 17 16:24:21.581314 np0000156043 devstack@neutron-api.service[104353]: DEBUG neutron_lib.callbacks.manager [None req-43fb4244-d5bf-4b29-a583-f940243a172b None None] Subscribe: > router precommit_update 55550100, False {{(pid=104353) subscribe /opt/stack/data/venv/lib/python3.12/site-packages/neutron_lib/callbacks/manager.py:52}}
Feb 17 16:24:21.585943 np0000156043 devstack@neutron-api.service[104353]: DEBUG neutron.services.provider_configuration [None req-43fb4244-d5bf-4b29-a583-f940243a172b None None] Service providers = [] {{(pid=104353) parse_service_provider_opt /opt/stack/neutron/neutron/services/provider_configuration.py:171}}
Feb 17 16:24:21.586201 np0000156043 devstack@neutron-api.service[104353]: DEBUG neutron.db.servicetype_db [None req-43fb4244-d5bf-4b29-a583-f940243a172b None None] Adding provider configuration for service L3_ROUTER_NAT {{(pid=104353) add_provider_configuration /opt/stack/neutron/neutron/db/servicetype_db.py:42}}
Feb 17 16:24:21.592778 np0000156043 devstack@neutron-api.service[104353]: DEBUG neutron_lib.callbacks.manager [None req-43fb4244-d5bf-4b29-a583-f940243a172b None None] Subscribe: > router precommit_create 55549900, False {{(pid=104353) subscribe /opt/stack/data/venv/lib/python3.12/site-packages/neutron_lib/callbacks/manager.py:52}}
Feb 17 16:24:21.592903 np0000156043 devstack@neutron-api.service[104353]: DEBUG neutron_lib.callbacks.manager [None req-43fb4244-d5bf-4b29-a583-f940243a172b None None] Subscribe: > router_interface after_create 55550000, False {{(pid=104353) subscribe /opt/stack/data/venv/lib/python3.12/site-packages/neutron_lib/callbacks/manager.py:52}}
Feb 17 16:24:21.592977 np0000156043 devstack@neutron-api.service[104353]: DEBUG neutron_lib.callbacks.manager [None req-43fb4244-d5bf-4b29-a583-f940243a172b None None] Subscribe: > floatingip after_create 55550000, False {{(pid=104353) subscribe /opt/stack/data/venv/lib/python3.12/site-packages/neutron_lib/callbacks/manager.py:52}}
Feb 17 16:24:21.593116 np0000156043 devstack@neutron-api.service[104353]: DEBUG neutron_lib.callbacks.manager [None req-43fb4244-d5bf-4b29-a583-f940243a172b None None] Subscribe: > floatingip precommit_create 55550000, False {{(pid=104353) subscribe /opt/stack/data/venv/lib/python3.12/site-packages/neutron_lib/callbacks/manager.py:52}}
Feb 17 16:24:21.593196 np0000156043 devstack@neutron-api.service[104353]: DEBUG neutron_lib.callbacks.manager [None req-43fb4244-d5bf-4b29-a583-f940243a172b None None] Subscribe: > floatingip precommit_update 55550000, False {{(pid=104353) subscribe /opt/stack/data/venv/lib/python3.12/site-packages/neutron_lib/callbacks/manager.py:52}}
Feb 17 16:24:21.593329 np0000156043 devstack@neutron-api.service[104353]: DEBUG neutron_lib.callbacks.manager [None req-43fb4244-d5bf-4b29-a583-f940243a172b None None] Subscribe: > floatingip after_delete 55550000, False {{(pid=104353) subscribe /opt/stack/data/venv/lib/python3.12/site-packages/neutron_lib/callbacks/manager.py:52}}
Feb 17 16:24:21.593440 np0000156043 devstack@neutron-api.service[104353]: DEBUG neutron_lib.callbacks.manager [None req-43fb4244-d5bf-4b29-a583-f940243a172b None None] Subscribe: > floatingip after_status_update 55550000, False {{(pid=104353) subscribe /opt/stack/data/venv/lib/python3.12/site-packages/neutron_lib/callbacks/manager.py:52}}
Feb 17 16:24:21.593549 np0000156043 devstack@neutron-api.service[104353]: DEBUG neutron_lib.callbacks.manager [None req-43fb4244-d5bf-4b29-a583-f940243a172b None None] Subscribe: > floatingip after_update 55550000, False {{(pid=104353) subscribe /opt/stack/data/venv/lib/python3.12/site-packages/neutron_lib/callbacks/manager.py:52}}
Feb 17 16:24:21.593655 np0000156043 devstack@neutron-api.service[104353]: DEBUG neutron_lib.callbacks.manager [None req-43fb4244-d5bf-4b29-a583-f940243a172b None None] Subscribe: > port_forwarding after_create 55550000, False {{(pid=104353) subscribe /opt/stack/data/venv/lib/python3.12/site-packages/neutron_lib/callbacks/manager.py:52}}
Feb 17 16:24:21.593763 np0000156043 devstack@neutron-api.service[104353]: DEBUG neutron_lib.callbacks.manager [None req-43fb4244-d5bf-4b29-a583-f940243a172b None None] Subscribe: > router_interface after_delete 55550000, False {{(pid=104353) subscribe /opt/stack/data/venv/lib/python3.12/site-packages/neutron_lib/callbacks/manager.py:52}}
Feb 17 16:24:21.593872 np0000156043 devstack@neutron-api.service[104353]: DEBUG neutron_lib.callbacks.manager [None req-43fb4244-d5bf-4b29-a583-f940243a172b None None] Subscribe: > router after_create 55550000, False {{(pid=104353) subscribe /opt/stack/data/venv/lib/python3.12/site-packages/neutron_lib/callbacks/manager.py:52}}
Feb 17 16:24:21.593978 np0000156043 devstack@neutron-api.service[104353]: DEBUG neutron_lib.callbacks.manager [None req-43fb4244-d5bf-4b29-a583-f940243a172b None None] Subscribe: > router precommit_create 55550000, False {{(pid=104353) subscribe /opt/stack/data/venv/lib/python3.12/site-packages/neutron_lib/callbacks/manager.py:52}}
Feb 17 16:24:21.594068 np0000156043 devstack@neutron-api.service[104353]: DEBUG neutron_lib.callbacks.manager [None req-43fb4244-d5bf-4b29-a583-f940243a172b None None] Subscribe: > router after_delete 55550000, False {{(pid=104353) subscribe /opt/stack/data/venv/lib/python3.12/site-packages/neutron_lib/callbacks/manager.py:52}}
Feb 17 16:24:21.594186 np0000156043 devstack@neutron-api.service[104353]: DEBUG neutron_lib.callbacks.manager [None req-43fb4244-d5bf-4b29-a583-f940243a172b None None] Subscribe: > router after_update 55550000, False {{(pid=104353) subscribe /opt/stack/data/venv/lib/python3.12/site-packages/neutron_lib/callbacks/manager.py:52}}
Feb 17 16:24:21.594338 np0000156043 devstack@neutron-api.service[104353]: DEBUG neutron.services.service_base [None req-43fb4244-d5bf-4b29-a583-f940243a172b None None] Loaded 'neutron.services.ovn_l3.service_providers.ovn.OvnDriver' provider for service L3_ROUTER_NAT {{(pid=104353) load_drivers /opt/stack/neutron/neutron/services/service_base.py:49}}
Feb 17 16:24:21.594465 np0000156043 devstack@neutron-api.service[104353]: DEBUG neutron_lib.callbacks.manager [None req-43fb4244-d5bf-4b29-a583-f940243a172b None None] Subscribe: > process after_init 55550001, True {{(pid=104353) subscribe /opt/stack/data/venv/lib/python3.12/site-packages/neutron_lib/callbacks/manager.py:52}}
Feb 17 16:24:21.594646 np0000156043 devstack@neutron-api.service[104353]: DEBUG neutron.manager [None req-43fb4244-d5bf-4b29-a583-f940243a172b None None] Successfully loaded L3_ROUTER_NAT plugin. Description: L3 Router Service Plugin for basic L3 forwarding using OVN {{(pid=104353) _create_and_add_service_plugin /opt/stack/neutron/neutron/manager.py:229}}
Feb 17 16:24:21.594723 np0000156043 devstack@neutron-api.service[104353]: INFO neutron.manager [None req-43fb4244-d5bf-4b29-a583-f940243a172b None None] Loading Plugin: auto_allocate
