Feb 17 20:36:23.587539 np0000156145 devstack@neutron-api.service[103649]: DEBUG neutron.objects.ports [None req-42a49e31-0529-49af-a871-ac951baef0e9 admin admin] Time-cost: Fetching 1 ports in 0 security groups {{(pid=103649) get_objects /opt/stack/neutron/neutron/objects/ports.py:499}}
Feb 17 20:36:23.916993 np0000156145 devstack@neutron-api.service[103649]: DEBUG neutron_lib.callbacks.manager [None req-42a49e31-0529-49af-a871-ac951baef0e9 admin admin] Publish callbacks ['neutron.plugins.ml2.plugin.SecurityGroupDbMixin._ensure_default_security_group_handler-79176', 'neutron.services.ovn_l3.plugin.OVNL3RouterPlugin._port_update-8273893821420', 'neutron.db.l3_db.L3_NAT_dbonly_mixin._prevent_internal_ip_change_for_fip-8273895695394'] for port (330763e3-7a1c-4f77-a5f9-c60a556751b1), before_update {{(pid=103649) _notify_loop /opt/stack/data/venv/lib/python3.12/site-packages/neutron_lib/callbacks/manager.py:184}}
Feb 17 20:36:24.084619 np0000156145 devstack@neutron-api.service[103649]: DEBUG neutron_lib.callbacks.manager [None req-42a49e31-0529-49af-a871-ac951baef0e9 admin admin] Publish callbacks [] for port (330763e3-7a1c-4f77-a5f9-c60a556751b1), precommit_update {{(pid=103649) _notify_loop /opt/stack/data/venv/lib/python3.12/site-packages/neutron_lib/callbacks/manager.py:184}}
Feb 17 20:36:24.084882 np0000156145 devstack@neutron-api.service[103649]: DEBUG neutron.plugins.ml2.drivers.ovn.mech_driver.mech_driver [None req-42a49e31-0529-49af-a871-ac951baef0e9 admin admin] No provisioning block for port 330763e3-7a1c-4f77-a5f9-c60a556751b1 since it does not have a host {{(pid=103649) _is_port_provisioning_required /opt/stack/neutron/neutron/plugins/ml2/drivers/ovn/mech_driver/mech_driver.py:883}}
Feb 17 20:36:24.085927 np0000156145 devstack@neutron-api.service[103649]: DEBUG neutron_lib.callbacks.manager [None req-42a49e31-0529-49af-a871-ac951baef0e9 admin admin] Publish callbacks ['neutron.plugins.ml2.ovo_rpc._ObjectChangeHandler.handle_event-1950162', 'neutron.db.l3_db.L3RpcNotifierMixin._notify_gateway_port_ip_changed-8273895700380', 'neutron.services.ovn_l3.plugin.OVNL3RouterPlugin._port_update-8273893821420'] for port (330763e3-7a1c-4f77-a5f9-c60a556751b1), after_update {{(pid=103649) _notify_loop /opt/stack/data/venv/lib/python3.12/site-packages/neutron_lib/callbacks/manager.py:184}}
Feb 17 20:36:24.128694 np0000156145 devstack@neutron-api.service[103649]: DEBUG neutron.api.rpc.handlers.resources_rpc [None req-42a49e31-0529-49af-a871-ac951baef0e9 admin admin] Pushing event updated for resources: {'Port': ['ID=330763e3-7a1c-4f77-a5f9-c60a556751b1,revision_number=3']} {{(pid=103649) push /opt/stack/neutron/neutron/api/rpc/handlers/resources_rpc.py:237}}
Feb 17 20:36:24.134143 np0000156145 devstack@neutron-api.service[103649]: DEBUG neutron.api.rpc.callbacks.version_manager [None req-42a49e31-0529-49af-a871-ac951baef0e9 admin admin] Tracked resource versions report:
Feb 17 20:36:24.134143 np0000156145 devstack@neutron-api.service[103649]: pushed versions:
Feb 17 20:36:24.134143 np0000156145 devstack@neutron-api.service[103649]: { 'AddressGroup': {'1.2'},
Feb 17 20:36:24.134143 np0000156145 devstack@neutron-api.service[103649]: 'Agent': {'1.1'},
Feb 17 20:36:24.134143 np0000156145 devstack@neutron-api.service[103649]: 'ConntrackHelper': {'1.0'},
Feb 17 20:36:24.134143 np0000156145 devstack@neutron-api.service[103649]: 'LocalIPAssociation': {'1.0'},
Feb 17 20:36:24.134143 np0000156145 devstack@neutron-api.service[103649]: 'Log': {'1.0'},
Feb 17 20:36:24.134143 np0000156145 devstack@neutron-api.service[103649]: 'NDPProxy': {'1.0'},
Feb 17 20:36:24.134143 np0000156145 devstack@neutron-api.service[103649]: 'Network': {'1.2'},
Feb 17 20:36:24.134143 np0000156145 devstack@neutron-api.service[103649]: 'Port': {'1.10'},
Feb 17 20:36:24.134143 np0000156145 devstack@neutron-api.service[103649]: 'PortForwarding': {'1.3'},
Feb 17 20:36:24.134143 np0000156145 devstack@neutron-api.service[103649]: 'QosPolicy': {'1.10'},
Feb 17 20:36:24.134143 np0000156145 devstack@neutron-api.service[103649]: 'SecurityGroup': {'1.6'},
Feb 17 20:36:24.134143 np0000156145 devstack@neutron-api.service[103649]: 'SecurityGroupRule': {'1.3'},
Feb 17 20:36:24.134143 np0000156145 devstack@neutron-api.service[103649]: 'SubPort': {'1.0'},
Feb 17 20:36:24.134143 np0000156145 devstack@neutron-api.service[103649]: 'Subnet': {'1.2'},
Feb 17 20:36:24.134143 np0000156145 devstack@neutron-api.service[103649]: 'Trunk': {'1.1'}}
Feb 17 20:36:24.134143 np0000156145 devstack@neutron-api.service[103649]: consumer versions:
Feb 17 20:36:24.134143 np0000156145 devstack@neutron-api.service[103649]: { OVN Controller Gateway agent@np0000156145: {},
Feb 17 20:36:24.134143 np0000156145 devstack@neutron-api.service[103649]: OVN Neutron agent@np0000156145: {}}
Feb 17 20:36:24.134143 np0000156145 devstack@neutron-api.service[103649]: {{(pid=103649) report /opt/stack/neutron/neutron/api/rpc/callbacks/version_manager.py:183}}
Feb 17 20:36:24.149104 np0000156145 devstack@neutron-api.service[103649]: INFO neutron.plugins.ml2.drivers.ovn.mech_driver.ovsdb.extensions.qos [None req-42a49e31-0529-49af-a871-ac951baef0e9 admin admin] Starting OVNClientQosExtension
Feb 17 20:36:24.149104 np0000156145 devstack@neutron-api.service[103649]: INFO neutron.plugins.ml2.drivers.ovn.mech_driver.ovsdb.extensions.placement [None req-42a49e31-0529-49af-a871-ac951baef0e9 admin admin] Starting OVNClientPlacementExtension
Feb 17 20:36:24.380348 np0000156145 devstack@neutron-api.service[103649]: DEBUG ovsdbapp.backend.ovs_idl.transaction [-] Running txn n=1 command(idx=0): CheckRevisionNumberCommand(_result=None, name=330763e3-7a1c-4f77-a5f9-c60a556751b1, resource={'id': '330763e3-7a1c-4f77-a5f9-c60a556751b1', 'name': '', 'network_id': '12965274-5922-4449-bd05-82ad6e23b688', 'project_id': '5ba60e878f784a41855192eb72c15a28', 'mac_address': 'fa:16:3e:64:78:b3', 'admin_state_up': True, 'status': 'DOWN', 'device_id': 'ovnmeta-12965274-5922-4449-bd05-82ad6e23b688', 'device_owner': 'network:distributed', 'standard_attr_id': 14, 'fixed_ips': [{'subnet_id': '3ff1510c-4fec-4bd4-89aa-76e076783a72', 'ip_address': '10.1.0.2'}, {'subnet_id': 'd751ca51-82c0-45c0-9933-62e2f855c58e', 'ip_address': 'fd::f816:3eff:fe64:78b3'}], 'allowed_address_pairs': [], 'extra_dhcp_opts': [], 'security_groups': [], 'description': '', 'binding:vnic_type': 'normal', 'binding:profile': {}, 'binding:host_id': '', 'binding:vif_type': 'unbound', 'binding:vif_details': {}, 'port_security_enabled': False, 'tags': [], 'created_at': '2026-02-17T20:36:20Z', 'updated_at': '2026-02-17T20:36:23Z', 'revision_number': 3, 'tenant_id': '5ba60e878f784a41855192eb72c15a28', 'network': {'id': '12965274-5922-4449-bd05-82ad6e23b688', 'name': 'private', 'tenant_id': '5ba60e878f784a41855192eb72c15a28', 'project_id': '5ba60e878f784a41855192eb72c15a28', 'admin_state_up': True, 'mtu': 1372, 'status': 'ACTIVE', 'subnets': ['3ff1510c-4fec-4bd4-89aa-76e076783a72', 'd751ca51-82c0-45c0-9933-62e2f855c58e'], 'standard_attr_id': 12, 'shared': False, 'availability_zone_hints': [], 'availability_zones': [], 'ipv4_address_scope': None, 'ipv6_address_scope': None, 'router:external': False, 'qinq': False, 'vlan_transparent': False, 'description': '', 'port_security_enabled': True, 'tags': [], 'created_at': '2026-02-17T20:36:19Z', 'updated_at': '2026-02-17T20:36:23Z', 'revision_number': 3, 'provider:network_type': 'geneve', 'provider:physical_network': None, 'provider:segmentation_id': 43403}}, resource_type=ports, if_exists=True) {{(pid=103649) do_commit /opt/stack/data/venv/lib/python3.12/site-packages/ovsdbapp/backend/ovs_idl/transaction.py:89}}
Feb 17 20:36:24.381312 np0000156145 devstack@neutron-api.service[103649]: DEBUG ovsdbapp.backend.ovs_idl.transaction [-] Running txn n=1 command(idx=1): SetLSwitchPortCommand(_result=None, lport=330763e3-7a1c-4f77-a5f9-c60a556751b1, external_ids_update=None, columns={'external_ids': {'neutron:port_name': '', 'neutron:device_id': 'ovnmeta-12965274-5922-4449-bd05-82ad6e23b688', 'neutron:project_id': '5ba60e878f784a41855192eb72c15a28', 'neutron:cidrs': '10.1.0.2/26 fd::f816:3eff:fe64:78b3/64', 'neutron:device_owner': 'network:distributed', 'neutron:subnet_pool_addr_scope4': '', 'neutron:subnet_pool_addr_scope6': '', 'neutron:network_name': 'neutron-12965274-5922-4449-bd05-82ad6e23b688', 'neutron:security_group_ids': '', 'neutron:revision_number': '3', 'neutron:vnic_type': 'normal', 'neutron:port_capabilities': '', 'neutron:mtu': ''}, 'parent_name': [], 'tag': [], 'options': {}, 'enabled': True, 'port_security': [], 'dhcpv4_options': [], 'dhcpv6_options': [], 'type': 'localport', 'addresses': ['fa:16:3e:64:78:b3 10.1.0.2 fd::f816:3eff:fe64:78b3'], 'ha_chassis_group': []}, if_exists=False) {{(pid=103649) do_commit /opt/stack/data/venv/lib/python3.12/site-packages/ovsdbapp/backend/ovs_idl/transaction.py:89}}
Feb 17 20:36:24.382275 np0000156145 devstack@neutron-api.service[103649]: DEBUG ovsdbapp.backend.ovs_idl.transaction [-] Running txn n=1 command(idx=2): PgDelPortCommand(_result=None, port_group=neutron_pg_drop, lsp=['330763e3-7a1c-4f77-a5f9-c60a556751b1'], if_exists=False) {{(pid=103649) do_commit /opt/stack/data/venv/lib/python3.12/site-packages/ovsdbapp/backend/ovs_idl/transaction.py:89}}
Feb 17 20:36:24.387217 np0000156145 devstack@neutron-api.service[103647]: DEBUG neutron.plugins.ml2.drivers.ovn.mech_driver.ovsdb.ovsdb_monitor [-] Hash Ring: Node d25b7dda93ca577c89ddd8035593195c (host: np0000156145) handling event "update" for row 631679b5-5f61-4434-8426-b0682349aec9 (table: Logical_Switch_Port) {{(pid=103647) notify /opt/stack/neutron/neutron/plugins/ml2/drivers/ovn/mech_driver/ovsdb/ovsdb_monitor.py:920}}
Feb 17 20:36:24.389687 np0000156145 devstack@neutron-api.service[103647]: DEBUG neutron.plugins.ml2.drivers.ovn.mech_driver.ovsdb.ovsdb_monitor [-] Hash Ring: Node d25b7dda93ca577c89ddd8035593195c (host: np0000156145) handling event "update" for row 256ed647-ce3a-4fbe-a17d-8f5062f58a3c (table: Port_Binding) {{(pid=103647) notify /opt/stack/neutron/neutron/plugins/ml2/drivers/ovn/mech_driver/ovsdb/ovsdb_monitor.py:920}}
Feb 17 20:36:24.389947 np0000156145 devstack@neutron-api.service[103646]: DEBUG neutron.plugins.ml2.drivers.ovn.mech_driver.ovsdb.ovsdb_monitor [-] Hash Ring: Node d1db5225f7a35826ac4ce32fb460b125 (host: np0000156145) handling event "update" for row 256ed647-ce3a-4fbe-a17d-8f5062f58a3c (table: Port_Binding) {{(pid=103646) notify /opt/stack/neutron/neutron/plugins/ml2/drivers/ovn/mech_driver/ovsdb/ovsdb_monitor.py:920}}
Feb 17 20:36:24.424787 np0000156145 devstack@neutron-api.service[103649]: INFO neutron.db.ovn_revision_numbers_db [None req-42a49e31-0529-49af-a871-ac951baef0e9 admin admin] Successfully bumped revision number for resource 330763e3-7a1c-4f77-a5f9-c60a556751b1 (type: ports) to 3
Feb 17 20:36:24.438856 np0000156145 devstack@neutron-api.service[103649]: DEBUG neutron_lib.callbacks.manager [None req-42a49e31-0529-49af-a871-ac951baef0e9 admin admin] Publish callbacks ['neutron.plugins.ml2.ovo_rpc._ObjectChangeHandler.handle_event-1950149'] for subnet (d751ca51-82c0-45c0-9933-62e2f855c58e), after_create {{(pid=103649) _notify_loop /opt/stack/data/venv/lib/python3.12/site-packages/neutron_lib/callbacks/manager.py:184}}
Feb 17 20:36:24.454659 np0000156145 devstack@neutron-api.service[103649]: DEBUG neutron.api.rpc.handlers.resources_rpc [None req-42a49e31-0529-49af-a871-ac951baef0e9 admin admin] Pushing event updated for resources: {'Subnet': ['ID=d751ca51-82c0-45c0-9933-62e2f855c58e,revision_number=0']} {{(pid=103649) push /opt/stack/neutron/neutron/api/rpc/handlers/resources_rpc.py:237}}
Feb 17 20:36:24.490244 np0000156145 devstack@neutron-api.service[103649]: INFO neutron.db.ovn_revision_numbers_db [None req-42a49e31-0529-49af-a871-ac951baef0e9 admin admin] Successfully bumped revision number for resource d751ca51-82c0-45c0-9933-62e2f855c58e (type: subnets) to 0
Feb 17 20:36:24.491729 np0000156145 devstack@neutron-api.service[103649]: DEBUG neutron.pecan_wsgi.hooks.policy_enforcement [None req-42a49e31-0529-49af-a871-ac951baef0e9 admin admin] Attributes excluded by policy engine: ['standard_attr_id', 'shared', 'network'] {{(pid=103649) _exclude_attributes_by_policy /opt/stack/neutron/neutron/pecan_wsgi/hooks/policy_enforcement.py:258}}
Feb 17 20:36:24.492069 np0000156145 devstack@neutron-api.service[103649]: DEBUG neutron_lib.callbacks.manager [None req-42a49e31-0529-49af-a871-ac951baef0e9 admin admin] Publish callbacks [] for subnet (None), before_response {{(pid=103649) _notify_loop /opt/stack/data/venv/lib/python3.12/site-packages/neutron_lib/callbacks/manager.py:184}}
Feb 17 20:36:24.504443 np0000156145 devstack@neutron-api.service[103649]: [pid: 103649|app: 0|req: 3/11] 199.204.45.210 () {68 vars in 1354 bytes} [Tue Feb 17 20:36:23 2026] POST /networking/v2.0/subnets => generated 681 bytes in 1246 msecs (HTTP/1.1 201) 4 headers in 162 bytes (1 switches on core 0)
Feb 17 20:36:24.895914 np0000156145 devstack@neutron-api.service[103646]: DEBUG neutron.api.wsgi [None req-0bffe88d-71cb-4d14-b40e-75a7d52ac6c0 admin admin] Missing Content-Type {{(pid=103646) get_content_type /opt/stack/neutron/neutron/api/wsgi.py:85}}
Feb 17 20:36:24.897019 np0000156145 devstack@neutron-api.service[103646]: DEBUG neutron.api.wsgi [None req-0bffe88d-71cb-4d14-b40e-75a7d52ac6c0 admin admin] https://199.204.45.210/networking/v2.0/extensions returned with HTTP 200 {{(pid=103646) __call__ /opt/stack/neutron/neutron/api/wsgi.py:545}}
Feb 17 20:36:24.898023 np0000156145 devstack@neutron-api.service[103646]: [pid: 103646|app: 0|req: 3/12] 199.204.45.210 () {64 vars in 1322 bytes} [Tue Feb 17 20:36:24 2026] GET /networking/v2.0/extensions => generated 15208 bytes in 8 msecs (HTTP/1.1 200) 4 headers in 159 bytes (1 switches on core 0)
Feb 17 20:36:25.186111 np0000156145 devstack@neutron-api.service[103648]: DEBUG neutron.api.wsgi [None req-4f26646d-d9e6-4c6e-bbea-3f90796d79b2 admin admin] Missing Content-Type {{(pid=103648) get_content_type /opt/stack/neutron/neutron/api/wsgi.py:85}}
Feb 17 20:36:25.186565 np0000156145 devstack@neutron-api.service[103648]: DEBUG neutron.api.wsgi [None req-4f26646d-d9e6-4c6e-bbea-3f90796d79b2 admin admin] https://199.204.45.210/networking/v2.0/extensions returned with HTTP 200 {{(pid=103648) __call__ /opt/stack/neutron/neutron/api/wsgi.py:545}}
Feb 17 20:36:25.186811 np0000156145 devstack@neutron-api.service[103648]: [pid: 103648|app: 0|req: 3/13] 199.204.45.210 () {64 vars in 1322 bytes} [Tue Feb 17 20:36:25 2026] GET /networking/v2.0/extensions => generated 15208 bytes in 4 msecs (HTTP/1.1 200) 4 headers in 159 bytes (1 switches on core 0)
Feb 17 20:36:25.466751 np0000156145 devstack@neutron-api.service[103647]: DEBUG neutron.api.v2.base [None req-20cb642d-d5f3-4944-b258-211e110b3da3 admin admin] Request body: {'router': {'name': 'router1', 'admin_state_up': True}} {{(pid=103647) prepare_request_body /opt/stack/neutron/neutron/api/v2/base.py:729}}
Feb 17 20:36:25.497587 np0000156145 devstack@neutron-api.service[103647]: DEBUG neutron_lib.callbacks.manager [None req-20cb642d-d5f3-4944-b258-211e110b3da3 admin admin] Publish callbacks ['neutron.services.ovn_l3.service_providers.driver_controller.DriverController._check_router_request-121517'] for router (b706d385-7780-49fb-8f52-d6b52f76b812), before_create {{(pid=103647) _notify_loop /opt/stack/data/venv/lib/python3.12/site-packages/neutron_lib/callbacks/manager.py:184}}
Feb 17 20:36:25.498384 np0000156145 devstack@neutron-api.service[103647]: DEBUG neutron_lib.callbacks.manager [None req-20cb642d-d5f3-4944-b258-211e110b3da3 admin admin] Publish callbacks ['neutron.services.ovn_l3.service_providers.ovn.OVN_L3_HA_db_mixin._precommit_router_create-16194', 'neutron.services.ovn_l3.plugin.RouterAvailabilityZoneMixin._process_az_request-1170712', 'neutron.services.ovn_l3.plugin.ExtraGatewaysDbOnlyMixin._process_bfd_ecmp_create-561286', 'neutron.services.ovn_l3.service_providers.ovn.OvnDriver._process_router_create_precommit-16222', 'neutron.services.ovn_l3.service_providers.driver_controller.DriverController._set_router_provider-121527'] for router (b706d385-7780-49fb-8f52-d6b52f76b812), precommit_create {{(pid=103647) _notify_loop /opt/stack/data/venv/lib/python3.12/site-packages/neutron_lib/callbacks/manager.py:184}}
Feb 17 20:36:25.519526 np0000156145 devstack@neutron-api.service[103647]: DEBUG neutron.db.ovn_revision_numbers_db [None req-20cb642d-d5f3-4944-b258-211e110b3da3 admin admin] create_initial_revision uuid=b706d385-7780-49fb-8f52-d6b52f76b812, type=routers, rev=-1 {{(pid=103647) create_initial_revision /opt/stack/neutron/neutron/db/ovn_revision_numbers_db.py:98}}
Feb 17 20:36:25.607180 np0000156145 devstack@neutron-api.service[103647]: DEBUG neutron_lib.callbacks.manager [None req-20cb642d-d5f3-4944-b258-211e110b3da3 admin admin] Publish callbacks [] for router_controller (b706d385-7780-49fb-8f52-d6b52f76b812), precommit_add_association {{(pid=103647) _notify_loop /opt/stack/data/venv/lib/python3.12/site-packages/neutron_lib/callbacks/manager.py:184}}
Feb 17 20:36:25.612474 np0000156145 devstack@neutron-api.service[103647]: DEBUG neutron_lib.callbacks.manager [None req-20cb642d-d5f3-4944-b258-211e110b3da3 admin admin] Publish callbacks ['neutron.services.ovn_l3.service_providers.ovn.OvnDriver._process_router_create-125180'] for router (b706d385-7780-49fb-8f52-d6b52f76b812), after_create {{(pid=103647) _notify_loop /opt/stack/data/venv/lib/python3.12/site-packages/neutron_lib/callbacks/manager.py:184}}
Feb 17 20:36:25.612665 np0000156145 devstack@neutron-api.service[103647]: INFO neutron.plugins.ml2.drivers.ovn.mech_driver.ovsdb.extensions.qos [None req-20cb642d-d5f3-4944-b258-211e110b3da3 admin admin] Starting OVNClientQosExtension
Feb 17 20:36:25.613158 np0000156145 devstack@neutron-api.service[103647]: DEBUG neutron.plugins.ml2.drivers.ovn.mech_driver.ovsdb.extensions.qos [None req-20cb642d-d5f3-4944-b258-211e110b3da3 admin admin] Router b706d385-7780-49fb-8f52-d6b52f76b812 does not have ID or gateway assigned {{(pid=103647) update_router /opt/stack/neutron/neutron/plugins/ml2/drivers/ovn/mech_driver/ovsdb/extensions/qos.py:529}}
Feb 17 20:36:25.613672 np0000156145 devstack@neutron-api.service[103647]: DEBUG ovsdbapp.backend.ovs_idl.transaction [-] Running txn n=1 command(idx=0): LrAddCommand(_result=None, router=neutron-b706d385-7780-49fb-8f52-d6b52f76b812, may_exist=True, columns={'external_ids': {'neutron:router_name': 'router1', 'neutron:revision_number': '1', 'neutron:availability_zone_hints': ''}, 'enabled': True, 'options': {'always_learn_from_arp_request': 'false', 'dynamic_neigh_routers': 'true', 'mac_binding_age_threshold': '0'}}) {{(pid=103647) do_commit /opt/stack/data/venv/lib/python3.12/site-packages/ovsdbapp/backend/ovs_idl/transaction.py:89}}
Feb 17 20:36:25.617632 np0000156145 devstack@neutron-api.service[103647]: DEBUG neutron.plugins.ml2.drivers.ovn.mech_driver.ovsdb.ovsdb_monitor [-] Hash Ring: Node d25b7dda93ca577c89ddd8035593195c (host: np0000156145) handling event "create" for row 2a24854a-a6b7-4640-b011-8a047f75baba (table: Logical_Router) {{(pid=103647) notify /opt/stack/neutron/neutron/plugins/ml2/drivers/ovn/mech_driver/ovsdb/ovsdb_monitor.py:920}}
Feb 17 20:36:25.625814 np0000156145 devstack@neutron-api.service[103649]: DEBUG neutron.plugins.ml2.drivers.ovn.mech_driver.ovsdb.ovsdb_monitor [-] Hash Ring: Node 67f76b7c19a756b0b99d0405464b5961 (host: np0000156145) handling event "create" for row 6e277d8a-c3f9-4b9a-8146-99662d95fe9c (table: Datapath_Binding) {{(pid=103649) notify /opt/stack/neutron/neutron/plugins/ml2/drivers/ovn/mech_driver/ovsdb/ovsdb_monitor.py:920}}
Feb 17 20:36:25.645604 np0000156145 devstack@neutron-api.service[103647]: DEBUG neutron.plugins.ml2.drivers.ovn.mech_driver.ovsdb.ovsdb_monitor [-] Hash Ring: Node d25b7dda93ca577c89ddd8035593195c (host: np0000156145) handling event "create" for row 6e277d8a-c3f9-4b9a-8146-99662d95fe9c (table: Datapath_Binding) {{(pid=103647) notify /opt/stack/neutron/neutron/plugins/ml2/drivers/ovn/mech_driver/ovsdb/ovsdb_monitor.py:920}}
Feb 17 20:36:25.676959 np0000156145 devstack@neutron-api.service[103647]: DEBUG futurist.periodics [-] Submitting periodic callback 'neutron.plugins.ml2.drivers.ovn.mech_driver.ovsdb.maintenance.HashRingHealthCheckPeriodics.touch_hash_ring_node' {{(pid=103647) _process_scheduled /opt/stack/data/venv/lib/python3.12/site-packages/futurist/periodics.py:638}}
Feb 17 20:36:25.694697 np0000156145 devstack@neutron-api.service[103647]: DEBUG neutron.plugins.ml2.drivers.ovn.mech_driver.ovsdb.maintenance [-] Touching Hash Ring node "d25b7dda93ca577c89ddd8035593195c" from periodic health check thread {{(pid=103647) touch_hash_ring_node /opt/stack/neutron/neutron/plugins/ml2/drivers/ovn/mech_driver/ovsdb/maintenance.py:1135}}
Feb 17 20:36:25.723861 np0000156145 devstack@neutron-api.service[103647]: INFO neutron.db.ovn_revision_numbers_db [None req-20cb642d-d5f3-4944-b258-211e110b3da3 admin admin] Successfully bumped revision number for resource b706d385-7780-49fb-8f52-d6b52f76b812 (type: routers) to 1
Feb 17 20:36:25.742406 np0000156145 devstack@neutron-api.service[103647]: DEBUG neutron_lib.callbacks.manager [None req-20cb642d-d5f3-4944-b258-211e110b3da3 admin admin] Publish callbacks [] for router (None), before_response {{(pid=103647) _notify_loop /opt/stack/data/venv/lib/python3.12/site-packages/neutron_lib/callbacks/manager.py:184}}
Feb 17 20:36:25.742406 np0000156145 devstack@neutron-api.service[103647]: [pid: 103647|app: 0|req: 5/14] 199.204.45.210 () {68 vars in 1353 bytes} [Tue Feb 17 20:36:25 2026] POST /networking/v2.0/routers => generated 599 bytes in 280 msecs (HTTP/1.1 201) 4 headers in 162 bytes (1 switches on core 0)
Feb 17 20:36:26.028142 np0000156145 devstack@neutron-api.service[103649]: DEBUG neutron.api.wsgi [None req-b42e2207-fcc6-489c-82ed-f9f69ed69e2e admin admin] Missing Content-Type {{(pid=103649) get_content_type /opt/stack/neutron/neutron/api/wsgi.py:85}}
Feb 17 20:36:26.028972 np0000156145 devstack@neutron-api.service[103649]: DEBUG neutron.api.wsgi [None req-b42e2207-fcc6-489c-82ed-f9f69ed69e2e admin admin] https://199.204.45.210/networking/v2.0/extensions returned with HTTP 200 {{(pid=103649) __call__ /opt/stack/neutron/neutron/api/wsgi.py:545}}
Feb 17 20:36:26.029615 np0000156145 devstack@neutron-api.service[103649]: [pid: 103649|app: 0|req: 4/15] 199.204.45.210 () {64 vars in 1322 bytes} [Tue Feb 17 20:36:26 2026] GET /networking/v2.0/extensions => generated 15208 bytes in 7 msecs (HTTP/1.1 200) 4 headers in 159 bytes (1 switches on core 0)
Feb 17 20:36:26.330135 np0000156145 devstack@neutron-api.service[103646]: DEBUG neutron.api.v2.base [None req-87d04c44-e6bc-4130-a65f-f959fd77ea7e admin admin] Request body: {'network': {'provider:network_type': 'flat', 'router:external': True, 'is_default': True, 'provider:physical_network': 'public', 'name': 'public', 'admin_state_up': True}} {{(pid=103646) prepare_request_body /opt/stack/neutron/neutron/api/v2/base.py:729}}
Feb 17 20:36:26.346493 np0000156145 devstack@neutron-api.service[103646]: DEBUG neutron.pecan_wsgi.hooks.quota_enforcement [None req-87d04c44-e6bc-4130-a65f-f959fd77ea7e admin admin] Made reservation on behalf of 5ba60e878f784a41855192eb72c15a28 for: {'network': 1} {{(pid=103646) before /opt/stack/neutron/neutron/pecan_wsgi/hooks/quota_enforcement.py:66}}
Feb 17 20:36:26.350513 np0000156145 devstack@neutron-api.service[103646]: DEBUG neutron_lib.callbacks.manager [None req-87d04c44-e6bc-4130-a65f-f959fd77ea7e admin admin] Publish callbacks ['neutron.plugins.ml2.plugin.SecurityGroupDbMixin._ensure_default_security_group_handler-214430'] for network (None), before_create {{(pid=103646) _notify_loop /opt/stack/data/venv/lib/python3.12/site-packages/neutron_lib/callbacks/manager.py:184}}
Feb 17 20:36:26.366171 np0000156145 devstack@neutron-api.service[103646]: DEBUG neutron.plugins.ml2.drivers.type_flat [None req-87d04c44-e6bc-4130-a65f-f959fd77ea7e admin admin] Reserving flat network on physical network public {{(pid=103646) reserve_provider_segment /opt/stack/neutron/neutron/plugins/ml2/drivers/type_flat.py:100}}
Feb 17 20:36:26.376884 np0000156145 devstack@neutron-api.service[103646]: DEBUG neutron_lib.callbacks.manager [None req-87d04c44-e6bc-4130-a65f-f959fd77ea7e admin admin] Publish callbacks ['neutron.services.segments.db._add_segment_host_mapping_for_segment-8273895829334', 'neutron.plugins.ml2.plugin.Ml2Plugin._handle_segment_change-70458'] for segment (9ca2b819-cbcd-4862-9d7f-ff4f09b6563a), precommit_create {{(pid=103646) _notify_loop /opt/stack/data/venv/lib/python3.12/site-packages/neutron_lib/callbacks/manager.py:184}}
Feb 17 20:36:26.377070 np0000156145 devstack@neutron-api.service[103646]: DEBUG neutron_lib.callbacks.manager [None req-87d04c44-e6bc-4130-a65f-f959fd77ea7e admin admin] Unsubscribe: segment precommit_create {{(pid=103646) unsubscribe /opt/stack/data/venv/lib/python3.12/site-packages/neutron_lib/callbacks/manager.py:90}}
Feb 17 20:36:26.377291 np0000156145 devstack@neutron-api.service[103646]: INFO neutron.db.segments_db [None req-87d04c44-e6bc-4130-a65f-f959fd77ea7e admin admin] Added segment 9ca2b819-cbcd-4862-9d7f-ff4f09b6563a of type flat for network 17c8eeaf-3347-4570-ba7f-583f1d058582
Feb 17 20:36:26.400080 np0000156145 devstack@neutron-api.service[103646]: DEBUG neutron_lib.callbacks.manager [None req-87d04c44-e6bc-4130-a65f-f959fd77ea7e admin admin] Publish callbacks ['neutron.services.auto_allocate.db._ensure_external_network_default_value_callback-8273893811564'] for network (17c8eeaf-3347-4570-ba7f-583f1d058582), precommit_create {{(pid=103646) _notify_loop /opt/stack/data/venv/lib/python3.12/site-packages/neutron_lib/callbacks/manager.py:184}}
Feb 17 20:36:26.419517 np0000156145 devstack@neutron-api.service[103646]: DEBUG neutron.plugins.ml2.drivers.ovn.mech_driver.mech_driver [None req-87d04c44-e6bc-4130-a65f-f959fd77ea7e admin admin] Validating network segment with type flat, segmentation ID None, physical network public {{(pid=103646) _validate_network_segments /opt/stack/neutron/neutron/plugins/ml2/drivers/ovn/mech_driver/mech_driver.py:630}}
Feb 17 20:36:26.419685 np0000156145 devstack@neutron-api.service[103646]: DEBUG neutron.db.ovn_revision_numbers_db [None req-87d04c44-e6bc-4130-a65f-f959fd77ea7e admin admin] create_initial_revision uuid=17c8eeaf-3347-4570-ba7f-583f1d058582, type=networks, rev=-1 {{(pid=103646) create_initial_revision /opt/stack/neutron/neutron/db/ovn_revision_numbers_db.py:98}}
Feb 17 20:36:26.432421 np0000156145 devstack@neutron-api.service[103646]: DEBUG neutron_lib.callbacks.manager [None req-87d04c44-e6bc-4130-a65f-f959fd77ea7e admin admin] Publish callbacks ['neutron.plugins.ml2.ovo_rpc._ObjectChangeHandler.handle_event-1950183'] for network (17c8eeaf-3347-4570-ba7f-583f1d058582), after_create {{(pid=103646) _notify_loop /opt/stack/data/venv/lib/python3.12/site-packages/neutron_lib/callbacks/manager.py:184}}
Feb 17 20:36:26.458703 np0000156145 devstack@neutron-api.service[103646]: DEBUG neutron.api.rpc.handlers.resources_rpc [None req-87d04c44-e6bc-4130-a65f-f959fd77ea7e admin admin] Pushing event updated for resources: {'Network': ['ID=17c8eeaf-3347-4570-ba7f-583f1d058582,revision_number=1']} {{(pid=103646) push /opt/stack/neutron/neutron/api/rpc/handlers/resources_rpc.py:237}}
Feb 17 20:36:26.466777 np0000156145 devstack@neutron-api.service[103646]: DEBUG ovsdbapp.backend.ovs_idl.transaction [-] Running txn n=1 command(idx=0): AddNetworkCommand(_result=None, network_uuid=17c8eeaf-3347-4570-ba7f-583f1d058582, may_exist=True, columns={'external_ids': {'neutron:network_name': 'public', 'neutron:mtu': '1430', 'neutron:revision_number': '1', 'neutron:availability_zone_hints': '', 'neutron:provnet-network-type': 'flat', 'neutron:provnet-physical-network': 'public'}, 'other_config': {'mcast_snoop': 'false', 'mcast_flood_unregistered': 'false', 'vlan-passthru': 'false', 'fdb_age_threshold': '0', 'broadcast-arps-to-all-routers': 'true'}}) {{(pid=103646) do_commit /opt/stack/data/venv/lib/python3.12/site-packages/ovsdbapp/backend/ovs_idl/transaction.py:89}}
Feb 17 20:36:26.466984 np0000156145 devstack@neutron-api.service[103646]: DEBUG neutron.common.ovn.utils [-] OVS persist_uuid supported=True {{(pid=103646) ovs_persist_uuid_supported /opt/stack/neutron/neutron/common/ovn/utils.py:1504}}
Feb 17 20:36:26.467260 np0000156145 devstack@neutron-api.service[103646]: DEBUG ovsdbapp.backend.ovs_idl.transaction [-] Running txn n=1 command(idx=1): AddLSwitchPortCommand(_result=None, lport=provnet-9ca2b819-cbcd-4862-9d7f-ff4f09b6563a, lswitch=neutron-17c8eeaf-3347-4570-ba7f-583f1d058582, may_exist=True, network_uuid=17c8eeaf-3347-4570-ba7f-583f1d058582, columns={'addresses': ['unknown'], 'external_ids': {}, 'type': 'localnet', 'tag': None, 'options': {'network_name': 'public', 'mcast_flood_reports': 'true', 'mcast_flood': 'false', 'localnet_learn_fdb': 'false'}}) {{(pid=103646) do_commit /opt/stack/data/venv/lib/python3.12/site-packages/ovsdbapp/backend/ovs_idl/transaction.py:89}}
Feb 17 20:36:26.512705 np0000156145 devstack@neutron-api.service[103647]: DEBUG neutron.plugins.ml2.drivers.ovn.mech_driver.ovsdb.ovsdb_monitor [None req-6a66d971-1746-4dd3-b680-71ec697b04e1 None None] Touching Hash Ring node "d25b7dda93ca577c89ddd8035593195c" from IDL notify handler {{(pid=103647) notify /opt/stack/neutron/neutron/plugins/ml2/drivers/ovn/mech_driver/ovsdb/ovsdb_monitor.py:912}}
Feb 17 20:36:26.513754 np0000156145 devstack@neutron-api.service[103648]: DEBUG neutron.plugins.ml2.drivers.ovn.mech_driver.ovsdb.ovsdb_monitor [-] Hash Ring: Node 2047e2b100e45ee49179e5ded5b39f6a (host: np0000156145) handling event "create" for row 17c8eeaf-3347-4570-ba7f-583f1d058582 (table: Logical_Switch) {{(pid=103648) notify /opt/stack/neutron/neutron/plugins/ml2/drivers/ovn/mech_driver/ovsdb/ovsdb_monitor.py:920}}
Feb 17 20:36:26.514433 np0000156145 devstack@neutron-api.service[103648]: DEBUG neutron.plugins.ml2.drivers.ovn.mech_driver.ovsdb.ovsdb_monitor [-] Hash Ring: Node 2047e2b100e45ee49179e5ded5b39f6a (host: np0000156145) handling event "create" for row 9ac0501a-065f-45c3-b8d6-0f0da97bdbe3 (table: Logical_Switch_Port) {{(pid=103648) notify /opt/stack/neutron/neutron/plugins/ml2/drivers/ovn/mech_driver/ovsdb/ovsdb_monitor.py:920}}
Feb 17 20:36:26.515272 np0000156145 devstack@neutron-api.service[103648]: DEBUG ovsdbapp.backend.ovs_idl.event [-] Matched CREATE: LogicalSwitchPortCreateEvent(events=('create',), table='Logical_Switch_Port', conditions=[], old_conditions=None), priority=20 to row=Logical_Switch_Port(name=provnet-9ca2b819-cbcd-4862-9d7f-ff4f09b6563a, ha_chassis_group=[], options={'localnet_learn_fdb': 'false', 'mcast_flood': 'false', 'mcast_flood_reports': 'true', 'network_name': 'public'}, parent_name=[], enabled=[], type=localnet, dhcpv6_options=[], addresses=['unknown'], tag=[], up=[], external_ids={}, tag_request=[], port_security=[], dynamic_addresses=[], dhcpv4_options=[], mirror_rules=[]) old= {{(pid=103648) matches /opt/stack/data/venv/lib/python3.12/site-packages/ovsdbapp/backend/ovs_idl/event.py:55}}
Feb 17 20:36:26.516305 np0000156145 devstack@neutron-api.service[103648]: INFO neutron.plugins.ml2.drivers.ovn.mech_driver.mech_driver [-] OVN reports status down for port: provnet-9ca2b819-cbcd-4862-9d7f-ff4f09b6563a
Feb 17 20:36:26.517467 np0000156145 devstack@neutron-api.service[103648]: DEBUG neutron.plugins.ml2.drivers.ovn.mech_driver.ovsdb.ovsdb_monitor [-] Hash Ring: Node 2047e2b100e45ee49179e5ded5b39f6a (host: np0000156145) handling event "update" for row 9ac0501a-065f-45c3-b8d6-0f0da97bdbe3 (table: Logical_Switch_Port) {{(pid=103648) notify /opt/stack/neutron/neutron/plugins/ml2/drivers/ovn/mech_driver/ovsdb/ovsdb_monitor.py:920}}
Feb 17 20:36:26.521368 np0000156145 devstack@neutron-api.service[103649]: DEBUG neutron.plugins.ml2.drivers.ovn.mech_driver.ovsdb.ovsdb_monitor [-] Hash Ring: Node 67f76b7c19a756b0b99d0405464b5961 (host: np0000156145) handling event "create" for row c0f489e2-7a30-4eaa-ba08-7fdd1f189063 (table: Datapath_Binding) {{(pid=103649) notify /opt/stack/neutron/neutron/plugins/ml2/drivers/ovn/mech_driver/ovsdb/ovsdb_monitor.py:920}}
Feb 17 20:36:26.521563 np0000156145 devstack@neutron-api.service[103649]: DEBUG neutron.plugins.ml2.drivers.ovn.mech_driver.ovsdb.ovsdb_monitor [-] Hash Ring: Node 67f76b7c19a756b0b99d0405464b5961 (host: np0000156145) handling event "create" for row 6f103bbf-281f-4245-be38-b2ee6000d35b (table: Port_Binding) {{(pid=103649) notify /opt/stack/neutron/neutron/plugins/ml2/drivers/ovn/mech_driver/ovsdb/ovsdb_monitor.py:920}}
Feb 17 20:36:26.523593 np0000156145 devstack@neutron-api.service[103647]: DEBUG neutron.plugins.ml2.drivers.ovn.mech_driver.ovsdb.ovsdb_monitor [None req-d6c9b9e2-df93-49df-aa8b-4f40785c10b2 None None] Touching Hash Ring node "d25b7dda93ca577c89ddd8035593195c" from IDL notify handler {{(pid=103647) notify /opt/stack/neutron/neutron/plugins/ml2/drivers/ovn/mech_driver/ovsdb/ovsdb_monitor.py:912}}
Feb 17 20:36:26.538958 np0000156145 devstack@neutron-api.service[103647]: DEBUG neutron.plugins.ml2.drivers.ovn.mech_driver.ovsdb.ovsdb_monitor [None req-6a66d971-1746-4dd3-b680-71ec697b04e1 None None] Hash Ring: Node d25b7dda93ca577c89ddd8035593195c (host: np0000156145) handling event "create" for row 17c8eeaf-3347-4570-ba7f-583f1d058582 (table: Logical_Switch) {{(pid=103647) notify /opt/stack/neutron/neutron/plugins/ml2/drivers/ovn/mech_driver/ovsdb/ovsdb_monitor.py:920}}
Feb 17 20:36:26.541424 np0000156145 devstack@neutron-api.service[103647]: DEBUG neutron.plugins.ml2.drivers.ovn.mech_driver.ovsdb.ovsdb_monitor [None req-6a66d971-1746-4dd3-b680-71ec697b04e1 None None] Touching Hash Ring node "d25b7dda93ca577c89ddd8035593195c" from IDL notify handler {{(pid=103647) notify /opt/stack/neutron/neutron/plugins/ml2/drivers/ovn/mech_driver/ovsdb/ovsdb_monitor.py:912}}
Feb 17 20:36:26.543209 np0000156145 devstack@neutron-api.service[103646]: INFO neutron.db.ovn_revision_numbers_db [None req-87d04c44-e6bc-4130-a65f-f959fd77ea7e admin admin] Successfully bumped revision number for resource 17c8eeaf-3347-4570-ba7f-583f1d058582 (type: networks) to 1
Feb 17 20:36:26.543345 np0000156145 devstack@neutron-api.service[103647]: DEBUG neutron.plugins.ml2.drivers.ovn.mech_driver.ovsdb.ovsdb_monitor [None req-d6c9b9e2-df93-49df-aa8b-4f40785c10b2 None None] Hash Ring: Node d25b7dda93ca577c89ddd8035593195c (host: np0000156145) handling event "create" for row c0f489e2-7a30-4eaa-ba08-7fdd1f189063 (table: Datapath_Binding) {{(pid=103647) notify /opt/stack/neutron/neutron/plugins/ml2/drivers/ovn/mech_driver/ovsdb/ovsdb_monitor.py:920}}
Feb 17 20:36:26.545609 np0000156145 devstack@neutron-api.service[103649]: DEBUG futurist.periodics [-] Submitting periodic callback 'neutron.plugins.ml2.drivers.ovn.mech_driver.ovsdb.maintenance.HashRingHealthCheckPeriodics.touch_hash_ring_node' {{(pid=103649) _process_scheduled /opt/stack/data/venv/lib/python3.12/site-packages/futurist/periodics.py:638}}
Feb 17 20:36:26.546269 np0000156145 devstack@neutron-api.service[103647]: DEBUG neutron.plugins.ml2.drivers.ovn.mech_driver.ovsdb.ovsdb_monitor [None req-d6c9b9e2-df93-49df-aa8b-4f40785c10b2 None None] Touching Hash Ring node "d25b7dda93ca577c89ddd8035593195c" from IDL notify handler {{(pid=103647) notify /opt/stack/neutron/neutron/plugins/ml2/drivers/ovn/mech_driver/ovsdb/ovsdb_monitor.py:912}}
Feb 17 20:36:26.546953 np0000156145 devstack@neutron-api.service[103649]: DEBUG neutron.plugins.ml2.drivers.ovn.mech_driver.ovsdb.maintenance [-] Touching Hash Ring node "67f76b7c19a756b0b99d0405464b5961" from periodic health check thread {{(pid=103649) touch_hash_ring_node /opt/stack/neutron/neutron/plugins/ml2/drivers/ovn/mech_driver/ovsdb/maintenance.py:1135}}
Feb 17 20:36:26.551218 np0000156145 devstack@neutron-api.service[103647]: DEBUG neutron.plugins.ml2.drivers.ovn.mech_driver.ovsdb.ovsdb_monitor [None req-6a66d971-1746-4dd3-b680-71ec697b04e1 None None] Hash Ring: Node d25b7dda93ca577c89ddd8035593195c (host: np0000156145) handling event "create" for row 9ac0501a-065f-45c3-b8d6-0f0da97bdbe3 (table: Logical_Switch_Port) {{(pid=103647) notify /opt/stack/neutron/neutron/plugins/ml2/drivers/ovn/mech_driver/ovsdb/ovsdb_monitor.py:920}}
Feb 17 20:36:26.551856 np0000156145 devstack@neutron-api.service[103647]: DEBUG ovsdbapp.backend.ovs_idl.event [None req-6a66d971-1746-4dd3-b680-71ec697b04e1 None None] Matched CREATE: LogicalSwitchPortCreateEvent(events=('create',), table='Logical_Switch_Port', conditions=[], old_conditions=None), priority=20 to row=Logical_Switch_Port(name=provnet-9ca2b819-cbcd-4862-9d7f-ff4f09b6563a, ha_chassis_group=[], options={'localnet_learn_fdb': 'false', 'mcast_flood': 'false', 'mcast_flood_reports': 'true', 'network_name': 'public'}, parent_name=[], enabled=[], type=localnet, dhcpv6_options=[], addresses=['unknown'], tag=[], up=[], external_ids={}, tag_request=[], port_security=[], dynamic_addresses=[], dhcpv4_options=[], mirror_rules=[]) old= {{(pid=103647) matches /opt/stack/data/venv/lib/python3.12/site-packages/ovsdbapp/backend/ovs_idl/event.py:55}}
Feb 17 20:36:26.553038 np0000156145 devstack@neutron-api.service[103647]: INFO neutron.plugins.ml2.drivers.ovn.mech_driver.mech_driver [None req-a1620727-e323-44b7-954b-1efb2730536a None None] OVN reports status down for port: provnet-9ca2b819-cbcd-4862-9d7f-ff4f09b6563a
Feb 17 20:36:26.555219 np0000156145 devstack@neutron-api.service[103647]: DEBUG neutron.plugins.ml2.drivers.ovn.mech_driver.ovsdb.ovsdb_monitor [None req-d6c9b9e2-df93-49df-aa8b-4f40785c10b2 None None] Hash Ring: Node d25b7dda93ca577c89ddd8035593195c (host: np0000156145) handling event "create" for row 6f103bbf-281f-4245-be38-b2ee6000d35b (table: Port_Binding) {{(pid=103647) notify /opt/stack/neutron/neutron/plugins/ml2/drivers/ovn/mech_driver/ovsdb/ovsdb_monitor.py:920}}
Feb 17 20:36:26.556344 np0000156145 devstack@neutron-api.service[103647]: DEBUG neutron.plugins.ml2.drivers.ovn.mech_driver.ovsdb.ovsdb_monitor [None req-6a66d971-1746-4dd3-b680-71ec697b04e1 None None] Touching Hash Ring node "d25b7dda93ca577c89ddd8035593195c" from IDL notify handler {{(pid=103647) notify /opt/stack/neutron/neutron/plugins/ml2/drivers/ovn/mech_driver/ovsdb/ovsdb_monitor.py:912}}
Feb 17 20:36:26.560330 np0000156145 devstack@neutron-api.service[103647]: DEBUG neutron.plugins.ml2.drivers.ovn.mech_driver.ovsdb.ovsdb_monitor [None req-6a66d971-1746-4dd3-b680-71ec697b04e1 None None] Hash Ring: Node d25b7dda93ca577c89ddd8035593195c (host: np0000156145) handling event "update" for row 9ac0501a-065f-45c3-b8d6-0f0da97bdbe3 (table: Logical_Switch_Port) {{(pid=103647) notify /opt/stack/neutron/neutron/plugins/ml2/drivers/ovn/mech_driver/ovsdb/ovsdb_monitor.py:920}}
Feb 17 20:36:26.571401 np0000156145 devstack@neutron-api.service[103646]: DEBUG neutron_lib.callbacks.manager [None req-87d04c44-e6bc-4130-a65f-f959fd77ea7e admin admin] Publish callbacks ['neutron.plugins.ml2.plugin.SecurityGroupDbMixin._ensure_default_security_group_handler-214430'] for port (None), before_create {{(pid=103646) _notify_loop /opt/stack/data/venv/lib/python3.12/site-packages/neutron_lib/callbacks/manager.py:184}}
Feb 17 20:36:26.581368 np0000156145 devstack@neutron-api.service[103646]: DEBUG futurist.periodics [-] Submitting periodic callback 'neutron.plugins.ml2.drivers.ovn.mech_driver.ovsdb.maintenance.HashRingHealthCheckPeriodics.touch_hash_ring_node' {{(pid=103646) _process_scheduled /opt/stack/data/venv/lib/python3.12/site-packages/futurist/periodics.py:638}}
Feb 17 20:36:26.584684 np0000156145 devstack@neutron-api.service[103646]: DEBUG neutron.plugins.ml2.drivers.ovn.mech_driver.ovsdb.maintenance [-] Touching Hash Ring node "d1db5225f7a35826ac4ce32fb460b125" from periodic health check thread {{(pid=103646) touch_hash_ring_node /opt/stack/neutron/neutron/plugins/ml2/drivers/ovn/mech_driver/ovsdb/maintenance.py:1135}}
Feb 17 20:36:26.632691 np0000156145 devstack@neutron-api.service[103648]: DEBUG futurist.periodics [-] Submitting periodic callback 'neutron.plugins.ml2.drivers.ovn.mech_driver.ovsdb.maintenance.HashRingHealthCheckPeriodics.touch_hash_ring_node' {{(pid=103648) _process_scheduled /opt/stack/data/venv/lib/python3.12/site-packages/futurist/periodics.py:638}}
Feb 17 20:36:26.634018 np0000156145 devstack@neutron-api.service[103648]: DEBUG neutron.plugins.ml2.drivers.ovn.mech_driver.ovsdb.maintenance [-] Touching Hash Ring node "2047e2b100e45ee49179e5ded5b39f6a" from periodic health check thread {{(pid=103648) touch_hash_ring_node /opt/stack/neutron/neutron/plugins/ml2/drivers/ovn/mech_driver/ovsdb/maintenance.py:1135}}
Feb 17 20:36:26.655621 np0000156145 devstack@neutron-api.service[103646]: DEBUG neutron_lib.callbacks.manager [None req-87d04c44-e6bc-4130-a65f-f959fd77ea7e admin admin] Publish callbacks ['neutron.plugins.ml2.drivers.ovn.mech_driver.mech_driver.OVNMechanismDriver._validate_allowed_address_pairs-231189'] for allowed_address_pair (9f72cf56-7978-4661-82e9-8a7dc36d464c), before_create {{(pid=103646) _notify_loop /opt/stack/data/venv/lib/python3.12/site-packages/neutron_lib/callbacks/manager.py:184}}
Feb 17 20:36:26.656109 np0000156145 devstack@neutron-api.service[103646]: DEBUG neutron_lib.callbacks.manager [None req-87d04c44-e6bc-4130-a65f-f959fd77ea7e admin admin] Publish callbacks [] for port (9f72cf56-7978-4661-82e9-8a7dc36d464c), precommit_create {{(pid=103646) _notify_loop /opt/stack/data/venv/lib/python3.12/site-packages/neutron_lib/callbacks/manager.py:184}}
Feb 17 20:36:26.656275 np0000156145 devstack@neutron-api.service[103646]: DEBUG neutron.plugins.ml2.drivers.ovn.mech_driver.mech_driver [None req-87d04c44-e6bc-4130-a65f-f959fd77ea7e admin admin] No provisioning block for port 9f72cf56-7978-4661-82e9-8a7dc36d464c since it does not have a host {{(pid=103646) _is_port_provisioning_required /opt/stack/neutron/neutron/plugins/ml2/drivers/ovn/mech_driver/mech_driver.py:883}}
Feb 17 20:36:26.656401 np0000156145 devstack@neutron-api.service[103646]: DEBUG neutron.db.ovn_revision_numbers_db [None req-87d04c44-e6bc-4130-a65f-f959fd77ea7e admin admin] create_initial_revision uuid=9f72cf56-7978-4661-82e9-8a7dc36d464c, type=ports, rev=-1 {{(pid=103646) create_initial_revision /opt/stack/neutron/neutron/db/ovn_revision_numbers_db.py:98}}
Feb 17 20:36:26.701501 np0000156145 devstack@neutron-api.service[103646]: DEBUG neutron_lib.callbacks.manager [None req-87d04c44-e6bc-4130-a65f-f959fd77ea7e admin admin] Publish callbacks ['neutron.plugins.ml2.ovo_rpc._ObjectChangeHandler.handle_event-1950149'] for port (9f72cf56-7978-4661-82e9-8a7dc36d464c), after_create {{(pid=103646) _notify_loop /opt/stack/data/venv/lib/python3.12/site-packages/neutron_lib/callbacks/manager.py:184}}
Feb 17 20:36:26.738583 np0000156145 devstack@neutron-api.service[103646]: DEBUG neutron.api.rpc.handlers.resources_rpc [None req-87d04c44-e6bc-4130-a65f-f959fd77ea7e admin admin] Pushing event updated for resources: {'Port': ['ID=9f72cf56-7978-4661-82e9-8a7dc36d464c,revision_number=1']} {{(pid=103646) push /opt/stack/neutron/neutron/api/rpc/handlers/resources_rpc.py:237}}
Feb 17 20:36:26.756475 np0000156145 devstack@neutron-api.service[103646]: DEBUG ovsdbapp.backend.ovs_idl.transaction [-] Running txn n=1 command(idx=0): AddLSwitchPortCommand(_result=None, lport=9f72cf56-7978-4661-82e9-8a7dc36d464c, lswitch=neutron-17c8eeaf-3347-4570-ba7f-583f1d058582, may_exist=True, network_uuid=17c8eeaf-3347-4570-ba7f-583f1d058582, columns={'addresses': ['fa:16:3e:71:db:22'], 'external_ids': {'neutron:port_name': '', 'neutron:device_id': 'ovnmeta-17c8eeaf-3347-4570-ba7f-583f1d058582', 'neutron:project_id': '5ba60e878f784a41855192eb72c15a28', 'neutron:cidrs': '', 'neutron:device_owner': 'network:distributed', 'neutron:subnet_pool_addr_scope4': '', 'neutron:subnet_pool_addr_scope6': '', 'neutron:network_name': 'neutron-17c8eeaf-3347-4570-ba7f-583f1d058582', 'neutron:security_group_ids': '', 'neutron:revision_number': '1', 'neutron:vnic_type': 'normal', 'neutron:port_capabilities': '', 'neutron:mtu': ''}, 'parent_name': [], 'tag': [], 'enabled': True, 'options': {}, 'type': 'localport', 'port_security': [], 'dhcpv4_options': [], 'dhcpv6_options': []}) {{(pid=103646) do_commit /opt/stack/data/venv/lib/python3.12/site-packages/ovsdbapp/backend/ovs_idl/transaction.py:89}}
Feb 17 20:36:26.757595 np0000156145 devstack@neutron-api.service[103646]: DEBUG ovsdbapp.backend.ovs_idl.transaction [-] Running txn n=1 command(idx=1): QoSDelCommand(_result=None, switch=neutron-17c8eeaf-3347-4570-ba7f-583f1d058582, conditions=[('direction', '=', 'to-lport'), ('priority', '=', 2002), ('match', '=', 'outport == "9f72cf56-7978-4661-82e9-8a7dc36d464c"')], if_exists=True) {{(pid=103646) do_commit /opt/stack/data/venv/lib/python3.12/site-packages/ovsdbapp/backend/ovs_idl/transaction.py:89}}
Feb 17 20:36:26.757927 np0000156145 devstack@neutron-api.service[103646]: DEBUG ovsdbapp.backend.ovs_idl.transaction [-] Running txn n=1 command(idx=2): QoSDelCommand(_result=None, switch=neutron-17c8eeaf-3347-4570-ba7f-583f1d058582, conditions=[('direction', '=', 'from-lport'), ('priority', '=', 2002), ('match', '=', 'inport == "9f72cf56-7978-4661-82e9-8a7dc36d464c"')], if_exists=True) {{(pid=103646) do_commit /opt/stack/data/venv/lib/python3.12/site-packages/ovsdbapp/backend/ovs_idl/transaction.py:89}}
Feb 17 20:36:26.758281 np0000156145 devstack@neutron-api.service[103646]: DEBUG ovsdbapp.backend.ovs_idl.transaction [-] Running txn n=1 command(idx=3): UpdateLSwitchPortQosOptionsCommand(_result=None, lport=AddLSwitchPortCommand(_result=7ca5dbfa-5e15-4f98-bff8-c9a8e016917b, lport=9f72cf56-7978-4661-82e9-8a7dc36d464c, lswitch=neutron-17c8eeaf-3347-4570-ba7f-583f1d058582, may_exist=True, network_uuid=17c8eeaf-3347-4570-ba7f-583f1d058582, columns={'addresses': ['fa:16:3e:71:db:22'], 'external_ids': {'neutron:port_name': '', 'neutron:device_id': 'ovnmeta-17c8eeaf-3347-4570-ba7f-583f1d058582', 'neutron:project_id': '5ba60e878f784a41855192eb72c15a28', 'neutron:cidrs': '', 'neutron:device_owner': 'network:distributed', 'neutron:subnet_pool_addr_scope4': '', 'neutron:subnet_pool_addr_scope6': '', 'neutron:network_name': 'neutron-17c8eeaf-3347-4570-ba7f-583f1d058582', 'neutron:security_group_ids': '', 'neutron:revision_number': '1', 'neutron:vnic_type': 'normal', 'neutron:port_capabilities': '', 'neutron:mtu': ''}, 'parent_name': [], 'enabled': True, 'options': {}, 'type': 'localport', 'port_security': []}), if_exists=True, qos={'qos_max_rate': None, 'qos_burst': None, 'qos_min_rate': None}) {{(pid=103646) do_commit /opt/stack/data/venv/lib/python3.12/site-packages/ovsdbapp/backend/ovs_idl/transaction.py:89}}
Feb 17 20:36:26.765584 np0000156145 devstack@neutron-api.service[103648]: DEBUG neutron.plugins.ml2.drivers.ovn.mech_driver.ovsdb.ovsdb_monitor [-] Hash Ring: Node 2047e2b100e45ee49179e5ded5b39f6a (host: np0000156145) handling event "update" for row 17c8eeaf-3347-4570-ba7f-583f1d058582 (table: Logical_Switch) {{(pid=103648) notify /opt/stack/neutron/neutron/plugins/ml2/drivers/ovn/mech_driver/ovsdb/ovsdb_monitor.py:920}}
Feb 17 20:36:26.766115 np0000156145 devstack@neutron-api.service[103647]: DEBUG neutron.plugins.ml2.drivers.ovn.mech_driver.ovsdb.ovsdb_monitor [None req-6a66d971-1746-4dd3-b680-71ec697b04e1 None None] Touching Hash Ring node "d25b7dda93ca577c89ddd8035593195c" from IDL notify handler {{(pid=103647) notify /opt/stack/neutron/neutron/plugins/ml2/drivers/ovn/mech_driver/ovsdb/ovsdb_monitor.py:912}}
Feb 17 20:36:26.770931 np0000156145 devstack@neutron-api.service[103646]: DEBUG neutron.plugins.ml2.drivers.ovn.mech_driver.ovsdb.ovsdb_monitor [-] Hash Ring: Node d1db5225f7a35826ac4ce32fb460b125 (host: np0000156145) handling event "create" for row 93cdc015-9a94-4515-bb93-6caa01a5001a (table: Port_Binding) {{(pid=103646) notify /opt/stack/neutron/neutron/plugins/ml2/drivers/ovn/mech_driver/ovsdb/ovsdb_monitor.py:920}}
Feb 17 20:36:26.772605 np0000156145 devstack@neutron-api.service[103647]: DEBUG neutron.plugins.ml2.drivers.ovn.mech_driver.ovsdb.ovsdb_monitor [None req-6a66d971-1746-4dd3-b680-71ec697b04e1 None None] Hash Ring: Node d25b7dda93ca577c89ddd8035593195c (host: np0000156145) handling event "update" for row 17c8eeaf-3347-4570-ba7f-583f1d058582 (table: Logical_Switch) {{(pid=103647) notify /opt/stack/neutron/neutron/plugins/ml2/drivers/ovn/mech_driver/ovsdb/ovsdb_monitor.py:920}}
Feb 17 20:36:26.773598 np0000156145 devstack@neutron-api.service[103647]: DEBUG neutron.plugins.ml2.drivers.ovn.mech_driver.ovsdb.ovsdb_monitor [None req-d6c9b9e2-df93-49df-aa8b-4f40785c10b2 None None] Touching Hash Ring node "d25b7dda93ca577c89ddd8035593195c" from IDL notify handler {{(pid=103647) notify /opt/stack/neutron/neutron/plugins/ml2/drivers/ovn/mech_driver/ovsdb/ovsdb_monitor.py:912}}
Feb 17 20:36:26.776008 np0000156145 devstack@neutron-api.service[103647]: DEBUG neutron.plugins.ml2.drivers.ovn.mech_driver.ovsdb.ovsdb_monitor [None req-6a66d971-1746-4dd3-b680-71ec697b04e1 None None] Touching Hash Ring node "d25b7dda93ca577c89ddd8035593195c" from IDL notify handler {{(pid=103647) notify /opt/stack/neutron/neutron/plugins/ml2/drivers/ovn/mech_driver/ovsdb/ovsdb_monitor.py:912}}
Feb 17 20:36:26.778798 np0000156145 devstack@neutron-api.service[103647]: DEBUG neutron.plugins.ml2.drivers.ovn.mech_driver.ovsdb.ovsdb_monitor [None req-d6c9b9e2-df93-49df-aa8b-4f40785c10b2 None None] Hash Ring: Node d25b7dda93ca577c89ddd8035593195c (host: np0000156145) handling event "create" for row 93cdc015-9a94-4515-bb93-6caa01a5001a (table: Port_Binding) {{(pid=103647) notify /opt/stack/neutron/neutron/plugins/ml2/drivers/ovn/mech_driver/ovsdb/ovsdb_monitor.py:920}}
