2026-09-16 03:41:34.530 8 INFO placement.requestlog [req-0912d3c9-a2cb-41c3-97d1-72484562ed97 req-f4a9ba72-3ac2-4b8c-a618-af4a887e0f78 694f92a78ee6425394e3791067373c2f 9872ab38a84747e798d41bb491073cb4 - - 620dea922d4f48ce9bc71b41c0a1f9db 620dea922d4f48ce9bc71b41c0a1f9db] 162.253.55.196 "GET /allocations/8f7c0ba4-fd09-4c3b-b74c-d05a55f66f49" status: 200 len: 258 microversion: 1.28 [pid: 8|app: 0|req: 573/1150] 162.253.55.196 () {34 vars in 863 bytes} [Wed Sep 16 03:41:34 2026] GET /allocations/8f7c0ba4-fd09-4c3b-b74c-d05a55f66f49 => generated 258 bytes in 14 msecs (HTTP/1.1 200) 8 headers in 296 bytes (1 switches on core 0)
2026-09-16 03:41:34.556 7 INFO placement.requestlog [req-0912d3c9-a2cb-41c3-97d1-72484562ed97 req-70a37f0b-77aa-4a25-b0f8-91b9c4589db3 694f92a78ee6425394e3791067373c2f 9872ab38a84747e798d41bb491073cb4 - - 620dea922d4f48ce9bc71b41c0a1f9db 620dea922d4f48ce9bc71b41c0a1f9db] 162.253.55.196 "GET /allocations/92a7cc73-5479-479f-997c-457bdb342da2" status: 200 len: 258 microversion: 1.28 [pid: 7|app: 0|req: 578/1151] 162.253.55.196 () {34 vars in 863 bytes} [Wed Sep 16 03:41:34 2026] GET /allocations/92a7cc73-5479-479f-997c-457bdb342da2 => generated 258 bytes in 17 msecs (HTTP/1.1 200) 8 headers in 296 bytes (1 switches on core 0)
2026-09-16 03:41:34.578 8 INFO placement.requestlog [req-0912d3c9-a2cb-41c3-97d1-72484562ed97 req-0888f247-fbb9-4a5c-9c79-75e9794ce5ee 694f92a78ee6425394e3791067373c2f 9872ab38a84747e798d41bb491073cb4 - - 620dea922d4f48ce9bc71b41c0a1f9db 620dea922d4f48ce9bc71b41c0a1f9db] 162.253.55.196 "GET /allocations/952d044c-2017-4ced-959b-d3abdb875e2f" status: 200 len: 258 microversion: 1.28 [pid: 8|app: 0|req: 574/1152] 162.253.55.196 () {34 vars in 863 bytes} [Wed Sep 16 03:41:34 2026] GET /allocations/952d044c-2017-4ced-959b-d3abdb875e2f => generated 258 bytes in 17 msecs (HTTP/1.1 200) 8 headers in 296 bytes (1 switches on core 0)
2026-09-16 03:41:39.568 7 INFO placement.requestlog [None req-621a1d50-80ac-46b1-99fa-c237caea7a5f - - - - - -] 10.0.0.73 "GET /" status: 200 len: 136 microversion: 1.0
2026-09-16 03:41:39.569 8 INFO placement.requestlog [None req-42180d3c-939d-401f-bc83-c4104b9c7891 - - - - - -] 10.0.0.73 "GET /" status: 200 len: 136 microversion: 1.0
2026-09-16 03:41:39.926 7 INFO placement.requestlog [None req-058024a6-1a7a-4ac3-a37a-832a71809434 15c24ae37cf440788cc0bebce6d38b61 9872ab38a84747e798d41bb491073cb4 - - 620dea922d4f48ce9bc71b41c0a1f9db 620dea922d4f48ce9bc71b41c0a1f9db] 10.0.0.49 "GET /resource_providers/2081d464-278b-488b-922d-68f7283c17e3/aggregates" status: 404 len: 235 microversion: 1.1 [pid: 7|app: 0|req: 580/1155] 10.0.0.49 () {32 vars in 815 bytes} [Wed Sep 16 03:41:39 2026] GET /resource_providers/2081d464-278b-488b-922d-68f7283c17e3/aggregates => generated 235 bytes in 10 msecs (HTTP/1.1 404) 5 headers in 202 bytes (1 switches on core 0)
2026-09-16 03:41:39.928 8 INFO placement.requestlog [None req-fc3c92f3-6aca-4d76-b5a0-53ca52d5d0ba 15c24ae37cf440788cc0bebce6d38b61 9872ab38a84747e798d41bb491073cb4 - - 620dea922d4f48ce9bc71b41c0a1f9db 620dea922d4f48ce9bc71b41c0a1f9db] 10.0.0.49 "GET /resource_providers/2081d464-278b-488b-922d-68f7283c17e3/aggregates" status: 404 len: 235 microversion: 1.1 [pid: 8|app: 0|req: 576/1156] 10.0.0.49 () {32 vars in 815 bytes} [Wed Sep 16 03:41:39 2026] GET /resource_providers/2081d464-278b-488b-922d-68f7283c17e3/aggregates => generated 235 bytes in 10 msecs (HTTP/1.1 404) 5 headers in 202 bytes (1 switches on core 0)
2026-09-16 03:41:39.942 7 INFO placement.requestlog [None req-16c437a9-10db-496b-818f-0887fbb6819d 15c24ae37cf440788cc0bebce6d38b61 9872ab38a84747e798d41bb491073cb4 - - 620dea922d4f48ce9bc71b41c0a1f9db 620dea922d4f48ce9bc71b41c0a1f9db] 10.0.0.49 "DELETE /resource_providers/2081d464-278b-488b-922d-68f7283c17e3" status: 404 len: 246 microversion: 1.1 [pid: 7|app: 0|req: 581/1157] 10.0.0.49 () {34 vars in 815 bytes} [Wed Sep 16 03:41:39 2026] DELETE /resource_providers/2081d464-278b-488b-922d-68f7283c17e3 => generated 246 bytes in 8 msecs (HTTP/1.1 404) 6 headers in 231 bytes (1 switches on core 0)
2026-09-16 03:41:39.959 8 INFO placement.requestlog [None req-fa0bcece-1efc-4e6b-9b1e-8395c979be17 15c24ae37cf440788cc0bebce6d38b61 9872ab38a84747e798d41bb491073cb4 - - 620dea922d4f48ce9bc71b41c0a1f9db 620dea922d4f48ce9bc71b41c0a1f9db] 10.0.0.49 "DELETE /resource_providers/2081d464-278b-488b-922d-68f7283c17e3" status: 404 len: 246 microversion: 1.1 [pid: 8|app: 0|req: 577/1158] 10.0.0.49 () {34 vars in 815 bytes} [Wed Sep 16 03:41:39 2026] DELETE /resource_providers/2081d464-278b-488b-922d-68f7283c17e3 => generated 246 bytes in 13 msecs (HTTP/1.1 404) 6 headers in 231 bytes (1 switches on core 0)
2026-09-16 03:41:40.068 8 INFO placement.requestlog [None req-cd1201be-efc1-4a4d-b60f-55653fac3b42 15c24ae37cf440788cc0bebce6d38b61 9872ab38a84747e798d41bb491073cb4 - - 620dea922d4f48ce9bc71b41c0a1f9db 620dea922d4f48ce9bc71b41c0a1f9db] 10.0.0.49 "GET /resource_providers/81cb642a-bb80-428b-95ee-e8881514e060/aggregates" status: 404 len: 235 microversion: 1.1 [pid: 8|app: 0|req: 578/1159] 10.0.0.49 () {32 vars in 815 bytes} [Wed Sep 16 03:41:40 2026] GET /resource_providers/81cb642a-bb80-428b-95ee-e8881514e060/aggregates => generated 235 bytes in 11 msecs (HTTP/1.1 404) 5 headers in 202 bytes (1 switches on core 0)
2026-09-16 03:41:40.072 7 INFO placement.requestlog [None req-983675b2-f0b5-4d6c-9b81-c27339623c92 15c24ae37cf440788cc0bebce6d38b61 9872ab38a84747e798d41bb491073cb4 - - 620dea922d4f48ce9bc71b41c0a1f9db 620dea922d4f48ce9bc71b41c0a1f9db] 10.0.0.49 "GET /resource_providers/81cb642a-bb80-428b-95ee-e8881514e060/aggregates" status: 404 len: 235 microversion: 1.1 [pid: 7|app: 0|req: 582/1160] 10.0.0.49 () {32 vars in 815 bytes} [Wed Sep 16 03:41:40 2026] GET /resource_providers/81cb642a-bb80-428b-95ee-e8881514e060/aggregates => generated 235 bytes in 15 msecs (HTTP/1.1 404) 5 headers in 202 bytes (1 switches on core 0)
2026-09-16 03:41:40.088 8 INFO placement.requestlog [None req-0ebe7cc9-6419-4f89-bf7b-9cd500dede2f 15c24ae37cf440788cc0bebce6d38b61 9872ab38a84747e798d41bb491073cb4 - - 620dea922d4f48ce9bc71b41c0a1f9db 620dea922d4f48ce9bc71b41c0a1f9db] 10.0.0.49 "DELETE /resource_providers/81cb642a-bb80-428b-95ee-e8881514e060" status: 404 len: 246 microversion: 1.1 [pid: 8|app: 0|req: 579/1161] 10.0.0.49 () {34 vars in 815 bytes} [Wed Sep 16 03:41:40 2026] DELETE /resource_providers/81cb642a-bb80-428b-95ee-e8881514e060 => generated 246 bytes in 12 msecs (HTTP/1.1 404) 6 headers in 231 bytes (1 switches on core 0)
2026-09-16 03:41:40.090 7 INFO placement.requestlog [None req-d930d011-3dcd-408d-a97b-56b5ba56e962 15c24ae37cf440788cc0bebce6d38b61 9872ab38a84747e798d41bb491073cb4 - - 620dea922d4f48ce9bc71b41c0a1f9db 620dea922d4f48ce9bc71b41c0a1f9db] 10.0.0.49 "DELETE /resource_providers/81cb642a-bb80-428b-95ee-e8881514e060" status: 404 len: 246 microversion: 1.1 [pid: 7|app: 0|req: 583/1162] 10.0.0.49 () {34 vars in 815 bytes} [Wed Sep 16 03:41:40 2026] DELETE /resource_providers/81cb642a-bb80-428b-95ee-e8881514e060 => generated 246 bytes in 13 msecs (HTTP/1.1 404) 6 headers in 231 bytes (1 switches on core 0)
2026-09-16 03:41:49.569 7 INFO placement.requestlog [None req-39399686-25ad-4e58-9e64-29afe6c2ad18 - - - - - -] 10.0.0.73 "GET /" status: 200 len: 136 microversion: 1.0
2026-09-16 03:41:49.569 8 INFO placement.requestlog [None req-99c1344b-906d-4cc9-9d22-93ec076c6010 - - - - - -] 10.0.0.73 "GET /" status: 200 len: 136 microversion: 1.0
2026-09-16 03:41:53.907 7 INFO placement.requestlog [req-6e631e6b-0330-4424-8120-b962a0f0706e req-7a997e48-853d-4e22-8bb9-c6b23070905e 694f92a78ee6425394e3791067373c2f 9872ab38a84747e798d41bb491073cb4 - - 620dea922d4f48ce9bc71b41c0a1f9db 620dea922d4f48ce9bc71b41c0a1f9db] 10.0.0.109 "GET /allocation_candidates?limit=1000&resources=MEMORY_MB%3A2048%2CVCPU%3A2&root_required=%21COMPUTE_STATUS_DISABLED" status: 200 len: 2630 microversion: 1.36 [pid: 7|app: 0|req: 585/1165] 10.0.0.109 () {34 vars in 986 bytes} [Wed Sep 16 03:41:53 2026] GET /allocation_candidates?limit=1000&resources=MEMORY_MB%3A2048%2CVCPU%3A2&root_required=%21COMPUTE_STATUS_DISABLED => generated 2630 bytes in 58 msecs (HTTP/1.1 200) 8 headers in 297 bytes (1 switches on core 0)
2026-09-16 03:41:53.948 8 INFO placement.requestlog [req-6e631e6b-0330-4424-8120-b962a0f0706e req-2d360043-cf9c-4ca7-a5d9-6fcef275ed3a 694f92a78ee6425394e3791067373c2f 9872ab38a84747e798d41bb491073cb4 - - 620dea922d4f48ce9bc71b41c0a1f9db 620dea922d4f48ce9bc71b41c0a1f9db] 10.0.0.109 "GET /allocations/aa829690-d624-41aa-af1a-5fa0f978ca51" status: 200 len: 19 microversion: 1.28 [pid: 8|app: 0|req: 581/1166] 10.0.0.109 () {34 vars in 861 bytes} [Wed Sep 16 03:41:53 2026] GET /allocations/aa829690-d624-41aa-af1a-5fa0f978ca51 => generated 19 bytes in 17 msecs (HTTP/1.1 200) 8 headers in 295 bytes (1 switches on core 0)
2026-09-16 03:41:54.042 7 INFO placement.requestlog [req-6e631e6b-0330-4424-8120-b962a0f0706e req-cbd7dcf8-d4d3-4c5a-a7fa-875aaaa6f275 694f92a78ee6425394e3791067373c2f 9872ab38a84747e798d41bb491073cb4 - - 620dea922d4f48ce9bc71b41c0a1f9db 620dea922d4f48ce9bc71b41c0a1f9db] 10.0.0.109 "PUT /allocations/aa829690-d624-41aa-af1a-5fa0f978ca51" status: 204 len: 0 microversion: 1.36 [pid: 7|app: 0|req: 586/1167] 10.0.0.109 () {38 vars in 914 bytes} [Wed Sep 16 03:41:53 2026] PUT /allocations/aa829690-d624-41aa-af1a-5fa0f978ca51 => generated 0 bytes in 85 msecs (HTTP/1.1 204) 5 headers in 199 bytes (1 switches on core 0)
2026-09-16 03:41:55.512 8 INFO placement.requestlog [req-6e631e6b-0330-4424-8120-b962a0f0706e req-1ae501ae-495f-4561-a8c0-920be8f8f884 694f92a78ee6425394e3791067373c2f 9872ab38a84747e798d41bb491073cb4 - - 620dea922d4f48ce9bc71b41c0a1f9db 620dea922d4f48ce9bc71b41c0a1f9db] 162.253.55.196 "GET /allocations/aa829690-d624-41aa-af1a-5fa0f978ca51" status: 200 len: 245 microversion: 1.28 [pid: 8|app: 0|req: 582/1168] 162.253.55.196 () {34 vars in 863 bytes} [Wed Sep 16 03:41:55 2026] GET /allocations/aa829690-d624-41aa-af1a-5fa0f978ca51 => generated 245 bytes in 12 msecs (HTTP/1.1 200) 8 headers in 296 bytes (1 switches on core 0)
2026-09-16 03:41:56.554 7 INFO placement.requestlog [req-6e631e6b-0330-4424-8120-b962a0f0706e req-8b368769-77b0-4c08-b740-6039a14d23c3 694f92a78ee6425394e3791067373c2f 9872ab38a84747e798d41bb491073cb4 - - 620dea922d4f48ce9bc71b41c0a1f9db 620dea922d4f48ce9bc71b41c0a1f9db] 162.253.55.196 "GET /resource_providers/60acb576-d63f-4eb3-808f-3b9b94eb5d96/allocations" status: 200 len: 540 microversion: 1.0 [pid: 7|app: 0|req: 587/1169] 162.253.55.196 () {32 vars in 857 bytes} [Wed Sep 16 03:41:56 2026] GET /resource_providers/60acb576-d63f-4eb3-808f-3b9b94eb5d96/allocations => generated 540 bytes in 18 msecs (HTTP/1.1 200) 6 headers in 224 bytes (1 switches on core 0)
2026-09-16 03:41:56.587 8 INFO placement.requestlog [req-6e631e6b-0330-4424-8120-b962a0f0706e req-b510b7a8-7994-4e78-880a-6446794dbf53 694f92a78ee6425394e3791067373c2f 9872ab38a84747e798d41bb491073cb4 - - 620dea922d4f48ce9bc71b41c0a1f9db 620dea922d4f48ce9bc71b41c0a1f9db] 162.253.55.196 "GET /allocations/a768d0c4-ab48-4f97-8c60-e431082b35a5" status: 200 len: 258 microversion: 1.28 [pid: 8|app: 0|req: 583/1170] 162.253.55.196 () {34 vars in 863 bytes} [Wed Sep 16 03:41:56 2026] GET /allocations/a768d0c4-ab48-4f97-8c60-e431082b35a5 => generated 258 bytes in 30 msecs (HTTP/1.1 200) 8 headers in 296 bytes (1 switches on core 0)
2026-09-16 03:41:56.606 7 INFO placement.requestlog [req-6e631e6b-0330-4424-8120-b962a0f0706e req-b45d6052-ad7a-4ed0-865f-3c4d45e66c1e 694f92a78ee6425394e3791067373c2f 9872ab38a84747e798d41bb491073cb4 - - 620dea922d4f48ce9bc71b41c0a1f9db 620dea922d4f48ce9bc71b41c0a1f9db] 162.253.55.196 "GET /allocations/aa829690-d624-41aa-af1a-5fa0f978ca51" status: 200 len: 245 microversion: 1.28 [pid: 7|app: 0|req: 588/1171] 162.253.55.196 () {34 vars in 863 bytes} [Wed Sep 16 03:41:56 2026] GET /allocations/aa829690-d624-41aa-af1a-5fa0f978ca51 => generated 245 bytes in 12 msecs (HTTP/1.1 200) 8 headers in 296 bytes (1 switches on core 0)
2026-09-16 03:41:56.629 8 INFO placement.requestlog [req-6e631e6b-0330-4424-8120-b962a0f0706e req-2fd88af8-4347-4024-8f24-5ccef3ffcc45 694f92a78ee6425394e3791067373c2f 9872ab38a84747e798d41bb491073cb4 - - 620dea922d4f48ce9bc71b41c0a1f9db 620dea922d4f48ce9bc71b41c0a1f9db] 162.253.55.196 "GET /allocations/952d044c-2017-4ced-959b-d3abdb875e2f" status: 200 len: 258 microversion: 1.28 [pid: 8|app: 0|req: 584/1172] 162.253.55.196 () {34 vars in 863 bytes} [Wed Sep 16 03:41:56 2026] GET /allocations/952d044c-2017-4ced-959b-d3abdb875e2f => generated 258 bytes in 19 msecs (HTTP/1.1 200) 8 headers in 296 bytes (1 switches on core 0)
2026-09-16 03:41:56.648 7 INFO placement.requestlog [req-6e631e6b-0330-4424-8120-b962a0f0706e req-ee663fb3-ce9d-4dc7-9899-7e2003583445 694f92a78ee6425394e3791067373c2f 9872ab38a84747e798d41bb491073cb4 - - 620dea922d4f48ce9bc71b41c0a1f9db 620dea922d4f48ce9bc71b41c0a1f9db] 162.253.55.196 "GET /allocations/8f7c0ba4-fd09-4c3b-b74c-d05a55f66f49" status: 200 len: 258 microversion: 1.28 [pid: 7|app: 0|req: 589/1173] 162.253.55.196 () {34 vars in 863 bytes} [Wed Sep 16 03:41:56 2026] GET /allocations/8f7c0ba4-fd09-4c3b-b74c-d05a55f66f49 => generated 258 bytes in 11 msecs (HTTP/1.1 200) 8 headers in 296 bytes (1 switches on core 0)
2026-09-16 03:41:56.670 8 INFO placement.requestlog [req-6e631e6b-0330-4424-8120-b962a0f0706e req-55b07df1-fe73-4d24-83db-f6e08171a923 694f92a78ee6425394e3791067373c2f 9872ab38a84747e798d41bb491073cb4 - - 620dea922d4f48ce9bc71b41c0a1f9db 620dea922d4f48ce9bc71b41c0a1f9db] 162.253.55.196 "GET /allocations/92a7cc73-5479-479f-997c-457bdb342da2" status: 200 len: 258 microversion: 1.28 [pid: 8|app: 0|req: 585/1174] 162.253.55.196 () {34 vars in 863 bytes} [Wed Sep 16 03:41:56 2026] GET /allocations/92a7cc73-5479-479f-997c-457bdb342da2 => generated 258 bytes in 16 msecs (HTTP/1.1 200) 8 headers in 296 bytes (1 switches on core 0)
2026-09-16 03:41:57.727 7 INFO placement.requestlog [req-d8fc61cb-bfbc-4710-9813-88e3cc08b6c6 req-26a98067-6cc5-4307-8143-bdaf7a6ab004 694f92a78ee6425394e3791067373c2f 9872ab38a84747e798d41bb491073cb4 - - 620dea922d4f48ce9bc71b41c0a1f9db 620dea922d4f48ce9bc71b41c0a1f9db] 162.253.55.196 "GET /resource_providers/60acb576-d63f-4eb3-808f-3b9b94eb5d96/allocations" status: 200 len: 540 microversion: 1.0 [pid: 7|app: 0|req: 590/1175] 162.253.55.196 () {32 vars in 857 bytes} [Wed Sep 16 03:41:57 2026] GET /resource_providers/60acb576-d63f-4eb3-808f-3b9b94eb5d96/allocations => generated 540 bytes in 26 msecs (HTTP/1.1 200) 6 headers in 224 bytes (1 switches on core 0)
2026-09-16 03:41:57.751 8 INFO placement.requestlog [req-d8fc61cb-bfbc-4710-9813-88e3cc08b6c6 req-8584478f-9610-4dd6-84bd-31e835444b8b 694f92a78ee6425394e3791067373c2f 9872ab38a84747e798d41bb491073cb4 - - 620dea922d4f48ce9bc71b41c0a1f9db 620dea922d4f48ce9bc71b41c0a1f9db] 162.253.55.196 "GET /allocations/a768d0c4-ab48-4f97-8c60-e431082b35a5" status: 200 len: 258 microversion: 1.28 [pid: 8|app: 0|req: 586/1176] 162.253.55.196 () {34 vars in 863 bytes} [Wed Sep 16 03:41:57 2026] GET /allocations/a768d0c4-ab48-4f97-8c60-e431082b35a5 => generated 258 bytes in 16 msecs (HTTP/1.1 200) 8 headers in 296 bytes (1 switches on core 0)
2026-09-16 03:41:57.770 7 INFO placement.requestlog [req-d8fc61cb-bfbc-4710-9813-88e3cc08b6c6 req-a5cb63b3-af28-4b5f-9a21-7c92dee896a3 694f92a78ee6425394e3791067373c2f 9872ab38a84747e798d41bb491073cb4 - - 620dea922d4f48ce9bc71b41c0a1f9db 620dea922d4f48ce9bc71b41c0a1f9db] 162.253.55.196 "GET /allocations/aa829690-d624-41aa-af1a-5fa0f978ca51" status: 200 len: 245 microversion: 1.28 [pid: 7|app: 0|req: 591/1177] 162.253.55.196 () {34 vars in 863 bytes} [Wed Sep 16 03:41:57 2026] GET /allocations/aa829690-d624-41aa-af1a-5fa0f978ca51 => generated 245 bytes in 12 msecs (HTTP/1.1 200) 8 headers in 296 bytes (1 switches on core 0)
2026-09-16 03:41:57.791 8 INFO placement.requestlog [req-d8fc61cb-bfbc-4710-9813-88e3cc08b6c6 req-93c169a1-3276-4d69-81be-0e95da19f994 694f92a78ee6425394e3791067373c2f 9872ab38a84747e798d41bb491073cb4 - - 620dea922d4f48ce9bc71b41c0a1f9db 620dea922d4f48ce9bc71b41c0a1f9db] 162.253.55.196 "GET /allocations/952d044c-2017-4ced-959b-d3abdb875e2f" status: 200 len: 258 microversion: 1.28 [pid: 8|app: 0|req: 587/1178] 162.253.55.196 () {34 vars in 863 bytes} [Wed Sep 16 03:41:57 2026] GET /allocations/952d044c-2017-4ced-959b-d3abdb875e2f => generated 258 bytes in 14 msecs (HTTP/1.1 200) 8 headers in 296 bytes (1 switches on core 0)
2026-09-16 03:41:57.812 7 INFO placement.requestlog [req-d8fc61cb-bfbc-4710-9813-88e3cc08b6c6 req-b169d255-f1c7-4cc9-9f91-6da3d6580f35 694f92a78ee6425394e3791067373c2f 9872ab38a84747e798d41bb491073cb4 - - 620dea922d4f48ce9bc71b41c0a1f9db 620dea922d4f48ce9bc71b41c0a1f9db] 162.253.55.196 "GET /allocations/8f7c0ba4-fd09-4c3b-b74c-d05a55f66f49" status: 200 len: 258 microversion: 1.28 [pid: 7|app: 0|req: 592/1179] 162.253.55.196 () {34 vars in 863 bytes} [Wed Sep 16 03:41:57 2026] GET /allocations/8f7c0ba4-fd09-4c3b-b74c-d05a55f66f49 => generated 258 bytes in 14 msecs (HTTP/1.1 200) 8 headers in 296 bytes (1 switches on core 0)
2026-09-16 03:41:57.837 8 INFO placement.requestlog [req-d8fc61cb-bfbc-4710-9813-88e3cc08b6c6 req-28900e1c-966b-4384-8d27-29fa1c3a0b9f 694f92a78ee6425394e3791067373c2f 9872ab38a84747e798d41bb491073cb4 - - 620dea922d4f48ce9bc71b41c0a1f9db 620dea922d4f48ce9bc71b41c0a1f9db] 162.253.55.196 "GET /allocations/92a7cc73-5479-479f-997c-457bdb342da2" status: 200 len: 258 microversion: 1.28 [pid: 8|app: 0|req: 588/1180] 162.253.55.196 () {34 vars in 863 bytes} [Wed Sep 16 03:41:57 2026] GET /allocations/92a7cc73-5479-479f-997c-457bdb342da2 => generated 258 bytes in 19 msecs (HTTP/1.1 200) 8 headers in 296 bytes (1 switches on core 0)
2026-09-16 03:41:58.899 7 INFO placement.requestlog [req-d8fc61cb-bfbc-4710-9813-88e3cc08b6c6 req-88f2b75a-06e5-4cb6-a5f2-f05692c3b134 694f92a78ee6425394e3791067373c2f 9872ab38a84747e798d41bb491073cb4 - - 620dea922d4f48ce9bc71b41c0a1f9db 620dea922d4f48ce9bc71b41c0a1f9db] 162.253.55.196 "DELETE /allocations/a768d0c4-ab48-4f97-8c60-e431082b35a5" status: 204 len: 0 microversion: 1.0 [pid: 7|app: 0|req: 593/1181] 162.253.55.196 () {34 vars in 841 bytes} [Wed Sep 16 03:41:58 2026] DELETE /allocations/a768d0c4-ab48-4f97-8c60-e431082b35a5 => generated 0 bytes in 34 msecs (HTTP/1.1 204) 5 headers in 198 bytes (1 switches on core 0)
2026-09-16 03:41:59.568 8 INFO placement.requestlog [None req-9e06284f-a690-4072-bb6d-ec33f5353d77 - - - - - -] 10.0.0.73 "GET /" status: 200 len: 136 microversion: 1.0
2026-09-16 03:41:59.568 7 INFO placement.requestlog [None req-043a2f2f-6911-44a3-a68e-12f3ff78f1af - - - - - -] 10.0.0.73 "GET /" status: 200 len: 136 microversion: 1.0
2026-09-16 03:42:05.079 8 INFO placement.requestlog [req-8b22e5e9-cd5b-4ca2-ad7c-c32ad3c78de1 req-12d62c04-ba2b-40af-b29b-bee92a570ec1 694f92a78ee6425394e3791067373c2f 9872ab38a84747e798d41bb491073cb4 - - 620dea922d4f48ce9bc71b41c0a1f9db 620dea922d4f48ce9bc71b41c0a1f9db] 162.253.55.196 "GET /resource_providers/60acb576-d63f-4eb3-808f-3b9b94eb5d96/allocations" status: 200 len: 440 microversion: 1.0 [pid: 8|app: 0|req: 590/1184] 162.253.55.196 () {32 vars in 857 bytes} [Wed Sep 16 03:42:05 2026] GET /resource_providers/60acb576-d63f-4eb3-808f-3b9b94eb5d96/allocations => generated 440 bytes in 31 msecs (HTTP/1.1 200) 6 headers in 224 bytes (1 switches on core 0)
2026-09-16 03:42:05.108 7 INFO placement.requestlog [req-8b22e5e9-cd5b-4ca2-ad7c-c32ad3c78de1 req-d94dc9ab-aaa3-4ef2-b15a-d342e8d7afb8 694f92a78ee6425394e3791067373c2f 9872ab38a84747e798d41bb491073cb4 - - 620dea922d4f48ce9bc71b41c0a1f9db 620dea922d4f48ce9bc71b41c0a1f9db] 162.253.55.196 "GET /allocations/aa829690-d624-41aa-af1a-5fa0f978ca51" status: 200 len: 245 microversion: 1.28 [pid: 7|app: 0|req: 595/1185] 162.253.55.196 () {34 vars in 863 bytes} [Wed Sep 16 03:42:05 2026] GET /allocations/aa829690-d624-41aa-af1a-5fa0f978ca51 => generated 245 bytes in 22 msecs (HTTP/1.1 200) 8 headers in 296 bytes (1 switches on core 0)
2026-09-16 03:42:05.137 8 INFO placement.requestlog [req-8b22e5e9-cd5b-4ca2-ad7c-c32ad3c78de1 req-4dd13c61-c969-483b-a8eb-768cab5b9fb5 694f92a78ee6425394e3791067373c2f 9872ab38a84747e798d41bb491073cb4 - - 620dea922d4f48ce9bc71b41c0a1f9db 620dea922d4f48ce9bc71b41c0a1f9db] 162.253.55.196 "GET /allocations/8f7c0ba4-fd09-4c3b-b74c-d05a55f66f49" status: 200 len: 258 microversion: 1.28 [pid: 8|app: 0|req: 591/1186] 162.253.55.196 () {34 vars in 863 bytes} [Wed Sep 16 03:42:05 2026] GET /allocations/8f7c0ba4-fd09-4c3b-b74c-d05a55f66f49 => generated 258 bytes in 13 msecs (HTTP/1.1 200) 8 headers in 296 bytes (1 switches on core 0)
2026-09-16 03:42:05.164 7 INFO placement.requestlog [req-8b22e5e9-cd5b-4ca2-ad7c-c32ad3c78de1 req-ba4cd292-3bdf-48f8-a943-c8e99df52560 694f92a78ee6425394e3791067373c2f 9872ab38a84747e798d41bb491073cb4 - - 620dea922d4f48ce9bc71b41c0a1f9db 620dea922d4f48ce9bc71b41c0a1f9db] 162.253.55.196 "GET /allocations/92a7cc73-5479-479f-997c-457bdb342da2" status: 200 len: 258 microversion: 1.28 [pid: 7|app: 0|req: 596/1187] 162.253.55.196 () {34 vars in 863 bytes} [Wed Sep 16 03:42:05 2026] GET /allocations/92a7cc73-5479-479f-997c-457bdb342da2 => generated 258 bytes in 20 msecs (HTTP/1.1 200) 8 headers in 296 bytes (1 switches on core 0)
2026-09-16 03:42:05.197 8 INFO placement.requestlog [req-8b22e5e9-cd5b-4ca2-ad7c-c32ad3c78de1 req-db5e783d-a0a6-4b44-a47c-ba9681352fe8 694f92a78ee6425394e3791067373c2f 9872ab38a84747e798d41bb491073cb4 - - 620dea922d4f48ce9bc71b41c0a1f9db 620dea922d4f48ce9bc71b41c0a1f9db] 162.253.55.196 "GET /allocations/952d044c-2017-4ced-959b-d3abdb875e2f" status: 200 len: 258 microversion: 1.28 [pid: 8|app: 0|req: 592/1188] 162.253.55.196 () {34 vars in 863 bytes} [Wed Sep 16 03:42:05 2026] GET /allocations/952d044c-2017-4ced-959b-d3abdb875e2f => generated 258 bytes in 22 msecs (HTTP/1.1 200) 8 headers in 296 bytes (1 switches on core 0)
2026-09-16 03:42:06.271 7 INFO placement.requestlog [req-8b22e5e9-cd5b-4ca2-ad7c-c32ad3c78de1 req-04702511-d26f-4656-b369-92f214b732e1 694f92a78ee6425394e3791067373c2f 9872ab38a84747e798d41bb491073cb4 - - 620dea922d4f48ce9bc71b41c0a1f9db 620dea922d4f48ce9bc71b41c0a1f9db] 162.253.55.196 "DELETE /allocations/952d044c-2017-4ced-959b-d3abdb875e2f" status: 204 len: 0 microversion: 1.0 [pid: 7|app: 0|req: 597/1189] 162.253.55.196 () {34 vars in 841 bytes} [Wed Sep 16 03:42:06 2026] DELETE /allocations/952d044c-2017-4ced-959b-d3abdb875e2f => generated 0 bytes in 33 msecs (HTTP/1.1 204) 5 headers in 198 bytes (1 switches on core 0)
2026-09-16 03:42:09.568 8 INFO placement.requestlog [None req-b9dd988d-1283-4954-ab79-e096aecbbdd0 - - - - - -] 10.0.0.73 "GET /" status: 200 len: 136 microversion: 1.0
2026-09-16 03:42:09.569 7 INFO placement.requestlog [None req-8ea750c4-b874-4b39-a6e0-e8468940143c - - - - - -] 10.0.0.73 "GET /" status: 200 len: 136 microversion: 1.0
2026-09-16 03:42:09.826 8 INFO placement.requestlog [None req-17259f55-8e54-424f-8106-7ebc01931b8b 15c24ae37cf440788cc0bebce6d38b61 9872ab38a84747e798d41bb491073cb4 - - 620dea922d4f48ce9bc71b41c0a1f9db 620dea922d4f48ce9bc71b41c0a1f9db] 10.0.0.49 "GET /resource_providers/7019a341-5d42-49e9-960f-6ce98d4f8c0b/aggregates" status: 404 len: 235 microversion: 1.1
2026-09-16 03:42:09.827 7 INFO placement.requestlog [None req-3c93eead-3bc0-4498-ab75-e90d8b528320 15c24ae37cf440788cc0bebce6d38b61 9872ab38a84747e798d41bb491073cb4 - - 620dea922d4f48ce9bc71b41c0a1f9db 620dea922d4f48ce9bc71b41c0a1f9db] 10.0.0.49 "GET /resource_providers/7019a341-5d42-49e9-960f-6ce98d4f8c0b/aggregates" status: 404 len: 235 microversion: 1.1 [pid: 7|app: 0|req: 599/1192] 10.0.0.49 () {32 vars in 815 bytes} [Wed Sep 16 03:42:09 2026] GET /resource_providers/7019a341-5d42-49e9-960f-6ce98d4f8c0b/aggregates => generated 235 bytes in 14 msecs (HTTP/1.1 404) 5 headers in 202 bytes (1 switches on core 0) [pid: 8|app: 0|req: 594/1193] 10.0.0.49 () {32 vars in 815 bytes} [Wed Sep 16 03:42:09 2026] GET /resource_providers/7019a341-5d42-49e9-960f-6ce98d4f8c0b/aggregates => generated 235 bytes in 15 msecs (HTTP/1.1 404) 5 headers in 202 bytes (1 switches on core 0)
2026-09-16 03:42:09.852 7 INFO placement.requestlog [None req-47567c2b-d4b8-4847-8971-1e6553600f8a 15c24ae37cf440788cc0bebce6d38b61 9872ab38a84747e798d41bb491073cb4 - - 620dea922d4f48ce9bc71b41c0a1f9db 620dea922d4f48ce9bc71b41c0a1f9db] 10.0.0.49 "DELETE /resource_providers/7019a341-5d42-49e9-960f-6ce98d4f8c0b" status: 404 len: 246 microversion: 1.1 [pid: 7|app: 0|req: 600/1194] 10.0.0.49 () {34 vars in 815 bytes} [Wed Sep 16 03:42:09 2026] DELETE /resource_providers/7019a341-5d42-49e9-960f-6ce98d4f8c0b => generated 246 bytes in 10 msecs (HTTP/1.1 404) 6 headers in 231 bytes (1 switches on core 0)
2026-09-16 03:42:09.854 8 INFO placement.requestlog [None req-44743540-d4ce-43c8-b9ac-30c31b4cd5db 15c24ae37cf440788cc0bebce6d38b61 9872ab38a84747e798d41bb491073cb4 - - 620dea922d4f48ce9bc71b41c0a1f9db 620dea922d4f48ce9bc71b41c0a1f9db] 10.0.0.49 "DELETE /resource_providers/7019a341-5d42-49e9-960f-6ce98d4f8c0b" status: 404 len: 246 microversion: 1.1 [pid: 8|app: 0|req: 595/1195] 10.0.0.49 () {34 vars in 815 bytes} [Wed Sep 16 03:42:09 2026] DELETE /resource_providers/7019a341-5d42-49e9-960f-6ce98d4f8c0b => generated 246 bytes in 8 msecs (HTTP/1.1 404) 6 headers in 231 bytes (1 switches on core 0)
2026-09-16 03:42:10.214 7 INFO placement.requestlog [None req-ffe162a7-5d65-44d5-afbc-c8e9f99661e8 15c24ae37cf440788cc0bebce6d38b61 9872ab38a84747e798d41bb491073cb4 - - 620dea922d4f48ce9bc71b41c0a1f9db 620dea922d4f48ce9bc71b41c0a1f9db] 10.0.0.49 "GET /resource_providers/fec3f646-8cd8-4d04-9fff-1d0c8dde38f3/aggregates" status: 404 len: 235 microversion: 1.1 [pid: 7|app: 0|req: 601/1196] 10.0.0.49 () {32 vars in 815 bytes} [Wed Sep 16 03:42:10 2026] GET /resource_providers/fec3f646-8cd8-4d04-9fff-1d0c8dde38f3/aggregates => generated 235 bytes in 16 msecs (HTTP/1.1 404) 5 headers in 202 bytes (1 switches on core 0)
2026-09-16 03:42:10.228 8 INFO placement.requestlog [None req-877fb241-fbf9-4e7f-8d42-0ddffdce9b87 15c24ae37cf440788cc0bebce6d38b61 9872ab38a84747e798d41bb491073cb4 - - 620dea922d4f48ce9bc71b41c0a1f9db 620dea922d4f48ce9bc71b41c0a1f9db] 10.0.0.49 "GET /resource_providers/fec3f646-8cd8-4d04-9fff-1d0c8dde38f3/aggregates" status: 404 len: 235 microversion: 1.1 [pid: 8|app: 0|req: 596/1197] 10.0.0.49 () {32 vars in 815 bytes} [Wed Sep 16 03:42:10 2026] GET /resource_providers/fec3f646-8cd8-4d04-9fff-1d0c8dde38f3/aggregates => generated 235 bytes in 15 msecs (HTTP/1.1 404) 5 headers in 202 bytes (1 switches on core 0)
2026-09-16 03:42:10.237 7 INFO placement.requestlog [None req-bc1975e3-7a0e-495c-977b-99e74bd3f4a8 15c24ae37cf440788cc0bebce6d38b61 9872ab38a84747e798d41bb491073cb4 - - 620dea922d4f48ce9bc71b41c0a1f9db 620dea922d4f48ce9bc71b41c0a1f9db] 10.0.0.49 "DELETE /resource_providers/fec3f646-8cd8-4d04-9fff-1d0c8dde38f3" status: 404 len: 246 microversion: 1.1 [pid: 7|app: 0|req: 602/1198] 10.0.0.49 () {34 vars in 815 bytes} [Wed Sep 16 03:42:10 2026] DELETE /resource_providers/fec3f646-8cd8-4d04-9fff-1d0c8dde38f3 => generated 246 bytes in 11 msecs (HTTP/1.1 404) 6 headers in 231 bytes (1 switches on core 0)
2026-09-16 03:42:10.249 8 INFO placement.requestlog [None req-22af7f29-fe01-4f7e-b899-a04dc672046c 15c24ae37cf440788cc0bebce6d38b61 9872ab38a84747e798d41bb491073cb4 - - 620dea922d4f48ce9bc71b41c0a1f9db 620dea922d4f48ce9bc71b41c0a1f9db] 10.0.0.49 "DELETE /resource_providers/fec3f646-8cd8-4d04-9fff-1d0c8dde38f3" status: 404 len: 246 microversion: 1.1 [pid: 8|app: 0|req: 597/1199] 10.0.0.49 () {34 vars in 815 bytes} [Wed Sep 16 03:42:10 2026] DELETE /resource_providers/fec3f646-8cd8-4d04-9fff-1d0c8dde38f3 => generated 246 bytes in 6 msecs (HTTP/1.1 404) 6 headers in 231 bytes (1 switches on core 0)
2026-09-16 03:42:19.568 7 INFO placement.requestlog [None req-fe043e6c-4644-48fb-841f-16b187cc7685 - - - - - -] 10.0.0.73 "GET /" status: 200 len: 136 microversion: 1.0
2026-09-16 03:42:19.568 8 INFO placement.requestlog [None req-194b4c2b-5e00-4510-93ad-0b1c6f5185a0 - - - - - -] 10.0.0.73 "GET /" status: 200 len: 136 microversion: 1.0
2026-09-16 03:42:26.126 7 INFO placement.requestlog [req-9687bf22-d229-4c8c-8c01-a71ca3136ffb req-d2a58761-0219-460c-9257-43f4d32bb829 694f92a78ee6425394e3791067373c2f 9872ab38a84747e798d41bb491073cb4 - - 620dea922d4f48ce9bc71b41c0a1f9db 620dea922d4f48ce9bc71b41c0a1f9db] 10.0.0.109 "GET /allocation_candidates?limit=1000&resources=DISK_GB%3A1%2CMEMORY_MB%3A512%2CVCPU%3A1&root_required=%21COMPUTE_STATUS_DISABLED" status: 200 len: 2643 microversion: 1.36 [pid: 7|app: 0|req: 604/1202] 10.0.0.109 () {34 vars in 1012 bytes} [Wed Sep 16 03:42:26 2026] GET /allocation_candidates?limit=1000&resources=DISK_GB%3A1%2CMEMORY_MB%3A512%2CVCPU%3A1&root_required=%21COMPUTE_STATUS_DISABLED => generated 2643 bytes in 51 msecs (HTTP/1.1 200) 8 headers in 297 bytes (1 switches on core 0)
2026-09-16 03:42:26.168 8 INFO placement.requestlog [req-9687bf22-d229-4c8c-8c01-a71ca3136ffb req-48da1fc5-7305-42e2-928c-58116916a398 694f92a78ee6425394e3791067373c2f 9872ab38a84747e798d41bb491073cb4 - - 620dea922d4f48ce9bc71b41c0a1f9db 620dea922d4f48ce9bc71b41c0a1f9db] 10.0.0.109 "GET /allocations/29aa3884-4777-4061-b02b-50daeac1770b" status: 200 len: 19 microversion: 1.28 [pid: 8|app: 0|req: 599/1203] 10.0.0.109 () {34 vars in 861 bytes} [Wed Sep 16 03:42:26 2026] GET /allocations/29aa3884-4777-4061-b02b-50daeac1770b => generated 19 bytes in 10 msecs (HTTP/1.1 200) 8 headers in 295 bytes (1 switches on core 0)
2026-09-16 03:42:26.256 7 INFO placement.requestlog [req-9687bf22-d229-4c8c-8c01-a71ca3136ffb req-4faf5c85-d355-4d32-ada1-b37faa78a7ee 694f92a78ee6425394e3791067373c2f 9872ab38a84747e798d41bb491073cb4 - - 620dea922d4f48ce9bc71b41c0a1f9db 620dea922d4f48ce9bc71b41c0a1f9db] 10.0.0.109 "PUT /allocations/29aa3884-4777-4061-b02b-50daeac1770b" status: 204 len: 0 microversion: 1.36 [pid: 7|app: 0|req: 605/1204] 10.0.0.109 () {38 vars in 914 bytes} [Wed Sep 16 03:42:26 2026] PUT /allocations/29aa3884-4777-4061-b02b-50daeac1770b => generated 0 bytes in 81 msecs (HTTP/1.1 204) 5 headers in 199 bytes (1 switches on core 0)
2026-09-16 03:42:27.945 8 INFO placement.requestlog [req-9687bf22-d229-4c8c-8c01-a71ca3136ffb req-506ae161-533f-4a66-9d06-89a1a5651f60 694f92a78ee6425394e3791067373c2f 9872ab38a84747e798d41bb491073cb4 - - 620dea922d4f48ce9bc71b41c0a1f9db 620dea922d4f48ce9bc71b41c0a1f9db] 162.253.55.196 "GET /allocations/29aa3884-4777-4061-b02b-50daeac1770b" status: 200 len: 258 microversion: 1.28 [pid: 8|app: 0|req: 600/1205] 162.253.55.196 () {34 vars in 863 bytes} [Wed Sep 16 03:42:27 2026] GET /allocations/29aa3884-4777-4061-b02b-50daeac1770b => generated 258 bytes in 202 msecs (HTTP/1.1 200) 8 headers in 296 bytes (1 switches on core 0)
2026-09-16 03:42:29.028 7 INFO placement.requestlog [req-9687bf22-d229-4c8c-8c01-a71ca3136ffb req-88ddb817-bbc8-4b2a-9728-969e1b9f302b 694f92a78ee6425394e3791067373c2f 9872ab38a84747e798d41bb491073cb4 - - 620dea922d4f48ce9bc71b41c0a1f9db 620dea922d4f48ce9bc71b41c0a1f9db] 162.253.55.196 "GET /resource_providers?in_tree=60acb576-d63f-4eb3-808f-3b9b94eb5d96" status: 200 len: 798 microversion: 1.14 [pid: 7|app: 0|req: 606/1206] 162.253.55.196 () {34 vars in 892 bytes} [Wed Sep 16 03:42:28 2026] GET /resource_providers?in_tree=60acb576-d63f-4eb3-808f-3b9b94eb5d96 => generated 798 bytes in 30 msecs (HTTP/1.1 200) 6 headers in 225 bytes (1 switches on core 0)
2026-09-16 03:42:29.052 8 INFO placement.requestlog [req-9687bf22-d229-4c8c-8c01-a71ca3136ffb req-4e6e963e-31a3-4e87-9ba0-f9db9c568d26 694f92a78ee6425394e3791067373c2f 9872ab38a84747e798d41bb491073cb4 - - 620dea922d4f48ce9bc71b41c0a1f9db 620dea922d4f48ce9bc71b41c0a1f9db] 162.253.55.196 "GET /resource_providers/60acb576-d63f-4eb3-808f-3b9b94eb5d96/inventories" status: 200 len: 401 microversion: 1.0 [pid: 8|app: 0|req: 601/1207] 162.253.55.196 () {32 vars in 857 bytes} [Wed Sep 16 03:42:29 2026] GET /resource_providers/60acb576-d63f-4eb3-808f-3b9b94eb5d96/inventories => generated 401 bytes in 19 msecs (HTTP/1.1 200) 6 headers in 224 bytes (1 switches on core 0)
2026-09-16 03:42:29.075 7 INFO placement.requestlog [req-9687bf22-d229-4c8c-8c01-a71ca3136ffb req-0e38f925-ba3d-4bb7-a281-9da79fe2df3d 694f92a78ee6425394e3791067373c2f 9872ab38a84747e798d41bb491073cb4 - - 620dea922d4f48ce9bc71b41c0a1f9db 620dea922d4f48ce9bc71b41c0a1f9db] 162.253.55.196 "GET /resource_providers/60acb576-d63f-4eb3-808f-3b9b94eb5d96/aggregates" status: 200 len: 54 microversion: 1.19 [pid: 7|app: 0|req: 607/1208] 162.253.55.196 () {34 vars in 899 bytes} [Wed Sep 16 03:42:29 2026] GET /resource_providers/60acb576-d63f-4eb3-808f-3b9b94eb5d96/aggregates => generated 54 bytes in 15 msecs (HTTP/1.1 200) 8 headers in 295 bytes (1 switches on core 0)
2026-09-16 03:42:29.114 8 INFO placement.requestlog [req-9687bf22-d229-4c8c-8c01-a71ca3136ffb req-25795428-9e92-4158-ae85-c09fda2f521c 694f92a78ee6425394e3791067373c2f 9872ab38a84747e798d41bb491073cb4 - - 620dea922d4f48ce9bc71b41c0a1f9db 620dea922d4f48ce9bc71b41c0a1f9db] 162.253.55.196 "GET /resource_providers/60acb576-d63f-4eb3-808f-3b9b94eb5d96/traits" status: 200 len: 2176 microversion: 1.6 [pid: 8|app: 0|req: 602/1209] 162.253.55.196 () {34 vars in 890 bytes} [Wed Sep 16 03:42:29 2026] GET /resource_providers/60acb576-d63f-4eb3-808f-3b9b94eb5d96/traits => generated 2176 bytes in 31 msecs (HTTP/1.1 200) 6 headers in 225 bytes (1 switches on core 0)
2026-09-16 03:42:29.143 7 INFO placement.requestlog [req-9687bf22-d229-4c8c-8c01-a71ca3136ffb req-e7660d50-3817-4312-8edd-586cc36ddf0c 694f92a78ee6425394e3791067373c2f 9872ab38a84747e798d41bb491073cb4 - - 620dea922d4f48ce9bc71b41c0a1f9db 620dea922d4f48ce9bc71b41c0a1f9db] 162.253.55.196 "GET /resource_providers/60acb576-d63f-4eb3-808f-3b9b94eb5d96/allocations" status: 200 len: 440 microversion: 1.0 [pid: 7|app: 0|req: 608/1210] 162.253.55.196 () {32 vars in 857 bytes} [Wed Sep 16 03:42:29 2026] GET /resource_providers/60acb576-d63f-4eb3-808f-3b9b94eb5d96/allocations => generated 440 bytes in 22 msecs (HTTP/1.1 200) 6 headers in 224 bytes (1 switches on core 0)
2026-09-16 03:42:29.173 8 INFO placement.requestlog [req-9687bf22-d229-4c8c-8c01-a71ca3136ffb req-268d269b-abbf-4005-9585-7165b4695a10 694f92a78ee6425394e3791067373c2f 9872ab38a84747e798d41bb491073cb4 - - 620dea922d4f48ce9bc71b41c0a1f9db 620dea922d4f48ce9bc71b41c0a1f9db] 162.253.55.196 "GET /allocations/aa829690-d624-41aa-af1a-5fa0f978ca51" status: 200 len: 245 microversion: 1.28 [pid: 8|app: 0|req: 603/1211] 162.253.55.196 () {34 vars in 863 bytes} [Wed Sep 16 03:42:29 2026] GET /allocations/aa829690-d624-41aa-af1a-5fa0f978ca51 => generated 245 bytes in 19 msecs (HTTP/1.1 200) 8 headers in 296 bytes (1 switches on core 0)
2026-09-16 03:42:29.209 7 INFO placement.requestlog [req-9687bf22-d229-4c8c-8c01-a71ca3136ffb req-83c1d1a6-1b1a-4a0f-8a2b-b9eb07773e9f 694f92a78ee6425394e3791067373c2f 9872ab38a84747e798d41bb491073cb4 - - 620dea922d4f48ce9bc71b41c0a1f9db 620dea922d4f48ce9bc71b41c0a1f9db] 162.253.55.196 "GET /allocations/8f7c0ba4-fd09-4c3b-b74c-d05a55f66f49" status: 200 len: 258 microversion: 1.28 [pid: 7|app: 0|req: 609/1212] 162.253.55.196 () {34 vars in 863 bytes} [Wed Sep 16 03:42:29 2026] GET /allocations/8f7c0ba4-fd09-4c3b-b74c-d05a55f66f49 => generated 258 bytes in 29 msecs (HTTP/1.1 200) 8 headers in 296 bytes (1 switches on core 0)
2026-09-16 03:42:29.258 8 INFO placement.requestlog [req-9687bf22-d229-4c8c-8c01-a71ca3136ffb req-51336528-2aa4-4cbd-94ea-93f163ff833c 694f92a78ee6425394e3791067373c2f 9872ab38a84747e798d41bb491073cb4 - - 620dea922d4f48ce9bc71b41c0a1f9db 620dea922d4f48ce9bc71b41c0a1f9db] 162.253.55.196 "GET /allocations/92a7cc73-5479-479f-997c-457bdb342da2" status: 200 len: 258 microversion: 1.28 [pid: 8|app: 0|req: 604/1213] 162.253.55.196 () {34 vars in 863 bytes} [Wed Sep 16 03:42:29 2026] GET /allocations/92a7cc73-5479-479f-997c-457bdb342da2 => generated 258 bytes in 34 msecs (HTTP/1.1 200) 8 headers in 296 bytes (1 switches on core 0)
2026-09-16 03:42:29.289 7 INFO placement.requestlog [req-9687bf22-d229-4c8c-8c01-a71ca3136ffb req-3dd1565e-ea6c-4d3f-a61e-aedcd145d08b 694f92a78ee6425394e3791067373c2f 9872ab38a84747e798d41bb491073cb4 - - 620dea922d4f48ce9bc71b41c0a1f9db 620dea922d4f48ce9bc71b41c0a1f9db] 162.253.55.196 "GET /allocations/29aa3884-4777-4061-b02b-50daeac1770b" status: 200 len: 258 microversion: 1.28 [pid: 7|app: 0|req: 610/1214] 162.253.55.196 () {34 vars in 863 bytes} [Wed Sep 16 03:42:29 2026] GET /allocations/29aa3884-4777-4061-b02b-50daeac1770b => generated 258 bytes in 26 msecs (HTTP/1.1 200) 8 headers in 296 bytes (1 switches on core 0)
2026-09-16 03:42:29.568 8 INFO placement.requestlog [None req-76b6376e-bbcc-4289-84ee-1f3c42ff9653 - - - - - -] 10.0.0.73 "GET /" status: 200 len: 136 microversion: 1.0
2026-09-16 03:42:29.569 7 INFO placement.requestlog [None req-c519d52d-caf7-4299-ad09-82edf163a275 - - - - - -] 10.0.0.73 "GET /" status: 200 len: 136 microversion: 1.0
2026-09-16 03:42:34.243 8 INFO placement.requestlog [req-b0638009-7842-4f91-8462-89982114324e req-50466055-79ed-407e-b0be-a4151b20048d 694f92a78ee6425394e3791067373c2f 9872ab38a84747e798d41bb491073cb4 - - 620dea922d4f48ce9bc71b41c0a1f9db 620dea922d4f48ce9bc71b41c0a1f9db] 162.253.55.196 "GET /resource_providers/60acb576-d63f-4eb3-808f-3b9b94eb5d96/allocations" status: 200 len: 440 microversion: 1.0 [pid: 8|app: 0|req: 606/1217] 162.253.55.196 () {32 vars in 857 bytes} [Wed Sep 16 03:42:34 2026] GET /resource_providers/60acb576-d63f-4eb3-808f-3b9b94eb5d96/allocations => generated 440 bytes in 27 msecs (HTTP/1.1 200) 6 headers in 224 bytes (1 switches on core 0)
2026-09-16 03:42:34.267 7 INFO placement.requestlog [req-b0638009-7842-4f91-8462-89982114324e req-e437dc59-15ea-4d03-a056-6c98b1e04c27 694f92a78ee6425394e3791067373c2f 9872ab38a84747e798d41bb491073cb4 - - 620dea922d4f48ce9bc71b41c0a1f9db 620dea922d4f48ce9bc71b41c0a1f9db] 162.253.55.196 "GET /resource_providers/60acb576-d63f-4eb3-808f-3b9b94eb5d96/allocations" status: 200 len: 440 microversion: 1.0 [pid: 7|app: 0|req: 612/1218] 162.253.55.196 () {32 vars in 857 bytes} [Wed Sep 16 03:42:34 2026] GET /resource_providers/60acb576-d63f-4eb3-808f-3b9b94eb5d96/allocations => generated 440 bytes in 17 msecs (HTTP/1.1 200) 6 headers in 224 bytes (1 switches on core 0)
2026-09-16 03:42:34.280 8 INFO placement.requestlog [req-b0638009-7842-4f91-8462-89982114324e req-8dd7a5cc-b03f-44cf-81ea-ce342d6e2eb3 694f92a78ee6425394e3791067373c2f 9872ab38a84747e798d41bb491073cb4 - - 620dea922d4f48ce9bc71b41c0a1f9db 620dea922d4f48ce9bc71b41c0a1f9db] 162.253.55.196 "GET /allocations/aa829690-d624-41aa-af1a-5fa0f978ca51" status: 200 len: 245 microversion: 1.28 [pid: 8|app: 0|req: 607/1219] 162.253.55.196 () {34 vars in 863 bytes} [Wed Sep 16 03:42:34 2026] GET /allocations/aa829690-d624-41aa-af1a-5fa0f978ca51 => generated 245 bytes in 8 msecs (HTTP/1.1 200) 8 headers in 296 bytes (1 switches on core 0)
2026-09-16 03:42:34.291 7 INFO placement.requestlog [req-b0638009-7842-4f91-8462-89982114324e req-4719089c-af42-4149-a459-ad833a9d4d54 694f92a78ee6425394e3791067373c2f 9872ab38a84747e798d41bb491073cb4 - - 620dea922d4f48ce9bc71b41c0a1f9db 620dea922d4f48ce9bc71b41c0a1f9db] 162.253.55.196 "GET /allocations/8f7c0ba4-fd09-4c3b-b74c-d05a55f66f49" status: 200 len: 258 microversion: 1.28 [pid: 7|app: 0|req: 613/1220] 162.253.55.196 () {34 vars in 863 bytes} [Wed Sep 16 03:42:34 2026] GET /allocations/8f7c0ba4-fd09-4c3b-b74c-d05a55f66f49 => generated 258 bytes in 7 msecs (HTTP/1.1 200) 8 headers in 296 bytes (1 switches on core 0)
2026-09-16 03:42:34.305 8 INFO placement.requestlog [req-b0638009-7842-4f91-8462-89982114324e req-9984dc9f-ecab-4a6c-99aa-54d2b2cdf407 694f92a78ee6425394e3791067373c2f 9872ab38a84747e798d41bb491073cb4 - - 620dea922d4f48ce9bc71b41c0a1f9db 620dea922d4f48ce9bc71b41c0a1f9db] 162.253.55.196 "GET /allocations/92a7cc73-5479-479f-997c-457bdb342da2" status: 200 len: 258 microversion: 1.28 [pid: 8|app: 0|req: 608/1221] 162.253.55.196 () {34 vars in 863 bytes} [Wed Sep 16 03:42:34 2026] GET /allocations/92a7cc73-5479-479f-997c-457bdb342da2 => generated 258 bytes in 9 msecs (HTTP/1.1 200) 8 headers in 296 bytes (1 switches on core 0)
2026-09-16 03:42:34.319 7 INFO placement.requestlog [req-b0638009-7842-4f91-8462-89982114324e req-12d239f7-bd18-4d33-90eb-d848e30f5f3e 694f92a78ee6425394e3791067373c2f 9872ab38a84747e798d41bb491073cb4 - - 620dea922d4f48ce9bc71b41c0a1f9db 620dea922d4f48ce9bc71b41c0a1f9db] 162.253.55.196 "GET /allocations/29aa3884-4777-4061-b02b-50daeac1770b" status: 200 len: 258 microversion: 1.28 [pid: 7|app: 0|req: 614/1222] 162.253.55.196 () {34 vars in 863 bytes} [Wed Sep 16 03:42:34 2026] GET /allocations/29aa3884-4777-4061-b02b-50daeac1770b => generated 258 bytes in 9 msecs (HTTP/1.1 200) 8 headers in 296 bytes (1 switches on core 0)
2026-09-16 03:42:39.568 7 INFO placement.requestlog [None req-3d654506-4313-4e5c-a1c6-a4f8f9261a93 - - - - - -] 10.0.0.73 "GET /" status: 200 len: 136 microversion: 1.0
2026-09-16 03:42:39.569 8 INFO placement.requestlog [None req-93505cb8-e2ec-41fd-bf65-c38afb2d25af - - - - - -] 10.0.0.73 "GET /" status: 200 len: 136 microversion: 1.0
2026-09-16 03:42:49.567 8 INFO placement.requestlog [None req-0b807058-f585-4038-a63f-260aeed12a4e - - - - - -] 10.0.0.73 "GET /" status: 200 len: 136 microversion: 1.0
2026-09-16 03:42:49.568 7 INFO placement.requestlog [None req-5ce88a1e-2f65-4f10-9255-b28f6509e771 - - - - - -] 10.0.0.73 "GET /" status: 200 len: 136 microversion: 1.0
2026-09-16 03:42:58.420 8 INFO placement.requestlog [req-43ea0199-ef32-4485-a518-9c0725c71cdd req-2f90c2f9-14ec-4a26-aa1d-15bc481e1bb3 694f92a78ee6425394e3791067373c2f 9872ab38a84747e798d41bb491073cb4 - - 620dea922d4f48ce9bc71b41c0a1f9db 620dea922d4f48ce9bc71b41c0a1f9db] 162.253.55.196 "GET /resource_providers/60acb576-d63f-4eb3-808f-3b9b94eb5d96/allocations" status: 200 len: 440 microversion: 1.0 [pid: 8|app: 0|req: 611/1227] 162.253.55.196 () {32 vars in 857 bytes} [Wed Sep 16 03:42:58 2026] GET /resource_providers/60acb576-d63f-4eb3-808f-3b9b94eb5d96/allocations => generated 440 bytes in 22 msecs (HTTP/1.1 200) 6 headers in 224 bytes (1 switches on core 0)
2026-09-16 03:42:58.444 7 INFO placement.requestlog [req-43ea0199-ef32-4485-a518-9c0725c71cdd req-51092854-6d6d-469d-bcbb-66391132e7bc 694f92a78ee6425394e3791067373c2f 9872ab38a84747e798d41bb491073cb4 - - 620dea922d4f48ce9bc71b41c0a1f9db 620dea922d4f48ce9bc71b41c0a1f9db] 162.253.55.196 "GET /allocations/aa829690-d624-41aa-af1a-5fa0f978ca51" status: 200 len: 245 microversion: 1.28 [pid: 7|app: 0|req: 617/1228] 162.253.55.196 () {34 vars in 863 bytes} [Wed Sep 16 03:42:58 2026] GET /allocations/aa829690-d624-41aa-af1a-5fa0f978ca51 => generated 245 bytes in 17 msecs (HTTP/1.1 200) 8 headers in 296 bytes (1 switches on core 0)
2026-09-16 03:42:58.477 8 INFO placement.requestlog [req-43ea0199-ef32-4485-a518-9c0725c71cdd req-badabc18-80a5-4919-937e-46f19bd89b6d 694f92a78ee6425394e3791067373c2f 9872ab38a84747e798d41bb491073cb4 - - 620dea922d4f48ce9bc71b41c0a1f9db 620dea922d4f48ce9bc71b41c0a1f9db] 162.253.55.196 "GET /allocations/8f7c0ba4-fd09-4c3b-b74c-d05a55f66f49" status: 200 len: 258 microversion: 1.28 [pid: 8|app: 0|req: 612/1229] 162.253.55.196 () {34 vars in 863 bytes} [Wed Sep 16 03:42:58 2026] GET /allocations/8f7c0ba4-fd09-4c3b-b74c-d05a55f66f49 => generated 258 bytes in 25 msecs (HTTP/1.1 200) 8 headers in 296 bytes (1 switches on core 0)
2026-09-16 03:42:58.508 7 INFO placement.requestlog [req-43ea0199-ef32-4485-a518-9c0725c71cdd req-dd6f0f46-812a-4f61-b76d-cc36a69ec8f5 694f92a78ee6425394e3791067373c2f 9872ab38a84747e798d41bb491073cb4 - - 620dea922d4f48ce9bc71b41c0a1f9db 620dea922d4f48ce9bc71b41c0a1f9db] 162.253.55.196 "GET /allocations/92a7cc73-5479-479f-997c-457bdb342da2" status: 200 len: 258 microversion: 1.28 [pid: 7|app: 0|req: 618/1230] 162.253.55.196 () {34 vars in 863 bytes} [Wed Sep 16 03:42:58 2026] GET /allocations/92a7cc73-5479-479f-997c-457bdb342da2 => generated 258 bytes in 22 msecs (HTTP/1.1 200) 8 headers in 296 bytes (1 switches on core 0)
2026-09-16 03:42:58.535 8 INFO placement.requestlog [req-43ea0199-ef32-4485-a518-9c0725c71cdd req-6a42f3ad-0085-4c26-8e88-998417b81b3e 694f92a78ee6425394e3791067373c2f 9872ab38a84747e798d41bb491073cb4 - - 620dea922d4f48ce9bc71b41c0a1f9db 620dea922d4f48ce9bc71b41c0a1f9db] 162.253.55.196 "GET /allocations/29aa3884-4777-4061-b02b-50daeac1770b" status: 200 len: 258 microversion: 1.28 [pid: 8|app: 0|req: 613/1231] 162.253.55.196 () {34 vars in 863 bytes} [Wed Sep 16 03:42:58 2026] GET /allocations/29aa3884-4777-4061-b02b-50daeac1770b => generated 258 bytes in 19 msecs (HTTP/1.1 200) 8 headers in 296 bytes (1 switches on core 0)
2026-09-16 03:42:59.568 8 INFO placement.requestlog [None req-279ba88b-452b-4d94-bc0c-0f1f03417f9d - - - - - -] 10.0.0.73 "GET /" status: 200 len: 136 microversion: 1.0
2026-09-16 03:42:59.569 8 INFO placement.requestlog [None req-2dbe70ce-faaf-49bd-a82f-903ec326eb30 - - - - - -] 10.0.0.73 "GET /" status: 200 len: 136 microversion: 1.0
2026-09-16 03:42:59.601 7 INFO placement.requestlog [req-43ea0199-ef32-4485-a518-9c0725c71cdd req-25cb234a-fdaf-4bd6-b5e5-7846e2c3090d 694f92a78ee6425394e3791067373c2f 9872ab38a84747e798d41bb491073cb4 - - 620dea922d4f48ce9bc71b41c0a1f9db 620dea922d4f48ce9bc71b41c0a1f9db] 162.253.55.196 "DELETE /allocations/29aa3884-4777-4061-b02b-50daeac1770b" status: 204 len: 0 microversion: 1.0 [pid: 7|app: 0|req: 619/1234] 162.253.55.196 () {34 vars in 841 bytes} [Wed Sep 16 03:42:59 2026] DELETE /allocations/29aa3884-4777-4061-b02b-50daeac1770b => generated 0 bytes in 37 msecs (HTTP/1.1 204) 5 headers in 198 bytes (1 switches on core 0)
2026-09-16 03:43:03.461 8 INFO placement.requestlog [None req-8a7457f3-75e1-4c61-9354-581808ceb818 15c24ae37cf440788cc0bebce6d38b61 9872ab38a84747e798d41bb491073cb4 - - 620dea922d4f48ce9bc71b41c0a1f9db 620dea922d4f48ce9bc71b41c0a1f9db] 10.0.0.49 "GET /resource_providers/cdfe1a90-b188-4f29-b3eb-893ba7b3674f/aggregates" status: 404 len: 235 microversion: 1.1 [pid: 8|app: 0|req: 616/1235] 10.0.0.49 () {32 vars in 815 bytes} [Wed Sep 16 03:43:03 2026] GET /resource_providers/cdfe1a90-b188-4f29-b3eb-893ba7b3674f/aggregates => generated 235 bytes in 62 msecs (HTTP/1.1 404) 5 headers in 202 bytes (1 switches on core 0)
2026-09-16 03:43:03.475 7 INFO placement.requestlog [None req-ff7d1549-84c8-41f3-ac5e-517cbf4e89e2 15c24ae37cf440788cc0bebce6d38b61 9872ab38a84747e798d41bb491073cb4 - - 620dea922d4f48ce9bc71b41c0a1f9db 620dea922d4f48ce9bc71b41c0a1f9db] 10.0.0.49 "GET /resource_providers/cdfe1a90-b188-4f29-b3eb-893ba7b3674f/aggregates" status: 404 len: 235 microversion: 1.1 [pid: 7|app: 0|req: 620/1236] 10.0.0.49 () {32 vars in 815 bytes} [Wed Sep 16 03:43:03 2026] GET /resource_providers/cdfe1a90-b188-4f29-b3eb-893ba7b3674f/aggregates => generated 235 bytes in 75 msecs (HTTP/1.1 404) 5 headers in 202 bytes (1 switches on core 0)
2026-09-16 03:43:03.482 8 INFO placement.requestlog [None req-18b5007b-1fd3-46d3-bf77-26c97ce849da 15c24ae37cf440788cc0bebce6d38b61 9872ab38a84747e798d41bb491073cb4 - - 620dea922d4f48ce9bc71b41c0a1f9db 620dea922d4f48ce9bc71b41c0a1f9db] 10.0.0.49 "DELETE /resource_providers/cdfe1a90-b188-4f29-b3eb-893ba7b3674f" status: 404 len: 246 microversion: 1.1 [pid: 8|app: 0|req: 617/1237] 10.0.0.49 () {34 vars in 815 bytes} [Wed Sep 16 03:43:03 2026] DELETE /resource_providers/cdfe1a90-b188-4f29-b3eb-893ba7b3674f => generated 246 bytes in 12 msecs (HTTP/1.1 404) 6 headers in 231 bytes (1 switches on core 0)
2026-09-16 03:43:03.494 7 INFO placement.requestlog [None req-9f0f12f4-dae4-462c-91ed-3b8612568c89 15c24ae37cf440788cc0bebce6d38b61 9872ab38a84747e798d41bb491073cb4 - - 620dea922d4f48ce9bc71b41c0a1f9db 620dea922d4f48ce9bc71b41c0a1f9db] 10.0.0.49 "DELETE /resource_providers/cdfe1a90-b188-4f29-b3eb-893ba7b3674f" status: 404 len: 246 microversion: 1.1 [pid: 7|app: 0|req: 621/1238] 10.0.0.49 () {34 vars in 815 bytes} [Wed Sep 16 03:43:03 2026] DELETE /resource_providers/cdfe1a90-b188-4f29-b3eb-893ba7b3674f => generated 246 bytes in 9 msecs (HTTP/1.1 404) 6 headers in 231 bytes (1 switches on core 0)
2026-09-16 03:43:05.518 7 INFO placement.requestlog [None req-3602cec1-885c-40ba-af1a-a20f5e86d5a6 15c24ae37cf440788cc0bebce6d38b61 9872ab38a84747e798d41bb491073cb4 - - 620dea922d4f48ce9bc71b41c0a1f9db 620dea922d4f48ce9bc71b41c0a1f9db] 10.0.0.49 "GET /resource_providers/13b0fa3f-41f9-47c5-a291-f6eaaf5eb2e7/aggregates" status: 404 len: 235 microversion: 1.1 [pid: 7|app: 0|req: 622/1239] 10.0.0.49 () {32 vars in 815 bytes} [Wed Sep 16 03:43:05 2026] GET /resource_providers/13b0fa3f-41f9-47c5-a291-f6eaaf5eb2e7/aggregates => generated 235 bytes in 12 msecs (HTTP/1.1 404) 5 headers in 202 bytes (1 switches on core 0)
2026-09-16 03:43:05.520 8 INFO placement.requestlog [None req-c44a39e7-7d57-4d68-a779-a81253401c8a 15c24ae37cf440788cc0bebce6d38b61 9872ab38a84747e798d41bb491073cb4 - - 620dea922d4f48ce9bc71b41c0a1f9db 620dea922d4f48ce9bc71b41c0a1f9db] 10.0.0.49 "GET /resource_providers/13b0fa3f-41f9-47c5-a291-f6eaaf5eb2e7/aggregates" status: 404 len: 235 microversion: 1.1 [pid: 8|app: 0|req: 618/1240] 10.0.0.49 () {32 vars in 815 bytes} [Wed Sep 16 03:43:05 2026] GET /resource_providers/13b0fa3f-41f9-47c5-a291-f6eaaf5eb2e7/aggregates => generated 235 bytes in 14 msecs (HTTP/1.1 404) 5 headers in 202 bytes (1 switches on core 0)
2026-09-16 03:43:05.547 7 INFO placement.requestlog [None req-b0616004-99dd-41a3-ae26-94bbb07013a1 15c24ae37cf440788cc0bebce6d38b61 9872ab38a84747e798d41bb491073cb4 - - 620dea922d4f48ce9bc71b41c0a1f9db 620dea922d4f48ce9bc71b41c0a1f9db] 10.0.0.49 "DELETE /resource_providers/13b0fa3f-41f9-47c5-a291-f6eaaf5eb2e7" status: 404 len: 246 microversion: 1.1 [pid: 7|app: 0|req: 623/1241] 10.0.0.49 () {34 vars in 815 bytes} [Wed Sep 16 03:43:05 2026] DELETE /resource_providers/13b0fa3f-41f9-47c5-a291-f6eaaf5eb2e7 => generated 246 bytes in 12 msecs (HTTP/1.1 404) 6 headers in 231 bytes (1 switches on core 0)
