Mar 25 19:11:34.449807 np0000160632 nova-scheduler[108150]: DEBUG cotyledon.oslo_config_glue [-] workarounds.disable_fallback_pcpu_query = False {{(pid=108150) log_opt_values /opt/stack/data/venv/lib/python3.12/site-packages/oslo_config/cfg.py:3006}}
Mar 25 19:11:34.450002 np0000160632 nova-scheduler[108150]: DEBUG cotyledon.oslo_config_glue [-] workarounds.disable_group_policy_check_upcall = False {{(pid=108150) log_opt_values /opt/stack/data/venv/lib/python3.12/site-packages/oslo_config/cfg.py:3006}}
Mar 25 19:11:34.450002 np0000160632 nova-scheduler[108150]: DEBUG cotyledon.oslo_config_glue [-] workarounds.disable_libvirt_livesnapshot = False {{(pid=108150) log_opt_values /opt/stack/data/venv/lib/python3.12/site-packages/oslo_config/cfg.py:3006}}
Mar 25 19:11:34.450002 np0000160632 nova-scheduler[108150]: DEBUG cotyledon.oslo_config_glue [-] workarounds.disable_rootwrap = False {{(pid=108150) log_opt_values /opt/stack/data/venv/lib/python3.12/site-packages/oslo_config/cfg.py:3006}}
Mar 25 19:11:34.450002 np0000160632 nova-scheduler[108150]: DEBUG cotyledon.oslo_config_glue [-] workarounds.enable_numa_live_migration = False {{(pid=108150) log_opt_values /opt/stack/data/venv/lib/python3.12/site-packages/oslo_config/cfg.py:3006}}
Mar 25 19:11:34.450002 np0000160632 nova-scheduler[108150]: DEBUG cotyledon.oslo_config_glue [-] workarounds.enable_qemu_monitor_announce_self = False {{(pid=108150) log_opt_values /opt/stack/data/venv/lib/python3.12/site-packages/oslo_config/cfg.py:3006}}
Mar 25 19:11:34.450002 np0000160632 nova-scheduler[108150]: DEBUG cotyledon.oslo_config_glue [-] workarounds.ensure_libvirt_rbd_instance_dir_cleanup = False {{(pid=108150) log_opt_values /opt/stack/data/venv/lib/python3.12/site-packages/oslo_config/cfg.py:3006}}
Mar 25 19:11:34.450002 np0000160632 nova-scheduler[108150]: DEBUG cotyledon.oslo_config_glue [-] workarounds.handle_virt_lifecycle_events = True {{(pid=108150) log_opt_values /opt/stack/data/venv/lib/python3.12/site-packages/oslo_config/cfg.py:3006}}
Mar 25 19:11:34.450002 np0000160632 nova-scheduler[108150]: DEBUG cotyledon.oslo_config_glue [-] workarounds.libvirt_disable_apic = False {{(pid=108150) log_opt_values /opt/stack/data/venv/lib/python3.12/site-packages/oslo_config/cfg.py:3006}}
Mar 25 19:11:34.450002 np0000160632 nova-scheduler[108150]: DEBUG cotyledon.oslo_config_glue [-] workarounds.never_download_image_if_on_rbd = False {{(pid=108150) log_opt_values /opt/stack/data/venv/lib/python3.12/site-packages/oslo_config/cfg.py:3006}}
Mar 25 19:11:34.450207 np0000160632 nova-scheduler[108150]: DEBUG cotyledon.oslo_config_glue [-] workarounds.qemu_monitor_announce_self_count = 3 {{(pid=108150) log_opt_values /opt/stack/data/venv/lib/python3.12/site-packages/oslo_config/cfg.py:3006}}
Mar 25 19:11:34.450207 np0000160632 nova-scheduler[108150]: DEBUG cotyledon.oslo_config_glue [-] workarounds.qemu_monitor_announce_self_interval = 1 {{(pid=108150) log_opt_values /opt/stack/data/venv/lib/python3.12/site-packages/oslo_config/cfg.py:3006}}
Mar 25 19:11:34.450207 np0000160632 nova-scheduler[108150]: DEBUG cotyledon.oslo_config_glue [-] workarounds.reserve_disk_resource_for_image_cache = False {{(pid=108150) log_opt_values /opt/stack/data/venv/lib/python3.12/site-packages/oslo_config/cfg.py:3006}}
Mar 25 19:11:34.450207 np0000160632 nova-scheduler[108150]: DEBUG cotyledon.oslo_config_glue [-] workarounds.skip_cpu_compare_at_startup = False {{(pid=108150) log_opt_values /opt/stack/data/venv/lib/python3.12/site-packages/oslo_config/cfg.py:3006}}
Mar 25 19:11:34.450207 np0000160632 nova-scheduler[108150]: DEBUG cotyledon.oslo_config_glue [-] workarounds.skip_cpu_compare_on_dest = False {{(pid=108150) log_opt_values /opt/stack/data/venv/lib/python3.12/site-packages/oslo_config/cfg.py:3006}}
Mar 25 19:11:34.450207 np0000160632 nova-scheduler[108150]: DEBUG cotyledon.oslo_config_glue [-] workarounds.skip_hypervisor_version_check_on_lm = False {{(pid=108150) log_opt_values /opt/stack/data/venv/lib/python3.12/site-packages/oslo_config/cfg.py:3006}}
Mar 25 19:11:34.450207 np0000160632 nova-scheduler[108150]: DEBUG cotyledon.oslo_config_glue [-] workarounds.skip_reserve_in_use_ironic_nodes = False {{(pid=108150) log_opt_values /opt/stack/data/venv/lib/python3.12/site-packages/oslo_config/cfg.py:3006}}
Mar 25 19:11:34.450207 np0000160632 nova-scheduler[108150]: DEBUG cotyledon.oslo_config_glue [-] workarounds.unified_limits_count_pcpu_as_vcpu = False {{(pid=108150) log_opt_values /opt/stack/data/venv/lib/python3.12/site-packages/oslo_config/cfg.py:3006}}
Mar 25 19:11:34.450424 np0000160632 nova-scheduler[108150]: DEBUG cotyledon.oslo_config_glue [-] workarounds.wait_for_vif_plugged_event_during_hard_reboot = [] {{(pid=108150) log_opt_values /opt/stack/data/venv/lib/python3.12/site-packages/oslo_config/cfg.py:3006}}
Mar 25 19:11:34.450424 np0000160632 nova-scheduler[108150]: DEBUG cotyledon.oslo_config_glue [-] wsgi.api_paste_config = /etc/nova/api-paste.ini {{(pid=108150) log_opt_values /opt/stack/data/venv/lib/python3.12/site-packages/oslo_config/cfg.py:3006}}
Mar 25 19:11:34.450424 np0000160632 nova-scheduler[108150]: DEBUG cotyledon.oslo_config_glue [-] wsgi.secure_proxy_ssl_header = None {{(pid=108150) log_opt_values /opt/stack/data/venv/lib/python3.12/site-packages/oslo_config/cfg.py:3006}}
Mar 25 19:11:34.450424 np0000160632 nova-scheduler[108150]: DEBUG cotyledon.oslo_config_glue [-] zvm.ca_file = None {{(pid=108150) log_opt_values /opt/stack/data/venv/lib/python3.12/site-packages/oslo_config/cfg.py:3006}}
Mar 25 19:11:34.450424 np0000160632 nova-scheduler[108150]: DEBUG cotyledon.oslo_config_glue [-] zvm.cloud_connector_url = None {{(pid=108150) log_opt_values /opt/stack/data/venv/lib/python3.12/site-packages/oslo_config/cfg.py:3006}}
Mar 25 19:11:34.450533 np0000160632 nova-scheduler[108145]: INFO dbcounter [None req-65db58df-1fbc-44a1-b179-837f86324954 None None] Registered counter for database nova_cell0
Mar 25 19:11:34.450558 np0000160632 nova-scheduler[108150]: DEBUG cotyledon.oslo_config_glue [-] zvm.image_tmp_path = /opt/stack/data/nova/images {{(pid=108150) log_opt_values /opt/stack/data/venv/lib/python3.12/site-packages/oslo_config/cfg.py:3006}}
Mar 25 19:11:34.450558 np0000160632 nova-scheduler[108150]: DEBUG cotyledon.oslo_config_glue [-] zvm.reachable_timeout = 300 {{(pid=108150) log_opt_values /opt/stack/data/venv/lib/python3.12/site-packages/oslo_config/cfg.py:3006}}
Mar 25 19:11:34.450558 np0000160632 nova-scheduler[108150]: DEBUG cotyledon.oslo_config_glue [-] oslo_versionedobjects.fatal_exception_format_errors = False {{(pid=108150) log_opt_values /opt/stack/data/venv/lib/python3.12/site-packages/oslo_config/cfg.py:3006}}
Mar 25 19:11:34.450558 np0000160632 nova-scheduler[108150]: DEBUG cotyledon.oslo_config_glue [-] oslo_middleware.http_basic_auth_user_file = /etc/htpasswd {{(pid=108150) log_opt_values /opt/stack/data/venv/lib/python3.12/site-packages/oslo_config/cfg.py:3006}}
Mar 25 19:11:34.450558 np0000160632 nova-scheduler[108150]: DEBUG cotyledon.oslo_config_glue [-] oslo_messaging_metrics.metrics_buffer_size = 1000 {{(pid=108150) log_opt_values /opt/stack/data/venv/lib/python3.12/site-packages/oslo_config/cfg.py:3006}}
Mar 25 19:11:34.450558 np0000160632 nova-scheduler[108150]: DEBUG cotyledon.oslo_config_glue [-] oslo_messaging_metrics.metrics_enabled = False {{(pid=108150) log_opt_values /opt/stack/data/venv/lib/python3.12/site-packages/oslo_config/cfg.py:3006}}
Mar 25 19:11:34.450558 np0000160632 nova-scheduler[108150]: DEBUG cotyledon.oslo_config_glue [-] oslo_messaging_metrics.metrics_process_name = {{(pid=108150) log_opt_values /opt/stack/data/venv/lib/python3.12/site-packages/oslo_config/cfg.py:3006}}
Mar 25 19:11:34.450558 np0000160632 nova-scheduler[108150]: DEBUG cotyledon.oslo_config_glue [-] oslo_messaging_metrics.metrics_socket_file = /var/tmp/metrics_collector.sock {{(pid=108150) log_opt_values /opt/stack/data/venv/lib/python3.12/site-packages/oslo_config/cfg.py:3006}}
Mar 25 19:11:34.450749 np0000160632 nova-scheduler[108150]: DEBUG cotyledon.oslo_config_glue [-] oslo_messaging_metrics.metrics_thread_stop_timeout = 10 {{(pid=108150) log_opt_values /opt/stack/data/venv/lib/python3.12/site-packages/oslo_config/cfg.py:3006}}
Mar 25 19:11:34.450749 np0000160632 nova-scheduler[108150]: DEBUG cotyledon.oslo_config_glue [-] profiler.connection_string = messaging:// {{(pid=108150) log_opt_values /opt/stack/data/venv/lib/python3.12/site-packages/oslo_config/cfg.py:3006}}
Mar 25 19:11:34.450749 np0000160632 nova-scheduler[108150]: DEBUG cotyledon.oslo_config_glue [-] profiler.enabled = False {{(pid=108150) log_opt_values /opt/stack/data/venv/lib/python3.12/site-packages/oslo_config/cfg.py:3006}}
Mar 25 19:11:34.450749 np0000160632 nova-scheduler[108150]: DEBUG cotyledon.oslo_config_glue [-] profiler.es_doc_type = notification {{(pid=108150) log_opt_values /opt/stack/data/venv/lib/python3.12/site-packages/oslo_config/cfg.py:3006}}
Mar 25 19:11:34.450749 np0000160632 nova-scheduler[108150]: DEBUG cotyledon.oslo_config_glue [-] profiler.es_scroll_size = 10000 {{(pid=108150) log_opt_values /opt/stack/data/venv/lib/python3.12/site-packages/oslo_config/cfg.py:3006}}
Mar 25 19:11:34.450749 np0000160632 nova-scheduler[108150]: DEBUG cotyledon.oslo_config_glue [-] profiler.es_scroll_time = 2m {{(pid=108150) log_opt_values /opt/stack/data/venv/lib/python3.12/site-packages/oslo_config/cfg.py:3006}}
Mar 25 19:11:34.450749 np0000160632 nova-scheduler[108150]: DEBUG cotyledon.oslo_config_glue [-] profiler.filter_error_trace = False {{(pid=108150) log_opt_values /opt/stack/data/venv/lib/python3.12/site-packages/oslo_config/cfg.py:3006}}
Mar 25 19:11:34.450749 np0000160632 nova-scheduler[108150]: DEBUG cotyledon.oslo_config_glue [-] profiler.hmac_keys = **** {{(pid=108150) log_opt_values /opt/stack/data/venv/lib/python3.12/site-packages/oslo_config/cfg.py:3006}}
Mar 25 19:11:34.450749 np0000160632 nova-scheduler[108150]: DEBUG cotyledon.oslo_config_glue [-] profiler.sentinel_service_name = mymaster {{(pid=108150) log_opt_values /opt/stack/data/venv/lib/python3.12/site-packages/oslo_config/cfg.py:3006}}
Mar 25 19:11:34.450950 np0000160632 nova-scheduler[108150]: DEBUG cotyledon.oslo_config_glue [-] profiler.socket_timeout = 0.1 {{(pid=108150) log_opt_values /opt/stack/data/venv/lib/python3.12/site-packages/oslo_config/cfg.py:3006}}
Mar 25 19:11:34.450950 np0000160632 nova-scheduler[108150]: DEBUG cotyledon.oslo_config_glue [-] profiler.trace_requests = False {{(pid=108150) log_opt_values /opt/stack/data/venv/lib/python3.12/site-packages/oslo_config/cfg.py:3006}}
Mar 25 19:11:34.450950 np0000160632 nova-scheduler[108150]: DEBUG cotyledon.oslo_config_glue [-] profiler.trace_sqlalchemy = False {{(pid=108150) log_opt_values /opt/stack/data/venv/lib/python3.12/site-packages/oslo_config/cfg.py:3006}}
Mar 25 19:11:34.450950 np0000160632 nova-scheduler[108150]: DEBUG cotyledon.oslo_config_glue [-] profiler_jaeger.process_tags = {} {{(pid=108150) log_opt_values /opt/stack/data/venv/lib/python3.12/site-packages/oslo_config/cfg.py:3006}}
Mar 25 19:11:34.450950 np0000160632 nova-scheduler[108150]: DEBUG cotyledon.oslo_config_glue [-] profiler_jaeger.service_name_prefix = None {{(pid=108150) log_opt_values /opt/stack/data/venv/lib/python3.12/site-packages/oslo_config/cfg.py:3006}}
Mar 25 19:11:34.450950 np0000160632 nova-scheduler[108150]: DEBUG cotyledon.oslo_config_glue [-] profiler_otlp.service_name_prefix = None {{(pid=108150) log_opt_values /opt/stack/data/venv/lib/python3.12/site-packages/oslo_config/cfg.py:3006}}
Mar 25 19:11:34.450950 np0000160632 nova-scheduler[108150]: DEBUG cotyledon.oslo_config_glue [-] oslo_messaging_rabbit.amqp_auto_delete = False {{(pid=108150) log_opt_values /opt/stack/data/venv/lib/python3.12/site-packages/oslo_config/cfg.py:3006}}
Mar 25 19:11:34.450950 np0000160632 nova-scheduler[108150]: DEBUG cotyledon.oslo_config_glue [-] oslo_messaging_rabbit.amqp_durable_queues = False {{(pid=108150) log_opt_values /opt/stack/data/venv/lib/python3.12/site-packages/oslo_config/cfg.py:3006}}
Mar 25 19:11:34.450950 np0000160632 nova-scheduler[108150]: DEBUG cotyledon.oslo_config_glue [-] oslo_messaging_rabbit.conn_pool_min_size = 2 {{(pid=108150) log_opt_values /opt/stack/data/venv/lib/python3.12/site-packages/oslo_config/cfg.py:3006}}
Mar 25 19:11:34.451159 np0000160632 nova-scheduler[108150]: DEBUG cotyledon.oslo_config_glue [-] oslo_messaging_rabbit.conn_pool_ttl = 1200 {{(pid=108150) log_opt_values /opt/stack/data/venv/lib/python3.12/site-packages/oslo_config/cfg.py:3006}}
Mar 25 19:11:34.451159 np0000160632 nova-scheduler[108150]: DEBUG cotyledon.oslo_config_glue [-] oslo_messaging_rabbit.direct_mandatory_flag = True {{(pid=108150) log_opt_values /opt/stack/data/venv/lib/python3.12/site-packages/oslo_config/cfg.py:3006}}
Mar 25 19:11:34.451159 np0000160632 nova-scheduler[108150]: DEBUG cotyledon.oslo_config_glue [-] oslo_messaging_rabbit.enable_cancel_on_failover = False {{(pid=108150) log_opt_values /opt/stack/data/venv/lib/python3.12/site-packages/oslo_config/cfg.py:3006}}
Mar 25 19:11:34.451159 np0000160632 nova-scheduler[108150]: DEBUG cotyledon.oslo_config_glue [-] oslo_messaging_rabbit.heartbeat_in_pthread = False {{(pid=108150) log_opt_values /opt/stack/data/venv/lib/python3.12/site-packages/oslo_config/cfg.py:3006}}
Mar 25 19:11:34.451159 np0000160632 nova-scheduler[108150]: DEBUG cotyledon.oslo_config_glue [-] oslo_messaging_rabbit.heartbeat_rate = 3 {{(pid=108150) log_opt_values /opt/stack/data/venv/lib/python3.12/site-packages/oslo_config/cfg.py:3006}}
Mar 25 19:11:34.451159 np0000160632 nova-scheduler[108150]: DEBUG cotyledon.oslo_config_glue [-] oslo_messaging_rabbit.heartbeat_timeout_threshold = 60 {{(pid=108150) log_opt_values /opt/stack/data/venv/lib/python3.12/site-packages/oslo_config/cfg.py:3006}}
Mar 25 19:11:34.451159 np0000160632 nova-scheduler[108150]: DEBUG cotyledon.oslo_config_glue [-] oslo_messaging_rabbit.hostname = np0000160632 {{(pid=108150) log_opt_values /opt/stack/data/venv/lib/python3.12/site-packages/oslo_config/cfg.py:3006}}
Mar 25 19:11:34.451159 np0000160632 nova-scheduler[108150]: DEBUG cotyledon.oslo_config_glue [-] oslo_messaging_rabbit.kombu_compression = None {{(pid=108150) log_opt_values /opt/stack/data/venv/lib/python3.12/site-packages/oslo_config/cfg.py:3006}}
Mar 25 19:11:34.451159 np0000160632 nova-scheduler[108150]: DEBUG cotyledon.oslo_config_glue [-] oslo_messaging_rabbit.kombu_failover_strategy = round-robin {{(pid=108150) log_opt_values /opt/stack/data/venv/lib/python3.12/site-packages/oslo_config/cfg.py:3006}}
Mar 25 19:11:34.451393 np0000160632 nova-scheduler[108150]: DEBUG cotyledon.oslo_config_glue [-] oslo_messaging_rabbit.kombu_missing_consumer_retry_timeout = 60 {{(pid=108150) log_opt_values /opt/stack/data/venv/lib/python3.12/site-packages/oslo_config/cfg.py:3006}}
Mar 25 19:11:34.451393 np0000160632 nova-scheduler[108150]: DEBUG cotyledon.oslo_config_glue [-] oslo_messaging_rabbit.kombu_reconnect_delay = 1.0 {{(pid=108150) log_opt_values /opt/stack/data/venv/lib/python3.12/site-packages/oslo_config/cfg.py:3006}}
Mar 25 19:11:34.451393 np0000160632 nova-scheduler[108150]: DEBUG cotyledon.oslo_config_glue [-] oslo_messaging_rabbit.kombu_reconnect_splay = 0.0 {{(pid=108150) log_opt_values /opt/stack/data/venv/lib/python3.12/site-packages/oslo_config/cfg.py:3006}}
Mar 25 19:11:34.451393 np0000160632 nova-scheduler[108150]: DEBUG cotyledon.oslo_config_glue [-] oslo_messaging_rabbit.processname = nova-scheduler {{(pid=108150) log_opt_values /opt/stack/data/venv/lib/python3.12/site-packages/oslo_config/cfg.py:3006}}
Mar 25 19:11:34.451393 np0000160632 nova-scheduler[108150]: DEBUG cotyledon.oslo_config_glue [-] oslo_messaging_rabbit.rabbit_ha_queues = False {{(pid=108150) log_opt_values /opt/stack/data/venv/lib/python3.12/site-packages/oslo_config/cfg.py:3006}}
Mar 25 19:11:34.451393 np0000160632 nova-scheduler[108150]: DEBUG cotyledon.oslo_config_glue [-] oslo_messaging_rabbit.rabbit_interval_max = 30 {{(pid=108150) log_opt_values /opt/stack/data/venv/lib/python3.12/site-packages/oslo_config/cfg.py:3006}}
Mar 25 19:11:34.451393 np0000160632 nova-scheduler[108150]: DEBUG cotyledon.oslo_config_glue [-] oslo_messaging_rabbit.rabbit_login_method = AMQPLAIN {{(pid=108150) log_opt_values /opt/stack/data/venv/lib/python3.12/site-packages/oslo_config/cfg.py:3006}}
Mar 25 19:11:34.451393 np0000160632 nova-scheduler[108150]: DEBUG cotyledon.oslo_config_glue [-] oslo_messaging_rabbit.rabbit_qos_prefetch_count = 0 {{(pid=108150) log_opt_values /opt/stack/data/venv/lib/python3.12/site-packages/oslo_config/cfg.py:3006}}
Mar 25 19:11:34.451583 np0000160632 nova-scheduler[108150]: DEBUG cotyledon.oslo_config_glue [-] oslo_messaging_rabbit.rabbit_quorum_delivery_limit = 0 {{(pid=108150) log_opt_values /opt/stack/data/venv/lib/python3.12/site-packages/oslo_config/cfg.py:3006}}
Mar 25 19:11:34.451583 np0000160632 nova-scheduler[108150]: DEBUG cotyledon.oslo_config_glue [-] oslo_messaging_rabbit.rabbit_quorum_max_memory_bytes = 0 {{(pid=108150) log_opt_values /opt/stack/data/venv/lib/python3.12/site-packages/oslo_config/cfg.py:3006}}
Mar 25 19:11:34.451583 np0000160632 nova-scheduler[108150]: DEBUG cotyledon.oslo_config_glue [-] oslo_messaging_rabbit.rabbit_quorum_max_memory_length = 0 {{(pid=108150) log_opt_values /opt/stack/data/venv/lib/python3.12/site-packages/oslo_config/cfg.py:3006}}
Mar 25 19:11:34.451583 np0000160632 nova-scheduler[108150]: DEBUG cotyledon.oslo_config_glue [-] oslo_messaging_rabbit.rabbit_quorum_queue = False {{(pid=108150) log_opt_values /opt/stack/data/venv/lib/python3.12/site-packages/oslo_config/cfg.py:3006}}
Mar 25 19:11:34.451583 np0000160632 nova-scheduler[108150]: DEBUG cotyledon.oslo_config_glue [-] oslo_messaging_rabbit.rabbit_retry_backoff = 2 {{(pid=108150) log_opt_values /opt/stack/data/venv/lib/python3.12/site-packages/oslo_config/cfg.py:3006}}
Mar 25 19:11:34.451583 np0000160632 nova-scheduler[108150]: DEBUG cotyledon.oslo_config_glue [-] oslo_messaging_rabbit.rabbit_retry_interval = 1 {{(pid=108150) log_opt_values /opt/stack/data/venv/lib/python3.12/site-packages/oslo_config/cfg.py:3006}}
Mar 25 19:11:34.451583 np0000160632 nova-scheduler[108150]: DEBUG cotyledon.oslo_config_glue [-] oslo_messaging_rabbit.rabbit_stream_fanout = False {{(pid=108150) log_opt_values /opt/stack/data/venv/lib/python3.12/site-packages/oslo_config/cfg.py:3006}}
Mar 25 19:11:34.451741 np0000160632 nova-scheduler[108135]: INFO dbcounter [None req-ba893dfa-9030-4ae0-a58d-cae7a5e1e2cc None None] Registered counter for database nova_cell0
Mar 25 19:11:34.451771 np0000160632 nova-scheduler[108150]: DEBUG cotyledon.oslo_config_glue [-] oslo_messaging_rabbit.rabbit_transient_queues_ttl = 1800 {{(pid=108150) log_opt_values /opt/stack/data/venv/lib/python3.12/site-packages/oslo_config/cfg.py:3006}}
Mar 25 19:11:34.451771 np0000160632 nova-scheduler[108150]: DEBUG cotyledon.oslo_config_glue [-] oslo_messaging_rabbit.rabbit_transient_quorum_queue = False {{(pid=108150) log_opt_values /opt/stack/data/venv/lib/python3.12/site-packages/oslo_config/cfg.py:3006}}
Mar 25 19:11:34.451771 np0000160632 nova-scheduler[108150]: DEBUG cotyledon.oslo_config_glue [-] oslo_messaging_rabbit.rpc_conn_pool_size = 30 {{(pid=108150) log_opt_values /opt/stack/data/venv/lib/python3.12/site-packages/oslo_config/cfg.py:3006}}
Mar 25 19:11:34.451771 np0000160632 nova-scheduler[108150]: DEBUG cotyledon.oslo_config_glue [-] oslo_messaging_rabbit.ssl = False {{(pid=108150) log_opt_values /opt/stack/data/venv/lib/python3.12/site-packages/oslo_config/cfg.py:3006}}
Mar 25 19:11:34.451771 np0000160632 nova-scheduler[108150]: DEBUG cotyledon.oslo_config_glue [-] oslo_messaging_rabbit.ssl_ca_file = {{(pid=108150) log_opt_values /opt/stack/data/venv/lib/python3.12/site-packages/oslo_config/cfg.py:3006}}
Mar 25 19:11:34.451771 np0000160632 nova-scheduler[108150]: DEBUG cotyledon.oslo_config_glue [-] oslo_messaging_rabbit.ssl_cert_file = {{(pid=108150) log_opt_values /opt/stack/data/venv/lib/python3.12/site-packages/oslo_config/cfg.py:3006}}
Mar 25 19:11:34.451771 np0000160632 nova-scheduler[108150]: DEBUG cotyledon.oslo_config_glue [-] oslo_messaging_rabbit.ssl_enforce_fips_mode = False {{(pid=108150) log_opt_values /opt/stack/data/venv/lib/python3.12/site-packages/oslo_config/cfg.py:3006}}
Mar 25 19:11:34.451771 np0000160632 nova-scheduler[108150]: DEBUG cotyledon.oslo_config_glue [-] oslo_messaging_rabbit.ssl_key_file = {{(pid=108150) log_opt_values /opt/stack/data/venv/lib/python3.12/site-packages/oslo_config/cfg.py:3006}}
Mar 25 19:11:34.451771 np0000160632 nova-scheduler[108150]: DEBUG cotyledon.oslo_config_glue [-] oslo_messaging_rabbit.ssl_version = {{(pid=108150) log_opt_values /opt/stack/data/venv/lib/python3.12/site-packages/oslo_config/cfg.py:3006}}
Mar 25 19:11:34.451991 np0000160632 nova-scheduler[108150]: DEBUG cotyledon.oslo_config_glue [-] oslo_messaging_rabbit.use_queue_manager = False {{(pid=108150) log_opt_values /opt/stack/data/venv/lib/python3.12/site-packages/oslo_config/cfg.py:3006}}
Mar 25 19:11:34.451991 np0000160632 nova-scheduler[108150]: DEBUG cotyledon.oslo_config_glue [-] oslo_messaging_notifications.driver = ['messagingv2'] {{(pid=108150) log_opt_values /opt/stack/data/venv/lib/python3.12/site-packages/oslo_config/cfg.py:3006}}
Mar 25 19:11:34.451991 np0000160632 nova-scheduler[108150]: DEBUG cotyledon.oslo_config_glue [-] oslo_messaging_notifications.retry = -1 {{(pid=108150) log_opt_values /opt/stack/data/venv/lib/python3.12/site-packages/oslo_config/cfg.py:3006}}
Mar 25 19:11:34.451991 np0000160632 nova-scheduler[108150]: DEBUG cotyledon.oslo_config_glue [-] oslo_messaging_notifications.topics = ['notifications'] {{(pid=108150) log_opt_values /opt/stack/data/venv/lib/python3.12/site-packages/oslo_config/cfg.py:3006}}
Mar 25 19:11:34.451991 np0000160632 nova-scheduler[108150]: DEBUG cotyledon.oslo_config_glue [-] oslo_messaging_notifications.transport_url = **** {{(pid=108150) log_opt_values /opt/stack/data/venv/lib/python3.12/site-packages/oslo_config/cfg.py:3006}}
Mar 25 19:11:34.451991 np0000160632 nova-scheduler[108150]: DEBUG cotyledon.oslo_config_glue [-] oslo_limit.auth_section = None {{(pid=108150) log_opt_values /opt/stack/data/venv/lib/python3.12/site-packages/oslo_config/cfg.py:3006}}
Mar 25 19:11:34.451991 np0000160632 nova-scheduler[108150]: DEBUG cotyledon.oslo_config_glue [-] oslo_limit.auth_type = None {{(pid=108150) log_opt_values /opt/stack/data/venv/lib/python3.12/site-packages/oslo_config/cfg.py:3006}}
Mar 25 19:11:34.451991 np0000160632 nova-scheduler[108150]: DEBUG cotyledon.oslo_config_glue [-] oslo_limit.cafile = None {{(pid=108150) log_opt_values /opt/stack/data/venv/lib/python3.12/site-packages/oslo_config/cfg.py:3006}}
Mar 25 19:11:34.451991 np0000160632 nova-scheduler[108150]: DEBUG cotyledon.oslo_config_glue [-] oslo_limit.certfile = None {{(pid=108150) log_opt_values /opt/stack/data/venv/lib/python3.12/site-packages/oslo_config/cfg.py:3006}}
Mar 25 19:11:34.452203 np0000160632 nova-scheduler[108150]: DEBUG cotyledon.oslo_config_glue [-] oslo_limit.collect_timing = False {{(pid=108150) log_opt_values /opt/stack/data/venv/lib/python3.12/site-packages/oslo_config/cfg.py:3006}}
Mar 25 19:11:34.452203 np0000160632 nova-scheduler[108150]: DEBUG cotyledon.oslo_config_glue [-] oslo_limit.connect_retries = None {{(pid=108150) log_opt_values /opt/stack/data/venv/lib/python3.12/site-packages/oslo_config/cfg.py:3006}}
Mar 25 19:11:34.452203 np0000160632 nova-scheduler[108150]: DEBUG cotyledon.oslo_config_glue [-] oslo_limit.connect_retry_delay = None {{(pid=108150) log_opt_values /opt/stack/data/venv/lib/python3.12/site-packages/oslo_config/cfg.py:3006}}
Mar 25 19:11:34.452203 np0000160632 nova-scheduler[108150]: DEBUG cotyledon.oslo_config_glue [-] oslo_limit.endpoint_id = None {{(pid=108150) log_opt_values /opt/stack/data/venv/lib/python3.12/site-packages/oslo_config/cfg.py:3006}}
Mar 25 19:11:34.452203 np0000160632 nova-scheduler[108150]: DEBUG cotyledon.oslo_config_glue [-] oslo_limit.endpoint_interface = public {{(pid=108150) log_opt_values /opt/stack/data/venv/lib/python3.12/site-packages/oslo_config/cfg.py:3006}}
Mar 25 19:11:34.452203 np0000160632 nova-scheduler[108150]: DEBUG cotyledon.oslo_config_glue [-] oslo_limit.endpoint_override = None {{(pid=108150) log_opt_values /opt/stack/data/venv/lib/python3.12/site-packages/oslo_config/cfg.py:3006}}
Mar 25 19:11:34.452203 np0000160632 nova-scheduler[108150]: DEBUG cotyledon.oslo_config_glue [-] oslo_limit.endpoint_region_name = None {{(pid=108150) log_opt_values /opt/stack/data/venv/lib/python3.12/site-packages/oslo_config/cfg.py:3006}}
Mar 25 19:11:34.452203 np0000160632 nova-scheduler[108150]: DEBUG cotyledon.oslo_config_glue [-] oslo_limit.endpoint_service_name = None {{(pid=108150) log_opt_values /opt/stack/data/venv/lib/python3.12/site-packages/oslo_config/cfg.py:3006}}
Mar 25 19:11:34.452203 np0000160632 nova-scheduler[108150]: DEBUG cotyledon.oslo_config_glue [-] oslo_limit.endpoint_service_type = None {{(pid=108150) log_opt_values /opt/stack/data/venv/lib/python3.12/site-packages/oslo_config/cfg.py:3006}}
Mar 25 19:11:34.452417 np0000160632 nova-scheduler[108150]: DEBUG cotyledon.oslo_config_glue [-] oslo_limit.insecure = False {{(pid=108150) log_opt_values /opt/stack/data/venv/lib/python3.12/site-packages/oslo_config/cfg.py:3006}}
Mar 25 19:11:34.452417 np0000160632 nova-scheduler[108150]: DEBUG cotyledon.oslo_config_glue [-] oslo_limit.keyfile = None {{(pid=108150) log_opt_values /opt/stack/data/venv/lib/python3.12/site-packages/oslo_config/cfg.py:3006}}
Mar 25 19:11:34.452417 np0000160632 nova-scheduler[108150]: DEBUG cotyledon.oslo_config_glue [-] oslo_limit.max_version = None {{(pid=108150) log_opt_values /opt/stack/data/venv/lib/python3.12/site-packages/oslo_config/cfg.py:3006}}
Mar 25 19:11:34.452417 np0000160632 nova-scheduler[108150]: DEBUG cotyledon.oslo_config_glue [-] oslo_limit.min_version = None {{(pid=108150) log_opt_values /opt/stack/data/venv/lib/python3.12/site-packages/oslo_config/cfg.py:3006}}
Mar 25 19:11:34.452417 np0000160632 nova-scheduler[108150]: DEBUG cotyledon.oslo_config_glue [-] oslo_limit.region_name = None {{(pid=108150) log_opt_values /opt/stack/data/venv/lib/python3.12/site-packages/oslo_config/cfg.py:3006}}
Mar 25 19:11:34.452417 np0000160632 nova-scheduler[108150]: DEBUG cotyledon.oslo_config_glue [-] oslo_limit.retriable_status_codes = None {{(pid=108150) log_opt_values /opt/stack/data/venv/lib/python3.12/site-packages/oslo_config/cfg.py:3006}}
Mar 25 19:11:34.452417 np0000160632 nova-scheduler[108150]: DEBUG cotyledon.oslo_config_glue [-] oslo_limit.service_name = None {{(pid=108150) log_opt_values /opt/stack/data/venv/lib/python3.12/site-packages/oslo_config/cfg.py:3006}}
Mar 25 19:11:34.452417 np0000160632 nova-scheduler[108150]: DEBUG cotyledon.oslo_config_glue [-] oslo_limit.service_type = None {{(pid=108150) log_opt_values /opt/stack/data/venv/lib/python3.12/site-packages/oslo_config/cfg.py:3006}}
Mar 25 19:11:34.452417 np0000160632 nova-scheduler[108150]: DEBUG cotyledon.oslo_config_glue [-] oslo_limit.split_loggers = False {{(pid=108150) log_opt_values /opt/stack/data/venv/lib/python3.12/site-packages/oslo_config/cfg.py:3006}}
Mar 25 19:11:34.452630 np0000160632 nova-scheduler[108150]: DEBUG cotyledon.oslo_config_glue [-] oslo_limit.status_code_retries = None {{(pid=108150) log_opt_values /opt/stack/data/venv/lib/python3.12/site-packages/oslo_config/cfg.py:3006}}
Mar 25 19:11:34.452630 np0000160632 nova-scheduler[108150]: DEBUG cotyledon.oslo_config_glue [-] oslo_limit.status_code_retry_delay = None {{(pid=108150) log_opt_values /opt/stack/data/venv/lib/python3.12/site-packages/oslo_config/cfg.py:3006}}
Mar 25 19:11:34.452630 np0000160632 nova-scheduler[108150]: DEBUG cotyledon.oslo_config_glue [-] oslo_limit.timeout = None {{(pid=108150) log_opt_values /opt/stack/data/venv/lib/python3.12/site-packages/oslo_config/cfg.py:3006}}
Mar 25 19:11:34.452630 np0000160632 nova-scheduler[108150]: DEBUG cotyledon.oslo_config_glue [-] oslo_limit.valid_interfaces = None {{(pid=108150) log_opt_values /opt/stack/data/venv/lib/python3.12/site-packages/oslo_config/cfg.py:3006}}
Mar 25 19:11:34.452630 np0000160632 nova-scheduler[108150]: DEBUG cotyledon.oslo_config_glue [-] oslo_limit.version = None {{(pid=108150) log_opt_values /opt/stack/data/venv/lib/python3.12/site-packages/oslo_config/cfg.py:3006}}
Mar 25 19:11:34.452630 np0000160632 nova-scheduler[108150]: DEBUG cotyledon.oslo_config_glue [-] oslo_reports.file_event_handler = None {{(pid=108150) log_opt_values /opt/stack/data/venv/lib/python3.12/site-packages/oslo_config/cfg.py:3006}}
Mar 25 19:11:34.452630 np0000160632 nova-scheduler[108150]: DEBUG cotyledon.oslo_config_glue [-] oslo_reports.file_event_handler_interval = 1 {{(pid=108150) log_opt_values /opt/stack/data/venv/lib/python3.12/site-packages/oslo_config/cfg.py:3006}}
Mar 25 19:11:34.452630 np0000160632 nova-scheduler[108150]: DEBUG cotyledon.oslo_config_glue [-] oslo_reports.log_dir = None {{(pid=108150) log_opt_values /opt/stack/data/venv/lib/python3.12/site-packages/oslo_config/cfg.py:3006}}
Mar 25 19:11:34.452630 np0000160632 nova-scheduler[108150]: DEBUG cotyledon.oslo_config_glue [-] ******************************************************************************** {{(pid=108150) log_opt_values /opt/stack/data/venv/lib/python3.12/site-packages/oslo_config/cfg.py:3013}}
Mar 25 19:11:34.452837 np0000160632 nova-scheduler[108150]: DEBUG cotyledon._service_worker [-] Run service ServiceWrapper(3) [108150] {{(pid=108150) wait_forever /opt/stack/data/venv/lib/python3.12/site-packages/cotyledon/_service_worker.py:218}}
Mar 25 19:11:34.452865 np0000160632 nova-scheduler[108128]: DEBUG nova.service [None req-721269b1-af1b-4586-9f82-892882753408 None None] Creating RPC server for service: nova-scheduler on topic: scheduler {{(pid=108128) start /opt/stack/nova/nova/service.py:195}}
Mar 25 19:11:34.452894 np0000160632 nova-scheduler[108150]: INFO nova.service [-] Starting scheduler node (version 33.1.0)
Mar 25 19:11:34.452917 np0000160632 nova-scheduler[108145]: DEBUG oslo_db.sqlalchemy.engines [None req-65db58df-1fbc-44a1-b179-837f86324954 None None] MySQL server mode set to STRICT_TRANS_TABLES,STRICT_ALL_TABLES,NO_ZERO_IN_DATE,NO_ZERO_DATE,ERROR_FOR_DIVISION_BY_ZERO,TRADITIONAL,NO_ENGINE_SUBSTITUTION {{(pid=108145) _check_effective_sql_mode /opt/stack/data/venv/lib/python3.12/site-packages/oslo_db/sqlalchemy/engines.py:325}}
Mar 25 19:11:34.452945 np0000160632 nova-scheduler[108150]: INFO dbcounter [None req-67d25558-56a7-474f-a12f-c6e714bfdb0c None None] Registered counter for database nova_cell0
Mar 25 19:11:34.452968 np0000160632 nova-scheduler[108135]: DEBUG oslo_db.sqlalchemy.engines [None req-ba893dfa-9030-4ae0-a58d-cae7a5e1e2cc None None] MySQL server mode set to STRICT_TRANS_TABLES,STRICT_ALL_TABLES,NO_ZERO_IN_DATE,NO_ZERO_DATE,ERROR_FOR_DIVISION_BY_ZERO,TRADITIONAL,NO_ENGINE_SUBSTITUTION {{(pid=108135) _check_effective_sql_mode /opt/stack/data/venv/lib/python3.12/site-packages/oslo_db/sqlalchemy/engines.py:325}}
Mar 25 19:11:34.452994 np0000160632 nova-scheduler[108145]: DEBUG dbcounter [-] [108145] Writer thread running {{(pid=108145) stat_writer /opt/stack/data/venv/lib/python3.12/site-packages/dbcounter.py:102}}
Mar 25 19:11:34.453021 np0000160632 nova-scheduler[108150]: DEBUG oslo_db.sqlalchemy.engines [None req-67d25558-56a7-474f-a12f-c6e714bfdb0c None None] MySQL server mode set to STRICT_TRANS_TABLES,STRICT_ALL_TABLES,NO_ZERO_IN_DATE,NO_ZERO_DATE,ERROR_FOR_DIVISION_BY_ZERO,TRADITIONAL,NO_ENGINE_SUBSTITUTION {{(pid=108150) _check_effective_sql_mode /opt/stack/data/venv/lib/python3.12/site-packages/oslo_db/sqlalchemy/engines.py:325}}
Mar 25 19:11:34.453046 np0000160632 nova-scheduler[108145]: DEBUG nova.service [None req-65db58df-1fbc-44a1-b179-837f86324954 None None] Creating RPC server for service: nova-scheduler on topic: scheduler {{(pid=108145) start /opt/stack/nova/nova/service.py:195}}
Mar 25 19:11:34.453074 np0000160632 nova-scheduler[108135]: DEBUG dbcounter [-] [108135] Writer thread running {{(pid=108135) stat_writer /opt/stack/data/venv/lib/python3.12/site-packages/dbcounter.py:102}}
Mar 25 19:11:34.453074 np0000160632 nova-scheduler[108135]: DEBUG nova.service [None req-ba893dfa-9030-4ae0-a58d-cae7a5e1e2cc None None] Creating RPC server for service: nova-scheduler on topic: scheduler {{(pid=108135) start /opt/stack/nova/nova/service.py:195}}
Mar 25 19:11:34.453117 np0000160632 nova-scheduler[108150]: DEBUG dbcounter [-] [108150] Writer thread running {{(pid=108150) stat_writer /opt/stack/data/venv/lib/python3.12/site-packages/dbcounter.py:102}}
Mar 25 19:11:34.453144 np0000160632 nova-scheduler[108128]: DEBUG nova.service [None req-721269b1-af1b-4586-9f82-892882753408 None None] Join ServiceGroup membership for this service scheduler {{(pid=108128) start /opt/stack/nova/nova/service.py:221}}
Mar 25 19:11:34.453144 np0000160632 nova-scheduler[108128]: DEBUG nova.servicegroup.drivers.db [None req-721269b1-af1b-4586-9f82-892882753408 None None] DB_Driver: join new ServiceGroup member np0000160632 to the scheduler group, service = {{(pid=108128) join /opt/stack/nova/nova/servicegroup/drivers/db.py:44}}
Mar 25 19:11:34.453189 np0000160632 nova-scheduler[108150]: DEBUG nova.service [None req-67d25558-56a7-474f-a12f-c6e714bfdb0c None None] Creating RPC server for service: nova-scheduler on topic: scheduler {{(pid=108150) start /opt/stack/nova/nova/service.py:195}}
Mar 25 19:11:34.457033 np0000160632 nova-scheduler[108145]: DEBUG nova.service [None req-65db58df-1fbc-44a1-b179-837f86324954 None None] Join ServiceGroup membership for this service scheduler {{(pid=108145) start /opt/stack/nova/nova/service.py:221}}
Mar 25 19:11:34.457201 np0000160632 nova-scheduler[108145]: DEBUG nova.servicegroup.drivers.db [None req-65db58df-1fbc-44a1-b179-837f86324954 None None] DB_Driver: join new ServiceGroup member np0000160632 to the scheduler group, service = {{(pid=108145) join /opt/stack/nova/nova/servicegroup/drivers/db.py:44}}
Mar 25 19:11:34.467987 np0000160632 nova-scheduler[108135]: DEBUG nova.service [None req-ba893dfa-9030-4ae0-a58d-cae7a5e1e2cc None None] Join ServiceGroup membership for this service scheduler {{(pid=108135) start /opt/stack/nova/nova/service.py:221}}
Mar 25 19:11:34.467987 np0000160632 nova-scheduler[108135]: DEBUG nova.servicegroup.drivers.db [None req-ba893dfa-9030-4ae0-a58d-cae7a5e1e2cc None None] DB_Driver: join new ServiceGroup member np0000160632 to the scheduler group, service = {{(pid=108135) join /opt/stack/nova/nova/servicegroup/drivers/db.py:44}}
Mar 25 19:11:34.468198 np0000160632 nova-scheduler[108150]: DEBUG nova.service [None req-67d25558-56a7-474f-a12f-c6e714bfdb0c None None] Join ServiceGroup membership for this service scheduler {{(pid=108150) start /opt/stack/nova/nova/service.py:221}}
Mar 25 19:11:34.468198 np0000160632 nova-scheduler[108150]: DEBUG nova.servicegroup.drivers.db [None req-67d25558-56a7-474f-a12f-c6e714bfdb0c None None] DB_Driver: join new ServiceGroup member np0000160632 to the scheduler group, service = {{(pid=108150) join /opt/stack/nova/nova/servicegroup/drivers/db.py:44}}
Mar 25 19:11:38.452972 np0000160632 nova-scheduler[108128]: DEBUG oslo.service.backend._threading.loopingcall [None req-12f48ab8-a9ce-4ed3-b34b-ce20a17b75a1 None None] Dynamic interval looping call 'nova.service.Service.periodic_tasks' sleeping for 60.00 seconds {{(pid=108128) _run_loop /opt/stack/data/venv/lib/python3.12/site-packages/oslo_service/backend/_threading/loopingcall.py:125}}
Mar 25 19:11:39.466540 np0000160632 nova-scheduler[108128]: DEBUG oslo.service.backend._threading.loopingcall [-] Fixed interval looping call 'nova.servicegroup.drivers.db.DbDriver._report_state' sleeping for 119.99 seconds {{(pid=108128) _run_loop /opt/stack/data/venv/lib/python3.12/site-packages/oslo_service/backend/_threading/loopingcall.py:125}}
Mar 25 19:11:39.477814 np0000160632 nova-scheduler[108145]: DEBUG oslo.service.backend._threading.loopingcall [-] Fixed interval looping call 'nova.servicegroup.drivers.db.DbDriver._report_state' sleeping for 119.98 seconds {{(pid=108145) _run_loop /opt/stack/data/venv/lib/python3.12/site-packages/oslo_service/backend/_threading/loopingcall.py:125}}
Mar 25 19:11:39.483781 np0000160632 nova-scheduler[108135]: DEBUG oslo.service.backend._threading.loopingcall [-] Fixed interval looping call 'nova.servicegroup.drivers.db.DbDriver._report_state' sleeping for 119.99 seconds {{(pid=108135) _run_loop /opt/stack/data/venv/lib/python3.12/site-packages/oslo_service/backend/_threading/loopingcall.py:125}}
Mar 25 19:11:39.484890 np0000160632 nova-scheduler[108150]: DEBUG oslo.service.backend._threading.loopingcall [-] Fixed interval looping call 'nova.servicegroup.drivers.db.DbDriver._report_state' sleeping for 119.99 seconds {{(pid=108150) _run_loop /opt/stack/data/venv/lib/python3.12/site-packages/oslo_service/backend/_threading/loopingcall.py:125}}
Mar 25 19:11:43.017662 np0000160632 nova-scheduler[107381]: DEBUG dbcounter [-] [107381] Writing DB stats nova_api:SELECT=3 {{(pid=107381) stat_writer /opt/stack/data/venv/lib/python3.12/site-packages/dbcounter.py:115}}
Mar 25 19:11:43.116729 np0000160632 nova-scheduler[107381]: DEBUG dbcounter [-] [107381] Writing DB stats nova_cell0:SELECT=1 {{(pid=107381) stat_writer /opt/stack/data/venv/lib/python3.12/site-packages/dbcounter.py:115}}
Mar 25 19:11:43.123037 np0000160632 nova-scheduler[107381]: DEBUG dbcounter [-] [107381] Writing DB stats nova_cell1:SELECT=1 {{(pid=107381) stat_writer /opt/stack/data/venv/lib/python3.12/site-packages/dbcounter.py:115}}
Mar 25 19:11:49.462014 np0000160632 nova-scheduler[108128]: DEBUG dbcounter [-] [108128] Writing DB stats nova_cell0:SELECT=4,nova_cell0:INSERT=1,nova_cell0:UPDATE=1 {{(pid=108128) stat_writer /opt/stack/data/venv/lib/python3.12/site-packages/dbcounter.py:115}}
Mar 25 19:11:49.471043 np0000160632 nova-scheduler[108145]: DEBUG dbcounter [-] [108145] Writing DB stats nova_cell0:SELECT=3 {{(pid=108145) stat_writer /opt/stack/data/venv/lib/python3.12/site-packages/dbcounter.py:115}}
Mar 25 19:11:49.480493 np0000160632 nova-scheduler[108135]: DEBUG dbcounter [-] [108135] Writing DB stats nova_cell0:SELECT=3 {{(pid=108135) stat_writer /opt/stack/data/venv/lib/python3.12/site-packages/dbcounter.py:115}}
Mar 25 19:11:49.480880 np0000160632 nova-scheduler[108150]: DEBUG dbcounter [-] [108150] Writing DB stats nova_cell0:SELECT=3 {{(pid=108150) stat_writer /opt/stack/data/venv/lib/python3.12/site-packages/dbcounter.py:115}}
Mar 25 19:11:54.470732 np0000160632 nova-scheduler[108135]: DEBUG oslo.service.backend._threading.loopingcall [None req-c4ca2eac-7dd0-4e20-a329-62202d86ef72 None None] Dynamic interval looping call 'nova.service.Service.periodic_tasks' sleeping for 60.00 seconds {{(pid=108135) _run_loop /opt/stack/data/venv/lib/python3.12/site-packages/oslo_service/backend/_threading/loopingcall.py:125}}
Mar 25 19:12:07.471065 np0000160632 nova-scheduler[108150]: DEBUG oslo.service.backend._threading.loopingcall [None req-16440261-a09c-4f74-8d77-96ed48a48e34 None None] Dynamic interval looping call 'nova.service.Service.periodic_tasks' sleeping for 60.00 seconds {{(pid=108150) _run_loop /opt/stack/data/venv/lib/python3.12/site-packages/oslo_service/backend/_threading/loopingcall.py:125}}
Mar 25 19:12:31.460861 np0000160632 nova-scheduler[108145]: DEBUG oslo.service.backend._threading.loopingcall [None req-aa65c514-8306-4aa4-a3f4-ab18fd304a95 None None] Dynamic interval looping call 'nova.service.Service.periodic_tasks' sleeping for 60.00 seconds {{(pid=108145) _run_loop /opt/stack/data/venv/lib/python3.12/site-packages/oslo_service/backend/_threading/loopingcall.py:125}}
Mar 25 19:12:38.454532 np0000160632 nova-scheduler[108128]: DEBUG oslo.service.backend._threading.loopingcall [None req-12f48ab8-a9ce-4ed3-b34b-ce20a17b75a1 None None] Dynamic interval looping call 'nova.service.Service.periodic_tasks' sleeping for 60.00 seconds {{(pid=108128) _run_loop /opt/stack/data/venv/lib/python3.12/site-packages/oslo_service/backend/_threading/loopingcall.py:125}}
Mar 25 19:12:54.471868 np0000160632 nova-scheduler[108135]: DEBUG oslo.service.backend._threading.loopingcall [None req-c4ca2eac-7dd0-4e20-a329-62202d86ef72 None None] Dynamic interval looping call 'nova.service.Service.periodic_tasks' sleeping for 60.00 seconds {{(pid=108135) _run_loop /opt/stack/data/venv/lib/python3.12/site-packages/oslo_service/backend/_threading/loopingcall.py:125}}
Mar 25 19:13:07.472054 np0000160632 nova-scheduler[108150]: DEBUG oslo.service.backend._threading.loopingcall [None req-16440261-a09c-4f74-8d77-96ed48a48e34 None None] Dynamic interval looping call 'nova.service.Service.periodic_tasks' sleeping for 60.00 seconds {{(pid=108150) _run_loop /opt/stack/data/venv/lib/python3.12/site-packages/oslo_service/backend/_threading/loopingcall.py:125}}
Mar 25 19:13:31.460820 np0000160632 nova-scheduler[108145]: DEBUG oslo.service.backend._threading.loopingcall [None req-aa65c514-8306-4aa4-a3f4-ab18fd304a95 None None] Dynamic interval looping call 'nova.service.Service.periodic_tasks' sleeping for 60.00 seconds {{(pid=108145) _run_loop /opt/stack/data/venv/lib/python3.12/site-packages/oslo_service/backend/_threading/loopingcall.py:125}}
Mar 25 19:13:38.456468 np0000160632 nova-scheduler[108128]: DEBUG oslo.service.backend._threading.loopingcall [None req-12f48ab8-a9ce-4ed3-b34b-ce20a17b75a1 None None] Dynamic interval looping call 'nova.service.Service.periodic_tasks' sleeping for 60.00 seconds {{(pid=108128) _run_loop /opt/stack/data/venv/lib/python3.12/site-packages/oslo_service/backend/_threading/loopingcall.py:125}}
Mar 25 19:13:39.468874 np0000160632 nova-scheduler[108128]: DEBUG oslo.service.backend._threading.loopingcall [-] Fixed interval looping call 'nova.servicegroup.drivers.db.DbDriver._report_state' sleeping for 119.99 seconds {{(pid=108128) _run_loop /opt/stack/data/venv/lib/python3.12/site-packages/oslo_service/backend/_threading/loopingcall.py:125}}
Mar 25 19:13:39.469839 np0000160632 nova-scheduler[108145]: DEBUG oslo.service.backend._threading.loopingcall [-] Fixed interval looping call 'nova.servicegroup.drivers.db.DbDriver._report_state' sleeping for 119.99 seconds {{(pid=108145) _run_loop /opt/stack/data/venv/lib/python3.12/site-packages/oslo_service/backend/_threading/loopingcall.py:125}}
Mar 25 19:13:39.478176 np0000160632 nova-scheduler[108135]: DEBUG oslo.service.backend._threading.loopingcall [-] Fixed interval looping call 'nova.servicegroup.drivers.db.DbDriver._report_state' sleeping for 120.00 seconds {{(pid=108135) _run_loop /opt/stack/data/venv/lib/python3.12/site-packages/oslo_service/backend/_threading/loopingcall.py:125}}
Mar 25 19:13:39.480897 np0000160632 nova-scheduler[108150]: DEBUG oslo.service.backend._threading.loopingcall [-] Fixed interval looping call 'nova.servicegroup.drivers.db.DbDriver._report_state' sleeping for 119.99 seconds {{(pid=108150) _run_loop /opt/stack/data/venv/lib/python3.12/site-packages/oslo_service/backend/_threading/loopingcall.py:125}}
Mar 25 19:13:49.463447 np0000160632 nova-scheduler[108128]: DEBUG dbcounter [-] [108128] Writing DB stats nova_cell0:SELECT=1,nova_cell0:UPDATE=1 {{(pid=108128) stat_writer /opt/stack/data/venv/lib/python3.12/site-packages/dbcounter.py:115}}
Mar 25 19:13:49.467152 np0000160632 nova-scheduler[108145]: DEBUG dbcounter [-] [108145] Writing DB stats nova_cell0:SELECT=1,nova_cell0:UPDATE=1 {{(pid=108145) stat_writer /opt/stack/data/venv/lib/python3.12/site-packages/dbcounter.py:115}}
Mar 25 19:13:49.476475 np0000160632 nova-scheduler[108135]: DEBUG dbcounter [-] [108135] Writing DB stats nova_cell0:SELECT=1 {{(pid=108135) stat_writer /opt/stack/data/venv/lib/python3.12/site-packages/dbcounter.py:115}}
Mar 25 19:13:49.480172 np0000160632 nova-scheduler[108150]: DEBUG dbcounter [-] [108150] Writing DB stats nova_cell0:SELECT=1 {{(pid=108150) stat_writer /opt/stack/data/venv/lib/python3.12/site-packages/dbcounter.py:115}}
Mar 25 19:13:54.472627 np0000160632 nova-scheduler[108135]: DEBUG oslo.service.backend._threading.loopingcall [None req-c4ca2eac-7dd0-4e20-a329-62202d86ef72 None None] Dynamic interval looping call 'nova.service.Service.periodic_tasks' sleeping for 60.00 seconds {{(pid=108135) _run_loop /opt/stack/data/venv/lib/python3.12/site-packages/oslo_service/backend/_threading/loopingcall.py:125}}
Mar 25 19:14:07.472941 np0000160632 nova-scheduler[108150]: DEBUG oslo.service.backend._threading.loopingcall [None req-16440261-a09c-4f74-8d77-96ed48a48e34 None None] Dynamic interval looping call 'nova.service.Service.periodic_tasks' sleeping for 60.00 seconds {{(pid=108150) _run_loop /opt/stack/data/venv/lib/python3.12/site-packages/oslo_service/backend/_threading/loopingcall.py:125}}
Mar 25 19:14:31.461506 np0000160632 nova-scheduler[108145]: DEBUG oslo.service.backend._threading.loopingcall [None req-aa65c514-8306-4aa4-a3f4-ab18fd304a95 None None] Dynamic interval looping call 'nova.service.Service.periodic_tasks' sleeping for 60.00 seconds {{(pid=108145) _run_loop /opt/stack/data/venv/lib/python3.12/site-packages/oslo_service/backend/_threading/loopingcall.py:125}}
Mar 25 19:14:38.457295 np0000160632 nova-scheduler[108128]: DEBUG oslo.service.backend._threading.loopingcall [None req-12f48ab8-a9ce-4ed3-b34b-ce20a17b75a1 None None] Dynamic interval looping call 'nova.service.Service.periodic_tasks' sleeping for 60.00 seconds {{(pid=108128) _run_loop /opt/stack/data/venv/lib/python3.12/site-packages/oslo_service/backend/_threading/loopingcall.py:125}}
Mar 25 19:14:54.473566 np0000160632 nova-scheduler[108135]: DEBUG oslo.service.backend._threading.loopingcall [None req-c4ca2eac-7dd0-4e20-a329-62202d86ef72 None None] Dynamic interval looping call 'nova.service.Service.periodic_tasks' sleeping for 60.00 seconds {{(pid=108135) _run_loop /opt/stack/data/venv/lib/python3.12/site-packages/oslo_service/backend/_threading/loopingcall.py:125}}
Mar 25 19:15:07.473646 np0000160632 nova-scheduler[108150]: DEBUG oslo.service.backend._threading.loopingcall [None req-16440261-a09c-4f74-8d77-96ed48a48e34 None None] Dynamic interval looping call 'nova.service.Service.periodic_tasks' sleeping for 60.00 seconds {{(pid=108150) _run_loop /opt/stack/data/venv/lib/python3.12/site-packages/oslo_service/backend/_threading/loopingcall.py:125}}
Mar 25 19:15:31.462506 np0000160632 nova-scheduler[108145]: DEBUG oslo.service.backend._threading.loopingcall [None req-aa65c514-8306-4aa4-a3f4-ab18fd304a95 None None] Dynamic interval looping call 'nova.service.Service.periodic_tasks' sleeping for 60.00 seconds {{(pid=108145) _run_loop /opt/stack/data/venv/lib/python3.12/site-packages/oslo_service/backend/_threading/loopingcall.py:125}}
Mar 25 19:15:38.457976 np0000160632 nova-scheduler[108128]: DEBUG oslo.service.backend._threading.loopingcall [None req-12f48ab8-a9ce-4ed3-b34b-ce20a17b75a1 None None] Dynamic interval looping call 'nova.service.Service.periodic_tasks' sleeping for 60.00 seconds {{(pid=108128) _run_loop /opt/stack/data/venv/lib/python3.12/site-packages/oslo_service/backend/_threading/loopingcall.py:125}}
Mar 25 19:15:39.467670 np0000160632 nova-scheduler[108128]: DEBUG oslo.service.backend._threading.loopingcall [-] Fixed interval looping call 'nova.servicegroup.drivers.db.DbDriver._report_state' sleeping for 119.99 seconds {{(pid=108128) _run_loop /opt/stack/data/venv/lib/python3.12/site-packages/oslo_service/backend/_threading/loopingcall.py:125}}
Mar 25 19:15:39.468409 np0000160632 nova-scheduler[108145]: DEBUG oslo.service.backend._threading.loopingcall [-] Fixed interval looping call 'nova.servicegroup.drivers.db.DbDriver._report_state' sleeping for 119.99 seconds {{(pid=108145) _run_loop /opt/stack/data/venv/lib/python3.12/site-packages/oslo_service/backend/_threading/loopingcall.py:125}}
Mar 25 19:15:39.475634 np0000160632 nova-scheduler[108150]: DEBUG oslo.service.backend._threading.loopingcall [-] Fixed interval looping call 'nova.servicegroup.drivers.db.DbDriver._report_state' sleeping for 120.00 seconds {{(pid=108150) _run_loop /opt/stack/data/venv/lib/python3.12/site-packages/oslo_service/backend/_threading/loopingcall.py:125}}
Mar 25 19:15:39.482373 np0000160632 nova-scheduler[108135]: DEBUG oslo.service.backend._threading.loopingcall [-] Fixed interval looping call 'nova.servicegroup.drivers.db.DbDriver._report_state' sleeping for 120.00 seconds {{(pid=108135) _run_loop /opt/stack/data/venv/lib/python3.12/site-packages/oslo_service/backend/_threading/loopingcall.py:125}}
Mar 25 19:15:42.105483 np0000160632 nova-scheduler[108128]: DEBUG nova.scheduler.manager [None req-69d0cb92-1e00-4cd3-9221-1fb89f3a09ef demo demo] Starting to schedule for instances: ['ff8df392-0bef-456a-adb9-a62e4b63623d'] {{(pid=108128) select_destinations /opt/stack/nova/nova/scheduler/manager.py:210}}
Mar 25 19:15:42.107217 np0000160632 nova-scheduler[108128]: DEBUG oslo_db.sqlalchemy.engines [None req-69d0cb92-1e00-4cd3-9221-1fb89f3a09ef demo demo] Parent process 107381 forked (108128) with an open database connection, which is being discarded and recreated. {{(pid=108128) checkout /opt/stack/data/venv/lib/python3.12/site-packages/oslo_db/sqlalchemy/engines.py:402}}
Mar 25 19:15:42.113238 np0000160632 nova-scheduler[108128]: DEBUG dbcounter [-] [108128] Writer thread running {{(pid=108128) stat_writer /opt/stack/data/venv/lib/python3.12/site-packages/dbcounter.py:102}}
Mar 25 19:15:42.115379 np0000160632 nova-scheduler[108128]: DEBUG nova.scheduler.request_filter [None req-69d0cb92-1e00-4cd3-9221-1fb89f3a09ef demo demo] Request filter 'map_az_to_placement_aggregate' took 0.0 seconds {{(pid=108128) wrapper /opt/stack/nova/nova/scheduler/request_filter.py:46}}
