Mar 31 22:24:36.980722 np0000161998 devstack@neutron-api.service[102489]: DEBUG neutron.plugins.ml2.drivers.ovn.mech_driver.ovsdb.ovsdb_monitor [None req-298e2cf0-f4ae-4639-a890-adacba0f5ea8 None None] Hash Ring: Node 98a97fec64235c558cd5c5dd1822cf88 (host: np0000161998) handling event "update" for row 504b99b4-daab-4b44-80e5-2afb37f403dd (table: Port_Binding) {{(pid=102489) notify /opt/stack/neutron/neutron/plugins/ml2/drivers/ovn/mech_driver/ovsdb/ovsdb_monitor.py:912}}
Mar 31 22:24:37.016783 np0000161998 devstack@neutron-api.service[102488]: INFO neutron.db.ovn_revision_numbers_db [None req-bad10789-2ba8-431c-9b02-7f14929b42c9 service neutron] Successfully bumped revision number for resource 92b3c594-d002-4ef0-8c07-77908f2ed710 (type: ports) to 3
Mar 31 22:24:37.029726 np0000161998 devstack@neutron-api.service[102488]: DEBUG neutron.pecan_wsgi.hooks.policy_enforcement [None req-bad10789-2ba8-431c-9b02-7f14929b42c9 service neutron] Attributes excluded by policy engine: ['standard_attr_id'] {{(pid=102488) _exclude_attributes_by_policy /opt/stack/neutron/neutron/pecan_wsgi/hooks/policy_enforcement.py:258}}
Mar 31 22:24:37.030004 np0000161998 devstack@neutron-api.service[102488]: DEBUG neutron_lib.callbacks.manager [None req-bad10789-2ba8-431c-9b02-7f14929b42c9 service neutron] Publish callbacks ['neutron.notifiers.nova.Notifier._send_nova_notification-81600'] for port (None), before_response {{(pid=102488) _notify_loop /opt/stack/data/venv/lib/python3.12/site-packages/neutron_lib/callbacks/manager.py:184}}
Mar 31 22:24:37.041356 np0000161998 devstack@neutron-api.service[102488]: [pid: 102488|app: 0|req: 26/104] 162.253.55.43 () {68 vars in 1297 bytes} [Tue Mar 31 22:24:36 2026] POST /networking/v2.0/ports => generated 927 bytes in 491 msecs (HTTP/1.1 201) 4 headers in 162 bytes (1 switches on core 0)
Mar 31 22:24:37.372387 np0000161998 devstack@neutron-api.service[102489]: DEBUG neutron.plugins.ml2.drivers.ovn.mech_driver.ovsdb.ovsdb_monitor [None req-298e2cf0-f4ae-4639-a890-adacba0f5ea8 None None] Touching Hash Ring node "98a97fec64235c558cd5c5dd1822cf88" from IDL notify handler {{(pid=102489) notify /opt/stack/neutron/neutron/plugins/ml2/drivers/ovn/mech_driver/ovsdb/ovsdb_monitor.py:904}}
Mar 31 22:24:37.375515 np0000161998 devstack@neutron-api.service[102489]: DEBUG neutron.plugins.ml2.drivers.ovn.mech_driver.ovsdb.ovsdb_monitor [None req-298e2cf0-f4ae-4639-a890-adacba0f5ea8 None None] Hash Ring: Node 98a97fec64235c558cd5c5dd1822cf88 (host: np0000161998) handling event "update" for row 504b99b4-daab-4b44-80e5-2afb37f403dd (table: Port_Binding) {{(pid=102489) notify /opt/stack/neutron/neutron/plugins/ml2/drivers/ovn/mech_driver/ovsdb/ovsdb_monitor.py:912}}
Mar 31 22:24:37.460871 np0000161998 devstack@neutron-api.service[102490]: DEBUG neutron.plugins.ml2.drivers.ovn.mech_driver.ovsdb.ovsdb_monitor [None req-4b34b0ce-edae-43e0-9bc5-ea412891f832 None None] Touching Hash Ring node "b031e9b0ad36557e9e585e8de8480b1f" from IDL notify handler {{(pid=102490) notify /opt/stack/neutron/neutron/plugins/ml2/drivers/ovn/mech_driver/ovsdb/ovsdb_monitor.py:904}}
Mar 31 22:24:37.467098 np0000161998 devstack@neutron-api.service[102489]: DEBUG neutron.plugins.ml2.drivers.ovn.mech_driver.ovsdb.ovsdb_monitor [None req-298e2cf0-f4ae-4639-a890-adacba0f5ea8 None None] Touching Hash Ring node "98a97fec64235c558cd5c5dd1822cf88" from IDL notify handler {{(pid=102489) notify /opt/stack/neutron/neutron/plugins/ml2/drivers/ovn/mech_driver/ovsdb/ovsdb_monitor.py:904}}
Mar 31 22:24:37.468627 np0000161998 devstack@neutron-api.service[102490]: DEBUG neutron.plugins.ml2.drivers.ovn.mech_driver.ovsdb.ovsdb_monitor [None req-4b34b0ce-edae-43e0-9bc5-ea412891f832 None None] Hash Ring: Node b031e9b0ad36557e9e585e8de8480b1f (host: np0000161998) handling event "update" for row df61a56e-1407-4ecd-b97a-b18e7642d2ed (table: Logical_Switch_Port) {{(pid=102490) notify /opt/stack/neutron/neutron/plugins/ml2/drivers/ovn/mech_driver/ovsdb/ovsdb_monitor.py:912}}
Mar 31 22:24:37.470665 np0000161998 devstack@neutron-api.service[102490]: DEBUG ovsdbapp.backend.ovs_idl.event [None req-4b34b0ce-edae-43e0-9bc5-ea412891f832 None None] Matched UPDATE: LogicalSwitchPortUpdateUpEvent(events=('update',), table='Logical_Switch_Port', conditions=None, old_conditions=None), priority=20 to row=Logical_Switch_Port(uuid=df61a56e-1407-4ecd-b97a-b18e7642d2ed, addresses=['fa:16:3e:b1:56:75 10.2.5.199', 'unknown'], dhcpv4_options=cdaa14e5-6b88-4ea2-b44f-3bd7bc91130f, dhcpv6_options=[], dynamic_addresses=[], enabled=True, external_ids={'neutron:cidrs': '10.2.5.199/24', 'neutron:device_id': 'manila-admin-share', 'neutron:device_owner': 'manila:share', 'neutron:mtu': '', 'neutron:network_name': 'neutron-e72b0bae-c16f-496a-855e-6e7a79dcffa1', 'neutron:port_capabilities': '', 'neutron:port_name': '', 'neutron:project_id': 'e09905261e154bfb91d478aa4f666a35', 'neutron:revision_number': '3', 'neutron:security_group_ids': '', 'neutron:subnet_pool_addr_scope4': '', 'neutron:subnet_pool_addr_scope6': '', 'neutron:vnic_type': 'normal'}, ha_chassis_group=[], mirror_rules=[], name='92b3c594-d002-4ef0-8c07-77908f2ed710', options={'requested-chassis': 'np0000161998'}, parent_name=[], port_security=[], tag=[], tag_request=[], type='', up=True) old=Logical_Switch_Port(uuid=df61a56e-1407-4ecd-b97a-b18e7642d2ed, up=False) {{(pid=102490) matches /opt/stack/data/venv/lib/python3.12/site-packages/ovsdbapp/backend/ovs_idl/event.py:55}}
Mar 31 22:24:37.471741 np0000161998 devstack@neutron-api.service[102490]: INFO neutron.plugins.ml2.drivers.ovn.mech_driver.mech_driver [None req-c0975cd8-a0d6-46c2-a9e4-260fd599439d None None] OVN reports status up for port: 92b3c594-d002-4ef0-8c07-77908f2ed710
Mar 31 22:24:37.473762 np0000161998 devstack@neutron-api.service[102489]: DEBUG neutron.plugins.ml2.drivers.ovn.mech_driver.ovsdb.ovsdb_monitor [None req-298e2cf0-f4ae-4639-a890-adacba0f5ea8 None None] Hash Ring: Node 98a97fec64235c558cd5c5dd1822cf88 (host: np0000161998) handling event "update" for row 504b99b4-daab-4b44-80e5-2afb37f403dd (table: Port_Binding) {{(pid=102489) notify /opt/stack/neutron/neutron/plugins/ml2/drivers/ovn/mech_driver/ovsdb/ovsdb_monitor.py:912}}
Mar 31 22:24:37.481281 np0000161998 devstack@neutron-api.service[102490]: DEBUG neutron.db.provisioning_blocks [None req-c0975cd8-a0d6-46c2-a9e4-260fd599439d None None] Provisioning for port 92b3c594-d002-4ef0-8c07-77908f2ed710 completed by entity L2. {{(pid=102490) provisioning_complete /opt/stack/neutron/neutron/db/provisioning_blocks.py:133}}
Mar 31 22:24:37.488902 np0000161998 devstack@neutron-api.service[102490]: DEBUG neutron.db.provisioning_blocks [None req-c0975cd8-a0d6-46c2-a9e4-260fd599439d None None] Provisioning complete for port 92b3c594-d002-4ef0-8c07-77908f2ed710 triggered by entity L2. {{(pid=102490) provisioning_complete /opt/stack/neutron/neutron/db/provisioning_blocks.py:141}}
Mar 31 22:24:37.489111 np0000161998 devstack@neutron-api.service[102490]: DEBUG neutron_lib.callbacks.manager [None req-c0975cd8-a0d6-46c2-a9e4-260fd599439d None None] Publish callbacks ['neutron.plugins.ml2.plugin.Ml2Plugin._port_provisioned-1798120'] for port (92b3c594-d002-4ef0-8c07-77908f2ed710), provisioning_complete {{(pid=102490) _notify_loop /opt/stack/data/venv/lib/python3.12/site-packages/neutron_lib/callbacks/manager.py:184}}
Mar 31 22:24:37.489264 np0000161998 devstack@neutron-api.service[102490]: INFO neutron.plugins.ml2.plugin [None req-c0975cd8-a0d6-46c2-a9e4-260fd599439d None None] Attempt 1 to provision port 92b3c594-d002-4ef0-8c07-77908f2ed710
Mar 31 22:24:37.532317 np0000161998 devstack@neutron-api.service[102490]: DEBUG neutron.plugins.ml2.plugin [None req-c0975cd8-a0d6-46c2-a9e4-260fd599439d None None] Current status of the port 92b3c594-d002-4ef0-8c07-77908f2ed710 is: DOWN; New status is: ACTIVE {{(pid=102490) _update_individual_port_db_status /opt/stack/neutron/neutron/plugins/ml2/plugin.py:2466}}
Mar 31 22:24:37.532481 np0000161998 devstack@neutron-api.service[102490]: DEBUG neutron_lib.callbacks.manager [None req-c0975cd8-a0d6-46c2-a9e4-260fd599439d None None] Publish callbacks ['neutron.plugins.ml2.plugin.SecurityGroupDbMixin._ensure_default_security_group_handler-1521258', 'neutron.services.ovn_l3.plugin.OVNL3RouterPlugin._port_update-8085096313396', 'neutron.db.l3_db.L3_NAT_dbonly_mixin._prevent_internal_ip_change_for_fip-8085098153314'] for port (92b3c594-d002-4ef0-8c07-77908f2ed710), before_update {{(pid=102490) _notify_loop /opt/stack/data/venv/lib/python3.12/site-packages/neutron_lib/callbacks/manager.py:184}}
Mar 31 22:24:37.556989 np0000161998 devstack@neutron-api.service[102490]: DEBUG neutron.plugins.ml2.db [None req-c0975cd8-a0d6-46c2-a9e4-260fd599439d None None] For port 92b3c594-d002-4ef0-8c07-77908f2ed710, host np0000161998, got binding levels [PortBindingLevel(driver='ovn',host='np0000161998',level=0,port_id=92b3c594-d002-4ef0-8c07-77908f2ed710,segment=NetworkSegment(b2be57fe-6900-485d-827b-63d31ba9d8fe),segment_id=b2be57fe-6900-485d-827b-63d31ba9d8fe)] {{(pid=102490) get_binding_level_objs /opt/stack/neutron/neutron/plugins/ml2/db.py:74}}
Mar 31 22:24:37.557411 np0000161998 devstack@neutron-api.service[102490]: DEBUG neutron.plugins.ml2.drivers.ovn.mech_driver.mech_driver [None req-c0975cd8-a0d6-46c2-a9e4-260fd599439d None None] No provisioning block for port 92b3c594-d002-4ef0-8c07-77908f2ed710 since it is active {{(pid=102490) _is_port_provisioning_required /opt/stack/neutron/neutron/plugins/ml2/drivers/ovn/mech_driver/mech_driver.py:879}}
Mar 31 22:24:37.614359 np0000161998 devstack@neutron-api.service[102490]: DEBUG ovsdbapp.backend.ovs_idl.transaction [None req-4b34b0ce-edae-43e0-9bc5-ea412891f832 None None] Running txn n=1 command(idx=0): CheckRevisionNumberCommand(_result=None, name=92b3c594-d002-4ef0-8c07-77908f2ed710, resource={'id': '92b3c594-d002-4ef0-8c07-77908f2ed710', 'name': '', 'network_id': 'e72b0bae-c16f-496a-855e-6e7a79dcffa1', 'project_id': 'e09905261e154bfb91d478aa4f666a35', 'mac_address': 'fa:16:3e:b1:56:75', 'admin_state_up': True, 'status': 'ACTIVE', 'device_id': 'manila-admin-share', 'device_owner': 'manila:share', 'standard_attr_id': 46, 'fixed_ips': [{'subnet_id': '14c43b24-bdf7-422c-9ba7-01ff915149c9', 'ip_address': '10.2.5.199'}], 'allowed_address_pairs': [], 'extra_dhcp_opts': [], 'security_groups': [], 'description': '', 'binding:vnic_type': 'normal', 'binding:profile': {}, 'binding:host_id': 'np0000161998', 'binding:vif_type': 'ovs', 'binding:vif_details': {'port_filter': True, 'connectivity': 'l2', 'ovs_create_tap': False, 'bridge_name': 'br-int', 'datapath_type': 'system', 'bound_drivers': {'0': 'ovn'}}, 'port_security_enabled': False, 'tags': [], 'created_at': '2026-03-31T22:24:36Z', 'updated_at': '2026-03-31T22:24:37Z', 'revision_number': 4, 'tenant_id': 'e09905261e154bfb91d478aa4f666a35', 'network': {'id': 'e72b0bae-c16f-496a-855e-6e7a79dcffa1', 'name': 'admin_net', 'tenant_id': 'e09905261e154bfb91d478aa4f666a35', 'project_id': 'e09905261e154bfb91d478aa4f666a35', 'admin_state_up': True, 'mtu': 1372, 'status': 'ACTIVE', 'subnets': ['14c43b24-bdf7-422c-9ba7-01ff915149c9'], 'standard_attr_id': 42, 'shared': False, 'availability_zone_hints': [], 'availability_zones': [], 'ipv4_address_scope': None, 'ipv6_address_scope': None, 'router:external': False, 'qinq': False, 'vlan_transparent': False, 'description': '', 'port_security_enabled': True, 'tags': [], 'created_at': '2026-03-31T22:24:29Z', 'updated_at': '2026-03-31T22:24:31Z', 'revision_number': 2, 'provider:network_type': 'geneve', 'provider:physical_network': None, 'provider:segmentation_id': 19565}}, resource_type=ports, if_exists=True) {{(pid=102490) do_commit /opt/stack/data/venv/lib/python3.12/site-packages/ovsdbapp/backend/ovs_idl/transaction.py:89}}
Mar 31 22:24:37.615043 np0000161998 devstack@neutron-api.service[102490]: DEBUG ovsdbapp.backend.ovs_idl.transaction [None req-4b34b0ce-edae-43e0-9bc5-ea412891f832 None None] Running txn n=1 command(idx=1): SetLSwitchPortCommand(_result=None, lport=92b3c594-d002-4ef0-8c07-77908f2ed710, external_ids_update=None, columns={'external_ids': {'neutron:port_name': '', 'neutron:device_id': 'manila-admin-share', 'neutron:project_id': 'e09905261e154bfb91d478aa4f666a35', 'neutron:cidrs': '10.2.5.199/24', 'neutron:device_owner': 'manila:share', 'neutron:subnet_pool_addr_scope4': '', 'neutron:subnet_pool_addr_scope6': '', 'neutron:network_name': 'neutron-e72b0bae-c16f-496a-855e-6e7a79dcffa1', 'neutron:security_group_ids': '', 'neutron:revision_number': '4', 'neutron:vnic_type': 'normal', 'neutron:port_capabilities': '', 'neutron:mtu': ''}, 'parent_name': [], 'tag': [], 'options': {'requested-chassis': 'np0000161998'}, 'enabled': True, 'port_security': [], 'dhcpv4_options': [UUID('cdaa14e5-6b88-4ea2-b44f-3bd7bc91130f')], 'dhcpv6_options': [], 'type': '', 'addresses': ['fa:16:3e:b1:56:75 10.2.5.199', 'unknown'], 'ha_chassis_group': []}, if_exists=False) {{(pid=102490) do_commit /opt/stack/data/venv/lib/python3.12/site-packages/ovsdbapp/backend/ovs_idl/transaction.py:89}}
Mar 31 22:24:37.616883 np0000161998 devstack@neutron-api.service[102490]: DEBUG ovsdbapp.backend.ovs_idl.transaction [None req-4b34b0ce-edae-43e0-9bc5-ea412891f832 None None] Running txn n=1 command(idx=2): PgDelPortCommand(_result=None, port_group=neutron_pg_drop, lsp=['92b3c594-d002-4ef0-8c07-77908f2ed710'], if_exists=False) {{(pid=102490) do_commit /opt/stack/data/venv/lib/python3.12/site-packages/ovsdbapp/backend/ovs_idl/transaction.py:89}}
Mar 31 22:24:37.623690 np0000161998 devstack@neutron-api.service[102490]: DEBUG neutron.plugins.ml2.drivers.ovn.mech_driver.ovsdb.ovsdb_monitor [None req-4b34b0ce-edae-43e0-9bc5-ea412891f832 None None] Touching Hash Ring node "b031e9b0ad36557e9e585e8de8480b1f" from IDL notify handler {{(pid=102490) notify /opt/stack/neutron/neutron/plugins/ml2/drivers/ovn/mech_driver/ovsdb/ovsdb_monitor.py:904}}
Mar 31 22:24:37.628954 np0000161998 devstack@neutron-api.service[102489]: DEBUG neutron.plugins.ml2.drivers.ovn.mech_driver.ovsdb.ovsdb_monitor [None req-298e2cf0-f4ae-4639-a890-adacba0f5ea8 None None] Touching Hash Ring node "98a97fec64235c558cd5c5dd1822cf88" from IDL notify handler {{(pid=102489) notify /opt/stack/neutron/neutron/plugins/ml2/drivers/ovn/mech_driver/ovsdb/ovsdb_monitor.py:904}}
Mar 31 22:24:37.632004 np0000161998 devstack@neutron-api.service[102490]: DEBUG neutron.plugins.ml2.drivers.ovn.mech_driver.ovsdb.ovsdb_monitor [None req-4b34b0ce-edae-43e0-9bc5-ea412891f832 None None] Hash Ring: Node b031e9b0ad36557e9e585e8de8480b1f (host: np0000161998) handling event "update" for row df61a56e-1407-4ecd-b97a-b18e7642d2ed (table: Logical_Switch_Port) {{(pid=102490) notify /opt/stack/neutron/neutron/plugins/ml2/drivers/ovn/mech_driver/ovsdb/ovsdb_monitor.py:912}}
Mar 31 22:24:37.639580 np0000161998 devstack@neutron-api.service[102489]: DEBUG neutron.plugins.ml2.drivers.ovn.mech_driver.ovsdb.ovsdb_monitor [None req-298e2cf0-f4ae-4639-a890-adacba0f5ea8 None None] Hash Ring: Node 98a97fec64235c558cd5c5dd1822cf88 (host: np0000161998) handling event "update" for row 504b99b4-daab-4b44-80e5-2afb37f403dd (table: Port_Binding) {{(pid=102489) notify /opt/stack/neutron/neutron/plugins/ml2/drivers/ovn/mech_driver/ovsdb/ovsdb_monitor.py:912}}
Mar 31 22:24:37.669279 np0000161998 devstack@neutron-api.service[102490]: INFO neutron.db.ovn_revision_numbers_db [None req-c0975cd8-a0d6-46c2-a9e4-260fd599439d None None] Successfully bumped revision number for resource 92b3c594-d002-4ef0-8c07-77908f2ed710 (type: ports) to 4
Mar 31 22:24:37.677417 np0000161998 devstack@neutron-api.service[102490]: DEBUG neutron_lib.callbacks.manager [None req-c0975cd8-a0d6-46c2-a9e4-260fd599439d None None] Publish callbacks ['neutron.plugins.ml2.ovo_rpc._ObjectChangeHandler.handle_event-2330743', 'neutron.db.l3_db.L3RpcNotifierMixin._notify_gateway_port_ip_changed-8085098158030', 'neutron.services.ovn_l3.plugin.OVNL3RouterPlugin._port_update-8085096313396'] for port (92b3c594-d002-4ef0-8c07-77908f2ed710), after_update {{(pid=102490) _notify_loop /opt/stack/data/venv/lib/python3.12/site-packages/neutron_lib/callbacks/manager.py:184}}
Mar 31 22:24:37.701293 np0000161998 devstack@neutron-api.service[102490]: DEBUG neutron.api.rpc.handlers.resources_rpc [None req-bdce96d4-4949-408e-bea7-0e8970ad15af None None] Pushing event updated for resources: {'Port': ['ID=92b3c594-d002-4ef0-8c07-77908f2ed710,revision_number=4']} {{(pid=102490) push /opt/stack/neutron/neutron/api/rpc/handlers/resources_rpc.py:237}}
Mar 31 22:24:37.723330 np0000161998 devstack@neutron-api.service[102490]: DEBUG ovsdbapp.backend.ovs_idl.transaction [None req-4b34b0ce-edae-43e0-9bc5-ea412891f832 None None] Running txn n=1 command(idx=0): DbSetCommand(_result=None, table=Logical_Switch_Port, record=92b3c594-d002-4ef0-8c07-77908f2ed710, col_values=(('external_ids', {'neutron:host_id': 'np0000161998'}),), if_exists=True) {{(pid=102490) do_commit /opt/stack/data/venv/lib/python3.12/site-packages/ovsdbapp/backend/ovs_idl/transaction.py:89}}
Mar 31 22:24:37.727171 np0000161998 devstack@neutron-api.service[102490]: DEBUG neutron.plugins.ml2.drivers.ovn.mech_driver.ovsdb.ovsdb_monitor [None req-4b34b0ce-edae-43e0-9bc5-ea412891f832 None None] Touching Hash Ring node "b031e9b0ad36557e9e585e8de8480b1f" from IDL notify handler {{(pid=102490) notify /opt/stack/neutron/neutron/plugins/ml2/drivers/ovn/mech_driver/ovsdb/ovsdb_monitor.py:904}}
Mar 31 22:24:37.732588 np0000161998 devstack@neutron-api.service[102489]: DEBUG neutron.plugins.ml2.drivers.ovn.mech_driver.ovsdb.ovsdb_monitor [None req-298e2cf0-f4ae-4639-a890-adacba0f5ea8 None None] Touching Hash Ring node "98a97fec64235c558cd5c5dd1822cf88" from IDL notify handler {{(pid=102489) notify /opt/stack/neutron/neutron/plugins/ml2/drivers/ovn/mech_driver/ovsdb/ovsdb_monitor.py:904}}
Mar 31 22:24:37.734743 np0000161998 devstack@neutron-api.service[102490]: DEBUG neutron.plugins.ml2.drivers.ovn.mech_driver.ovsdb.ovsdb_monitor [None req-4b34b0ce-edae-43e0-9bc5-ea412891f832 None None] Hash Ring: Node b031e9b0ad36557e9e585e8de8480b1f (host: np0000161998) handling event "update" for row df61a56e-1407-4ecd-b97a-b18e7642d2ed (table: Logical_Switch_Port) {{(pid=102490) notify /opt/stack/neutron/neutron/plugins/ml2/drivers/ovn/mech_driver/ovsdb/ovsdb_monitor.py:912}}
Mar 31 22:24:37.737509 np0000161998 devstack@neutron-api.service[102489]: DEBUG neutron.plugins.ml2.drivers.ovn.mech_driver.ovsdb.ovsdb_monitor [None req-298e2cf0-f4ae-4639-a890-adacba0f5ea8 None None] Hash Ring: Node 98a97fec64235c558cd5c5dd1822cf88 (host: np0000161998) handling event "update" for row 504b99b4-daab-4b44-80e5-2afb37f403dd (table: Port_Binding) {{(pid=102489) notify /opt/stack/neutron/neutron/plugins/ml2/drivers/ovn/mech_driver/ovsdb/ovsdb_monitor.py:912}}
Mar 31 22:24:38.187191 np0000161998 devstack@neutron-api.service[102490]: DEBUG neutron.pecan_wsgi.hooks.policy_enforcement [None req-5b02f4c1-a52c-4024-a8f1-484398aa29c7 service neutron] Attributes excluded by policy engine: ['standard_attr_id', 'shared'] {{(pid=102490) _exclude_attributes_by_policy /opt/stack/neutron/neutron/pecan_wsgi/hooks/policy_enforcement.py:258}}
Mar 31 22:24:38.187779 np0000161998 devstack@neutron-api.service[102490]: [pid: 102490|app: 0|req: 26/105] 162.253.55.43 () {64 vars in 1360 bytes} [Tue Mar 31 22:24:38 2026] GET /networking/v2.0/subnets/14c43b24-bdf7-422c-9ba7-01ff915149c9 => generated 625 bytes in 31 msecs (HTTP/1.1 200) 4 headers in 157 bytes (1 switches on core 0)
Mar 31 22:24:39.012707 np0000161998 devstack@neutron-api.service[102491]: DEBUG neutron.pecan_wsgi.hooks.policy_enforcement [None req-4dcbeafa-7766-46e8-bb86-3cddcb2290a7 service neutron] Attributes excluded by policy engine: ['standard_attr_id'] {{(pid=102491) _exclude_attributes_by_policy /opt/stack/neutron/neutron/pecan_wsgi/hooks/policy_enforcement.py:258}}
Mar 31 22:24:39.013349 np0000161998 devstack@neutron-api.service[102491]: [pid: 102491|app: 0|req: 28/106] 162.253.55.43 () {64 vars in 1362 bytes} [Tue Mar 31 22:24:38 2026] GET /networking/v2.0/ports?device_id=manila-admin-share&binding%3Ahost_id=np0000161998 => generated 932 bytes in 29 msecs (HTTP/1.1 200) 4 headers in 157 bytes (1 switches on core 0)
Mar 31 22:24:39.457136 np0000161998 devstack@neutron-api.service[102489]: DEBUG neutron.pecan_wsgi.hooks.policy_enforcement [None req-a0ba544a-a24f-406c-9da5-747a05d7a2cd service neutron] Attributes excluded by policy engine: ['standard_attr_id', 'shared'] {{(pid=102489) _exclude_attributes_by_policy /opt/stack/neutron/neutron/pecan_wsgi/hooks/policy_enforcement.py:258}}
Mar 31 22:24:39.457953 np0000161998 devstack@neutron-api.service[102489]: [pid: 102489|app: 0|req: 27/107] 162.253.55.43 () {64 vars in 1360 bytes} [Tue Mar 31 22:24:39 2026] GET /networking/v2.0/subnets/14c43b24-bdf7-422c-9ba7-01ff915149c9 => generated 625 bytes in 24 msecs (HTTP/1.1 200) 4 headers in 157 bytes (1 switches on core 0)
Mar 31 22:24:45.040669 np0000161998 devstack@neutron-api.service[102491]: DEBUG futurist.periodics [-] Submitting periodic callback 'neutron.plugins.ml2.drivers.ovn.mech_driver.ovsdb.maintenance.HashRingHealthCheckPeriodics.touch_hash_ring_node' {{(pid=102491) _process_scheduled /opt/stack/data/venv/lib/python3.12/site-packages/futurist/periodics.py:638}}
Mar 31 22:24:45.041758 np0000161998 devstack@neutron-api.service[102491]: DEBUG neutron.plugins.ml2.drivers.ovn.mech_driver.ovsdb.maintenance [-] Touching Hash Ring node "872107e0bb805fb89711dd682756cfb5" from periodic health check thread {{(pid=102491) touch_hash_ring_node /opt/stack/neutron/neutron/plugins/ml2/drivers/ovn/mech_driver/ovsdb/maintenance.py:1232}}
Mar 31 22:24:45.752269 np0000161998 devstack@neutron-api.service[102488]: DEBUG futurist.periodics [-] Submitting periodic callback 'neutron.plugins.ml2.drivers.ovn.mech_driver.ovsdb.maintenance.HashRingHealthCheckPeriodics.touch_hash_ring_node' {{(pid=102488) _process_scheduled /opt/stack/data/venv/lib/python3.12/site-packages/futurist/periodics.py:638}}
Mar 31 22:24:45.753735 np0000161998 devstack@neutron-api.service[102488]: DEBUG neutron.plugins.ml2.drivers.ovn.mech_driver.ovsdb.maintenance [-] Touching Hash Ring node "d958035be1495100830ed6916d2e21b6" from periodic health check thread {{(pid=102488) touch_hash_ring_node /opt/stack/neutron/neutron/plugins/ml2/drivers/ovn/mech_driver/ovsdb/maintenance.py:1232}}
Mar 31 22:24:45.759519 np0000161998 devstack@neutron-api.service[102490]: DEBUG futurist.periodics [-] Submitting periodic callback 'neutron.plugins.ml2.drivers.ovn.mech_driver.ovsdb.maintenance.HashRingHealthCheckPeriodics.touch_hash_ring_node' {{(pid=102490) _process_scheduled /opt/stack/data/venv/lib/python3.12/site-packages/futurist/periodics.py:638}}
Mar 31 22:24:45.760635 np0000161998 devstack@neutron-api.service[102490]: DEBUG neutron.plugins.ml2.drivers.ovn.mech_driver.ovsdb.maintenance [-] Touching Hash Ring node "b031e9b0ad36557e9e585e8de8480b1f" from periodic health check thread {{(pid=102490) touch_hash_ring_node /opt/stack/neutron/neutron/plugins/ml2/drivers/ovn/mech_driver/ovsdb/maintenance.py:1232}}
Mar 31 22:24:45.815106 np0000161998 devstack@neutron-api.service[102489]: DEBUG futurist.periodics [-] Submitting periodic callback 'neutron.plugins.ml2.drivers.ovn.mech_driver.ovsdb.maintenance.HashRingHealthCheckPeriodics.touch_hash_ring_node' {{(pid=102489) _process_scheduled /opt/stack/data/venv/lib/python3.12/site-packages/futurist/periodics.py:638}}
Mar 31 22:24:45.816683 np0000161998 devstack@neutron-api.service[102489]: DEBUG neutron.plugins.ml2.drivers.ovn.mech_driver.ovsdb.maintenance [-] Touching Hash Ring node "98a97fec64235c558cd5c5dd1822cf88" from periodic health check thread {{(pid=102489) touch_hash_ring_node /opt/stack/neutron/neutron/plugins/ml2/drivers/ovn/mech_driver/ovsdb/maintenance.py:1232}}
Mar 31 22:24:53.305059 np0000161998 devstack@neutron-api.service[102488]: DEBUG neutron.pecan_wsgi.hooks.policy_enforcement [None req-2819c4f2-fc51-4ea3-b63b-38fe5b313278 demo demo] Attributes excluded by policy engine: ['standard_attr_id', 'provider:network_type', 'provider:physical_network', 'provider:segmentation_id'] {{(pid=102488) _exclude_attributes_by_policy /opt/stack/neutron/neutron/pecan_wsgi/hooks/policy_enforcement.py:258}}
Mar 31 22:24:53.305756 np0000161998 devstack@neutron-api.service[102488]: [pid: 102488|app: 0|req: 27/108] 162.253.55.43 () {64 vars in 1297 bytes} [Tue Mar 31 22:24:53 2026] GET /networking/v2.0/networks?router%3Aexternal=True => generated 659 bytes in 54 msecs (HTTP/1.1 200) 4 headers in 157 bytes (1 switches on core 0)
Mar 31 22:24:55.070907 np0000161998 devstack@neutron-api.service[102491]: DEBUG dbcounter [-] [102491] Writing DB stats neutron:SELECT=25,neutron:UPDATE=4 {{(pid=102491) stat_writer /opt/stack/data/venv/lib/python3.12/site-packages/dbcounter.py:115}}
Mar 31 22:24:55.771389 np0000161998 devstack@neutron-api.service[102490]: DEBUG dbcounter [-] [102490] Writing DB stats neutron:SELECT=322,neutron:INSERT=29,neutron:UPDATE=28,neutron:DELETE=3 {{(pid=102490) stat_writer /opt/stack/data/venv/lib/python3.12/site-packages/dbcounter.py:115}}
Mar 31 22:24:55.826796 np0000161998 devstack@neutron-api.service[102489]: DEBUG dbcounter [-] [102489] Writing DB stats neutron:SELECT=279,neutron:INSERT=12,neutron:UPDATE=15,neutron:DELETE=2 {{(pid=102489) stat_writer /opt/stack/data/venv/lib/python3.12/site-packages/dbcounter.py:115}}
Mar 31 22:24:58.580516 np0000161998 devstack@neutron-api.service[102490]: DEBUG neutron.pecan_wsgi.hooks.policy_enforcement [None req-e7c7dace-31a5-4956-b90f-d5ad2ef00bc4 demo demo] Attributes excluded by policy engine: ['standard_attr_id', 'provider:network_type', 'provider:physical_network', 'provider:segmentation_id'] {{(pid=102490) _exclude_attributes_by_policy /opt/stack/neutron/neutron/pecan_wsgi/hooks/policy_enforcement.py:258}}
Mar 31 22:24:58.581594 np0000161998 devstack@neutron-api.service[102490]: [pid: 102490|app: 0|req: 27/109] 162.253.55.43 () {64 vars in 1297 bytes} [Tue Mar 31 22:24:58 2026] GET /networking/v2.0/networks?router%3Aexternal=True => generated 659 bytes in 52 msecs (HTTP/1.1 200) 4 headers in 157 bytes (1 switches on core 0)
Mar 31 22:25:00.042077 np0000161998 devstack@neutron-api.service[102491]: DEBUG futurist.periodics [-] Submitting periodic callback 'neutron.plugins.ml2.drivers.ovn.mech_driver.ovsdb.maintenance.HashRingHealthCheckPeriodics.touch_hash_ring_node' {{(pid=102491) _process_scheduled /opt/stack/data/venv/lib/python3.12/site-packages/futurist/periodics.py:638}}
Mar 31 22:25:00.043757 np0000161998 devstack@neutron-api.service[102491]: DEBUG neutron.plugins.ml2.drivers.ovn.mech_driver.ovsdb.maintenance [-] Touching Hash Ring node "872107e0bb805fb89711dd682756cfb5" from periodic health check thread {{(pid=102491) touch_hash_ring_node /opt/stack/neutron/neutron/plugins/ml2/drivers/ovn/mech_driver/ovsdb/maintenance.py:1232}}
Mar 31 22:25:00.753784 np0000161998 devstack@neutron-api.service[102488]: DEBUG futurist.periodics [-] Submitting periodic callback 'neutron.plugins.ml2.drivers.ovn.mech_driver.ovsdb.maintenance.HashRingHealthCheckPeriodics.touch_hash_ring_node' {{(pid=102488) _process_scheduled /opt/stack/data/venv/lib/python3.12/site-packages/futurist/periodics.py:638}}
Mar 31 22:25:00.755227 np0000161998 devstack@neutron-api.service[102488]: DEBUG neutron.plugins.ml2.drivers.ovn.mech_driver.ovsdb.maintenance [-] Touching Hash Ring node "d958035be1495100830ed6916d2e21b6" from periodic health check thread {{(pid=102488) touch_hash_ring_node /opt/stack/neutron/neutron/plugins/ml2/drivers/ovn/mech_driver/ovsdb/maintenance.py:1232}}
Mar 31 22:25:00.762052 np0000161998 devstack@neutron-api.service[102490]: DEBUG futurist.periodics [-] Submitting periodic callback 'neutron.plugins.ml2.drivers.ovn.mech_driver.ovsdb.maintenance.HashRingHealthCheckPeriodics.touch_hash_ring_node' {{(pid=102490) _process_scheduled /opt/stack/data/venv/lib/python3.12/site-packages/futurist/periodics.py:638}}
Mar 31 22:25:00.763266 np0000161998 devstack@neutron-api.service[102490]: DEBUG neutron.plugins.ml2.drivers.ovn.mech_driver.ovsdb.maintenance [-] Touching Hash Ring node "b031e9b0ad36557e9e585e8de8480b1f" from periodic health check thread {{(pid=102490) touch_hash_ring_node /opt/stack/neutron/neutron/plugins/ml2/drivers/ovn/mech_driver/ovsdb/maintenance.py:1232}}
Mar 31 22:25:00.816657 np0000161998 devstack@neutron-api.service[102489]: DEBUG futurist.periodics [-] Submitting periodic callback 'neutron.plugins.ml2.drivers.ovn.mech_driver.ovsdb.maintenance.HashRingHealthCheckPeriodics.touch_hash_ring_node' {{(pid=102489) _process_scheduled /opt/stack/data/venv/lib/python3.12/site-packages/futurist/periodics.py:638}}
Mar 31 22:25:00.817763 np0000161998 devstack@neutron-api.service[102489]: DEBUG neutron.plugins.ml2.drivers.ovn.mech_driver.ovsdb.maintenance [-] Touching Hash Ring node "98a97fec64235c558cd5c5dd1822cf88" from periodic health check thread {{(pid=102489) touch_hash_ring_node /opt/stack/neutron/neutron/plugins/ml2/drivers/ovn/mech_driver/ovsdb/maintenance.py:1232}}
Mar 31 22:25:06.317763 np0000161998 devstack@neutron-api.service[102491]: DEBUG neutron.pecan_wsgi.hooks.policy_enforcement [None req-8ba82c20-e3c2-4d75-9e2a-9b815ce9290d demo demo] Attributes excluded by policy engine: ['standard_attr_id', 'provider:network_type', 'provider:physical_network', 'provider:segmentation_id'] {{(pid=102491) _exclude_attributes_by_policy /opt/stack/neutron/neutron/pecan_wsgi/hooks/policy_enforcement.py:258}}
Mar 31 22:25:06.318492 np0000161998 devstack@neutron-api.service[102491]: [pid: 102491|app: 0|req: 29/110] 162.253.55.43 () {64 vars in 1321 bytes} [Tue Mar 31 22:25:06 2026] GET /networking/v2.0/networks?name=public&router%3Aexternal=True => generated 659 bytes in 57 msecs (HTTP/1.1 200) 4 headers in 157 bytes (1 switches on core 0)
Mar 31 22:25:07.090796 np0000161998 devstack@neutron-api.service[102489]: DEBUG neutron.pecan_wsgi.hooks.policy_enforcement [None req-b894c1a7-0b02-4ba1-928f-6c5dba68e43b demo demo] Attributes excluded by policy engine: ['standard_attr_id', 'provider:network_type', 'provider:physical_network', 'provider:segmentation_id'] {{(pid=102489) _exclude_attributes_by_policy /opt/stack/neutron/neutron/pecan_wsgi/hooks/policy_enforcement.py:258}}
Mar 31 22:25:07.091717 np0000161998 devstack@neutron-api.service[102489]: [pid: 102489|app: 0|req: 28/111] 162.253.55.43 () {64 vars in 1409 bytes} [Tue Mar 31 22:25:06 2026] GET /networking/v2.0/networks/dd4186fc-9345-4d9c-bc0c-878e72b311f4 => generated 656 bytes in 156 msecs (HTTP/1.1 200) 4 headers in 157 bytes (1 switches on core 0)
Mar 31 22:25:07.132501 np0000161998 devstack@neutron-api.service[102488]: [pid: 102488|app: 0|req: 28/112] 162.253.55.43 () {64 vars in 1403 bytes} [Tue Mar 31 22:25:07 2026] GET /networking/v2.0/networks?name=k8s-clusterapi-cluster-magnum-system-kube-2qc48 => generated 15 bytes in 24 msecs (HTTP/1.1 200) 4 headers in 156 bytes (1 switches on core 0)
Mar 31 22:25:07.142003 np0000161998 devstack@neutron-api.service[102490]: DEBUG neutron.api.v2.base [None req-16c19782-ac0a-48c9-8911-b0580aa3afae demo demo] Request body: {'network': {'admin_state_up': True, 'name': 'k8s-clusterapi-cluster-magnum-system-kube-2qc48'}} {{(pid=102490) prepare_request_body /opt/stack/neutron/neutron/api/v2/base.py:729}}
Mar 31 22:25:07.162458 np0000161998 devstack@neutron-api.service[102490]: DEBUG neutron.pecan_wsgi.hooks.quota_enforcement [None req-16c19782-ac0a-48c9-8911-b0580aa3afae demo demo] Made reservation on behalf of ecc15e937a8748ad99f68010b0eff70d for: {'network': 1} {{(pid=102490) before /opt/stack/neutron/neutron/pecan_wsgi/hooks/quota_enforcement.py:66}}
Mar 31 22:25:07.165174 np0000161998 devstack@neutron-api.service[102490]: DEBUG neutron_lib.callbacks.manager [None req-16c19782-ac0a-48c9-8911-b0580aa3afae demo demo] Publish callbacks ['neutron.plugins.ml2.plugin.SecurityGroupDbMixin._ensure_default_security_group_handler-1521258'] for network (None), before_create {{(pid=102490) _notify_loop /opt/stack/data/venv/lib/python3.12/site-packages/neutron_lib/callbacks/manager.py:184}}
Mar 31 22:25:07.172669 np0000161998 devstack@neutron-api.service[102490]: DEBUG neutron_lib.callbacks.manager [None req-16c19782-ac0a-48c9-8911-b0580aa3afae demo demo] Publish callbacks [] for security_group (None), before_create {{(pid=102490) _notify_loop /opt/stack/data/venv/lib/python3.12/site-packages/neutron_lib/callbacks/manager.py:184}}
Mar 31 22:25:07.243043 np0000161998 devstack@neutron-api.service[102490]: DEBUG neutron_lib.callbacks.manager [None req-16c19782-ac0a-48c9-8911-b0580aa3afae demo demo] Publish callbacks ['neutron.plugins.ml2.drivers.ovn.mech_driver.mech_driver.OVNMechanismDriver._create_security_group_precommit-97711'] for security_group (822389fb-a9f1-4567-97b7-0b2b597fdf2b), precommit_create {{(pid=102490) _notify_loop /opt/stack/data/venv/lib/python3.12/site-packages/neutron_lib/callbacks/manager.py:184}}
Mar 31 22:25:07.243199 np0000161998 devstack@neutron-api.service[102490]: DEBUG neutron.db.ovn_revision_numbers_db [None req-16c19782-ac0a-48c9-8911-b0580aa3afae demo demo] create_initial_revision uuid=822389fb-a9f1-4567-97b7-0b2b597fdf2b, type=security_groups, rev=-1 {{(pid=102490) create_initial_revision /opt/stack/neutron/neutron/db/ovn_revision_numbers_db.py:98}}
Mar 31 22:25:07.244348 np0000161998 devstack@neutron-api.service[102490]: DEBUG neutron.db.ovn_revision_numbers_db [None req-16c19782-ac0a-48c9-8911-b0580aa3afae demo demo] create_initial_revision uuid=0ae7dda8-7e16-4c33-90c3-b95c67f5cf53, type=security_group_rules, rev=-1 {{(pid=102490) create_initial_revision /opt/stack/neutron/neutron/db/ovn_revision_numbers_db.py:98}}
Mar 31 22:25:07.245349 np0000161998 devstack@neutron-api.service[102490]: DEBUG neutron.db.ovn_revision_numbers_db [None req-16c19782-ac0a-48c9-8911-b0580aa3afae demo demo] create_initial_revision uuid=335f90c9-85f8-4156-9672-39182835673d, type=security_group_rules, rev=-1 {{(pid=102490) create_initial_revision /opt/stack/neutron/neutron/db/ovn_revision_numbers_db.py:98}}
Mar 31 22:25:07.246340 np0000161998 devstack@neutron-api.service[102490]: DEBUG neutron.db.ovn_revision_numbers_db [None req-16c19782-ac0a-48c9-8911-b0580aa3afae demo demo] create_initial_revision uuid=917103e2-190a-4370-a480-47a813c5ee71, type=security_group_rules, rev=-1 {{(pid=102490) create_initial_revision /opt/stack/neutron/neutron/db/ovn_revision_numbers_db.py:98}}
Mar 31 22:25:07.247264 np0000161998 devstack@neutron-api.service[102490]: DEBUG neutron.db.ovn_revision_numbers_db [None req-16c19782-ac0a-48c9-8911-b0580aa3afae demo demo] create_initial_revision uuid=f6343a90-c3aa-47e5-a733-182b86eeec83, type=security_group_rules, rev=-1 {{(pid=102490) create_initial_revision /opt/stack/neutron/neutron/db/ovn_revision_numbers_db.py:98}}
Mar 31 22:25:07.253306 np0000161998 devstack@neutron-api.service[102490]: DEBUG neutron_lib.callbacks.manager [None req-16c19782-ac0a-48c9-8911-b0580aa3afae demo demo] Publish callbacks ['neutron.plugins.ml2.drivers.ovn.mech_driver.mech_driver.OVNMechanismDriver._create_security_group-97717', 'neutron.plugins.ml2.ovo_rpc._ObjectChangeHandler.handle_event-2331033'] for security_group (822389fb-a9f1-4567-97b7-0b2b597fdf2b), after_create {{(pid=102490) _notify_loop /opt/stack/data/venv/lib/python3.12/site-packages/neutron_lib/callbacks/manager.py:184}}
Mar 31 22:25:07.255073 np0000161998 devstack@neutron-api.service[102490]: DEBUG ovsdbapp.backend.ovs_idl.transaction [None req-4b34b0ce-edae-43e0-9bc5-ea412891f832 None None] Running txn n=1 command(idx=0): PgAddCommand(_result=None, name=pg_822389fb_a9f1_4567_97b7_0b2b597fdf2b, may_exist=False, columns={'acls': [], 'external_ids': {'neutron:security_group_id': '822389fb-a9f1-4567-97b7-0b2b597fdf2b'}}) {{(pid=102490) do_commit /opt/stack/data/venv/lib/python3.12/site-packages/ovsdbapp/backend/ovs_idl/transaction.py:89}}
Mar 31 22:25:07.255073 np0000161998 devstack@neutron-api.service[102490]: DEBUG ovsdbapp.backend.ovs_idl.transaction [None req-4b34b0ce-edae-43e0-9bc5-ea412891f832 None None] Running txn n=1 command(idx=1): PgAclAddCommand(_result=None, entity=pg_822389fb_a9f1_4567_97b7_0b2b597fdf2b, direction=to-lport, priority=1002, match=outport == @pg_822389fb_a9f1_4567_97b7_0b2b597fdf2b && ip4 && ip4.src == $pg_822389fb_a9f1_4567_97b7_0b2b597fdf2b_ip4, action=allow-related, log=False, may_exist=True, severity=[], name=[], meter=[], external_ids={'neutron:security_group_rule_id': '0ae7dda8-7e16-4c33-90c3-b95c67f5cf53'}) {{(pid=102490) do_commit /opt/stack/data/venv/lib/python3.12/site-packages/ovsdbapp/backend/ovs_idl/transaction.py:89}}
Mar 31 22:25:07.255073 np0000161998 devstack@neutron-api.service[102490]: DEBUG ovsdbapp.backend.ovs_idl.transaction [None req-4b34b0ce-edae-43e0-9bc5-ea412891f832 None None] Running txn n=1 command(idx=2): PgAclAddCommand(_result=None, entity=pg_822389fb_a9f1_4567_97b7_0b2b597fdf2b, direction=to-lport, priority=1002, match=outport == @pg_822389fb_a9f1_4567_97b7_0b2b597fdf2b && ip6 && ip6.src == $pg_822389fb_a9f1_4567_97b7_0b2b597fdf2b_ip6, action=allow-related, log=False, may_exist=True, severity=[], name=[], meter=[], external_ids={'neutron:security_group_rule_id': '335f90c9-85f8-4156-9672-39182835673d'}) {{(pid=102490) do_commit /opt/stack/data/venv/lib/python3.12/site-packages/ovsdbapp/backend/ovs_idl/transaction.py:89}}
Mar 31 22:25:07.255073 np0000161998 devstack@neutron-api.service[102490]: DEBUG ovsdbapp.backend.ovs_idl.transaction [None req-4b34b0ce-edae-43e0-9bc5-ea412891f832 None None] Running txn n=1 command(idx=3): PgAclAddCommand(_result=None, entity=pg_822389fb_a9f1_4567_97b7_0b2b597fdf2b, direction=from-lport, priority=1002, match=inport == @pg_822389fb_a9f1_4567_97b7_0b2b597fdf2b && ip4, action=allow-related, log=False, may_exist=True, severity=[], name=[], meter=[], external_ids={'neutron:security_group_rule_id': '917103e2-190a-4370-a480-47a813c5ee71'}) {{(pid=102490) do_commit /opt/stack/data/venv/lib/python3.12/site-packages/ovsdbapp/backend/ovs_idl/transaction.py:89}}
Mar 31 22:25:07.255571 np0000161998 devstack@neutron-api.service[102490]: DEBUG ovsdbapp.backend.ovs_idl.transaction [None req-4b34b0ce-edae-43e0-9bc5-ea412891f832 None None] Running txn n=1 command(idx=4): PgAclAddCommand(_result=None, entity=pg_822389fb_a9f1_4567_97b7_0b2b597fdf2b, direction=from-lport, priority=1002, match=inport == @pg_822389fb_a9f1_4567_97b7_0b2b597fdf2b && ip6, action=allow-related, log=False, may_exist=True, severity=[], name=[], meter=[], external_ids={'neutron:security_group_rule_id': 'f6343a90-c3aa-47e5-a733-182b86eeec83'}) {{(pid=102490) do_commit /opt/stack/data/venv/lib/python3.12/site-packages/ovsdbapp/backend/ovs_idl/transaction.py:89}}
Mar 31 22:25:07.261953 np0000161998 devstack@neutron-api.service[102490]: DEBUG neutron.plugins.ml2.drivers.ovn.mech_driver.ovsdb.ovsdb_monitor [None req-4b34b0ce-edae-43e0-9bc5-ea412891f832 None None] Touching Hash Ring node "b031e9b0ad36557e9e585e8de8480b1f" from IDL notify handler {{(pid=102490) notify /opt/stack/neutron/neutron/plugins/ml2/drivers/ovn/mech_driver/ovsdb/ovsdb_monitor.py:904}}
Mar 31 22:25:07.264008 np0000161998 devstack@neutron-api.service[102488]: DEBUG neutron.plugins.ml2.drivers.ovn.mech_driver.ovsdb.ovsdb_monitor [None req-c39c18af-8524-4370-ab7d-10f5e7ddfe8d None None] Touching Hash Ring node "d958035be1495100830ed6916d2e21b6" from IDL notify handler {{(pid=102488) notify /opt/stack/neutron/neutron/plugins/ml2/drivers/ovn/mech_driver/ovsdb/ovsdb_monitor.py:904}}
Mar 31 22:25:07.265735 np0000161998 devstack@neutron-api.service[102489]: DEBUG neutron.plugins.ml2.drivers.ovn.mech_driver.ovsdb.ovsdb_monitor [None req-45019a11-57c3-4744-8c06-9ce764438794 None None] Touching Hash Ring node "98a97fec64235c558cd5c5dd1822cf88" from IDL notify handler {{(pid=102489) notify /opt/stack/neutron/neutron/plugins/ml2/drivers/ovn/mech_driver/ovsdb/ovsdb_monitor.py:904}}
Mar 31 22:25:07.269272 np0000161998 devstack@neutron-api.service[102490]: DEBUG neutron.plugins.ml2.drivers.ovn.mech_driver.ovsdb.ovsdb_monitor [None req-4b34b0ce-edae-43e0-9bc5-ea412891f832 None None] Hash Ring: Node b031e9b0ad36557e9e585e8de8480b1f (host: np0000161998) handling event "create" for row f3734ac3-bb3b-45db-b8d2-5c6a76df8eb4 (table: ACL) {{(pid=102490) notify /opt/stack/neutron/neutron/plugins/ml2/drivers/ovn/mech_driver/ovsdb/ovsdb_monitor.py:912}}
Mar 31 22:25:07.271243 np0000161998 devstack@neutron-api.service[102488]: DEBUG neutron.plugins.ml2.drivers.ovn.mech_driver.ovsdb.ovsdb_monitor [None req-c39c18af-8524-4370-ab7d-10f5e7ddfe8d None None] Hash Ring: Node d958035be1495100830ed6916d2e21b6 (host: np0000161998) handling event "create" for row e34edc2c-d468-4ea0-9355-5a26696a5b45 (table: ACL) {{(pid=102488) notify /opt/stack/neutron/neutron/plugins/ml2/drivers/ovn/mech_driver/ovsdb/ovsdb_monitor.py:912}}
Mar 31 22:25:07.272186 np0000161998 devstack@neutron-api.service[102488]: DEBUG neutron.plugins.ml2.drivers.ovn.mech_driver.ovsdb.ovsdb_monitor [None req-c39c18af-8524-4370-ab7d-10f5e7ddfe8d None None] Touching Hash Ring node "d958035be1495100830ed6916d2e21b6" from IDL notify handler {{(pid=102488) notify /opt/stack/neutron/neutron/plugins/ml2/drivers/ovn/mech_driver/ovsdb/ovsdb_monitor.py:904}}
Mar 31 22:25:07.272791 np0000161998 devstack@neutron-api.service[102489]: DEBUG neutron.plugins.ml2.drivers.ovn.mech_driver.ovsdb.ovsdb_monitor [None req-45019a11-57c3-4744-8c06-9ce764438794 None None] Hash Ring: Node 98a97fec64235c558cd5c5dd1822cf88 (host: np0000161998) handling event "create" for row 6ea5a249-2914-4908-a3a1-bee0a0631bfb (table: ACL) {{(pid=102489) notify /opt/stack/neutron/neutron/plugins/ml2/drivers/ovn/mech_driver/ovsdb/ovsdb_monitor.py:912}}
Mar 31 22:25:07.273787 np0000161998 devstack@neutron-api.service[102489]: DEBUG neutron.plugins.ml2.drivers.ovn.mech_driver.ovsdb.ovsdb_monitor [None req-45019a11-57c3-4744-8c06-9ce764438794 None None] Touching Hash Ring node "98a97fec64235c558cd5c5dd1822cf88" from IDL notify handler {{(pid=102489) notify /opt/stack/neutron/neutron/plugins/ml2/drivers/ovn/mech_driver/ovsdb/ovsdb_monitor.py:904}}
Mar 31 22:25:07.274467 np0000161998 devstack@neutron-api.service[102488]: DEBUG neutron.plugins.ml2.drivers.ovn.mech_driver.ovsdb.ovsdb_monitor [None req-c39c18af-8524-4370-ab7d-10f5e7ddfe8d None None] Hash Ring: Node d958035be1495100830ed6916d2e21b6 (host: np0000161998) handling event "create" for row 5b3de384-d654-4ffc-bcae-19b67fd96a77 (table: Port_Group) {{(pid=102488) notify /opt/stack/neutron/neutron/plugins/ml2/drivers/ovn/mech_driver/ovsdb/ovsdb_monitor.py:912}}
Mar 31 22:25:07.276017 np0000161998 devstack@neutron-api.service[102489]: DEBUG neutron.plugins.ml2.drivers.ovn.mech_driver.ovsdb.ovsdb_monitor [None req-45019a11-57c3-4744-8c06-9ce764438794 None None] Hash Ring: Node 98a97fec64235c558cd5c5dd1822cf88 (host: np0000161998) handling event "create" for row 731dc809-a75c-4a48-920c-a037c01a332f (table: ACL) {{(pid=102489) notify /opt/stack/neutron/neutron/plugins/ml2/drivers/ovn/mech_driver/ovsdb/ovsdb_monitor.py:912}}
Mar 31 22:25:07.287643 np0000161998 devstack@neutron-api.service[102490]: INFO neutron.db.ovn_revision_numbers_db [None req-16c19782-ac0a-48c9-8911-b0580aa3afae demo demo] Successfully bumped revision number for resource 822389fb-a9f1-4567-97b7-0b2b597fdf2b (type: security_groups) to 1
Mar 31 22:25:07.301998 np0000161998 devstack@neutron-api.service[102490]: INFO neutron.db.ovn_revision_numbers_db [None req-16c19782-ac0a-48c9-8911-b0580aa3afae demo demo] Successfully bumped revision number for resource 0ae7dda8-7e16-4c33-90c3-b95c67f5cf53 (type: security_group_rules) to 0
Mar 31 22:25:07.315667 np0000161998 devstack@neutron-api.service[102490]: INFO neutron.db.ovn_revision_numbers_db [None req-16c19782-ac0a-48c9-8911-b0580aa3afae demo demo] Successfully bumped revision number for resource 335f90c9-85f8-4156-9672-39182835673d (type: security_group_rules) to 0
Mar 31 22:25:07.327128 np0000161998 devstack@neutron-api.service[102490]: INFO neutron.db.ovn_revision_numbers_db [None req-16c19782-ac0a-48c9-8911-b0580aa3afae demo demo] Successfully bumped revision number for resource 917103e2-190a-4370-a480-47a813c5ee71 (type: security_group_rules) to 0
Mar 31 22:25:07.339909 np0000161998 devstack@neutron-api.service[102490]: INFO neutron.db.ovn_revision_numbers_db [None req-16c19782-ac0a-48c9-8911-b0580aa3afae demo demo] Successfully bumped revision number for resource f6343a90-c3aa-47e5-a733-182b86eeec83 (type: security_group_rules) to 0
Mar 31 22:25:07.375853 np0000161998 devstack@neutron-api.service[102490]: DEBUG neutron.api.rpc.handlers.resources_rpc [None req-16c19782-ac0a-48c9-8911-b0580aa3afae demo demo] Pushing event updated for resources: {'SecurityGroup': ['ID=822389fb-a9f1-4567-97b7-0b2b597fdf2b,revision_number=1']} {{(pid=102490) push /opt/stack/neutron/neutron/api/rpc/handlers/resources_rpc.py:237}}
Mar 31 22:25:07.425146 np0000161998 devstack@neutron-api.service[102490]: DEBUG neutron.plugins.ml2.drivers.helpers [None req-16c19782-ac0a-48c9-8911-b0580aa3afae demo demo] geneve segment allocate from pool success with {'geneve_vni': 37285} {{(pid=102490) allocate_partially_specified_segment /opt/stack/neutron/neutron/plugins/ml2/drivers/helpers.py:142}}
Mar 31 22:25:07.430222 np0000161998 devstack@neutron-api.service[102490]: DEBUG neutron_lib.callbacks.manager [None req-16c19782-ac0a-48c9-8911-b0580aa3afae demo demo] Publish callbacks ['neutron.services.segments.db._add_segment_host_mapping_for_segment-8085098304686', 'neutron.plugins.ml2.plugin.Ml2Plugin._handle_segment_change-1801136'] for segment (26f63e95-502f-4fae-9f34-b509c112134d), precommit_create {{(pid=102490) _notify_loop /opt/stack/data/venv/lib/python3.12/site-packages/neutron_lib/callbacks/manager.py:184}}
Mar 31 22:25:07.430364 np0000161998 devstack@neutron-api.service[102490]: INFO neutron.db.segments_db [None req-16c19782-ac0a-48c9-8911-b0580aa3afae demo demo] Added segment 26f63e95-502f-4fae-9f34-b509c112134d of type geneve for network 2c4f08d5-e822-414b-8ad3-eee69910d105
Mar 31 22:25:07.442065 np0000161998 devstack@neutron-api.service[102490]: DEBUG neutron_lib.callbacks.manager [None req-16c19782-ac0a-48c9-8911-b0580aa3afae demo demo] Publish callbacks ['neutron.services.auto_allocate.db._ensure_external_network_default_value_callback-8085096300628'] for network (2c4f08d5-e822-414b-8ad3-eee69910d105), precommit_create {{(pid=102490) _notify_loop /opt/stack/data/venv/lib/python3.12/site-packages/neutron_lib/callbacks/manager.py:184}}
Mar 31 22:25:07.453687 np0000161998 devstack@neutron-api.service[102490]: DEBUG neutron.plugins.ml2.drivers.ovn.mech_driver.mech_driver [None req-16c19782-ac0a-48c9-8911-b0580aa3afae demo demo] Validating network segment with type geneve, segmentation ID 37285, physical network None {{(pid=102490) _validate_network_segments /opt/stack/neutron/neutron/plugins/ml2/drivers/ovn/mech_driver/mech_driver.py:631}}
Mar 31 22:25:07.453916 np0000161998 devstack@neutron-api.service[102490]: DEBUG neutron.db.ovn_revision_numbers_db [None req-16c19782-ac0a-48c9-8911-b0580aa3afae demo demo] create_initial_revision uuid=2c4f08d5-e822-414b-8ad3-eee69910d105, type=networks, rev=-1 {{(pid=102490) create_initial_revision /opt/stack/neutron/neutron/db/ovn_revision_numbers_db.py:98}}
Mar 31 22:25:07.463922 np0000161998 devstack@neutron-api.service[102490]: DEBUG neutron_lib.callbacks.manager [None req-16c19782-ac0a-48c9-8911-b0580aa3afae demo demo] Publish callbacks ['neutron.plugins.ml2.ovo_rpc._ObjectChangeHandler.handle_event-2331012'] for network (2c4f08d5-e822-414b-8ad3-eee69910d105), after_create {{(pid=102490) _notify_loop /opt/stack/data/venv/lib/python3.12/site-packages/neutron_lib/callbacks/manager.py:184}}
Mar 31 22:25:07.496172 np0000161998 devstack@neutron-api.service[102490]: DEBUG neutron.api.rpc.handlers.resources_rpc [None req-16c19782-ac0a-48c9-8911-b0580aa3afae demo demo] Pushing event updated for resources: {'Network': ['ID=2c4f08d5-e822-414b-8ad3-eee69910d105,revision_number=1']} {{(pid=102490) push /opt/stack/neutron/neutron/api/rpc/handlers/resources_rpc.py:237}}
Mar 31 22:25:07.506125 np0000161998 devstack@neutron-api.service[102490]: DEBUG ovsdbapp.backend.ovs_idl.transaction [None req-4b34b0ce-edae-43e0-9bc5-ea412891f832 None None] Running txn n=1 command(idx=0): AddNetworkCommand(_result=None, network_uuid=2c4f08d5-e822-414b-8ad3-eee69910d105, may_exist=True, columns={'external_ids': {'neutron:network_name': 'k8s-clusterapi-cluster-magnum-system-kube-2qc48', 'neutron:mtu': '1372', 'neutron:revision_number': '1', 'neutron:availability_zone_hints': '', 'neutron:provnet-network-type': 'geneve'}, 'other_config': {'mcast_snoop': 'false', 'mcast_flood_unregistered': 'false', 'vlan-passthru': 'false'}}) {{(pid=102490) do_commit /opt/stack/data/venv/lib/python3.12/site-packages/ovsdbapp/backend/ovs_idl/transaction.py:89}}
Mar 31 22:25:07.512617 np0000161998 devstack@neutron-api.service[102491]: DEBUG neutron.plugins.ml2.drivers.ovn.mech_driver.ovsdb.ovsdb_monitor [None req-18fb2c4e-8811-4324-956e-7a3f7eafffd2 None None] Touching Hash Ring node "872107e0bb805fb89711dd682756cfb5" from IDL notify handler {{(pid=102491) notify /opt/stack/neutron/neutron/plugins/ml2/drivers/ovn/mech_driver/ovsdb/ovsdb_monitor.py:904}}
Mar 31 22:25:07.516767 np0000161998 devstack@neutron-api.service[102488]: DEBUG neutron.plugins.ml2.drivers.ovn.mech_driver.ovsdb.ovsdb_monitor [None req-8edc5203-3c6e-4572-85b7-7545a2c4cb01 None None] Touching Hash Ring node "d958035be1495100830ed6916d2e21b6" from IDL notify handler {{(pid=102488) notify /opt/stack/neutron/neutron/plugins/ml2/drivers/ovn/mech_driver/ovsdb/ovsdb_monitor.py:904}}
