+ COMMAND=start + start + for KEYSTONE_WSGI_SCRIPT in keystone-wsgi-public ++ type -p keystone-wsgi-public + cp -a /var/lib/openstack/bin/keystone-wsgi-public /var/www/cgi-bin/keystone/ + '[' -f /etc/apache2/envvars ']' + source /etc/apache2/envvars ++ unset HOME ++ '[' '' '!=' '' ']' ++ SUFFIX= ++ export APACHE_RUN_USER=www-data ++ APACHE_RUN_USER=www-data ++ export APACHE_RUN_GROUP=www-data ++ APACHE_RUN_GROUP=www-data ++ export APACHE_PID_FILE=/var/run/apache2/apache2.pid ++ APACHE_PID_FILE=/var/run/apache2/apache2.pid ++ export APACHE_RUN_DIR=/var/run/apache2 ++ APACHE_RUN_DIR=/var/run/apache2 ++ export APACHE_LOCK_DIR=/var/lock/apache2 ++ APACHE_LOCK_DIR=/var/lock/apache2 ++ export APACHE_LOG_DIR=/var/log/apache2 ++ APACHE_LOG_DIR=/var/log/apache2 ++ export LANG=C ++ LANG=C ++ export LANG + '[' -f /var/run/apache2/apache2.pid ']' + exec apache2 -DFOREGROUND AH00558: apache2: Could not reliably determine the server's fully qualified domain name, using 10.0.0.122. Set the 'ServerName' directive globally to suppress this message AH00558: apache2: Could not reliably determine the server's fully qualified domain name, using 10.0.0.122. Set the 'ServerName' directive globally to suppress this message
[Fri Jun 19 09:25:31.313952 2026] [mpm_event:notice] [pid 1:tid 139920892168064] AH00489: Apache/2.4.58 (Ubuntu) mod_wsgi/5.0.0 Python/3.12 configured -- resuming normal operations
[Fri Jun 19 09:25:31.314103 2026] [core:notice] [pid 1:tid 139920892168064] AH00094: Command line: 'apache2 -D FOREGROUND'
[Fri Jun 19 09:26:18.880984 2026] [wsgi:error] [pid 12:tid 139920254346944] /var/lib/openstack/lib/python3.12/site-packages/oslo_utils/importutils.py:77: EventletDeprecationWarning:
[Fri Jun 19 09:26:18.881028 2026] [wsgi:error] [pid 12:tid 139920254346944] Eventlet is deprecated. It is currently being maintained in bugfix mode, and
[Fri Jun 19 09:26:18.881030 2026] [wsgi:error] [pid 12:tid 139920254346944] we strongly recommend against using it for new projects.
[Fri Jun 19 09:26:18.881037 2026] [wsgi:error] [pid 12:tid 139920254346944]
[Fri Jun 19 09:26:18.881038 2026] [wsgi:error] [pid 12:tid 139920254346944] If you are already using Eventlet, we recommend migrating to a different
[Fri Jun 19 09:26:18.881040 2026] [wsgi:error] [pid 12:tid 139920254346944] framework. For more detail see
[Fri Jun 19 09:26:18.881041 2026] [wsgi:error] [pid 12:tid 139920254346944] https://eventlet.readthedocs.io/en/latest/asyncio/migration.html
[Fri Jun 19 09:26:18.881042 2026] [wsgi:error] [pid 12:tid 139920254346944]
[Fri Jun 19 09:26:18.881043 2026] [wsgi:error] [pid 12:tid 139920254346944] __import__(import_str) 10.0.0.56 - - [19/Jun/2026:09:26:17 +0000] "GET /v3/ HTTP/1.1" 200 250
[Fri Jun 19 09:26:33.668575 2026] [wsgi:error] [pid 10:tid 139920254346944] /var/lib/openstack/lib/python3.12/site-packages/oslo_utils/importutils.py:77: EventletDeprecationWarning:
[Fri Jun 19 09:26:33.668625 2026] [wsgi:error] [pid 10:tid 139920254346944] Eventlet is deprecated. It is currently being maintained in bugfix mode, and
[Fri Jun 19 09:26:33.668627 2026] [wsgi:error] [pid 10:tid 139920254346944] we strongly recommend against using it for new projects.
[Fri Jun 19 09:26:33.668628 2026] [wsgi:error] [pid 10:tid 139920254346944]
[Fri Jun 19 09:26:33.668630 2026] [wsgi:error] [pid 10:tid 139920254346944] If you are already using Eventlet, we recommend migrating to a different
[Fri Jun 19 09:26:33.668631 2026] [wsgi:error] [pid 10:tid 139920254346944] framework. For more detail see
[Fri Jun 19 09:26:33.668633 2026] [wsgi:error] [pid 10:tid 139920254346944] https://eventlet.readthedocs.io/en/latest/asyncio/migration.html
[Fri Jun 19 09:26:33.668634 2026] [wsgi:error] [pid 10:tid 139920254346944]
[Fri Jun 19 09:26:33.668636 2026] [wsgi:error] [pid 10:tid 139920254346944] __import__(import_str) 10.0.0.79 - - [19/Jun/2026:09:26:32 +0000] "GET / HTTP/1.1" 300 295
[Fri Jun 19 09:26:39.093554 2026] [wsgi:error] [pid 9:tid 139920254346944] /var/lib/openstack/lib/python3.12/site-packages/oslo_utils/importutils.py:77: EventletDeprecationWarning:
[Fri Jun 19 09:26:39.093595 2026] [wsgi:error] [pid 9:tid 139920254346944] Eventlet is deprecated. It is currently being maintained in bugfix mode, and
[Fri Jun 19 09:26:39.093597 2026] [wsgi:error] [pid 9:tid 139920254346944] we strongly recommend against using it for new projects.
[Fri Jun 19 09:26:39.093598 2026] [wsgi:error] [pid 9:tid 139920254346944]
[Fri Jun 19 09:26:39.093600 2026] [wsgi:error] [pid 9:tid 139920254346944] If you are already using Eventlet, we recommend migrating to a different
[Fri Jun 19 09:26:39.093601 2026] [wsgi:error] [pid 9:tid 139920254346944] framework. For more detail see
[Fri Jun 19 09:26:39.093602 2026] [wsgi:error] [pid 9:tid 139920254346944] https://eventlet.readthedocs.io/en/latest/asyncio/migration.html
[Fri Jun 19 09:26:39.093603 2026] [wsgi:error] [pid 9:tid 139920254346944]
[Fri Jun 19 09:26:39.093604 2026] [wsgi:error] [pid 9:tid 139920254346944] __import__(import_str)
[Fri Jun 19 09:26:43.932895 2026] [wsgi:error] [pid 9:tid 139920254346944] [remote 10.0.0.79:54452] 2026-06-19 09:26:43.930 9 WARNING keystone.identity.core [None req-0baf3dbe-e2e0-4c0d-af21-29c8995c9bb0 - - - - - -] Invalid domain name (atmosphere) found in config file name: keystone.exception.DomainNotFound: Could not find domain: atmosphere.
[Fri Jun 19 09:26:43.980302 2026] [wsgi:error] [pid 9:tid 139920254346944] [remote 10.0.0.79:54452] 2026-06-19 09:26:43.979 9 WARNING keystone.common.password_hashing [None req-0baf3dbe-e2e0-4c0d-af21-29c8995c9bb0 - - - - - -] Truncating password to algorithm specific maximum length 72 characters.
[Fri Jun 19 09:26:44.386925 2026] [wsgi:error] [pid 9:tid 139920254346944] [remote 10.0.0.79:54452] 2026-06-19 09:26:44.386 9 WARNING keystone.common.fernet_utils [None req-0baf3dbe-e2e0-4c0d-af21-29c8995c9bb0 - - - - - -] key_repository is world readable: /etc/keystone/fernet-keys/ 10.0.0.79 - - [19/Jun/2026:09:26:38 +0000] "POST /v3/auth/tokens HTTP/1.1" 201 1360
[Fri Jun 19 09:26:45.492119 2026] [wsgi:error] [pid 11:tid 139920254346944] /var/lib/openstack/lib/python3.12/site-packages/oslo_utils/importutils.py:77: EventletDeprecationWarning:
[Fri Jun 19 09:26:45.492170 2026] [wsgi:error] [pid 11:tid 139920254346944] Eventlet is deprecated. It is currently being maintained in bugfix mode, and
[Fri Jun 19 09:26:45.492173 2026] [wsgi:error] [pid 11:tid 139920254346944] we strongly recommend against using it for new projects.
[Fri Jun 19 09:26:45.492175 2026] [wsgi:error] [pid 11:tid 139920254346944]
[Fri Jun 19 09:26:45.492177 2026] [wsgi:error] [pid 11:tid 139920254346944] If you are already using Eventlet, we recommend migrating to a different
[Fri Jun 19 09:26:45.492178 2026] [wsgi:error] [pid 11:tid 139920254346944] framework. For more detail see
[Fri Jun 19 09:26:45.492180 2026] [wsgi:error] [pid 11:tid 139920254346944] https://eventlet.readthedocs.io/en/latest/asyncio/migration.html
[Fri Jun 19 09:26:45.492182 2026] [wsgi:error] [pid 11:tid 139920254346944]
[Fri Jun 19 09:26:45.492183 2026] [wsgi:error] [pid 11:tid 139920254346944] __import__(import_str)
[Fri Jun 19 09:26:50.473120 2026] [wsgi:error] [pid 11:tid 139920254346944] [remote 10.0.0.79:54452] 2026-06-19 09:26:50.470 11 WARNING keystone.identity.core [None req-93ba1033-9455-42ba-bd32-1cea3915dcb8 - - - - - -] Invalid domain name (atmosphere) found in config file name: keystone.exception.DomainNotFound: Could not find domain: atmosphere. 10.0.0.79 - - [19/Jun/2026:09:26:44 +0000] "POST /v3/domains HTTP/1.1" 201 261 10.0.0.10 - - [19/Jun/2026:09:27:04 +0000] "GET / HTTP/1.1" 300 295
[Fri Jun 19 09:27:04.855196 2026] [wsgi:error] [pid 12:tid 139920254346944] [remote 10.0.0.10:55866] 2026-06-19 09:27:04.854 12 WARNING keystone.common.password_hashing [None req-7514c458-0dcd-4901-ba1b-11c648ad9091 - - - - - -] Truncating password to algorithm specific maximum length 72 characters.
[Fri Jun 19 09:27:05.133377 2026] [wsgi:error] [pid 12:tid 139920254346944] [remote 10.0.0.10:55866] 2026-06-19 09:27:05.132 12 WARNING keystone.common.fernet_utils [None req-7514c458-0dcd-4901-ba1b-11c648ad9091 - - - - - -] key_repository is world readable: /etc/keystone/fernet-keys/ 10.0.0.10 - - [19/Jun/2026:09:27:04 +0000] "POST /v3/auth/tokens HTTP/1.1" 201 1360 10.0.0.10 - - [19/Jun/2026:09:27:05 +0000] "GET /v3/roles/admin HTTP/1.1" 404 83
[Fri Jun 19 09:27:05.962696 2026] [wsgi:error] [pid 9:tid 139920254346944] [remote 10.0.0.10:55866] 2026-06-19 09:27:05.962 9 WARNING keystone.common.rbac_enforcer.enforcer [None req-e5745125-93af-48a7-a21f-ac84e956285c 411b692b611e48f99c4196ffbe62238f 01ef09bd8519417e9f3ce759e831e9e3 - - default default] Deprecated policy rules found. Use oslopolicy-policy-generator and oslopolicy-policy-upgrade to detect and resolve deprecated policies in your configuration. 10.0.0.10 - - [19/Jun/2026:09:27:05 +0000] "GET /v3/roles?name=admin HTTP/1.1" 200 389
[Fri Jun 19 09:27:06.119323 2026] [wsgi:error] [pid 11:tid 139920254346944] [remote 10.0.0.10:55866] 2026-06-19 09:27:06.119 11 WARNING keystone.common.rbac_enforcer.enforcer [None req-807b445f-dd16-43a1-af4f-cb86c74590f9 411b692b611e48f99c4196ffbe62238f 01ef09bd8519417e9f3ce759e831e9e3 - - default default] Deprecated policy rules found. Use oslopolicy-policy-generator and oslopolicy-policy-upgrade to detect and resolve deprecated policies in your configuration. 10.0.0.10 - - [19/Jun/2026:09:27:05 +0000] "GET /v3/users/admin-RegionOne HTTP/1.1" 404 93
[Fri Jun 19 09:27:06.291035 2026] [wsgi:error] [pid 12:tid 139920254346944] [remote 10.0.0.10:55866] 2026-06-19 09:27:06.290 12 WARNING keystone.common.rbac_enforcer.enforcer [None req-8f2ff14d-d022-45d9-8859-59f0f4f90516 411b692b611e48f99c4196ffbe62238f 01ef09bd8519417e9f3ce759e831e9e3 - - default default] Deprecated policy rules found. Use oslopolicy-policy-generator and oslopolicy-policy-upgrade to detect and resolve deprecated policies in your configuration. 10.0.0.10 - - [19/Jun/2026:09:27:06 +0000] "GET /v3/users?name=admin-RegionOne HTTP/1.1" 200 422
[Fri Jun 19 09:27:06.371396 2026] [wsgi:error] [pid 10:tid 139920254346944] [remote 10.0.0.10:55866] 2026-06-19 09:27:06.371 10 WARNING keystone.common.rbac_enforcer.enforcer [None req-67c1aafc-153f-4304-ab2a-446d2eb866b0 411b692b611e48f99c4196ffbe62238f 01ef09bd8519417e9f3ce759e831e9e3 - - default default] Deprecated policy rules found. Use oslopolicy-policy-generator and oslopolicy-policy-upgrade to detect and resolve deprecated policies in your configuration. 10.0.0.10 - - [19/Jun/2026:09:27:06 +0000] "GET /v3/domains/default HTTP/1.1" 200 224 10.0.0.10 - - [19/Jun/2026:09:27:06 +0000] "PUT /v3/domains/default/users/411b692b611e48f99c4196ffbe62238f/roles/e2731c603238484b87c2bf7045bfe282 HTTP/1.1" 204 - 10.0.0.56 - - [19/Jun/2026:09:27:16 +0000] "GET / HTTP/1.1" 300 281 10.0.0.56 - - [19/Jun/2026:09:27:17 +0000] "GET /v3 HTTP/1.1" 200 266
[Fri Jun 19 09:27:17.943575 2026] [wsgi:error] [pid 10:tid 139920254346944] [remote 10.0.0.56:56796] 2026-06-19 09:27:17.943 10 WARNING keystone.common.password_hashing [None req-700f6132-c7ab-4a66-8a2b-6bde6dc25f0f - - - - - -] Truncating password to algorithm specific maximum length 72 characters. 10.0.0.56 - - [19/Jun/2026:09:27:17 +0000] "GET /v3/ HTTP/1.1" 200 250 10.0.0.56 - - [19/Jun/2026:09:27:17 +0000] "GET /v3/ HTTP/1.1" 200 250
[Fri Jun 19 09:27:18.236070 2026] [wsgi:error] [pid 10:tid 139920254346944] [remote 10.0.0.56:56796] 2026-06-19 09:27:18.235 10 WARNING keystone.common.fernet_utils [None req-700f6132-c7ab-4a66-8a2b-6bde6dc25f0f - - - - - -] key_repository is world readable: /etc/keystone/fernet-keys/ 10.0.0.56 - - [19/Jun/2026:09:27:17 +0000] "POST /v3/auth/tokens HTTP/1.1" 201 1360 10.0.0.56 - - [19/Jun/2026:09:27:18 +0000] "GET / HTTP/1.1" 300 281 10.0.0.56 - - [19/Jun/2026:09:27:18 +0000] "GET /v3/domains/atmosphere HTTP/1.1" 404 90 10.0.0.56 - - [19/Jun/2026:09:27:18 +0000] "GET /v3/domains?name=atmosphere HTTP/1.1" 200 370 10.0.0.56 - - [19/Jun/2026:09:27:18 +0000] "GET /v3/domains/c93b1909852d47b8b9725ca4db143021 HTTP/1.1" 200 247 10.0.0.56 - - [19/Jun/2026:09:27:19 +0000] "GET /v3 HTTP/1.1" 200 266
[Fri Jun 19 09:27:19.176247 2026] [wsgi:error] [pid 9:tid 139920254346944] [remote 10.0.0.56:56834] 2026-06-19 09:27:19.175 9 WARNING keystone.common.password_hashing [None req-838412b4-0c1d-4841-b9a6-f9b7cbb3eede - - - - - -] Truncating password to algorithm specific maximum length 72 characters.
[Fri Jun 19 09:27:19.458650 2026] [wsgi:error] [pid 9:tid 139920254346944] [remote 10.0.0.56:56834] 2026-06-19 09:27:19.458 9 WARNING keystone.common.fernet_utils [None req-838412b4-0c1d-4841-b9a6-f9b7cbb3eede - - - - - -] key_repository is world readable: /etc/keystone/fernet-keys/ 10.0.0.56 - - [19/Jun/2026:09:27:19 +0000] "POST /v3/auth/tokens HTTP/1.1" 201 1360 10.0.0.56 - - [19/Jun/2026:09:27:19 +0000] "GET / HTTP/1.1" 300 281 10.0.0.56 - - [19/Jun/2026:09:27:19 +0000] "GET /v3/OS-FEDERATION/identity_providers/atmosphere HTTP/1.1" 404 101 10.0.0.56 - - [19/Jun/2026:09:27:19 +0000] "GET /v3/OS-FEDERATION/identity_providers HTTP/1.1" 200 156 10.0.0.56 - - [19/Jun/2026:09:27:19 +0000] "PUT /v3/OS-FEDERATION/identity_providers/atmosphere HTTP/1.1" 201 342 10.0.0.56 - - [19/Jun/2026:09:27:20 +0000] "GET /v3 HTTP/1.1" 200 266
[Fri Jun 19 09:27:20.267096 2026] [wsgi:error] [pid 10:tid 139920254346944] [remote 10.0.0.56:56834] 2026-06-19 09:27:20.266 10 WARNING keystone.common.password_hashing [None req-fb6a574c-1ba4-49de-849f-097f3dddf400 - - - - - -] Truncating password to algorithm specific maximum length 72 characters.
[Fri Jun 19 09:27:20.558962 2026] [wsgi:error] [pid 10:tid 139920254346944] [remote 10.0.0.56:56834] 2026-06-19 09:27:20.558 10 WARNING keystone.common.fernet_utils [None req-fb6a574c-1ba4-49de-849f-097f3dddf400 - - - - - -] key_repository is world readable: /etc/keystone/fernet-keys/ 10.0.0.56 - - [19/Jun/2026:09:27:20 +0000] "POST /v3/auth/tokens HTTP/1.1" 201 1360 10.0.0.56 - - [19/Jun/2026:09:27:20 +0000] "GET / HTTP/1.1" 300 281 10.0.0.56 - - [19/Jun/2026:09:27:20 +0000] "GET /v3/OS-FEDERATION/mappings/atmosphere-openid HTTP/1.1" 404 98 10.0.0.56 - - [19/Jun/2026:09:27:20 +0000] "GET /v3/OS-FEDERATION/mappings HTTP/1.1" 200 136 10.0.0.56 - - [19/Jun/2026:09:27:20 +0000] "PUT /v3/OS-FEDERATION/mappings/atmosphere-openid HTTP/1.1" 201 357 10.0.0.56 - - [19/Jun/2026:09:27:21 +0000] "GET /v3 HTTP/1.1" 200 266
[Fri Jun 19 09:27:21.447114 2026] [wsgi:error] [pid 9:tid 139920254346944] [remote 10.0.0.56:56796] 2026-06-19 09:27:21.446 9 WARNING keystone.common.password_hashing [None req-77485baf-3dce-4a25-8f85-1970d6117892 - - - - - -] Truncating password to algorithm specific maximum length 72 characters.
[Fri Jun 19 09:27:21.730445 2026] [wsgi:error] [pid 9:tid 139920254346944] [remote 10.0.0.56:56796] 2026-06-19 09:27:21.730 9 WARNING keystone.common.fernet_utils [None req-77485baf-3dce-4a25-8f85-1970d6117892 - - - - - -] key_repository is world readable: /etc/keystone/fernet-keys/ 10.0.0.56 - - [19/Jun/2026:09:27:21 +0000] "POST /v3/auth/tokens HTTP/1.1" 201 1360 10.0.0.56 - - [19/Jun/2026:09:27:21 +0000] "GET / HTTP/1.1" 300 281 10.0.0.56 - - [19/Jun/2026:09:27:21 +0000] "GET /v3/OS-FEDERATION/identity_providers/atmosphere/protocols/openid?idp_id=atmosphere HTTP/1.1" 404 131 10.0.0.56 - - [19/Jun/2026:09:27:21 +0000] "GET /v3/OS-FEDERATION/identity_providers/atmosphere/protocols HTTP/1.1" 200 168 10.0.0.56 - - [19/Jun/2026:09:27:21 +0000] "PUT /v3/OS-FEDERATION/identity_providers/atmosphere/protocols/openid HTTP/1.1" 201 224 10.0.0.56 - - [19/Jun/2026:09:28:17 +0000] "GET /v3/ HTTP/1.1" 200 250 10.0.0.56 - - [19/Jun/2026:09:28:17 +0000] "GET /v3/ HTTP/1.1" 200 250 10.0.0.186 - - [19/Jun/2026:09:28:50 +0000] "GET / HTTP/1.1" 300 295
[Fri Jun 19 09:28:50.432814 2026] [wsgi:error] [pid 9:tid 139920254346944] [remote 10.0.0.186:38968] 2026-06-19 09:28:50.432 9 WARNING keystone.common.password_hashing [None req-ed807ba9-ecfe-454d-bdce-0a816f6256fd - - - - - -] Truncating password to algorithm specific maximum length 72 characters.
[Fri Jun 19 09:28:50.717640 2026] [wsgi:error] [pid 9:tid 139920254346944] [remote 10.0.0.186:38968] 2026-06-19 09:28:50.717 9 WARNING keystone.common.fernet_utils [None req-ed807ba9-ecfe-454d-bdce-0a816f6256fd - - - - - -] key_repository is world readable: /etc/keystone/fernet-keys/ 10.0.0.186 - - [19/Jun/2026:09:28:50 +0000] "POST /v3/auth/tokens HTTP/1.1" 201 1360 10.0.0.186 - - [19/Jun/2026:09:28:50 +0000] "GET /v3/services HTTP/1.1" 200 355 10.0.0.186 - - [19/Jun/2026:09:28:54 +0000] "GET / HTTP/1.1" 300 295
[Fri Jun 19 09:28:54.720405 2026] [wsgi:error] [pid 12:tid 139920254346944] [remote 10.0.0.186:38982] 2026-06-19 09:28:54.720 12 WARNING keystone.common.password_hashing [None req-f2976d1d-4b72-42a1-bd24-ea4526eae6a5 - - - - - -] Truncating password to algorithm specific maximum length 72 characters.
[Fri Jun 19 09:28:54.994277 2026] [wsgi:error] [pid 12:tid 139920254346944] [remote 10.0.0.186:38982] 2026-06-19 09:28:54.993 12 WARNING keystone.common.fernet_utils [None req-f2976d1d-4b72-42a1-bd24-ea4526eae6a5 - - - - - -] key_repository is world readable: /etc/keystone/fernet-keys/ 10.0.0.186 - - [19/Jun/2026:09:28:54 +0000] "POST /v3/auth/tokens HTTP/1.1" 201 1360 10.0.0.186 - - [19/Jun/2026:09:28:55 +0000] "GET /v3/services HTTP/1.1" 200 355 10.0.0.186 - - [19/Jun/2026:09:28:58 +0000] "GET / HTTP/1.1" 300 295
[Fri Jun 19 09:28:58.816674 2026] [wsgi:error] [pid 11:tid 139920254346944] [remote 10.0.0.186:38986] 2026-06-19 09:28:58.816 11 WARNING keystone.common.password_hashing [None req-7a2478d8-57e6-4f76-a560-32b68d714c1d - - - - - -] Truncating password to algorithm specific maximum length 72 characters.
[Fri Jun 19 09:28:59.091728 2026] [wsgi:error] [pid 11:tid 139920254346944] [remote 10.0.0.186:38986] 2026-06-19 09:28:59.091 11 WARNING keystone.common.fernet_utils [None req-7a2478d8-57e6-4f76-a560-32b68d714c1d - - - - - -] key_repository is world readable: /etc/keystone/fernet-keys/ 10.0.0.186 - - [19/Jun/2026:09:28:58 +0000] "POST /v3/auth/tokens HTTP/1.1" 201 1360 10.0.0.186 - - [19/Jun/2026:09:28:59 +0000] "GET /v3/services HTTP/1.1" 200 355 10.0.0.186 - - [19/Jun/2026:09:29:02 +0000] "GET / HTTP/1.1" 300 295
[Fri Jun 19 09:29:02.918361 2026] [wsgi:error] [pid 10:tid 139920254346944] [remote 10.0.0.186:32768] 2026-06-19 09:29:02.918 10 WARNING keystone.common.password_hashing [None req-5f3860b2-6a00-4480-9ce2-705a29955413 - - - - - -] Truncating password to algorithm specific maximum length 72 characters.
[Fri Jun 19 09:29:03.223469 2026] [wsgi:error] [pid 10:tid 139920254346944] [remote 10.0.0.186:32768] 2026-06-19 09:29:03.223 10 WARNING keystone.common.fernet_utils [None req-5f3860b2-6a00-4480-9ce2-705a29955413 - - - - - -] key_repository is world readable: /etc/keystone/fernet-keys/ 10.0.0.186 - - [19/Jun/2026:09:29:02 +0000] "POST /v3/auth/tokens HTTP/1.1" 201 1360 10.0.0.186 - - [19/Jun/2026:09:29:03 +0000] "POST /v3/services HTTP/1.1" 201 296 10.0.0.223 - - [19/Jun/2026:09:29:16 +0000] "GET / HTTP/1.1" 300 295
[Fri Jun 19 09:29:16.824594 2026] [wsgi:error] [pid 9:tid 139920254346944] [remote 10.0.0.223:44414] 2026-06-19 09:29:16.824 9 WARNING keystone.common.password_hashing [None req-a3297e0e-a7f6-4be7-94d3-5aaf5430bf66 - - - - - -] Truncating password to algorithm specific maximum length 72 characters.
[Fri Jun 19 09:29:17.100344 2026] [wsgi:error] [pid 9:tid 139920254346944] [remote 10.0.0.223:44414] 2026-06-19 09:29:17.100 9 WARNING keystone.common.fernet_utils [None req-a3297e0e-a7f6-4be7-94d3-5aaf5430bf66 - - - - - -] key_repository is world readable: /etc/keystone/fernet-keys/ 10.0.0.223 - - [19/Jun/2026:09:29:16 +0000] "POST /v3/auth/tokens HTTP/1.1" 201 1464 10.0.0.223 - - [19/Jun/2026:09:29:17 +0000] "GET / HTTP/1.1" 300 295
[Fri Jun 19 09:29:17.163943 2026] [wsgi:error] [pid 10:tid 139920254346944] [remote 10.0.0.223:44426] 2026-06-19 09:29:17.163 10 WARNING keystone.common.password_hashing [None req-1e6dbde3-f5c8-44c3-9ecb-f9bd5059284f - - - - - -] Truncating password to algorithm specific maximum length 72 characters. 10.0.0.223 - - [19/Jun/2026:09:29:17 +0000] "GET /v3/services HTTP/1.1" 200 639 10.0.0.223 - - [19/Jun/2026:09:29:17 +0000] "GET / HTTP/1.1" 300 295
[Fri Jun 19 09:29:17.446119 2026] [wsgi:error] [pid 9:tid 139920254346944] [remote 10.0.0.223:44442] 2026-06-19 09:29:17.445 9 WARNING keystone.common.password_hashing [None req-c533c1f8-5898-450e-9a33-68a2ebadff53 - - - - - -] Truncating password to algorithm specific maximum length 72 characters.
[Fri Jun 19 09:29:17.492865 2026] [wsgi:error] [pid 10:tid 139920254346944] [remote 10.0.0.223:44426] 2026-06-19 09:29:17.492 10 WARNING keystone.common.fernet_utils [None req-1e6dbde3-f5c8-44c3-9ecb-f9bd5059284f - - - - - -] key_repository is world readable: /etc/keystone/fernet-keys/ 10.0.0.223 - - [19/Jun/2026:09:29:17 +0000] "POST /v3/auth/tokens HTTP/1.1" 201 1464 10.0.0.223 - - [19/Jun/2026:09:29:17 +0000] "GET /v3/services HTTP/1.1" 200 639
[Fri Jun 19 09:29:17.729656 2026] [wsgi:error] [pid 9:tid 139920254346944] [remote 10.0.0.223:44442] 2026-06-19 09:29:17.729 9 WARNING keystone.common.fernet_utils [None req-c533c1f8-5898-450e-9a33-68a2ebadff53 - - - - - -] key_repository is world readable: /etc/keystone/fernet-keys/ 10.0.0.223 - - [19/Jun/2026:09:29:17 +0000] "POST /v3/auth/tokens HTTP/1.1" 201 1464 10.0.0.223 - - [19/Jun/2026:09:29:17 +0000] "GET /v3/services HTTP/1.1" 200 639 10.0.0.56 - - [19/Jun/2026:09:29:17 +0000] "GET /v3/ HTTP/1.1" 200 250 10.0.0.56 - - [19/Jun/2026:09:29:17 +0000] "GET /v3/ HTTP/1.1" 200 250 10.0.0.223 - - [19/Jun/2026:09:29:19 +0000] "GET / HTTP/1.1" 300 295
[Fri Jun 19 09:29:19.264123 2026] [wsgi:error] [pid 12:tid 139920254346944] [remote 10.0.0.223:44452] 2026-06-19 09:29:19.263 12 WARNING keystone.common.password_hashing [None req-93b9d11e-4399-4381-b396-de53274ca473 - - - - - -] Truncating password to algorithm specific maximum length 72 characters.
[Fri Jun 19 09:29:19.537315 2026] [wsgi:error] [pid 12:tid 139920254346944] [remote 10.0.0.223:44452] 2026-06-19 09:29:19.537 12 WARNING keystone.common.fernet_utils [None req-93b9d11e-4399-4381-b396-de53274ca473 - - - - - -] key_repository is world readable: /etc/keystone/fernet-keys/ 10.0.0.223 - - [19/Jun/2026:09:29:19 +0000] "POST /v3/auth/tokens HTTP/1.1" 201 1464 10.0.0.223 - - [19/Jun/2026:09:29:19 +0000] "GET / HTTP/1.1" 300 295 10.0.0.223 - - [19/Jun/2026:09:29:19 +0000] "GET / HTTP/1.1" 300 295 10.0.0.223 - - [19/Jun/2026:09:29:19 +0000] "GET /v3/endpoints HTTP/1.1" 200 1227
[Fri Jun 19 09:29:19.698448 2026] [wsgi:error] [pid 9:tid 139920254346944] [remote 10.0.0.223:44458] 2026-06-19 09:29:19.698 9 WARNING keystone.common.password_hashing [None req-63d4b915-f970-4701-a15b-103eb7e84d5a - - - - - -] Truncating password to algorithm specific maximum length 72 characters.
[Fri Jun 19 09:29:19.712245 2026] [wsgi:error] [pid 10:tid 139920254346944] [remote 10.0.0.223:44466] 2026-06-19 09:29:19.712 10 WARNING keystone.common.password_hashing [None req-050bafdb-8b8a-452c-9b4a-683c77c595c4 - - - - - -] Truncating password to algorithm specific maximum length 72 characters. 10.0.0.223 - - [19/Jun/2026:09:29:19 +0000] "GET /v3/services/b7d5163dc77f4ab88a35a5adc973849e HTTP/1.1" 200 233 10.0.0.223 - - [19/Jun/2026:09:29:19 +0000] "GET /v3/services/b7d5163dc77f4ab88a35a5adc973849e HTTP/1.1" 200 233 10.0.0.223 - - [19/Jun/2026:09:29:19 +0000] "GET /v3/services/b7d5163dc77f4ab88a35a5adc973849e HTTP/1.1" 200 233
[Fri Jun 19 09:29:19.973957 2026] [wsgi:error] [pid 9:tid 139920254346944] [remote 10.0.0.223:44458] 2026-06-19 09:29:19.973 9 WARNING keystone.common.fernet_utils [None req-63d4b915-f970-4701-a15b-103eb7e84d5a - - - - - -] key_repository is world readable: /etc/keystone/fernet-keys/ 10.0.0.223 - - [19/Jun/2026:09:29:19 +0000] "POST /v3/auth/tokens HTTP/1.1" 201 1464
[Fri Jun 19 09:29:19.998136 2026] [wsgi:error] [pid 10:tid 139920254346944] [remote 10.0.0.223:44466] 2026-06-19 09:29:19.997 10 WARNING keystone.common.fernet_utils [None req-050bafdb-8b8a-452c-9b4a-683c77c595c4 - - - - - -] key_repository is world readable: /etc/keystone/fernet-keys/ 10.0.0.223 - - [19/Jun/2026:09:29:19 +0000] "POST /v3/auth/tokens HTTP/1.1" 201 1464 10.0.0.223 - - [19/Jun/2026:09:29:20 +0000] "GET /v3/endpoints HTTP/1.1" 200 1227 10.0.0.223 - - [19/Jun/2026:09:29:20 +0000] "GET /v3/services/b7d5163dc77f4ab88a35a5adc973849e HTTP/1.1" 200 233 10.0.0.223 - - [19/Jun/2026:09:29:20 +0000] "GET /v3/endpoints HTTP/1.1" 200 1227 10.0.0.223 - - [19/Jun/2026:09:29:20 +0000] "GET /v3/services/b7d5163dc77f4ab88a35a5adc973849e HTTP/1.1" 200 233 10.0.0.223 - - [19/Jun/2026:09:29:20 +0000] "GET /v3/services/b7d5163dc77f4ab88a35a5adc973849e HTTP/1.1" 200 233 10.0.0.223 - - [19/Jun/2026:09:29:20 +0000] "GET /v3/services/b7d5163dc77f4ab88a35a5adc973849e HTTP/1.1" 200 233 10.0.0.223 - - [19/Jun/2026:09:29:20 +0000] "GET /v3/services/b7d5163dc77f4ab88a35a5adc973849e HTTP/1.1" 200 233 10.0.0.223 - - [19/Jun/2026:09:29:20 +0000] "GET /v3/services/b7d5163dc77f4ab88a35a5adc973849e HTTP/1.1" 200 233 10.0.0.223 - - [19/Jun/2026:09:29:21 +0000] "GET / HTTP/1.1" 300 295
[Fri Jun 19 09:29:21.428644 2026] [wsgi:error] [pid 9:tid 139920254346944] [remote 10.0.0.223:39188] 2026-06-19 09:29:21.428 9 WARNING keystone.common.password_hashing [None req-31dd5d3c-505b-45fa-9d35-cbc83dc9e2a9 - - - - - -] Truncating password to algorithm specific maximum length 72 characters.
[Fri Jun 19 09:29:21.710700 2026] [wsgi:error] [pid 9:tid 139920254346944] [remote 10.0.0.223:39188] 2026-06-19 09:29:21.710 9 WARNING keystone.common.fernet_utils [None req-31dd5d3c-505b-45fa-9d35-cbc83dc9e2a9 - - - - - -] key_repository is world readable: /etc/keystone/fernet-keys/ 10.0.0.223 - - [19/Jun/2026:09:29:21 +0000] "POST /v3/auth/tokens HTTP/1.1" 201 1464 10.0.0.223 - - [19/Jun/2026:09:29:21 +0000] "GET / HTTP/1.1" 300 295
[Fri Jun 19 09:29:21.784174 2026] [wsgi:error] [pid 10:tid 139920254346944] [remote 10.0.0.223:39194] 2026-06-19 09:29:21.783 10 WARNING keystone.common.password_hashing [None req-0ef8a940-3e5e-4425-bdba-f08ae8e8cf21 - - - - - -] Truncating password to algorithm specific maximum length 72 characters. 10.0.0.223 - - [19/Jun/2026:09:29:21 +0000] "GET / HTTP/1.1" 300 295
[Fri Jun 19 09:29:21.816066 2026] [wsgi:error] [pid 9:tid 139920254346944] [remote 10.0.0.223:39196] 2026-06-19 09:29:21.815 9 WARNING keystone.common.password_hashing [None req-5e756359-d843-4c5d-bec9-243ef0f026a1 - - - - - -] Truncating password to algorithm specific maximum length 72 characters. 10.0.0.223 - - [19/Jun/2026:09:29:21 +0000] "GET /v3/services/09cd27b5ad634cbc9ec3c43229feab1f HTTP/1.1" 200 296 10.0.0.223 - - [19/Jun/2026:09:29:21 +0000] "GET /v3/regions/RegionOne HTTP/1.1" 200 173 10.0.0.223 - - [19/Jun/2026:09:29:21 +0000] "POST /v3/endpoints HTTP/1.1" 201 380
[Fri Jun 19 09:29:22.064063 2026] [wsgi:error] [pid 10:tid 139920254346944] [remote 10.0.0.223:39194] 2026-06-19 09:29:22.063 10 WARNING keystone.common.fernet_utils [None req-0ef8a940-3e5e-4425-bdba-f08ae8e8cf21 - - - - - -] key_repository is world readable: /etc/keystone/fernet-keys/ 10.0.0.223 - - [19/Jun/2026:09:29:21 +0000] "POST /v3/auth/tokens HTTP/1.1" 201 1641
[Fri Jun 19 09:29:22.094020 2026] [wsgi:error] [pid 9:tid 139920254346944] [remote 10.0.0.223:39196] 2026-06-19 09:29:22.093 9 WARNING keystone.common.fernet_utils [None req-5e756359-d843-4c5d-bec9-243ef0f026a1 - - - - - -] key_repository is world readable: /etc/keystone/fernet-keys/ 10.0.0.223 - - [19/Jun/2026:09:29:21 +0000] "POST /v3/auth/tokens HTTP/1.1" 201 1641 10.0.0.223 - - [19/Jun/2026:09:29:22 +0000] "GET /v3/services/09cd27b5ad634cbc9ec3c43229feab1f HTTP/1.1" 200 296 10.0.0.223 - - [19/Jun/2026:09:29:22 +0000] "GET /v3/services/09cd27b5ad634cbc9ec3c43229feab1f HTTP/1.1" 200 296 10.0.0.223 - - [19/Jun/2026:09:29:22 +0000] "GET /v3/regions/RegionOne HTTP/1.1" 200 173 10.0.0.223 - - [19/Jun/2026:09:29:22 +0000] "GET /v3/regions/RegionOne HTTP/1.1" 200 173 10.0.0.223 - - [19/Jun/2026:09:29:22 +0000] "POST /v3/endpoints HTTP/1.1" 201 383 10.0.0.223 - - [19/Jun/2026:09:29:22 +0000] "POST /v3/endpoints HTTP/1.1" 201 370 10.0.0.223 - - [19/Jun/2026:09:29:23 +0000] "GET / HTTP/1.1" 300 295
[Fri Jun 19 09:29:23.727451 2026] [wsgi:error] [pid 9:tid 139920254346944] [remote 10.0.0.223:39208] 2026-06-19 09:29:23.727 9 WARNING keystone.common.password_hashing [None req-ec38ff8e-83dd-42fc-94d2-e80cdd95a933 - - - - - -] Truncating password to algorithm specific maximum length 72 characters. 10.0.0.223 - - [19/Jun/2026:09:29:23 +0000] "GET / HTTP/1.1" 300 295
[Fri Jun 19 09:29:23.953760 2026] [wsgi:error] [pid 12:tid 139920254346944] [remote 10.0.0.223:39210] 2026-06-19 09:29:23.953 12 WARNING keystone.common.password_hashing [None req-5dd77bcb-bf2e-4fb2-a2df-90f425d12d73 - - - - - -] Truncating password to algorithm specific maximum length 72 characters.
[Fri Jun 19 09:29:24.017016 2026] [wsgi:error] [pid 9:tid 139920254346944] [remote 10.0.0.223:39208] 2026-06-19 09:29:24.016 9 WARNING keystone.common.fernet_utils [None req-ec38ff8e-83dd-42fc-94d2-e80cdd95a933 - - - - - -] key_repository is world readable: /etc/keystone/fernet-keys/ 10.0.0.223 - - [19/Jun/2026:09:29:23 +0000] "POST /v3/auth/tokens HTTP/1.1" 201 1992 10.0.0.223 - - [19/Jun/2026:09:29:24 +0000] "GET / HTTP/1.1" 300 295
[Fri Jun 19 09:29:24.146972 2026] [wsgi:error] [pid 9:tid 139920254346944] [remote 10.0.0.223:39218] 2026-06-19 09:29:24.146 9 WARNING keystone.common.password_hashing [None req-cb3d34d6-198d-46d0-94e0-b1c9bdb7bf5b - - - - - -] Truncating password to algorithm specific maximum length 72 characters. 10.0.0.223 - - [19/Jun/2026:09:29:24 +0000] "GET /v3/endpoints/b146c78027c044cfb11660d9c8c57b1a HTTP/1.1" 200 380 10.0.0.223 - - [19/Jun/2026:09:29:24 +0000] "GET /v3/services/09cd27b5ad634cbc9ec3c43229feab1f HTTP/1.1" 200 296
[Fri Jun 19 09:29:24.243033 2026] [wsgi:error] [pid 12:tid 139920254346944] [remote 10.0.0.223:39210] 2026-06-19 09:29:24.242 12 WARNING keystone.common.fernet_utils [None req-5dd77bcb-bf2e-4fb2-a2df-90f425d12d73 - - - - - -] key_repository is world readable: /etc/keystone/fernet-keys/ 10.0.0.223 - - [19/Jun/2026:09:29:23 +0000] "POST /v3/auth/tokens HTTP/1.1" 201 1992 10.0.0.223 - - [19/Jun/2026:09:29:24 +0000] "GET /v3/endpoints/097ed578b842410eba98e59ad740c1d2 HTTP/1.1" 200 383 10.0.0.223 - - [19/Jun/2026:09:29:24 +0000] "GET /v3/services/09cd27b5ad634cbc9ec3c43229feab1f HTTP/1.1" 200 296
[Fri Jun 19 09:29:24.430925 2026] [wsgi:error] [pid 9:tid 139920254346944] [remote 10.0.0.223:39218] 2026-06-19 09:29:24.430 9 WARNING keystone.common.fernet_utils [None req-cb3d34d6-198d-46d0-94e0-b1c9bdb7bf5b - - - - - -] key_repository is world readable: /etc/keystone/fernet-keys/ 10.0.0.223 - - [19/Jun/2026:09:29:24 +0000] "POST /v3/auth/tokens HTTP/1.1" 201 1992 10.0.0.223 - - [19/Jun/2026:09:29:24 +0000] "GET /v3/endpoints/a9d9cfb76a644ba4aac03141f392bb94 HTTP/1.1" 200 370 10.0.0.223 - - [19/Jun/2026:09:29:24 +0000] "GET /v3/services/09cd27b5ad634cbc9ec3c43229feab1f HTTP/1.1" 200 296 10.0.0.14 - - [19/Jun/2026:09:29:38 +0000] "GET / HTTP/1.1" 300 295
[Fri Jun 19 09:29:38.653169 2026] [wsgi:error] [pid 9:tid 139920254346944] [remote 10.0.0.14:49060] 2026-06-19 09:29:38.652 9 WARNING keystone.common.password_hashing [None req-79bb30a7-697e-4245-a064-828459c704f6 - - - - - -] Truncating password to algorithm specific maximum length 72 characters.
[Fri Jun 19 09:29:38.943365 2026] [wsgi:error] [pid 9:tid 139920254346944] [remote 10.0.0.14:49060] 2026-06-19 09:29:38.943 9 WARNING keystone.common.fernet_utils [None req-79bb30a7-697e-4245-a064-828459c704f6 - - - - - -] key_repository is world readable: /etc/keystone/fernet-keys/ 10.0.0.14 - - [19/Jun/2026:09:29:38 +0000] "POST /v3/auth/tokens HTTP/1.1" 201 1992 10.0.0.14 - - [19/Jun/2026:09:29:39 +0000] "POST /v3/domains HTTP/1.1" 201 284 10.0.0.14 - - [19/Jun/2026:09:29:40 +0000] "GET / HTTP/1.1" 300 295
[Fri Jun 19 09:29:40.861426 2026] [wsgi:error] [pid 10:tid 139920254346944] [remote 10.0.0.14:34402] 2026-06-19 09:29:40.861 10 WARNING keystone.common.password_hashing [None req-857be104-0080-4e10-9f37-8d0fd09e7932 - - - - - -] Truncating password to algorithm specific maximum length 72 characters.
[Fri Jun 19 09:29:41.131913 2026] [wsgi:error] [pid 10:tid 139920254346944] [remote 10.0.0.14:34402] 2026-06-19 09:29:41.131 10 WARNING keystone.common.fernet_utils [None req-857be104-0080-4e10-9f37-8d0fd09e7932 - - - - - -] key_repository is world readable: /etc/keystone/fernet-keys/ 10.0.0.14 - - [19/Jun/2026:09:29:40 +0000] "POST /v3/auth/tokens HTTP/1.1" 201 1992
[Fri Jun 19 09:29:41.327625 2026] [wsgi:error] [pid 9:tid 139920254346944] [remote 10.0.0.14:34402] 2026-06-19 09:29:41.311 9 ERROR keystone.server.flask.application [None req-d2cbef3a-86dc-4958-b871-6b05e9060267 411b692b611e48f99c4196ffbe62238f 01ef09bd8519417e9f3ce759e831e9e3 - - default default] Conflict occurred attempting to store project - it is not permitted to have two projects acting as domains with the same name: service.: keystone.exception.Conflict: Conflict occurred attempting to store project - it is not permitted to have two projects acting as domains with the same name: service.
[Fri Jun 19 09:29:41.327651 2026] [wsgi:error] [pid 9:tid 139920254346944] [remote 10.0.0.14:34402] 2026-06-19 09:29:41.311 9 ERROR keystone.server.flask.application
Traceback (most recent call last):
[Fri Jun 19 09:29:41.327653 2026] [wsgi:error] [pid 9:tid 139920254346944] [remote 10.0.0.14:34402] 2026-06-19 09:29:41.311 9 ERROR keystone.server.flask.application
File "/var/lib/openstack/lib/python3.12/site-packages/sqlalchemy/engine/base.py", line 1969, in _exec_single_context
[Fri Jun 19 09:29:41.327655 2026] [wsgi:error] [pid 9:tid 139920254346944] [remote 10.0.0.14:34402] 2026-06-19 09:29:41.311 9 ERROR keystone.server.flask.application self.dialect.do_execute(
[Fri Jun 19 09:29:41.327656 2026] [wsgi:error] [pid 9:tid 139920254346944] [remote 10.0.0.14:34402] 2026-06-19 09:29:41.311 9 ERROR keystone.server.flask.application
File "/var/lib/openstack/lib/python3.12/site-packages/sqlalchemy/engine/default.py", line 952, in do_execute
[Fri Jun 19 09:29:41.327658 2026] [wsgi:error] [pid 9:tid 139920254346944] [remote 10.0.0.14:34402] 2026-06-19 09:29:41.311 9 ERROR keystone.server.flask.application cursor.execute(statement, parameters)
[Fri Jun 19 09:29:41.327659 2026] [wsgi:error] [pid 9:tid 139920254346944] [remote 10.0.0.14:34402] 2026-06-19 09:29:41.311 9 ERROR keystone.server.flask.application
File "/var/lib/openstack/lib/python3.12/site-packages/pymysql/cursors.py", line 159, in execute
[Fri Jun 19 09:29:41.327661 2026] [wsgi:error] [pid 9:tid 139920254346944] [remote 10.0.0.14:34402] 2026-06-19 09:29:41.311 9 ERROR keystone.server.flask.application result = self._query(query)
[Fri Jun 19 09:29:41.327662 2026] [wsgi:error] [pid 9:tid 139920254346944] [remote 10.0.0.14:34402] 2026-06-19 09:29:41.311 9 ERROR keystone.server.flask.application ^^^^^^^^^^^^^^^^^^
[Fri Jun 19 09:29:41.327663 2026] [wsgi:error] [pid 9:tid 139920254346944] [remote 10.0.0.14:34402] 2026-06-19 09:29:41.311 9 ERROR keystone.server.flask.application
File "/var/lib/openstack/lib/python3.12/site-packages/pymysql/cursors.py", line 330, in _query
[Fri Jun 19 09:29:41.327665 2026] [wsgi:error] [pid 9:tid 139920254346944] [remote 10.0.0.14:34402] 2026-06-19 09:29:41.311 9 ERROR keystone.server.flask.application conn.query(q)
[Fri Jun 19 09:29:41.327666 2026] [wsgi:error] [pid 9:tid 139920254346944] [remote 10.0.0.14:34402] 2026-06-19 09:29:41.311 9 ERROR keystone.server.flask.application
File "/var/lib/openstack/lib/python3.12/site-packages/pymysql/connections.py", line 582, in query
[Fri Jun 19 09:29:41.327668 2026] [wsgi:error] [pid 9:tid 139920254346944] [remote 10.0.0.14:34402] 2026-06-19 09:29:41.311 9 ERROR keystone.server.flask.application self._affected_rows = self._read_query_result(unbuffered=unbuffered)
[Fri Jun 19 09:29:41.327669 2026] [wsgi:error] [pid 9:tid 139920254346944] [remote 10.0.0.14:34402] 2026-06-19 09:29:41.311 9 ERROR keystone.server.flask.application ^^^^^^^^^^^^^^^^^^^^^^^^^^^^^^^^^^^^^^^^^^^^^^
[Fri Jun 19 09:29:41.327670 2026] [wsgi:error] [pid 9:tid 139920254346944] [remote 10.0.0.14:34402] 2026-06-19 09:29:41.311 9 ERROR keystone.server.flask.application
File "/var/lib/openstack/lib/python3.12/site-packages/pymysql/connections.py", line 847, in _read_query_result
[Fri Jun 19 09:29:41.327672 2026] [wsgi:error] [pid 9:tid 139920254346944] [remote 10.0.0.14:34402] 2026-06-19 09:29:41.311 9 ERROR keystone.server.flask.application result.read()
[Fri Jun 19 09:29:41.327673 2026] [wsgi:error] [pid 9:tid 139920254346944] [remote 10.0.0.14:34402] 2026-06-19 09:29:41.311 9 ERROR keystone.server.flask.application
File "/var/lib/openstack/lib/python3.12/site-packages/pymysql/connections.py", line 1245, in read
[Fri Jun 19 09:29:41.327676 2026] [wsgi:error] [pid 9:tid 139920254346944] [remote 10.0.0.14:34402] 2026-06-19 09:29:41.311 9 ERROR keystone.server.flask.application first_packet = self.connection._read_packet()
[Fri Jun 19 09:29:41.327677 2026] [wsgi:error] [pid 9:tid 139920254346944] [remote 10.0.0.14:34402] 2026-06-19 09:29:41.311 9 ERROR keystone.server.flask.application ^^^^^^^^^^^^^^^^^^^^^^^^^^^^^^
[Fri Jun 19 09:29:41.327679 2026] [wsgi:error] [pid 9:tid 139920254346944] [remote 10.0.0.14:34402] 2026-06-19 09:29:41.311 9 ERROR keystone.server.flask.application
File "/var/lib/openstack/lib/python3.12/site-packages/pymysql/connections.py", line 803, in _read_packet
[Fri Jun 19 09:29:41.327680 2026] [wsgi:error] [pid 9:tid 139920254346944] [remote 10.0.0.14:34402] 2026-06-19 09:29:41.311 9 ERROR keystone.server.flask.application packet.raise_for_error()
[Fri Jun 19 09:29:41.327681 2026] [wsgi:error] [pid 9:tid 139920254346944] [remote 10.0.0.14:34402] 2026-06-19 09:29:41.311 9 ERROR keystone.server.flask.application
File "/var/lib/openstack/lib/python3.12/site-packages/pymysql/protocol.py", line 219, in raise_for_error
[Fri Jun 19 09:29:41.327683 2026] [wsgi:error] [pid 9:tid 139920254346944] [remote 10.0.0.14:34402] 2026-06-19 09:29:41.311 9 ERROR keystone.server.flask.application err.raise_mysql_exception(self._data)
[Fri Jun 19 09:29:41.327684 2026] [wsgi:error] [pid 9:tid 139920254346944] [remote 10.0.0.14:34402] 2026-06-19 09:29:41.311 9 ERROR keystone.server.flask.application
File "/var/lib/openstack/lib/python3.12/site-packages/pymysql/err.py", line 154, in raise_mysql_exception
[Fri Jun 19 09:29:41.327686 2026] [wsgi:error] [pid 9:tid 139920254346944] [remote 10.0.0.14:34402] 2026-06-19 09:29:41.311 9 ERROR keystone.server.flask.application raise errorclass(errno, errval, sqlstate=sqlstate)
[Fri Jun 19 09:29:41.327687 2026] [wsgi:error] [pid 9:tid 139920254346944] [remote 10.0.0.14:34402] 2026-06-19 09:29:41.311 9 ERROR keystone.server.flask.application pymysql.err.IntegrityError: (1062, "Duplicate entry '<>-service' for key 'project.ixu_project_name_domain_id'")
[Fri Jun 19 09:29:41.327689 2026] [wsgi:error] [pid 9:tid 139920254346944] [remote 10.0.0.14:34402] 2026-06-19 09:29:41.311 9 ERROR keystone.server.flask.application
[Fri Jun 19 09:29:41.327690 2026] [wsgi:error] [pid 9:tid 139920254346944] [remote 10.0.0.14:34402] 2026-06-19 09:29:41.311 9 ERROR keystone.server.flask.application The above exception was the direct cause of the following exception:
[Fri Jun 19 09:29:41.327692 2026] [wsgi:error] [pid 9:tid 139920254346944] [remote 10.0.0.14:34402] 2026-06-19 09:29:41.311 9 ERROR keystone.server.flask.application
[Fri Jun 19 09:29:41.327693 2026] [wsgi:error] [pid 9:tid 139920254346944] [remote 10.0.0.14:34402] 2026-06-19 09:29:41.311 9 ERROR keystone.server.flask.application
Traceback (most recent call last):
[Fri Jun 19 09:29:41.327694 2026] [wsgi:error] [pid 9:tid 139920254346944] [remote 10.0.0.14:34402] 2026-06-19 09:29:41.311 9 ERROR keystone.server.flask.application
File "/var/lib/openstack/lib/python3.12/site-packages/keystone/common/sql/core.py", line 575, in wrapper
[Fri Jun 19 09:29:41.327696 2026] [wsgi:error] [pid 9:tid 139920254346944] [remote 10.0.0.14:34402] 2026-06-19 09:29:41.311 9 ERROR keystone.server.flask.application return method(*args, **kwargs)
[Fri Jun 19 09:29:41.327697 2026] [wsgi:error] [pid 9:tid 139920254346944] [remote 10.0.0.14:34402] 2026-06-19 09:29:41.311 9 ERROR keystone.server.flask.application ^^^^^^^^^^^^^^^^^^^^^^^
[Fri Jun 19 09:29:41.327698 2026] [wsgi:error] [pid 9:tid 139920254346944] [remote 10.0.0.14:34402] 2026-06-19 09:29:41.311 9 ERROR keystone.server.flask.application
File "/var/lib/openstack/lib/python3.12/site-packages/keystone/resource/backends/sql.py", line 278, in create_project
[Fri Jun 19 09:29:41.327701 2026] [wsgi:error] [pid 9:tid 139920254346944] [remote 10.0.0.14:34402] 2026-06-19 09:29:41.311 9 ERROR keystone.server.flask.application with sql.session_for_write() as session:
[Fri Jun 19 09:29:41.327702 2026] [wsgi:error] [pid 9:tid 139920254346944] [remote 10.0.0.14:34402] 2026-06-19 09:29:41.311 9 ERROR keystone.server.flask.application
File "/usr/lib/python3.12/contextlib.py", line 144, in __exit__
[Fri Jun 19 09:29:41.327703 2026] [wsgi:error] [pid 9:tid 139920254346944] [remote 10.0.0.14:34402] 2026-06-19 09:29:41.311 9 ERROR keystone.server.flask.application next(self.gen)
[Fri Jun 19 09:29:41.327705 2026] [wsgi:error] [pid 9:tid 139920254346944] [remote 10.0.0.14:34402] 2026-06-19 09:29:41.311 9 ERROR keystone.server.flask.application
File "/var/lib/openstack/lib/python3.12/site-packages/oslo_db/sqlalchemy/enginefacade.py", line 1175, in _transaction_scope
[Fri Jun 19 09:29:41.327706 2026] [wsgi:error] [pid 9:tid 139920254346944] [remote 10.0.0.14:34402] 2026-06-19 09:29:41.311 9 ERROR keystone.server.flask.application with current._produce_block(
[Fri Jun 19 09:29:41.327707 2026] [wsgi:error] [pid 9:tid 139920254346944] [remote 10.0.0.14:34402] 2026-06-19 09:29:41.311 9 ERROR keystone.server.flask.application
File "/usr/lib/python3.12/contextlib.py", line 144, in __exit__
[Fri Jun 19 09:29:41.327709 2026] [wsgi:error] [pid 9:tid 139920254346944] [remote 10.0.0.14:34402] 2026-06-19 09:29:41.311 9 ERROR keystone.server.flask.application next(self.gen)
[Fri Jun 19 09:29:41.327710 2026] [wsgi:error] [pid 9:tid 139920254346944] [remote 10.0.0.14:34402] 2026-06-19 09:29:41.311 9 ERROR keystone.server.flask.application
File "/var/lib/openstack/lib/python3.12/site-packages/oslo_db/sqlalchemy/enginefacade.py", line 837, in _session
[Fri Jun 19 09:29:41.327712 2026] [wsgi:error] [pid 9:tid 139920254346944] [remote 10.0.0.14:34402] 2026-06-19 09:29:41.311 9 ERROR keystone.server.flask.application with excutils.save_and_reraise_exception():
[Fri Jun 19 09:29:41.327713 2026] [wsgi:error] [pid 9:tid 139920254346944] [remote 10.0.0.14:34402] 2026-06-19 09:29:41.311 9 ERROR keystone.server.flask.application
File "/var/lib/openstack/lib/python3.12/site-packages/oslo_utils/excutils.py", line 266, in __exit__
[Fri Jun 19 09:29:41.327714 2026] [wsgi:error] [pid 9:tid 139920254346944] [remote 10.0.0.14:34402] 2026-06-19 09:29:41.311 9 ERROR keystone.server.flask.application self.force_reraise()
[Fri Jun 19 09:29:41.327716 2026] [wsgi:error] [pid 9:tid 139920254346944] [remote 10.0.0.14:34402] 2026-06-19 09:29:41.311 9 ERROR keystone.server.flask.application
File "/var/lib/openstack/lib/python3.12/site-packages/oslo_utils/excutils.py", line 232, in force_reraise
[Fri Jun 19 09:29:41.327717 2026] [wsgi:error] [pid 9:tid 139920254346944] [remote 10.0.0.14:34402] 2026-06-19 09:29:41.311 9 ERROR keystone.server.flask.application raise self.value
[Fri Jun 19 09:29:41.327718 2026] [wsgi:error] [pid 9:tid 139920254346944] [remote 10.0.0.14:34402] 2026-06-19 09:29:41.311 9 ERROR keystone.server.flask.application
File "/var/lib/openstack/lib/python3.12/site-packages/oslo_db/sqlalchemy/enginefacade.py", line 835, in _session
[Fri Jun 19 09:29:41.327720 2026] [wsgi:error] [pid 9:tid 139920254346944] [remote 10.0.0.14:34402] 2026-06-19 09:29:41.311 9 ERROR keystone.server.flask.application self._end_session_transaction(self.session)
[Fri Jun 19 09:29:41.327721 2026] [wsgi:error] [pid 9:tid 139920254346944] [remote 10.0.0.14:34402] 2026-06-19 09:29:41.311 9 ERROR keystone.server.flask.application
File "/var/lib/openstack/lib/python3.12/site-packages/oslo_db/sqlalchemy/enginefacade.py", line 748, in _end_session_transaction
[Fri Jun 19 09:29:41.327722 2026] [wsgi:error] [pid 9:tid 139920254346944] [remote 10.0.0.14:34402] 2026-06-19 09:29:41.311 9 ERROR keystone.server.flask.application session.commit()
[Fri Jun 19 09:29:41.327725 2026] [wsgi:error] [pid 9:tid 139920254346944] [remote 10.0.0.14:34402] 2026-06-19 09:29:41.311 9 ERROR keystone.server.flask.application
File "/var/lib/openstack/lib/python3.12/site-packages/sqlalchemy/orm/session.py", line 2034, in commit
[Fri Jun 19 09:29:41.327726 2026] [wsgi:error] [pid 9:tid 139920254346944] [remote 10.0.0.14:34402] 2026-06-19 09:29:41.311 9 ERROR keystone.server.flask.application trans.commit(_to_root=True)
[Fri Jun 19 09:29:41.327727 2026] [wsgi:error] [pid 9:tid 139920254346944] [remote 10.0.0.14:34402] 2026-06-19 09:29:41.311 9 ERROR keystone.server.flask.application File "", line 2, in commit
[Fri Jun 19 09:29:41.327729 2026] [wsgi:error] [pid 9:tid 139920254346944] [remote 10.0.0.14:34402] 2026-06-19 09:29:41.311 9 ERROR keystone.server.flask.application
File "/var/lib/openstack/lib/python3.12/site-packages/sqlalchemy/orm/state_changes.py", line 137, in _go
[Fri Jun 19 09:29:41.327730 2026] [wsgi:error] [pid 9:tid 139920254346944] [remote 10.0.0.14:34402] 2026-06-19 09:29:41.311 9 ERROR keystone.server.flask.application ret_value = fn(self, *arg, **kw)
[Fri Jun 19 09:29:41.327731 2026] [wsgi:error] [pid 9:tid 139920254346944] [remote 10.0.0.14:34402] 2026-06-19 09:29:41.311 9 ERROR keystone.server.flask.application ^^^^^^^^^^^^^^^^^^^^
[Fri Jun 19 09:29:41.327733 2026] [wsgi:error] [pid 9:tid 139920254346944] [remote 10.0.0.14:34402] 2026-06-19 09:29:41.311 9 ERROR keystone.server.flask.application
File "/var/lib/openstack/lib/python3.12/site-packages/sqlalchemy/orm/session.py", line 1315, in commit
[Fri Jun 19 09:29:41.327735 2026] [wsgi:error] [pid 9:tid 139920254346944] [remote 10.0.0.14:34402] 2026-06-19 09:29:41.311 9 ERROR keystone.server.flask.application self._prepare_impl()
[Fri Jun 19 09:29:41.327737 2026] [wsgi:error] [pid 9:tid 139920254346944] [remote 10.0.0.14:34402] 2026-06-19 09:29:41.311 9 ERROR keystone.server.flask.application File "", line 2, in _prepare_impl
[Fri Jun 19 09:29:41.327739 2026] [wsgi:error] [pid 9:tid 139920254346944] [remote 10.0.0.14:34402] 2026-06-19 09:29:41.311 9 ERROR keystone.server.flask.application
File "/var/lib/openstack/lib/python3.12/site-packages/sqlalchemy/orm/state_changes.py", line 137, in _go
[Fri Jun 19 09:29:41.327741 2026] [wsgi:error] [pid 9:tid 139920254346944] [remote 10.0.0.14:34402] 2026-06-19 09:29:41.311 9 ERROR keystone.server.flask.application ret_value = fn(self, *arg, **kw)
[Fri Jun 19 09:29:41.327743 2026] [wsgi:error] [pid 9:tid 139920254346944] [remote 10.0.0.14:34402] 2026-06-19 09:29:41.311 9 ERROR keystone.server.flask.application ^^^^^^^^^^^^^^^^^^^^
[Fri Jun 19 09:29:41.327745 2026] [wsgi:error] [pid 9:tid 139920254346944] [remote 10.0.0.14:34402] 2026-06-19 09:29:41.311 9 ERROR keystone.server.flask.application
File "/var/lib/openstack/lib/python3.12/site-packages/sqlalchemy/orm/session.py", line 1290, in _prepare_impl
[Fri Jun 19 09:29:41.327747 2026] [wsgi:error] [pid 9:tid 139920254346944] [remote 10.0.0.14:34402] 2026-06-19 09:29:41.311 9 ERROR keystone.server.flask.application self.session.flush()
[Fri Jun 19 09:29:41.327749 2026] [wsgi:error] [pid 9:tid 139920254346944] [remote 10.0.0.14:34402] 2026-06-19 09:29:41.311 9 ERROR keystone.server.flask.application
File "/var/lib/openstack/lib/python3.12/site-packages/sqlalchemy/orm/session.py", line 4352, in flush
[Fri Jun 19 09:29:41.327751 2026] [wsgi:error] [pid 9:tid 139920254346944] [remote 10.0.0.14:34402] 2026-06-19 09:29:41.311 9 ERROR keystone.server.flask.application self._flush(objects)
[Fri Jun 19 09:29:41.327753 2026] [wsgi:error] [pid 9:tid 139920254346944] [remote 10.0.0.14:34402] 2026-06-19 09:29:41.311 9 ERROR keystone.server.flask.application
File "/var/lib/openstack/lib/python3.12/site-packages/sqlalchemy/orm/session.py", line 4487, in _flush
[Fri Jun 19 09:29:41.327755 2026] [wsgi:error] [pid 9:tid 139920254346944] [remote 10.0.0.14:34402] 2026-06-19 09:29:41.311 9 ERROR keystone.server.flask.application with util.safe_reraise():
[Fri Jun 19 09:29:41.327758 2026] [wsgi:error] [pid 9:tid 139920254346944] [remote 10.0.0.14:34402] 2026-06-19 09:29:41.311 9 ERROR keystone.server.flask.application
File "/var/lib/openstack/lib/python3.12/site-packages/sqlalchemy/util/langhelpers.py", line 122, in __exit__
[Fri Jun 19 09:29:41.327761 2026] [wsgi:error] [pid 9:tid 139920254346944] [remote 10.0.0.14:34402] 2026-06-19 09:29:41.311 9 ERROR keystone.server.flask.application raise exc_value.with_traceback(exc_tb)
[Fri Jun 19 09:29:41.327763 2026] [wsgi:error] [pid 9:tid 139920254346944] [remote 10.0.0.14:34402] 2026-06-19 09:29:41.311 9 ERROR keystone.server.flask.application
File "/var/lib/openstack/lib/python3.12/site-packages/sqlalchemy/orm/session.py", line 4448, in _flush
[Fri Jun 19 09:29:41.327764 2026] [wsgi:error] [pid 9:tid 139920254346944] [remote 10.0.0.14:34402] 2026-06-19 09:29:41.311 9 ERROR keystone.server.flask.application flush_context.execute()
[Fri Jun 19 09:29:41.327765 2026] [wsgi:error] [pid 9:tid 139920254346944] [remote 10.0.0.14:34402] 2026-06-19 09:29:41.311 9 ERROR keystone.server.flask.application
File "/var/lib/openstack/lib/python3.12/site-packages/sqlalchemy/orm/unitofwork.py", line 465, in execute
[Fri Jun 19 09:29:41.327767 2026] [wsgi:error] [pid 9:tid 139920254346944] [remote 10.0.0.14:34402] 2026-06-19 09:29:41.311 9 ERROR keystone.server.flask.application rec.execute(self)
