2026-02-27 19:43:11.446 7 INFO placement.requestlog [None req-03a1daa3-448b-4951-84ac-aee1238bef18 - - - - - -] 10.0.0.117 "GET /" status: 200 len: 136 microversion: 1.0
2026-02-27 19:43:11.447 8 INFO placement.requestlog [None req-2ccb8cab-8ed1-41f5-bcfc-6ceefa2ebe88 - - - - - -] 10.0.0.117 "GET /" status: 200 len: 136 microversion: 1.0
2026-02-27 19:43:15.761 7 INFO placement.requestlog [None req-a367eed2-75c2-4038-8381-1ae6e4bfd405 6677be9db7b84806922224e6d02d6fb6 d8a927d6b4894359a96004ed6cc5ea95 - - 9d5bbb0be7164d9c93a950f6e6365848 9d5bbb0be7164d9c93a950f6e6365848] 10.0.0.206 "GET /resource_providers/244aecc4-45d5-4016-93ec-955e6d0f3746/aggregates" status: 404 len: 235 microversion: 1.1 [pid: 7|app: 0|req: 517/1028] 10.0.0.206 () {32 vars in 816 bytes} [Fri Feb 27 19:43:15 2026] GET /resource_providers/244aecc4-45d5-4016-93ec-955e6d0f3746/aggregates => generated 235 bytes in 11 msecs (HTTP/1.1 404) 5 headers in 202 bytes (1 switches on core 0)
2026-02-27 19:43:15.764 8 INFO placement.requestlog [None req-064aeb2d-55a6-4f4c-b15f-927f4db8a765 6677be9db7b84806922224e6d02d6fb6 d8a927d6b4894359a96004ed6cc5ea95 - - 9d5bbb0be7164d9c93a950f6e6365848 9d5bbb0be7164d9c93a950f6e6365848] 10.0.0.206 "GET /resource_providers/244aecc4-45d5-4016-93ec-955e6d0f3746/aggregates" status: 404 len: 235 microversion: 1.1 [pid: 8|app: 0|req: 512/1029] 10.0.0.206 () {32 vars in 816 bytes} [Fri Feb 27 19:43:15 2026] GET /resource_providers/244aecc4-45d5-4016-93ec-955e6d0f3746/aggregates => generated 235 bytes in 12 msecs (HTTP/1.1 404) 5 headers in 202 bytes (1 switches on core 0)
2026-02-27 19:43:15.796 7 INFO placement.requestlog [None req-df222a6b-1e68-48c0-9f55-326ae470ec46 6677be9db7b84806922224e6d02d6fb6 d8a927d6b4894359a96004ed6cc5ea95 - - 9d5bbb0be7164d9c93a950f6e6365848 9d5bbb0be7164d9c93a950f6e6365848] 10.0.0.206 "DELETE /resource_providers/244aecc4-45d5-4016-93ec-955e6d0f3746" status: 404 len: 246 microversion: 1.1 [pid: 7|app: 0|req: 518/1030] 10.0.0.206 () {34 vars in 816 bytes} [Fri Feb 27 19:43:15 2026] DELETE /resource_providers/244aecc4-45d5-4016-93ec-955e6d0f3746 => generated 246 bytes in 10 msecs (HTTP/1.1 404) 6 headers in 231 bytes (1 switches on core 0)
2026-02-27 19:43:15.798 8 INFO placement.requestlog [None req-504348fd-9df2-409f-8c3e-e4cba83b158e 6677be9db7b84806922224e6d02d6fb6 d8a927d6b4894359a96004ed6cc5ea95 - - 9d5bbb0be7164d9c93a950f6e6365848 9d5bbb0be7164d9c93a950f6e6365848] 10.0.0.206 "DELETE /resource_providers/244aecc4-45d5-4016-93ec-955e6d0f3746" status: 404 len: 246 microversion: 1.1 [pid: 8|app: 0|req: 513/1031] 10.0.0.206 () {34 vars in 816 bytes} [Fri Feb 27 19:43:15 2026] DELETE /resource_providers/244aecc4-45d5-4016-93ec-955e6d0f3746 => generated 246 bytes in 11 msecs (HTTP/1.1 404) 6 headers in 231 bytes (1 switches on core 0)
2026-02-27 19:43:17.870 7 INFO placement.requestlog [req-e7660bdd-4b93-4d9b-9fd9-e19680be2a46 req-aedce67d-16d7-403f-b6ff-c7a9e482fb83 869e5393c0754615b06f6d8227082932 d8a927d6b4894359a96004ed6cc5ea95 - - 9d5bbb0be7164d9c93a950f6e6365848 9d5bbb0be7164d9c93a950f6e6365848] 199.204.45.113 "GET /resource_providers/b9363f90-61ed-47ac-91d4-5a41ac644ed5/allocations" status: 200 len: 153 microversion: 1.0 [pid: 7|app: 0|req: 519/1032] 199.204.45.113 () {32 vars in 857 bytes} [Fri Feb 27 19:43:17 2026] GET /resource_providers/b9363f90-61ed-47ac-91d4-5a41ac644ed5/allocations => generated 153 bytes in 18 msecs (HTTP/1.1 200) 6 headers in 224 bytes (1 switches on core 0)
2026-02-27 19:43:17.896 8 INFO placement.requestlog [req-e7660bdd-4b93-4d9b-9fd9-e19680be2a46 req-55222fdf-344b-46f6-b35a-a0690a70f09e 869e5393c0754615b06f6d8227082932 d8a927d6b4894359a96004ed6cc5ea95 - - 9d5bbb0be7164d9c93a950f6e6365848 9d5bbb0be7164d9c93a950f6e6365848] 199.204.45.113 "GET /allocations/84d5775a-34c2-4773-9f7f-d2aaff94143f" status: 200 len: 258 microversion: 1.28 [pid: 8|app: 0|req: 514/1033] 199.204.45.113 () {34 vars in 863 bytes} [Fri Feb 27 19:43:17 2026] GET /allocations/84d5775a-34c2-4773-9f7f-d2aaff94143f => generated 258 bytes in 20 msecs (HTTP/1.1 200) 8 headers in 296 bytes (1 switches on core 0)
2026-02-27 19:43:18.962 7 INFO placement.requestlog [req-e7660bdd-4b93-4d9b-9fd9-e19680be2a46 req-504f9136-61f7-4954-a666-f8f53241752c 869e5393c0754615b06f6d8227082932 d8a927d6b4894359a96004ed6cc5ea95 - - 9d5bbb0be7164d9c93a950f6e6365848 9d5bbb0be7164d9c93a950f6e6365848] 199.204.45.113 "DELETE /allocations/84d5775a-34c2-4773-9f7f-d2aaff94143f" status: 204 len: 0 microversion: 1.0 [pid: 7|app: 0|req: 520/1034] 199.204.45.113 () {34 vars in 841 bytes} [Fri Feb 27 19:43:18 2026] DELETE /allocations/84d5775a-34c2-4773-9f7f-d2aaff94143f => generated 0 bytes in 33 msecs (HTTP/1.1 204) 5 headers in 198 bytes (1 switches on core 0)
2026-02-27 19:43:21.446 8 INFO placement.requestlog [None req-06105676-e376-47ee-8f5c-5e413a814360 - - - - - -] 10.0.0.117 "GET /" status: 200 len: 136 microversion: 1.0
2026-02-27 19:43:21.449 7 INFO placement.requestlog [None req-6937231e-3819-4061-a7b5-dab50b99e5a3 - - - - - -] 10.0.0.117 "GET /" status: 200 len: 136 microversion: 1.0
2026-02-27 19:43:24.189 8 INFO placement.requestlog [None req-2c40a8a2-3b9b-4ae9-8e91-d88b4f7c7029 6677be9db7b84806922224e6d02d6fb6 d8a927d6b4894359a96004ed6cc5ea95 - - 9d5bbb0be7164d9c93a950f6e6365848 9d5bbb0be7164d9c93a950f6e6365848] 10.0.0.206 "GET /resource_providers/fac7780b-ff19-4eb5-9875-c6e8313c8c0c/aggregates" status: 404 len: 235 microversion: 1.1 [pid: 8|app: 0|req: 516/1037] 10.0.0.206 () {32 vars in 816 bytes} [Fri Feb 27 19:43:24 2026] GET /resource_providers/fac7780b-ff19-4eb5-9875-c6e8313c8c0c/aggregates => generated 235 bytes in 10 msecs (HTTP/1.1 404) 5 headers in 202 bytes (1 switches on core 0)
2026-02-27 19:43:24.191 7 INFO placement.requestlog [None req-c95a1472-3350-416f-84de-51f70af089b8 6677be9db7b84806922224e6d02d6fb6 d8a927d6b4894359a96004ed6cc5ea95 - - 9d5bbb0be7164d9c93a950f6e6365848 9d5bbb0be7164d9c93a950f6e6365848] 10.0.0.206 "GET /resource_providers/fac7780b-ff19-4eb5-9875-c6e8313c8c0c/aggregates" status: 404 len: 235 microversion: 1.1 [pid: 7|app: 0|req: 522/1038] 10.0.0.206 () {32 vars in 816 bytes} [Fri Feb 27 19:43:24 2026] GET /resource_providers/fac7780b-ff19-4eb5-9875-c6e8313c8c0c/aggregates => generated 235 bytes in 8 msecs (HTTP/1.1 404) 5 headers in 202 bytes (1 switches on core 0)
2026-02-27 19:43:24.214 8 INFO placement.requestlog [None req-d8f8add1-e27f-4f9e-baa7-a32c3fc1f14a 6677be9db7b84806922224e6d02d6fb6 d8a927d6b4894359a96004ed6cc5ea95 - - 9d5bbb0be7164d9c93a950f6e6365848 9d5bbb0be7164d9c93a950f6e6365848] 10.0.0.206 "DELETE /resource_providers/fac7780b-ff19-4eb5-9875-c6e8313c8c0c" status: 404 len: 246 microversion: 1.1 [pid: 8|app: 0|req: 517/1039] 10.0.0.206 () {34 vars in 816 bytes} [Fri Feb 27 19:43:24 2026] DELETE /resource_providers/fac7780b-ff19-4eb5-9875-c6e8313c8c0c => generated 246 bytes in 12 msecs (HTTP/1.1 404) 6 headers in 231 bytes (1 switches on core 0)
2026-02-27 19:43:24.216 7 INFO placement.requestlog [None req-44de45fe-d9c7-4d9a-9f2b-793871b04201 6677be9db7b84806922224e6d02d6fb6 d8a927d6b4894359a96004ed6cc5ea95 - - 9d5bbb0be7164d9c93a950f6e6365848 9d5bbb0be7164d9c93a950f6e6365848] 10.0.0.206 "DELETE /resource_providers/fac7780b-ff19-4eb5-9875-c6e8313c8c0c" status: 404 len: 246 microversion: 1.1 [pid: 7|app: 0|req: 523/1040] 10.0.0.206 () {34 vars in 816 bytes} [Fri Feb 27 19:43:24 2026] DELETE /resource_providers/fac7780b-ff19-4eb5-9875-c6e8313c8c0c => generated 246 bytes in 9 msecs (HTTP/1.1 404) 6 headers in 231 bytes (1 switches on core 0)
2026-02-27 19:43:26.276 7 INFO placement.requestlog [None req-5fe1c943-cc79-40a6-a5bb-1a52b637cdb7 6677be9db7b84806922224e6d02d6fb6 d8a927d6b4894359a96004ed6cc5ea95 - - 9d5bbb0be7164d9c93a950f6e6365848 9d5bbb0be7164d9c93a950f6e6365848] 10.0.0.206 "GET /resource_providers/593fdbff-9636-4307-805e-6b1e1841ca96/aggregates" status: 404 len: 235 microversion: 1.1 [pid: 7|app: 0|req: 524/1041] 10.0.0.206 () {32 vars in 816 bytes} [Fri Feb 27 19:43:26 2026] GET /resource_providers/593fdbff-9636-4307-805e-6b1e1841ca96/aggregates => generated 235 bytes in 9 msecs (HTTP/1.1 404) 5 headers in 202 bytes (1 switches on core 0)
2026-02-27 19:43:26.278 8 INFO placement.requestlog [None req-92bf4cba-a8a8-4c80-97cf-2229a6662994 6677be9db7b84806922224e6d02d6fb6 d8a927d6b4894359a96004ed6cc5ea95 - - 9d5bbb0be7164d9c93a950f6e6365848 9d5bbb0be7164d9c93a950f6e6365848] 10.0.0.206 "GET /resource_providers/593fdbff-9636-4307-805e-6b1e1841ca96/aggregates" status: 404 len: 235 microversion: 1.1 [pid: 8|app: 0|req: 518/1042] 10.0.0.206 () {32 vars in 816 bytes} [Fri Feb 27 19:43:26 2026] GET /resource_providers/593fdbff-9636-4307-805e-6b1e1841ca96/aggregates => generated 235 bytes in 16 msecs (HTTP/1.1 404) 5 headers in 202 bytes (1 switches on core 0)
2026-02-27 19:43:26.303 7 INFO placement.requestlog [None req-1dfb25a4-b2a7-46f3-b747-883c374e57d0 6677be9db7b84806922224e6d02d6fb6 d8a927d6b4894359a96004ed6cc5ea95 - - 9d5bbb0be7164d9c93a950f6e6365848 9d5bbb0be7164d9c93a950f6e6365848] 10.0.0.206 "DELETE /resource_providers/593fdbff-9636-4307-805e-6b1e1841ca96" status: 404 len: 246 microversion: 1.1 [pid: 7|app: 0|req: 525/1043] 10.0.0.206 () {34 vars in 816 bytes} [Fri Feb 27 19:43:26 2026] DELETE /resource_providers/593fdbff-9636-4307-805e-6b1e1841ca96 => generated 246 bytes in 11 msecs (HTTP/1.1 404) 6 headers in 231 bytes (1 switches on core 0)
2026-02-27 19:43:26.305 8 INFO placement.requestlog [None req-a1f2580c-b2df-40f6-a9e4-29dac047cbd2 6677be9db7b84806922224e6d02d6fb6 d8a927d6b4894359a96004ed6cc5ea95 - - 9d5bbb0be7164d9c93a950f6e6365848 9d5bbb0be7164d9c93a950f6e6365848] 10.0.0.206 "DELETE /resource_providers/593fdbff-9636-4307-805e-6b1e1841ca96" status: 404 len: 246 microversion: 1.1 [pid: 8|app: 0|req: 519/1044] 10.0.0.206 () {34 vars in 816 bytes} [Fri Feb 27 19:43:26 2026] DELETE /resource_providers/593fdbff-9636-4307-805e-6b1e1841ca96 => generated 246 bytes in 11 msecs (HTTP/1.1 404) 6 headers in 231 bytes (1 switches on core 0)
2026-02-27 19:43:27.640 7 INFO placement.requestlog [None req-98c6c9f4-c044-4b5d-be30-6f4093dab2a2 6677be9db7b84806922224e6d02d6fb6 d8a927d6b4894359a96004ed6cc5ea95 - - 9d5bbb0be7164d9c93a950f6e6365848 9d5bbb0be7164d9c93a950f6e6365848] 10.0.0.206 "GET /resource_providers/392fdf0e-4bad-48bf-bd16-27f3a1dd718e/aggregates" status: 404 len: 235 microversion: 1.1 [pid: 7|app: 0|req: 526/1045] 10.0.0.206 () {32 vars in 816 bytes} [Fri Feb 27 19:43:27 2026] GET /resource_providers/392fdf0e-4bad-48bf-bd16-27f3a1dd718e/aggregates => generated 235 bytes in 10 msecs (HTTP/1.1 404) 5 headers in 202 bytes (1 switches on core 0)
2026-02-27 19:43:27.642 8 INFO placement.requestlog [None req-59a5e082-a65d-41ad-a5b8-878a35fae707 6677be9db7b84806922224e6d02d6fb6 d8a927d6b4894359a96004ed6cc5ea95 - - 9d5bbb0be7164d9c93a950f6e6365848 9d5bbb0be7164d9c93a950f6e6365848] 10.0.0.206 "GET /resource_providers/392fdf0e-4bad-48bf-bd16-27f3a1dd718e/aggregates" status: 404 len: 235 microversion: 1.1 [pid: 8|app: 0|req: 520/1046] 10.0.0.206 () {32 vars in 816 bytes} [Fri Feb 27 19:43:27 2026] GET /resource_providers/392fdf0e-4bad-48bf-bd16-27f3a1dd718e/aggregates => generated 235 bytes in 10 msecs (HTTP/1.1 404) 5 headers in 202 bytes (1 switches on core 0)
2026-02-27 19:43:27.663 8 INFO placement.requestlog [None req-3e4957a5-9f62-47ba-b675-329da6fd0056 6677be9db7b84806922224e6d02d6fb6 d8a927d6b4894359a96004ed6cc5ea95 - - 9d5bbb0be7164d9c93a950f6e6365848 9d5bbb0be7164d9c93a950f6e6365848] 10.0.0.206 "DELETE /resource_providers/392fdf0e-4bad-48bf-bd16-27f3a1dd718e" status: 404 len: 246 microversion: 1.1 [pid: 8|app: 0|req: 521/1047] 10.0.0.206 () {34 vars in 816 bytes} [Fri Feb 27 19:43:27 2026] DELETE /resource_providers/392fdf0e-4bad-48bf-bd16-27f3a1dd718e => generated 246 bytes in 6 msecs (HTTP/1.1 404) 6 headers in 231 bytes (1 switches on core 0)
2026-02-27 19:43:27.667 7 INFO placement.requestlog [None req-44016c91-cb1f-4825-af86-3270eb081d03 6677be9db7b84806922224e6d02d6fb6 d8a927d6b4894359a96004ed6cc5ea95 - - 9d5bbb0be7164d9c93a950f6e6365848 9d5bbb0be7164d9c93a950f6e6365848] 10.0.0.206 "DELETE /resource_providers/392fdf0e-4bad-48bf-bd16-27f3a1dd718e" status: 404 len: 246 microversion: 1.1 [pid: 7|app: 0|req: 527/1048] 10.0.0.206 () {34 vars in 816 bytes} [Fri Feb 27 19:43:27 2026] DELETE /resource_providers/392fdf0e-4bad-48bf-bd16-27f3a1dd718e => generated 246 bytes in 10 msecs (HTTP/1.1 404) 6 headers in 231 bytes (1 switches on core 0)
2026-02-27 19:43:28.333 8 INFO placement.requestlog [None req-dd6a8fcc-3add-43f3-8ed8-e866021eae1e 6677be9db7b84806922224e6d02d6fb6 d8a927d6b4894359a96004ed6cc5ea95 - - 9d5bbb0be7164d9c93a950f6e6365848 9d5bbb0be7164d9c93a950f6e6365848] 10.0.0.206 "GET /resource_providers/2a0d3041-e17d-4888-bbd5-07060758df98/aggregates" status: 404 len: 235 microversion: 1.1 [pid: 8|app: 0|req: 522/1049] 10.0.0.206 () {32 vars in 816 bytes} [Fri Feb 27 19:43:28 2026] GET /resource_providers/2a0d3041-e17d-4888-bbd5-07060758df98/aggregates => generated 235 bytes in 12 msecs (HTTP/1.1 404) 5 headers in 202 bytes (1 switches on core 0)
2026-02-27 19:43:28.340 7 INFO placement.requestlog [None req-e79cae4a-f2a9-4d46-bd85-7a8ee7095f9e 6677be9db7b84806922224e6d02d6fb6 d8a927d6b4894359a96004ed6cc5ea95 - - 9d5bbb0be7164d9c93a950f6e6365848 9d5bbb0be7164d9c93a950f6e6365848] 10.0.0.206 "GET /resource_providers/2a0d3041-e17d-4888-bbd5-07060758df98/aggregates" status: 404 len: 235 microversion: 1.1 [pid: 7|app: 0|req: 528/1050] 10.0.0.206 () {32 vars in 816 bytes} [Fri Feb 27 19:43:28 2026] GET /resource_providers/2a0d3041-e17d-4888-bbd5-07060758df98/aggregates => generated 235 bytes in 16 msecs (HTTP/1.1 404) 5 headers in 202 bytes (1 switches on core 0)
2026-02-27 19:43:28.354 8 INFO placement.requestlog [None req-639dc3fa-cc27-485e-b319-422fa6fee45f 6677be9db7b84806922224e6d02d6fb6 d8a927d6b4894359a96004ed6cc5ea95 - - 9d5bbb0be7164d9c93a950f6e6365848 9d5bbb0be7164d9c93a950f6e6365848] 10.0.0.206 "DELETE /resource_providers/2a0d3041-e17d-4888-bbd5-07060758df98" status: 404 len: 246 microversion: 1.1 [pid: 8|app: 0|req: 523/1051] 10.0.0.206 () {34 vars in 816 bytes} [Fri Feb 27 19:43:28 2026] DELETE /resource_providers/2a0d3041-e17d-4888-bbd5-07060758df98 => generated 246 bytes in 13 msecs (HTTP/1.1 404) 6 headers in 231 bytes (1 switches on core 0)
2026-02-27 19:43:28.367 7 INFO placement.requestlog [None req-b503c508-b157-485c-b352-882a99a47c8c 6677be9db7b84806922224e6d02d6fb6 d8a927d6b4894359a96004ed6cc5ea95 - - 9d5bbb0be7164d9c93a950f6e6365848 9d5bbb0be7164d9c93a950f6e6365848] 10.0.0.206 "DELETE /resource_providers/2a0d3041-e17d-4888-bbd5-07060758df98" status: 404 len: 246 microversion: 1.1 [pid: 7|app: 0|req: 529/1052] 10.0.0.206 () {34 vars in 816 bytes} [Fri Feb 27 19:43:28 2026] DELETE /resource_providers/2a0d3041-e17d-4888-bbd5-07060758df98 => generated 246 bytes in 15 msecs (HTTP/1.1 404) 6 headers in 231 bytes (1 switches on core 0)
2026-02-27 19:43:28.377 8 INFO placement.requestlog [None req-93dacebf-ccca-4645-bf20-a8d3ee17d0c5 6677be9db7b84806922224e6d02d6fb6 d8a927d6b4894359a96004ed6cc5ea95 - - 9d5bbb0be7164d9c93a950f6e6365848 9d5bbb0be7164d9c93a950f6e6365848] 10.0.0.206 "GET /resource_providers/13bc4cf5-87ec-42a8-8aca-c3e630c954b7/aggregates" status: 404 len: 235 microversion: 1.1 [pid: 8|app: 0|req: 524/1053] 10.0.0.206 () {32 vars in 816 bytes} [Fri Feb 27 19:43:28 2026] GET /resource_providers/13bc4cf5-87ec-42a8-8aca-c3e630c954b7/aggregates => generated 235 bytes in 12 msecs (HTTP/1.1 404) 5 headers in 202 bytes (1 switches on core 0)
2026-02-27 19:43:28.388 7 INFO placement.requestlog [None req-ce5a06a4-f620-4fcf-9ff0-432c81ac917e 6677be9db7b84806922224e6d02d6fb6 d8a927d6b4894359a96004ed6cc5ea95 - - 9d5bbb0be7164d9c93a950f6e6365848 9d5bbb0be7164d9c93a950f6e6365848] 10.0.0.206 "GET /resource_providers/13bc4cf5-87ec-42a8-8aca-c3e630c954b7/aggregates" status: 404 len: 235 microversion: 1.1 [pid: 7|app: 0|req: 530/1054] 10.0.0.206 () {32 vars in 816 bytes} [Fri Feb 27 19:43:28 2026] GET /resource_providers/13bc4cf5-87ec-42a8-8aca-c3e630c954b7/aggregates => generated 235 bytes in 14 msecs (HTTP/1.1 404) 5 headers in 202 bytes (1 switches on core 0)
2026-02-27 19:43:28.395 8 INFO placement.requestlog [None req-6bf414d3-c20a-4124-9735-9d31211891e7 6677be9db7b84806922224e6d02d6fb6 d8a927d6b4894359a96004ed6cc5ea95 - - 9d5bbb0be7164d9c93a950f6e6365848 9d5bbb0be7164d9c93a950f6e6365848] 10.0.0.206 "DELETE /resource_providers/13bc4cf5-87ec-42a8-8aca-c3e630c954b7" status: 404 len: 246 microversion: 1.1 [pid: 8|app: 0|req: 525/1055] 10.0.0.206 () {34 vars in 816 bytes} [Fri Feb 27 19:43:28 2026] DELETE /resource_providers/13bc4cf5-87ec-42a8-8aca-c3e630c954b7 => generated 246 bytes in 10 msecs (HTTP/1.1 404) 6 headers in 231 bytes (1 switches on core 0)
2026-02-27 19:43:28.401 7 INFO placement.requestlog [None req-b1b0df83-fdfb-440a-ad57-3847617e63e2 6677be9db7b84806922224e6d02d6fb6 d8a927d6b4894359a96004ed6cc5ea95 - - 9d5bbb0be7164d9c93a950f6e6365848 9d5bbb0be7164d9c93a950f6e6365848] 10.0.0.206 "DELETE /resource_providers/13bc4cf5-87ec-42a8-8aca-c3e630c954b7" status: 404 len: 246 microversion: 1.1 [pid: 7|app: 0|req: 531/1056] 10.0.0.206 () {34 vars in 816 bytes} [Fri Feb 27 19:43:28 2026] DELETE /resource_providers/13bc4cf5-87ec-42a8-8aca-c3e630c954b7 => generated 246 bytes in 7 msecs (HTTP/1.1 404) 6 headers in 231 bytes (1 switches on core 0)
2026-02-27 19:43:29.697 8 INFO placement.requestlog [None req-863de527-d8f1-4b11-aeed-b51ac24e2d66 6677be9db7b84806922224e6d02d6fb6 d8a927d6b4894359a96004ed6cc5ea95 - - 9d5bbb0be7164d9c93a950f6e6365848 9d5bbb0be7164d9c93a950f6e6365848] 10.0.0.206 "GET /resource_providers/43cd1224-e0f2-4588-b191-e4eebae53a8a/aggregates" status: 404 len: 235 microversion: 1.1 [pid: 8|app: 0|req: 526/1057] 10.0.0.206 () {32 vars in 816 bytes} [Fri Feb 27 19:43:29 2026] GET /resource_providers/43cd1224-e0f2-4588-b191-e4eebae53a8a/aggregates => generated 235 bytes in 8 msecs (HTTP/1.1 404) 5 headers in 202 bytes (1 switches on core 0)
2026-02-27 19:43:29.715 7 INFO placement.requestlog [None req-67a60f87-a290-4a39-9fc5-9657b49c3033 6677be9db7b84806922224e6d02d6fb6 d8a927d6b4894359a96004ed6cc5ea95 - - 9d5bbb0be7164d9c93a950f6e6365848 9d5bbb0be7164d9c93a950f6e6365848] 10.0.0.206 "GET /resource_providers/43cd1224-e0f2-4588-b191-e4eebae53a8a/aggregates" status: 404 len: 235 microversion: 1.1 [pid: 7|app: 0|req: 532/1058] 10.0.0.206 () {32 vars in 816 bytes} [Fri Feb 27 19:43:29 2026] GET /resource_providers/43cd1224-e0f2-4588-b191-e4eebae53a8a/aggregates => generated 235 bytes in 16 msecs (HTTP/1.1 404) 5 headers in 202 bytes (1 switches on core 0)
2026-02-27 19:43:29.719 8 INFO placement.requestlog [None req-4448779c-13eb-46d4-b368-0acc9a5b59e5 6677be9db7b84806922224e6d02d6fb6 d8a927d6b4894359a96004ed6cc5ea95 - - 9d5bbb0be7164d9c93a950f6e6365848 9d5bbb0be7164d9c93a950f6e6365848] 10.0.0.206 "DELETE /resource_providers/43cd1224-e0f2-4588-b191-e4eebae53a8a" status: 404 len: 246 microversion: 1.1 [pid: 8|app: 0|req: 527/1059] 10.0.0.206 () {34 vars in 816 bytes} [Fri Feb 27 19:43:29 2026] DELETE /resource_providers/43cd1224-e0f2-4588-b191-e4eebae53a8a => generated 246 bytes in 9 msecs (HTTP/1.1 404) 6 headers in 231 bytes (1 switches on core 0)
2026-02-27 19:43:29.734 7 INFO placement.requestlog [None req-3152684b-82e4-4a0a-a906-308d3a11a12b 6677be9db7b84806922224e6d02d6fb6 d8a927d6b4894359a96004ed6cc5ea95 - - 9d5bbb0be7164d9c93a950f6e6365848 9d5bbb0be7164d9c93a950f6e6365848] 10.0.0.206 "DELETE /resource_providers/43cd1224-e0f2-4588-b191-e4eebae53a8a" status: 404 len: 246 microversion: 1.1 [pid: 7|app: 0|req: 533/1060] 10.0.0.206 () {34 vars in 816 bytes} [Fri Feb 27 19:43:29 2026] DELETE /resource_providers/43cd1224-e0f2-4588-b191-e4eebae53a8a => generated 246 bytes in 10 msecs (HTTP/1.1 404) 6 headers in 231 bytes (1 switches on core 0)
2026-02-27 19:43:30.423 8 INFO placement.requestlog [None req-c3764edc-a944-4585-87d6-51b4ca34c2ad 6677be9db7b84806922224e6d02d6fb6 d8a927d6b4894359a96004ed6cc5ea95 - - 9d5bbb0be7164d9c93a950f6e6365848 9d5bbb0be7164d9c93a950f6e6365848] 10.0.0.206 "GET /resource_providers/4fdf4854-db16-4b5e-a2c0-3825a7815f25/aggregates" status: 404 len: 235 microversion: 1.1 [pid: 8|app: 0|req: 528/1061] 10.0.0.206 () {32 vars in 816 bytes} [Fri Feb 27 19:43:30 2026] GET /resource_providers/4fdf4854-db16-4b5e-a2c0-3825a7815f25/aggregates => generated 235 bytes in 11 msecs (HTTP/1.1 404) 5 headers in 202 bytes (1 switches on core 0)
2026-02-27 19:43:30.426 7 INFO placement.requestlog [None req-6bf75ec6-932f-4267-a954-7c2e33f0b962 6677be9db7b84806922224e6d02d6fb6 d8a927d6b4894359a96004ed6cc5ea95 - - 9d5bbb0be7164d9c93a950f6e6365848 9d5bbb0be7164d9c93a950f6e6365848] 10.0.0.206 "GET /resource_providers/4fdf4854-db16-4b5e-a2c0-3825a7815f25/aggregates" status: 404 len: 235 microversion: 1.1 [pid: 7|app: 0|req: 534/1062] 10.0.0.206 () {32 vars in 816 bytes} [Fri Feb 27 19:43:30 2026] GET /resource_providers/4fdf4854-db16-4b5e-a2c0-3825a7815f25/aggregates => generated 235 bytes in 11 msecs (HTTP/1.1 404) 5 headers in 202 bytes (1 switches on core 0)
2026-02-27 19:43:30.448 8 INFO placement.requestlog [None req-bd842377-f331-405a-a58a-8cb26e9bbf79 6677be9db7b84806922224e6d02d6fb6 d8a927d6b4894359a96004ed6cc5ea95 - - 9d5bbb0be7164d9c93a950f6e6365848 9d5bbb0be7164d9c93a950f6e6365848] 10.0.0.206 "DELETE /resource_providers/4fdf4854-db16-4b5e-a2c0-3825a7815f25" status: 404 len: 246 microversion: 1.1 [pid: 8|app: 0|req: 529/1063] 10.0.0.206 () {34 vars in 816 bytes} [Fri Feb 27 19:43:30 2026] DELETE /resource_providers/4fdf4854-db16-4b5e-a2c0-3825a7815f25 => generated 246 bytes in 12 msecs (HTTP/1.1 404) 6 headers in 231 bytes (1 switches on core 0)
2026-02-27 19:43:30.454 7 INFO placement.requestlog [None req-0bf721d5-939f-4ebc-8b15-ea130c370186 6677be9db7b84806922224e6d02d6fb6 d8a927d6b4894359a96004ed6cc5ea95 - - 9d5bbb0be7164d9c93a950f6e6365848 9d5bbb0be7164d9c93a950f6e6365848] 10.0.0.206 "DELETE /resource_providers/4fdf4854-db16-4b5e-a2c0-3825a7815f25" status: 404 len: 246 microversion: 1.1 [pid: 7|app: 0|req: 535/1064] 10.0.0.206 () {34 vars in 816 bytes} [Fri Feb 27 19:43:30 2026] DELETE /resource_providers/4fdf4854-db16-4b5e-a2c0-3825a7815f25 => generated 246 bytes in 16 msecs (HTTP/1.1 404) 6 headers in 231 bytes (1 switches on core 0)
2026-02-27 19:43:30.470 8 INFO placement.requestlog [None req-6aad3aed-2f3f-42f1-85ca-01c0e2d315de 6677be9db7b84806922224e6d02d6fb6 d8a927d6b4894359a96004ed6cc5ea95 - - 9d5bbb0be7164d9c93a950f6e6365848 9d5bbb0be7164d9c93a950f6e6365848] 10.0.0.206 "GET /resource_providers/3f955007-b319-4271-bd8e-323da1f214ae/aggregates" status: 404 len: 235 microversion: 1.1 [pid: 8|app: 0|req: 530/1065] 10.0.0.206 () {32 vars in 816 bytes} [Fri Feb 27 19:43:30 2026] GET /resource_providers/3f955007-b319-4271-bd8e-323da1f214ae/aggregates => generated 235 bytes in 10 msecs (HTTP/1.1 404) 5 headers in 202 bytes (1 switches on core 0)
2026-02-27 19:43:30.473 7 INFO placement.requestlog [None req-445bc828-979e-403b-8f66-add4192467c5 6677be9db7b84806922224e6d02d6fb6 d8a927d6b4894359a96004ed6cc5ea95 - - 9d5bbb0be7164d9c93a950f6e6365848 9d5bbb0be7164d9c93a950f6e6365848] 10.0.0.206 "GET /resource_providers/3f955007-b319-4271-bd8e-323da1f214ae/aggregates" status: 404 len: 235 microversion: 1.1 [pid: 7|app: 0|req: 536/1066] 10.0.0.206 () {32 vars in 816 bytes} [Fri Feb 27 19:43:30 2026] GET /resource_providers/3f955007-b319-4271-bd8e-323da1f214ae/aggregates => generated 235 bytes in 8 msecs (HTTP/1.1 404) 5 headers in 202 bytes (1 switches on core 0)
2026-02-27 19:43:30.491 7 INFO placement.requestlog [None req-fdfe3c21-fd05-4430-bea4-b9b93980bce0 6677be9db7b84806922224e6d02d6fb6 d8a927d6b4894359a96004ed6cc5ea95 - - 9d5bbb0be7164d9c93a950f6e6365848 9d5bbb0be7164d9c93a950f6e6365848] 10.0.0.206 "DELETE /resource_providers/3f955007-b319-4271-bd8e-323da1f214ae" status: 404 len: 246 microversion: 1.1 [pid: 7|app: 0|req: 537/1067] 10.0.0.206 () {34 vars in 816 bytes} [Fri Feb 27 19:43:30 2026] DELETE /resource_providers/3f955007-b319-4271-bd8e-323da1f214ae => generated 246 bytes in 9 msecs (HTTP/1.1 404) 6 headers in 231 bytes (1 switches on core 0)
2026-02-27 19:43:30.492 8 INFO placement.requestlog [None req-eec888f8-3326-495e-b47d-be1ab1fef8aa 6677be9db7b84806922224e6d02d6fb6 d8a927d6b4894359a96004ed6cc5ea95 - - 9d5bbb0be7164d9c93a950f6e6365848 9d5bbb0be7164d9c93a950f6e6365848] 10.0.0.206 "DELETE /resource_providers/3f955007-b319-4271-bd8e-323da1f214ae" status: 404 len: 246 microversion: 1.1 [pid: 8|app: 0|req: 531/1068] 10.0.0.206 () {34 vars in 816 bytes} [Fri Feb 27 19:43:30 2026] DELETE /resource_providers/3f955007-b319-4271-bd8e-323da1f214ae => generated 246 bytes in 11 msecs (HTTP/1.1 404) 6 headers in 231 bytes (1 switches on core 0)
2026-02-27 19:43:30.512 7 INFO placement.requestlog [None req-070df514-f3e7-4bf2-8860-30fae6f34a02 6677be9db7b84806922224e6d02d6fb6 d8a927d6b4894359a96004ed6cc5ea95 - - 9d5bbb0be7164d9c93a950f6e6365848 9d5bbb0be7164d9c93a950f6e6365848] 10.0.0.206 "GET /resource_providers/c5d2abbd-3b79-4775-87b2-2d66f998fbd4/aggregates" status: 404 len: 235 microversion: 1.1 [pid: 7|app: 0|req: 538/1069] 10.0.0.206 () {32 vars in 816 bytes} [Fri Feb 27 19:43:30 2026] GET /resource_providers/c5d2abbd-3b79-4775-87b2-2d66f998fbd4/aggregates => generated 235 bytes in 12 msecs (HTTP/1.1 404) 5 headers in 202 bytes (1 switches on core 0)
2026-02-27 19:43:30.517 8 INFO placement.requestlog [None req-a8d7e174-8089-45dc-b994-0939229aae70 6677be9db7b84806922224e6d02d6fb6 d8a927d6b4894359a96004ed6cc5ea95 - - 9d5bbb0be7164d9c93a950f6e6365848 9d5bbb0be7164d9c93a950f6e6365848] 10.0.0.206 "GET /resource_providers/c5d2abbd-3b79-4775-87b2-2d66f998fbd4/aggregates" status: 404 len: 235 microversion: 1.1 [pid: 8|app: 0|req: 532/1070] 10.0.0.206 () {32 vars in 816 bytes} [Fri Feb 27 19:43:30 2026] GET /resource_providers/c5d2abbd-3b79-4775-87b2-2d66f998fbd4/aggregates => generated 235 bytes in 14 msecs (HTTP/1.1 404) 5 headers in 202 bytes (1 switches on core 0)
2026-02-27 19:43:30.537 7 INFO placement.requestlog [None req-f023811a-4f1f-4ac4-81b9-88dd1d1edb8b 6677be9db7b84806922224e6d02d6fb6 d8a927d6b4894359a96004ed6cc5ea95 - - 9d5bbb0be7164d9c93a950f6e6365848 9d5bbb0be7164d9c93a950f6e6365848] 10.0.0.206 "DELETE /resource_providers/c5d2abbd-3b79-4775-87b2-2d66f998fbd4" status: 404 len: 246 microversion: 1.1
2026-02-27 19:43:30.537 8 INFO placement.requestlog [None req-3f5ae5e8-6443-4095-873b-1d407df8d8af 6677be9db7b84806922224e6d02d6fb6 d8a927d6b4894359a96004ed6cc5ea95 - - 9d5bbb0be7164d9c93a950f6e6365848 9d5bbb0be7164d9c93a950f6e6365848] 10.0.0.206 "DELETE /resource_providers/c5d2abbd-3b79-4775-87b2-2d66f998fbd4" status: 404 len: 246 microversion: 1.1 [pid: 7|app: 0|req: 539/1071] 10.0.0.206 () {34 vars in 816 bytes} [Fri Feb 27 19:43:30 2026] DELETE /resource_providers/c5d2abbd-3b79-4775-87b2-2d66f998fbd4 => generated 246 bytes in 11 msecs (HTTP/1.1 404) 6 headers in 231 bytes (1 switches on core 0) [pid: 8|app: 0|req: 533/1072] 10.0.0.206 () {34 vars in 816 bytes} [Fri Feb 27 19:43:30 2026] DELETE /resource_providers/c5d2abbd-3b79-4775-87b2-2d66f998fbd4 => generated 246 bytes in 10 msecs (HTTP/1.1 404) 6 headers in 231 bytes (1 switches on core 0)
2026-02-27 19:43:31.446 7 INFO placement.requestlog [None req-86f20e7e-1fb3-4296-9b7e-5cac25d8f620 - - - - - -] 10.0.0.117 "GET /" status: 200 len: 136 microversion: 1.0
2026-02-27 19:43:31.446 8 INFO placement.requestlog [None req-98436774-7669-4603-873f-b13ac5810323 - - - - - -] 10.0.0.117 "GET /" status: 200 len: 136 microversion: 1.0
2026-02-27 19:43:36.552 8 INFO placement.requestlog [None req-066b077d-3d0e-42cb-8435-31bd1346e443 c3fb236c7b8a4474aefdcc55fb2f699a e7055c002a9840769e457eaf26670807 - - default default] 10.0.0.159 "GET /resource_providers" status: 200 len: 406 microversion: 1.0 [pid: 8|app: 0|req: 535/1075] 10.0.0.159 () {28 vars in 593 bytes} [Fri Feb 27 19:43:36 2026] GET /resource_providers => generated 406 bytes in 179 msecs (HTTP/1.1 200) 6 headers in 224 bytes (1 switches on core 0)
2026-02-27 19:43:36.577 7 INFO placement.requestlog [None req-be10518f-8af1-4c43-a7f4-26b3130be3a8 c3fb236c7b8a4474aefdcc55fb2f699a e7055c002a9840769e457eaf26670807 - - default default] 10.0.0.159 "GET /resource_providers/b9363f90-61ed-47ac-91d4-5a41ac644ed5/inventories" status: 200 len: 401 microversion: 1.0 [pid: 7|app: 0|req: 541/1076] 10.0.0.159 () {28 vars in 691 bytes} [Fri Feb 27 19:43:36 2026] GET /resource_providers/b9363f90-61ed-47ac-91d4-5a41ac644ed5/inventories => generated 401 bytes in 15 msecs (HTTP/1.1 200) 6 headers in 224 bytes (1 switches on core 0)
2026-02-27 19:43:36.598 8 INFO placement.requestlog [None req-cd4a69b1-9ab0-4b19-be3d-0bdc3d39eecf c3fb236c7b8a4474aefdcc55fb2f699a e7055c002a9840769e457eaf26670807 - - default default] 10.0.0.159 "GET /resource_providers/b9363f90-61ed-47ac-91d4-5a41ac644ed5/usages" status: 200 len: 89 microversion: 1.0 [pid: 8|app: 0|req: 536/1077] 10.0.0.159 () {28 vars in 681 bytes} [Fri Feb 27 19:43:36 2026] GET /resource_providers/b9363f90-61ed-47ac-91d4-5a41ac644ed5/usages => generated 89 bytes in 15 msecs (HTTP/1.1 200) 6 headers in 223 bytes (1 switches on core 0)
2026-02-27 19:43:41.447 7 INFO placement.requestlog [None req-2ccdb6b8-6737-4630-9db9-c319e52ebb1a - - - - - -] 10.0.0.117 "GET /" status: 200 len: 136 microversion: 1.0
2026-02-27 19:43:41.447 8 INFO placement.requestlog [None req-1805dcaf-2c8b-411b-9ae9-e7e95d7f5f1b - - - - - -] 10.0.0.117 "GET /" status: 200 len: 136 microversion: 1.0
2026-02-27 19:43:45.420 7 INFO placement.requestlog [req-014d470d-d727-4607-9aea-12d4d066977d req-4b59c26c-3b94-4e0d-971d-f45edeed9bfa 869e5393c0754615b06f6d8227082932 d8a927d6b4894359a96004ed6cc5ea95 - - 9d5bbb0be7164d9c93a950f6e6365848 9d5bbb0be7164d9c93a950f6e6365848] 199.204.45.113 "GET /resource_providers/b9363f90-61ed-47ac-91d4-5a41ac644ed5/allocations" status: 200 len: 55 microversion: 1.0 [pid: 7|app: 0|req: 543/1080] 199.204.45.113 () {32 vars in 857 bytes} [Fri Feb 27 19:43:45 2026] GET /resource_providers/b9363f90-61ed-47ac-91d4-5a41ac644ed5/allocations => generated 55 bytes in 119 msecs (HTTP/1.1 200) 6 headers in 223 bytes (1 switches on core 0)
2026-02-27 19:43:45.444 8 INFO placement.requestlog [req-014d470d-d727-4607-9aea-12d4d066977d req-fce6867b-7ec1-461a-8c1a-24e3471518f6 869e5393c0754615b06f6d8227082932 d8a927d6b4894359a96004ed6cc5ea95 - - 9d5bbb0be7164d9c93a950f6e6365848 9d5bbb0be7164d9c93a950f6e6365848] 199.204.45.113 "GET /resource_providers?in_tree=b9363f90-61ed-47ac-91d4-5a41ac644ed5" status: 200 len: 798 microversion: 1.14 [pid: 8|app: 0|req: 538/1081] 199.204.45.113 () {34 vars in 892 bytes} [Fri Feb 27 19:43:45 2026] GET /resource_providers?in_tree=b9363f90-61ed-47ac-91d4-5a41ac644ed5 => generated 798 bytes in 17 msecs (HTTP/1.1 200) 6 headers in 225 bytes (1 switches on core 0)
2026-02-27 19:43:45.463 7 INFO placement.requestlog [req-014d470d-d727-4607-9aea-12d4d066977d req-02cc7cf8-7183-474e-8c14-d7d640307a14 869e5393c0754615b06f6d8227082932 d8a927d6b4894359a96004ed6cc5ea95 - - 9d5bbb0be7164d9c93a950f6e6365848 9d5bbb0be7164d9c93a950f6e6365848] 199.204.45.113 "GET /resource_providers/b9363f90-61ed-47ac-91d4-5a41ac644ed5/inventories" status: 200 len: 401 microversion: 1.0 [pid: 7|app: 0|req: 544/1082] 199.204.45.113 () {32 vars in 857 bytes} [Fri Feb 27 19:43:45 2026] GET /resource_providers/b9363f90-61ed-47ac-91d4-5a41ac644ed5/inventories => generated 401 bytes in 14 msecs (HTTP/1.1 200) 6 headers in 224 bytes (1 switches on core 0)
2026-02-27 19:43:45.481 8 INFO placement.requestlog [req-014d470d-d727-4607-9aea-12d4d066977d req-b5b7f9bc-583c-4c27-b5dd-413dcd26b8a8 869e5393c0754615b06f6d8227082932 d8a927d6b4894359a96004ed6cc5ea95 - - 9d5bbb0be7164d9c93a950f6e6365848 9d5bbb0be7164d9c93a950f6e6365848] 199.204.45.113 "GET /resource_providers/b9363f90-61ed-47ac-91d4-5a41ac644ed5/aggregates" status: 200 len: 54 microversion: 1.19 [pid: 8|app: 0|req: 539/1083] 199.204.45.113 () {34 vars in 899 bytes} [Fri Feb 27 19:43:45 2026] GET /resource_providers/b9363f90-61ed-47ac-91d4-5a41ac644ed5/aggregates => generated 54 bytes in 12 msecs (HTTP/1.1 200) 8 headers in 295 bytes (1 switches on core 0)
2026-02-27 19:43:45.504 7 INFO placement.requestlog [req-014d470d-d727-4607-9aea-12d4d066977d req-cc06663f-3ce4-4665-8ee4-468a13017990 869e5393c0754615b06f6d8227082932 d8a927d6b4894359a96004ed6cc5ea95 - - 9d5bbb0be7164d9c93a950f6e6365848 9d5bbb0be7164d9c93a950f6e6365848] 199.204.45.113 "GET /resource_providers/b9363f90-61ed-47ac-91d4-5a41ac644ed5/traits" status: 200 len: 2317 microversion: 1.6 [pid: 7|app: 0|req: 545/1084] 199.204.45.113 () {34 vars in 890 bytes} [Fri Feb 27 19:43:45 2026] GET /resource_providers/b9363f90-61ed-47ac-91d4-5a41ac644ed5/traits => generated 2317 bytes in 18 msecs (HTTP/1.1 200) 6 headers in 225 bytes (1 switches on core 0)
2026-02-27 19:43:45.523 8 INFO placement.requestlog [req-014d470d-d727-4607-9aea-12d4d066977d req-a34aaf4f-2a20-4dc2-95d5-73443651c081 869e5393c0754615b06f6d8227082932 d8a927d6b4894359a96004ed6cc5ea95 - - 9d5bbb0be7164d9c93a950f6e6365848 9d5bbb0be7164d9c93a950f6e6365848] 199.204.45.113 "GET /resource_providers/b9363f90-61ed-47ac-91d4-5a41ac644ed5/allocations" status: 200 len: 55 microversion: 1.0 [pid: 8|app: 0|req: 540/1085] 199.204.45.113 () {32 vars in 857 bytes} [Fri Feb 27 19:43:45 2026] GET /resource_providers/b9363f90-61ed-47ac-91d4-5a41ac644ed5/allocations => generated 55 bytes in 13 msecs (HTTP/1.1 200) 6 headers in 223 bytes (1 switches on core 0)
2026-02-27 19:43:47.348 7 INFO placement.requestlog [req-4f5cb62d-2f4d-419d-914e-785cea1da1de req-26d17f09-7930-4abc-8386-a5ac70a94723 869e5393c0754615b06f6d8227082932 d8a927d6b4894359a96004ed6cc5ea95 - - 9d5bbb0be7164d9c93a950f6e6365848 9d5bbb0be7164d9c93a950f6e6365848] 10.0.0.233 "GET /allocation_candidates?limit=1000&resources=DISK_GB%3A1%2CMEMORY_MB%3A512%2CVCPU%3A1&root_required=%21COMPUTE_STATUS_DISABLED" status: 200 len: 2781 microversion: 1.36 [pid: 7|app: 0|req: 546/1086] 10.0.0.233 () {34 vars in 1012 bytes} [Fri Feb 27 19:43:47 2026] GET /allocation_candidates?limit=1000&resources=DISK_GB%3A1%2CMEMORY_MB%3A512%2CVCPU%3A1&root_required=%21COMPUTE_STATUS_DISABLED => generated 2781 bytes in 39 msecs (HTTP/1.1 200) 8 headers in 297 bytes (1 switches on core 0)
2026-02-27 19:43:47.386 8 INFO placement.requestlog [req-4f5cb62d-2f4d-419d-914e-785cea1da1de req-4a291ea5-b15a-4a25-be74-32fb832fbbb6 869e5393c0754615b06f6d8227082932 d8a927d6b4894359a96004ed6cc5ea95 - - 9d5bbb0be7164d9c93a950f6e6365848 9d5bbb0be7164d9c93a950f6e6365848] 10.0.0.233 "GET /allocations/0b655be8-4846-45bc-ba44-76dfcaea281d" status: 200 len: 19 microversion: 1.28 [pid: 8|app: 0|req: 541/1087] 10.0.0.233 () {34 vars in 861 bytes} [Fri Feb 27 19:43:47 2026] GET /allocations/0b655be8-4846-45bc-ba44-76dfcaea281d => generated 19 bytes in 10 msecs (HTTP/1.1 200) 8 headers in 295 bytes (1 switches on core 0)
2026-02-27 19:43:47.449 7 INFO placement.requestlog [req-4f5cb62d-2f4d-419d-914e-785cea1da1de req-ea5d6839-48ea-44ac-b2d8-92c71a7c164d 869e5393c0754615b06f6d8227082932 d8a927d6b4894359a96004ed6cc5ea95 - - 9d5bbb0be7164d9c93a950f6e6365848 9d5bbb0be7164d9c93a950f6e6365848] 10.0.0.233 "PUT /allocations/0b655be8-4846-45bc-ba44-76dfcaea281d" status: 204 len: 0 microversion: 1.36 [pid: 7|app: 0|req: 547/1088] 10.0.0.233 () {38 vars in 914 bytes} [Fri Feb 27 19:43:47 2026] PUT /allocations/0b655be8-4846-45bc-ba44-76dfcaea281d => generated 0 bytes in 56 msecs (HTTP/1.1 204) 5 headers in 199 bytes (1 switches on core 0)
2026-02-27 19:43:48.984 8 INFO placement.requestlog [req-4f5cb62d-2f4d-419d-914e-785cea1da1de req-4ab94ef0-f494-49c2-bfa0-cd1d2e3de540 869e5393c0754615b06f6d8227082932 d8a927d6b4894359a96004ed6cc5ea95 - - 9d5bbb0be7164d9c93a950f6e6365848 9d5bbb0be7164d9c93a950f6e6365848] 199.204.45.113 "GET /allocations/0b655be8-4846-45bc-ba44-76dfcaea281d" status: 200 len: 258 microversion: 1.28 [pid: 8|app: 0|req: 542/1089] 199.204.45.113 () {34 vars in 863 bytes} [Fri Feb 27 19:43:48 2026] GET /allocations/0b655be8-4846-45bc-ba44-76dfcaea281d => generated 258 bytes in 14 msecs (HTTP/1.1 200) 8 headers in 296 bytes (1 switches on core 0)
2026-02-27 19:43:50.024 7 INFO placement.requestlog [req-4f5cb62d-2f4d-419d-914e-785cea1da1de req-a2dd200c-fc03-4cb7-8158-93bb32a030b0 869e5393c0754615b06f6d8227082932 d8a927d6b4894359a96004ed6cc5ea95 - - 9d5bbb0be7164d9c93a950f6e6365848 9d5bbb0be7164d9c93a950f6e6365848] 199.204.45.113 "GET /resource_providers/b9363f90-61ed-47ac-91d4-5a41ac644ed5/allocations" status: 200 len: 153 microversion: 1.0 [pid: 7|app: 0|req: 548/1090] 199.204.45.113 () {32 vars in 857 bytes} [Fri Feb 27 19:43:50 2026] GET /resource_providers/b9363f90-61ed-47ac-91d4-5a41ac644ed5/allocations => generated 153 bytes in 17 msecs (HTTP/1.1 200) 6 headers in 224 bytes (1 switches on core 0)
2026-02-27 19:43:50.044 8 INFO placement.requestlog [req-4f5cb62d-2f4d-419d-914e-785cea1da1de req-c461e4d9-b48d-4164-b4ef-6fd423ced892 869e5393c0754615b06f6d8227082932 d8a927d6b4894359a96004ed6cc5ea95 - - 9d5bbb0be7164d9c93a950f6e6365848 9d5bbb0be7164d9c93a950f6e6365848] 199.204.45.113 "GET /allocations/0b655be8-4846-45bc-ba44-76dfcaea281d" status: 200 len: 258 microversion: 1.28 [pid: 8|app: 0|req: 543/1091] 199.204.45.113 () {34 vars in 863 bytes} [Fri Feb 27 19:43:50 2026] GET /allocations/0b655be8-4846-45bc-ba44-76dfcaea281d => generated 258 bytes in 16 msecs (HTTP/1.1 200) 8 headers in 296 bytes (1 switches on core 0)
2026-02-27 19:43:51.446 7 INFO placement.requestlog [None req-68118fd0-0e9b-4cbb-a3f6-3b70adff6657 - - - - - -] 10.0.0.117 "GET /" status: 200 len: 136 microversion: 1.0
2026-02-27 19:43:51.446 8 INFO placement.requestlog [None req-253a2756-bd02-44d2-97b3-a9127fe78bcb - - - - - -] 10.0.0.117 "GET /" status: 200 len: 136 microversion: 1.0
2026-02-27 19:43:54.869 7 INFO placement.requestlog [None req-9a5fa4b3-35eb-43eb-ad2c-51c34a3d6f9d 6677be9db7b84806922224e6d02d6fb6 d8a927d6b4894359a96004ed6cc5ea95 - - 9d5bbb0be7164d9c93a950f6e6365848 9d5bbb0be7164d9c93a950f6e6365848] 10.0.0.206 "GET /resource_providers/1a3abe38-3270-4113-94dc-e837bb1f99dd/aggregates" status: 404 len: 235 microversion: 1.1 [pid: 7|app: 0|req: 550/1094] 10.0.0.206 () {32 vars in 816 bytes} [Fri Feb 27 19:43:54 2026] GET /resource_providers/1a3abe38-3270-4113-94dc-e837bb1f99dd/aggregates => generated 235 bytes in 13 msecs (HTTP/1.1 404) 5 headers in 202 bytes (1 switches on core 0)
2026-02-27 19:43:54.871 8 INFO placement.requestlog [None req-76252d81-82e5-4573-9a22-f51d3a4f2e00 6677be9db7b84806922224e6d02d6fb6 d8a927d6b4894359a96004ed6cc5ea95 - - 9d5bbb0be7164d9c93a950f6e6365848 9d5bbb0be7164d9c93a950f6e6365848] 10.0.0.206 "GET /resource_providers/1a3abe38-3270-4113-94dc-e837bb1f99dd/aggregates" status: 404 len: 235 microversion: 1.1 [pid: 8|app: 0|req: 545/1095] 10.0.0.206 () {32 vars in 816 bytes} [Fri Feb 27 19:43:54 2026] GET /resource_providers/1a3abe38-3270-4113-94dc-e837bb1f99dd/aggregates => generated 235 bytes in 11 msecs (HTTP/1.1 404) 5 headers in 202 bytes (1 switches on core 0)
2026-02-27 19:43:54.887 7 INFO placement.requestlog [None req-0362d4cb-e6e9-4cfe-8a6c-e6ff134d1f37 6677be9db7b84806922224e6d02d6fb6 d8a927d6b4894359a96004ed6cc5ea95 - - 9d5bbb0be7164d9c93a950f6e6365848 9d5bbb0be7164d9c93a950f6e6365848] 10.0.0.206 "DELETE /resource_providers/1a3abe38-3270-4113-94dc-e837bb1f99dd" status: 404 len: 246 microversion: 1.1 [pid: 7|app: 0|req: 551/1096] 10.0.0.206 () {34 vars in 816 bytes} [Fri Feb 27 19:43:54 2026] DELETE /resource_providers/1a3abe38-3270-4113-94dc-e837bb1f99dd => generated 246 bytes in 9 msecs (HTTP/1.1 404) 6 headers in 231 bytes (1 switches on core 0)
2026-02-27 19:43:54.889 8 INFO placement.requestlog [None req-2f128d94-6e80-4d71-9e61-4a77bcb74a4f 6677be9db7b84806922224e6d02d6fb6 d8a927d6b4894359a96004ed6cc5ea95 - - 9d5bbb0be7164d9c93a950f6e6365848 9d5bbb0be7164d9c93a950f6e6365848] 10.0.0.206 "DELETE /resource_providers/1a3abe38-3270-4113-94dc-e837bb1f99dd" status: 404 len: 246 microversion: 1.1 [pid: 8|app: 0|req: 546/1097] 10.0.0.206 () {34 vars in 816 bytes} [Fri Feb 27 19:43:54 2026] DELETE /resource_providers/1a3abe38-3270-4113-94dc-e837bb1f99dd => generated 246 bytes in 8 msecs (HTTP/1.1 404) 6 headers in 231 bytes (1 switches on core 0)
2026-02-27 19:43:56.914 7 INFO placement.requestlog [None req-35369bfe-cb7a-4bf6-b6df-c9079b75b9c6 6677be9db7b84806922224e6d02d6fb6 d8a927d6b4894359a96004ed6cc5ea95 - - 9d5bbb0be7164d9c93a950f6e6365848 9d5bbb0be7164d9c93a950f6e6365848] 10.0.0.206 "GET /resource_providers/75de5bbd-f147-444c-bfff-a52b1c559b87/aggregates" status: 404 len: 235 microversion: 1.1 [pid: 7|app: 0|req: 552/1098] 10.0.0.206 () {32 vars in 816 bytes} [Fri Feb 27 19:43:56 2026] GET /resource_providers/75de5bbd-f147-444c-bfff-a52b1c559b87/aggregates => generated 235 bytes in 12 msecs (HTTP/1.1 404) 5 headers in 202 bytes (1 switches on core 0)
2026-02-27 19:43:56.918 8 INFO placement.requestlog [None req-05d3a539-3955-413c-a7e2-d1e24b7c6fdc 6677be9db7b84806922224e6d02d6fb6 d8a927d6b4894359a96004ed6cc5ea95 - - 9d5bbb0be7164d9c93a950f6e6365848 9d5bbb0be7164d9c93a950f6e6365848] 10.0.0.206 "GET /resource_providers/75de5bbd-f147-444c-bfff-a52b1c559b87/aggregates" status: 404 len: 235 microversion: 1.1 [pid: 8|app: 0|req: 547/1099] 10.0.0.206 () {32 vars in 816 bytes} [Fri Feb 27 19:43:56 2026] GET /resource_providers/75de5bbd-f147-444c-bfff-a52b1c559b87/aggregates => generated 235 bytes in 12 msecs (HTTP/1.1 404) 5 headers in 202 bytes (1 switches on core 0)
2026-02-27 19:43:56.942 7 INFO placement.requestlog [None req-8ee2de04-0ef5-421a-a4b9-da7b87509c40 6677be9db7b84806922224e6d02d6fb6 d8a927d6b4894359a96004ed6cc5ea95 - - 9d5bbb0be7164d9c93a950f6e6365848 9d5bbb0be7164d9c93a950f6e6365848] 10.0.0.206 "DELETE /resource_providers/75de5bbd-f147-444c-bfff-a52b1c559b87" status: 404 len: 246 microversion: 1.1 [pid: 7|app: 0|req: 553/1100] 10.0.0.206 () {34 vars in 816 bytes} [Fri Feb 27 19:43:56 2026] DELETE /resource_providers/75de5bbd-f147-444c-bfff-a52b1c559b87 => generated 246 bytes in 9 msecs (HTTP/1.1 404) 6 headers in 231 bytes (1 switches on core 0)
2026-02-27 19:43:56.949 8 INFO placement.requestlog [None req-b2dc5196-0bd0-44c3-bc30-5775b0296583 6677be9db7b84806922224e6d02d6fb6 d8a927d6b4894359a96004ed6cc5ea95 - - 9d5bbb0be7164d9c93a950f6e6365848 9d5bbb0be7164d9c93a950f6e6365848] 10.0.0.206 "DELETE /resource_providers/75de5bbd-f147-444c-bfff-a52b1c559b87" status: 404 len: 246 microversion: 1.1 [pid: 8|app: 0|req: 548/1101] 10.0.0.206 () {34 vars in 816 bytes} [Fri Feb 27 19:43:56 2026] DELETE /resource_providers/75de5bbd-f147-444c-bfff-a52b1c559b87 => generated 246 bytes in 11 msecs (HTTP/1.1 404) 6 headers in 231 bytes (1 switches on core 0)
2026-02-27 19:43:58.497 7 INFO placement.requestlog [req-a1b08b0f-ff17-4a9e-b31f-8bcbb55ae3e4 req-275cc46b-ebcc-4b65-a3b5-dd88a317c36b 869e5393c0754615b06f6d8227082932 d8a927d6b4894359a96004ed6cc5ea95 - - 9d5bbb0be7164d9c93a950f6e6365848 9d5bbb0be7164d9c93a950f6e6365848] 10.0.0.233 "GET /allocation_candidates?limit=1000&resources=DISK_GB%3A1%2CMEMORY_MB%3A512%2CVCPU%3A1&root_required=%21COMPUTE_STATUS_DISABLED" status: 200 len: 2783 microversion: 1.36 [pid: 7|app: 0|req: 554/1102] 10.0.0.233 () {34 vars in 1012 bytes} [Fri Feb 27 19:43:58 2026] GET /allocation_candidates?limit=1000&resources=DISK_GB%3A1%2CMEMORY_MB%3A512%2CVCPU%3A1&root_required=%21COMPUTE_STATUS_DISABLED => generated 2783 bytes in 201 msecs (HTTP/1.1 200) 8 headers in 297 bytes (1 switches on core 0)
2026-02-27 19:43:58.584 8 INFO placement.requestlog [req-a1b08b0f-ff17-4a9e-b31f-8bcbb55ae3e4 req-dd14a1b3-7d60-4631-8df5-4c779ab99f73 869e5393c0754615b06f6d8227082932 d8a927d6b4894359a96004ed6cc5ea95 - - 9d5bbb0be7164d9c93a950f6e6365848 9d5bbb0be7164d9c93a950f6e6365848] 10.0.0.233 "GET /allocations/130e03e1-6f87-4ddc-a834-019d0d9c0788" status: 200 len: 19 microversion: 1.28 [pid: 8|app: 0|req: 549/1103] 10.0.0.233 () {34 vars in 861 bytes} [Fri Feb 27 19:43:58 2026] GET /allocations/130e03e1-6f87-4ddc-a834-019d0d9c0788 => generated 19 bytes in 10 msecs (HTTP/1.1 200) 8 headers in 295 bytes (1 switches on core 0)
2026-02-27 19:43:58.652 7 INFO placement.requestlog [req-a1b08b0f-ff17-4a9e-b31f-8bcbb55ae3e4 req-a698fd40-a200-407a-84ac-c1f78550fe59 869e5393c0754615b06f6d8227082932 d8a927d6b4894359a96004ed6cc5ea95 - - 9d5bbb0be7164d9c93a950f6e6365848 9d5bbb0be7164d9c93a950f6e6365848] 10.0.0.233 "PUT /allocations/130e03e1-6f87-4ddc-a834-019d0d9c0788" status: 204 len: 0 microversion: 1.36 [pid: 7|app: 0|req: 555/1104] 10.0.0.233 () {38 vars in 914 bytes} [Fri Feb 27 19:43:58 2026] PUT /allocations/130e03e1-6f87-4ddc-a834-019d0d9c0788 => generated 0 bytes in 64 msecs (HTTP/1.1 204) 5 headers in 199 bytes (1 switches on core 0)
2026-02-27 19:43:59.965 8 INFO placement.requestlog [req-a1b08b0f-ff17-4a9e-b31f-8bcbb55ae3e4 req-1d502c56-8d11-4376-9581-fb240b344088 869e5393c0754615b06f6d8227082932 d8a927d6b4894359a96004ed6cc5ea95 - - 9d5bbb0be7164d9c93a950f6e6365848 9d5bbb0be7164d9c93a950f6e6365848] 199.204.45.113 "GET /allocations/130e03e1-6f87-4ddc-a834-019d0d9c0788" status: 200 len: 258 microversion: 1.28 [pid: 8|app: 0|req: 550/1105] 199.204.45.113 () {34 vars in 863 bytes} [Fri Feb 27 19:43:59 2026] GET /allocations/130e03e1-6f87-4ddc-a834-019d0d9c0788 => generated 258 bytes in 13 msecs (HTTP/1.1 200) 8 headers in 296 bytes (1 switches on core 0)
2026-02-27 19:44:01.013 7 INFO placement.requestlog [req-a1b08b0f-ff17-4a9e-b31f-8bcbb55ae3e4 req-25388219-96d4-431c-8fa8-eaa86bee2da1 869e5393c0754615b06f6d8227082932 d8a927d6b4894359a96004ed6cc5ea95 - - 9d5bbb0be7164d9c93a950f6e6365848 9d5bbb0be7164d9c93a950f6e6365848] 199.204.45.113 "GET /resource_providers/b9363f90-61ed-47ac-91d4-5a41ac644ed5/allocations" status: 200 len: 253 microversion: 1.0 [pid: 7|app: 0|req: 556/1106] 199.204.45.113 () {32 vars in 857 bytes} [Fri Feb 27 19:44:00 2026] GET /resource_providers/b9363f90-61ed-47ac-91d4-5a41ac644ed5/allocations => generated 253 bytes in 18 msecs (HTTP/1.1 200) 6 headers in 224 bytes (1 switches on core 0)
2026-02-27 19:44:01.040 8 INFO placement.requestlog [req-a1b08b0f-ff17-4a9e-b31f-8bcbb55ae3e4 req-8359a556-8323-4066-ba9f-bc1309ad07a5 869e5393c0754615b06f6d8227082932 d8a927d6b4894359a96004ed6cc5ea95 - - 9d5bbb0be7164d9c93a950f6e6365848 9d5bbb0be7164d9c93a950f6e6365848] 199.204.45.113 "GET /allocations/0b655be8-4846-45bc-ba44-76dfcaea281d" status: 200 len: 258 microversion: 1.28 [pid: 8|app: 0|req: 551/1107] 199.204.45.113 () {34 vars in 863 bytes} [Fri Feb 27 19:44:01 2026] GET /allocations/0b655be8-4846-45bc-ba44-76dfcaea281d => generated 258 bytes in 16 msecs (HTTP/1.1 200) 8 headers in 296 bytes (1 switches on core 0)
2026-02-27 19:44:01.058 7 INFO placement.requestlog [req-a1b08b0f-ff17-4a9e-b31f-8bcbb55ae3e4 req-2a5a962b-e196-4c09-be7a-887f5c781ded 869e5393c0754615b06f6d8227082932 d8a927d6b4894359a96004ed6cc5ea95 - - 9d5bbb0be7164d9c93a950f6e6365848 9d5bbb0be7164d9c93a950f6e6365848] 199.204.45.113 "GET /allocations/130e03e1-6f87-4ddc-a834-019d0d9c0788" status: 200 len: 258 microversion: 1.28 [pid: 7|app: 0|req: 557/1108] 199.204.45.113 () {34 vars in 863 bytes} [Fri Feb 27 19:44:01 2026] GET /allocations/130e03e1-6f87-4ddc-a834-019d0d9c0788 => generated 258 bytes in 13 msecs (HTTP/1.1 200) 8 headers in 296 bytes (1 switches on core 0)
2026-02-27 19:44:01.446 7 INFO placement.requestlog [None req-11e016a0-a26c-4f51-b763-48d6c493c01b - - - - - -] 10.0.0.117 "GET /" status: 200 len: 136 microversion: 1.0
2026-02-27 19:44:01.446 8 INFO placement.requestlog [None req-99873f38-3f68-4bc6-9de4-377cc4d8ce1d - - - - - -] 10.0.0.117 "GET /" status: 200 len: 136 microversion: 1.0
2026-02-27 19:44:11.446 7 INFO placement.requestlog [None req-84b5a82e-216b-4dff-bd52-dc5875bb92b3 - - - - - -] 10.0.0.117 "GET /" status: 200 len: 136 microversion: 1.0
2026-02-27 19:44:11.446 8 INFO placement.requestlog [None req-9f56bce6-9145-4d11-bdb1-d3eca4a08798 - - - - - -] 10.0.0.117 "GET /" status: 200 len: 136 microversion: 1.0
2026-02-27 19:44:21.326 7 INFO placement.requestlog [req-df1a90f9-3ed6-41d9-a1fb-97c572e93d74 req-5b8ca3e7-0ac8-4379-8bd9-7f5124264147 869e5393c0754615b06f6d8227082932 d8a927d6b4894359a96004ed6cc5ea95 - - 9d5bbb0be7164d9c93a950f6e6365848 9d5bbb0be7164d9c93a950f6e6365848] 10.0.0.233 "GET /allocation_candidates?limit=1000&resources=DISK_GB%3A1%2CMEMORY_MB%3A512%2CVCPU%3A1&root_required=%21COMPUTE_STATUS_DISABLED" status: 200 len: 2784 microversion: 1.36 [pid: 7|app: 0|req: 560/1113] 10.0.0.233 () {34 vars in 1012 bytes} [Fri Feb 27 19:44:21 2026] GET /allocation_candidates?limit=1000&resources=DISK_GB%3A1%2CMEMORY_MB%3A512%2CVCPU%3A1&root_required=%21COMPUTE_STATUS_DISABLED => generated 2784 bytes in 33 msecs (HTTP/1.1 200) 8 headers in 297 bytes (1 switches on core 0)
2026-02-27 19:44:21.353 8 INFO placement.requestlog [req-df1a90f9-3ed6-41d9-a1fb-97c572e93d74 req-3a61fdaf-9051-4907-a99e-2053d7fb032a 869e5393c0754615b06f6d8227082932 d8a927d6b4894359a96004ed6cc5ea95 - - 9d5bbb0be7164d9c93a950f6e6365848 9d5bbb0be7164d9c93a950f6e6365848] 10.0.0.233 "GET /allocations/2d74b4b7-120e-4ac7-a57c-0fd86c8ee82e" status: 200 len: 19 microversion: 1.28 [pid: 8|app: 0|req: 554/1114] 10.0.0.233 () {34 vars in 861 bytes} [Fri Feb 27 19:44:21 2026] GET /allocations/2d74b4b7-120e-4ac7-a57c-0fd86c8ee82e => generated 19 bytes in 10 msecs (HTTP/1.1 200) 8 headers in 295 bytes (1 switches on core 0)
2026-02-27 19:44:21.415 7 INFO placement.requestlog [req-df1a90f9-3ed6-41d9-a1fb-97c572e93d74 req-4dad7f64-feaf-4c47-b42d-a5e482ad7b95 869e5393c0754615b06f6d8227082932 d8a927d6b4894359a96004ed6cc5ea95 - - 9d5bbb0be7164d9c93a950f6e6365848 9d5bbb0be7164d9c93a950f6e6365848] 10.0.0.233 "PUT /allocations/2d74b4b7-120e-4ac7-a57c-0fd86c8ee82e" status: 204 len: 0 microversion: 1.36 [pid: 7|app: 0|req: 561/1115] 10.0.0.233 () {38 vars in 914 bytes} [Fri Feb 27 19:44:21 2026] PUT /allocations/2d74b4b7-120e-4ac7-a57c-0fd86c8ee82e => generated 0 bytes in 55 msecs (HTTP/1.1 204) 5 headers in 199 bytes (1 switches on core 0)
