Jun 29 04:32:36.286281 np0000183360 devstack@neutron-api.service[103324]: DEBUG neutron.plugins.ml2.drivers.ovn.mech_driver.ovsdb.ovsdb_monitor [-] Hash Ring: Node 7bb29f368a1154838aed52846dd66c8a (host: np0000183360) handling event "update" for row 9eac340a-5698-4895-ab68-b107f67f25b0 (table: Connection) {{(pid=103324) notify /opt/stack/neutron/neutron/plugins/ml2/drivers/ovn/mech_driver/ovsdb/ovsdb_monitor.py:1015}}
Jun 29 04:32:38.813641 np0000183360 devstack@neutron-api.service[103324]: DEBUG neutron.plugins.ml2.drivers.ovn.mech_driver.ovsdb.ovsdb_monitor [-] Hash Ring: Node 7bb29f368a1154838aed52846dd66c8a (host: np0000183360) handling event "update" for row 9eac340a-5698-4895-ab68-b107f67f25b0 (table: Connection) {{(pid=103324) notify /opt/stack/neutron/neutron/plugins/ml2/drivers/ovn/mech_driver/ovsdb/ovsdb_monitor.py:1015}}
Jun 29 04:32:40.916301 np0000183360 devstack@neutron-api.service[103324]: DEBUG neutron.api.wsgi [None req-d1071d87-a914-4da1-82ab-bc83735aa53f admin admin] Missing Content-Type {{(pid=103324) get_content_type /opt/stack/neutron/neutron/api/wsgi.py:80}}
Jun 29 04:32:40.917116 np0000183360 devstack@neutron-api.service[103324]: DEBUG neutron.api.wsgi [None req-d1071d87-a914-4da1-82ab-bc83735aa53f admin admin] https://199.19.213.205/networking/v2.0/extensions returned with HTTP 200 {{(pid=103324) __call__ /opt/stack/neutron/neutron/api/wsgi.py:540}}
Jun 29 04:32:40.917343 np0000183360 devstack@neutron-api.service[103324]: [pid: 103324|app: 0|req: 2/2] 199.19.213.205 () {64 vars in 1323 bytes} [Mon Jun 29 04:32:40 2026] GET /networking/v2.0/extensions => generated 16171 bytes in 648 msecs (HTTP/1.1 200) 4 headers in 159 bytes (1 switches on core 0)
Jun 29 04:32:41.391207 np0000183360 devstack@neutron-api.service[103322]: DEBUG neutron.api.v2.base [None req-ae8246bd-c401-44c9-a41e-112c5f3cd30a admin admin] Request body: {'subnetpool': {'prefixes': ['10.1.0.0/20'], 'shared': True, 'name': 'shared-default-subnetpool-v4', 'is_default': True, 'default_prefixlen': 26}} {{(pid=103322) prepare_request_body /opt/stack/neutron/neutron/api/v2/base.py:727}}
Jun 29 04:32:41.622133 np0000183360 devstack@neutron-api.service[103322]: DEBUG neutron.policy [None req-ae8246bd-c401-44c9-a41e-112c5f3cd30a admin admin] Loaded default policies from ['neutron'] under neutron.policies entry points {{(pid=103322) register_rules /opt/stack/neutron/neutron/policy.py:65}}
Jun 29 04:32:41.792195 np0000183360 devstack@neutron-api.service[103322]: DEBUG neutron_lib.callbacks.manager [None req-ae8246bd-c401-44c9-a41e-112c5f3cd30a admin admin] Publish callbacks ['neutron.objects.securitygroup.RbacNeutronDbObjectMixin.validate_rbac_policy_change-3286714047068', 'neutron.objects.address_group.RbacNeutronDbObjectMixin.validate_rbac_policy_change-3286714266250', 'neutron.objects.network.RbacNeutronDbObjectMixin.validate_rbac_policy_change-3286714271846', 'neutron.objects.qos.policy.RbacNeutronDbObjectMixin.validate_rbac_policy_change-3286714284909', 'neutron.objects.subnetpool.RbacNeutronDbObjectMixin.validate_rbac_policy_change-3286714231617', 'neutron.objects.address_scope.RbacNeutronDbObjectMixin.validate_rbac_policy_change-3286714283282', 'neutron.plugins.ml2.plugin.External_net_db_mixin._process_ext_policy_create-259346', 'neutron.plugins.ml2.plugin.NeutronDbPluginV2.validate_network_rbac_policy_change-233846'] for rbac-policy (None), before_create {{(pid=103322) _notify_loop /opt/stack/data/venv/lib/python3.12/site-packages/neutron_lib/callbacks/manager.py:184}}
Jun 29 04:32:41.848659 np0000183360 devstack@neutron-api.service[103322]: DEBUG neutron_lib.callbacks.manager [None req-ae8246bd-c401-44c9-a41e-112c5f3cd30a admin admin] Publish callbacks [] for subnetpool (None), before_response {{(pid=103322) _notify_loop /opt/stack/data/venv/lib/python3.12/site-packages/neutron_lib/callbacks/manager.py:184}}
Jun 29 04:32:41.849384 np0000183360 devstack@neutron-api.service[103322]: [pid: 103322|app: 0|req: 1/3] 199.19.213.205 () {68 vars in 1367 bytes} [Mon Jun 29 04:32:41 2026] POST /networking/v2.0/subnetpools => generated 533 bytes in 609 msecs (HTTP/1.1 201) 4 headers in 162 bytes (1 switches on core 0)
Jun 29 04:32:42.204376 np0000183360 devstack@neutron-api.service[103321]: DEBUG neutron.api.v2.base [None req-c8ff66fa-f0a2-4cb7-9c34-95f1daf6ac82 admin admin] Request body: {'subnetpool': {'prefixes': ['fd9f:12f7:6eaa::/56'], 'shared': True, 'name': 'shared-default-subnetpool-v6', 'is_default': True, 'default_prefixlen': 64}} {{(pid=103321) prepare_request_body /opt/stack/neutron/neutron/api/v2/base.py:727}}
Jun 29 04:32:42.391845 np0000183360 devstack@neutron-api.service[103321]: DEBUG neutron.policy [None req-c8ff66fa-f0a2-4cb7-9c34-95f1daf6ac82 admin admin] Loaded default policies from ['neutron'] under neutron.policies entry points {{(pid=103321) register_rules /opt/stack/neutron/neutron/policy.py:65}}
Jun 29 04:32:42.559556 np0000183360 devstack@neutron-api.service[103321]: DEBUG neutron_lib.callbacks.manager [None req-c8ff66fa-f0a2-4cb7-9c34-95f1daf6ac82 admin admin] Publish callbacks ['neutron.objects.securitygroup.RbacNeutronDbObjectMixin.validate_rbac_policy_change-3286714047068', 'neutron.objects.address_group.RbacNeutronDbObjectMixin.validate_rbac_policy_change-3286714266250', 'neutron.objects.network.RbacNeutronDbObjectMixin.validate_rbac_policy_change-3286714271846', 'neutron.objects.qos.policy.RbacNeutronDbObjectMixin.validate_rbac_policy_change-3286714284909', 'neutron.objects.subnetpool.RbacNeutronDbObjectMixin.validate_rbac_policy_change-3286714231617', 'neutron.objects.address_scope.RbacNeutronDbObjectMixin.validate_rbac_policy_change-3286714283282', 'neutron.plugins.ml2.plugin.External_net_db_mixin._process_ext_policy_create-459086', 'neutron.plugins.ml2.plugin.NeutronDbPluginV2.validate_network_rbac_policy_change-484650'] for rbac-policy (None), before_create {{(pid=103321) _notify_loop /opt/stack/data/venv/lib/python3.12/site-packages/neutron_lib/callbacks/manager.py:184}}
Jun 29 04:32:42.612844 np0000183360 devstack@neutron-api.service[103321]: DEBUG neutron_lib.callbacks.manager [None req-c8ff66fa-f0a2-4cb7-9c34-95f1daf6ac82 admin admin] Publish callbacks [] for subnetpool (None), before_response {{(pid=103321) _notify_loop /opt/stack/data/venv/lib/python3.12/site-packages/neutron_lib/callbacks/manager.py:184}}
Jun 29 04:32:42.613546 np0000183360 devstack@neutron-api.service[103321]: [pid: 103321|app: 0|req: 1/4] 199.19.213.205 () {68 vars in 1367 bytes} [Mon Jun 29 04:32:42 2026] POST /networking/v2.0/subnetpools => generated 543 bytes in 548 msecs (HTTP/1.1 201) 4 headers in 162 bytes (1 switches on core 0)
Jun 29 04:32:43.067811 np0000183360 devstack@neutron-api.service[103323]: DEBUG neutron.api.v2.base [None req-fd195106-7f7d-4809-8c1b-814fde9d8714 admin admin] Request body: {'network': {'name': 'private', 'admin_state_up': True}} {{(pid=103323) prepare_request_body /opt/stack/neutron/neutron/api/v2/base.py:727}}
Jun 29 04:32:43.104917 np0000183360 devstack@neutron-api.service[103323]: DEBUG neutron.pecan_wsgi.hooks.quota_enforcement [None req-fd195106-7f7d-4809-8c1b-814fde9d8714 admin admin] Made reservation on behalf of 1178d5f17a7e4f3b9bb0201a6626ca35 for: {'network': 1} {{(pid=103323) before /opt/stack/neutron/neutron/pecan_wsgi/hooks/quota_enforcement.py:66}}
Jun 29 04:32:43.292801 np0000183360 devstack@neutron-api.service[103323]: DEBUG neutron.policy [None req-fd195106-7f7d-4809-8c1b-814fde9d8714 admin admin] Loaded default policies from ['neutron'] under neutron.policies entry points {{(pid=103323) register_rules /opt/stack/neutron/neutron/policy.py:65}}
Jun 29 04:32:43.402864 np0000183360 devstack@neutron-api.service[103323]: DEBUG neutron_lib.callbacks.manager [None req-fd195106-7f7d-4809-8c1b-814fde9d8714 admin admin] Publish callbacks ['neutron.plugins.ml2.plugin.SecurityGroupDbMixin._ensure_default_security_group_handler-37659'] for network (None), before_create {{(pid=103323) _notify_loop /opt/stack/data/venv/lib/python3.12/site-packages/neutron_lib/callbacks/manager.py:184}}
Jun 29 04:32:43.426882 np0000183360 devstack@neutron-api.service[103323]: DEBUG neutron_lib.callbacks.manager [None req-fd195106-7f7d-4809-8c1b-814fde9d8714 admin admin] Publish callbacks [] for security_group (None), before_create {{(pid=103323) _notify_loop /opt/stack/data/venv/lib/python3.12/site-packages/neutron_lib/callbacks/manager.py:184}}
Jun 29 04:32:43.535827 np0000183360 devstack@neutron-api.service[103323]: DEBUG neutron_lib.callbacks.manager [None req-fd195106-7f7d-4809-8c1b-814fde9d8714 admin admin] Publish callbacks ['neutron.plugins.ml2.drivers.ovn.mech_driver.mech_driver.OVNMechanismDriver._create_security_group_precommit-465025'] for security_group (1cfa7876-0980-4ccd-a645-66c67e033a98), precommit_create {{(pid=103323) _notify_loop /opt/stack/data/venv/lib/python3.12/site-packages/neutron_lib/callbacks/manager.py:184}}
Jun 29 04:32:43.536050 np0000183360 devstack@neutron-api.service[103323]: DEBUG neutron.db.ovn_revision_numbers_db [None req-fd195106-7f7d-4809-8c1b-814fde9d8714 admin admin] create_initial_revision uuid=1cfa7876-0980-4ccd-a645-66c67e033a98, type=security_groups, rev=-1 {{(pid=103323) create_initial_revision /opt/stack/neutron/neutron/db/ovn_revision_numbers_db.py:98}}
Jun 29 04:32:43.538286 np0000183360 devstack@neutron-api.service[103323]: DEBUG neutron.db.ovn_revision_numbers_db [None req-fd195106-7f7d-4809-8c1b-814fde9d8714 admin admin] create_initial_revision uuid=1f0b95cf-49bf-41f2-b495-ba01336d9892, type=security_group_rules, rev=-1 {{(pid=103323) create_initial_revision /opt/stack/neutron/neutron/db/ovn_revision_numbers_db.py:98}}
Jun 29 04:32:43.539389 np0000183360 devstack@neutron-api.service[103323]: DEBUG neutron.db.ovn_revision_numbers_db [None req-fd195106-7f7d-4809-8c1b-814fde9d8714 admin admin] create_initial_revision uuid=8e0df27b-a2c0-4bc8-a521-3aba86e0b030, type=security_group_rules, rev=-1 {{(pid=103323) create_initial_revision /opt/stack/neutron/neutron/db/ovn_revision_numbers_db.py:98}}
Jun 29 04:32:43.541018 np0000183360 devstack@neutron-api.service[103323]: DEBUG neutron.db.ovn_revision_numbers_db [None req-fd195106-7f7d-4809-8c1b-814fde9d8714 admin admin] create_initial_revision uuid=98305242-5dcb-4bda-a372-18a370179465, type=security_group_rules, rev=-1 {{(pid=103323) create_initial_revision /opt/stack/neutron/neutron/db/ovn_revision_numbers_db.py:98}}
Jun 29 04:32:43.542476 np0000183360 devstack@neutron-api.service[103323]: DEBUG neutron.db.ovn_revision_numbers_db [None req-fd195106-7f7d-4809-8c1b-814fde9d8714 admin admin] create_initial_revision uuid=d8149eda-1c23-4447-9fbd-e8d6ee562abc, type=security_group_rules, rev=-1 {{(pid=103323) create_initial_revision /opt/stack/neutron/neutron/db/ovn_revision_numbers_db.py:98}}
Jun 29 04:32:43.549276 np0000183360 devstack@neutron-api.service[103323]: DEBUG neutron_lib.callbacks.manager [None req-fd195106-7f7d-4809-8c1b-814fde9d8714 admin admin] Publish callbacks ['neutron.plugins.ml2.drivers.ovn.mech_driver.mech_driver.OVNMechanismDriver._create_security_group-465051', 'neutron.plugins.ml2.ovo_rpc._ObjectChangeHandler.handle_event-2255286'] for security_group (1cfa7876-0980-4ccd-a645-66c67e033a98), after_create {{(pid=103323) _notify_loop /opt/stack/data/venv/lib/python3.12/site-packages/neutron_lib/callbacks/manager.py:184}}
Jun 29 04:32:43.549588 np0000183360 devstack@neutron-api.service[103323]: INFO neutron.plugins.ml2.drivers.ovn.mech_driver.ovsdb.extensions.qos [None req-fd195106-7f7d-4809-8c1b-814fde9d8714 admin admin] Starting OVNClientQosExtension
Jun 29 04:32:43.549920 np0000183360 devstack@neutron-api.service[103323]: INFO neutron.plugins.ml2.drivers.ovn.mech_driver.ovsdb.extensions.placement [None req-fd195106-7f7d-4809-8c1b-814fde9d8714 admin admin] Starting OVNClientPlacementExtension
Jun 29 04:32:43.551989 np0000183360 devstack@neutron-api.service[103323]: DEBUG ovsdbapp.backend.ovs_idl.transaction [-] Running txn n=1 command(idx=0): PgAddCommand(_result=None, name=pg_1cfa7876_0980_4ccd_a645_66c67e033a98, may_exist=False, columns={'acls': [], 'external_ids': {'neutron:security_group_id': '1cfa7876-0980-4ccd-a645-66c67e033a98'}}) {{(pid=103323) do_commit /opt/stack/data/venv/lib/python3.12/site-packages/ovsdbapp/backend/ovs_idl/transaction.py:89}}
Jun 29 04:32:43.554813 np0000183360 devstack@neutron-api.service[103323]: DEBUG ovsdbapp.backend.ovs_idl.transaction [-] Running txn n=1 command(idx=1): PgAclAddCommand(_result=None, entity=pg_1cfa7876_0980_4ccd_a645_66c67e033a98, direction=from-lport, priority=1002, match=inport == @pg_1cfa7876_0980_4ccd_a645_66c67e033a98 && ip4, action=allow-related, log=False, may_exist=True, severity=[], name=[], meter=[], external_ids={'neutron:security_group_rule_id': '1f0b95cf-49bf-41f2-b495-ba01336d9892'}) {{(pid=103323) do_commit /opt/stack/data/venv/lib/python3.12/site-packages/ovsdbapp/backend/ovs_idl/transaction.py:89}}
Jun 29 04:32:43.555517 np0000183360 devstack@neutron-api.service[103323]: DEBUG ovsdbapp.backend.ovs_idl.transaction [-] Running txn n=1 command(idx=2): PgAclAddCommand(_result=None, entity=pg_1cfa7876_0980_4ccd_a645_66c67e033a98, direction=to-lport, priority=1002, match=outport == @pg_1cfa7876_0980_4ccd_a645_66c67e033a98 && ip4 && ip4.src == $pg_1cfa7876_0980_4ccd_a645_66c67e033a98_ip4, action=allow-related, log=False, may_exist=True, severity=[], name=[], meter=[], external_ids={'neutron:security_group_rule_id': '8e0df27b-a2c0-4bc8-a521-3aba86e0b030'}) {{(pid=103323) do_commit /opt/stack/data/venv/lib/python3.12/site-packages/ovsdbapp/backend/ovs_idl/transaction.py:89}}
Jun 29 04:32:43.556226 np0000183360 devstack@neutron-api.service[103323]: DEBUG ovsdbapp.backend.ovs_idl.transaction [-] Running txn n=1 command(idx=3): PgAclAddCommand(_result=None, entity=pg_1cfa7876_0980_4ccd_a645_66c67e033a98, direction=from-lport, priority=1002, match=inport == @pg_1cfa7876_0980_4ccd_a645_66c67e033a98 && ip6, action=allow-related, log=False, may_exist=True, severity=[], name=[], meter=[], external_ids={'neutron:security_group_rule_id': '98305242-5dcb-4bda-a372-18a370179465'}) {{(pid=103323) do_commit /opt/stack/data/venv/lib/python3.12/site-packages/ovsdbapp/backend/ovs_idl/transaction.py:89}}
Jun 29 04:32:43.556702 np0000183360 devstack@neutron-api.service[103323]: DEBUG ovsdbapp.backend.ovs_idl.transaction [-] Running txn n=1 command(idx=4): PgAclAddCommand(_result=None, entity=pg_1cfa7876_0980_4ccd_a645_66c67e033a98, direction=to-lport, priority=1002, match=outport == @pg_1cfa7876_0980_4ccd_a645_66c67e033a98 && ip6 && ip6.src == $pg_1cfa7876_0980_4ccd_a645_66c67e033a98_ip6, action=allow-related, log=False, may_exist=True, severity=[], name=[], meter=[], external_ids={'neutron:security_group_rule_id': 'd8149eda-1c23-4447-9fbd-e8d6ee562abc'}) {{(pid=103323) do_commit /opt/stack/data/venv/lib/python3.12/site-packages/ovsdbapp/backend/ovs_idl/transaction.py:89}}
Jun 29 04:32:43.566247 np0000183360 devstack@neutron-api.service[103323]: DEBUG neutron.plugins.ml2.drivers.ovn.mech_driver.ovsdb.ovsdb_monitor [-] Hash Ring: Node ea3fe62959d25a4c911b1a7b74e5028c (host: np0000183360) handling event "create" for row 089616e8-428e-467a-b1ad-35797e7a0f4a (table: ACL) {{(pid=103323) notify /opt/stack/neutron/neutron/plugins/ml2/drivers/ovn/mech_driver/ovsdb/ovsdb_monitor.py:1015}}
Jun 29 04:32:43.566932 np0000183360 devstack@neutron-api.service[103321]: DEBUG neutron.plugins.ml2.drivers.ovn.mech_driver.ovsdb.ovsdb_monitor [-] Hash Ring: Node 9350cbc7190f53e6a6f87b3eaaac6b46 (host: np0000183360) handling event "create" for row b50f0c6a-69e3-4676-86ac-66151fc1cdad (table: ACL) {{(pid=103321) notify /opt/stack/neutron/neutron/plugins/ml2/drivers/ovn/mech_driver/ovsdb/ovsdb_monitor.py:1015}}
Jun 29 04:32:43.568816 np0000183360 devstack@neutron-api.service[103322]: DEBUG neutron.plugins.ml2.drivers.ovn.mech_driver.ovsdb.ovsdb_monitor [-] Hash Ring: Node da7fd4ce8e3c5700b95cf4a52560556a (host: np0000183360) handling event "create" for row 72b51043-dc33-40d3-a4d9-fc130829e8b1 (table: ACL) {{(pid=103322) notify /opt/stack/neutron/neutron/plugins/ml2/drivers/ovn/mech_driver/ovsdb/ovsdb_monitor.py:1015}}
Jun 29 04:32:43.573345 np0000183360 devstack@neutron-api.service[103324]: DEBUG neutron.plugins.ml2.drivers.ovn.mech_driver.ovsdb.ovsdb_monitor [-] Hash Ring: Node 7bb29f368a1154838aed52846dd66c8a (host: np0000183360) handling event "create" for row 066b6a6e-e0c0-4ad6-8019-57f9bfc45df8 (table: ACL) {{(pid=103324) notify /opt/stack/neutron/neutron/plugins/ml2/drivers/ovn/mech_driver/ovsdb/ovsdb_monitor.py:1015}}
Jun 29 04:32:43.573726 np0000183360 devstack@neutron-api.service[103324]: DEBUG neutron.plugins.ml2.drivers.ovn.mech_driver.ovsdb.ovsdb_monitor [-] Hash Ring: Node 7bb29f368a1154838aed52846dd66c8a (host: np0000183360) handling event "create" for row 089616e8-428e-467a-b1ad-35797e7a0f4a (table: ACL) {{(pid=103324) notify /opt/stack/neutron/neutron/plugins/ml2/drivers/ovn/mech_driver/ovsdb/ovsdb_monitor.py:1015}}
Jun 29 04:32:43.573726 np0000183360 devstack@neutron-api.service[103324]: DEBUG neutron.plugins.ml2.drivers.ovn.mech_driver.ovsdb.ovsdb_monitor [-] Hash Ring: Node 7bb29f368a1154838aed52846dd66c8a (host: np0000183360) handling event "create" for row 72b51043-dc33-40d3-a4d9-fc130829e8b1 (table: ACL) {{(pid=103324) notify /opt/stack/neutron/neutron/plugins/ml2/drivers/ovn/mech_driver/ovsdb/ovsdb_monitor.py:1015}}
Jun 29 04:32:43.573726 np0000183360 devstack@neutron-api.service[103324]: DEBUG neutron.plugins.ml2.drivers.ovn.mech_driver.ovsdb.ovsdb_monitor [-] Hash Ring: Node 7bb29f368a1154838aed52846dd66c8a (host: np0000183360) handling event "create" for row b50f0c6a-69e3-4676-86ac-66151fc1cdad (table: ACL) {{(pid=103324) notify /opt/stack/neutron/neutron/plugins/ml2/drivers/ovn/mech_driver/ovsdb/ovsdb_monitor.py:1015}}
Jun 29 04:32:43.573726 np0000183360 devstack@neutron-api.service[103324]: DEBUG neutron.plugins.ml2.drivers.ovn.mech_driver.ovsdb.ovsdb_monitor [-] Hash Ring: Node 7bb29f368a1154838aed52846dd66c8a (host: np0000183360) handling event "create" for row 88acc30f-7613-4a70-9ea1-054b55ee34dc (table: Port_Group) {{(pid=103324) notify /opt/stack/neutron/neutron/plugins/ml2/drivers/ovn/mech_driver/ovsdb/ovsdb_monitor.py:1015}}
Jun 29 04:32:43.597056 np0000183360 devstack@neutron-api.service[103323]: INFO neutron.db.ovn_revision_numbers_db [None req-fd195106-7f7d-4809-8c1b-814fde9d8714 admin admin] Successfully bumped revision number for resource 1cfa7876-0980-4ccd-a645-66c67e033a98 (type: security_groups) to 1
Jun 29 04:32:43.611700 np0000183360 devstack@neutron-api.service[103323]: INFO neutron.db.ovn_revision_numbers_db [None req-fd195106-7f7d-4809-8c1b-814fde9d8714 admin admin] Successfully bumped revision number for resource 1f0b95cf-49bf-41f2-b495-ba01336d9892 (type: security_group_rules) to 0
Jun 29 04:32:43.626379 np0000183360 devstack@neutron-api.service[103323]: INFO neutron.db.ovn_revision_numbers_db [None req-fd195106-7f7d-4809-8c1b-814fde9d8714 admin admin] Successfully bumped revision number for resource 8e0df27b-a2c0-4bc8-a521-3aba86e0b030 (type: security_group_rules) to 0
Jun 29 04:32:43.640466 np0000183360 devstack@neutron-api.service[103323]: INFO neutron.db.ovn_revision_numbers_db [None req-fd195106-7f7d-4809-8c1b-814fde9d8714 admin admin] Successfully bumped revision number for resource 98305242-5dcb-4bda-a372-18a370179465 (type: security_group_rules) to 0
Jun 29 04:32:43.654889 np0000183360 devstack@neutron-api.service[103323]: INFO neutron.db.ovn_revision_numbers_db [None req-fd195106-7f7d-4809-8c1b-814fde9d8714 admin admin] Successfully bumped revision number for resource d8149eda-1c23-4447-9fbd-e8d6ee562abc (type: security_group_rules) to 0
Jun 29 04:32:43.682124 np0000183360 devstack@neutron-api.service[103323]: DEBUG neutron.api.rpc.handlers.resources_rpc [None req-fd195106-7f7d-4809-8c1b-814fde9d8714 admin admin] Pushing event updated for resources: {'SecurityGroup': ['ID=1cfa7876-0980-4ccd-a645-66c67e033a98,revision_number=1']} {{(pid=103323) push /opt/stack/neutron/neutron/api/rpc/handlers/resources_rpc.py:237}}
Jun 29 04:32:43.689094 np0000183360 devstack@neutron-api.service[103323]: DEBUG ovsdbapp.backend.ovs_idl.transaction [-] Running txn n=1 command(idx=0): CheckLivenessCommand(_result=None) {{(pid=103323) do_commit /opt/stack/data/venv/lib/python3.12/site-packages/ovsdbapp/backend/ovs_idl/transaction.py:89}}
Jun 29 04:32:43.695992 np0000183360 devstack@neutron-api.service[103321]: DEBUG neutron.plugins.ml2.drivers.ovn.mech_driver.ovsdb.ovsdb_monitor [-] Hash Ring: Node 9350cbc7190f53e6a6f87b3eaaac6b46 (host: np0000183360) handling event "update" for row 343f7cf1-1ad2-4b24-bae7-6bdee5d3c95f (table: NB_Global) {{(pid=103321) notify /opt/stack/neutron/neutron/plugins/ml2/drivers/ovn/mech_driver/ovsdb/ovsdb_monitor.py:1015}}
Jun 29 04:32:43.696857 np0000183360 devstack@neutron-api.service[103324]: DEBUG neutron.plugins.ml2.drivers.ovn.mech_driver.ovsdb.ovsdb_monitor [-] Hash Ring: Node 7bb29f368a1154838aed52846dd66c8a (host: np0000183360) handling event "update" for row 343f7cf1-1ad2-4b24-bae7-6bdee5d3c95f (table: NB_Global) {{(pid=103324) notify /opt/stack/neutron/neutron/plugins/ml2/drivers/ovn/mech_driver/ovsdb/ovsdb_monitor.py:1015}}
Jun 29 04:32:43.698006 np0000183360 devstack@neutron-api.service[103321]: DEBUG neutron.plugins.ml2.drivers.ovn.mech_driver.ovsdb.ovsdb_monitor [-] Hash Ring: Node 9350cbc7190f53e6a6f87b3eaaac6b46 (host: np0000183360) handling event "update" for row 343f7cf1-1ad2-4b24-bae7-6bdee5d3c95f (table: NB_Global) {{(pid=103321) notify /opt/stack/neutron/neutron/plugins/ml2/drivers/ovn/mech_driver/ovsdb/ovsdb_monitor.py:1015}}
Jun 29 04:32:43.698912 np0000183360 devstack@neutron-api.service[103323]: DEBUG neutron.api.rpc.callbacks.version_manager [None req-fd195106-7f7d-4809-8c1b-814fde9d8714 admin admin] Tracked resource versions report:
Jun 29 04:32:43.698912 np0000183360 devstack@neutron-api.service[103323]: pushed versions:
Jun 29 04:32:43.698912 np0000183360 devstack@neutron-api.service[103323]: { 'AddressGroup': {'1.2'},
Jun 29 04:32:43.698912 np0000183360 devstack@neutron-api.service[103323]: 'Agent': {'1.1'},
Jun 29 04:32:43.698912 np0000183360 devstack@neutron-api.service[103323]: 'ConntrackHelper': {'1.0'},
Jun 29 04:32:43.698912 np0000183360 devstack@neutron-api.service[103323]: 'LocalIPAssociation': {'1.0'},
Jun 29 04:32:43.698912 np0000183360 devstack@neutron-api.service[103323]: 'Log': {'1.0'},
Jun 29 04:32:43.698912 np0000183360 devstack@neutron-api.service[103323]: 'NDPProxy': {'1.0'},
Jun 29 04:32:43.698912 np0000183360 devstack@neutron-api.service[103323]: 'Network': {'1.3'},
Jun 29 04:32:43.698912 np0000183360 devstack@neutron-api.service[103323]: 'Port': {'1.11'},
Jun 29 04:32:43.698912 np0000183360 devstack@neutron-api.service[103323]: 'PortForwarding': {'1.3'},
Jun 29 04:32:43.698912 np0000183360 devstack@neutron-api.service[103323]: 'QosPolicy': {'1.10'},
Jun 29 04:32:43.698912 np0000183360 devstack@neutron-api.service[103323]: 'SecurityGroup': {'1.6'},
Jun 29 04:32:43.698912 np0000183360 devstack@neutron-api.service[103323]: 'SecurityGroupRule': {'1.3'},
Jun 29 04:32:43.698912 np0000183360 devstack@neutron-api.service[103323]: 'SubPort': {'1.0'},
Jun 29 04:32:43.698912 np0000183360 devstack@neutron-api.service[103323]: 'Subnet': {'1.2'},
Jun 29 04:32:43.698912 np0000183360 devstack@neutron-api.service[103323]: 'Trunk': {'1.1'}}
Jun 29 04:32:43.698912 np0000183360 devstack@neutron-api.service[103323]: consumer versions:
Jun 29 04:32:43.698912 np0000183360 devstack@neutron-api.service[103323]: {}
Jun 29 04:32:43.698912 np0000183360 devstack@neutron-api.service[103323]: {{(pid=103323) report /opt/stack/neutron/neutron/api/rpc/callbacks/version_manager.py:183}}
Jun 29 04:32:43.700378 np0000183360 devstack@neutron-api.service[103324]: DEBUG neutron.plugins.ml2.drivers.ovn.mech_driver.ovsdb.ovsdb_monitor [-] ChassisAgentWriteEvent : Matched Chassis_Private, update, None None {{(pid=103324) matches /opt/stack/neutron/neutron/plugins/ml2/drivers/ovn/mech_driver/ovsdb/ovsdb_monitor.py:64}}
Jun 29 04:32:43.700490 np0000183360 devstack@neutron-api.service[103322]: DEBUG neutron.plugins.ml2.drivers.ovn.mech_driver.ovsdb.ovsdb_monitor [-] ChassisAgentWriteEvent : Matched Chassis_Private, update, None None {{(pid=103322) matches /opt/stack/neutron/neutron/plugins/ml2/drivers/ovn/mech_driver/ovsdb/ovsdb_monitor.py:64}}
Jun 29 04:32:43.700590 np0000183360 devstack@neutron-api.service[103324]: DEBUG neutron.plugins.ml2.drivers.ovn.mech_driver.ovsdb.ovsdb_monitor [-] Hash Ring: Node 7bb29f368a1154838aed52846dd66c8a (host: np0000183360) handling event "update" for row 343f7cf1-1ad2-4b24-bae7-6bdee5d3c95f (table: NB_Global) {{(pid=103324) notify /opt/stack/neutron/neutron/plugins/ml2/drivers/ovn/mech_driver/ovsdb/ovsdb_monitor.py:1015}}
Jun 29 04:32:43.701028 np0000183360 devstack@neutron-api.service[103321]: DEBUG neutron.plugins.ml2.drivers.ovn.mech_driver.ovsdb.ovsdb_monitor [-] ChassisAgentWriteEvent : Matched Chassis_Private, update, None None {{(pid=103321) matches /opt/stack/neutron/neutron/plugins/ml2/drivers/ovn/mech_driver/ovsdb/ovsdb_monitor.py:64}}
Jun 29 04:32:43.701436 np0000183360 devstack@neutron-api.service[103321]: DEBUG neutron.plugins.ml2.drivers.ovn.mech_driver.ovsdb.ovsdb_monitor [-] Hash Ring: Node 9350cbc7190f53e6a6f87b3eaaac6b46 (host: np0000183360) handling event "update" for row 343f7cf1-1ad2-4b24-bae7-6bdee5d3c95f (table: NB_Global) {{(pid=103321) notify /opt/stack/neutron/neutron/plugins/ml2/drivers/ovn/mech_driver/ovsdb/ovsdb_monitor.py:1015}}
Jun 29 04:32:43.703006 np0000183360 devstack@neutron-api.service[103322]: DEBUG neutron.plugins.ml2.drivers.ovn.mech_driver.ovsdb.ovsdb_monitor [-] ChassisOVNAgentWriteEvent : Matched Chassis_Private, update, None None {{(pid=103322) matches /opt/stack/neutron/neutron/plugins/ml2/drivers/ovn/mech_driver/ovsdb/ovsdb_monitor.py:64}}
Jun 29 04:32:43.703466 np0000183360 devstack@neutron-api.service[103324]: DEBUG neutron.plugins.ml2.drivers.ovn.mech_driver.ovsdb.ovsdb_monitor [-] Hash Ring: Node 7bb29f368a1154838aed52846dd66c8a (host: np0000183360) handling event "update" for row 343f7cf1-1ad2-4b24-bae7-6bdee5d3c95f (table: NB_Global) {{(pid=103324) notify /opt/stack/neutron/neutron/plugins/ml2/drivers/ovn/mech_driver/ovsdb/ovsdb_monitor.py:1015}}
Jun 29 04:32:43.704008 np0000183360 devstack@neutron-api.service[103324]: DEBUG neutron.plugins.ml2.drivers.ovn.mech_driver.ovsdb.ovsdb_monitor [-] Hash Ring: Node 7bb29f368a1154838aed52846dd66c8a (host: np0000183360) handling event "update" for row 343f7cf1-1ad2-4b24-bae7-6bdee5d3c95f (table: NB_Global) {{(pid=103324) notify /opt/stack/neutron/neutron/plugins/ml2/drivers/ovn/mech_driver/ovsdb/ovsdb_monitor.py:1015}}
Jun 29 04:32:43.705576 np0000183360 devstack@neutron-api.service[103321]: DEBUG neutron.plugins.ml2.drivers.ovn.mech_driver.ovsdb.ovsdb_monitor [-] Hash Ring: Node 9350cbc7190f53e6a6f87b3eaaac6b46 (host: np0000183360) handling event "update" for row 343f7cf1-1ad2-4b24-bae7-6bdee5d3c95f (table: NB_Global) {{(pid=103321) notify /opt/stack/neutron/neutron/plugins/ml2/drivers/ovn/mech_driver/ovsdb/ovsdb_monitor.py:1015}}
Jun 29 04:32:43.706954 np0000183360 devstack@neutron-api.service[103323]: DEBUG neutron.plugins.ml2.drivers.ovn.mech_driver.ovsdb.ovsdb_monitor [-] ChassisAgentWriteEvent : Matched Chassis_Private, update, None None {{(pid=103323) matches /opt/stack/neutron/neutron/plugins/ml2/drivers/ovn/mech_driver/ovsdb/ovsdb_monitor.py:64}}
Jun 29 04:32:43.707163 np0000183360 devstack@neutron-api.service[103321]: DEBUG neutron.plugins.ml2.drivers.ovn.mech_driver.ovsdb.ovsdb_monitor [-] ChassisOVNAgentWriteEvent : Matched Chassis_Private, update, None None {{(pid=103321) matches /opt/stack/neutron/neutron/plugins/ml2/drivers/ovn/mech_driver/ovsdb/ovsdb_monitor.py:64}}
Jun 29 04:32:43.710609 np0000183360 devstack@neutron-api.service[103323]: DEBUG neutron.plugins.ml2.drivers.ovn.mech_driver.ovsdb.ovsdb_monitor [-] ChassisOVNAgentWriteEvent : Matched Chassis_Private, update, None None {{(pid=103323) matches /opt/stack/neutron/neutron/plugins/ml2/drivers/ovn/mech_driver/ovsdb/ovsdb_monitor.py:64}}
Jun 29 04:32:43.711735 np0000183360 devstack@neutron-api.service[103324]: DEBUG neutron.common.ovn.hash_ring_manager [-] Allow caching, nodes 4>=4 {{(pid=103324) _wait_startup_before_caching /opt/stack/neutron/neutron/common/ovn/hash_ring_manager.py:71}}
Jun 29 04:32:43.711945 np0000183360 devstack@neutron-api.service[103324]: DEBUG neutron.plugins.ml2.drivers.ovn.mech_driver.ovsdb.ovsdb_monitor [-] Hash Ring: Node 7bb29f368a1154838aed52846dd66c8a (host: np0000183360) handling event "update" for row 56b863ef-f0f6-4694-ac31-b0cd8a9f9c7c (table: Chassis_Private) {{(pid=103324) notify /opt/stack/neutron/neutron/plugins/ml2/drivers/ovn/mech_driver/ovsdb/ovsdb_monitor.py:1015}}
Jun 29 04:32:43.713309 np0000183360 devstack@neutron-api.service[103324]: DEBUG neutron.plugins.ml2.drivers.ovn.mech_driver.ovsdb.ovsdb_monitor [-] ChassisOVNAgentWriteEvent : Matched Chassis_Private, update, None None {{(pid=103324) matches /opt/stack/neutron/neutron/plugins/ml2/drivers/ovn/mech_driver/ovsdb/ovsdb_monitor.py:64}}
Jun 29 04:32:43.713447 np0000183360 devstack@neutron-api.service[103324]: DEBUG neutron.plugins.ml2.drivers.ovn.mech_driver.ovsdb.ovsdb_monitor [-] Hash Ring: Node 7bb29f368a1154838aed52846dd66c8a (host: np0000183360) handling event "update" for row 56b863ef-f0f6-4694-ac31-b0cd8a9f9c7c (table: Chassis_Private) {{(pid=103324) notify /opt/stack/neutron/neutron/plugins/ml2/drivers/ovn/mech_driver/ovsdb/ovsdb_monitor.py:1015}}
Jun 29 04:32:43.771211 np0000183360 devstack@neutron-api.service[103323]: DEBUG neutron.plugins.ml2.drivers.helpers [None req-fd195106-7f7d-4809-8c1b-814fde9d8714 admin admin] geneve segment allocate from pool success with {'geneve_vni': 52409} {{(pid=103323) allocate_partially_specified_segment /opt/stack/neutron/neutron/plugins/ml2/drivers/helpers.py:142}}
Jun 29 04:32:43.783110 np0000183360 devstack@neutron-api.service[103323]: DEBUG neutron_lib.callbacks.manager [None req-fd195106-7f7d-4809-8c1b-814fde9d8714 admin admin] Publish callbacks ['neutron.services.segments.db._add_segment_host_mapping_for_segment-7816584218554', 'neutron.plugins.ml2.plugin.Ml2Plugin._handle_segment_change-805921'] for segment (7fe7e3a9-e2fe-4c21-88ef-4f16928fd63f), precommit_create {{(pid=103323) _notify_loop /opt/stack/data/venv/lib/python3.12/site-packages/neutron_lib/callbacks/manager.py:184}}
Jun 29 04:32:43.783283 np0000183360 devstack@neutron-api.service[103323]: INFO neutron.db.segments_db [None req-fd195106-7f7d-4809-8c1b-814fde9d8714 admin admin] Added segment 7fe7e3a9-e2fe-4c21-88ef-4f16928fd63f of type geneve for network a5e465f1-bb31-4205-8dd1-0fd8847ee7c6
Jun 29 04:32:43.844799 np0000183360 devstack@neutron-api.service[103323]: DEBUG neutron_lib.callbacks.manager [None req-fd195106-7f7d-4809-8c1b-814fde9d8714 admin admin] Publish callbacks ['neutron.services.auto_allocate.db._ensure_external_network_default_value_callback-7816582231694'] for network (a5e465f1-bb31-4205-8dd1-0fd8847ee7c6), precommit_create {{(pid=103323) _notify_loop /opt/stack/data/venv/lib/python3.12/site-packages/neutron_lib/callbacks/manager.py:184}}
Jun 29 04:32:43.890053 np0000183360 devstack@neutron-api.service[103323]: DEBUG neutron.plugins.ml2.drivers.ovn.mech_driver.mech_driver [None req-fd195106-7f7d-4809-8c1b-814fde9d8714 admin admin] Validating network segment with type geneve, segmentation ID 52409, physical network None {{(pid=103323) _validate_network_segments /opt/stack/neutron/neutron/plugins/ml2/drivers/ovn/mech_driver/mech_driver.py:646}}
Jun 29 04:32:43.890220 np0000183360 devstack@neutron-api.service[103323]: DEBUG neutron.db.ovn_revision_numbers_db [None req-fd195106-7f7d-4809-8c1b-814fde9d8714 admin admin] create_initial_revision uuid=a5e465f1-bb31-4205-8dd1-0fd8847ee7c6, type=networks, rev=-1 {{(pid=103323) create_initial_revision /opt/stack/neutron/neutron/db/ovn_revision_numbers_db.py:98}}
Jun 29 04:32:43.914372 np0000183360 devstack@neutron-api.service[103323]: DEBUG neutron_lib.callbacks.manager [None req-fd195106-7f7d-4809-8c1b-814fde9d8714 admin admin] Publish callbacks ['neutron.plugins.ml2.ovo_rpc._ObjectChangeHandler.handle_event-2255291'] for network (a5e465f1-bb31-4205-8dd1-0fd8847ee7c6), after_create {{(pid=103323) _notify_loop /opt/stack/data/venv/lib/python3.12/site-packages/neutron_lib/callbacks/manager.py:184}}
Jun 29 04:32:43.973744 np0000183360 devstack@neutron-api.service[103323]: DEBUG neutron.api.rpc.handlers.resources_rpc [None req-fd195106-7f7d-4809-8c1b-814fde9d8714 admin admin] Pushing event updated for resources: {'Network': ['ID=a5e465f1-bb31-4205-8dd1-0fd8847ee7c6,revision_number=1']} {{(pid=103323) push /opt/stack/neutron/neutron/api/rpc/handlers/resources_rpc.py:237}}
Jun 29 04:32:43.982106 np0000183360 devstack@neutron-api.service[103323]: DEBUG ovsdbapp.backend.ovs_idl.transaction [-] Running txn n=1 command(idx=0): AddNetworkCommand(_result=None, network_uuid=a5e465f1-bb31-4205-8dd1-0fd8847ee7c6, may_exist=True, columns={'external_ids': {'neutron:network_name': 'private', 'neutron:mtu': '1372', 'neutron:revision_number': '1', 'neutron:availability_zone_hints': '', 'neutron:provnet-network-type': 'geneve'}, 'other_config': {'mcast_snoop': 'false', 'mcast_flood_unregistered': 'false', 'vlan-passthru': 'false'}}) {{(pid=103323) do_commit /opt/stack/data/venv/lib/python3.12/site-packages/ovsdbapp/backend/ovs_idl/transaction.py:89}}
Jun 29 04:32:43.982783 np0000183360 devstack@neutron-api.service[103323]: DEBUG neutron.common.ovn.utils [-] OVS persist_uuid supported=True {{(pid=103323) ovs_persist_uuid_supported /opt/stack/neutron/neutron/common/ovn/utils.py:1544}}
Jun 29 04:32:43.988251 np0000183360 devstack@neutron-api.service[103321]: DEBUG neutron.plugins.ml2.drivers.ovn.mech_driver.ovsdb.ovsdb_monitor [-] Hash Ring: Node 9350cbc7190f53e6a6f87b3eaaac6b46 (host: np0000183360) handling event "create" for row a5e465f1-bb31-4205-8dd1-0fd8847ee7c6 (table: Logical_Switch) {{(pid=103321) notify /opt/stack/neutron/neutron/plugins/ml2/drivers/ovn/mech_driver/ovsdb/ovsdb_monitor.py:1015}}
Jun 29 04:32:43.988790 np0000183360 devstack@neutron-api.service[103324]: DEBUG neutron.plugins.ml2.drivers.ovn.mech_driver.ovsdb.ovsdb_monitor [-] Hash Ring: Node 7bb29f368a1154838aed52846dd66c8a (host: np0000183360) handling event "create" for row a5e465f1-bb31-4205-8dd1-0fd8847ee7c6 (table: Logical_Switch) {{(pid=103324) notify /opt/stack/neutron/neutron/plugins/ml2/drivers/ovn/mech_driver/ovsdb/ovsdb_monitor.py:1015}}
Jun 29 04:32:44.000930 np0000183360 devstack@neutron-api.service[103324]: DEBUG neutron.plugins.ml2.drivers.ovn.mech_driver.ovsdb.ovsdb_monitor [-] Hash Ring: Node 7bb29f368a1154838aed52846dd66c8a (host: np0000183360) handling event "create" for row bd419eb5-987d-4f0c-aa7d-f4bdb9c9df2a (table: Datapath_Binding) {{(pid=103324) notify /opt/stack/neutron/neutron/plugins/ml2/drivers/ovn/mech_driver/ovsdb/ovsdb_monitor.py:1015}}
Jun 29 04:32:44.003031 np0000183360 devstack@neutron-api.service[103323]: DEBUG neutron.plugins.ml2.drivers.ovn.mech_driver.ovsdb.ovsdb_monitor [-] Hash Ring: Node ea3fe62959d25a4c911b1a7b74e5028c (host: np0000183360) handling event "create" for row bd419eb5-987d-4f0c-aa7d-f4bdb9c9df2a (table: Datapath_Binding) {{(pid=103323) notify /opt/stack/neutron/neutron/plugins/ml2/drivers/ovn/mech_driver/ovsdb/ovsdb_monitor.py:1015}}
Jun 29 04:32:44.028937 np0000183360 devstack@neutron-api.service[103323]: INFO neutron.db.ovn_revision_numbers_db [None req-fd195106-7f7d-4809-8c1b-814fde9d8714 admin admin] Successfully bumped revision number for resource a5e465f1-bb31-4205-8dd1-0fd8847ee7c6 (type: networks) to 1
Jun 29 04:32:44.102886 np0000183360 devstack@neutron-api.service[103323]: DEBUG neutron_lib.callbacks.manager [None req-fd195106-7f7d-4809-8c1b-814fde9d8714 admin admin] Publish callbacks ['neutron.plugins.ml2.plugin.SecurityGroupDbMixin._ensure_default_security_group_handler-37659'] for port (None), before_create {{(pid=103323) _notify_loop /opt/stack/data/venv/lib/python3.12/site-packages/neutron_lib/callbacks/manager.py:184}}
Jun 29 04:32:44.387667 np0000183360 devstack@neutron-api.service[103323]: DEBUG neutron_lib.callbacks.manager [None req-fd195106-7f7d-4809-8c1b-814fde9d8714 admin admin] Publish callbacks ['neutron.plugins.ml2.drivers.ovn.mech_driver.mech_driver.OVNMechanismDriver._validate_allowed_address_pairs-464905'] for allowed_address_pair (33c04cb0-99a0-4614-9a06-15b45397c3b4), before_create {{(pid=103323) _notify_loop /opt/stack/data/venv/lib/python3.12/site-packages/neutron_lib/callbacks/manager.py:184}}
Jun 29 04:32:44.388173 np0000183360 devstack@neutron-api.service[103323]: DEBUG neutron_lib.callbacks.manager [None req-fd195106-7f7d-4809-8c1b-814fde9d8714 admin admin] Publish callbacks [] for port (33c04cb0-99a0-4614-9a06-15b45397c3b4), precommit_create {{(pid=103323) _notify_loop /opt/stack/data/venv/lib/python3.12/site-packages/neutron_lib/callbacks/manager.py:184}}
Jun 29 04:32:44.388344 np0000183360 devstack@neutron-api.service[103323]: DEBUG neutron.plugins.ml2.drivers.ovn.mech_driver.mech_driver [None req-fd195106-7f7d-4809-8c1b-814fde9d8714 admin admin] No provisioning block for port 33c04cb0-99a0-4614-9a06-15b45397c3b4 since it does not have a host {{(pid=103323) _is_port_provisioning_required /opt/stack/neutron/neutron/plugins/ml2/drivers/ovn/mech_driver/mech_driver.py:899}}
Jun 29 04:32:44.388460 np0000183360 devstack@neutron-api.service[103323]: DEBUG neutron.db.ovn_revision_numbers_db [None req-fd195106-7f7d-4809-8c1b-814fde9d8714 admin admin] create_initial_revision uuid=33c04cb0-99a0-4614-9a06-15b45397c3b4, type=ports, rev=-1 {{(pid=103323) create_initial_revision /opt/stack/neutron/neutron/db/ovn_revision_numbers_db.py:98}}
Jun 29 04:32:44.450654 np0000183360 devstack@neutron-api.service[103323]: DEBUG neutron_lib.callbacks.manager [None req-fd195106-7f7d-4809-8c1b-814fde9d8714 admin admin] Publish callbacks ['neutron.plugins.ml2.ovo_rpc._ObjectChangeHandler.handle_event-2254922'] for port (33c04cb0-99a0-4614-9a06-15b45397c3b4), after_create {{(pid=103323) _notify_loop /opt/stack/data/venv/lib/python3.12/site-packages/neutron_lib/callbacks/manager.py:184}}
Jun 29 04:32:44.506759 np0000183360 devstack@neutron-api.service[103323]: DEBUG neutron.api.rpc.handlers.resources_rpc [None req-fd195106-7f7d-4809-8c1b-814fde9d8714 admin admin] Pushing event updated for resources: {'Port': ['ID=33c04cb0-99a0-4614-9a06-15b45397c3b4,revision_number=1']} {{(pid=103323) push /opt/stack/neutron/neutron/api/rpc/handlers/resources_rpc.py:237}}
Jun 29 04:32:44.549716 np0000183360 devstack@neutron-api.service[103323]: DEBUG neutron.plugins.ml2.drivers.ovn.mech_driver.ovsdb.commands [None req-fd195106-7f7d-4809-8c1b-814fde9d8714 admin admin] Converting tag [] to a tag_request {{(pid=103323) _tag_column_to_tag_request /opt/stack/neutron/neutron/plugins/ml2/drivers/ovn/mech_driver/ovsdb/commands.py:205}}
Jun 29 04:32:44.550605 np0000183360 devstack@neutron-api.service[103323]: DEBUG ovsdbapp.backend.ovs_idl.transaction [-] Running txn n=1 command(idx=0): AddLSwitchPortCommand(_result=None, lport=33c04cb0-99a0-4614-9a06-15b45397c3b4, lswitch=neutron-a5e465f1-bb31-4205-8dd1-0fd8847ee7c6, may_exist=True, network_uuid=a5e465f1-bb31-4205-8dd1-0fd8847ee7c6, columns={'addresses': ['fa:16:3e:4e:15:b0'], 'external_ids': {'neutron:port_name': '', 'neutron:device_id': 'ovnmeta-a5e465f1-bb31-4205-8dd1-0fd8847ee7c6', 'neutron:project_id': '1178d5f17a7e4f3b9bb0201a6626ca35', 'neutron:cidrs': '', 'neutron:device_owner': 'network:distributed', 'neutron:subnet_pool_addr_scope4': '', 'neutron:subnet_pool_addr_scope6': '', 'neutron:network_name': 'neutron-a5e465f1-bb31-4205-8dd1-0fd8847ee7c6', 'neutron:security_group_ids': '', 'neutron:revision_number': '1', 'neutron:vnic_type': 'normal', 'neutron:port_capabilities': '', 'neutron:mtu': '1372'}, 'parent_name': [], 'enabled': True, 'options': {}, 'type': 'localport', 'port_security': [], 'dhcpv4_options': [], 'dhcpv6_options': [], 'tag_request': []}) {{(pid=103323) do_commit /opt/stack/data/venv/lib/python3.12/site-packages/ovsdbapp/backend/ovs_idl/transaction.py:89}}
Jun 29 04:32:44.551237 np0000183360 devstack@neutron-api.service[103323]: DEBUG ovsdbapp.backend.ovs_idl.transaction [-] Running txn n=1 command(idx=1): QoSDelCommand(_result=None, switch=neutron-a5e465f1-bb31-4205-8dd1-0fd8847ee7c6, conditions=[('direction', '=', 'to-lport'), ('priority', '=', 2002), ('match', '=', 'outport == "33c04cb0-99a0-4614-9a06-15b45397c3b4"')], if_exists=True) {{(pid=103323) do_commit /opt/stack/data/venv/lib/python3.12/site-packages/ovsdbapp/backend/ovs_idl/transaction.py:89}}
Jun 29 04:32:44.551484 np0000183360 devstack@neutron-api.service[103323]: DEBUG ovsdbapp.backend.ovs_idl.transaction [-] Running txn n=1 command(idx=2): QoSDelCommand(_result=None, switch=neutron-a5e465f1-bb31-4205-8dd1-0fd8847ee7c6, conditions=[('direction', '=', 'from-lport'), ('priority', '=', 2002), ('match', '=', 'inport == "33c04cb0-99a0-4614-9a06-15b45397c3b4"')], if_exists=True) {{(pid=103323) do_commit /opt/stack/data/venv/lib/python3.12/site-packages/ovsdbapp/backend/ovs_idl/transaction.py:89}}
Jun 29 04:32:44.561668 np0000183360 devstack@neutron-api.service[103324]: DEBUG neutron.plugins.ml2.drivers.ovn.mech_driver.ovsdb.ovsdb_monitor [-] Hash Ring: Node 7bb29f368a1154838aed52846dd66c8a (host: np0000183360) handling event "update" for row a5e465f1-bb31-4205-8dd1-0fd8847ee7c6 (table: Logical_Switch) {{(pid=103324) notify /opt/stack/neutron/neutron/plugins/ml2/drivers/ovn/mech_driver/ovsdb/ovsdb_monitor.py:1015}}
Jun 29 04:32:44.561668 np0000183360 devstack@neutron-api.service[103324]: DEBUG neutron.plugins.ml2.drivers.ovn.mech_driver.ovsdb.ovsdb_monitor [-] Hash Ring: Node 7bb29f368a1154838aed52846dd66c8a (host: np0000183360) handling event "create" for row 907a680f-6944-4570-9d95-94ebd6a0ec90 (table: Logical_Switch_Port) {{(pid=103324) notify /opt/stack/neutron/neutron/plugins/ml2/drivers/ovn/mech_driver/ovsdb/ovsdb_monitor.py:1015}}
Jun 29 04:32:44.564231 np0000183360 devstack@neutron-api.service[103321]: DEBUG neutron.plugins.ml2.drivers.ovn.mech_driver.ovsdb.ovsdb_monitor [-] Hash Ring: Node 9350cbc7190f53e6a6f87b3eaaac6b46 (host: np0000183360) handling event "update" for row a5e465f1-bb31-4205-8dd1-0fd8847ee7c6 (table: Logical_Switch) {{(pid=103321) notify /opt/stack/neutron/neutron/plugins/ml2/drivers/ovn/mech_driver/ovsdb/ovsdb_monitor.py:1015}}
Jun 29 04:32:44.565774 np0000183360 devstack@neutron-api.service[103323]: DEBUG neutron.plugins.ml2.drivers.ovn.mech_driver.ovsdb.ovsdb_monitor [-] Hash Ring: Node ea3fe62959d25a4c911b1a7b74e5028c (host: np0000183360) handling event "create" for row 57f5a8c1-3af5-4204-a6a0-ab9a58e577ea (table: Port_Binding) {{(pid=103323) notify /opt/stack/neutron/neutron/plugins/ml2/drivers/ovn/mech_driver/ovsdb/ovsdb_monitor.py:1015}}
Jun 29 04:32:44.566154 np0000183360 devstack@neutron-api.service[103324]: DEBUG ovsdbapp.backend.ovs_idl.event [-] Matched CREATE: LogicalSwitchPortCreateEvent(events=('create',), table='Logical_Switch_Port', conditions=[], old_conditions=None), priority=20 to row=Logical_Switch_Port(uuid=907a680f-6944-4570-9d95-94ebd6a0ec90, addresses=['fa:16:3e:4e:15:b0'], dhcpv4_options=[], dhcpv6_options=[], dynamic_addresses=[], enabled=True, external_ids={'neutron:cidrs': '', 'neutron:device_id': 'ovnmeta-a5e465f1-bb31-4205-8dd1-0fd8847ee7c6', 'neutron:device_owner': 'network:distributed', 'neutron:mtu': '1372', 'neutron:network_name': 'neutron-a5e465f1-bb31-4205-8dd1-0fd8847ee7c6', 'neutron:port_capabilities': '', 'neutron:port_name': '', 'neutron:project_id': '1178d5f17a7e4f3b9bb0201a6626ca35', 'neutron:revision_number': '1', 'neutron:security_group_ids': '', 'neutron:subnet_pool_addr_scope4': '', 'neutron:subnet_pool_addr_scope6': '', 'neutron:vnic_type': 'normal'}, ha_chassis_group=[], mirror_rules=[], name='33c04cb0-99a0-4614-9a06-15b45397c3b4', options={}, parent_name=[], port_security=[], tag=[], tag_request=[], type='localport', up=[]) old= {{(pid=103324) matches /opt/stack/data/venv/lib/python3.12/site-packages/ovsdbapp/backend/ovs_idl/event.py:55}}
Jun 29 04:32:44.569818 np0000183360 devstack@neutron-api.service[103324]: DEBUG neutron.plugins.ml2.drivers.ovn.mech_driver.ovsdb.ovsdb_monitor [-] Hash Ring: Node 7bb29f368a1154838aed52846dd66c8a (host: np0000183360) handling event "create" for row 57f5a8c1-3af5-4204-a6a0-ab9a58e577ea (table: Port_Binding) {{(pid=103324) notify /opt/stack/neutron/neutron/plugins/ml2/drivers/ovn/mech_driver/ovsdb/ovsdb_monitor.py:1015}}
Jun 29 04:32:44.570164 np0000183360 devstack@neutron-api.service[103324]: DEBUG neutron.plugins.ml2.drivers.ovn.mech_driver.ovsdb.ovsdb_monitor [-] Hash Ring: Node 7bb29f368a1154838aed52846dd66c8a (host: np0000183360) handling event "update" for row 907a680f-6944-4570-9d95-94ebd6a0ec90 (table: Logical_Switch_Port) {{(pid=103324) notify /opt/stack/neutron/neutron/plugins/ml2/drivers/ovn/mech_driver/ovsdb/ovsdb_monitor.py:1015}}
Jun 29 04:32:44.571270 np0000183360 devstack@neutron-api.service[103324]: INFO neutron.plugins.ml2.drivers.ovn.mech_driver.mech_driver [-] OVN reports status down for port: 33c04cb0-99a0-4614-9a06-15b45397c3b4
Jun 29 04:32:44.609796 np0000183360 devstack@neutron-api.service[103323]: INFO neutron.db.ovn_revision_numbers_db [None req-fd195106-7f7d-4809-8c1b-814fde9d8714 admin admin] Successfully bumped revision number for resource 33c04cb0-99a0-4614-9a06-15b45397c3b4 (type: ports) to 1
Jun 29 04:32:44.619889 np0000183360 devstack@neutron-api.service[103323]: DEBUG neutron.pecan_wsgi.hooks.policy_enforcement [None req-fd195106-7f7d-4809-8c1b-814fde9d8714 admin admin] Attributes excluded by policy engine: ['standard_attr_id'] {{(pid=103323) _exclude_attributes_by_policy /opt/stack/neutron/neutron/pecan_wsgi/hooks/policy_enforcement.py:259}}
Jun 29 04:32:44.620249 np0000183360 devstack@neutron-api.service[103323]: DEBUG neutron_lib.callbacks.manager [None req-fd195106-7f7d-4809-8c1b-814fde9d8714 admin admin] Publish callbacks [] for network (None), before_response {{(pid=103323) _notify_loop /opt/stack/data/venv/lib/python3.12/site-packages/neutron_lib/callbacks/manager.py:184}}
Jun 29 04:32:44.637485 np0000183360 devstack@neutron-api.service[103323]: [pid: 103323|app: 0|req: 1/5] 199.19.213.205 () {68 vars in 1357 bytes} [Mon Jun 29 04:32:42 2026] POST /networking/v2.0/networks => generated 681 bytes in 1701 msecs (HTTP/1.1 201) 4 headers in 162 bytes (1 switches on core 0)
Jun 29 04:32:44.651792 np0000183360 devstack@neutron-api.service[103324]: DEBUG neutron.db.provisioning_blocks [None req-857e0cb2-0ce5-488c-8827-0f8ca8596e2e None None] Transition to ACTIVE for port object 33c04cb0-99a0-4614-9a06-15b45397c3b4 will not be triggered until provisioned by entity L2. {{(pid=103324) add_provisioning_component /opt/stack/neutron/neutron/db/provisioning_blocks.py:74}}
Jun 29 04:32:44.694525 np0000183360 devstack@neutron-api.service[103324]: DEBUG neutron.plugins.ml2.plugin [None req-857e0cb2-0ce5-488c-8827-0f8ca8596e2e None None] Current status of the port 33c04cb0-99a0-4614-9a06-15b45397c3b4 is: DOWN; New status is: DOWN {{(pid=103324) _update_individual_port_db_status /opt/stack/neutron/neutron/plugins/ml2/plugin.py:2473}}
Jun 29 04:32:44.697503 np0000183360 devstack@neutron-api.service[103324]: DEBUG ovsdbapp.backend.ovs_idl.transaction [-] Running txn n=1 command(idx=0): DbRemoveCommand(_result=None, table=Logical_Switch_Port, record=33c04cb0-99a0-4614-9a06-15b45397c3b4, column=external_ids, values=('neutron:host_id',), keyvalues={}, if_exists=True) {{(pid=103324) do_commit /opt/stack/data/venv/lib/python3.12/site-packages/ovsdbapp/backend/ovs_idl/transaction.py:89}}
Jun 29 04:32:45.284714 np0000183360 devstack@neutron-api.service[103324]: DEBUG neutron.policy [None req-21de7688-4e6d-4edb-919a-50ef55590eaa admin admin] Loaded default policies from ['neutron'] under neutron.policies entry points {{(pid=103324) register_rules /opt/stack/neutron/neutron/policy.py:65}}
Jun 29 04:32:45.388241 np0000183360 devstack@neutron-api.service[103324]: DEBUG neutron.pecan_wsgi.hooks.policy_enforcement [None req-21de7688-4e6d-4edb-919a-50ef55590eaa admin admin] Attributes excluded by policy engine: ['standard_attr_id'] {{(pid=103324) _exclude_attributes_by_policy /opt/stack/neutron/neutron/pecan_wsgi/hooks/policy_enforcement.py:259}}
Jun 29 04:32:45.389598 np0000183360 devstack@neutron-api.service[103324]: [pid: 103324|app: 0|req: 3/6] 199.19.213.205 () {64 vars in 1415 bytes} [Mon Jun 29 04:32:45 2026] GET /networking/v2.0/networks/a5e465f1-bb31-4205-8dd1-0fd8847ee7c6 => generated 662 bytes in 339 msecs (HTTP/1.1 200) 4 headers in 157 bytes (1 switches on core 0)
Jun 29 04:32:45.410177 np0000183360 devstack@neutron-api.service[103322]: DEBUG neutron.api.wsgi [None req-45e67ea2-e913-4c6d-a235-b85916ca54e1 admin admin] Missing Content-Type {{(pid=103322) get_content_type /opt/stack/neutron/neutron/api/wsgi.py:80}}
Jun 29 04:32:45.421267 np0000183360 devstack@neutron-api.service[103322]: [pid: 103322|app: 0|req: 2/7] 199.19.213.205 () {64 vars in 1424 bytes} [Mon Jun 29 04:32:45 2026] GET /networking/v2.0/subnetpools/0de12253-9b2f-46ff-9e03-9e35322b8c85 => generated 533 bytes in 15 msecs (HTTP/1.1 200) 4 headers in 157 bytes (1 switches on core 0)
Jun 29 04:32:45.441708 np0000183360 devstack@neutron-api.service[103321]: DEBUG neutron.api.v2.base [None req-d71e6b36-2953-415c-bbb0-894e09e64877 admin admin] Request body: {'subnet': {'gateway_ip': '10.1.0.1', 'ip_version': 4, 'name': 'private-subnet', 'network_id': 'a5e465f1-bb31-4205-8dd1-0fd8847ee7c6', 'subnetpool_id': '0de12253-9b2f-46ff-9e03-9e35322b8c85'}} {{(pid=103321) prepare_request_body /opt/stack/neutron/neutron/api/v2/base.py:727}}
