Jul 07 01:27:39.616745 np0000184300 devstack@neutron-api.service[101981]: DEBUG neutron.api.extensions [None req-95f5cc03-dd5a-49a0-9486-70e9d98a6d00 None None] Loading extension file: standard_attr_segment.py {{(pid=101981) _load_all_extensions_from_path /opt/stack/neutron/neutron/api/extensions.py:449}}
Jul 07 01:27:39.617116 np0000184300 devstack@neutron-api.service[101983]: DEBUG neutron.api.extensions [None req-3310e556-2571-46ad-80b9-f617d66e3881 None None] Extended resource: security-group-rules {{(pid=101983) __init__ /opt/stack/neutron/neutron/api/extensions.py:156}}
Jul 07 01:27:39.617670 np0000184300 devstack@neutron-api.service[101983]: DEBUG neutron.api.extensions [None req-3310e556-2571-46ad-80b9-f617d66e3881 None None] Extended resource: service-providers {{(pid=101983) __init__ /opt/stack/neutron/neutron/api/extensions.py:156}}
Jul 07 01:27:39.618211 np0000184300 devstack@neutron-api.service[101983]: DEBUG neutron.api.extensions [None req-3310e556-2571-46ad-80b9-f617d66e3881 None None] Extended resource: subnetpools {{(pid=101983) __init__ /opt/stack/neutron/neutron/api/extensions.py:156}}
Jul 07 01:27:39.618313 np0000184300 devstack@neutron-api.service[101984]: INFO neutron.db.ovn_hash_ring_db [None req-49a95214-d5ce-4b8a-9d6d-8a2b28531f37 None None] Nodes from host "np0000184300" and group "mechanism_driver" removed from the Hash Ring created at 2026-07-07 01:27:32+00:00
Jul 07 01:27:39.618364 np0000184300 devstack@neutron-api.service[101981]: DEBUG neutron.api.extensions [None req-95f5cc03-dd5a-49a0-9486-70e9d98a6d00 None None] Ext name="Standard Attribute Segment Extension" alias="standard-attr-segment" description="Add standard attributes to Segment resource" updated="2018-04-09T10:00:00-00:00" {{(pid=101981) _check_extension /opt/stack/neutron/neutron/api/extensions.py:415}}
Jul 07 01:27:39.618674 np0000184300 devstack@neutron-api.service[101981]: INFO neutron.api.extensions [None req-95f5cc03-dd5a-49a0-9486-70e9d98a6d00 None None] Extension standard-attr-segment not supported by any of loaded plugins
Jul 07 01:27:39.618763 np0000184300 devstack@neutron-api.service[101981]: DEBUG neutron.api.extensions [None req-95f5cc03-dd5a-49a0-9486-70e9d98a6d00 None None] Loading extension file: standardattrdescription.py {{(pid=101981) _load_all_extensions_from_path /opt/stack/neutron/neutron/api/extensions.py:449}}
Jul 07 01:27:39.618847 np0000184300 devstack@neutron-api.service[101983]: DEBUG neutron.api.extensions [None req-3310e556-2571-46ad-80b9-f617d66e3881 None None] Extended resource: subnetpools {{(pid=101983) __init__ /opt/stack/neutron/neutron/api/extensions.py:156}}
Jul 07 01:27:39.619069 np0000184300 devstack@neutron-api.service[101981]: DEBUG neutron.api.extensions [None req-95f5cc03-dd5a-49a0-9486-70e9d98a6d00 None None] Ext name="standard-attr-description" alias="standard-attr-description" description="Extension to add descriptions to standard attributes" updated="2016-02-10T10:00:00-00:00" {{(pid=101981) _check_extension /opt/stack/neutron/neutron/api/extensions.py:415}}
Jul 07 01:27:39.619248 np0000184300 devstack@neutron-api.service[101981]: INFO neutron.api.extensions [None req-95f5cc03-dd5a-49a0-9486-70e9d98a6d00 None None] Loaded extension: standard-attr-description
Jul 07 01:27:39.619339 np0000184300 devstack@neutron-api.service[101981]: DEBUG neutron.api.extensions [None req-95f5cc03-dd5a-49a0-9486-70e9d98a6d00 None None] Loading extension file: stateful_security_group.py {{(pid=101981) _load_all_extensions_from_path /opt/stack/neutron/neutron/api/extensions.py:449}}
Jul 07 01:27:39.619505 np0000184300 devstack@neutron-api.service[101983]: DEBUG neutron.api.extensions [None req-3310e556-2571-46ad-80b9-f617d66e3881 None None] Extended resource: tags {{(pid=101983) __init__ /opt/stack/neutron/neutron/api/extensions.py:156}}
Jul 07 01:27:39.619576 np0000184300 devstack@neutron-api.service[101981]: DEBUG neutron.api.extensions [None req-95f5cc03-dd5a-49a0-9486-70e9d98a6d00 None None] Ext name="Stateful security group" alias="stateful-security-group" description="Indicates if the security group is stateful or not" updated="2019-11-26T09:00:00-00:00" {{(pid=101981) _check_extension /opt/stack/neutron/neutron/api/extensions.py:415}}
Jul 07 01:27:39.619781 np0000184300 devstack@neutron-api.service[101981]: INFO neutron.api.extensions [None req-95f5cc03-dd5a-49a0-9486-70e9d98a6d00 None None] Loaded extension: stateful-security-group
Jul 07 01:27:39.619944 np0000184300 devstack@neutron-api.service[101981]: DEBUG neutron.api.extensions [None req-95f5cc03-dd5a-49a0-9486-70e9d98a6d00 None None] Loading extension file: stdattrs_common.py {{(pid=101981) _load_all_extensions_from_path /opt/stack/neutron/neutron/api/extensions.py:449}}
Jul 07 01:27:39.620172 np0000184300 devstack@neutron-api.service[101981]: WARNING neutron.api.extensions [None req-95f5cc03-dd5a-49a0-9486-70e9d98a6d00 None None] Did not find expected name "Stdattrs_common" in /opt/stack/neutron/neutron/extensions/stdattrs_common.py
Jul 07 01:27:39.620240 np0000184300 devstack@neutron-api.service[101983]: DEBUG neutron.api.extensions [None req-3310e556-2571-46ad-80b9-f617d66e3881 None None] Extended resource: tags {{(pid=101983) __init__ /opt/stack/neutron/neutron/api/extensions.py:156}}
Jul 07 01:27:39.620334 np0000184300 devstack@neutron-api.service[101981]: DEBUG neutron.api.extensions [None req-95f5cc03-dd5a-49a0-9486-70e9d98a6d00 None None] Loading extension file: subnet_dns_publish_fixed_ip.py {{(pid=101981) _load_all_extensions_from_path /opt/stack/neutron/neutron/api/extensions.py:449}}
Jul 07 01:27:39.620870 np0000184300 devstack@neutron-api.service[101981]: DEBUG neutron.api.extensions [None req-95f5cc03-dd5a-49a0-9486-70e9d98a6d00 None None] Ext name="Subnet DNS publish fixed IP" alias="subnet-dns-publish-fixed-ip" description="Support choosing to publish DNS records for IPs from a subnet" updated="2019-05-24T10:00:00-00:00" {{(pid=101981) _check_extension /opt/stack/neutron/neutron/api/extensions.py:415}}
Jul 07 01:27:39.621065 np0000184300 devstack@neutron-api.service[101983]: DEBUG neutron.api.extensions [None req-3310e556-2571-46ad-80b9-f617d66e3881 None None] Extended resource: tags {{(pid=101983) __init__ /opt/stack/neutron/neutron/api/extensions.py:156}}
Jul 07 01:27:39.621840 np0000184300 devstack@neutron-api.service[101981]: INFO neutron.api.extensions [None req-95f5cc03-dd5a-49a0-9486-70e9d98a6d00 None None] Loaded extension: subnet-dns-publish-fixed-ip
Jul 07 01:27:39.621917 np0000184300 devstack@neutron-api.service[101983]: DEBUG neutron.api.extensions [None req-3310e556-2571-46ad-80b9-f617d66e3881 None None] Extended resource: tags {{(pid=101983) __init__ /opt/stack/neutron/neutron/api/extensions.py:156}}
Jul 07 01:27:39.622730 np0000184300 devstack@neutron-api.service[101983]: DEBUG neutron.api.extensions [None req-3310e556-2571-46ad-80b9-f617d66e3881 None None] Extended resource: tags {{(pid=101983) __init__ /opt/stack/neutron/neutron/api/extensions.py:156}}
Jul 07 01:27:39.623099 np0000184300 devstack@neutron-api.service[101984]: INFO neutron.db.ovn_hash_ring_db [None req-49a95214-d5ce-4b8a-9d6d-8a2b28531f37 None None] Node 717b9932b2c357c7967b65d53d8140e0 from host "np0000184300" and group "mechanism_driver" added to the Hash Ring
Jul 07 01:27:39.623302 np0000184300 devstack@neutron-api.service[101981]: DEBUG neutron.api.extensions [None req-95f5cc03-dd5a-49a0-9486-70e9d98a6d00 None None] Loading extension file: subnet_external_network.py {{(pid=101981) _load_all_extensions_from_path /opt/stack/neutron/neutron/api/extensions.py:449}}
Jul 07 01:27:39.623696 np0000184300 devstack@neutron-api.service[101983]: DEBUG neutron.api.extensions [None req-3310e556-2571-46ad-80b9-f617d66e3881 None None] Extended resource: tags {{(pid=101983) __init__ /opt/stack/neutron/neutron/api/extensions.py:156}}
Jul 07 01:27:39.623904 np0000184300 devstack@neutron-api.service[101981]: DEBUG neutron.api.extensions [None req-95f5cc03-dd5a-49a0-9486-70e9d98a6d00 None None] Ext name="Subnet belongs to an external network" alias="subnet-external-network" description="Informs if the subnet belongs to an external network" updated="2024-02-05T18:00:00-00:00" {{(pid=101981) _check_extension /opt/stack/neutron/neutron/api/extensions.py:415}}
Jul 07 01:27:39.624130 np0000184300 devstack@neutron-api.service[101981]: INFO neutron.api.extensions [None req-95f5cc03-dd5a-49a0-9486-70e9d98a6d00 None None] Loaded extension: subnet-external-network
Jul 07 01:27:39.624376 np0000184300 devstack@neutron-api.service[101981]: DEBUG neutron.api.extensions [None req-95f5cc03-dd5a-49a0-9486-70e9d98a6d00 None None] Loading extension file: subnet_onboard.py {{(pid=101981) _load_all_extensions_from_path /opt/stack/neutron/neutron/api/extensions.py:449}}
Jul 07 01:27:39.624425 np0000184300 devstack@neutron-api.service[101983]: DEBUG neutron.api.extensions [None req-3310e556-2571-46ad-80b9-f617d66e3881 None None] Extended resource: tags {{(pid=101983) __init__ /opt/stack/neutron/neutron/api/extensions.py:156}}
Jul 07 01:27:39.624696 np0000184300 devstack@neutron-api.service[101981]: DEBUG neutron.api.extensions [None req-95f5cc03-dd5a-49a0-9486-70e9d98a6d00 None None] Ext name="Subnet Onboard" alias="subnet_onboard" description="Provides support for onboarding subnets into subnet pools" updated="2018-12-18T09:00:00-00:00" {{(pid=101981) _check_extension /opt/stack/neutron/neutron/api/extensions.py:415}}
Jul 07 01:27:39.624998 np0000184300 devstack@neutron-api.service[101981]: INFO neutron.api.extensions [None req-95f5cc03-dd5a-49a0-9486-70e9d98a6d00 None None] Loaded extension: subnet_onboard
Jul 07 01:27:39.625171 np0000184300 devstack@neutron-api.service[101981]: DEBUG neutron.api.extensions [None req-95f5cc03-dd5a-49a0-9486-70e9d98a6d00 None None] Loading extension file: subnet_segmentid_writable.py {{(pid=101981) _load_all_extensions_from_path /opt/stack/neutron/neutron/api/extensions.py:449}}
Jul 07 01:27:39.625553 np0000184300 devstack@neutron-api.service[101981]: DEBUG neutron.api.extensions [None req-95f5cc03-dd5a-49a0-9486-70e9d98a6d00 None None] Ext name="Subnet SegmentID (writable)" alias="subnet-segmentid-writable" description="Provides a writable segment_id attribute for a subnet resource." updated="2018-03-12T00:00:00-00:00" {{(pid=101981) _check_extension /opt/stack/neutron/neutron/api/extensions.py:415}}
Jul 07 01:27:39.625780 np0000184300 devstack@neutron-api.service[101981]: INFO neutron.api.extensions [None req-95f5cc03-dd5a-49a0-9486-70e9d98a6d00 None None] Extension subnet-segmentid-writable not supported by any of loaded plugins
Jul 07 01:27:39.625824 np0000184300 devstack@neutron-api.service[101983]: DEBUG neutron.api.extensions [None req-3310e556-2571-46ad-80b9-f617d66e3881 None None] Extended resource: tags {{(pid=101983) __init__ /opt/stack/neutron/neutron/api/extensions.py:156}}
Jul 07 01:27:39.625867 np0000184300 devstack@neutron-api.service[101981]: DEBUG neutron.api.extensions [None req-95f5cc03-dd5a-49a0-9486-70e9d98a6d00 None None] Loading extension file: subnet_service_types.py {{(pid=101981) _load_all_extensions_from_path /opt/stack/neutron/neutron/api/extensions.py:449}}
Jul 07 01:27:39.626336 np0000184300 devstack@neutron-api.service[101981]: DEBUG neutron.api.extensions [None req-95f5cc03-dd5a-49a0-9486-70e9d98a6d00 None None] Ext name="Subnet service types" alias="subnet-service-types" description="Provides ability to set the subnet service_types field" updated="2016-03-15T18:00:00-00:00" {{(pid=101981) _check_extension /opt/stack/neutron/neutron/api/extensions.py:415}}
Jul 07 01:27:39.626570 np0000184300 devstack@neutron-api.service[101983]: DEBUG neutron.api.extensions [None req-3310e556-2571-46ad-80b9-f617d66e3881 None None] Extended resource: tags {{(pid=101983) __init__ /opt/stack/neutron/neutron/api/extensions.py:156}}
Jul 07 01:27:39.626618 np0000184300 devstack@neutron-api.service[101981]: INFO neutron.api.extensions [None req-95f5cc03-dd5a-49a0-9486-70e9d98a6d00 None None] Loaded extension: subnet-service-types
Jul 07 01:27:39.626742 np0000184300 devstack@neutron-api.service[101981]: DEBUG neutron.api.extensions [None req-95f5cc03-dd5a-49a0-9486-70e9d98a6d00 None None] Loading extension file: subnetallocation.py {{(pid=101981) _load_all_extensions_from_path /opt/stack/neutron/neutron/api/extensions.py:449}}
Jul 07 01:27:39.627189 np0000184300 devstack@neutron-api.service[101981]: DEBUG neutron.api.extensions [None req-95f5cc03-dd5a-49a0-9486-70e9d98a6d00 None None] Ext name="Subnet Allocation" alias="subnet_allocation" description="Enables allocation of subnets from a subnet pool" updated="2015-03-30T10:00:00-00:00" {{(pid=101981) _check_extension /opt/stack/neutron/neutron/api/extensions.py:415}}
Jul 07 01:27:39.627419 np0000184300 devstack@neutron-api.service[101983]: DEBUG neutron.api.extensions [None req-3310e556-2571-46ad-80b9-f617d66e3881 None None] Extended resource: tags {{(pid=101983) __init__ /opt/stack/neutron/neutron/api/extensions.py:156}}
Jul 07 01:27:39.627503 np0000184300 devstack@neutron-api.service[101981]: INFO neutron.api.extensions [None req-95f5cc03-dd5a-49a0-9486-70e9d98a6d00 None None] Loaded extension: subnet_allocation
Jul 07 01:27:39.627587 np0000184300 devstack@neutron-api.service[101981]: DEBUG neutron.api.extensions [None req-95f5cc03-dd5a-49a0-9486-70e9d98a6d00 None None] Loading extension file: subnetpool_prefix_ops.py {{(pid=101981) _load_all_extensions_from_path /opt/stack/neutron/neutron/api/extensions.py:449}}
Jul 07 01:27:39.627905 np0000184300 devstack@neutron-api.service[101981]: DEBUG neutron.api.extensions [None req-95f5cc03-dd5a-49a0-9486-70e9d98a6d00 None None] Ext name="Subnet Pool Prefix Operations" alias="subnetpool-prefix-ops" description="Provides support for adjusting the prefix list of subnet pools" updated="2019-02-08T10:00:00-00:00" {{(pid=101981) _check_extension /opt/stack/neutron/neutron/api/extensions.py:415}}
Jul 07 01:27:39.628103 np0000184300 devstack@neutron-api.service[101981]: INFO neutron.api.extensions [None req-95f5cc03-dd5a-49a0-9486-70e9d98a6d00 None None] Loaded extension: subnetpool-prefix-ops
Jul 07 01:27:39.628103 np0000184300 devstack@neutron-api.service[101981]: DEBUG neutron.api.extensions [None req-95f5cc03-dd5a-49a0-9486-70e9d98a6d00 None None] Loading extension file: tag_creation.py {{(pid=101981) _load_all_extensions_from_path /opt/stack/neutron/neutron/api/extensions.py:449}}
Jul 07 01:27:39.628421 np0000184300 devstack@neutron-api.service[101981]: DEBUG neutron.api.extensions [None req-95f5cc03-dd5a-49a0-9486-70e9d98a6d00 None None] Ext name="Tag creation extension" alias="tag-creation" description="Allow to create multiple tags for a resource" updated="2024-23-07T10:00:00-00:00" {{(pid=101981) _check_extension /opt/stack/neutron/neutron/api/extensions.py:415}}
Jul 07 01:27:39.628573 np0000184300 devstack@neutron-api.service[101981]: INFO neutron.api.extensions [None req-95f5cc03-dd5a-49a0-9486-70e9d98a6d00 None None] Loaded extension: tag-creation
Jul 07 01:27:39.628669 np0000184300 devstack@neutron-api.service[101981]: DEBUG neutron.api.extensions [None req-95f5cc03-dd5a-49a0-9486-70e9d98a6d00 None None] Loading extension file: tag_ports_during_bulk_creation.py {{(pid=101981) _load_all_extensions_from_path /opt/stack/neutron/neutron/api/extensions.py:449}}
Jul 07 01:27:39.628877 np0000184300 devstack@neutron-api.service[101981]: DEBUG neutron.api.extensions [None req-95f5cc03-dd5a-49a0-9486-70e9d98a6d00 None None] Ext name="Tag Ports During Bulk Creation" alias="tag-ports-during-bulk-creation" description="Allow to tag ports during bulk creation" updated="2019-12-29T19:00:00-00:00" {{(pid=101981) _check_extension /opt/stack/neutron/neutron/api/extensions.py:415}}
Jul 07 01:27:39.629118 np0000184300 devstack@neutron-api.service[101981]: INFO neutron.api.extensions [None req-95f5cc03-dd5a-49a0-9486-70e9d98a6d00 None None] Extension tag-ports-during-bulk-creation not supported by any of loaded plugins
Jul 07 01:27:39.629118 np0000184300 devstack@neutron-api.service[101981]: DEBUG neutron.api.extensions [None req-95f5cc03-dd5a-49a0-9486-70e9d98a6d00 None None] Loading extension file: tagging.py {{(pid=101981) _load_all_extensions_from_path /opt/stack/neutron/neutron/api/extensions.py:449}}
Jul 07 01:27:39.630558 np0000184300 devstack@neutron-api.service[101981]: DEBUG neutron.api.extensions [None req-95f5cc03-dd5a-49a0-9486-70e9d98a6d00 None None] Ext name="Tag support for resources with standard attribute: port, subnet, subnetpool, network, security_group, router, floatingip, policy, trunk, network_segment_range" alias="standard-attr-tag" description="Enables to set tag on resources with standard attribute." updated="2017-01-01T00:00:00-00:00" {{(pid=101981) _check_extension /opt/stack/neutron/neutron/api/extensions.py:415}}
Jul 07 01:27:39.630689 np0000184300 devstack@neutron-api.service[101981]: INFO neutron.api.extensions [None req-95f5cc03-dd5a-49a0-9486-70e9d98a6d00 None None] Loaded extension: standard-attr-tag
Jul 07 01:27:39.630752 np0000184300 devstack@neutron-api.service[101981]: DEBUG neutron.api.extensions [None req-95f5cc03-dd5a-49a0-9486-70e9d98a6d00 None None] Loading extension file: timestamp.py {{(pid=101981) _load_all_extensions_from_path /opt/stack/neutron/neutron/api/extensions.py:449}}
Jul 07 01:27:39.630940 np0000184300 devstack@neutron-api.service[101984]: DEBUG neutron.plugins.ml2.drivers.ovn.mech_driver.mech_driver [None req-49a95214-d5ce-4b8a-9d6d-8a2b28531f37 None None] Hash Ring setup, this worker has detected 2 OVN hash ring registers in the database {{(pid=101984) _init_hash_ring /opt/stack/neutron/neutron/plugins/ml2/drivers/ovn/mech_driver/mech_driver.py:414}}
Jul 07 01:27:39.631016 np0000184300 devstack@neutron-api.service[101981]: DEBUG neutron.api.extensions [None req-95f5cc03-dd5a-49a0-9486-70e9d98a6d00 None None] Ext name="Resource timestamps" alias="standard-attr-timestamp" description="Adds created_at and updated_at fields to all Neutron resources that have Neutron standard attributes." updated="2016-09-12T10:00:00-00:00" {{(pid=101981) _check_extension /opt/stack/neutron/neutron/api/extensions.py:415}}
Jul 07 01:27:39.631316 np0000184300 devstack@neutron-api.service[101981]: INFO neutron.api.extensions [None req-95f5cc03-dd5a-49a0-9486-70e9d98a6d00 None None] Loaded extension: standard-attr-timestamp
Jul 07 01:27:39.631409 np0000184300 devstack@neutron-api.service[101981]: DEBUG neutron.api.extensions [None req-95f5cc03-dd5a-49a0-9486-70e9d98a6d00 None None] Loading extension file: trunk.py {{(pid=101981) _load_all_extensions_from_path /opt/stack/neutron/neutron/api/extensions.py:449}}
Jul 07 01:27:39.631659 np0000184300 devstack@neutron-api.service[101981]: DEBUG neutron.api.extensions [None req-95f5cc03-dd5a-49a0-9486-70e9d98a6d00 None None] Ext name="Trunk Extension" alias="trunk" description="Provides support for trunk ports" updated="2016-01-01T10:00:00-00:00" {{(pid=101981) _check_extension /opt/stack/neutron/neutron/api/extensions.py:415}}
Jul 07 01:27:39.631926 np0000184300 devstack@neutron-api.service[101981]: INFO neutron.api.extensions [None req-95f5cc03-dd5a-49a0-9486-70e9d98a6d00 None None] Extension trunk not supported by any of loaded plugins
Jul 07 01:27:39.631926 np0000184300 devstack@neutron-api.service[101981]: DEBUG neutron.api.extensions [None req-95f5cc03-dd5a-49a0-9486-70e9d98a6d00 None None] Loading extension file: trunk_details.py {{(pid=101981) _load_all_extensions_from_path /opt/stack/neutron/neutron/api/extensions.py:449}}
Jul 07 01:27:39.632333 np0000184300 devstack@neutron-api.service[101981]: DEBUG neutron.api.extensions [None req-95f5cc03-dd5a-49a0-9486-70e9d98a6d00 None None] Ext name="Trunk port details" alias="trunk-details" description="Expose trunk port details" updated="2016-01-01T10:00:00-00:00" {{(pid=101981) _check_extension /opt/stack/neutron/neutron/api/extensions.py:415}}
Jul 07 01:27:39.632439 np0000184300 devstack@neutron-api.service[101981]: INFO neutron.api.extensions [None req-95f5cc03-dd5a-49a0-9486-70e9d98a6d00 None None] Extension trunk-details not supported by any of loaded plugins
Jul 07 01:27:39.632520 np0000184300 devstack@neutron-api.service[101981]: DEBUG neutron.api.extensions [None req-95f5cc03-dd5a-49a0-9486-70e9d98a6d00 None None] Loading extension file: uplink_status_propagation.py {{(pid=101981) _load_all_extensions_from_path /opt/stack/neutron/neutron/api/extensions.py:449}}
Jul 07 01:27:39.632837 np0000184300 devstack@neutron-api.service[101981]: DEBUG neutron.api.extensions [None req-95f5cc03-dd5a-49a0-9486-70e9d98a6d00 None None] Ext name="Uplink status propagation extension" alias="uplink-status-propagation" description="Provides ability to propagate port uplink status." updated="2018-05-31T18:00:00-00:00" {{(pid=101981) _check_extension /opt/stack/neutron/neutron/api/extensions.py:415}}
Jul 07 01:27:39.632944 np0000184300 devstack@neutron-api.service[101981]: INFO neutron.api.extensions [None req-95f5cc03-dd5a-49a0-9486-70e9d98a6d00 None None] Extension uplink-status-propagation not supported by any of loaded plugins
Jul 07 01:27:39.632944 np0000184300 devstack@neutron-api.service[101981]: DEBUG neutron.api.extensions [None req-95f5cc03-dd5a-49a0-9486-70e9d98a6d00 None None] Loading extension file: uplink_status_propagation_updatable.py {{(pid=101981) _load_all_extensions_from_path /opt/stack/neutron/neutron/api/extensions.py:449}}
Jul 07 01:27:39.633296 np0000184300 devstack@neutron-api.service[101981]: DEBUG neutron.api.extensions [None req-95f5cc03-dd5a-49a0-9486-70e9d98a6d00 None None] Ext name="Uplink status propagation updatable extension" alias="uplink-status-propagation-updatable" description="Provides ability to update the port uplink status." updated="2024-09-03T18:00:00-00:00" {{(pid=101981) _check_extension /opt/stack/neutron/neutron/api/extensions.py:415}}
Jul 07 01:27:39.633885 np0000184300 devstack@neutron-api.service[101981]: INFO neutron.api.extensions [None req-95f5cc03-dd5a-49a0-9486-70e9d98a6d00 None None] Extension uplink-status-propagation-updatable not supported by any of loaded plugins
Jul 07 01:27:39.633885 np0000184300 devstack@neutron-api.service[101981]: DEBUG neutron.api.extensions [None req-95f5cc03-dd5a-49a0-9486-70e9d98a6d00 None None] Loading extension file: vlantransparent.py {{(pid=101981) _load_all_extensions_from_path /opt/stack/neutron/neutron/api/extensions.py:449}}
Jul 07 01:27:39.634143 np0000184300 devstack@neutron-api.service[101981]: DEBUG neutron.api.extensions [None req-95f5cc03-dd5a-49a0-9486-70e9d98a6d00 None None] Ext name="Vlantransparent" alias="vlan-transparent" description="Provides Vlan Transparent Networks" updated="2015-03-23T09:00:00-00:00" {{(pid=101981) _check_extension /opt/stack/neutron/neutron/api/extensions.py:415}}
Jul 07 01:27:39.634143 np0000184300 devstack@neutron-api.service[101981]: INFO neutron.api.extensions [None req-95f5cc03-dd5a-49a0-9486-70e9d98a6d00 None None] Loaded extension: vlan-transparent
Jul 07 01:27:39.636604 np0000184300 devstack@neutron-api.service[101981]: INFO neutron.quota.resource_registry [None req-95f5cc03-dd5a-49a0-9486-70e9d98a6d00 None None] Creating instance of TrackedResource for resource:network
Jul 07 01:27:39.636928 np0000184300 devstack@neutron-api.service[101981]: INFO neutron.quota.resource_registry [None req-95f5cc03-dd5a-49a0-9486-70e9d98a6d00 None None] Creating instance of TrackedResource for resource:subnet
Jul 07 01:27:39.637095 np0000184300 devstack@neutron-api.service[101981]: INFO neutron.quota.resource_registry [None req-95f5cc03-dd5a-49a0-9486-70e9d98a6d00 None None] Creating instance of TrackedResource for resource:subnetpool
Jul 07 01:27:39.637095 np0000184300 devstack@neutron-api.service[101981]: INFO neutron.quota.resource_registry [None req-95f5cc03-dd5a-49a0-9486-70e9d98a6d00 None None] Creating instance of TrackedResource for resource:port
Jul 07 01:27:39.638386 np0000184300 devstack@neutron-api.service[101983]: DEBUG neutron_lib.callbacks.manager [None req-3310e556-2571-46ad-80b9-f617d66e3881 None None] Publish callbacks ['neutron.plugins.ml2.drivers.ovn.mech_driver.mech_driver.OVNMechanismDriver.pre_fork_initialize-383725'] for process (None), before_spawn {{(pid=101983) _notify_loop /opt/stack/data/venv/lib/python3.12/site-packages/neutron_lib/callbacks/manager.py:184}}
Jul 07 01:27:39.638619 np0000184300 devstack@neutron-api.service[101983]: DEBUG oslo_concurrency.processutils [None req-3310e556-2571-46ad-80b9-f617d66e3881 None None] Running cmd (subprocess): ovsdb-client transact ssl:199.19.213.150:6641 --timeout 180 -p /opt/stack/data/CA/int-ca/private/devstack-cert.key -c /opt/stack/data/CA/int-ca/devstack-cert.crt -C /opt/stack/data/CA/int-ca/ca-chain.pem ["OVN_Northbound", {"op": "wait", "timeout": 0, "table": "Port_Group", "where": [["name", "==", "neutron_pg_drop"]], "until": "==", "rows": []}, {"op": "insert", "table": "ACL", "row": {"action": "drop", "direction": "to-lport", "match": "outport == @neutron_pg_drop && ip", "priority": 1001}, "uuid-name": "droptoport"}, {"op": "insert", "table": "ACL", "row": {"action": "drop", "direction": "from-lport", "match": "inport == @neutron_pg_drop && ip", "priority": 1001}, "uuid-name": "dropfromport"}, {"op": "insert", "table": "Port_Group", "row": {"name": "neutron_pg_drop", "acls": ["set", [["named-uuid", "droptoport"], ["named-uuid", "dropfromport"]]]}}] {{(pid=101983) execute /opt/stack/data/venv/lib/python3.12/site-packages/oslo_concurrency/processutils.py:440}}
Jul 07 01:27:39.638751 np0000184300 devstack@neutron-api.service[101981]: INFO neutron.quota.resource_registry [None req-95f5cc03-dd5a-49a0-9486-70e9d98a6d00 None None] Creating instance of CountableResource for resource:router_route
Jul 07 01:27:39.638949 np0000184300 devstack@neutron-api.service[101981]: DEBUG neutron.api.v2.resource_helper [None req-95f5cc03-dd5a-49a0-9486-70e9d98a6d00 None None] Service L3_ROUTER_NAT assigned prefix: {{(pid=101981) build_resource_info /opt/stack/neutron/neutron/api/v2/resource_helper.py:77}}
Jul 07 01:27:39.639364 np0000184300 devstack@neutron-api.service[101981]: DEBUG neutron.api.v2.resource_helper [None req-95f5cc03-dd5a-49a0-9486-70e9d98a6d00 None None] Service FLAVORS assigned prefix: {{(pid=101981) build_resource_info /opt/stack/neutron/neutron/api/v2/resource_helper.py:77}}
Jul 07 01:27:39.640447 np0000184300 devstack@neutron-api.service[101981]: DEBUG neutron.api.v2.resource_helper [None req-95f5cc03-dd5a-49a0-9486-70e9d98a6d00 None None] Service L3_ROUTER_NAT assigned prefix: {{(pid=101981) build_resource_info /opt/stack/neutron/neutron/api/v2/resource_helper.py:77}}
Jul 07 01:27:39.640929 np0000184300 devstack@neutron-api.service[101981]: DEBUG neutron.api.v2.resource_helper [None req-95f5cc03-dd5a-49a0-9486-70e9d98a6d00 None None] Service L3_ROUTER_NAT assigned prefix: {{(pid=101981) build_resource_info /opt/stack/neutron/neutron/api/v2/resource_helper.py:77}}
Jul 07 01:27:39.641102 np0000184300 devstack@neutron-api.service[101981]: INFO neutron.quota.resource_registry [None req-95f5cc03-dd5a-49a0-9486-70e9d98a6d00 None None] Creating instance of TrackedResource for resource:router
Jul 07 01:27:39.641464 np0000184300 devstack@neutron-api.service[101981]: INFO neutron.quota.resource_registry [None req-95f5cc03-dd5a-49a0-9486-70e9d98a6d00 None None] Creating instance of TrackedResource for resource:floatingip
Jul 07 01:27:39.642779 np0000184300 devstack@neutron-api.service[101981]: INFO neutron.quota.resource_registry [None req-95f5cc03-dd5a-49a0-9486-70e9d98a6d00 None None] Creating instance of CountableResource for resource:rbac_policy
Jul 07 01:27:39.643574 np0000184300 devstack@neutron-api.service[101981]: INFO neutron.quota.resource_registry [None req-95f5cc03-dd5a-49a0-9486-70e9d98a6d00 None None] Creating instance of TrackedResource for resource:security_group
Jul 07 01:27:39.643723 np0000184300 devstack@neutron-api.service[101984]: DEBUG neutron.plugins.ml2.drivers.ovn.mech_driver.ovsdb.maintenance [None req-49a95214-d5ce-4b8a-9d6d-8a2b28531f37 None None] Periodic task found: HashRingHealthCheckPeriodics.touch_hash_ring_node {{(pid=101984) add_periodics /opt/stack/neutron/neutron/plugins/ml2/drivers/ovn/mech_driver/ovsdb/maintenance.py:146}}
Jul 07 01:27:39.644002 np0000184300 devstack@neutron-api.service[101981]: INFO neutron.quota.resource_registry [None req-95f5cc03-dd5a-49a0-9486-70e9d98a6d00 None None] Creating instance of TrackedResource for resource:security_group_rule
Jul 07 01:27:39.644773 np0000184300 devstack@neutron-api.service[101981]: DEBUG neutron.api.v2.resource_helper [None req-95f5cc03-dd5a-49a0-9486-70e9d98a6d00 None None] Service CORE assigned prefix: {{(pid=101981) build_resource_info /opt/stack/neutron/neutron/api/v2/resource_helper.py:77}}
Jul 07 01:27:39.644838 np0000184300 devstack@neutron-api.service[101981]: INFO neutron.quota.resource_registry [None req-95f5cc03-dd5a-49a0-9486-70e9d98a6d00 None None] Creating instance of TrackedResource for resource:subnetpool
Jul 07 01:27:39.644976 np0000184300 devstack@neutron-api.service[101981]: WARNING neutron.quota.resource_registry [None req-95f5cc03-dd5a-49a0-9486-70e9d98a6d00 None None] subnetpool is already registered
Jul 07 01:27:39.645272 np0000184300 devstack@neutron-api.service[101984]: INFO neutron.plugins.ml2.drivers.ovn.mech_driver.mech_driver [None req-49a95214-d5ce-4b8a-9d6d-8a2b28531f37 None None] Hash Ring probing thread for node 717b9932b2c357c7967b65d53d8140e0 has started
Jul 07 01:27:39.645365 np0000184300 devstack@neutron-api.service[101981]: DEBUG neutron.api.v2.resource_helper [None req-95f5cc03-dd5a-49a0-9486-70e9d98a6d00 None None] Service CORE assigned prefix: {{(pid=101981) build_resource_info /opt/stack/neutron/neutron/api/v2/resource_helper.py:77}}
Jul 07 01:27:39.645538 np0000184300 devstack@neutron-api.service[101981]: INFO neutron.quota.resource_registry [None req-95f5cc03-dd5a-49a0-9486-70e9d98a6d00 None None] Creating instance of TrackedResource for resource:subnetpool
Jul 07 01:27:39.645610 np0000184300 devstack@neutron-api.service[101981]: WARNING neutron.quota.resource_registry [None req-95f5cc03-dd5a-49a0-9486-70e9d98a6d00 None None] subnetpool is already registered
Jul 07 01:27:39.648109 np0000184300 devstack@neutron-api.service[101981]: INFO neutron.quota.resource_registry [None req-95f5cc03-dd5a-49a0-9486-70e9d98a6d00 None None] Creating instance of CountableResource for resource:router_route
Jul 07 01:27:39.648210 np0000184300 devstack@neutron-api.service[101981]: WARNING neutron.quota.resource_registry [None req-95f5cc03-dd5a-49a0-9486-70e9d98a6d00 None None] router_route is already registered
Jul 07 01:27:39.648255 np0000184300 devstack@neutron-api.service[101984]: INFO neutron.plugins.ml2.drivers.ovn.mech_driver.ovsdb.impl_idl_ovn [None req-49a95214-d5ce-4b8a-9d6d-8a2b28531f37 None None] Getting OvsdbNbOvnIdl for WorkerService with retry
Jul 07 01:27:39.648381 np0000184300 devstack@neutron-api.service[101981]: DEBUG neutron.api.v2.resource_helper [None req-95f5cc03-dd5a-49a0-9486-70e9d98a6d00 None None] Service L3_ROUTER_NAT assigned prefix: {{(pid=101981) build_resource_info /opt/stack/neutron/neutron/api/v2/resource_helper.py:77}}
Jul 07 01:27:39.648756 np0000184300 devstack@neutron-api.service[101981]: DEBUG neutron.api.v2.resource_helper [None req-95f5cc03-dd5a-49a0-9486-70e9d98a6d00 None None] Service FLAVORS assigned prefix: {{(pid=101981) build_resource_info /opt/stack/neutron/neutron/api/v2/resource_helper.py:77}}
Jul 07 01:27:39.649643 np0000184300 devstack@neutron-api.service[101981]: DEBUG neutron.api.v2.resource_helper [None req-95f5cc03-dd5a-49a0-9486-70e9d98a6d00 None None] Service L3_ROUTER_NAT assigned prefix: {{(pid=101981) build_resource_info /opt/stack/neutron/neutron/api/v2/resource_helper.py:77}}
Jul 07 01:27:39.649999 np0000184300 devstack@neutron-api.service[101981]: DEBUG neutron.api.v2.resource_helper [None req-95f5cc03-dd5a-49a0-9486-70e9d98a6d00 None None] Service L3_ROUTER_NAT assigned prefix: {{(pid=101981) build_resource_info /opt/stack/neutron/neutron/api/v2/resource_helper.py:77}}
Jul 07 01:27:39.650170 np0000184300 devstack@neutron-api.service[101981]: INFO neutron.quota.resource_registry [None req-95f5cc03-dd5a-49a0-9486-70e9d98a6d00 None None] Creating instance of TrackedResource for resource:router
Jul 07 01:27:39.650307 np0000184300 devstack@neutron-api.service[101981]: WARNING neutron.quota.resource_registry [None req-95f5cc03-dd5a-49a0-9486-70e9d98a6d00 None None] router is already registered
Jul 07 01:27:39.650682 np0000184300 devstack@neutron-api.service[101981]: INFO neutron.quota.resource_registry [None req-95f5cc03-dd5a-49a0-9486-70e9d98a6d00 None None] Creating instance of TrackedResource for resource:floatingip
Jul 07 01:27:39.650836 np0000184300 devstack@neutron-api.service[101981]: WARNING neutron.quota.resource_registry [None req-95f5cc03-dd5a-49a0-9486-70e9d98a6d00 None None] floatingip is already registered
Jul 07 01:27:39.653501 np0000184300 devstack@neutron-api.service[101981]: INFO neutron.quota.resource_registry [None req-95f5cc03-dd5a-49a0-9486-70e9d98a6d00 None None] Creating instance of CountableResource for resource:rbac_policy
Jul 07 01:27:39.653648 np0000184300 devstack@neutron-api.service[101981]: WARNING neutron.quota.resource_registry [None req-95f5cc03-dd5a-49a0-9486-70e9d98a6d00 None None] rbac_policy is already registered
Jul 07 01:27:39.654400 np0000184300 devstack@neutron-api.service[101981]: INFO neutron.quota.resource_registry [None req-95f5cc03-dd5a-49a0-9486-70e9d98a6d00 None None] Creating instance of TrackedResource for resource:security_group
Jul 07 01:27:39.654532 np0000184300 devstack@neutron-api.service[101981]: WARNING neutron.quota.resource_registry [None req-95f5cc03-dd5a-49a0-9486-70e9d98a6d00 None None] security_group is already registered
Jul 07 01:27:39.654933 np0000184300 devstack@neutron-api.service[101981]: INFO neutron.quota.resource_registry [None req-95f5cc03-dd5a-49a0-9486-70e9d98a6d00 None None] Creating instance of TrackedResource for resource:security_group_rule
Jul 07 01:27:39.654933 np0000184300 devstack@neutron-api.service[101981]: WARNING neutron.quota.resource_registry [None req-95f5cc03-dd5a-49a0-9486-70e9d98a6d00 None None] security_group_rule is already registered
Jul 07 01:27:39.655831 np0000184300 devstack@neutron-api.service[101981]: DEBUG neutron.api.v2.resource_helper [None req-95f5cc03-dd5a-49a0-9486-70e9d98a6d00 None None] Service CORE assigned prefix: {{(pid=101981) build_resource_info /opt/stack/neutron/neutron/api/v2/resource_helper.py:77}}
Jul 07 01:27:39.655831 np0000184300 devstack@neutron-api.service[101981]: INFO neutron.quota.resource_registry [None req-95f5cc03-dd5a-49a0-9486-70e9d98a6d00 None None] Creating instance of TrackedResource for resource:subnetpool
Jul 07 01:27:39.655831 np0000184300 devstack@neutron-api.service[101981]: WARNING neutron.quota.resource_registry [None req-95f5cc03-dd5a-49a0-9486-70e9d98a6d00 None None] subnetpool is already registered
Jul 07 01:27:39.656063 np0000184300 devstack@neutron-api.service[101981]: DEBUG neutron.api.v2.resource_helper [None req-95f5cc03-dd5a-49a0-9486-70e9d98a6d00 None None] Service CORE assigned prefix: {{(pid=101981) build_resource_info /opt/stack/neutron/neutron/api/v2/resource_helper.py:77}}
Jul 07 01:27:39.656184 np0000184300 devstack@neutron-api.service[101981]: INFO neutron.quota.resource_registry [None req-95f5cc03-dd5a-49a0-9486-70e9d98a6d00 None None] Creating instance of TrackedResource for resource:subnetpool
Jul 07 01:27:39.656324 np0000184300 devstack@neutron-api.service[101981]: WARNING neutron.quota.resource_registry [None req-95f5cc03-dd5a-49a0-9486-70e9d98a6d00 None None] subnetpool is already registered
Jul 07 01:27:39.656716 np0000184300 devstack@neutron-api.service[101981]: DEBUG neutron.api.extensions [None req-95f5cc03-dd5a-49a0-9486-70e9d98a6d00 None None] Extended resource: extensions {{(pid=101981) __init__ /opt/stack/neutron/neutron/api/extensions.py:156}}
Jul 07 01:27:39.657599 np0000184300 devstack@neutron-api.service[101981]: DEBUG neutron.api.extensions [None req-95f5cc03-dd5a-49a0-9486-70e9d98a6d00 None None] Extended resource: address-groups {{(pid=101981) __init__ /opt/stack/neutron/neutron/api/extensions.py:156}}
Jul 07 01:27:39.658342 np0000184300 devstack@neutron-api.service[101981]: DEBUG neutron.api.extensions [None req-95f5cc03-dd5a-49a0-9486-70e9d98a6d00 None None] Extended resource: address-scopes {{(pid=101981) __init__ /opt/stack/neutron/neutron/api/extensions.py:156}}
Jul 07 01:27:39.659061 np0000184300 devstack@neutron-api.service[101981]: DEBUG neutron.api.extensions [None req-95f5cc03-dd5a-49a0-9486-70e9d98a6d00 None None] Extended resource: agents {{(pid=101981) __init__ /opt/stack/neutron/neutron/api/extensions.py:156}}
Jul 07 01:27:39.659612 np0000184300 devstack@neutron-api.service[101981]: DEBUG neutron.api.extensions [None req-95f5cc03-dd5a-49a0-9486-70e9d98a6d00 None None] Extended resource: auto-allocated-topology {{(pid=101981) __init__ /opt/stack/neutron/neutron/api/extensions.py:156}}
Jul 07 01:27:39.660155 np0000184300 devstack@neutron-api.service[101981]: DEBUG neutron.api.extensions [None req-95f5cc03-dd5a-49a0-9486-70e9d98a6d00 None None] Extended resource: availability_zones {{(pid=101981) __init__ /opt/stack/neutron/neutron/api/extensions.py:156}}
Jul 07 01:27:39.660680 np0000184300 devstack@neutron-api.service[101981]: DEBUG neutron.api.extensions [None req-95f5cc03-dd5a-49a0-9486-70e9d98a6d00 None None] Extended resource: dhcp-networks {{(pid=101981) __init__ /opt/stack/neutron/neutron/api/extensions.py:156}}
Jul 07 01:27:39.661280 np0000184300 devstack@neutron-api.service[101981]: DEBUG neutron.api.extensions [None req-95f5cc03-dd5a-49a0-9486-70e9d98a6d00 None None] Extended resource: dhcp-agents {{(pid=101981) __init__ /opt/stack/neutron/neutron/api/extensions.py:156}}
Jul 07 01:27:39.662011 np0000184300 devstack@neutron-api.service[101981]: DEBUG neutron.api.extensions [None req-95f5cc03-dd5a-49a0-9486-70e9d98a6d00 None None] Extended resource: routers {{(pid=101981) __init__ /opt/stack/neutron/neutron/api/extensions.py:156}}
Jul 07 01:27:39.663182 np0000184300 devstack@neutron-api.service[101981]: DEBUG neutron.api.extensions [None req-95f5cc03-dd5a-49a0-9486-70e9d98a6d00 None None] Extended resource: flavors {{(pid=101981) __init__ /opt/stack/neutron/neutron/api/extensions.py:156}}
Jul 07 01:27:39.663612 np0000184300 devstack@neutron-api.service[101981]: DEBUG neutron.api.extensions [None req-95f5cc03-dd5a-49a0-9486-70e9d98a6d00 None None] Extended resource: service_profiles {{(pid=101981) __init__ /opt/stack/neutron/neutron/api/extensions.py:156}}
Jul 07 01:27:39.664274 np0000184300 devstack@neutron-api.service[101981]: DEBUG neutron.api.extensions [None req-95f5cc03-dd5a-49a0-9486-70e9d98a6d00 None None] Extended resource: next_providers {{(pid=101981) __init__ /opt/stack/neutron/neutron/api/extensions.py:156}}
Jul 07 01:27:39.664873 np0000184300 devstack@neutron-api.service[101981]: DEBUG neutron.api.extensions [None req-95f5cc03-dd5a-49a0-9486-70e9d98a6d00 None None] Extended resource: service_profiles {{(pid=101981) __init__ /opt/stack/neutron/neutron/api/extensions.py:156}}
Jul 07 01:27:39.665546 np0000184300 devstack@neutron-api.service[101981]: DEBUG neutron.api.extensions [None req-95f5cc03-dd5a-49a0-9486-70e9d98a6d00 None None] Extended resource: floatingip-pools {{(pid=101981) __init__ /opt/stack/neutron/neutron/api/extensions.py:156}}
Jul 07 01:27:39.666091 np0000184300 devstack@neutron-api.service[101981]: DEBUG neutron.api.extensions [None req-95f5cc03-dd5a-49a0-9486-70e9d98a6d00 None None] Extended resource: routers {{(pid=101981) __init__ /opt/stack/neutron/neutron/api/extensions.py:156}}
Jul 07 01:27:39.667183 np0000184300 devstack@neutron-api.service[101981]: DEBUG neutron.api.extensions [None req-95f5cc03-dd5a-49a0-9486-70e9d98a6d00 None None] Extended resource: floatingips {{(pid=101981) __init__ /opt/stack/neutron/neutron/api/extensions.py:156}}
Jul 07 01:27:39.667763 np0000184300 devstack@neutron-api.service[101981]: DEBUG neutron.api.extensions [None req-95f5cc03-dd5a-49a0-9486-70e9d98a6d00 None None] Extended resource: l3-routers {{(pid=101981) __init__ /opt/stack/neutron/neutron/api/extensions.py:156}}
Jul 07 01:27:39.668451 np0000184300 devstack@neutron-api.service[101981]: DEBUG neutron.api.extensions [None req-95f5cc03-dd5a-49a0-9486-70e9d98a6d00 None None] Extended resource: l3-agents {{(pid=101981) __init__ /opt/stack/neutron/neutron/api/extensions.py:156}}
Jul 07 01:27:39.669074 np0000184300 devstack@neutron-api.service[101981]: DEBUG neutron.api.extensions [None req-95f5cc03-dd5a-49a0-9486-70e9d98a6d00 None None] Extended resource: network-ip-availabilities {{(pid=101981) __init__ /opt/stack/neutron/neutron/api/extensions.py:156}}
Jul 07 01:27:39.669595 np0000184300 devstack@neutron-api.service[101981]: DEBUG neutron.api.extensions [None req-95f5cc03-dd5a-49a0-9486-70e9d98a6d00 None None] Extended resource: network-ip-availabilities {{(pid=101981) __init__ /opt/stack/neutron/neutron/api/extensions.py:156}}
Jul 07 01:27:39.670133 np0000184300 devstack@neutron-api.service[101981]: DEBUG neutron.api.extensions [None req-95f5cc03-dd5a-49a0-9486-70e9d98a6d00 None None] Extended resource: bindings {{(pid=101981) __init__ /opt/stack/neutron/neutron/api/extensions.py:156}}
Jul 07 01:27:39.670975 np0000184300 devstack@neutron-api.service[101981]: DEBUG neutron.api.extensions [None req-95f5cc03-dd5a-49a0-9486-70e9d98a6d00 None None] Extended resource: quotas {{(pid=101981) __init__ /opt/stack/neutron/neutron/api/extensions.py:156}}
Jul 07 01:27:39.671798 np0000184300 devstack@neutron-api.service[101981]: DEBUG neutron.api.extensions [None req-95f5cc03-dd5a-49a0-9486-70e9d98a6d00 None None] Extended resource: quotas {{(pid=101981) __init__ /opt/stack/neutron/neutron/api/extensions.py:156}}
Jul 07 01:27:39.672584 np0000184300 devstack@neutron-api.service[101981]: DEBUG neutron.api.extensions [None req-95f5cc03-dd5a-49a0-9486-70e9d98a6d00 None None] Extended resource: rbac-policies {{(pid=101981) __init__ /opt/stack/neutron/neutron/api/extensions.py:156}}
Jul 07 01:27:39.673199 np0000184300 devstack@neutron-api.service[101981]: DEBUG neutron.api.extensions [None req-95f5cc03-dd5a-49a0-9486-70e9d98a6d00 None None] Extended resource: default-security-group-rules {{(pid=101981) __init__ /opt/stack/neutron/neutron/api/extensions.py:156}}
Jul 07 01:27:39.673879 np0000184300 devstack@neutron-api.service[101981]: DEBUG neutron.api.extensions [None req-95f5cc03-dd5a-49a0-9486-70e9d98a6d00 None None] Extended resource: security-groups-default-statefulness {{(pid=101981) __init__ /opt/stack/neutron/neutron/api/extensions.py:156}}
Jul 07 01:27:39.674951 np0000184300 devstack@neutron-api.service[101981]: DEBUG neutron.api.extensions [None req-95f5cc03-dd5a-49a0-9486-70e9d98a6d00 None None] Extended resource: security-groups {{(pid=101981) __init__ /opt/stack/neutron/neutron/api/extensions.py:156}}
Jul 07 01:27:39.675665 np0000184300 devstack@neutron-api.service[101981]: DEBUG neutron.api.extensions [None req-95f5cc03-dd5a-49a0-9486-70e9d98a6d00 None None] Extended resource: security-group-rules {{(pid=101981) __init__ /opt/stack/neutron/neutron/api/extensions.py:156}}
Jul 07 01:27:39.676194 np0000184300 devstack@neutron-api.service[101981]: DEBUG neutron.api.extensions [None req-95f5cc03-dd5a-49a0-9486-70e9d98a6d00 None None] Extended resource: service-providers {{(pid=101981) __init__ /opt/stack/neutron/neutron/api/extensions.py:156}}
Jul 07 01:27:39.676823 np0000184300 devstack@neutron-api.service[101981]: DEBUG neutron.api.extensions [None req-95f5cc03-dd5a-49a0-9486-70e9d98a6d00 None None] Extended resource: subnetpools {{(pid=101981) __init__ /opt/stack/neutron/neutron/api/extensions.py:156}}
Jul 07 01:27:39.677446 np0000184300 devstack@neutron-api.service[101981]: DEBUG neutron.api.extensions [None req-95f5cc03-dd5a-49a0-9486-70e9d98a6d00 None None] Extended resource: subnetpools {{(pid=101981) __init__ /opt/stack/neutron/neutron/api/extensions.py:156}}
Jul 07 01:27:39.678081 np0000184300 devstack@neutron-api.service[101981]: DEBUG neutron.api.extensions [None req-95f5cc03-dd5a-49a0-9486-70e9d98a6d00 None None] Extended resource: tags {{(pid=101981) __init__ /opt/stack/neutron/neutron/api/extensions.py:156}}
Jul 07 01:27:39.678731 np0000184300 devstack@neutron-api.service[101983]: DEBUG oslo_concurrency.processutils [None req-3310e556-2571-46ad-80b9-f617d66e3881 None None] CMD "ovsdb-client transact ssl:199.19.213.150:6641 --timeout 180 -p /opt/stack/data/CA/int-ca/private/devstack-cert.key -c /opt/stack/data/CA/int-ca/devstack-cert.crt -C /opt/stack/data/CA/int-ca/ca-chain.pem ["OVN_Northbound", {"op": "wait", "timeout": 0, "table": "Port_Group", "where": [["name", "==", "neutron_pg_drop"]], "until": "==", "rows": []}, {"op": "insert", "table": "ACL", "row": {"action": "drop", "direction": "to-lport", "match": "outport == @neutron_pg_drop && ip", "priority": 1001}, "uuid-name": "droptoport"}, {"op": "insert", "table": "ACL", "row": {"action": "drop", "direction": "from-lport", "match": "inport == @neutron_pg_drop && ip", "priority": 1001}, "uuid-name": "dropfromport"}, {"op": "insert", "table": "Port_Group", "row": {"name": "neutron_pg_drop", "acls": ["set", [["named-uuid", "droptoport"], ["named-uuid", "dropfromport"]]]}}]" returned: 0 in 0.040s {{(pid=101983) execute /opt/stack/data/venv/lib/python3.12/site-packages/oslo_concurrency/processutils.py:468}}
Jul 07 01:27:39.678877 np0000184300 devstack@neutron-api.service[101981]: DEBUG neutron.api.extensions [None req-95f5cc03-dd5a-49a0-9486-70e9d98a6d00 None None] Extended resource: tags {{(pid=101981) __init__ /opt/stack/neutron/neutron/api/extensions.py:156}}
Jul 07 01:27:39.679294 np0000184300 devstack@neutron-api.service[101983]: DEBUG neutron_lib.callbacks.manager [None req-3310e556-2571-46ad-80b9-f617d66e3881 None None] Publish callbacks ['neutron.plugins.ml2.drivers.ovn.mech_driver.mech_driver.OVNMechanismDriver.post_fork_initialize-383621', 'neutron.services.pvlan.drivers.ovn.driver._initialize_pvlan_pg_drop-8199356490742', 'neutron.services.ovn_l3.plugin.OVNL3RouterPlugin._post_fork_initialize-4118733'] for process (None), after_init {{(pid=101983) _notify_loop /opt/stack/data/venv/lib/python3.12/site-packages/neutron_lib/callbacks/manager.py:184}}
Jul 07 01:27:39.679780 np0000184300 devstack@neutron-api.service[101981]: DEBUG neutron.api.extensions [None req-95f5cc03-dd5a-49a0-9486-70e9d98a6d00 None None] Extended resource: tags {{(pid=101981) __init__ /opt/stack/neutron/neutron/api/extensions.py:156}}
Jul 07 01:27:39.680308 np0000184300 devstack@neutron-api.service[101983]: DEBUG oslo_concurrency.lockutils [None req-3310e556-2571-46ad-80b9-f617d66e3881 None None] Acquiring lock "singleton_lock" {{(pid=101983) lock /opt/stack/data/venv/lib/python3.12/site-packages/oslo_concurrency/lockutils.py:395}}
Jul 07 01:27:39.680643 np0000184300 devstack@neutron-api.service[101981]: DEBUG neutron.api.extensions [None req-95f5cc03-dd5a-49a0-9486-70e9d98a6d00 None None] Extended resource: tags {{(pid=101981) __init__ /opt/stack/neutron/neutron/api/extensions.py:156}}
Jul 07 01:27:39.680703 np0000184300 devstack@neutron-api.service[101983]: DEBUG oslo_concurrency.lockutils [None req-3310e556-2571-46ad-80b9-f617d66e3881 None None] Acquired lock "singleton_lock" {{(pid=101983) lock /opt/stack/data/venv/lib/python3.12/site-packages/oslo_concurrency/lockutils.py:398}}
Jul 07 01:27:39.680970 np0000184300 devstack@neutron-api.service[101983]: DEBUG oslo_concurrency.lockutils [None req-3310e556-2571-46ad-80b9-f617d66e3881 None None] Releasing lock "singleton_lock" {{(pid=101983) lock /opt/stack/data/venv/lib/python3.12/site-packages/oslo_concurrency/lockutils.py:418}}
Jul 07 01:27:39.681406 np0000184300 devstack@neutron-api.service[101981]: DEBUG neutron.api.extensions [None req-95f5cc03-dd5a-49a0-9486-70e9d98a6d00 None None] Extended resource: tags {{(pid=101981) __init__ /opt/stack/neutron/neutron/api/extensions.py:156}}
Jul 07 01:27:39.683433 np0000184300 devstack@neutron-api.service[101981]: DEBUG neutron.api.extensions [None req-95f5cc03-dd5a-49a0-9486-70e9d98a6d00 None None] Extended resource: tags {{(pid=101981) __init__ /opt/stack/neutron/neutron/api/extensions.py:156}}
Jul 07 01:27:39.683653 np0000184300 devstack@neutron-api.service[101983]: DEBUG neutron.plugins.ml2.drivers.ovn.mech_driver.mech_driver [None req-3310e556-2571-46ad-80b9-f617d66e3881 None None] Hash Ring setup using WSGI start time 2026-07-07 01:27:32+00:00 {{(pid=101983) _init_hash_ring /opt/stack/neutron/neutron/plugins/ml2/drivers/ovn/mech_driver/mech_driver.py:404}}
Jul 07 01:27:39.684357 np0000184300 devstack@neutron-api.service[101981]: DEBUG neutron.api.extensions [None req-95f5cc03-dd5a-49a0-9486-70e9d98a6d00 None None] Extended resource: tags {{(pid=101981) __init__ /opt/stack/neutron/neutron/api/extensions.py:156}}
Jul 07 01:27:39.685397 np0000184300 devstack@neutron-api.service[101981]: DEBUG neutron.api.extensions [None req-95f5cc03-dd5a-49a0-9486-70e9d98a6d00 None None] Extended resource: tags {{(pid=101981) __init__ /opt/stack/neutron/neutron/api/extensions.py:156}}
Jul 07 01:27:39.686166 np0000184300 devstack@neutron-api.service[101981]: DEBUG neutron.api.extensions [None req-95f5cc03-dd5a-49a0-9486-70e9d98a6d00 None None] Extended resource: tags {{(pid=101981) __init__ /opt/stack/neutron/neutron/api/extensions.py:156}}
Jul 07 01:27:39.687767 np0000184300 devstack@neutron-api.service[101981]: DEBUG neutron.api.extensions [None req-95f5cc03-dd5a-49a0-9486-70e9d98a6d00 None None] Extended resource: tags {{(pid=101981) __init__ /opt/stack/neutron/neutron/api/extensions.py:156}}
