Apr 13 02:25:04.759225 np0000165408 devstack@neutron-api.service[104584]: DEBUG neutron_lib.callbacks.manager [None req-26232b9b-0363-40a4-b948-f5acf643e427 None None] Subscribe: > router precommit_update 55550000, False {{(pid=104584) subscribe /opt/stack/data/venv/lib/python3.12/site-packages/neutron_lib/callbacks/manager.py:52}}
Apr 13 02:25:04.759257 np0000165408 devstack@neutron-api.service[104583]: DEBUG neutron.api.extensions [None req-2c56dec6-3016-42e8-aa3b-6e0e07a64ed6 None None] Loading extension file: fip_pf_detail.py {{(pid=104583) _load_all_extensions_from_path /opt/stack/neutron/neutron/api/extensions.py:449}}
Apr 13 02:25:04.759340 np0000165408 devstack@neutron-api.service[104584]: DEBUG neutron_lib.callbacks.manager [None req-26232b9b-0363-40a4-b948-f5acf643e427 None None] Subscribe: subnet after_update 55550000, False {{(pid=104584) subscribe /opt/stack/data/venv/lib/python3.12/site-packages/neutron_lib/callbacks/manager.py:52}}
Apr 13 02:25:04.759609 np0000165408 devstack@neutron-api.service[104583]: DEBUG neutron.api.extensions [None req-2c56dec6-3016-42e8-aa3b-6e0e07a64ed6 None None] Ext name="Floating IP port forwarding detail" alias="floating-ip-port-forwarding-detail" description="Allow list floating ip return more port forwarding data, include'id' and 'internal_port_id'" updated="2022-05-06T10:00:00-00:00" {{(pid=104583) _check_extension /opt/stack/neutron/neutron/api/extensions.py:415}}
Apr 13 02:25:04.759895 np0000165408 devstack@neutron-api.service[104583]: INFO neutron.api.extensions [None req-2c56dec6-3016-42e8-aa3b-6e0e07a64ed6 None None] Loaded extension: floating-ip-port-forwarding-detail
Apr 13 02:25:04.760006 np0000165408 devstack@neutron-api.service[104583]: DEBUG neutron.api.extensions [None req-2c56dec6-3016-42e8-aa3b-6e0e07a64ed6 None None] Loading extension file: fip_pf_port_range.py {{(pid=104583) _load_all_extensions_from_path /opt/stack/neutron/neutron/api/extensions.py:449}}
Apr 13 02:25:04.760048 np0000165408 devstack@neutron-api.service[104584]: DEBUG neutron.quota.resource_registry [None req-26232b9b-0363-40a4-b948-f5acf643e427 None None] Tracking information for resource: router configured {{(pid=104584) set_tracked_resource /opt/stack/neutron/neutron/quota/resource_registry.py:203}}
Apr 13 02:25:04.760149 np0000165408 devstack@neutron-api.service[104584]: DEBUG neutron.quota.resource_registry [None req-26232b9b-0363-40a4-b948-f5acf643e427 None None] Tracking information for resource: floatingip configured {{(pid=104584) set_tracked_resource /opt/stack/neutron/neutron/quota/resource_registry.py:203}}
Apr 13 02:25:04.760251 np0000165408 devstack@neutron-api.service[104584]: INFO neutron.services.ovn_l3.plugin [None req-26232b9b-0363-40a4-b948-f5acf643e427 None None] Starting OVNL3RouterPlugin
Apr 13 02:25:04.760337 np0000165408 devstack@neutron-api.service[104583]: DEBUG neutron.api.extensions [None req-2c56dec6-3016-42e8-aa3b-6e0e07a64ed6 None None] Ext name="Floating IP Port Forwarding support port ranges" alias="floating-ip-port-forwarding-port-ranges" description="Add support to port ranges" updated="2020-07-01T10:00:00-00:00" {{(pid=104583) _check_extension /opt/stack/neutron/neutron/api/extensions.py:415}}
Apr 13 02:25:04.760594 np0000165408 devstack@neutron-api.service[104584]: DEBUG neutron_lib.callbacks.manager [None req-26232b9b-0363-40a4-b948-f5acf643e427 None None] Subscribe: > port_forwarding_plugin after_init 55550000, False {{(pid=104584) subscribe /opt/stack/data/venv/lib/python3.12/site-packages/neutron_lib/callbacks/manager.py:52}}
Apr 13 02:25:04.760638 np0000165408 devstack@neutron-api.service[104583]: INFO neutron.api.extensions [None req-2c56dec6-3016-42e8-aa3b-6e0e07a64ed6 None None] Extension floating-ip-port-forwarding-port-ranges not supported by any of loaded plugins
Apr 13 02:25:04.760767 np0000165408 devstack@neutron-api.service[104583]: DEBUG neutron.api.extensions [None req-2c56dec6-3016-42e8-aa3b-6e0e07a64ed6 None None] Loading extension file: fip_port_details.py {{(pid=104583) _load_all_extensions_from_path /opt/stack/neutron/neutron/api/extensions.py:449}}
Apr 13 02:25:04.760798 np0000165408 devstack@neutron-api.service[104584]: DEBUG neutron_lib.callbacks.manager [None req-26232b9b-0363-40a4-b948-f5acf643e427 None None] Subscribe: > router before_create 55550100, False {{(pid=104584) subscribe /opt/stack/data/venv/lib/python3.12/site-packages/neutron_lib/callbacks/manager.py:52}}
Apr 13 02:25:04.760885 np0000165408 devstack@neutron-api.service[104584]: DEBUG neutron_lib.callbacks.manager [None req-26232b9b-0363-40a4-b948-f5acf643e427 None None] Subscribe: > router precommit_delete 55550100, False {{(pid=104584) subscribe /opt/stack/data/venv/lib/python3.12/site-packages/neutron_lib/callbacks/manager.py:52}}
Apr 13 02:25:04.761012 np0000165408 devstack@neutron-api.service[104584]: DEBUG neutron_lib.callbacks.manager [None req-26232b9b-0363-40a4-b948-f5acf643e427 None None] Subscribe: > router precommit_create 55550100, False {{(pid=104584) subscribe /opt/stack/data/venv/lib/python3.12/site-packages/neutron_lib/callbacks/manager.py:52}}
Apr 13 02:25:04.761096 np0000165408 devstack@neutron-api.service[104584]: DEBUG neutron_lib.callbacks.manager [None req-26232b9b-0363-40a4-b948-f5acf643e427 None None] Subscribe: > router precommit_update 55550100, False {{(pid=104584) subscribe /opt/stack/data/venv/lib/python3.12/site-packages/neutron_lib/callbacks/manager.py:52}}
Apr 13 02:25:04.761127 np0000165408 devstack@neutron-api.service[104583]: DEBUG neutron.api.extensions [None req-2c56dec6-3016-42e8-aa3b-6e0e07a64ed6 None None] Ext name="Floating IP Port Details Extension" alias="fip-port-details" description="Add port_details attribute to Floating IP resource" updated="2018-04-09T10:00:00-00:00" {{(pid=104583) _check_extension /opt/stack/neutron/neutron/api/extensions.py:415}}
Apr 13 02:25:04.761678 np0000165408 devstack@neutron-api.service[104583]: INFO neutron.api.extensions [None req-2c56dec6-3016-42e8-aa3b-6e0e07a64ed6 None None] Loaded extension: fip-port-details
Apr 13 02:25:04.761862 np0000165408 devstack@neutron-api.service[104583]: DEBUG neutron.api.extensions [None req-2c56dec6-3016-42e8-aa3b-6e0e07a64ed6 None None] Loading extension file: flavors.py {{(pid=104583) _load_all_extensions_from_path /opt/stack/neutron/neutron/api/extensions.py:449}}
Apr 13 02:25:04.762273 np0000165408 devstack@neutron-api.service[104583]: DEBUG neutron.api.extensions [None req-2c56dec6-3016-42e8-aa3b-6e0e07a64ed6 None None] Ext name="Neutron Service Flavors" alias="flavors" description="Flavor specification for Neutron advanced services." updated="2015-09-17T10:00:00-00:00" {{(pid=104583) _check_extension /opt/stack/neutron/neutron/api/extensions.py:415}}
Apr 13 02:25:04.762589 np0000165408 devstack@neutron-api.service[104583]: INFO neutron.api.extensions [None req-2c56dec6-3016-42e8-aa3b-6e0e07a64ed6 None None] Loaded extension: flavors
Apr 13 02:25:04.762700 np0000165408 devstack@neutron-api.service[104583]: DEBUG neutron.api.extensions [None req-2c56dec6-3016-42e8-aa3b-6e0e07a64ed6 None None] Loading extension file: floating_ip_port_forwarding.py {{(pid=104583) _load_all_extensions_from_path /opt/stack/neutron/neutron/api/extensions.py:449}}
Apr 13 02:25:04.763261 np0000165408 devstack@neutron-api.service[104583]: DEBUG neutron.api.extensions [None req-2c56dec6-3016-42e8-aa3b-6e0e07a64ed6 None None] Ext name="Floating IP Port Forwarding" alias="floating-ip-port-forwarding" description="Allow port forwarding from floating IP port to an internal port" updated="2018-01-19T10:00:00-00:00" {{(pid=104583) _check_extension /opt/stack/neutron/neutron/api/extensions.py:415}}
Apr 13 02:25:04.763635 np0000165408 devstack@neutron-api.service[104583]: INFO neutron.api.extensions [None req-2c56dec6-3016-42e8-aa3b-6e0e07a64ed6 None None] Extension floating-ip-port-forwarding not supported by any of loaded plugins
Apr 13 02:25:04.763784 np0000165408 devstack@neutron-api.service[104583]: DEBUG neutron.api.extensions [None req-2c56dec6-3016-42e8-aa3b-6e0e07a64ed6 None None] Loading extension file: floatingip_pools.py {{(pid=104583) _load_all_extensions_from_path /opt/stack/neutron/neutron/api/extensions.py:449}}
Apr 13 02:25:04.764187 np0000165408 devstack@neutron-api.service[104583]: DEBUG neutron.api.extensions [None req-2c56dec6-3016-42e8-aa3b-6e0e07a64ed6 None None] Ext name="Floating IP Pools Extension" alias="floatingip-pools" description="Provides a floating IP pools API." updated="2018-03-21T10:00:00-00:00" {{(pid=104583) _check_extension /opt/stack/neutron/neutron/api/extensions.py:415}}
Apr 13 02:25:04.764511 np0000165408 devstack@neutron-api.service[104583]: INFO neutron.api.extensions [None req-2c56dec6-3016-42e8-aa3b-6e0e07a64ed6 None None] Loaded extension: floatingip-pools
Apr 13 02:25:04.764543 np0000165408 devstack@neutron-api.service[104584]: DEBUG neutron.services.provider_configuration [None req-26232b9b-0363-40a4-b948-f5acf643e427 None None] Service providers = [] {{(pid=104584) parse_service_provider_opt /opt/stack/neutron/neutron/services/provider_configuration.py:170}}
Apr 13 02:25:04.764654 np0000165408 devstack@neutron-api.service[104584]: DEBUG neutron.db.servicetype_db [None req-26232b9b-0363-40a4-b948-f5acf643e427 None None] Adding provider configuration for service L3_ROUTER_NAT {{(pid=104584) add_provider_configuration /opt/stack/neutron/neutron/db/servicetype_db.py:42}}
Apr 13 02:25:04.764721 np0000165408 devstack@neutron-api.service[104583]: DEBUG neutron.api.extensions [None req-2c56dec6-3016-42e8-aa3b-6e0e07a64ed6 None None] Loading extension file: ip_allocation.py {{(pid=104583) _load_all_extensions_from_path /opt/stack/neutron/neutron/api/extensions.py:449}}
Apr 13 02:25:04.765058 np0000165408 devstack@neutron-api.service[104583]: DEBUG neutron.api.extensions [None req-2c56dec6-3016-42e8-aa3b-6e0e07a64ed6 None None] Ext name="IP Allocation" alias="ip_allocation" description="IP allocation extension." updated="2016-06-10T23:00:00-00:00" {{(pid=104583) _check_extension /opt/stack/neutron/neutron/api/extensions.py:415}}
Apr 13 02:25:04.765361 np0000165408 devstack@neutron-api.service[104583]: INFO neutron.api.extensions [None req-2c56dec6-3016-42e8-aa3b-6e0e07a64ed6 None None] Extension ip_allocation not supported by any of loaded plugins
Apr 13 02:25:04.765485 np0000165408 devstack@neutron-api.service[104583]: DEBUG neutron.api.extensions [None req-2c56dec6-3016-42e8-aa3b-6e0e07a64ed6 None None] Loading extension file: ip_substring_port_filtering.py {{(pid=104583) _load_all_extensions_from_path /opt/stack/neutron/neutron/api/extensions.py:449}}
Apr 13 02:25:04.765914 np0000165408 devstack@neutron-api.service[104583]: DEBUG neutron.api.extensions [None req-2c56dec6-3016-42e8-aa3b-6e0e07a64ed6 None None] Ext name="IP address substring filtering" alias="ip-substring-filtering" description="Provides IP address substring filtering when listing ports" updated="2017-11-28T09:00:00-00:00" {{(pid=104583) _check_extension /opt/stack/neutron/neutron/api/extensions.py:415}}
Apr 13 02:25:04.766169 np0000165408 devstack@neutron-api.service[104583]: INFO neutron.api.extensions [None req-2c56dec6-3016-42e8-aa3b-6e0e07a64ed6 None None] Extension ip-substring-filtering not supported by any of loaded plugins
Apr 13 02:25:04.766332 np0000165408 devstack@neutron-api.service[104583]: DEBUG neutron.api.extensions [None req-2c56dec6-3016-42e8-aa3b-6e0e07a64ed6 None None] Loading extension file: l2_adjacency.py {{(pid=104583) _load_all_extensions_from_path /opt/stack/neutron/neutron/api/extensions.py:449}}
Apr 13 02:25:04.766648 np0000165408 devstack@neutron-api.service[104583]: DEBUG neutron.api.extensions [None req-2c56dec6-3016-42e8-aa3b-6e0e07a64ed6 None None] Ext name="L2 Adjacency" alias="l2_adjacency" description="Display L2 Adjacency for Neutron Networks." updated="2016-04-12T16:00:00-00:00" {{(pid=104583) _check_extension /opt/stack/neutron/neutron/api/extensions.py:415}}
Apr 13 02:25:04.766809 np0000165408 devstack@neutron-api.service[104583]: INFO neutron.api.extensions [None req-2c56dec6-3016-42e8-aa3b-6e0e07a64ed6 None None] Extension l2_adjacency not supported by any of loaded plugins
Apr 13 02:25:04.766912 np0000165408 devstack@neutron-api.service[104583]: DEBUG neutron.api.extensions [None req-2c56dec6-3016-42e8-aa3b-6e0e07a64ed6 None None] Loading extension file: l3.py {{(pid=104583) _load_all_extensions_from_path /opt/stack/neutron/neutron/api/extensions.py:449}}
Apr 13 02:25:04.767438 np0000165408 devstack@neutron-api.service[104583]: DEBUG neutron.api.extensions [None req-2c56dec6-3016-42e8-aa3b-6e0e07a64ed6 None None] Ext name="Neutron L3 Router" alias="router" description="Router abstraction for basic L3 forwarding between L2 Neutron networks and access to external networks via a NAT gateway." updated="2012-07-20T10:00:00-00:00" {{(pid=104583) _check_extension /opt/stack/neutron/neutron/api/extensions.py:415}}
Apr 13 02:25:04.767592 np0000165408 devstack@neutron-api.service[104583]: INFO neutron.api.extensions [None req-2c56dec6-3016-42e8-aa3b-6e0e07a64ed6 None None] Loaded extension: router
Apr 13 02:25:04.767669 np0000165408 devstack@neutron-api.service[104583]: DEBUG neutron.api.extensions [None req-2c56dec6-3016-42e8-aa3b-6e0e07a64ed6 None None] Loading extension file: l3_conntrack_helper.py {{(pid=104583) _load_all_extensions_from_path /opt/stack/neutron/neutron/api/extensions.py:449}}
Apr 13 02:25:04.768429 np0000165408 devstack@neutron-api.service[104583]: DEBUG neutron.api.extensions [None req-2c56dec6-3016-42e8-aa3b-6e0e07a64ed6 None None] Ext name="L3 Conntrack helper" alias="l3-conntrack-helper" description="Allow adding CT target rules for conntrack helper" updated="2019-04-04T10:00:00-00:00" {{(pid=104583) _check_extension /opt/stack/neutron/neutron/api/extensions.py:415}}
Apr 13 02:25:04.768593 np0000165408 devstack@neutron-api.service[104583]: INFO neutron.api.extensions [None req-2c56dec6-3016-42e8-aa3b-6e0e07a64ed6 None None] Extension l3-conntrack-helper not supported by any of loaded plugins
Apr 13 02:25:04.768686 np0000165408 devstack@neutron-api.service[104583]: DEBUG neutron.api.extensions [None req-2c56dec6-3016-42e8-aa3b-6e0e07a64ed6 None None] Loading extension file: l3_enable_default_route_bfd.py {{(pid=104583) _load_all_extensions_from_path /opt/stack/neutron/neutron/api/extensions.py:449}}
Apr 13 02:25:04.768923 np0000165408 devstack@neutron-api.service[104583]: DEBUG neutron.api.extensions [None req-2c56dec6-3016-42e8-aa3b-6e0e07a64ed6 None None] Ext name="Enable Default Route BFD" alias="enable-default-route-bfd" description="Enables configurable BFD behavior for default routes" updated="2023-02-27T00:00:00-00:00" {{(pid=104583) _check_extension /opt/stack/neutron/neutron/api/extensions.py:415}}
Apr 13 02:25:04.769098 np0000165408 devstack@neutron-api.service[104583]: INFO neutron.api.extensions [None req-2c56dec6-3016-42e8-aa3b-6e0e07a64ed6 None None] Loaded extension: enable-default-route-bfd
Apr 13 02:25:04.769183 np0000165408 devstack@neutron-api.service[104583]: DEBUG neutron.api.extensions [None req-2c56dec6-3016-42e8-aa3b-6e0e07a64ed6 None None] Loading extension file: l3_enable_default_route_ecmp.py {{(pid=104583) _load_all_extensions_from_path /opt/stack/neutron/neutron/api/extensions.py:449}}
Apr 13 02:25:04.769447 np0000165408 devstack@neutron-api.service[104583]: DEBUG neutron.api.extensions [None req-2c56dec6-3016-42e8-aa3b-6e0e07a64ed6 None None] Ext name="Enable Default Route ECMP" alias="enable-default-route-ecmp" description="Enables configurable ECMP behavior for default routes" updated="2023-02-27T00:00:00-00:00" {{(pid=104583) _check_extension /opt/stack/neutron/neutron/api/extensions.py:415}}
Apr 13 02:25:04.769642 np0000165408 devstack@neutron-api.service[104583]: INFO neutron.api.extensions [None req-2c56dec6-3016-42e8-aa3b-6e0e07a64ed6 None None] Loaded extension: enable-default-route-ecmp
Apr 13 02:25:04.769725 np0000165408 devstack@neutron-api.service[104583]: DEBUG neutron.api.extensions [None req-2c56dec6-3016-42e8-aa3b-6e0e07a64ed6 None None] Loading extension file: l3_ext_gw_mode.py {{(pid=104583) _load_all_extensions_from_path /opt/stack/neutron/neutron/api/extensions.py:449}}
Apr 13 02:25:04.769984 np0000165408 devstack@neutron-api.service[104583]: DEBUG neutron.api.extensions [None req-2c56dec6-3016-42e8-aa3b-6e0e07a64ed6 None None] Ext name="Neutron L3 Configurable external gateway mode" alias="ext-gw-mode" description="Extension of the router abstraction for specifying whether SNAT should occur on the external gateway" updated="2013-03-28T10:00:00-00:00" {{(pid=104583) _check_extension /opt/stack/neutron/neutron/api/extensions.py:415}}
Apr 13 02:25:04.770148 np0000165408 devstack@neutron-api.service[104583]: INFO neutron.api.extensions [None req-2c56dec6-3016-42e8-aa3b-6e0e07a64ed6 None None] Loaded extension: ext-gw-mode
Apr 13 02:25:04.770259 np0000165408 devstack@neutron-api.service[104583]: DEBUG neutron.api.extensions [None req-2c56dec6-3016-42e8-aa3b-6e0e07a64ed6 None None] Loading extension file: l3_ext_ha_mode.py {{(pid=104583) _load_all_extensions_from_path /opt/stack/neutron/neutron/api/extensions.py:449}}
Apr 13 02:25:04.770666 np0000165408 devstack@neutron-api.service[104583]: DEBUG neutron.api.extensions [None req-2c56dec6-3016-42e8-aa3b-6e0e07a64ed6 None None] Ext name="HA Router extension" alias="l3-ha" description="Adds HA capability to routers." updated="2014-04-26T00:00:00-00:00" {{(pid=104583) _check_extension /opt/stack/neutron/neutron/api/extensions.py:415}}
Apr 13 02:25:04.770843 np0000165408 devstack@neutron-api.service[104583]: INFO neutron.api.extensions [None req-2c56dec6-3016-42e8-aa3b-6e0e07a64ed6 None None] Loaded extension: l3-ha
Apr 13 02:25:04.770955 np0000165408 devstack@neutron-api.service[104583]: DEBUG neutron.api.extensions [None req-2c56dec6-3016-42e8-aa3b-6e0e07a64ed6 None None] Loading extension file: l3_ext_ndp_proxy.py {{(pid=104583) _load_all_extensions_from_path /opt/stack/neutron/neutron/api/extensions.py:449}}
Apr 13 02:25:04.771152 np0000165408 devstack@neutron-api.service[104583]: DEBUG neutron.api.extensions [None req-2c56dec6-3016-42e8-aa3b-6e0e07a64ed6 None None] Ext name="Router support to enable NDP proxy" alias="l3-ext-ndp-proxy" description="Router extension to enable ndp proxy" updated="2020-08-25T00:00:00-00:00" {{(pid=104583) _check_extension /opt/stack/neutron/neutron/api/extensions.py:415}}
Apr 13 02:25:04.771368 np0000165408 devstack@neutron-api.service[104583]: INFO neutron.api.extensions [None req-2c56dec6-3016-42e8-aa3b-6e0e07a64ed6 None None] Extension l3-ext-ndp-proxy not supported by any of loaded plugins
Apr 13 02:25:04.771489 np0000165408 devstack@neutron-api.service[104583]: DEBUG neutron.api.extensions [None req-2c56dec6-3016-42e8-aa3b-6e0e07a64ed6 None None] Loading extension file: l3_extra_gws.py {{(pid=104583) _load_all_extensions_from_path /opt/stack/neutron/neutron/api/extensions.py:449}}
Apr 13 02:25:04.771671 np0000165408 devstack@neutron-api.service[104583]: DEBUG neutron.api.extensions [None req-2c56dec6-3016-42e8-aa3b-6e0e07a64ed6 None None] Ext name="Neutron L3 External Gateway Multihoming" alias="external-gateway-multihoming" description="Allow multiple external gateway ports per router" updated="2023-01-18T00:00:00-00:00" {{(pid=104583) _check_extension /opt/stack/neutron/neutron/api/extensions.py:415}}
Apr 13 02:25:04.771836 np0000165408 devstack@neutron-api.service[104583]: INFO neutron.api.extensions [None req-2c56dec6-3016-42e8-aa3b-6e0e07a64ed6 None None] Loaded extension: external-gateway-multihoming
Apr 13 02:25:04.771924 np0000165408 devstack@neutron-api.service[104583]: DEBUG neutron.api.extensions [None req-2c56dec6-3016-42e8-aa3b-6e0e07a64ed6 None None] Loading extension file: l3_flavors.py {{(pid=104583) _load_all_extensions_from_path /opt/stack/neutron/neutron/api/extensions.py:449}}
Apr 13 02:25:04.772146 np0000165408 devstack@neutron-api.service[104583]: DEBUG neutron.api.extensions [None req-2c56dec6-3016-42e8-aa3b-6e0e07a64ed6 None None] Ext name="Router Flavor Extension" alias="l3-flavors" description="Flavor support for routers." updated="2016-05-17T00:00:00-00:00" {{(pid=104583) _check_extension /opt/stack/neutron/neutron/api/extensions.py:415}}
Apr 13 02:25:04.772314 np0000165408 devstack@neutron-api.service[104583]: INFO neutron.api.extensions [None req-2c56dec6-3016-42e8-aa3b-6e0e07a64ed6 None None] Loaded extension: l3-flavors
Apr 13 02:25:04.772419 np0000165408 devstack@neutron-api.service[104583]: DEBUG neutron.api.extensions [None req-2c56dec6-3016-42e8-aa3b-6e0e07a64ed6 None None] Loading extension file: l3_ndp_proxy.py {{(pid=104583) _load_all_extensions_from_path /opt/stack/neutron/neutron/api/extensions.py:449}}
Apr 13 02:25:04.772719 np0000165408 devstack@neutron-api.service[104583]: DEBUG neutron.api.extensions [None req-2c56dec6-3016-42e8-aa3b-6e0e07a64ed6 None None] Ext name="name" alias="l3-ndp-proxy" description="description" updated="2021-06-29T10:00:00-00:00" {{(pid=104583) _check_extension /opt/stack/neutron/neutron/api/extensions.py:415}}
Apr 13 02:25:04.772885 np0000165408 devstack@neutron-api.service[104583]: INFO neutron.api.extensions [None req-2c56dec6-3016-42e8-aa3b-6e0e07a64ed6 None None] Extension l3-ndp-proxy not supported by any of loaded plugins
Apr 13 02:25:04.772967 np0000165408 devstack@neutron-api.service[104583]: DEBUG neutron.api.extensions [None req-2c56dec6-3016-42e8-aa3b-6e0e07a64ed6 None None] Loading extension file: l3_port_ip_change_not_allowed.py {{(pid=104583) _load_all_extensions_from_path /opt/stack/neutron/neutron/api/extensions.py:449}}
Apr 13 02:25:04.773205 np0000165408 devstack@neutron-api.service[104583]: DEBUG neutron.api.extensions [None req-2c56dec6-3016-42e8-aa3b-6e0e07a64ed6 None None] Ext name="Prevent L3 router ports IP address change extension" alias="l3-port-ip-change-not-allowed" description="Prevent change of IP address for some L3 router ports" updated="2018-10-09T10:00:00-00:00" {{(pid=104583) _check_extension /opt/stack/neutron/neutron/api/extensions.py:415}}
Apr 13 02:25:04.773382 np0000165408 devstack@neutron-api.service[104583]: INFO neutron.api.extensions [None req-2c56dec6-3016-42e8-aa3b-6e0e07a64ed6 None None] Extension l3-port-ip-change-not-allowed not supported by any of loaded plugins
Apr 13 02:25:04.773484 np0000165408 devstack@neutron-api.service[104583]: DEBUG neutron.api.extensions [None req-2c56dec6-3016-42e8-aa3b-6e0e07a64ed6 None None] Loading extension file: l3agentscheduler.py {{(pid=104583) _load_all_extensions_from_path /opt/stack/neutron/neutron/api/extensions.py:449}}
Apr 13 02:25:04.774163 np0000165408 devstack@neutron-api.service[104583]: DEBUG neutron.api.extensions [None req-2c56dec6-3016-42e8-aa3b-6e0e07a64ed6 None None] Ext name="L3 Agent Scheduler" alias="l3_agent_scheduler" description="Schedule routers among l3 agents" updated="2013-02-07T10:00:00-00:00" {{(pid=104583) _check_extension /opt/stack/neutron/neutron/api/extensions.py:415}}
Apr 13 02:25:04.774337 np0000165408 devstack@neutron-api.service[104583]: INFO neutron.api.extensions [None req-2c56dec6-3016-42e8-aa3b-6e0e07a64ed6 None None] Extension l3_agent_scheduler not supported by any of loaded plugins
Apr 13 02:25:04.774444 np0000165408 devstack@neutron-api.service[104583]: DEBUG neutron.api.extensions [None req-2c56dec6-3016-42e8-aa3b-6e0e07a64ed6 None None] Loading extension file: local_ip.py {{(pid=104583) _load_all_extensions_from_path /opt/stack/neutron/neutron/api/extensions.py:449}}
Apr 13 02:25:04.774778 np0000165408 devstack@neutron-api.service[104583]: DEBUG neutron.api.extensions [None req-2c56dec6-3016-42e8-aa3b-6e0e07a64ed6 None None] Ext name="Local IP" alias="local_ip" description="Support Node Local Virtual IP" updated="2021-07-26T10:00:00-00:00" {{(pid=104583) _check_extension /opt/stack/neutron/neutron/api/extensions.py:415}}
Apr 13 02:25:04.774930 np0000165408 devstack@neutron-api.service[104583]: INFO neutron.api.extensions [None req-2c56dec6-3016-42e8-aa3b-6e0e07a64ed6 None None] Extension local_ip not supported by any of loaded plugins
Apr 13 02:25:04.775034 np0000165408 devstack@neutron-api.service[104583]: DEBUG neutron.api.extensions [None req-2c56dec6-3016-42e8-aa3b-6e0e07a64ed6 None None] Loading extension file: logging.py {{(pid=104583) _load_all_extensions_from_path /opt/stack/neutron/neutron/api/extensions.py:449}}
Apr 13 02:25:04.775383 np0000165408 devstack@neutron-api.service[104583]: DEBUG neutron.api.extensions [None req-2c56dec6-3016-42e8-aa3b-6e0e07a64ed6 None None] Ext name="Logging API Extension" alias="logging" description="Provides a logging API for resources such as security group and firewall." updated="2017-01-01T10:00:00-00:00" {{(pid=104583) _check_extension /opt/stack/neutron/neutron/api/extensions.py:415}}
Apr 13 02:25:04.775555 np0000165408 devstack@neutron-api.service[104583]: INFO neutron.api.extensions [None req-2c56dec6-3016-42e8-aa3b-6e0e07a64ed6 None None] Extension logging not supported by any of loaded plugins
Apr 13 02:25:04.775646 np0000165408 devstack@neutron-api.service[104583]: DEBUG neutron.api.extensions [None req-2c56dec6-3016-42e8-aa3b-6e0e07a64ed6 None None] Loading extension file: metering.py {{(pid=104583) _load_all_extensions_from_path /opt/stack/neutron/neutron/api/extensions.py:449}}
Apr 13 02:25:04.777549 np0000165408 devstack@neutron-api.service[104583]: DEBUG neutron.api.extensions [None req-2c56dec6-3016-42e8-aa3b-6e0e07a64ed6 None None] Ext name="Neutron Metering" alias="metering" description="Neutron Metering extension." updated="2013-06-12T10:00:00-00:00" {{(pid=104583) _check_extension /opt/stack/neutron/neutron/api/extensions.py:415}}
Apr 13 02:25:04.777765 np0000165408 devstack@neutron-api.service[104583]: INFO neutron.api.extensions [None req-2c56dec6-3016-42e8-aa3b-6e0e07a64ed6 None None] Extension metering not supported by any of loaded plugins
Apr 13 02:25:04.777847 np0000165408 devstack@neutron-api.service[104583]: DEBUG neutron.api.extensions [None req-2c56dec6-3016-42e8-aa3b-6e0e07a64ed6 None None] Loading extension file: metering_source_and_destination_fields.py {{(pid=104583) _load_all_extensions_from_path /opt/stack/neutron/neutron/api/extensions.py:449}}
Apr 13 02:25:04.778118 np0000165408 devstack@neutron-api.service[104583]: DEBUG neutron.api.extensions [None req-2c56dec6-3016-42e8-aa3b-6e0e07a64ed6 None None] Ext name="Neutron Metering with source and destination filtering" alias="metering_source_and_destination_fields" description="Neutron Metering extension that enables the use of source and destination IP prefixes to create metering label rules." updated="2020-08-21T08:12:00-00:00" {{(pid=104583) _check_extension /opt/stack/neutron/neutron/api/extensions.py:415}}
Apr 13 02:25:04.778305 np0000165408 devstack@neutron-api.service[104583]: INFO neutron.api.extensions [None req-2c56dec6-3016-42e8-aa3b-6e0e07a64ed6 None None] Extension metering_source_and_destination_fields not supported by any of loaded plugins
Apr 13 02:25:04.778390 np0000165408 devstack@neutron-api.service[104583]: DEBUG neutron.api.extensions [None req-2c56dec6-3016-42e8-aa3b-6e0e07a64ed6 None None] Loading extension file: multiprovidernet.py {{(pid=104583) _load_all_extensions_from_path /opt/stack/neutron/neutron/api/extensions.py:449}}
Apr 13 02:25:04.778629 np0000165408 devstack@neutron-api.service[104583]: DEBUG neutron.api.extensions [None req-2c56dec6-3016-42e8-aa3b-6e0e07a64ed6 None None] Ext name="Multi Provider Network" alias="multi-provider" description="Expose mapping of virtual networks to multiple physical networks" updated="2013-06-27T10:00:00-00:00" {{(pid=104583) _check_extension /opt/stack/neutron/neutron/api/extensions.py:415}}
Apr 13 02:25:04.778833 np0000165408 devstack@neutron-api.service[104583]: INFO neutron.api.extensions [None req-2c56dec6-3016-42e8-aa3b-6e0e07a64ed6 None None] Loaded extension: multi-provider
Apr 13 02:25:04.778922 np0000165408 devstack@neutron-api.service[104583]: DEBUG neutron.api.extensions [None req-2c56dec6-3016-42e8-aa3b-6e0e07a64ed6 None None] Loading extension file: netmtu.py {{(pid=104583) _load_all_extensions_from_path /opt/stack/neutron/neutron/api/extensions.py:449}}
Apr 13 02:25:04.779132 np0000165408 devstack@neutron-api.service[104583]: DEBUG neutron.api.extensions [None req-2c56dec6-3016-42e8-aa3b-6e0e07a64ed6 None None] Ext name="Network MTU" alias="net-mtu" description="Provides MTU attribute for a network resource." updated="2015-03-25T10:00:00-00:00" {{(pid=104583) _check_extension /opt/stack/neutron/neutron/api/extensions.py:415}}
Apr 13 02:25:04.779305 np0000165408 devstack@neutron-api.service[104583]: INFO neutron.api.extensions [None req-2c56dec6-3016-42e8-aa3b-6e0e07a64ed6 None None] Loaded extension: net-mtu
Apr 13 02:25:04.779404 np0000165408 devstack@neutron-api.service[104583]: DEBUG neutron.api.extensions [None req-2c56dec6-3016-42e8-aa3b-6e0e07a64ed6 None None] Loading extension file: netmtu_writable.py {{(pid=104583) _load_all_extensions_from_path /opt/stack/neutron/neutron/api/extensions.py:449}}
Apr 13 02:25:04.779655 np0000165408 devstack@neutron-api.service[104583]: DEBUG neutron.api.extensions [None req-2c56dec6-3016-42e8-aa3b-6e0e07a64ed6 None None] Ext name="Network MTU (writable)" alias="net-mtu-writable" description="Provides a writable MTU attribute for a network resource." updated="2017-07-12T00:00:00-00:00" {{(pid=104583) _check_extension /opt/stack/neutron/neutron/api/extensions.py:415}}
Apr 13 02:25:04.779819 np0000165408 devstack@neutron-api.service[104583]: INFO neutron.api.extensions [None req-2c56dec6-3016-42e8-aa3b-6e0e07a64ed6 None None] Loaded extension: net-mtu-writable
Apr 13 02:25:04.779909 np0000165408 devstack@neutron-api.service[104583]: DEBUG neutron.api.extensions [None req-2c56dec6-3016-42e8-aa3b-6e0e07a64ed6 None None] Loading extension file: network_availability_zone.py {{(pid=104583) _load_all_extensions_from_path /opt/stack/neutron/neutron/api/extensions.py:449}}
Apr 13 02:25:04.780437 np0000165408 devstack@neutron-api.service[104583]: DEBUG neutron.api.extensions [None req-2c56dec6-3016-42e8-aa3b-6e0e07a64ed6 None None] Ext name="Network Availability Zone" alias="network_availability_zone" description="Availability zone support for network." updated="2015-01-01T10:00:00-00:00" {{(pid=104583) _check_extension /opt/stack/neutron/neutron/api/extensions.py:415}}
Apr 13 02:25:04.780437 np0000165408 devstack@neutron-api.service[104583]: INFO neutron.api.extensions [None req-2c56dec6-3016-42e8-aa3b-6e0e07a64ed6 None None] Loaded extension: network_availability_zone
Apr 13 02:25:04.780595 np0000165408 devstack@neutron-api.service[104583]: DEBUG neutron.api.extensions [None req-2c56dec6-3016-42e8-aa3b-6e0e07a64ed6 None None] Loading extension file: network_ha.py {{(pid=104583) _load_all_extensions_from_path /opt/stack/neutron/neutron/api/extensions.py:449}}
Apr 13 02:25:04.780691 np0000165408 devstack@neutron-api.service[104583]: DEBUG neutron.api.extensions [None req-2c56dec6-3016-42e8-aa3b-6e0e07a64ed6 None None] Ext name="Network HA creation flag" alias="network_ha" description="Network high availability creation flag." updated="2023-04-27T10:00:00-00:00" {{(pid=104583) _check_extension /opt/stack/neutron/neutron/api/extensions.py:415}}
Apr 13 02:25:04.780855 np0000165408 devstack@neutron-api.service[104583]: INFO neutron.api.extensions [None req-2c56dec6-3016-42e8-aa3b-6e0e07a64ed6 None None] Extension network_ha not supported by any of loaded plugins
Apr 13 02:25:04.780936 np0000165408 devstack@neutron-api.service[104583]: DEBUG neutron.api.extensions [None req-2c56dec6-3016-42e8-aa3b-6e0e07a64ed6 None None] Loading extension file: network_ip_availability.py {{(pid=104583) _load_all_extensions_from_path /opt/stack/neutron/neutron/api/extensions.py:449}}
Apr 13 02:25:04.781193 np0000165408 devstack@neutron-api.service[104583]: DEBUG neutron.api.extensions [None req-2c56dec6-3016-42e8-aa3b-6e0e07a64ed6 None None] Ext name="Network IP Availability" alias="network-ip-availability" description="Provides IP availability data for each network and subnet." updated="2015-09-24T00:00:00-00:00" {{(pid=104583) _check_extension /opt/stack/neutron/neutron/api/extensions.py:415}}
Apr 13 02:25:04.781362 np0000165408 devstack@neutron-api.service[104583]: INFO neutron.api.extensions [None req-2c56dec6-3016-42e8-aa3b-6e0e07a64ed6 None None] Loaded extension: network-ip-availability
Apr 13 02:25:04.781523 np0000165408 devstack@neutron-api.service[104583]: DEBUG neutron.api.extensions [None req-2c56dec6-3016-42e8-aa3b-6e0e07a64ed6 None None] Loading extension file: network_ip_availability_details.py {{(pid=104583) _load_all_extensions_from_path /opt/stack/neutron/neutron/api/extensions.py:449}}
Apr 13 02:25:04.781874 np0000165408 devstack@neutron-api.service[104583]: DEBUG neutron.api.extensions [None req-2c56dec6-3016-42e8-aa3b-6e0e07a64ed6 None None] Ext name="Network IP Availability Details Extension" alias="network-ip-availability-details" description="Add ip_availability_details attribute to network-ip-availabilities resource." updated="2025-10-31T00:00:00-00:00" {{(pid=104583) _check_extension /opt/stack/neutron/neutron/api/extensions.py:415}}
Apr 13 02:25:04.782056 np0000165408 devstack@neutron-api.service[104583]: INFO neutron.api.extensions [None req-2c56dec6-3016-42e8-aa3b-6e0e07a64ed6 None None] Loaded extension: network-ip-availability-details
Apr 13 02:25:04.782209 np0000165408 devstack@neutron-api.service[104583]: DEBUG neutron.api.extensions [None req-2c56dec6-3016-42e8-aa3b-6e0e07a64ed6 None None] Loading extension file: network_segment_range.py {{(pid=104583) _load_all_extensions_from_path /opt/stack/neutron/neutron/api/extensions.py:449}}
Apr 13 02:25:04.782443 np0000165408 devstack@neutron-api.service[104586]: INFO neutron.plugins.ml2.drivers.type_vlan [None req-dd982ce6-23e5-49d7-85b1-ee798e10475d None None] VlanTypeDriver initialization complete
Apr 13 02:25:04.782667 np0000165408 devstack@neutron-api.service[104583]: DEBUG neutron.api.extensions [None req-2c56dec6-3016-42e8-aa3b-6e0e07a64ed6 None None] Ext name="Neutron Network Segment Range" alias="network-segment-range" description="Provides support for the network segment range management" updated="2018-11-29T00:00:00-00:00" {{(pid=104583) _check_extension /opt/stack/neutron/neutron/api/extensions.py:415}}
Apr 13 02:25:04.782795 np0000165408 devstack@neutron-api.service[104586]: INFO neutron.plugins.ml2.managers [None req-dd982ce6-23e5-49d7-85b1-ee798e10475d None None] Initializing extension driver 'port_security'
Apr 13 02:25:04.782878 np0000165408 devstack@neutron-api.service[104583]: INFO neutron.api.extensions [None req-2c56dec6-3016-42e8-aa3b-6e0e07a64ed6 None None] Extension network-segment-range not supported by any of loaded plugins
Apr 13 02:25:04.782878 np0000165408 devstack@neutron-api.service[104583]: DEBUG neutron.api.extensions [None req-2c56dec6-3016-42e8-aa3b-6e0e07a64ed6 None None] Loading extension file: pagination.py {{(pid=104583) _load_all_extensions_from_path /opt/stack/neutron/neutron/api/extensions.py:449}}
Apr 13 02:25:04.782932 np0000165408 devstack@neutron-api.service[104586]: INFO neutron.plugins.ml2.extensions.port_security [None req-dd982ce6-23e5-49d7-85b1-ee798e10475d None None] PortSecurityExtensionDriver initialization complete
Apr 13 02:25:04.783020 np0000165408 devstack@neutron-api.service[104586]: INFO neutron.plugins.ml2.managers [None req-dd982ce6-23e5-49d7-85b1-ee798e10475d None None] Initializing extension driver 'qos'
Apr 13 02:25:04.783047 np0000165408 devstack@neutron-api.service[104583]: DEBUG neutron.api.extensions [None req-2c56dec6-3016-42e8-aa3b-6e0e07a64ed6 None None] Ext name="Pagination support" alias="pagination" description="Extension that indicates that pagination is enabled." updated="2016-06-12T00:00:00-00:00" {{(pid=104583) _check_extension /opt/stack/neutron/neutron/api/extensions.py:415}}
Apr 13 02:25:04.783104 np0000165408 devstack@neutron-api.service[104583]: INFO neutron.api.extensions [None req-2c56dec6-3016-42e8-aa3b-6e0e07a64ed6 None None] Loaded extension: pagination
Apr 13 02:25:04.783129 np0000165408 devstack@neutron-api.service[104586]: DEBUG neutron.plugins.ml2.extensions.qos [None req-dd982ce6-23e5-49d7-85b1-ee798e10475d None None] QosExtensionDriver initialization complete {{(pid=104586) initialize /opt/stack/neutron/neutron/plugins/ml2/extensions/qos.py:31}}
Apr 13 02:25:04.783189 np0000165408 devstack@neutron-api.service[104583]: DEBUG neutron.api.extensions [None req-2c56dec6-3016-42e8-aa3b-6e0e07a64ed6 None None] Loading extension file: port_device_profile.py {{(pid=104583) _load_all_extensions_from_path /opt/stack/neutron/neutron/api/extensions.py:449}}
Apr 13 02:25:04.783284 np0000165408 devstack@neutron-api.service[104586]: INFO neutron.plugins.ml2.managers [None req-dd982ce6-23e5-49d7-85b1-ee798e10475d None None] Initializing mechanism driver 'ovn'
Apr 13 02:25:04.783420 np0000165408 devstack@neutron-api.service[104583]: DEBUG neutron.api.extensions [None req-2c56dec6-3016-42e8-aa3b-6e0e07a64ed6 None None] Ext name="Port device profile" alias="port-device-profile" description="Expose the port device profile (Cyborg)" updated="2020-12-17T10:00:00-00:00" {{(pid=104583) _check_extension /opt/stack/neutron/neutron/api/extensions.py:415}}
Apr 13 02:25:04.783447 np0000165408 devstack@neutron-api.service[104586]: INFO neutron.plugins.ml2.drivers.ovn.mech_driver.mech_driver [None req-dd982ce6-23e5-49d7-85b1-ee798e10475d None None] Starting OVNMechanismDriver
Apr 13 02:25:04.783603 np0000165408 devstack@neutron-api.service[104583]: INFO neutron.api.extensions [None req-2c56dec6-3016-42e8-aa3b-6e0e07a64ed6 None None] Loaded extension: port-device-profile
Apr 13 02:25:04.783673 np0000165408 devstack@neutron-api.service[104583]: DEBUG neutron.api.extensions [None req-2c56dec6-3016-42e8-aa3b-6e0e07a64ed6 None None] Loading extension file: port_hardware_offload_type.py {{(pid=104583) _load_all_extensions_from_path /opt/stack/neutron/neutron/api/extensions.py:449}}
Apr 13 02:25:04.783886 np0000165408 devstack@neutron-api.service[104583]: DEBUG neutron.api.extensions [None req-2c56dec6-3016-42e8-aa3b-6e0e07a64ed6 None None] Ext name="Port hardware offload" alias="port-hardware-offload-type" description="Expose port hardware offload extension" updated="2023-05-09T10:00:00-00:00" {{(pid=104583) _check_extension /opt/stack/neutron/neutron/api/extensions.py:415}}
Apr 13 02:25:04.784055 np0000165408 devstack@neutron-api.service[104583]: INFO neutron.api.extensions [None req-2c56dec6-3016-42e8-aa3b-6e0e07a64ed6 None None] Extension port-hardware-offload-type not supported by any of loaded plugins
Apr 13 02:25:04.784174 np0000165408 devstack@neutron-api.service[104583]: DEBUG neutron.api.extensions [None req-2c56dec6-3016-42e8-aa3b-6e0e07a64ed6 None None] Loading extension file: port_hint_ovs_tx_steering.py {{(pid=104583) _load_all_extensions_from_path /opt/stack/neutron/neutron/api/extensions.py:449}}
Apr 13 02:25:04.784367 np0000165408 devstack@neutron-api.service[104583]: DEBUG neutron.api.extensions [None req-2c56dec6-3016-42e8-aa3b-6e0e07a64ed6 None None] Ext name="Port hint: Open vSwitch Tx steering" alias="port-hint-ovs-tx-steering" description="Enable Port hint: Open vSwitch Tx steering" updated="2023-01-01T00:00:00-00:00" {{(pid=104583) _check_extension /opt/stack/neutron/neutron/api/extensions.py:415}}
Apr 13 02:25:04.784551 np0000165408 devstack@neutron-api.service[104583]: INFO neutron.api.extensions [None req-2c56dec6-3016-42e8-aa3b-6e0e07a64ed6 None None] Extension port-hint-ovs-tx-steering not supported by any of loaded plugins
Apr 13 02:25:04.784640 np0000165408 devstack@neutron-api.service[104583]: DEBUG neutron.api.extensions [None req-2c56dec6-3016-42e8-aa3b-6e0e07a64ed6 None None] Loading extension file: port_hints.py {{(pid=104583) _load_all_extensions_from_path /opt/stack/neutron/neutron/api/extensions.py:449}}
Apr 13 02:25:04.784860 np0000165408 devstack@neutron-api.service[104583]: DEBUG neutron.api.extensions [None req-2c56dec6-3016-42e8-aa3b-6e0e07a64ed6 None None] Ext name="Port hints" alias="port-hints" description="Backend specific port hints to allow backend specific tuning" updated="2023-01-01T00:00:00-00:00" {{(pid=104583) _check_extension /opt/stack/neutron/neutron/api/extensions.py:415}}
Apr 13 02:25:04.785027 np0000165408 devstack@neutron-api.service[104583]: INFO neutron.api.extensions [None req-2c56dec6-3016-42e8-aa3b-6e0e07a64ed6 None None] Extension port-hints not supported by any of loaded plugins
Apr 13 02:25:04.785115 np0000165408 devstack@neutron-api.service[104583]: DEBUG neutron.api.extensions [None req-2c56dec6-3016-42e8-aa3b-6e0e07a64ed6 None None] Loading extension file: port_mac_address_override.py {{(pid=104583) _load_all_extensions_from_path /opt/stack/neutron/neutron/api/extensions.py:449}}
Apr 13 02:25:04.785348 np0000165408 devstack@neutron-api.service[104583]: DEBUG neutron.api.extensions [None req-2c56dec6-3016-42e8-aa3b-6e0e07a64ed6 None None] Ext name="Neutron Port MAC address override" alias="port-mac-override" description="Allow overriding the MAC address of a direct-physical Port via the active binding profile" updated="2022-03-18T10:00:00-00:00" {{(pid=104583) _check_extension /opt/stack/neutron/neutron/api/extensions.py:415}}
Apr 13 02:25:04.785545 np0000165408 devstack@neutron-api.service[104583]: INFO neutron.api.extensions [None req-2c56dec6-3016-42e8-aa3b-6e0e07a64ed6 None None] Extension port-mac-override not supported by any of loaded plugins
Apr 13 02:25:04.785574 np0000165408 devstack@neutron-api.service[104586]: DEBUG neutron_lib.callbacks.manager [None req-dd982ce6-23e5-49d7-85b1-ee798e10475d None None] Subscribe: > process before_spawn 55550000, False {{(pid=104586) subscribe /opt/stack/data/venv/lib/python3.12/site-packages/neutron_lib/callbacks/manager.py:52}}
Apr 13 02:25:04.785648 np0000165408 devstack@neutron-api.service[104583]: DEBUG neutron.api.extensions [None req-2c56dec6-3016-42e8-aa3b-6e0e07a64ed6 None None] Loading extension file: port_mac_address_regenerate.py {{(pid=104583) _load_all_extensions_from_path /opt/stack/neutron/neutron/api/extensions.py:449}}
Apr 13 02:25:04.785782 np0000165408 devstack@neutron-api.service[104586]: DEBUG neutron_lib.callbacks.manager [None req-dd982ce6-23e5-49d7-85b1-ee798e10475d None None] Subscribe: > process after_init 55550000, True {{(pid=104586) subscribe /opt/stack/data/venv/lib/python3.12/site-packages/neutron_lib/callbacks/manager.py:52}}
Apr 13 02:25:04.785904 np0000165408 devstack@neutron-api.service[104583]: DEBUG neutron.api.extensions [None req-2c56dec6-3016-42e8-aa3b-6e0e07a64ed6 None None] Ext name="Neutron Port MAC address regenerate" alias="port-mac-address-regenerate" description="Network port MAC address regenerate" updated="2018-05-03T10:00:00-00:00" {{(pid=104583) _check_extension /opt/stack/neutron/neutron/api/extensions.py:415}}
Apr 13 02:25:04.785965 np0000165408 devstack@neutron-api.service[104586]: DEBUG neutron_lib.callbacks.manager [None req-dd982ce6-23e5-49d7-85b1-ee798e10475d None None] Subscribe: > segment after_create 55550000, False {{(pid=104586) subscribe /opt/stack/data/venv/lib/python3.12/site-packages/neutron_lib/callbacks/manager.py:52}}
Apr 13 02:25:04.786085 np0000165408 devstack@neutron-api.service[104583]: INFO neutron.api.extensions [None req-2c56dec6-3016-42e8-aa3b-6e0e07a64ed6 None None] Loaded extension: port-mac-address-regenerate
Apr 13 02:25:04.786153 np0000165408 devstack@neutron-api.service[104586]: DEBUG neutron_lib.callbacks.manager [None req-dd982ce6-23e5-49d7-85b1-ee798e10475d None None] Subscribe: > segment after_create 55550000, False {{(pid=104586) subscribe /opt/stack/data/venv/lib/python3.12/site-packages/neutron_lib/callbacks/manager.py:52}}
Apr 13 02:25:04.786195 np0000165408 devstack@neutron-api.service[104583]: DEBUG neutron.api.extensions [None req-2c56dec6-3016-42e8-aa3b-6e0e07a64ed6 None None] Loading extension file: port_numa_affinity_policy.py {{(pid=104583) _load_all_extensions_from_path /opt/stack/neutron/neutron/api/extensions.py:449}}
Apr 13 02:25:04.786331 np0000165408 devstack@neutron-api.service[104586]: DEBUG neutron_lib.callbacks.manager [None req-dd982ce6-23e5-49d7-85b1-ee798e10475d None None] Subscribe: > segment after_delete 55550000, False {{(pid=104586) subscribe /opt/stack/data/venv/lib/python3.12/site-packages/neutron_lib/callbacks/manager.py:52}}
Apr 13 02:25:04.786422 np0000165408 devstack@neutron-api.service[104583]: DEBUG neutron.api.extensions [None req-2c56dec6-3016-42e8-aa3b-6e0e07a64ed6 None None] Ext name="Port NUMA affinity policy" alias="port-numa-affinity-policy" description="Expose the port NUMA affinity policy" updated="2020-07-08T10:00:00-00:00" {{(pid=104583) _check_extension /opt/stack/neutron/neutron/api/extensions.py:415}}
Apr 13 02:25:04.786528 np0000165408 devstack@neutron-api.service[104586]: DEBUG neutron_lib.callbacks.manager [None req-dd982ce6-23e5-49d7-85b1-ee798e10475d None None] Subscribe: > allowed_address_pair before_create 55550000, False {{(pid=104586) subscribe /opt/stack/data/venv/lib/python3.12/site-packages/neutron_lib/callbacks/manager.py:52}}
Apr 13 02:25:04.786601 np0000165408 devstack@neutron-api.service[104583]: INFO neutron.api.extensions [None req-2c56dec6-3016-42e8-aa3b-6e0e07a64ed6 None None] Loaded extension: port-numa-affinity-policy
Apr 13 02:25:04.786688 np0000165408 devstack@neutron-api.service[104583]: DEBUG neutron.api.extensions [None req-2c56dec6-3016-42e8-aa3b-6e0e07a64ed6 None None] Loading extension file: port_numa_affinity_policy_socket.py {{(pid=104583) _load_all_extensions_from_path /opt/stack/neutron/neutron/api/extensions.py:449}}
Apr 13 02:25:04.786720 np0000165408 devstack@neutron-api.service[104586]: DEBUG neutron_lib.callbacks.manager [None req-dd982ce6-23e5-49d7-85b1-ee798e10475d None None] Subscribe: > security_group precommit_create 55550000, False {{(pid=104586) subscribe /opt/stack/data/venv/lib/python3.12/site-packages/neutron_lib/callbacks/manager.py:52}}
Apr 13 02:25:04.786885 np0000165408 devstack@neutron-api.service[104586]: DEBUG neutron_lib.callbacks.manager [None req-dd982ce6-23e5-49d7-85b1-ee798e10475d None None] Subscribe: > security_group after_update 55550000, False {{(pid=104586) subscribe /opt/stack/data/venv/lib/python3.12/site-packages/neutron_lib/callbacks/manager.py:52}}
Apr 13 02:25:04.786931 np0000165408 devstack@neutron-api.service[104583]: DEBUG neutron.api.extensions [None req-2c56dec6-3016-42e8-aa3b-6e0e07a64ed6 None None] Ext name="Port NUMA affinity policy "socket"" alias="port-numa-affinity-policy-socket" description="Adds "socket" to the supported port NUMA affinity policies" updated="2024-02-09T10:00:00-00:00" {{(pid=104583) _check_extension /opt/stack/neutron/neutron/api/extensions.py:415}}
Apr 13 02:25:04.787059 np0000165408 devstack@neutron-api.service[104586]: DEBUG neutron_lib.callbacks.manager [None req-dd982ce6-23e5-49d7-85b1-ee798e10475d None None] Subscribe: > security_group after_create 55550000, False {{(pid=104586) subscribe /opt/stack/data/venv/lib/python3.12/site-packages/neutron_lib/callbacks/manager.py:52}}
Apr 13 02:25:04.787099 np0000165408 devstack@neutron-api.service[104583]: INFO neutron.api.extensions [None req-2c56dec6-3016-42e8-aa3b-6e0e07a64ed6 None None] Loaded extension: port-numa-affinity-policy-socket
Apr 13 02:25:04.787173 np0000165408 devstack@neutron-api.service[104583]: DEBUG neutron.api.extensions [None req-2c56dec6-3016-42e8-aa3b-6e0e07a64ed6 None None] Loading extension file: port_resource_request.py {{(pid=104583) _load_all_extensions_from_path /opt/stack/neutron/neutron/api/extensions.py:449}}
Apr 13 02:25:04.787222 np0000165408 devstack@neutron-api.service[104586]: DEBUG neutron_lib.callbacks.manager [None req-dd982ce6-23e5-49d7-85b1-ee798e10475d None None] Subscribe: > security_group precommit_delete 55550000, False {{(pid=104586) subscribe /opt/stack/data/venv/lib/python3.12/site-packages/neutron_lib/callbacks/manager.py:52}}
Apr 13 02:25:04.787342 np0000165408 devstack@neutron-api.service[104586]: DEBUG neutron_lib.callbacks.manager [None req-dd982ce6-23e5-49d7-85b1-ee798e10475d None None] Subscribe: > security_group after_delete 55550000, False {{(pid=104586) subscribe /opt/stack/data/venv/lib/python3.12/site-packages/neutron_lib/callbacks/manager.py:52}}
Apr 13 02:25:04.787464 np0000165408 devstack@neutron-api.service[104583]: DEBUG neutron.api.extensions [None req-2c56dec6-3016-42e8-aa3b-6e0e07a64ed6 None None] Ext name="Port Resource Request" alias="port-resource-request" description="Expose resource request to Port" updated="2018-05-08T10:00:00-00:00" {{(pid=104583) _check_extension /opt/stack/neutron/neutron/api/extensions.py:415}}
Apr 13 02:25:04.787503 np0000165408 devstack@neutron-api.service[104586]: DEBUG neutron_lib.callbacks.manager [None req-dd982ce6-23e5-49d7-85b1-ee798e10475d None None] Subscribe: > security_group_rule precommit_create 55550000, False {{(pid=104586) subscribe /opt/stack/data/venv/lib/python3.12/site-packages/neutron_lib/callbacks/manager.py:52}}
Apr 13 02:25:04.787569 np0000165408 devstack@neutron-api.service[104586]: DEBUG neutron_lib.callbacks.manager [None req-dd982ce6-23e5-49d7-85b1-ee798e10475d None None] Subscribe: > security_group_rule after_create 55550000, False {{(pid=104586) subscribe /opt/stack/data/venv/lib/python3.12/site-packages/neutron_lib/callbacks/manager.py:52}}
Apr 13 02:25:04.787602 np0000165408 devstack@neutron-api.service[104583]: INFO neutron.api.extensions [None req-2c56dec6-3016-42e8-aa3b-6e0e07a64ed6 None None] Extension port-resource-request not supported by any of loaded plugins
