Apr 02 05:57:21.682145 np0000162721 neutron-periodic-workers[104181]: DEBUG cotyledon.oslo_config_glue [-] ml2.tunnelled_network_rp_name = rp_tunnelled {{(pid=104181) log_opt_values /opt/stack/data/venv/lib/python3.12/site-packages/oslo_config/cfg.py:3006}}
Apr 02 05:57:21.682145 np0000162721 neutron-periodic-workers[104181]: DEBUG cotyledon.oslo_config_glue [-] ml2.type_drivers = ['local', 'flat', 'vlan', 'geneve'] {{(pid=104181) log_opt_values /opt/stack/data/venv/lib/python3.12/site-packages/oslo_config/cfg.py:3006}}
Apr 02 05:57:21.682145 np0000162721 neutron-periodic-workers[104181]: DEBUG cotyledon.oslo_config_glue [-] ml2_type_flat.flat_networks = ['public'] {{(pid=104181) log_opt_values /opt/stack/data/venv/lib/python3.12/site-packages/oslo_config/cfg.py:3006}}
Apr 02 05:57:21.682145 np0000162721 neutron-periodic-workers[104181]: DEBUG cotyledon.oslo_config_glue [-] ml2_type_geneve.max_header_size = 38 {{(pid=104181) log_opt_values /opt/stack/data/venv/lib/python3.12/site-packages/oslo_config/cfg.py:3006}}
Apr 02 05:57:21.682145 np0000162721 neutron-periodic-workers[104181]: DEBUG cotyledon.oslo_config_glue [-] ml2_type_geneve.vni_ranges = ['1:65536'] {{(pid=104181) log_opt_values /opt/stack/data/venv/lib/python3.12/site-packages/oslo_config/cfg.py:3006}}
Apr 02 05:57:21.682145 np0000162721 neutron-periodic-workers[104181]: DEBUG cotyledon.oslo_config_glue [-] ml2_type_vlan.network_vlan_ranges = ['public'] {{(pid=104181) log_opt_values /opt/stack/data/venv/lib/python3.12/site-packages/oslo_config/cfg.py:3006}}
Apr 02 05:57:21.682145 np0000162721 neutron-periodic-workers[104181]: DEBUG cotyledon.oslo_config_glue [-] network_log.burst_limit = 25 {{(pid=104181) log_opt_values /opt/stack/data/venv/lib/python3.12/site-packages/oslo_config/cfg.py:3006}}
Apr 02 05:57:21.682402 np0000162721 neutron-periodic-workers[104181]: DEBUG cotyledon.oslo_config_glue [-] network_log.local_output_log_base = None {{(pid=104181) log_opt_values /opt/stack/data/venv/lib/python3.12/site-packages/oslo_config/cfg.py:3006}}
Apr 02 05:57:21.682402 np0000162721 neutron-periodic-workers[104181]: DEBUG cotyledon.oslo_config_glue [-] network_log.rate_limit = 100 {{(pid=104181) log_opt_values /opt/stack/data/venv/lib/python3.12/site-packages/oslo_config/cfg.py:3006}}
Apr 02 05:57:21.682402 np0000162721 neutron-periodic-workers[104181]: DEBUG cotyledon.oslo_config_glue [-] database.asyncio_connection = **** {{(pid=104181) log_opt_values /opt/stack/data/venv/lib/python3.12/site-packages/oslo_config/cfg.py:3006}}
Apr 02 05:57:21.682402 np0000162721 neutron-periodic-workers[104181]: DEBUG cotyledon.oslo_config_glue [-] database.asyncio_slave_connection = **** {{(pid=104181) log_opt_values /opt/stack/data/venv/lib/python3.12/site-packages/oslo_config/cfg.py:3006}}
Apr 02 05:57:21.682402 np0000162721 neutron-periodic-workers[104181]: DEBUG cotyledon.oslo_config_glue [-] database.backend = sqlalchemy {{(pid=104181) log_opt_values /opt/stack/data/venv/lib/python3.12/site-packages/oslo_config/cfg.py:3006}}
Apr 02 05:57:21.682402 np0000162721 neutron-periodic-workers[104181]: DEBUG cotyledon.oslo_config_glue [-] database.connection = **** {{(pid=104181) log_opt_values /opt/stack/data/venv/lib/python3.12/site-packages/oslo_config/cfg.py:3006}}
Apr 02 05:57:21.682402 np0000162721 neutron-periodic-workers[104181]: DEBUG cotyledon.oslo_config_glue [-] database.connection_debug = 0 {{(pid=104181) log_opt_values /opt/stack/data/venv/lib/python3.12/site-packages/oslo_config/cfg.py:3006}}
Apr 02 05:57:21.682402 np0000162721 neutron-periodic-workers[104181]: DEBUG cotyledon.oslo_config_glue [-] database.connection_parameters = {{(pid=104181) log_opt_values /opt/stack/data/venv/lib/python3.12/site-packages/oslo_config/cfg.py:3006}}
Apr 02 05:57:21.682402 np0000162721 neutron-periodic-workers[104181]: DEBUG cotyledon.oslo_config_glue [-] database.connection_recycle_time = 3600 {{(pid=104181) log_opt_values /opt/stack/data/venv/lib/python3.12/site-packages/oslo_config/cfg.py:3006}}
Apr 02 05:57:21.682621 np0000162721 neutron-periodic-workers[104181]: DEBUG cotyledon.oslo_config_glue [-] database.connection_trace = False {{(pid=104181) log_opt_values /opt/stack/data/venv/lib/python3.12/site-packages/oslo_config/cfg.py:3006}}
Apr 02 05:57:21.682621 np0000162721 neutron-periodic-workers[104181]: DEBUG cotyledon.oslo_config_glue [-] database.db_inc_retry_interval = True {{(pid=104181) log_opt_values /opt/stack/data/venv/lib/python3.12/site-packages/oslo_config/cfg.py:3006}}
Apr 02 05:57:21.682621 np0000162721 neutron-periodic-workers[104181]: DEBUG cotyledon.oslo_config_glue [-] database.db_max_retries = 20 {{(pid=104181) log_opt_values /opt/stack/data/venv/lib/python3.12/site-packages/oslo_config/cfg.py:3006}}
Apr 02 05:57:21.682621 np0000162721 neutron-periodic-workers[104181]: DEBUG cotyledon.oslo_config_glue [-] database.db_max_retry_interval = 10 {{(pid=104181) log_opt_values /opt/stack/data/venv/lib/python3.12/site-packages/oslo_config/cfg.py:3006}}
Apr 02 05:57:21.682621 np0000162721 neutron-periodic-workers[104181]: DEBUG cotyledon.oslo_config_glue [-] database.db_retry_interval = 1 {{(pid=104181) log_opt_values /opt/stack/data/venv/lib/python3.12/site-packages/oslo_config/cfg.py:3006}}
Apr 02 05:57:21.682621 np0000162721 neutron-periodic-workers[104181]: DEBUG cotyledon.oslo_config_glue [-] database.max_overflow = 50 {{(pid=104181) log_opt_values /opt/stack/data/venv/lib/python3.12/site-packages/oslo_config/cfg.py:3006}}
Apr 02 05:57:21.682621 np0000162721 neutron-periodic-workers[104181]: DEBUG cotyledon.oslo_config_glue [-] database.max_pool_size = 5 {{(pid=104181) log_opt_values /opt/stack/data/venv/lib/python3.12/site-packages/oslo_config/cfg.py:3006}}
Apr 02 05:57:21.682621 np0000162721 neutron-periodic-workers[104181]: DEBUG cotyledon.oslo_config_glue [-] database.max_retries = 10 {{(pid=104181) log_opt_values /opt/stack/data/venv/lib/python3.12/site-packages/oslo_config/cfg.py:3006}}
Apr 02 05:57:21.682621 np0000162721 neutron-periodic-workers[104181]: DEBUG cotyledon.oslo_config_glue [-] database.mysql_sql_mode = TRADITIONAL {{(pid=104181) log_opt_values /opt/stack/data/venv/lib/python3.12/site-packages/oslo_config/cfg.py:3006}}
Apr 02 05:57:21.682843 np0000162721 neutron-periodic-workers[104181]: DEBUG cotyledon.oslo_config_glue [-] database.mysql_wsrep_sync_wait = None {{(pid=104181) log_opt_values /opt/stack/data/venv/lib/python3.12/site-packages/oslo_config/cfg.py:3006}}
Apr 02 05:57:21.682843 np0000162721 neutron-periodic-workers[104181]: DEBUG cotyledon.oslo_config_glue [-] database.pool_timeout = None {{(pid=104181) log_opt_values /opt/stack/data/venv/lib/python3.12/site-packages/oslo_config/cfg.py:3006}}
Apr 02 05:57:21.682843 np0000162721 neutron-periodic-workers[104181]: DEBUG cotyledon.oslo_config_glue [-] database.retry_interval = 10 {{(pid=104181) log_opt_values /opt/stack/data/venv/lib/python3.12/site-packages/oslo_config/cfg.py:3006}}
Apr 02 05:57:21.682843 np0000162721 neutron-periodic-workers[104181]: DEBUG cotyledon.oslo_config_glue [-] database.slave_connection = **** {{(pid=104181) log_opt_values /opt/stack/data/venv/lib/python3.12/site-packages/oslo_config/cfg.py:3006}}
Apr 02 05:57:21.682843 np0000162721 neutron-periodic-workers[104181]: DEBUG cotyledon.oslo_config_glue [-] database.sqlite_synchronous = True {{(pid=104181) log_opt_values /opt/stack/data/venv/lib/python3.12/site-packages/oslo_config/cfg.py:3006}}
Apr 02 05:57:21.682843 np0000162721 neutron-periodic-workers[104181]: DEBUG cotyledon.oslo_config_glue [-] database.synchronous_reader = True {{(pid=104181) log_opt_values /opt/stack/data/venv/lib/python3.12/site-packages/oslo_config/cfg.py:3006}}
Apr 02 05:57:21.682843 np0000162721 neutron-periodic-workers[104181]: DEBUG cotyledon.oslo_config_glue [-] database.use_db_reconnect = False {{(pid=104181) log_opt_values /opt/stack/data/venv/lib/python3.12/site-packages/oslo_config/cfg.py:3006}}
Apr 02 05:57:21.682843 np0000162721 neutron-periodic-workers[104181]: DEBUG cotyledon.oslo_config_glue [-] ovn.bfd_min_rx = 1000 {{(pid=104181) log_opt_values /opt/stack/data/venv/lib/python3.12/site-packages/oslo_config/cfg.py:3006}}
Apr 02 05:57:21.682843 np0000162721 neutron-periodic-workers[104181]: DEBUG cotyledon.oslo_config_glue [-] ovn.bfd_min_tx = 100 {{(pid=104181) log_opt_values /opt/stack/data/venv/lib/python3.12/site-packages/oslo_config/cfg.py:3006}}
Apr 02 05:57:21.683077 np0000162721 neutron-periodic-workers[104181]: DEBUG cotyledon.oslo_config_glue [-] ovn.bfd_mult = 3 {{(pid=104181) log_opt_values /opt/stack/data/venv/lib/python3.12/site-packages/oslo_config/cfg.py:3006}}
Apr 02 05:57:21.683077 np0000162721 neutron-periodic-workers[104181]: DEBUG cotyledon.oslo_config_glue [-] ovn.broadcast_arps_to_all_routers = True {{(pid=104181) log_opt_values /opt/stack/data/venv/lib/python3.12/site-packages/oslo_config/cfg.py:3006}}
Apr 02 05:57:21.683077 np0000162721 neutron-periodic-workers[104181]: DEBUG cotyledon.oslo_config_glue [-] ovn.dhcp_default_lease_time = 43200 {{(pid=104181) log_opt_values /opt/stack/data/venv/lib/python3.12/site-packages/oslo_config/cfg.py:3006}}
Apr 02 05:57:21.683077 np0000162721 neutron-periodic-workers[104181]: DEBUG cotyledon.oslo_config_glue [-] ovn.disable_ovn_dhcp_for_baremetal_ports = False {{(pid=104181) log_opt_values /opt/stack/data/venv/lib/python3.12/site-packages/oslo_config/cfg.py:3006}}
Apr 02 05:57:21.683077 np0000162721 neutron-periodic-workers[104181]: DEBUG cotyledon.oslo_config_glue [-] ovn.dns_records_ovn_owned = False {{(pid=104181) log_opt_values /opt/stack/data/venv/lib/python3.12/site-packages/oslo_config/cfg.py:3006}}
Apr 02 05:57:21.683077 np0000162721 neutron-periodic-workers[104181]: DEBUG cotyledon.oslo_config_glue [-] ovn.dns_servers = [] {{(pid=104181) log_opt_values /opt/stack/data/venv/lib/python3.12/site-packages/oslo_config/cfg.py:3006}}
Apr 02 05:57:21.683077 np0000162721 neutron-periodic-workers[104181]: DEBUG cotyledon.oslo_config_glue [-] ovn.enable_distributed_floating_ip = False {{(pid=104181) log_opt_values /opt/stack/data/venv/lib/python3.12/site-packages/oslo_config/cfg.py:3006}}
Apr 02 05:57:21.683077 np0000162721 neutron-periodic-workers[104181]: DEBUG cotyledon.oslo_config_glue [-] ovn.fdb_age_threshold = 300 {{(pid=104181) log_opt_values /opt/stack/data/venv/lib/python3.12/site-packages/oslo_config/cfg.py:3006}}
Apr 02 05:57:21.683077 np0000162721 neutron-periodic-workers[104181]: DEBUG cotyledon.oslo_config_glue [-] ovn.ha_failover_strategy = normal {{(pid=104181) log_opt_values /opt/stack/data/venv/lib/python3.12/site-packages/oslo_config/cfg.py:3006}}
Apr 02 05:57:21.683295 np0000162721 neutron-periodic-workers[104181]: DEBUG cotyledon.oslo_config_glue [-] ovn.live_migration_activation_strategy = rarp {{(pid=104181) log_opt_values /opt/stack/data/venv/lib/python3.12/site-packages/oslo_config/cfg.py:3006}}
Apr 02 05:57:21.683295 np0000162721 neutron-periodic-workers[104181]: DEBUG cotyledon.oslo_config_glue [-] ovn.localnet_learn_fdb = False {{(pid=104181) log_opt_values /opt/stack/data/venv/lib/python3.12/site-packages/oslo_config/cfg.py:3006}}
Apr 02 05:57:21.683295 np0000162721 neutron-periodic-workers[104181]: DEBUG cotyledon.oslo_config_glue [-] ovn.mac_binding_age_threshold = 300 {{(pid=104181) log_opt_values /opt/stack/data/venv/lib/python3.12/site-packages/oslo_config/cfg.py:3006}}
Apr 02 05:57:21.683295 np0000162721 neutron-periodic-workers[104181]: DEBUG cotyledon.oslo_config_glue [-] ovn.neutron_sync_mode = log {{(pid=104181) log_opt_values /opt/stack/data/venv/lib/python3.12/site-packages/oslo_config/cfg.py:3006}}
Apr 02 05:57:21.683295 np0000162721 neutron-periodic-workers[104181]: DEBUG cotyledon.oslo_config_glue [-] ovn.ovn_dhcp4_global_options = {} {{(pid=104181) log_opt_values /opt/stack/data/venv/lib/python3.12/site-packages/oslo_config/cfg.py:3006}}
Apr 02 05:57:21.683295 np0000162721 neutron-periodic-workers[104181]: DEBUG cotyledon.oslo_config_glue [-] ovn.ovn_dhcp6_global_options = {} {{(pid=104181) log_opt_values /opt/stack/data/venv/lib/python3.12/site-packages/oslo_config/cfg.py:3006}}
Apr 02 05:57:21.683295 np0000162721 neutron-periodic-workers[104181]: DEBUG cotyledon.oslo_config_glue [-] ovn.ovn_l3_scheduler = leastloaded {{(pid=104181) log_opt_values /opt/stack/data/venv/lib/python3.12/site-packages/oslo_config/cfg.py:3006}}
Apr 02 05:57:21.683295 np0000162721 neutron-periodic-workers[104181]: DEBUG cotyledon.oslo_config_glue [-] ovn.ovn_metadata_enabled = True {{(pid=104181) log_opt_values /opt/stack/data/venv/lib/python3.12/site-packages/oslo_config/cfg.py:3006}}
Apr 02 05:57:21.683295 np0000162721 neutron-periodic-workers[104181]: DEBUG cotyledon.oslo_config_glue [-] ovn.ovn_nb_ca_cert = /opt/stack/data/CA/int-ca/ca-chain.pem {{(pid=104181) log_opt_values /opt/stack/data/venv/lib/python3.12/site-packages/oslo_config/cfg.py:3006}}
Apr 02 05:57:21.683516 np0000162721 neutron-periodic-workers[104181]: DEBUG cotyledon.oslo_config_glue [-] ovn.ovn_nb_certificate = /opt/stack/data/CA/int-ca/devstack-cert.crt {{(pid=104181) log_opt_values /opt/stack/data/venv/lib/python3.12/site-packages/oslo_config/cfg.py:3006}}
Apr 02 05:57:21.683516 np0000162721 neutron-periodic-workers[104181]: DEBUG cotyledon.oslo_config_glue [-] ovn.ovn_nb_connection = ['ssl:199.19.213.76:6641'] {{(pid=104181) log_opt_values /opt/stack/data/venv/lib/python3.12/site-packages/oslo_config/cfg.py:3006}}
Apr 02 05:57:21.683516 np0000162721 neutron-periodic-workers[104181]: DEBUG cotyledon.oslo_config_glue [-] ovn.ovn_nb_private_key = /opt/stack/data/CA/int-ca/private/devstack-cert.key {{(pid=104181) log_opt_values /opt/stack/data/venv/lib/python3.12/site-packages/oslo_config/cfg.py:3006}}
Apr 02 05:57:21.683516 np0000162721 neutron-periodic-workers[104181]: DEBUG cotyledon.oslo_config_glue [-] ovn.ovn_router_indirect_snat = False {{(pid=104181) log_opt_values /opt/stack/data/venv/lib/python3.12/site-packages/oslo_config/cfg.py:3006}}
Apr 02 05:57:21.683516 np0000162721 neutron-periodic-workers[104181]: DEBUG cotyledon.oslo_config_glue [-] ovn.ovn_sb_ca_cert = /opt/stack/data/CA/int-ca/ca-chain.pem {{(pid=104181) log_opt_values /opt/stack/data/venv/lib/python3.12/site-packages/oslo_config/cfg.py:3006}}
Apr 02 05:57:21.683516 np0000162721 neutron-periodic-workers[104181]: DEBUG cotyledon.oslo_config_glue [-] ovn.ovn_sb_certificate = /opt/stack/data/CA/int-ca/devstack-cert.crt {{(pid=104181) log_opt_values /opt/stack/data/venv/lib/python3.12/site-packages/oslo_config/cfg.py:3006}}
Apr 02 05:57:21.683516 np0000162721 neutron-periodic-workers[104181]: DEBUG cotyledon.oslo_config_glue [-] ovn.ovn_sb_connection = ['ssl:199.19.213.76:6642'] {{(pid=104181) log_opt_values /opt/stack/data/venv/lib/python3.12/site-packages/oslo_config/cfg.py:3006}}
Apr 02 05:57:21.683516 np0000162721 neutron-periodic-workers[104181]: DEBUG cotyledon.oslo_config_glue [-] ovn.ovn_sb_private_key = /opt/stack/data/CA/int-ca/private/devstack-cert.key {{(pid=104181) log_opt_values /opt/stack/data/venv/lib/python3.12/site-packages/oslo_config/cfg.py:3006}}
Apr 02 05:57:21.683712 np0000162721 neutron-periodic-workers[104181]: DEBUG cotyledon.oslo_config_glue [-] ovn.ovs_create_tap = False {{(pid=104181) log_opt_values /opt/stack/data/venv/lib/python3.12/site-packages/oslo_config/cfg.py:3006}}
Apr 02 05:57:21.683712 np0000162721 neutron-periodic-workers[104181]: DEBUG cotyledon.oslo_config_glue [-] ovn.ovsdb_connection_timeout = 180 {{(pid=104181) log_opt_values /opt/stack/data/venv/lib/python3.12/site-packages/oslo_config/cfg.py:3006}}
Apr 02 05:57:21.683712 np0000162721 neutron-periodic-workers[104181]: DEBUG cotyledon.oslo_config_glue [-] ovn.ovsdb_log_level = INFO {{(pid=104181) log_opt_values /opt/stack/data/venv/lib/python3.12/site-packages/oslo_config/cfg.py:3006}}
Apr 02 05:57:21.683712 np0000162721 neutron-periodic-workers[104181]: DEBUG cotyledon.oslo_config_glue [-] ovn.ovsdb_probe_interval = 60000 {{(pid=104181) log_opt_values /opt/stack/data/venv/lib/python3.12/site-packages/oslo_config/cfg.py:3006}}
Apr 02 05:57:21.683712 np0000162721 neutron-periodic-workers[104181]: DEBUG cotyledon.oslo_config_glue [-] ovn.ovsdb_retry_max_interval = 180 {{(pid=104181) log_opt_values /opt/stack/data/venv/lib/python3.12/site-packages/oslo_config/cfg.py:3006}}
Apr 02 05:57:21.683712 np0000162721 neutron-periodic-workers[104181]: DEBUG cotyledon.oslo_config_glue [-] ovn.stateless_nat_enabled = False {{(pid=104181) log_opt_values /opt/stack/data/venv/lib/python3.12/site-packages/oslo_config/cfg.py:3006}}
Apr 02 05:57:21.683712 np0000162721 neutron-periodic-workers[104181]: DEBUG cotyledon.oslo_config_glue [-] ovn.vhost_sock_dir = /var/run/openvswitch {{(pid=104181) log_opt_values /opt/stack/data/venv/lib/python3.12/site-packages/oslo_config/cfg.py:3006}}
Apr 02 05:57:21.683712 np0000162721 neutron-periodic-workers[104181]: DEBUG cotyledon.oslo_config_glue [-] OVS.bridge_mac_table_size = 50000 {{(pid=104181) log_opt_values /opt/stack/data/venv/lib/python3.12/site-packages/oslo_config/cfg.py:3006}}
Apr 02 05:57:21.683712 np0000162721 neutron-periodic-workers[104181]: DEBUG cotyledon.oslo_config_glue [-] OVS.igmp_flood = False {{(pid=104181) log_opt_values /opt/stack/data/venv/lib/python3.12/site-packages/oslo_config/cfg.py:3006}}
Apr 02 05:57:21.683953 np0000162721 neutron-periodic-workers[104181]: DEBUG cotyledon.oslo_config_glue [-] OVS.igmp_flood_reports = True {{(pid=104181) log_opt_values /opt/stack/data/venv/lib/python3.12/site-packages/oslo_config/cfg.py:3006}}
Apr 02 05:57:21.683953 np0000162721 neutron-periodic-workers[104181]: DEBUG cotyledon.oslo_config_glue [-] OVS.igmp_flood_unregistered = False {{(pid=104181) log_opt_values /opt/stack/data/venv/lib/python3.12/site-packages/oslo_config/cfg.py:3006}}
Apr 02 05:57:21.683953 np0000162721 neutron-periodic-workers[104181]: DEBUG cotyledon.oslo_config_glue [-] OVS.igmp_snooping_enable = False {{(pid=104181) log_opt_values /opt/stack/data/venv/lib/python3.12/site-packages/oslo_config/cfg.py:3006}}
Apr 02 05:57:21.683953 np0000162721 neutron-periodic-workers[104181]: DEBUG cotyledon.oslo_config_glue [-] OVS.ovsdb_timeout = 10 {{(pid=104181) log_opt_values /opt/stack/data/venv/lib/python3.12/site-packages/oslo_config/cfg.py:3006}}
Apr 02 05:57:21.683953 np0000162721 neutron-periodic-workers[104181]: DEBUG cotyledon.oslo_config_glue [-] ovn_nb_global.fdb_removal_limit = 0 {{(pid=104181) log_opt_values /opt/stack/data/venv/lib/python3.12/site-packages/oslo_config/cfg.py:3006}}
Apr 02 05:57:21.683953 np0000162721 neutron-periodic-workers[104181]: DEBUG cotyledon.oslo_config_glue [-] ovn_nb_global.ignore_lsp_down = False {{(pid=104181) log_opt_values /opt/stack/data/venv/lib/python3.12/site-packages/oslo_config/cfg.py:3006}}
Apr 02 05:57:21.683953 np0000162721 neutron-periodic-workers[104181]: DEBUG cotyledon.oslo_config_glue [-] ovn_nb_global.mac_binding_removal_limit = 0 {{(pid=104181) log_opt_values /opt/stack/data/venv/lib/python3.12/site-packages/oslo_config/cfg.py:3006}}
Apr 02 05:57:21.683953 np0000162721 neutron-periodic-workers[104181]: DEBUG cotyledon.oslo_config_glue [-] ******************************************************************************** {{(pid=104181) log_opt_values /opt/stack/data/venv/lib/python3.12/site-packages/oslo_config/cfg.py:3013}}
Apr 02 05:57:21.683953 np0000162721 neutron-periodic-workers[104181]: DEBUG cotyledon._service_worker [-] Run service ServiceWrapper(0) [104181] {{(pid=104181) wait_forever /opt/stack/data/venv/lib/python3.12/site-packages/cotyledon/_service_worker.py:218}}
Apr 02 05:57:31.234689 np0000162721 neutron-periodic-workers[103269]: DEBUG dbcounter [-] [103269] Writing DB stats neutron:SELECT=4 {{(pid=103269) stat_writer /opt/stack/data/venv/lib/python3.12/site-packages/dbcounter.py:115}}
Apr 02 05:58:11.670426 np0000162721 neutron-periodic-workers[104160]: DEBUG oslo_db.sqlalchemy.engines [None req-3e01f642-36cc-4464-82f2-6910e0ac612d None None] Parent process 103269 forked (104160) with an open database connection, which is being discarded and recreated. {{(pid=104160) checkout /opt/stack/data/venv/lib/python3.12/site-packages/oslo_db/sqlalchemy/engines.py:402}}
Apr 02 05:58:11.678001 np0000162721 neutron-periodic-workers[104160]: DEBUG dbcounter [-] [104160] Writer thread running {{(pid=104160) stat_writer /opt/stack/data/venv/lib/python3.12/site-packages/dbcounter.py:102}}
Apr 02 05:58:11.688849 np0000162721 neutron-periodic-workers[104160]: DEBUG oslo.service.backend._threading.loopingcall [None req-3e01f642-36cc-4464-82f2-6910e0ac612d None None] Fixed interval looping call 'neutron.plugins.ml2.plugin.DhcpAgentSchedulerDbMixin.remove_networks_from_down_agents' sleeping for 36.97 seconds {{(pid=104160) _run_loop /opt/stack/data/venv/lib/python3.12/site-packages/oslo_service/backend/_threading/loopingcall.py:125}}
Apr 02 05:58:13.697441 np0000162721 neutron-periodic-workers[104167]: DEBUG dbcounter [-] [104167] Writer thread running {{(pid=104167) stat_writer /opt/stack/data/venv/lib/python3.12/site-packages/dbcounter.py:102}}
Apr 02 05:58:13.701996 np0000162721 neutron-periodic-workers[104167]: DEBUG neutron.db.agents_db [None req-797ad465-d33d-4345-83b8-d51723bb379e None None] Agent healthcheck: found 0 active agents {{(pid=104167) agent_health_check /opt/stack/neutron/neutron/db/agents_db.py:317}}
Apr 02 05:58:13.702214 np0000162721 neutron-periodic-workers[104167]: DEBUG oslo.service.backend._threading.loopingcall [None req-797ad465-d33d-4345-83b8-d51723bb379e None None] Fixed interval looping call 'neutron.plugins.ml2.plugin.AgentDbMixin.agent_health_check' sleeping for 36.98 seconds {{(pid=104167) _run_loop /opt/stack/data/venv/lib/python3.12/site-packages/oslo_service/backend/_threading/loopingcall.py:125}}
Apr 02 05:58:21.686492 np0000162721 neutron-periodic-workers[104160]: DEBUG dbcounter [-] [104160] Writing DB stats neutron:SELECT=3 {{(pid=104160) stat_writer /opt/stack/data/venv/lib/python3.12/site-packages/dbcounter.py:115}}
Apr 02 05:58:33.698357 np0000162721 neutron-periodic-workers[104167]: DEBUG dbcounter [-] [104167] Writing DB stats neutron:SELECT=1 {{(pid=104167) stat_writer /opt/stack/data/venv/lib/python3.12/site-packages/dbcounter.py:115}}
Apr 02 05:58:48.670803 np0000162721 neutron-periodic-workers[104160]: DEBUG oslo.service.backend._threading.loopingcall [None req-3e01f642-36cc-4464-82f2-6910e0ac612d None None] Fixed interval looping call 'neutron.plugins.ml2.plugin.DhcpAgentSchedulerDbMixin.remove_networks_from_down_agents' sleeping for 36.99 seconds {{(pid=104160) _run_loop /opt/stack/data/venv/lib/python3.12/site-packages/oslo_service/backend/_threading/loopingcall.py:125}}
Apr 02 05:58:50.688219 np0000162721 neutron-periodic-workers[104167]: DEBUG neutron.db.agents_db [None req-797ad465-d33d-4345-83b8-d51723bb379e None None] Agent healthcheck: found 0 active agents {{(pid=104167) agent_health_check /opt/stack/neutron/neutron/db/agents_db.py:317}}
Apr 02 05:58:50.688911 np0000162721 neutron-periodic-workers[104167]: DEBUG oslo.service.backend._threading.loopingcall [None req-797ad465-d33d-4345-83b8-d51723bb379e None None] Fixed interval looping call 'neutron.plugins.ml2.plugin.AgentDbMixin.agent_health_check' sleeping for 36.99 seconds {{(pid=104167) _run_loop /opt/stack/data/venv/lib/python3.12/site-packages/oslo_service/backend/_threading/loopingcall.py:125}}
Apr 02 05:58:58.669491 np0000162721 neutron-periodic-workers[104160]: DEBUG dbcounter [-] [104160] Writing DB stats neutron:SELECT=3 {{(pid=104160) stat_writer /opt/stack/data/venv/lib/python3.12/site-packages/dbcounter.py:115}}
Apr 02 05:59:00.686637 np0000162721 neutron-periodic-workers[104167]: DEBUG dbcounter [-] [104167] Writing DB stats neutron:SELECT=1 {{(pid=104167) stat_writer /opt/stack/data/venv/lib/python3.12/site-packages/dbcounter.py:115}}
Apr 02 05:59:20.662101 np0000162721 neutron-periodic-workers[104153]: DEBUG dbcounter [-] [104153] Writer thread running {{(pid=104153) stat_writer /opt/stack/data/venv/lib/python3.12/site-packages/dbcounter.py:102}}
Apr 02 05:59:20.682305 np0000162721 neutron-periodic-workers[104153]: DEBUG oslo.service.backend._threading.loopingcall [None req-6a4a6001-cd57-4d46-ab7a-c4f94b33f707 None None] Fixed interval looping call 'neutron.services.ovn_l3.plugin.L3_NAT_dbonly_mixin._clean_garbage' sleeping for 299.94 seconds {{(pid=104153) _run_loop /opt/stack/data/venv/lib/python3.12/site-packages/oslo_service/backend/_threading/loopingcall.py:125}}
Apr 02 05:59:21.701997 np0000162721 neutron-periodic-workers[104181]: DEBUG dbcounter [-] [104181] Writer thread running {{(pid=104181) stat_writer /opt/stack/data/venv/lib/python3.12/site-packages/dbcounter.py:102}}
Apr 02 05:59:21.703690 np0000162721 neutron-periodic-workers[104181]: DEBUG oslo.service.backend._threading.loopingcall [None req-eef92d72-b228-4a4b-b52f-56e366ab9f5a None None] Fixed interval looping call 'neutron.db.quota.driver_nolock.DbQuotaNoLockDriver._remove_expired_reservations' sleeping for 119.98 seconds {{(pid=104181) _run_loop /opt/stack/data/venv/lib/python3.12/site-packages/oslo_service/backend/_threading/loopingcall.py:125}}
Apr 02 05:59:25.669669 np0000162721 neutron-periodic-workers[104160]: DEBUG oslo.service.backend._threading.loopingcall [None req-3e01f642-36cc-4464-82f2-6910e0ac612d None None] Fixed interval looping call 'neutron.plugins.ml2.plugin.DhcpAgentSchedulerDbMixin.remove_networks_from_down_agents' sleeping for 36.99 seconds {{(pid=104160) _run_loop /opt/stack/data/venv/lib/python3.12/site-packages/oslo_service/backend/_threading/loopingcall.py:125}}
Apr 02 05:59:27.685824 np0000162721 neutron-periodic-workers[104167]: DEBUG neutron.db.agents_db [None req-797ad465-d33d-4345-83b8-d51723bb379e None None] Agent healthcheck: found 0 active agents {{(pid=104167) agent_health_check /opt/stack/neutron/neutron/db/agents_db.py:317}}
Apr 02 05:59:27.686469 np0000162721 neutron-periodic-workers[104167]: DEBUG oslo.service.backend._threading.loopingcall [None req-797ad465-d33d-4345-83b8-d51723bb379e None None] Fixed interval looping call 'neutron.plugins.ml2.plugin.AgentDbMixin.agent_health_check' sleeping for 36.99 seconds {{(pid=104167) _run_loop /opt/stack/data/venv/lib/python3.12/site-packages/oslo_service/backend/_threading/loopingcall.py:125}}
Apr 02 05:59:30.663057 np0000162721 neutron-periodic-workers[104153]: DEBUG dbcounter [-] [104153] Writing DB stats neutron:SELECT=1 {{(pid=104153) stat_writer /opt/stack/data/venv/lib/python3.12/site-packages/dbcounter.py:115}}
Apr 02 05:59:31.702634 np0000162721 neutron-periodic-workers[104181]: DEBUG dbcounter [-] [104181] Writing DB stats neutron:DELETE=1 {{(pid=104181) stat_writer /opt/stack/data/venv/lib/python3.12/site-packages/dbcounter.py:115}}
Apr 02 05:59:35.668632 np0000162721 neutron-periodic-workers[104160]: DEBUG dbcounter [-] [104160] Writing DB stats neutron:SELECT=3 {{(pid=104160) stat_writer /opt/stack/data/venv/lib/python3.12/site-packages/dbcounter.py:115}}
Apr 02 05:59:37.683491 np0000162721 neutron-periodic-workers[104167]: DEBUG dbcounter [-] [104167] Writing DB stats neutron:SELECT=1 {{(pid=104167) stat_writer /opt/stack/data/venv/lib/python3.12/site-packages/dbcounter.py:115}}
Apr 02 06:00:02.672211 np0000162721 neutron-periodic-workers[104160]: DEBUG oslo.service.backend._threading.loopingcall [None req-3e01f642-36cc-4464-82f2-6910e0ac612d None None] Fixed interval looping call 'neutron.plugins.ml2.plugin.DhcpAgentSchedulerDbMixin.remove_networks_from_down_agents' sleeping for 36.99 seconds {{(pid=104160) _run_loop /opt/stack/data/venv/lib/python3.12/site-packages/oslo_service/backend/_threading/loopingcall.py:125}}
Apr 02 06:00:04.684031 np0000162721 neutron-periodic-workers[104167]: DEBUG neutron.db.agents_db [None req-797ad465-d33d-4345-83b8-d51723bb379e None None] Agent healthcheck: found 0 active agents {{(pid=104167) agent_health_check /opt/stack/neutron/neutron/db/agents_db.py:317}}
Apr 02 06:00:04.684786 np0000162721 neutron-periodic-workers[104167]: DEBUG oslo.service.backend._threading.loopingcall [None req-797ad465-d33d-4345-83b8-d51723bb379e None None] Fixed interval looping call 'neutron.plugins.ml2.plugin.AgentDbMixin.agent_health_check' sleeping for 36.99 seconds {{(pid=104167) _run_loop /opt/stack/data/venv/lib/python3.12/site-packages/oslo_service/backend/_threading/loopingcall.py:125}}
Apr 02 06:00:12.670724 np0000162721 neutron-periodic-workers[104160]: DEBUG dbcounter [-] [104160] Writing DB stats neutron:SELECT=3 {{(pid=104160) stat_writer /opt/stack/data/venv/lib/python3.12/site-packages/dbcounter.py:115}}
Apr 02 06:00:14.681483 np0000162721 neutron-periodic-workers[104167]: DEBUG dbcounter [-] [104167] Writing DB stats neutron:SELECT=1 {{(pid=104167) stat_writer /opt/stack/data/venv/lib/python3.12/site-packages/dbcounter.py:115}}
Apr 02 06:00:39.670599 np0000162721 neutron-periodic-workers[104160]: DEBUG oslo.service.backend._threading.loopingcall [None req-3e01f642-36cc-4464-82f2-6910e0ac612d None None] Fixed interval looping call 'neutron.plugins.ml2.plugin.DhcpAgentSchedulerDbMixin.remove_networks_from_down_agents' sleeping for 36.99 seconds {{(pid=104160) _run_loop /opt/stack/data/venv/lib/python3.12/site-packages/oslo_service/backend/_threading/loopingcall.py:125}}
Apr 02 06:00:41.681579 np0000162721 neutron-periodic-workers[104167]: DEBUG neutron.db.agents_db [None req-797ad465-d33d-4345-83b8-d51723bb379e None None] Agent healthcheck: found 0 active agents {{(pid=104167) agent_health_check /opt/stack/neutron/neutron/db/agents_db.py:317}}
Apr 02 06:00:41.681579 np0000162721 neutron-periodic-workers[104167]: DEBUG oslo.service.backend._threading.loopingcall [None req-797ad465-d33d-4345-83b8-d51723bb379e None None] Fixed interval looping call 'neutron.plugins.ml2.plugin.AgentDbMixin.agent_health_check' sleeping for 36.99 seconds {{(pid=104167) _run_loop /opt/stack/data/venv/lib/python3.12/site-packages/oslo_service/backend/_threading/loopingcall.py:125}}
Apr 02 06:00:49.669553 np0000162721 neutron-periodic-workers[104160]: DEBUG dbcounter [-] [104160] Writing DB stats neutron:SELECT=3 {{(pid=104160) stat_writer /opt/stack/data/venv/lib/python3.12/site-packages/dbcounter.py:115}}
Apr 02 06:00:51.679032 np0000162721 neutron-periodic-workers[104167]: DEBUG dbcounter [-] [104167] Writing DB stats neutron:SELECT=1 {{(pid=104167) stat_writer /opt/stack/data/venv/lib/python3.12/site-packages/dbcounter.py:115}}
Apr 02 06:01:16.671563 np0000162721 neutron-periodic-workers[104160]: DEBUG oslo.service.backend._threading.loopingcall [None req-3e01f642-36cc-4464-82f2-6910e0ac612d None None] Fixed interval looping call 'neutron.plugins.ml2.plugin.DhcpAgentSchedulerDbMixin.remove_networks_from_down_agents' sleeping for 36.99 seconds {{(pid=104160) _run_loop /opt/stack/data/venv/lib/python3.12/site-packages/oslo_service/backend/_threading/loopingcall.py:125}}
Apr 02 06:01:18.677606 np0000162721 neutron-periodic-workers[104167]: DEBUG neutron.db.agents_db [None req-797ad465-d33d-4345-83b8-d51723bb379e None None] Agent healthcheck: found 0 active agents {{(pid=104167) agent_health_check /opt/stack/neutron/neutron/db/agents_db.py:317}}
Apr 02 06:01:18.678263 np0000162721 neutron-periodic-workers[104167]: DEBUG oslo.service.backend._threading.loopingcall [None req-797ad465-d33d-4345-83b8-d51723bb379e None None] Fixed interval looping call 'neutron.plugins.ml2.plugin.AgentDbMixin.agent_health_check' sleeping for 36.99 seconds {{(pid=104167) _run_loop /opt/stack/data/venv/lib/python3.12/site-packages/oslo_service/backend/_threading/loopingcall.py:125}}
Apr 02 06:01:21.689218 np0000162721 neutron-periodic-workers[104181]: DEBUG oslo.service.backend._threading.loopingcall [None req-eef92d72-b228-4a4b-b52f-56e366ab9f5a None None] Fixed interval looping call 'neutron.db.quota.driver_nolock.DbQuotaNoLockDriver._remove_expired_reservations' sleeping for 120.00 seconds {{(pid=104181) _run_loop /opt/stack/data/venv/lib/python3.12/site-packages/oslo_service/backend/_threading/loopingcall.py:125}}
Apr 02 06:01:26.670334 np0000162721 neutron-periodic-workers[104160]: DEBUG dbcounter [-] [104160] Writing DB stats neutron:SELECT=3 {{(pid=104160) stat_writer /opt/stack/data/venv/lib/python3.12/site-packages/dbcounter.py:115}}
Apr 02 06:01:28.675754 np0000162721 neutron-periodic-workers[104167]: DEBUG dbcounter [-] [104167] Writing DB stats neutron:SELECT=1 {{(pid=104167) stat_writer /opt/stack/data/venv/lib/python3.12/site-packages/dbcounter.py:115}}
Apr 02 06:01:31.688131 np0000162721 neutron-periodic-workers[104181]: DEBUG dbcounter [-] [104181] Writing DB stats neutron:DELETE=1 {{(pid=104181) stat_writer /opt/stack/data/venv/lib/python3.12/site-packages/dbcounter.py:115}}
Apr 02 06:01:53.675329 np0000162721 neutron-periodic-workers[104160]: DEBUG oslo.service.backend._threading.loopingcall [None req-3e01f642-36cc-4464-82f2-6910e0ac612d None None] Fixed interval looping call 'neutron.plugins.ml2.plugin.DhcpAgentSchedulerDbMixin.remove_networks_from_down_agents' sleeping for 36.99 seconds {{(pid=104160) _run_loop /opt/stack/data/venv/lib/python3.12/site-packages/oslo_service/backend/_threading/loopingcall.py:125}}
Apr 02 06:01:55.676279 np0000162721 neutron-periodic-workers[104167]: DEBUG neutron.db.agents_db [None req-797ad465-d33d-4345-83b8-d51723bb379e None None] Agent healthcheck: found 0 active agents {{(pid=104167) agent_health_check /opt/stack/neutron/neutron/db/agents_db.py:317}}
Apr 02 06:01:55.676935 np0000162721 neutron-periodic-workers[104167]: DEBUG oslo.service.backend._threading.loopingcall [None req-797ad465-d33d-4345-83b8-d51723bb379e None None] Fixed interval looping call 'neutron.plugins.ml2.plugin.AgentDbMixin.agent_health_check' sleeping for 36.99 seconds {{(pid=104167) _run_loop /opt/stack/data/venv/lib/python3.12/site-packages/oslo_service/backend/_threading/loopingcall.py:125}}
Apr 02 06:02:03.674575 np0000162721 neutron-periodic-workers[104160]: DEBUG dbcounter [-] [104160] Writing DB stats neutron:SELECT=3 {{(pid=104160) stat_writer /opt/stack/data/venv/lib/python3.12/site-packages/dbcounter.py:115}}
Apr 02 06:02:05.673523 np0000162721 neutron-periodic-workers[104167]: DEBUG dbcounter [-] [104167] Writing DB stats neutron:SELECT=1 {{(pid=104167) stat_writer /opt/stack/data/venv/lib/python3.12/site-packages/dbcounter.py:115}}
Apr 02 06:02:30.674457 np0000162721 neutron-periodic-workers[104160]: DEBUG oslo.service.backend._threading.loopingcall [None req-3e01f642-36cc-4464-82f2-6910e0ac612d None None] Fixed interval looping call 'neutron.plugins.ml2.plugin.DhcpAgentSchedulerDbMixin.remove_networks_from_down_agents' sleeping for 36.99 seconds {{(pid=104160) _run_loop /opt/stack/data/venv/lib/python3.12/site-packages/oslo_service/backend/_threading/loopingcall.py:125}}
Apr 02 06:02:32.670419 np0000162721 neutron-periodic-workers[104167]: DEBUG neutron.db.agents_db [None req-797ad465-d33d-4345-83b8-d51723bb379e None None] Agent healthcheck: found 0 active agents {{(pid=104167) agent_health_check /opt/stack/neutron/neutron/db/agents_db.py:317}}
Apr 02 06:02:32.671225 np0000162721 neutron-periodic-workers[104167]: DEBUG oslo.service.backend._threading.loopingcall [None req-797ad465-d33d-4345-83b8-d51723bb379e None None] Fixed interval looping call 'neutron.plugins.ml2.plugin.AgentDbMixin.agent_health_check' sleeping for 37.00 seconds {{(pid=104167) _run_loop /opt/stack/data/venv/lib/python3.12/site-packages/oslo_service/backend/_threading/loopingcall.py:125}}
Apr 02 06:02:40.673581 np0000162721 neutron-periodic-workers[104160]: DEBUG dbcounter [-] [104160] Writing DB stats neutron:SELECT=3 {{(pid=104160) stat_writer /opt/stack/data/venv/lib/python3.12/site-packages/dbcounter.py:115}}
Apr 02 06:02:42.669472 np0000162721 neutron-periodic-workers[104167]: DEBUG dbcounter [-] [104167] Writing DB stats neutron:SELECT=1 {{(pid=104167) stat_writer /opt/stack/data/venv/lib/python3.12/site-packages/dbcounter.py:115}}
Apr 02 06:03:07.675988 np0000162721 neutron-periodic-workers[104160]: DEBUG oslo.service.backend._threading.loopingcall [None req-3e01f642-36cc-4464-82f2-6910e0ac612d None None] Fixed interval looping call 'neutron.plugins.ml2.plugin.DhcpAgentSchedulerDbMixin.remove_networks_from_down_agents' sleeping for 36.99 seconds {{(pid=104160) _run_loop /opt/stack/data/venv/lib/python3.12/site-packages/oslo_service/backend/_threading/loopingcall.py:125}}
Apr 02 06:03:09.676643 np0000162721 neutron-periodic-workers[104167]: DEBUG neutron.db.agents_db [None req-797ad465-d33d-4345-83b8-d51723bb379e None None] Agent healthcheck: found 0 active agents {{(pid=104167) agent_health_check /opt/stack/neutron/neutron/db/agents_db.py:317}}
Apr 02 06:03:09.677313 np0000162721 neutron-periodic-workers[104167]: DEBUG oslo.service.backend._threading.loopingcall [None req-797ad465-d33d-4345-83b8-d51723bb379e None None] Fixed interval looping call 'neutron.plugins.ml2.plugin.AgentDbMixin.agent_health_check' sleeping for 36.99 seconds {{(pid=104167) _run_loop /opt/stack/data/venv/lib/python3.12/site-packages/oslo_service/backend/_threading/loopingcall.py:125}}
Apr 02 06:03:17.674434 np0000162721 neutron-periodic-workers[104160]: DEBUG dbcounter [-] [104160] Writing DB stats neutron:SELECT=3 {{(pid=104160) stat_writer /opt/stack/data/venv/lib/python3.12/site-packages/dbcounter.py:115}}
Apr 02 06:03:19.674540 np0000162721 neutron-periodic-workers[104167]: DEBUG dbcounter [-] [104167] Writing DB stats neutron:SELECT=1 {{(pid=104167) stat_writer /opt/stack/data/venv/lib/python3.12/site-packages/dbcounter.py:115}}
Apr 02 06:03:21.695114 np0000162721 neutron-periodic-workers[104181]: DEBUG oslo.service.backend._threading.loopingcall [None req-eef92d72-b228-4a4b-b52f-56e366ab9f5a None None] Fixed interval looping call 'neutron.db.quota.driver_nolock.DbQuotaNoLockDriver._remove_expired_reservations' sleeping for 119.99 seconds {{(pid=104181) _run_loop /opt/stack/data/venv/lib/python3.12/site-packages/oslo_service/backend/_threading/loopingcall.py:125}}
Apr 02 06:03:31.693517 np0000162721 neutron-periodic-workers[104181]: DEBUG dbcounter [-] [104181] Writing DB stats neutron:DELETE=1 {{(pid=104181) stat_writer /opt/stack/data/venv/lib/python3.12/site-packages/dbcounter.py:115}}
Apr 02 06:03:44.675191 np0000162721 neutron-periodic-workers[104160]: DEBUG oslo.service.backend._threading.loopingcall [None req-3e01f642-36cc-4464-82f2-6910e0ac612d None None] Fixed interval looping call 'neutron.plugins.ml2.plugin.DhcpAgentSchedulerDbMixin.remove_networks_from_down_agents' sleeping for 36.99 seconds {{(pid=104160) _run_loop /opt/stack/data/venv/lib/python3.12/site-packages/oslo_service/backend/_threading/loopingcall.py:125}}
Apr 02 06:03:46.673679 np0000162721 neutron-periodic-workers[104167]: DEBUG neutron.db.agents_db [None req-797ad465-d33d-4345-83b8-d51723bb379e None None] Agent healthcheck: found 0 active agents {{(pid=104167) agent_health_check /opt/stack/neutron/neutron/db/agents_db.py:317}}
Apr 02 06:03:46.674134 np0000162721 neutron-periodic-workers[104167]: DEBUG oslo.service.backend._threading.loopingcall [None req-797ad465-d33d-4345-83b8-d51723bb379e None None] Fixed interval looping call 'neutron.plugins.ml2.plugin.AgentDbMixin.agent_health_check' sleeping for 36.99 seconds {{(pid=104167) _run_loop /opt/stack/data/venv/lib/python3.12/site-packages/oslo_service/backend/_threading/loopingcall.py:125}}
Apr 02 06:03:54.674138 np0000162721 neutron-periodic-workers[104160]: DEBUG dbcounter [-] [104160] Writing DB stats neutron:SELECT=3 {{(pid=104160) stat_writer /opt/stack/data/venv/lib/python3.12/site-packages/dbcounter.py:115}}
Apr 02 06:03:56.671553 np0000162721 neutron-periodic-workers[104167]: DEBUG dbcounter [-] [104167] Writing DB stats neutron:SELECT=1 {{(pid=104167) stat_writer /opt/stack/data/venv/lib/python3.12/site-packages/dbcounter.py:115}}
Apr 02 06:04:20.634874 np0000162721 neutron-periodic-workers[104153]: DEBUG oslo.service.backend._threading.loopingcall [None req-6a4a6001-cd57-4d46-ab7a-c4f94b33f707 None None] Fixed interval looping call 'neutron.services.ovn_l3.plugin.L3_NAT_dbonly_mixin._clean_garbage' sleeping for 299.99 seconds {{(pid=104153) _run_loop /opt/stack/data/venv/lib/python3.12/site-packages/oslo_service/backend/_threading/loopingcall.py:125}}
Apr 02 06:04:21.673295 np0000162721 neutron-periodic-workers[104160]: DEBUG oslo.service.backend._threading.loopingcall [None req-3e01f642-36cc-4464-82f2-6910e0ac612d None None] Fixed interval looping call 'neutron.plugins.ml2.plugin.DhcpAgentSchedulerDbMixin.remove_networks_from_down_agents' sleeping for 36.99 seconds {{(pid=104160) _run_loop /opt/stack/data/venv/lib/python3.12/site-packages/oslo_service/backend/_threading/loopingcall.py:125}}
Apr 02 06:04:23.670660 np0000162721 neutron-periodic-workers[104167]: DEBUG neutron.db.agents_db [None req-797ad465-d33d-4345-83b8-d51723bb379e None None] Agent healthcheck: found 0 active agents {{(pid=104167) agent_health_check /opt/stack/neutron/neutron/db/agents_db.py:317}}
Apr 02 06:04:23.671233 np0000162721 neutron-periodic-workers[104167]: DEBUG oslo.service.backend._threading.loopingcall [None req-797ad465-d33d-4345-83b8-d51723bb379e None None] Fixed interval looping call 'neutron.plugins.ml2.plugin.AgentDbMixin.agent_health_check' sleeping for 36.99 seconds {{(pid=104167) _run_loop /opt/stack/data/venv/lib/python3.12/site-packages/oslo_service/backend/_threading/loopingcall.py:125}}
Apr 02 06:04:30.626784 np0000162721 neutron-periodic-workers[104153]: DEBUG dbcounter [-] [104153] Writing DB stats neutron:SELECT=1 {{(pid=104153) stat_writer /opt/stack/data/venv/lib/python3.12/site-packages/dbcounter.py:115}}
Apr 02 06:04:31.675007 np0000162721 neutron-periodic-workers[104160]: DEBUG dbcounter [-] [104160] Writing DB stats neutron:SELECT=3 {{(pid=104160) stat_writer /opt/stack/data/venv/lib/python3.12/site-packages/dbcounter.py:115}}
Apr 02 06:04:33.669178 np0000162721 neutron-periodic-workers[104167]: DEBUG dbcounter [-] [104167] Writing DB stats neutron:SELECT=1 {{(pid=104167) stat_writer /opt/stack/data/venv/lib/python3.12/site-packages/dbcounter.py:115}}
Apr 02 06:04:58.672676 np0000162721 neutron-periodic-workers[104160]: DEBUG oslo.service.backend._threading.loopingcall [None req-3e01f642-36cc-4464-82f2-6910e0ac612d None None] Fixed interval looping call 'neutron.plugins.ml2.plugin.DhcpAgentSchedulerDbMixin.remove_networks_from_down_agents' sleeping for 36.99 seconds {{(pid=104160) _run_loop /opt/stack/data/venv/lib/python3.12/site-packages/oslo_service/backend/_threading/loopingcall.py:125}}
Apr 02 06:05:00.666470 np0000162721 neutron-periodic-workers[104167]: DEBUG neutron.db.agents_db [None req-797ad465-d33d-4345-83b8-d51723bb379e None None] Agent healthcheck: found 0 active agents {{(pid=104167) agent_health_check /opt/stack/neutron/neutron/db/agents_db.py:317}}
Apr 02 06:05:00.667290 np0000162721 neutron-periodic-workers[104167]: DEBUG oslo.service.backend._threading.loopingcall [None req-797ad465-d33d-4345-83b8-d51723bb379e None None] Fixed interval looping call 'neutron.plugins.ml2.plugin.AgentDbMixin.agent_health_check' sleeping for 36.99 seconds {{(pid=104167) _run_loop /opt/stack/data/venv/lib/python3.12/site-packages/oslo_service/backend/_threading/loopingcall.py:125}}
Apr 02 06:05:08.671678 np0000162721 neutron-periodic-workers[104160]: DEBUG dbcounter [-] [104160] Writing DB stats neutron:SELECT=3 {{(pid=104160) stat_writer /opt/stack/data/venv/lib/python3.12/site-packages/dbcounter.py:115}}
Apr 02 06:05:10.664473 np0000162721 neutron-periodic-workers[104167]: DEBUG dbcounter [-] [104167] Writing DB stats neutron:SELECT=1 {{(pid=104167) stat_writer /opt/stack/data/venv/lib/python3.12/site-packages/dbcounter.py:115}}
Apr 02 06:05:21.689830 np0000162721 neutron-periodic-workers[104181]: DEBUG oslo.service.backend._threading.loopingcall [None req-eef92d72-b228-4a4b-b52f-56e366ab9f5a None None] Fixed interval looping call 'neutron.db.quota.driver_nolock.DbQuotaNoLockDriver._remove_expired_reservations' sleeping for 120.00 seconds {{(pid=104181) _run_loop /opt/stack/data/venv/lib/python3.12/site-packages/oslo_service/backend/_threading/loopingcall.py:125}}
Apr 02 06:05:31.689121 np0000162721 neutron-periodic-workers[104181]: DEBUG dbcounter [-] [104181] Writing DB stats neutron:DELETE=1 {{(pid=104181) stat_writer /opt/stack/data/venv/lib/python3.12/site-packages/dbcounter.py:115}}
Apr 02 06:05:35.675626 np0000162721 neutron-periodic-workers[104160]: DEBUG oslo.service.backend._threading.loopingcall [None req-3e01f642-36cc-4464-82f2-6910e0ac612d None None] Fixed interval looping call 'neutron.plugins.ml2.plugin.DhcpAgentSchedulerDbMixin.remove_networks_from_down_agents' sleeping for 36.99 seconds {{(pid=104160) _run_loop /opt/stack/data/venv/lib/python3.12/site-packages/oslo_service/backend/_threading/loopingcall.py:125}}
Apr 02 06:05:37.663376 np0000162721 neutron-periodic-workers[104167]: DEBUG neutron.db.agents_db [None req-797ad465-d33d-4345-83b8-d51723bb379e None None] Agent healthcheck: found 0 active agents {{(pid=104167) agent_health_check /opt/stack/neutron/neutron/db/agents_db.py:317}}
Apr 02 06:05:37.664121 np0000162721 neutron-periodic-workers[104167]: DEBUG oslo.service.backend._threading.loopingcall [None req-797ad465-d33d-4345-83b8-d51723bb379e None None] Fixed interval looping call 'neutron.plugins.ml2.plugin.AgentDbMixin.agent_health_check' sleeping for 36.99 seconds {{(pid=104167) _run_loop /opt/stack/data/venv/lib/python3.12/site-packages/oslo_service/backend/_threading/loopingcall.py:125}}
Apr 02 06:05:45.673762 np0000162721 neutron-periodic-workers[104160]: DEBUG dbcounter [-] [104160] Writing DB stats neutron:SELECT=3 {{(pid=104160) stat_writer /opt/stack/data/venv/lib/python3.12/site-packages/dbcounter.py:115}}
Apr 02 06:05:47.661663 np0000162721 neutron-periodic-workers[104167]: DEBUG dbcounter [-] [104167] Writing DB stats neutron:SELECT=1 {{(pid=104167) stat_writer /opt/stack/data/venv/lib/python3.12/site-packages/dbcounter.py:115}}
Apr 02 06:06:12.676556 np0000162721 neutron-periodic-workers[104160]: DEBUG oslo.service.backend._threading.loopingcall [None req-3e01f642-36cc-4464-82f2-6910e0ac612d None None] Fixed interval looping call 'neutron.plugins.ml2.plugin.DhcpAgentSchedulerDbMixin.remove_networks_from_down_agents' sleeping for 36.99 seconds {{(pid=104160) _run_loop /opt/stack/data/venv/lib/python3.12/site-packages/oslo_service/backend/_threading/loopingcall.py:125}}
Apr 02 06:06:14.657609 np0000162721 neutron-periodic-workers[104167]: DEBUG neutron.db.agents_db [None req-797ad465-d33d-4345-83b8-d51723bb379e None None] Agent healthcheck: found 0 active agents {{(pid=104167) agent_health_check /opt/stack/neutron/neutron/db/agents_db.py:317}}
Apr 02 06:06:14.658487 np0000162721 neutron-periodic-workers[104167]: DEBUG oslo.service.backend._threading.loopingcall [None req-797ad465-d33d-4345-83b8-d51723bb379e None None] Fixed interval looping call 'neutron.plugins.ml2.plugin.AgentDbMixin.agent_health_check' sleeping for 37.00 seconds {{(pid=104167) _run_loop /opt/stack/data/venv/lib/python3.12/site-packages/oslo_service/backend/_threading/loopingcall.py:125}}
Apr 02 06:06:22.675468 np0000162721 neutron-periodic-workers[104160]: DEBUG dbcounter [-] [104160] Writing DB stats neutron:SELECT=3 {{(pid=104160) stat_writer /opt/stack/data/venv/lib/python3.12/site-packages/dbcounter.py:115}}
Apr 02 06:06:24.656870 np0000162721 neutron-periodic-workers[104167]: DEBUG dbcounter [-] [104167] Writing DB stats neutron:SELECT=1 {{(pid=104167) stat_writer /opt/stack/data/venv/lib/python3.12/site-packages/dbcounter.py:115}}
Apr 02 06:06:49.684567 np0000162721 neutron-periodic-workers[104160]: DEBUG oslo.service.backend._threading.loopingcall [None req-3e01f642-36cc-4464-82f2-6910e0ac612d None None] Fixed interval looping call 'neutron.plugins.ml2.plugin.DhcpAgentSchedulerDbMixin.remove_networks_from_down_agents' sleeping for 36.98 seconds {{(pid=104160) _run_loop /opt/stack/data/venv/lib/python3.12/site-packages/oslo_service/backend/_threading/loopingcall.py:125}}
Apr 02 06:06:51.666869 np0000162721 neutron-periodic-workers[104167]: DEBUG neutron.db.agents_db [None req-797ad465-d33d-4345-83b8-d51723bb379e None None] Agent healthcheck: found 0 active agents {{(pid=104167) agent_health_check /opt/stack/neutron/neutron/db/agents_db.py:317}}
Apr 02 06:06:51.667353 np0000162721 neutron-periodic-workers[104167]: DEBUG oslo.service.backend._threading.loopingcall [None req-797ad465-d33d-4345-83b8-d51723bb379e None None] Fixed interval looping call 'neutron.plugins.ml2.plugin.AgentDbMixin.agent_health_check' sleeping for 36.99 seconds {{(pid=104167) _run_loop /opt/stack/data/venv/lib/python3.12/site-packages/oslo_service/backend/_threading/loopingcall.py:125}}
Apr 02 06:06:59.678911 np0000162721 neutron-periodic-workers[104160]: DEBUG dbcounter [-] [104160] Writing DB stats neutron:SELECT=3 {{(pid=104160) stat_writer /opt/stack/data/venv/lib/python3.12/site-packages/dbcounter.py:115}}
Apr 02 06:07:01.664249 np0000162721 neutron-periodic-workers[104167]: DEBUG dbcounter [-] [104167] Writing DB stats neutron:SELECT=1 {{(pid=104167) stat_writer /opt/stack/data/venv/lib/python3.12/site-packages/dbcounter.py:115}}
Apr 02 06:07:21.694162 np0000162721 neutron-periodic-workers[104181]: DEBUG oslo.service.backend._threading.loopingcall [None req-eef92d72-b228-4a4b-b52f-56e366ab9f5a None None] Fixed interval looping call 'neutron.db.quota.driver_nolock.DbQuotaNoLockDriver._remove_expired_reservations' sleeping for 120.00 seconds {{(pid=104181) _run_loop /opt/stack/data/venv/lib/python3.12/site-packages/oslo_service/backend/_threading/loopingcall.py:125}}
