2026-06-15 20:16:30.598 8 INFO cinder.api.openstack.wsgi [None req-19663749-debb-4808-a98a-58a0c2eb9cc0 18374d06e7a24ed0a9972ff6517c7e31 6e6bec598d8a45c5ba1db35772b69180 - - default default] GET http://10.0.0.26:8776/
2026-06-15 20:16:30.598 7 INFO cinder.api.openstack.wsgi [None req-efe358e3-2107-4f5c-811f-93e1434739de 18374d06e7a24ed0a9972ff6517c7e31 6e6bec598d8a45c5ba1db35772b69180 - - default default] GET http://10.0.0.26:8776/
2026-06-15 20:16:30.599 8 INFO cinder.api.openstack.wsgi [None req-19663749-debb-4808-a98a-58a0c2eb9cc0 18374d06e7a24ed0a9972ff6517c7e31 6e6bec598d8a45c5ba1db35772b69180 - - default default] http://10.0.0.26:8776/ returned with HTTP 300
2026-06-15 20:16:30.599 7 INFO cinder.api.openstack.wsgi [None req-efe358e3-2107-4f5c-811f-93e1434739de 18374d06e7a24ed0a9972ff6517c7e31 6e6bec598d8a45c5ba1db35772b69180 - - default default] http://10.0.0.26:8776/ returned with HTTP 300
2026-06-15 20:16:36.430 8 INFO cinder.api.openstack.wsgi [None req-d2a4920d-a2d8-4e50-8d71-cd5632e33cb2 e4e1151fbc2d4b1c93453b94e573714c 070b00a3b6fb48a59f4b52390b1885a9 - - default default] POST http://cinder-api.openstack.svc.cluster.local:8776/v3/070b00a3b6fb48a59f4b52390b1885a9/volumes
2026-06-15 20:16:37.180 8 INFO cinder.api.v3.volumes [None req-d2a4920d-a2d8-4e50-8d71-cd5632e33cb2 e4e1151fbc2d4b1c93453b94e573714c 070b00a3b6fb48a59f4b52390b1885a9 - - default default] Create volume of 1 GB
2026-06-15 20:16:37.196 8 INFO cinder.volume.api [None req-d2a4920d-a2d8-4e50-8d71-cd5632e33cb2 e4e1151fbc2d4b1c93453b94e573714c 070b00a3b6fb48a59f4b52390b1885a9 - - default default] Availability Zones retrieved successfully.
2026-06-15 20:16:37.637 8 INFO cinder.volume.api [None req-d2a4920d-a2d8-4e50-8d71-cd5632e33cb2 e4e1151fbc2d4b1c93453b94e573714c 070b00a3b6fb48a59f4b52390b1885a9 - - default default] Create volume request issued successfully.
2026-06-15 20:16:37.639 8 INFO cinder.api.openstack.wsgi [None req-d2a4920d-a2d8-4e50-8d71-cd5632e33cb2 e4e1151fbc2d4b1c93453b94e573714c 070b00a3b6fb48a59f4b52390b1885a9 - - default default] http://cinder-api.openstack.svc.cluster.local:8776/v3/070b00a3b6fb48a59f4b52390b1885a9/volumes returned with HTTP 202 [pid: 8|app: 0|req: 346/692] 10.0.0.141 () {34 vars in 723 bytes} [Mon Jun 15 20:16:36 2026] POST /v3/070b00a3b6fb48a59f4b52390b1885a9/volumes => generated 865 bytes in 1217 msecs (HTTP/1.1 202) 7 headers in 291 bytes (1 switches on core 0)
2026-06-15 20:16:37.666 7 INFO cinder.api.openstack.wsgi [None req-fb084221-0486-4892-bbd2-3aadbd4038e4 e4e1151fbc2d4b1c93453b94e573714c 070b00a3b6fb48a59f4b52390b1885a9 - - default default] GET http://cinder-api.openstack.svc.cluster.local:8776/v3/070b00a3b6fb48a59f4b52390b1885a9/volumes/b40e8cdc-7d16-4b74-8915-10ee8f12ce3b /var/lib/openstack/lib/python3.12/site-packages/oslo_context/context.py:101: DeprecationWarning: Policy enforcement is depending on the value of is_admin. This key is deprecated. Please update your policy file to use the standard policy values. warnings.warn(
2026-06-15 20:16:37.721 7 INFO cinder.volume.api [None req-fb084221-0486-4892-bbd2-3aadbd4038e4 e4e1151fbc2d4b1c93453b94e573714c 070b00a3b6fb48a59f4b52390b1885a9 - - default default] Volume info retrieved successfully.
2026-06-15 20:16:37.731 7 INFO cinder.api.openstack.wsgi [None req-fb084221-0486-4892-bbd2-3aadbd4038e4 e4e1151fbc2d4b1c93453b94e573714c 070b00a3b6fb48a59f4b52390b1885a9 - - default default] http://cinder-api.openstack.svc.cluster.local:8776/v3/070b00a3b6fb48a59f4b52390b1885a9/volumes/b40e8cdc-7d16-4b74-8915-10ee8f12ce3b returned with HTTP 200 [pid: 7|app: 0|req: 347/693] 10.0.0.141 () {32 vars in 775 bytes} [Mon Jun 15 20:16:37 2026] GET /v3/070b00a3b6fb48a59f4b52390b1885a9/volumes/b40e8cdc-7d16-4b74-8915-10ee8f12ce3b => generated 933 bytes in 75 msecs (HTTP/1.1 200) 7 headers in 285 bytes (1 switches on core 0) /var/lib/openstack/lib/python3.12/site-packages/pycadf/identifier.py:70: UserWarning: Invalid uuid: cinderv3. To ensure interoperability, identifiers should be a valid uuid. warnings.warn(('Invalid uuid: %s. To ensure interoperability, '
2026-06-15 20:16:38.753 8 INFO cinder.api.openstack.wsgi [None req-bd2f07c7-80a0-4601-bc81-fd3a7b3c5ef2 e4e1151fbc2d4b1c93453b94e573714c 070b00a3b6fb48a59f4b52390b1885a9 - - default default] GET http://cinder-api.openstack.svc.cluster.local:8776/v3/070b00a3b6fb48a59f4b52390b1885a9/volumes/b40e8cdc-7d16-4b74-8915-10ee8f12ce3b /var/lib/openstack/lib/python3.12/site-packages/oslo_context/context.py:101: DeprecationWarning: Policy enforcement is depending on the value of is_admin. This key is deprecated. Please update your policy file to use the standard policy values. warnings.warn(
2026-06-15 20:16:38.787 8 INFO cinder.volume.api [None req-bd2f07c7-80a0-4601-bc81-fd3a7b3c5ef2 e4e1151fbc2d4b1c93453b94e573714c 070b00a3b6fb48a59f4b52390b1885a9 - - default default] Volume info retrieved successfully.
2026-06-15 20:16:38.799 8 INFO cinder.api.openstack.wsgi [None req-bd2f07c7-80a0-4601-bc81-fd3a7b3c5ef2 e4e1151fbc2d4b1c93453b94e573714c 070b00a3b6fb48a59f4b52390b1885a9 - - default default] http://cinder-api.openstack.svc.cluster.local:8776/v3/070b00a3b6fb48a59f4b52390b1885a9/volumes/b40e8cdc-7d16-4b74-8915-10ee8f12ce3b returned with HTTP 200 [pid: 8|app: 0|req: 347/694] 10.0.0.141 () {32 vars in 775 bytes} [Mon Jun 15 20:16:38 2026] GET /v3/070b00a3b6fb48a59f4b52390b1885a9/volumes/b40e8cdc-7d16-4b74-8915-10ee8f12ce3b => generated 957 bytes in 53 msecs (HTTP/1.1 200) 7 headers in 285 bytes (1 switches on core 0) /var/lib/openstack/lib/python3.12/site-packages/pycadf/identifier.py:70: UserWarning: Invalid uuid: cinderv3. To ensure interoperability, identifiers should be a valid uuid. warnings.warn(('Invalid uuid: %s. To ensure interoperability, '
2026-06-15 20:16:39.823 7 INFO cinder.api.openstack.wsgi [None req-dbb241ea-ffc9-4f82-9842-490feee7f52c e4e1151fbc2d4b1c93453b94e573714c 070b00a3b6fb48a59f4b52390b1885a9 - - default default] GET http://cinder-api.openstack.svc.cluster.local:8776/v3/070b00a3b6fb48a59f4b52390b1885a9/volumes/b40e8cdc-7d16-4b74-8915-10ee8f12ce3b /var/lib/openstack/lib/python3.12/site-packages/oslo_context/context.py:101: DeprecationWarning: Policy enforcement is depending on the value of is_admin. This key is deprecated. Please update your policy file to use the standard policy values. warnings.warn(
2026-06-15 20:16:39.843 7 INFO cinder.volume.api [None req-dbb241ea-ffc9-4f82-9842-490feee7f52c e4e1151fbc2d4b1c93453b94e573714c 070b00a3b6fb48a59f4b52390b1885a9 - - default default] Volume info retrieved successfully.
2026-06-15 20:16:39.854 7 INFO cinder.api.openstack.wsgi [None req-dbb241ea-ffc9-4f82-9842-490feee7f52c e4e1151fbc2d4b1c93453b94e573714c 070b00a3b6fb48a59f4b52390b1885a9 - - default default] http://cinder-api.openstack.svc.cluster.local:8776/v3/070b00a3b6fb48a59f4b52390b1885a9/volumes/b40e8cdc-7d16-4b74-8915-10ee8f12ce3b returned with HTTP 200 [pid: 7|app: 0|req: 348/695] 10.0.0.141 () {32 vars in 775 bytes} [Mon Jun 15 20:16:39 2026] GET /v3/070b00a3b6fb48a59f4b52390b1885a9/volumes/b40e8cdc-7d16-4b74-8915-10ee8f12ce3b => generated 957 bytes in 38 msecs (HTTP/1.1 200) 7 headers in 285 bytes (1 switches on core 0)
2026-06-15 20:16:40.597 7 INFO cinder.api.openstack.wsgi [None req-dbb241ea-ffc9-4f82-9842-490feee7f52c e4e1151fbc2d4b1c93453b94e573714c 070b00a3b6fb48a59f4b52390b1885a9 - - default default] GET http://10.0.0.26:8776/
2026-06-15 20:16:40.597 8 INFO cinder.api.openstack.wsgi [None req-bd2f07c7-80a0-4601-bc81-fd3a7b3c5ef2 e4e1151fbc2d4b1c93453b94e573714c 070b00a3b6fb48a59f4b52390b1885a9 - - default default] GET http://10.0.0.26:8776/
2026-06-15 20:16:40.598 7 INFO cinder.api.openstack.wsgi [None req-dbb241ea-ffc9-4f82-9842-490feee7f52c e4e1151fbc2d4b1c93453b94e573714c 070b00a3b6fb48a59f4b52390b1885a9 - - default default] http://10.0.0.26:8776/ returned with HTTP 300
2026-06-15 20:16:40.599 8 INFO cinder.api.openstack.wsgi [None req-bd2f07c7-80a0-4601-bc81-fd3a7b3c5ef2 e4e1151fbc2d4b1c93453b94e573714c 070b00a3b6fb48a59f4b52390b1885a9 - - default default] http://10.0.0.26:8776/ returned with HTTP 300 /var/lib/openstack/lib/python3.12/site-packages/pycadf/identifier.py:70: UserWarning: Invalid uuid: cinderv3. To ensure interoperability, identifiers should be a valid uuid. warnings.warn(('Invalid uuid: %s. To ensure interoperability, '
2026-06-15 20:16:40.878 8 INFO cinder.api.openstack.wsgi [None req-a06e1528-077f-43b2-8175-028aed26ad34 e4e1151fbc2d4b1c93453b94e573714c 070b00a3b6fb48a59f4b52390b1885a9 - - default default] GET http://cinder-api.openstack.svc.cluster.local:8776/v3/070b00a3b6fb48a59f4b52390b1885a9/volumes/b40e8cdc-7d16-4b74-8915-10ee8f12ce3b /var/lib/openstack/lib/python3.12/site-packages/oslo_context/context.py:101: DeprecationWarning: Policy enforcement is depending on the value of is_admin. This key is deprecated. Please update your policy file to use the standard policy values. warnings.warn(
2026-06-15 20:16:40.898 8 INFO cinder.volume.api [None req-a06e1528-077f-43b2-8175-028aed26ad34 e4e1151fbc2d4b1c93453b94e573714c 070b00a3b6fb48a59f4b52390b1885a9 - - default default] Volume info retrieved successfully.
2026-06-15 20:16:40.904 8 INFO cinder.api.openstack.wsgi [None req-a06e1528-077f-43b2-8175-028aed26ad34 e4e1151fbc2d4b1c93453b94e573714c 070b00a3b6fb48a59f4b52390b1885a9 - - default default] http://cinder-api.openstack.svc.cluster.local:8776/v3/070b00a3b6fb48a59f4b52390b1885a9/volumes/b40e8cdc-7d16-4b74-8915-10ee8f12ce3b returned with HTTP 200 [pid: 8|app: 0|req: 349/698] 10.0.0.141 () {32 vars in 775 bytes} [Mon Jun 15 20:16:40 2026] GET /v3/070b00a3b6fb48a59f4b52390b1885a9/volumes/b40e8cdc-7d16-4b74-8915-10ee8f12ce3b => generated 1482 bytes in 32 msecs (HTTP/1.1 200) 7 headers in 286 bytes (1 switches on core 0) /var/lib/openstack/lib/python3.12/site-packages/pycadf/identifier.py:70: UserWarning: Invalid uuid: cinderv3. To ensure interoperability, identifiers should be a valid uuid. warnings.warn(('Invalid uuid: %s. To ensure interoperability, '
2026-06-15 20:16:41.936 7 INFO cinder.api.openstack.wsgi [None req-5122fde1-de14-4d16-8e63-16f192393aa6 e4e1151fbc2d4b1c93453b94e573714c 070b00a3b6fb48a59f4b52390b1885a9 - - default default] GET http://cinder-api.openstack.svc.cluster.local:8776/v3/070b00a3b6fb48a59f4b52390b1885a9/volumes/b40e8cdc-7d16-4b74-8915-10ee8f12ce3b /var/lib/openstack/lib/python3.12/site-packages/oslo_context/context.py:101: DeprecationWarning: Policy enforcement is depending on the value of is_admin. This key is deprecated. Please update your policy file to use the standard policy values. warnings.warn(
2026-06-15 20:16:41.960 7 INFO cinder.volume.api [None req-5122fde1-de14-4d16-8e63-16f192393aa6 e4e1151fbc2d4b1c93453b94e573714c 070b00a3b6fb48a59f4b52390b1885a9 - - default default] Volume info retrieved successfully.
2026-06-15 20:16:41.973 7 INFO cinder.api.openstack.wsgi [None req-5122fde1-de14-4d16-8e63-16f192393aa6 e4e1151fbc2d4b1c93453b94e573714c 070b00a3b6fb48a59f4b52390b1885a9 - - default default] http://cinder-api.openstack.svc.cluster.local:8776/v3/070b00a3b6fb48a59f4b52390b1885a9/volumes/b40e8cdc-7d16-4b74-8915-10ee8f12ce3b returned with HTTP 200 [pid: 7|app: 0|req: 350/699] 10.0.0.141 () {32 vars in 775 bytes} [Mon Jun 15 20:16:41 2026] GET /v3/070b00a3b6fb48a59f4b52390b1885a9/volumes/b40e8cdc-7d16-4b74-8915-10ee8f12ce3b => generated 1483 bytes in 49 msecs (HTTP/1.1 200) 7 headers in 286 bytes (1 switches on core 0) /var/lib/openstack/lib/python3.12/site-packages/pycadf/identifier.py:70: UserWarning: Invalid uuid: cinderv3. To ensure interoperability, identifiers should be a valid uuid. warnings.warn(('Invalid uuid: %s. To ensure interoperability, '
2026-06-15 20:16:42.072 8 INFO cinder.api.openstack.wsgi [req-4dd21647-2b13-4fb8-80ab-5879803e76a9 req-f245b518-3c5d-49b1-8236-126482def487 e4e1151fbc2d4b1c93453b94e573714c 070b00a3b6fb48a59f4b52390b1885a9 - - default default] GET http://cinder-api.openstack.svc.cluster.local:8776/v3/070b00a3b6fb48a59f4b52390b1885a9/volumes/b40e8cdc-7d16-4b74-8915-10ee8f12ce3b /var/lib/openstack/lib/python3.12/site-packages/oslo_context/context.py:101: DeprecationWarning: Policy enforcement is depending on the value of is_admin. This key is deprecated. Please update your policy file to use the standard policy values. warnings.warn(
2026-06-15 20:16:42.089 8 INFO cinder.volume.api [req-4dd21647-2b13-4fb8-80ab-5879803e76a9 req-f245b518-3c5d-49b1-8236-126482def487 e4e1151fbc2d4b1c93453b94e573714c 070b00a3b6fb48a59f4b52390b1885a9 - - default default] Volume info retrieved successfully.
2026-06-15 20:16:42.094 8 INFO cinder.api.openstack.wsgi [req-4dd21647-2b13-4fb8-80ab-5879803e76a9 req-f245b518-3c5d-49b1-8236-126482def487 e4e1151fbc2d4b1c93453b94e573714c 070b00a3b6fb48a59f4b52390b1885a9 - - default default] http://cinder-api.openstack.svc.cluster.local:8776/v3/070b00a3b6fb48a59f4b52390b1885a9/volumes/b40e8cdc-7d16-4b74-8915-10ee8f12ce3b returned with HTTP 200 [pid: 8|app: 0|req: 350/700] 10.0.0.108 () {34 vars in 1028 bytes} [Mon Jun 15 20:16:42 2026] GET /v3/070b00a3b6fb48a59f4b52390b1885a9/volumes/b40e8cdc-7d16-4b74-8915-10ee8f12ce3b => generated 1483 bytes in 31 msecs (HTTP/1.1 200) 7 headers in 286 bytes (1 switches on core 0) /var/lib/openstack/lib/python3.12/site-packages/pycadf/identifier.py:70: UserWarning: Invalid uuid: cinderv3. To ensure interoperability, identifiers should be a valid uuid. warnings.warn(('Invalid uuid: %s. To ensure interoperability, '
2026-06-15 20:16:42.509 7 INFO cinder.api.openstack.wsgi [req-4dd21647-2b13-4fb8-80ab-5879803e76a9 req-104c715a-fb54-4acb-842b-a747ec1bb6e3 e4e1151fbc2d4b1c93453b94e573714c 070b00a3b6fb48a59f4b52390b1885a9 - - default default] GET http://cinder-api.openstack.svc.cluster.local:8776/v3/070b00a3b6fb48a59f4b52390b1885a9/volumes/b40e8cdc-7d16-4b74-8915-10ee8f12ce3b /var/lib/openstack/lib/python3.12/site-packages/oslo_context/context.py:101: DeprecationWarning: Policy enforcement is depending on the value of is_admin. This key is deprecated. Please update your policy file to use the standard policy values. warnings.warn(
2026-06-15 20:16:42.529 7 INFO cinder.volume.api [req-4dd21647-2b13-4fb8-80ab-5879803e76a9 req-104c715a-fb54-4acb-842b-a747ec1bb6e3 e4e1151fbc2d4b1c93453b94e573714c 070b00a3b6fb48a59f4b52390b1885a9 - - default default] Volume info retrieved successfully.
2026-06-15 20:16:42.539 7 INFO cinder.api.openstack.wsgi [req-4dd21647-2b13-4fb8-80ab-5879803e76a9 req-104c715a-fb54-4acb-842b-a747ec1bb6e3 e4e1151fbc2d4b1c93453b94e573714c 070b00a3b6fb48a59f4b52390b1885a9 - - default default] http://cinder-api.openstack.svc.cluster.local:8776/v3/070b00a3b6fb48a59f4b52390b1885a9/volumes/b40e8cdc-7d16-4b74-8915-10ee8f12ce3b returned with HTTP 200 [pid: 7|app: 0|req: 351/701] 10.0.0.108 () {34 vars in 1028 bytes} [Mon Jun 15 20:16:42 2026] GET /v3/070b00a3b6fb48a59f4b52390b1885a9/volumes/b40e8cdc-7d16-4b74-8915-10ee8f12ce3b => generated 1483 bytes in 44 msecs (HTTP/1.1 200) 7 headers in 286 bytes (1 switches on core 0)
2026-06-15 20:16:42.546 8 INFO cinder.api.openstack.wsgi [req-4dd21647-2b13-4fb8-80ab-5879803e76a9 req-f245b518-3c5d-49b1-8236-126482def487 e4e1151fbc2d4b1c93453b94e573714c 070b00a3b6fb48a59f4b52390b1885a9 - - default default] GET http://cinder-api.openstack.svc.cluster.local:8776/
2026-06-15 20:16:42.547 8 INFO cinder.api.openstack.wsgi [req-4dd21647-2b13-4fb8-80ab-5879803e76a9 req-f245b518-3c5d-49b1-8236-126482def487 e4e1151fbc2d4b1c93453b94e573714c 070b00a3b6fb48a59f4b52390b1885a9 - - default default] http://cinder-api.openstack.svc.cluster.local:8776/ returned with HTTP 300 [pid: 8|app: 0|req: 351/702] 10.0.0.108 () {32 vars in 829 bytes} [Mon Jun 15 20:16:42 2026] GET / => generated 411 bytes in 2 msecs (HTTP/1.1 300) 5 headers in 169 bytes (1 switches on core 0) /var/lib/openstack/lib/python3.12/site-packages/pycadf/identifier.py:70: UserWarning: Invalid uuid: cinderv3. To ensure interoperability, identifiers should be a valid uuid. warnings.warn(('Invalid uuid: %s. To ensure interoperability, '
2026-06-15 20:16:42.560 7 INFO cinder.api.openstack.wsgi [req-4dd21647-2b13-4fb8-80ab-5879803e76a9 req-463b0709-75cd-457c-9f55-1a420784df74 e4e1151fbc2d4b1c93453b94e573714c 070b00a3b6fb48a59f4b52390b1885a9 - - default default] POST http://cinder-api.openstack.svc.cluster.local:8776/v3/070b00a3b6fb48a59f4b52390b1885a9/attachments /var/lib/openstack/lib/python3.12/site-packages/oslo_context/context.py:101: DeprecationWarning: Policy enforcement is depending on the value of is_admin. This key is deprecated. Please update your policy file to use the standard policy values. warnings.warn(
2026-06-15 20:16:42.622 7 INFO cinder.api.openstack.wsgi [req-4dd21647-2b13-4fb8-80ab-5879803e76a9 req-463b0709-75cd-457c-9f55-1a420784df74 e4e1151fbc2d4b1c93453b94e573714c 070b00a3b6fb48a59f4b52390b1885a9 - - default default] http://cinder-api.openstack.svc.cluster.local:8776/v3/070b00a3b6fb48a59f4b52390b1885a9/attachments returned with HTTP 200 [pid: 7|app: 0|req: 352/703] 10.0.0.108 () {40 vars in 1057 bytes} [Mon Jun 15 20:16:42 2026] POST /v3/070b00a3b6fb48a59f4b52390b1885a9/attachments => generated 273 bytes in 71 msecs (HTTP/1.1 200) 7 headers in 286 bytes (1 switches on core 0)
2026-06-15 20:16:49.390 8 INFO cinder.api.openstack.wsgi [req-4dd21647-2b13-4fb8-80ab-5879803e76a9 req-f245b518-3c5d-49b1-8236-126482def487 e4e1151fbc2d4b1c93453b94e573714c 070b00a3b6fb48a59f4b52390b1885a9 - - default default] GET http://cinder-api.openstack.svc.cluster.local:8776/
2026-06-15 20:16:49.391 8 INFO cinder.api.openstack.wsgi [req-4dd21647-2b13-4fb8-80ab-5879803e76a9 req-f245b518-3c5d-49b1-8236-126482def487 e4e1151fbc2d4b1c93453b94e573714c 070b00a3b6fb48a59f4b52390b1885a9 - - default default] http://cinder-api.openstack.svc.cluster.local:8776/ returned with HTTP 300 [pid: 8|app: 0|req: 352/704] 199.19.213.202 () {32 vars in 840 bytes} [Mon Jun 15 20:16:49 2026] GET / => generated 411 bytes in 2 msecs (HTTP/1.1 300) 5 headers in 169 bytes (1 switches on core 0) /var/lib/openstack/lib/python3.12/site-packages/pycadf/identifier.py:70: UserWarning: Invalid uuid: cinderv3. To ensure interoperability, identifiers should be a valid uuid. warnings.warn(('Invalid uuid: %s. To ensure interoperability, '
2026-06-15 20:16:49.430 7 INFO cinder.api.openstack.wsgi [req-4dd21647-2b13-4fb8-80ab-5879803e76a9 req-83e83e5c-206a-45ea-81bd-3a6374171c2b e4e1151fbc2d4b1c93453b94e573714c 070b00a3b6fb48a59f4b52390b1885a9 - - default default] GET http://cinder-api.openstack.svc.cluster.local:8776/v3/070b00a3b6fb48a59f4b52390b1885a9/volumes/b40e8cdc-7d16-4b74-8915-10ee8f12ce3b /var/lib/openstack/lib/python3.12/site-packages/oslo_context/context.py:101: DeprecationWarning: Policy enforcement is depending on the value of is_admin. This key is deprecated. Please update your policy file to use the standard policy values. warnings.warn(
2026-06-15 20:16:49.447 7 INFO cinder.volume.api [req-4dd21647-2b13-4fb8-80ab-5879803e76a9 req-83e83e5c-206a-45ea-81bd-3a6374171c2b e4e1151fbc2d4b1c93453b94e573714c 070b00a3b6fb48a59f4b52390b1885a9 - - default default] Volume info retrieved successfully.
2026-06-15 20:16:49.451 7 INFO cinder.api.openstack.wsgi [req-4dd21647-2b13-4fb8-80ab-5879803e76a9 req-83e83e5c-206a-45ea-81bd-3a6374171c2b e4e1151fbc2d4b1c93453b94e573714c 070b00a3b6fb48a59f4b52390b1885a9 - - default default] http://cinder-api.openstack.svc.cluster.local:8776/v3/070b00a3b6fb48a59f4b52390b1885a9/volumes/b40e8cdc-7d16-4b74-8915-10ee8f12ce3b returned with HTTP 200 [pid: 7|app: 0|req: 353/705] 199.19.213.202 () {36 vars in 1073 bytes} [Mon Jun 15 20:16:49 2026] GET /v3/070b00a3b6fb48a59f4b52390b1885a9/volumes/b40e8cdc-7d16-4b74-8915-10ee8f12ce3b => generated 1663 bytes in 27 msecs (HTTP/1.1 200) 7 headers in 287 bytes (1 switches on core 0)
2026-06-15 20:16:50.598 7 INFO cinder.api.openstack.wsgi [req-4dd21647-2b13-4fb8-80ab-5879803e76a9 req-83e83e5c-206a-45ea-81bd-3a6374171c2b e4e1151fbc2d4b1c93453b94e573714c 070b00a3b6fb48a59f4b52390b1885a9 - - default default] GET http://10.0.0.26:8776/
2026-06-15 20:16:50.598 8 INFO cinder.api.openstack.wsgi [req-4dd21647-2b13-4fb8-80ab-5879803e76a9 req-f245b518-3c5d-49b1-8236-126482def487 e4e1151fbc2d4b1c93453b94e573714c 070b00a3b6fb48a59f4b52390b1885a9 - - default default] GET http://10.0.0.26:8776/
2026-06-15 20:16:50.598 7 INFO cinder.api.openstack.wsgi [req-4dd21647-2b13-4fb8-80ab-5879803e76a9 req-83e83e5c-206a-45ea-81bd-3a6374171c2b e4e1151fbc2d4b1c93453b94e573714c 070b00a3b6fb48a59f4b52390b1885a9 - - default default] http://10.0.0.26:8776/ returned with HTTP 300
2026-06-15 20:16:50.599 8 INFO cinder.api.openstack.wsgi [req-4dd21647-2b13-4fb8-80ab-5879803e76a9 req-f245b518-3c5d-49b1-8236-126482def487 e4e1151fbc2d4b1c93453b94e573714c 070b00a3b6fb48a59f4b52390b1885a9 - - default default] http://10.0.0.26:8776/ returned with HTTP 300 /var/lib/openstack/lib/python3.12/site-packages/pycadf/identifier.py:70: UserWarning: Invalid uuid: cinderv3. To ensure interoperability, identifiers should be a valid uuid. warnings.warn(('Invalid uuid: %s. To ensure interoperability, '
2026-06-15 20:16:51.330 7 INFO cinder.api.openstack.wsgi [req-4dd21647-2b13-4fb8-80ab-5879803e76a9 req-bff8f7d3-aaa0-4b55-bc7c-6a30741943a9 e4e1151fbc2d4b1c93453b94e573714c 070b00a3b6fb48a59f4b52390b1885a9 - - default default] PUT http://cinder-api.openstack.svc.cluster.local:8776/v3/070b00a3b6fb48a59f4b52390b1885a9/attachments/10ef288b-e3b9-443e-83f2-cff340ef9d8d /var/lib/openstack/lib/python3.12/site-packages/oslo_context/context.py:101: DeprecationWarning: Policy enforcement is depending on the value of is_admin. This key is deprecated. Please update your policy file to use the standard policy values. warnings.warn(
2026-06-15 20:16:52.386 7 INFO cinder.api.openstack.wsgi [req-4dd21647-2b13-4fb8-80ab-5879803e76a9 req-bff8f7d3-aaa0-4b55-bc7c-6a30741943a9 e4e1151fbc2d4b1c93453b94e573714c 070b00a3b6fb48a59f4b52390b1885a9 - - default default] http://cinder-api.openstack.svc.cluster.local:8776/v3/070b00a3b6fb48a59f4b52390b1885a9/attachments/10ef288b-e3b9-443e-83f2-cff340ef9d8d returned with HTTP 200 [pid: 7|app: 0|req: 355/708] 199.19.213.202 () {40 vars in 1135 bytes} [Mon Jun 15 20:16:51 2026] PUT /v3/070b00a3b6fb48a59f4b52390b1885a9/attachments/10ef288b-e3b9-443e-83f2-cff340ef9d8d => generated 802 bytes in 1065 msecs (HTTP/1.1 200) 7 headers in 286 bytes (1 switches on core 0) /var/lib/openstack/lib/python3.12/site-packages/pycadf/identifier.py:70: UserWarning: Invalid uuid: cinderv3. To ensure interoperability, identifiers should be a valid uuid. warnings.warn(('Invalid uuid: %s. To ensure interoperability, '
2026-06-15 20:16:53.013 8 INFO cinder.api.openstack.wsgi [req-4dd21647-2b13-4fb8-80ab-5879803e76a9 req-ab8bbf86-7eab-4241-b8d2-3a528937b121 e4e1151fbc2d4b1c93453b94e573714c 070b00a3b6fb48a59f4b52390b1885a9 - - default default] POST http://cinder-api.openstack.svc.cluster.local:8776/v3/070b00a3b6fb48a59f4b52390b1885a9/attachments/10ef288b-e3b9-443e-83f2-cff340ef9d8d/action /var/lib/openstack/lib/python3.12/site-packages/oslo_context/context.py:101: DeprecationWarning: Policy enforcement is depending on the value of is_admin. This key is deprecated. Please update your policy file to use the standard policy values. warnings.warn(
2026-06-15 20:16:53.057 8 INFO cinder.api.openstack.wsgi [req-4dd21647-2b13-4fb8-80ab-5879803e76a9 req-ab8bbf86-7eab-4241-b8d2-3a528937b121 e4e1151fbc2d4b1c93453b94e573714c 070b00a3b6fb48a59f4b52390b1885a9 - - default default] http://cinder-api.openstack.svc.cluster.local:8776/v3/070b00a3b6fb48a59f4b52390b1885a9/attachments/10ef288b-e3b9-443e-83f2-cff340ef9d8d/action returned with HTTP 204 [pid: 8|app: 0|req: 354/709] 199.19.213.202 () {40 vars in 1148 bytes} [Mon Jun 15 20:16:53 2026] POST /v3/070b00a3b6fb48a59f4b52390b1885a9/attachments/10ef288b-e3b9-443e-83f2-cff340ef9d8d/action => generated 0 bytes in 52 msecs (HTTP/1.1 204) 7 headers in 292 bytes (1 switches on core 0)
2026-06-15 20:17:00.598 8 INFO cinder.api.openstack.wsgi [req-4dd21647-2b13-4fb8-80ab-5879803e76a9 req-ab8bbf86-7eab-4241-b8d2-3a528937b121 e4e1151fbc2d4b1c93453b94e573714c 070b00a3b6fb48a59f4b52390b1885a9 - - default default] GET http://10.0.0.26:8776/
2026-06-15 20:17:00.598 7 INFO cinder.api.openstack.wsgi [req-4dd21647-2b13-4fb8-80ab-5879803e76a9 req-bff8f7d3-aaa0-4b55-bc7c-6a30741943a9 e4e1151fbc2d4b1c93453b94e573714c 070b00a3b6fb48a59f4b52390b1885a9 - - default default] GET http://10.0.0.26:8776/
2026-06-15 20:17:00.599 8 INFO cinder.api.openstack.wsgi [req-4dd21647-2b13-4fb8-80ab-5879803e76a9 req-ab8bbf86-7eab-4241-b8d2-3a528937b121 e4e1151fbc2d4b1c93453b94e573714c 070b00a3b6fb48a59f4b52390b1885a9 - - default default] http://10.0.0.26:8776/ returned with HTTP 300
2026-06-15 20:17:00.599 7 INFO cinder.api.openstack.wsgi [req-4dd21647-2b13-4fb8-80ab-5879803e76a9 req-bff8f7d3-aaa0-4b55-bc7c-6a30741943a9 e4e1151fbc2d4b1c93453b94e573714c 070b00a3b6fb48a59f4b52390b1885a9 - - default default] http://10.0.0.26:8776/ returned with HTTP 300 /var/lib/openstack/lib/python3.12/site-packages/pycadf/identifier.py:70: UserWarning: Invalid uuid: cinderv3. To ensure interoperability, identifiers should be a valid uuid. warnings.warn(('Invalid uuid: %s. To ensure interoperability, '
2026-06-15 20:17:07.067 8 INFO cinder.api.openstack.wsgi [req-f464f610-d495-4929-8ad9-a386a964c100 req-e470581c-1c38-4dba-9029-d3a7abbc5aef e4e1151fbc2d4b1c93453b94e573714c 070b00a3b6fb48a59f4b52390b1885a9 - - default default] DELETE http://cinder-api.openstack.svc.cluster.local:8776/v3/070b00a3b6fb48a59f4b52390b1885a9/attachments/10ef288b-e3b9-443e-83f2-cff340ef9d8d /var/lib/openstack/lib/python3.12/site-packages/oslo_context/context.py:101: DeprecationWarning: Policy enforcement is depending on the value of is_admin. This key is deprecated. Please update your policy file to use the standard policy values. warnings.warn(
2026-06-15 20:17:07.651 8 INFO cinder.api.openstack.wsgi [req-f464f610-d495-4929-8ad9-a386a964c100 req-e470581c-1c38-4dba-9029-d3a7abbc5aef e4e1151fbc2d4b1c93453b94e573714c 070b00a3b6fb48a59f4b52390b1885a9 - - default default] http://cinder-api.openstack.svc.cluster.local:8776/v3/070b00a3b6fb48a59f4b52390b1885a9/attachments/10ef288b-e3b9-443e-83f2-cff340ef9d8d returned with HTTP 200 [pid: 8|app: 0|req: 356/712] 199.19.213.202 () {38 vars in 1103 bytes} [Mon Jun 15 20:17:07 2026] DELETE /v3/070b00a3b6fb48a59f4b52390b1885a9/attachments/10ef288b-e3b9-443e-83f2-cff340ef9d8d => generated 19 bytes in 593 msecs (HTTP/1.1 200) 7 headers in 285 bytes (1 switches on core 0) /var/lib/openstack/lib/python3.12/site-packages/pycadf/identifier.py:70: UserWarning: Invalid uuid: cinderv3. To ensure interoperability, identifiers should be a valid uuid. warnings.warn(('Invalid uuid: %s. To ensure interoperability, '
2026-06-15 20:17:07.664 7 INFO cinder.api.openstack.wsgi [req-f464f610-d495-4929-8ad9-a386a964c100 req-7283577a-335f-4739-a168-9536f317fc25 e4e1151fbc2d4b1c93453b94e573714c 070b00a3b6fb48a59f4b52390b1885a9 - - default default] DELETE http://cinder-api.openstack.svc.cluster.local:8776/v3/070b00a3b6fb48a59f4b52390b1885a9/volumes/b40e8cdc-7d16-4b74-8915-10ee8f12ce3b
2026-06-15 20:17:07.664 7 INFO cinder.api.v3.volumes [req-f464f610-d495-4929-8ad9-a386a964c100 req-7283577a-335f-4739-a168-9536f317fc25 e4e1151fbc2d4b1c93453b94e573714c 070b00a3b6fb48a59f4b52390b1885a9 - - default default] Delete volume with id: b40e8cdc-7d16-4b74-8915-10ee8f12ce3b /var/lib/openstack/lib/python3.12/site-packages/oslo_context/context.py:101: DeprecationWarning: Policy enforcement is depending on the value of is_admin. This key is deprecated. Please update your policy file to use the standard policy values. warnings.warn(
2026-06-15 20:17:07.675 7 INFO cinder.volume.api [req-f464f610-d495-4929-8ad9-a386a964c100 req-7283577a-335f-4739-a168-9536f317fc25 e4e1151fbc2d4b1c93453b94e573714c 070b00a3b6fb48a59f4b52390b1885a9 - - default default] Volume info retrieved successfully.
2026-06-15 20:17:07.708 7 INFO cinder.volume.api [req-f464f610-d495-4929-8ad9-a386a964c100 req-7283577a-335f-4739-a168-9536f317fc25 e4e1151fbc2d4b1c93453b94e573714c 070b00a3b6fb48a59f4b52390b1885a9 - - default default] Delete volume request issued successfully.
2026-06-15 20:17:07.708 7 INFO cinder.api.openstack.wsgi [req-f464f610-d495-4929-8ad9-a386a964c100 req-7283577a-335f-4739-a168-9536f317fc25 e4e1151fbc2d4b1c93453b94e573714c 070b00a3b6fb48a59f4b52390b1885a9 - - default default] http://cinder-api.openstack.svc.cluster.local:8776/v3/070b00a3b6fb48a59f4b52390b1885a9/volumes/b40e8cdc-7d16-4b74-8915-10ee8f12ce3b returned with HTTP 202 [pid: 7|app: 0|req: 357/713] 199.19.213.202 () {36 vars in 1054 bytes} [Mon Jun 15 20:17:07 2026] DELETE /v3/070b00a3b6fb48a59f4b52390b1885a9/volumes/b40e8cdc-7d16-4b74-8915-10ee8f12ce3b => generated 0 bytes in 51 msecs (HTTP/1.1 202) 6 headers in 233 bytes (1 switches on core 0)
2026-06-15 20:17:10.597 8 INFO cinder.api.openstack.wsgi [req-f464f610-d495-4929-8ad9-a386a964c100 req-e470581c-1c38-4dba-9029-d3a7abbc5aef e4e1151fbc2d4b1c93453b94e573714c 070b00a3b6fb48a59f4b52390b1885a9 - - default default] GET http://10.0.0.26:8776/
2026-06-15 20:17:10.597 7 INFO cinder.api.openstack.wsgi [req-f464f610-d495-4929-8ad9-a386a964c100 req-7283577a-335f-4739-a168-9536f317fc25 e4e1151fbc2d4b1c93453b94e573714c 070b00a3b6fb48a59f4b52390b1885a9 - - default default] GET http://10.0.0.26:8776/
2026-06-15 20:17:10.598 8 INFO cinder.api.openstack.wsgi [req-f464f610-d495-4929-8ad9-a386a964c100 req-e470581c-1c38-4dba-9029-d3a7abbc5aef e4e1151fbc2d4b1c93453b94e573714c 070b00a3b6fb48a59f4b52390b1885a9 - - default default] http://10.0.0.26:8776/ returned with HTTP 300
2026-06-15 20:17:10.598 7 INFO cinder.api.openstack.wsgi [req-f464f610-d495-4929-8ad9-a386a964c100 req-7283577a-335f-4739-a168-9536f317fc25 e4e1151fbc2d4b1c93453b94e573714c 070b00a3b6fb48a59f4b52390b1885a9 - - default default] http://10.0.0.26:8776/ returned with HTTP 300
2026-06-15 20:17:20.598 8 INFO cinder.api.openstack.wsgi [req-f464f610-d495-4929-8ad9-a386a964c100 req-e470581c-1c38-4dba-9029-d3a7abbc5aef e4e1151fbc2d4b1c93453b94e573714c 070b00a3b6fb48a59f4b52390b1885a9 - - default default] GET http://10.0.0.26:8776/
2026-06-15 20:17:20.598 7 INFO cinder.api.openstack.wsgi [req-f464f610-d495-4929-8ad9-a386a964c100 req-7283577a-335f-4739-a168-9536f317fc25 e4e1151fbc2d4b1c93453b94e573714c 070b00a3b6fb48a59f4b52390b1885a9 - - default default] GET http://10.0.0.26:8776/
2026-06-15 20:17:20.599 8 INFO cinder.api.openstack.wsgi [req-f464f610-d495-4929-8ad9-a386a964c100 req-e470581c-1c38-4dba-9029-d3a7abbc5aef e4e1151fbc2d4b1c93453b94e573714c 070b00a3b6fb48a59f4b52390b1885a9 - - default default] http://10.0.0.26:8776/ returned with HTTP 300
2026-06-15 20:17:20.599 7 INFO cinder.api.openstack.wsgi [req-f464f610-d495-4929-8ad9-a386a964c100 req-7283577a-335f-4739-a168-9536f317fc25 e4e1151fbc2d4b1c93453b94e573714c 070b00a3b6fb48a59f4b52390b1885a9 - - default default] http://10.0.0.26:8776/ returned with HTTP 300 /var/lib/openstack/lib/python3.12/site-packages/pycadf/identifier.py:70: UserWarning: Invalid uuid: cinderv3. To ensure interoperability, identifiers should be a valid uuid. warnings.warn(('Invalid uuid: %s. To ensure interoperability, '
2026-06-15 20:17:27.825 7 INFO cinder.api.openstack.wsgi [None req-db81cca2-8818-456c-8bfa-a231d0bb141a 18374d06e7a24ed0a9972ff6517c7e31 6e6bec598d8a45c5ba1db35772b69180 - - default default] GET http://cinder-api.openstack.svc.cluster.local:8776/v3/6e6bec598d8a45c5ba1db35772b69180/os-services
2026-06-15 20:17:27.832 7 INFO cinder.api.openstack.wsgi [None req-db81cca2-8818-456c-8bfa-a231d0bb141a 18374d06e7a24ed0a9972ff6517c7e31 6e6bec598d8a45c5ba1db35772b69180 - - default default] http://cinder-api.openstack.svc.cluster.local:8776/v3/6e6bec598d8a45c5ba1db35772b69180/os-services returned with HTTP 200 [pid: 7|app: 0|req: 360/718] 10.0.0.160 () {28 vars in 645 bytes} [Mon Jun 15 20:17:27 2026] GET /v3/6e6bec598d8a45c5ba1db35772b69180/os-services => generated 646 bytes in 266 msecs (HTTP/1.1 200) 7 headers in 285 bytes (1 switches on core 0) /var/lib/openstack/lib/python3.12/site-packages/pycadf/identifier.py:70: UserWarning: Invalid uuid: cinderv3. To ensure interoperability, identifiers should be a valid uuid. warnings.warn(('Invalid uuid: %s. To ensure interoperability, '
2026-06-15 20:17:27.845 8 INFO cinder.api.openstack.wsgi [None req-6dae84f1-343f-44f6-afe4-cc3e8bd2c9ee 18374d06e7a24ed0a9972ff6517c7e31 6e6bec598d8a45c5ba1db35772b69180 - - default default] GET http://cinder-api.openstack.svc.cluster.local:8776/v3/6e6bec598d8a45c5ba1db35772b69180/scheduler-stats/get_pools?detail=true /var/lib/openstack/lib/python3.12/site-packages/oslo_context/context.py:101: DeprecationWarning: Policy enforcement is depending on the value of is_admin. This key is deprecated. Please update your policy file to use the standard policy values. warnings.warn(
2026-06-15 20:17:28.348 8 INFO cinder.api.openstack.wsgi [None req-6dae84f1-343f-44f6-afe4-cc3e8bd2c9ee 18374d06e7a24ed0a9972ff6517c7e31 6e6bec598d8a45c5ba1db35772b69180 - - default default] http://cinder-api.openstack.svc.cluster.local:8776/v3/6e6bec598d8a45c5ba1db35772b69180/scheduler-stats/get_pools?detail=true returned with HTTP 200 [pid: 8|app: 0|req: 359/719] 10.0.0.160 () {28 vars in 696 bytes} [Mon Jun 15 20:17:27 2026] GET /v3/6e6bec598d8a45c5ba1db35772b69180/scheduler-stats/get_pools?detail=true => generated 670 bytes in 511 msecs (HTTP/1.1 200) 7 headers in 285 bytes (1 switches on core 0)
2026-06-15 20:17:28.357 7 INFO cinder.api.openstack.wsgi [None req-8380b87a-a830-4056-a197-3e02a3a478e2 18374d06e7a24ed0a9972ff6517c7e31 6e6bec598d8a45c5ba1db35772b69180 - - default default] GET http://cinder-api.openstack.svc.cluster.local:8776/v3/6e6bec598d8a45c5ba1db35772b69180/volumes/detail?all_tenants=true
2026-06-15 20:17:28.367 7 INFO cinder.volume.api [None req-8380b87a-a830-4056-a197-3e02a3a478e2 18374d06e7a24ed0a9972ff6517c7e31 6e6bec598d8a45c5ba1db35772b69180 - - default default] Get all volumes completed successfully.
2026-06-15 20:17:28.369 7 INFO cinder.api.openstack.wsgi [None req-8380b87a-a830-4056-a197-3e02a3a478e2 18374d06e7a24ed0a9972ff6517c7e31 6e6bec598d8a45c5ba1db35772b69180 - - default default] http://cinder-api.openstack.svc.cluster.local:8776/v3/6e6bec598d8a45c5ba1db35772b69180/volumes/detail?all_tenants=true returned with HTTP 200 [pid: 7|app: 0|req: 361/720] 10.0.0.160 () {28 vars in 684 bytes} [Mon Jun 15 20:17:28 2026] GET /v3/6e6bec598d8a45c5ba1db35772b69180/volumes/detail?all_tenants=true => generated 15 bytes in 16 msecs (HTTP/1.1 200) 7 headers in 284 bytes (1 switches on core 0)
2026-06-15 20:17:28.495 8 INFO cinder.api.openstack.wsgi [None req-e9fe7bee-6d05-4676-887a-07788eb635c4 18374d06e7a24ed0a9972ff6517c7e31 6e6bec598d8a45c5ba1db35772b69180 - - default default] GET http://cinder-api.openstack.svc.cluster.local:8776/v3/6e6bec598d8a45c5ba1db35772b69180/os-quota-sets/2ec393bbecf4473f9552b4ba54cce9f4?usage=true
2026-06-15 20:17:28.532 8 INFO cinder.api.openstack.wsgi [None req-e9fe7bee-6d05-4676-887a-07788eb635c4 18374d06e7a24ed0a9972ff6517c7e31 6e6bec598d8a45c5ba1db35772b69180 - - default default] http://cinder-api.openstack.svc.cluster.local:8776/v3/6e6bec598d8a45c5ba1db35772b69180/os-quota-sets/2ec393bbecf4473f9552b4ba54cce9f4?usage=true returned with HTTP 200 [pid: 8|app: 0|req: 360/721] 10.0.0.160 () {28 vars in 736 bytes} [Mon Jun 15 20:17:28 2026] GET /v3/6e6bec598d8a45c5ba1db35772b69180/os-quota-sets/2ec393bbecf4473f9552b4ba54cce9f4?usage=true => generated 847 bytes in 43 msecs (HTTP/1.1 200) 7 headers in 285 bytes (1 switches on core 0)
2026-06-15 20:17:28.540 7 INFO cinder.api.openstack.wsgi [None req-ed36a4d5-de30-4d3e-85bb-2b0d33af475a 18374d06e7a24ed0a9972ff6517c7e31 6e6bec598d8a45c5ba1db35772b69180 - - default default] GET http://cinder-api.openstack.svc.cluster.local:8776/v3/6e6bec598d8a45c5ba1db35772b69180/os-quota-sets/33b2dec2a38d4d0e9d70acd1a182e2f5?usage=true
2026-06-15 20:17:28.559 7 INFO cinder.api.openstack.wsgi [None req-ed36a4d5-de30-4d3e-85bb-2b0d33af475a 18374d06e7a24ed0a9972ff6517c7e31 6e6bec598d8a45c5ba1db35772b69180 - - default default] http://cinder-api.openstack.svc.cluster.local:8776/v3/6e6bec598d8a45c5ba1db35772b69180/os-quota-sets/33b2dec2a38d4d0e9d70acd1a182e2f5?usage=true returned with HTTP 200 [pid: 7|app: 0|req: 362/722] 10.0.0.160 () {28 vars in 736 bytes} [Mon Jun 15 20:17:28 2026] GET /v3/6e6bec598d8a45c5ba1db35772b69180/os-quota-sets/33b2dec2a38d4d0e9d70acd1a182e2f5?usage=true => generated 847 bytes in 24 msecs (HTTP/1.1 200) 7 headers in 285 bytes (1 switches on core 0)
2026-06-15 20:17:28.573 8 INFO cinder.api.openstack.wsgi [None req-242902eb-b6d3-4682-9df6-5be0e115bde2 18374d06e7a24ed0a9972ff6517c7e31 6e6bec598d8a45c5ba1db35772b69180 - - default default] GET http://cinder-api.openstack.svc.cluster.local:8776/v3/6e6bec598d8a45c5ba1db35772b69180/os-quota-sets/4afe8859f90d4e86a92c1450db3eac14?usage=true
2026-06-15 20:17:28.621 8 INFO cinder.api.openstack.wsgi [None req-242902eb-b6d3-4682-9df6-5be0e115bde2 18374d06e7a24ed0a9972ff6517c7e31 6e6bec598d8a45c5ba1db35772b69180 - - default default] http://cinder-api.openstack.svc.cluster.local:8776/v3/6e6bec598d8a45c5ba1db35772b69180/os-quota-sets/4afe8859f90d4e86a92c1450db3eac14?usage=true returned with HTTP 200 [pid: 8|app: 0|req: 361/723] 10.0.0.160 () {28 vars in 736 bytes} [Mon Jun 15 20:17:28 2026] GET /v3/6e6bec598d8a45c5ba1db35772b69180/os-quota-sets/4afe8859f90d4e86a92c1450db3eac14?usage=true => generated 847 bytes in 56 msecs (HTTP/1.1 200) 7 headers in 285 bytes (1 switches on core 0)
2026-06-15 20:17:28.635 7 INFO cinder.api.openstack.wsgi [None req-3e557972-a0a3-4734-b6b6-05d97cb1d6c4 18374d06e7a24ed0a9972ff6517c7e31 6e6bec598d8a45c5ba1db35772b69180 - - default default] GET http://cinder-api.openstack.svc.cluster.local:8776/v3/6e6bec598d8a45c5ba1db35772b69180/os-quota-sets/6e6bec598d8a45c5ba1db35772b69180?usage=true
2026-06-15 20:17:28.680 7 INFO cinder.api.openstack.wsgi [None req-3e557972-a0a3-4734-b6b6-05d97cb1d6c4 18374d06e7a24ed0a9972ff6517c7e31 6e6bec598d8a45c5ba1db35772b69180 - - default default] http://cinder-api.openstack.svc.cluster.local:8776/v3/6e6bec598d8a45c5ba1db35772b69180/os-quota-sets/6e6bec598d8a45c5ba1db35772b69180?usage=true returned with HTTP 200 [pid: 7|app: 0|req: 363/724] 10.0.0.160 () {28 vars in 736 bytes} [Mon Jun 15 20:17:28 2026] GET /v3/6e6bec598d8a45c5ba1db35772b69180/os-quota-sets/6e6bec598d8a45c5ba1db35772b69180?usage=true => generated 845 bytes in 53 msecs (HTTP/1.1 200) 7 headers in 285 bytes (1 switches on core 0)
2026-06-15 20:17:28.698 8 INFO cinder.api.openstack.wsgi [None req-343d298d-7495-4d1a-a50d-b3dbfc998f0e 18374d06e7a24ed0a9972ff6517c7e31 6e6bec598d8a45c5ba1db35772b69180 - - default default] GET http://cinder-api.openstack.svc.cluster.local:8776/v3/6e6bec598d8a45c5ba1db35772b69180/os-quota-sets/78aa1c886ffc43eb815ac13a04d680d0?usage=true
2026-06-15 20:17:28.752 8 INFO cinder.api.openstack.wsgi [None req-343d298d-7495-4d1a-a50d-b3dbfc998f0e 18374d06e7a24ed0a9972ff6517c7e31 6e6bec598d8a45c5ba1db35772b69180 - - default default] http://cinder-api.openstack.svc.cluster.local:8776/v3/6e6bec598d8a45c5ba1db35772b69180/os-quota-sets/78aa1c886ffc43eb815ac13a04d680d0?usage=true returned with HTTP 200 [pid: 8|app: 0|req: 362/725] 10.0.0.160 () {28 vars in 736 bytes} [Mon Jun 15 20:17:28 2026] GET /v3/6e6bec598d8a45c5ba1db35772b69180/os-quota-sets/78aa1c886ffc43eb815ac13a04d680d0?usage=true => generated 847 bytes in 63 msecs (HTTP/1.1 200) 7 headers in 285 bytes (1 switches on core 0)
2026-06-15 20:17:28.762 7 INFO cinder.api.openstack.wsgi [None req-c1137829-3aca-4193-a187-cc0a32a795e8 18374d06e7a24ed0a9972ff6517c7e31 6e6bec598d8a45c5ba1db35772b69180 - - default default] GET http://cinder-api.openstack.svc.cluster.local:8776/v3/6e6bec598d8a45c5ba1db35772b69180/os-quota-sets/913ef4a29f394485a053ffbdaf396ff0?usage=true
2026-06-15 20:17:28.781 7 INFO cinder.api.openstack.wsgi [None req-c1137829-3aca-4193-a187-cc0a32a795e8 18374d06e7a24ed0a9972ff6517c7e31 6e6bec598d8a45c5ba1db35772b69180 - - default default] http://cinder-api.openstack.svc.cluster.local:8776/v3/6e6bec598d8a45c5ba1db35772b69180/os-quota-sets/913ef4a29f394485a053ffbdaf396ff0?usage=true returned with HTTP 200 [pid: 7|app: 0|req: 364/726] 10.0.0.160 () {28 vars in 736 bytes} [Mon Jun 15 20:17:28 2026] GET /v3/6e6bec598d8a45c5ba1db35772b69180/os-quota-sets/913ef4a29f394485a053ffbdaf396ff0?usage=true => generated 847 bytes in 24 msecs (HTTP/1.1 200) 7 headers in 285 bytes (1 switches on core 0)
2026-06-15 20:17:28.797 8 INFO cinder.api.openstack.wsgi [None req-a6bbe0a3-afe3-4676-9a35-ecda7b052718 18374d06e7a24ed0a9972ff6517c7e31 6e6bec598d8a45c5ba1db35772b69180 - - default default] GET http://cinder-api.openstack.svc.cluster.local:8776/v3/6e6bec598d8a45c5ba1db35772b69180/os-quota-sets/94f14572967a404cb211ea9327a9da67?usage=true
2026-06-15 20:17:28.827 8 INFO cinder.api.openstack.wsgi [None req-a6bbe0a3-afe3-4676-9a35-ecda7b052718 18374d06e7a24ed0a9972ff6517c7e31 6e6bec598d8a45c5ba1db35772b69180 - - default default] http://cinder-api.openstack.svc.cluster.local:8776/v3/6e6bec598d8a45c5ba1db35772b69180/os-quota-sets/94f14572967a404cb211ea9327a9da67?usage=true returned with HTTP 200 [pid: 8|app: 0|req: 363/727] 10.0.0.160 () {28 vars in 736 bytes} [Mon Jun 15 20:17:28 2026] GET /v3/6e6bec598d8a45c5ba1db35772b69180/os-quota-sets/94f14572967a404cb211ea9327a9da67?usage=true => generated 845 bytes in 40 msecs (HTTP/1.1 200) 7 headers in 285 bytes (1 switches on core 0)
2026-06-15 20:17:28.837 7 INFO cinder.api.openstack.wsgi [None req-ced6f5da-7004-4428-8b5b-b89223c6807d 18374d06e7a24ed0a9972ff6517c7e31 6e6bec598d8a45c5ba1db35772b69180 - - default default] GET http://cinder-api.openstack.svc.cluster.local:8776/v3/6e6bec598d8a45c5ba1db35772b69180/os-quota-sets/b124a9f911084af99723de8073628d7d?usage=true
2026-06-15 20:17:28.862 7 INFO cinder.api.openstack.wsgi [None req-ced6f5da-7004-4428-8b5b-b89223c6807d 18374d06e7a24ed0a9972ff6517c7e31 6e6bec598d8a45c5ba1db35772b69180 - - default default] http://cinder-api.openstack.svc.cluster.local:8776/v3/6e6bec598d8a45c5ba1db35772b69180/os-quota-sets/b124a9f911084af99723de8073628d7d?usage=true returned with HTTP 200 [pid: 7|app: 0|req: 365/728] 10.0.0.160 () {28 vars in 736 bytes} [Mon Jun 15 20:17:28 2026] GET /v3/6e6bec598d8a45c5ba1db35772b69180/os-quota-sets/b124a9f911084af99723de8073628d7d?usage=true => generated 847 bytes in 31 msecs (HTTP/1.1 200) 7 headers in 285 bytes (1 switches on core 0)
2026-06-15 20:17:28.873 8 INFO cinder.api.openstack.wsgi [None req-a32cea9d-ecbf-4f4f-b090-11ed60c615a3 18374d06e7a24ed0a9972ff6517c7e31 6e6bec598d8a45c5ba1db35772b69180 - - default default] GET http://cinder-api.openstack.svc.cluster.local:8776/v3/6e6bec598d8a45c5ba1db35772b69180/volumes/detail?all_tenants=true
2026-06-15 20:17:28.882 8 INFO cinder.volume.api [None req-a32cea9d-ecbf-4f4f-b090-11ed60c615a3 18374d06e7a24ed0a9972ff6517c7e31 6e6bec598d8a45c5ba1db35772b69180 - - default default] Get all volumes completed successfully.
2026-06-15 20:17:28.885 8 INFO cinder.api.openstack.wsgi [None req-a32cea9d-ecbf-4f4f-b090-11ed60c615a3 18374d06e7a24ed0a9972ff6517c7e31 6e6bec598d8a45c5ba1db35772b69180 - - default default] http://cinder-api.openstack.svc.cluster.local:8776/v3/6e6bec598d8a45c5ba1db35772b69180/volumes/detail?all_tenants=true returned with HTTP 200 [pid: 8|app: 0|req: 364/729] 10.0.0.160 () {28 vars in 684 bytes} [Mon Jun 15 20:17:28 2026] GET /v3/6e6bec598d8a45c5ba1db35772b69180/volumes/detail?all_tenants=true => generated 15 bytes in 20 msecs (HTTP/1.1 200) 7 headers in 284 bytes (1 switches on core 0)
2026-06-15 20:17:28.895 7 INFO cinder.api.openstack.wsgi [None req-dca4123b-d70e-4aa1-a076-90e349028882 18374d06e7a24ed0a9972ff6517c7e31 6e6bec598d8a45c5ba1db35772b69180 - - default default] GET http://cinder-api.openstack.svc.cluster.local:8776/v3/6e6bec598d8a45c5ba1db35772b69180/snapshots?all_tenants=true
2026-06-15 20:17:28.900 7 INFO cinder.volume.api [None req-dca4123b-d70e-4aa1-a076-90e349028882 18374d06e7a24ed0a9972ff6517c7e31 6e6bec598d8a45c5ba1db35772b69180 - - default default] Get all snapshots completed successfully.
2026-06-15 20:17:28.900 7 INFO cinder.api.openstack.wsgi [None req-dca4123b-d70e-4aa1-a076-90e349028882 18374d06e7a24ed0a9972ff6517c7e31 6e6bec598d8a45c5ba1db35772b69180 - - default default] http://cinder-api.openstack.svc.cluster.local:8776/v3/6e6bec598d8a45c5ba1db35772b69180/snapshots?all_tenants=true returned with HTTP 200 [pid: 7|app: 0|req: 366/730] 10.0.0.160 () {28 vars in 674 bytes} [Mon Jun 15 20:17:28 2026] GET /v3/6e6bec598d8a45c5ba1db35772b69180/snapshots?all_tenants=true => generated 17 bytes in 11 msecs (HTTP/1.1 200) 7 headers in 284 bytes (1 switches on core 0)
2026-06-15 20:17:30.597 7 INFO cinder.api.openstack.wsgi [None req-dca4123b-d70e-4aa1-a076-90e349028882 18374d06e7a24ed0a9972ff6517c7e31 6e6bec598d8a45c5ba1db35772b69180 - - default default] GET http://10.0.0.26:8776/
2026-06-15 20:17:30.598 7 INFO cinder.api.openstack.wsgi [None req-dca4123b-d70e-4aa1-a076-90e349028882 18374d06e7a24ed0a9972ff6517c7e31 6e6bec598d8a45c5ba1db35772b69180 - - default default] http://10.0.0.26:8776/ returned with HTTP 300
2026-06-15 20:17:30.597 8 INFO cinder.api.openstack.wsgi [None req-a32cea9d-ecbf-4f4f-b090-11ed60c615a3 18374d06e7a24ed0a9972ff6517c7e31 6e6bec598d8a45c5ba1db35772b69180 - - default default] GET http://10.0.0.26:8776/
2026-06-15 20:17:30.603 8 INFO cinder.api.openstack.wsgi [None req-a32cea9d-ecbf-4f4f-b090-11ed60c615a3 18374d06e7a24ed0a9972ff6517c7e31 6e6bec598d8a45c5ba1db35772b69180 - - default default] http://10.0.0.26:8776/ returned with HTTP 300
2026-06-15 20:17:40.598 7 INFO cinder.api.openstack.wsgi [None req-dca4123b-d70e-4aa1-a076-90e349028882 18374d06e7a24ed0a9972ff6517c7e31 6e6bec598d8a45c5ba1db35772b69180 - - default default] GET http://10.0.0.26:8776/
2026-06-15 20:17:40.599 8 INFO cinder.api.openstack.wsgi [None req-a32cea9d-ecbf-4f4f-b090-11ed60c615a3 18374d06e7a24ed0a9972ff6517c7e31 6e6bec598d8a45c5ba1db35772b69180 - - default default] GET http://10.0.0.26:8776/
2026-06-15 20:17:40.599 7 INFO cinder.api.openstack.wsgi [None req-dca4123b-d70e-4aa1-a076-90e349028882 18374d06e7a24ed0a9972ff6517c7e31 6e6bec598d8a45c5ba1db35772b69180 - - default default] http://10.0.0.26:8776/ returned with HTTP 300
2026-06-15 20:17:40.600 8 INFO cinder.api.openstack.wsgi [None req-a32cea9d-ecbf-4f4f-b090-11ed60c615a3 18374d06e7a24ed0a9972ff6517c7e31 6e6bec598d8a45c5ba1db35772b69180 - - default default] http://10.0.0.26:8776/ returned with HTTP 300
2026-06-15 20:17:50.598 8 INFO cinder.api.openstack.wsgi [None req-a32cea9d-ecbf-4f4f-b090-11ed60c615a3 18374d06e7a24ed0a9972ff6517c7e31 6e6bec598d8a45c5ba1db35772b69180 - - default default] GET http://10.0.0.26:8776/
2026-06-15 20:17:50.598 7 INFO cinder.api.openstack.wsgi [None req-dca4123b-d70e-4aa1-a076-90e349028882 18374d06e7a24ed0a9972ff6517c7e31 6e6bec598d8a45c5ba1db35772b69180 - - default default] GET http://10.0.0.26:8776/
2026-06-15 20:17:50.599 7 INFO cinder.api.openstack.wsgi [None req-dca4123b-d70e-4aa1-a076-90e349028882 18374d06e7a24ed0a9972ff6517c7e31 6e6bec598d8a45c5ba1db35772b69180 - - default default] http://10.0.0.26:8776/ returned with HTTP 300
2026-06-15 20:17:50.599 8 INFO cinder.api.openstack.wsgi [None req-a32cea9d-ecbf-4f4f-b090-11ed60c615a3 18374d06e7a24ed0a9972ff6517c7e31 6e6bec598d8a45c5ba1db35772b69180 - - default default] http://10.0.0.26:8776/ returned with HTTP 300
2026-06-15 20:17:58.456 8 INFO cinder.api.openstack.wsgi [req-5aff3f66-dd9e-42f6-adc9-68e61691f807 req-8a66f939-bbac-42df-86fb-1ddd2ac19c0f 0776db1b85464dc085f649861694cd03 b124a9f911084af99723de8073628d7d - - default default] GET http://cinder-api.openstack.svc.cluster.local:8776/v3/b124a9f911084af99723de8073628d7d/attachments?instance_id=b3aabf95-3e07-4bf0-b4c2-0e997fa05476
2026-06-15 20:17:58.479 8 INFO cinder.api.openstack.wsgi [req-5aff3f66-dd9e-42f6-adc9-68e61691f807 req-8a66f939-bbac-42df-86fb-1ddd2ac19c0f 0776db1b85464dc085f649861694cd03 b124a9f911084af99723de8073628d7d - - default default] http://cinder-api.openstack.svc.cluster.local:8776/v3/b124a9f911084af99723de8073628d7d/attachments?instance_id=b3aabf95-3e07-4bf0-b4c2-0e997fa05476 returned with HTTP 200 [pid: 8|app: 0|req: 368/737] 199.19.213.202 () {36 vars in 1104 bytes} [Mon Jun 15 20:17:58 2026] GET /v3/b124a9f911084af99723de8073628d7d/attachments?instance_id=b3aabf95-3e07-4bf0-b4c2-0e997fa05476 => generated 19 bytes in 34 msecs (HTTP/1.1 200) 7 headers in 285 bytes (1 switches on core 0)
2026-06-15 20:18:00.597 7 INFO cinder.api.openstack.wsgi [None req-dca4123b-d70e-4aa1-a076-90e349028882 18374d06e7a24ed0a9972ff6517c7e31 6e6bec598d8a45c5ba1db35772b69180 - - default default] GET http://10.0.0.26:8776/
2026-06-15 20:18:00.598 8 INFO cinder.api.openstack.wsgi [req-5aff3f66-dd9e-42f6-adc9-68e61691f807 req-8a66f939-bbac-42df-86fb-1ddd2ac19c0f 0776db1b85464dc085f649861694cd03 b124a9f911084af99723de8073628d7d - - default default] GET http://10.0.0.26:8776/
2026-06-15 20:18:00.599 8 INFO cinder.api.openstack.wsgi [req-5aff3f66-dd9e-42f6-adc9-68e61691f807 req-8a66f939-bbac-42df-86fb-1ddd2ac19c0f 0776db1b85464dc085f649861694cd03 b124a9f911084af99723de8073628d7d - - default default] http://10.0.0.26:8776/ returned with HTTP 300
2026-06-15 20:18:00.599 7 INFO cinder.api.openstack.wsgi [None req-dca4123b-d70e-4aa1-a076-90e349028882 18374d06e7a24ed0a9972ff6517c7e31 6e6bec598d8a45c5ba1db35772b69180 - - default default] http://10.0.0.26:8776/ returned with HTTP 300
2026-06-15 20:18:09.834 8 INFO cinder.api.openstack.wsgi [None req-f19396fc-6ab0-40ec-877b-f29c1a085edd 16de149371eb457b9b7c7f04946fbcec 8ce9dee14e9d47f8835d12fae547b6b0 - - default default] POST http://cinder-api.openstack.svc.cluster.local:8776/v3/8ce9dee14e9d47f8835d12fae547b6b0/volumes
2026-06-15 20:18:09.837 8 INFO cinder.api.v3.volumes [None req-f19396fc-6ab0-40ec-877b-f29c1a085edd 16de149371eb457b9b7c7f04946fbcec 8ce9dee14e9d47f8835d12fae547b6b0 - - default default] Create volume of 1 GB
