2026-06-13 23:56:20.647 7 INFO placement.requestlog [req-f1876633-afce-4046-986b-cb94271f9843 req-22cc1e1d-1f3c-46ba-a287-9a4799cf51be 3f9cdd9d0cb84c3483280c14c0c558c7 197cf3ce675e4019ba015c3b5cd12a3e - - b337ac84306a4b44ae9a6b0891f64e28 b337ac84306a4b44ae9a6b0891f64e28] 199.204.45.162 "GET /resource_providers/c2b57257-7350-481d-90b6-14434b19cb7f/traits" status: 200 len: 1723 microversion: 1.6 [pid: 7|app: 0|req: 292/582] 199.204.45.162 () {34 vars in 890 bytes} [Sat Jun 13 23:56:20 2026] GET /resource_providers/c2b57257-7350-481d-90b6-14434b19cb7f/traits => generated 1723 bytes in 25 msecs (HTTP/1.1 200) 6 headers in 225 bytes (1 switches on core 0)
2026-06-13 23:56:20.668 8 INFO placement.requestlog [req-f1876633-afce-4046-986b-cb94271f9843 req-d24026c7-0be8-4c26-bb40-b201ce93d5c0 3f9cdd9d0cb84c3483280c14c0c558c7 197cf3ce675e4019ba015c3b5cd12a3e - - b337ac84306a4b44ae9a6b0891f64e28 b337ac84306a4b44ae9a6b0891f64e28] 199.204.45.162 "GET /resource_providers/c2b57257-7350-481d-90b6-14434b19cb7f/allocations" status: 200 len: 54 microversion: 1.0 [pid: 8|app: 0|req: 291/583] 199.204.45.162 () {32 vars in 857 bytes} [Sat Jun 13 23:56:20 2026] GET /resource_providers/c2b57257-7350-481d-90b6-14434b19cb7f/allocations => generated 54 bytes in 10 msecs (HTTP/1.1 200) 6 headers in 223 bytes (1 switches on core 0)
2026-06-13 23:56:24.162 8 INFO placement.requestlog [None req-198b3f42-45dd-41f4-a41d-015dec223c6c - - - - - -] 10.0.0.60 "GET /" status: 200 len: 136 microversion: 1.0
2026-06-13 23:56:24.162 7 INFO placement.requestlog [None req-fce4b53d-317d-41cd-9921-7bba99f3d3d4 - - - - - -] 10.0.0.60 "GET /" status: 200 len: 136 microversion: 1.0
2026-06-13 23:56:34.162 7 INFO placement.requestlog [None req-f0fa5d11-9683-46ac-abbd-7e0ea8ddfac0 - - - - - -] 10.0.0.60 "GET /" status: 200 len: 136 microversion: 1.0
2026-06-13 23:56:34.162 8 INFO placement.requestlog [None req-e979244e-d52a-404e-8566-baf98bc19224 - - - - - -] 10.0.0.60 "GET /" status: 200 len: 136 microversion: 1.0
2026-06-13 23:56:44.163 7 INFO placement.requestlog [None req-07359164-414d-42b4-833e-e6e8ecb83dfa - - - - - -] 10.0.0.60 "GET /" status: 200 len: 136 microversion: 1.0
2026-06-13 23:56:44.164 8 INFO placement.requestlog [None req-cdf4db27-36a5-469f-99de-82a6bae62f2f - - - - - -] 10.0.0.60 "GET /" status: 200 len: 136 microversion: 1.0
2026-06-13 23:56:54.163 7 INFO placement.requestlog [None req-837f407d-e9c4-4853-a9d9-d499dc688f0e - - - - - -] 10.0.0.60 "GET /" status: 200 len: 136 microversion: 1.0
2026-06-13 23:56:54.163 8 INFO placement.requestlog [None req-60fb9059-b942-4ed7-93ad-a813836eb2c5 - - - - - -] 10.0.0.60 "GET /" status: 200 len: 136 microversion: 1.0
2026-06-13 23:57:04.162 7 INFO placement.requestlog [None req-2d9eeda1-b8a8-4d63-86c9-5e7507838d69 - - - - - -] 10.0.0.60 "GET /" status: 200 len: 136 microversion: 1.0
2026-06-13 23:57:04.162 8 INFO placement.requestlog [None req-51a18934-6be4-41d9-85b9-f163b9bbf9a3 - - - - - -] 10.0.0.60 "GET /" status: 200 len: 136 microversion: 1.0
2026-06-13 23:57:14.162 7 INFO placement.requestlog [None req-e7ae7884-995f-4814-9116-4f37bb78fe05 - - - - - -] 10.0.0.60 "GET /" status: 200 len: 136 microversion: 1.0
2026-06-13 23:57:14.173 8 INFO placement.requestlog [None req-2efdc519-6c7e-49b6-bb8c-b8a36a9fc015 - - - - - -] 10.0.0.60 "GET /" status: 200 len: 136 microversion: 1.0
2026-06-13 23:57:22.508 7 INFO placement.requestlog [req-c946945e-b3b8-4b8b-bb1a-6d8d4c6e9cba req-f7060ae8-a73e-44cf-9fcf-531f94a1231c 3f9cdd9d0cb84c3483280c14c0c558c7 197cf3ce675e4019ba015c3b5cd12a3e - - b337ac84306a4b44ae9a6b0891f64e28 b337ac84306a4b44ae9a6b0891f64e28] 199.204.45.162 "GET /resource_providers/c2b57257-7350-481d-90b6-14434b19cb7f/allocations" status: 200 len: 54 microversion: 1.0 [pid: 7|app: 0|req: 299/596] 199.204.45.162 () {32 vars in 857 bytes} [Sat Jun 13 23:57:22 2026] GET /resource_providers/c2b57257-7350-481d-90b6-14434b19cb7f/allocations => generated 54 bytes in 18 msecs (HTTP/1.1 200) 6 headers in 223 bytes (1 switches on core 0)
2026-06-13 23:57:22.532 8 INFO placement.requestlog [req-c946945e-b3b8-4b8b-bb1a-6d8d4c6e9cba req-97dce721-9ceb-40a2-82ae-43bf1244c790 3f9cdd9d0cb84c3483280c14c0c558c7 197cf3ce675e4019ba015c3b5cd12a3e - - b337ac84306a4b44ae9a6b0891f64e28 b337ac84306a4b44ae9a6b0891f64e28] 199.204.45.162 "GET /resource_providers/c2b57257-7350-481d-90b6-14434b19cb7f/allocations" status: 200 len: 54 microversion: 1.0 [pid: 8|app: 0|req: 298/597] 199.204.45.162 () {32 vars in 857 bytes} [Sat Jun 13 23:57:22 2026] GET /resource_providers/c2b57257-7350-481d-90b6-14434b19cb7f/allocations => generated 54 bytes in 16 msecs (HTTP/1.1 200) 6 headers in 223 bytes (1 switches on core 0)
2026-06-13 23:57:24.162 8 INFO placement.requestlog [None req-5e37f354-866d-45c3-ae58-161919d34eaf - - - - - -] 10.0.0.60 "GET /" status: 200 len: 136 microversion: 1.0
2026-06-13 23:57:24.163 7 INFO placement.requestlog [None req-ca51450e-6653-47bc-b471-6f5dbc51da5f - - - - - -] 10.0.0.60 "GET /" status: 200 len: 136 microversion: 1.0
2026-06-13 23:57:34.163 8 INFO placement.requestlog [None req-9dd6a52e-4967-44ec-894e-4f157171f8ed - - - - - -] 10.0.0.60 "GET /" status: 200 len: 136 microversion: 1.0
2026-06-13 23:57:34.163 7 INFO placement.requestlog [None req-3a9e948f-8a82-4d04-a8e0-7e5253b21ba0 - - - - - -] 10.0.0.60 "GET /" status: 200 len: 136 microversion: 1.0
2026-06-13 23:57:44.162 8 INFO placement.requestlog [None req-fc4327e3-94f1-401b-8ac9-0318d0321b9c - - - - - -] 10.0.0.60 "GET /" status: 200 len: 136 microversion: 1.0
2026-06-13 23:57:44.162 7 INFO placement.requestlog [None req-5a366b48-c46a-43cb-b5b0-bdb57d24355a - - - - - -] 10.0.0.60 "GET /" status: 200 len: 136 microversion: 1.0
2026-06-13 23:57:54.162 8 INFO placement.requestlog [None req-09e46f7e-947f-46fb-a79c-98679c6d9cdd - - - - - -] 10.0.0.60 "GET /" status: 200 len: 136 microversion: 1.0
2026-06-13 23:57:54.162 7 INFO placement.requestlog [None req-7c214600-d39c-46a0-af64-d01f0d625b1d - - - - - -] 10.0.0.60 "GET /" status: 200 len: 136 microversion: 1.0
2026-06-13 23:58:00.244 8 INFO placement.requestlog [req-15336de0-4a2a-40a2-b989-040c5ef08ebd req-b3b95722-6c5d-4425-a2bc-fb4525e5cd10 3f9cdd9d0cb84c3483280c14c0c558c7 197cf3ce675e4019ba015c3b5cd12a3e - - b337ac84306a4b44ae9a6b0891f64e28 b337ac84306a4b44ae9a6b0891f64e28] 10.0.0.46 "GET /allocation_candidates?limit=1000&resources=DISK_GB%3A1%2CMEMORY_MB%3A512%2CVCPU%3A1&root_required=%21COMPUTE_STATUS_DISABLED" status: 200 len: 2188 microversion: 1.36 [pid: 8|app: 0|req: 303/606] 10.0.0.46 () {34 vars in 1011 bytes} [Sat Jun 13 23:58:00 2026] GET /allocation_candidates?limit=1000&resources=DISK_GB%3A1%2CMEMORY_MB%3A512%2CVCPU%3A1&root_required=%21COMPUTE_STATUS_DISABLED => generated 2188 bytes in 192 msecs (HTTP/1.1 200) 8 headers in 297 bytes (1 switches on core 0)
2026-06-13 23:58:00.277 7 INFO placement.requestlog [req-c32bdb77-c442-40a1-9506-9318f8616f6a req-769d5284-d754-4a7f-804b-e259c4fe82fa 3f9cdd9d0cb84c3483280c14c0c558c7 197cf3ce675e4019ba015c3b5cd12a3e - - b337ac84306a4b44ae9a6b0891f64e28 b337ac84306a4b44ae9a6b0891f64e28] 10.0.0.46 "GET /allocation_candidates?limit=1000&resources=DISK_GB%3A1%2CMEMORY_MB%3A512%2CVCPU%3A1&root_required=%21COMPUTE_STATUS_DISABLED" status: 200 len: 2188 microversion: 1.36 [pid: 7|app: 0|req: 304/607] 10.0.0.46 () {34 vars in 1011 bytes} [Sat Jun 13 23:58:00 2026] GET /allocation_candidates?limit=1000&resources=DISK_GB%3A1%2CMEMORY_MB%3A512%2CVCPU%3A1&root_required=%21COMPUTE_STATUS_DISABLED => generated 2188 bytes in 78 msecs (HTTP/1.1 200) 8 headers in 297 bytes (1 switches on core 0)
2026-06-13 23:58:00.292 8 INFO placement.requestlog [req-15336de0-4a2a-40a2-b989-040c5ef08ebd req-9c2c11e6-e06a-4c93-a9c5-74531eafd505 3f9cdd9d0cb84c3483280c14c0c558c7 197cf3ce675e4019ba015c3b5cd12a3e - - b337ac84306a4b44ae9a6b0891f64e28 b337ac84306a4b44ae9a6b0891f64e28] 10.0.0.46 "GET /allocations/16d7b38d-636c-4753-8003-131413ade765" status: 200 len: 19 microversion: 1.28 [pid: 8|app: 0|req: 304/608] 10.0.0.46 () {34 vars in 860 bytes} [Sat Jun 13 23:58:00 2026] GET /allocations/16d7b38d-636c-4753-8003-131413ade765 => generated 19 bytes in 12 msecs (HTTP/1.1 200) 8 headers in 295 bytes (1 switches on core 0)
2026-06-13 23:58:00.330 8 INFO placement.requestlog [req-c32bdb77-c442-40a1-9506-9318f8616f6a req-28905b49-cefe-4b84-8634-6862202d2803 3f9cdd9d0cb84c3483280c14c0c558c7 197cf3ce675e4019ba015c3b5cd12a3e - - b337ac84306a4b44ae9a6b0891f64e28 b337ac84306a4b44ae9a6b0891f64e28] 10.0.0.46 "GET /allocations/712995e4-eb6d-4e1b-a931-4afe35293c37" status: 200 len: 19 microversion: 1.28 [pid: 8|app: 0|req: 305/609] 10.0.0.46 () {34 vars in 860 bytes} [Sat Jun 13 23:58:00 2026] GET /allocations/712995e4-eb6d-4e1b-a931-4afe35293c37 => generated 19 bytes in 11 msecs (HTTP/1.1 200) 8 headers in 295 bytes (1 switches on core 0)
2026-06-13 23:58:00.375 7 INFO placement.requestlog [req-15336de0-4a2a-40a2-b989-040c5ef08ebd req-f102267f-a0ef-4be1-b1eb-c6a52fa93fe5 3f9cdd9d0cb84c3483280c14c0c558c7 197cf3ce675e4019ba015c3b5cd12a3e - - b337ac84306a4b44ae9a6b0891f64e28 b337ac84306a4b44ae9a6b0891f64e28] 10.0.0.46 "PUT /allocations/16d7b38d-636c-4753-8003-131413ade765" status: 204 len: 0 microversion: 1.36 [pid: 7|app: 0|req: 305/610] 10.0.0.46 () {38 vars in 913 bytes} [Sat Jun 13 23:58:00 2026] PUT /allocations/16d7b38d-636c-4753-8003-131413ade765 => generated 0 bytes in 73 msecs (HTTP/1.1 204) 5 headers in 199 bytes (1 switches on core 0)
2026-06-13 23:58:00.432 8 INFO placement.requestlog [req-c32bdb77-c442-40a1-9506-9318f8616f6a req-bd728f8d-8254-4d94-8e46-99843f109ef3 3f9cdd9d0cb84c3483280c14c0c558c7 197cf3ce675e4019ba015c3b5cd12a3e - - b337ac84306a4b44ae9a6b0891f64e28 b337ac84306a4b44ae9a6b0891f64e28] 10.0.0.46 "PUT /allocations/712995e4-eb6d-4e1b-a931-4afe35293c37" status: 204 len: 0 microversion: 1.36 [pid: 8|app: 0|req: 306/611] 10.0.0.46 () {38 vars in 913 bytes} [Sat Jun 13 23:58:00 2026] PUT /allocations/712995e4-eb6d-4e1b-a931-4afe35293c37 => generated 0 bytes in 95 msecs (HTTP/1.1 204) 5 headers in 199 bytes (1 switches on core 0)
2026-06-13 23:58:00.866 7 INFO placement.requestlog [req-6f658b16-aedc-4978-b723-4beda02148fc req-2fcbd6ce-68f0-43ea-a19e-b918dbd03844 3f9cdd9d0cb84c3483280c14c0c558c7 197cf3ce675e4019ba015c3b5cd12a3e - - b337ac84306a4b44ae9a6b0891f64e28 b337ac84306a4b44ae9a6b0891f64e28] 10.0.0.46 "GET /allocation_candidates?limit=1000&resources=DISK_GB%3A1%2CMEMORY_MB%3A512%2CVCPU%3A1&root_required=%21COMPUTE_STATUS_DISABLED" status: 200 len: 2191 microversion: 1.36 [pid: 7|app: 0|req: 306/612] 10.0.0.46 () {34 vars in 1011 bytes} [Sat Jun 13 23:58:00 2026] GET /allocation_candidates?limit=1000&resources=DISK_GB%3A1%2CMEMORY_MB%3A512%2CVCPU%3A1&root_required=%21COMPUTE_STATUS_DISABLED => generated 2191 bytes in 43 msecs (HTTP/1.1 200) 8 headers in 297 bytes (1 switches on core 0)
2026-06-13 23:58:00.879 8 INFO placement.requestlog [req-15336de0-4a2a-40a2-b989-040c5ef08ebd req-48c1fa75-b216-4962-9d08-50b55411faa6 3f9cdd9d0cb84c3483280c14c0c558c7 197cf3ce675e4019ba015c3b5cd12a3e - - b337ac84306a4b44ae9a6b0891f64e28 b337ac84306a4b44ae9a6b0891f64e28] 199.204.45.162 "GET /allocations/16d7b38d-636c-4753-8003-131413ade765" status: 200 len: 257 microversion: 1.28 [pid: 8|app: 0|req: 307/613] 199.204.45.162 () {34 vars in 863 bytes} [Sat Jun 13 23:58:00 2026] GET /allocations/16d7b38d-636c-4753-8003-131413ade765 => generated 257 bytes in 20 msecs (HTTP/1.1 200) 8 headers in 296 bytes (1 switches on core 0)
2026-06-13 23:58:00.934 7 INFO placement.requestlog [req-6f658b16-aedc-4978-b723-4beda02148fc req-c235c487-310d-4eee-a007-9eb8b7ed750e 3f9cdd9d0cb84c3483280c14c0c558c7 197cf3ce675e4019ba015c3b5cd12a3e - - b337ac84306a4b44ae9a6b0891f64e28 b337ac84306a4b44ae9a6b0891f64e28] 10.0.0.46 "GET /allocations/3e94d4fd-1986-401b-a85a-ba2471e0eb68" status: 200 len: 19 microversion: 1.28 [pid: 7|app: 0|req: 307/614] 10.0.0.46 () {34 vars in 860 bytes} [Sat Jun 13 23:58:00 2026] GET /allocations/3e94d4fd-1986-401b-a85a-ba2471e0eb68 => generated 19 bytes in 33 msecs (HTTP/1.1 200) 8 headers in 295 bytes (1 switches on core 0)
2026-06-13 23:58:00.998 7 INFO placement.requestlog [req-c32bdb77-c442-40a1-9506-9318f8616f6a req-13ff52fc-c72d-4f8c-88c8-cf4e16e9a263 3f9cdd9d0cb84c3483280c14c0c558c7 197cf3ce675e4019ba015c3b5cd12a3e - - b337ac84306a4b44ae9a6b0891f64e28 b337ac84306a4b44ae9a6b0891f64e28] 199.204.45.162 "GET /allocations/712995e4-eb6d-4e1b-a931-4afe35293c37" status: 200 len: 257 microversion: 1.28 [pid: 7|app: 0|req: 308/615] 199.204.45.162 () {34 vars in 863 bytes} [Sat Jun 13 23:58:00 2026] GET /allocations/712995e4-eb6d-4e1b-a931-4afe35293c37 => generated 257 bytes in 15 msecs (HTTP/1.1 200) 8 headers in 296 bytes (1 switches on core 0)
2026-06-13 23:58:01.019 8 INFO placement.requestlog [req-6f658b16-aedc-4978-b723-4beda02148fc req-b66ac6dd-e733-4b2a-b813-53f9e510a6f7 3f9cdd9d0cb84c3483280c14c0c558c7 197cf3ce675e4019ba015c3b5cd12a3e - - b337ac84306a4b44ae9a6b0891f64e28 b337ac84306a4b44ae9a6b0891f64e28] 10.0.0.46 "PUT /allocations/3e94d4fd-1986-401b-a85a-ba2471e0eb68" status: 204 len: 0 microversion: 1.36 [pid: 8|app: 0|req: 308/616] 10.0.0.46 () {38 vars in 913 bytes} [Sat Jun 13 23:58:00 2026] PUT /allocations/3e94d4fd-1986-401b-a85a-ba2471e0eb68 => generated 0 bytes in 77 msecs (HTTP/1.1 204) 5 headers in 199 bytes (1 switches on core 0)
2026-06-13 23:58:01.026 7 INFO placement.requestlog [req-15336de0-4a2a-40a2-b989-040c5ef08ebd req-65660860-2073-4cf2-b212-b02815bfb9cc 3f9cdd9d0cb84c3483280c14c0c558c7 197cf3ce675e4019ba015c3b5cd12a3e - - b337ac84306a4b44ae9a6b0891f64e28 b337ac84306a4b44ae9a6b0891f64e28] 199.204.45.162 "GET /resource_providers/c2b57257-7350-481d-90b6-14434b19cb7f/allocations" status: 200 len: 252 microversion: 1.0 [pid: 7|app: 0|req: 309/617] 199.204.45.162 () {32 vars in 857 bytes} [Sat Jun 13 23:58:00 2026] GET /resource_providers/c2b57257-7350-481d-90b6-14434b19cb7f/allocations => generated 252 bytes in 27 msecs (HTTP/1.1 200) 6 headers in 224 bytes (1 switches on core 0)
2026-06-13 23:58:01.055 8 INFO placement.requestlog [req-15336de0-4a2a-40a2-b989-040c5ef08ebd req-f8f887e0-3503-4403-9b34-f170f5a0373e 3f9cdd9d0cb84c3483280c14c0c558c7 197cf3ce675e4019ba015c3b5cd12a3e - - b337ac84306a4b44ae9a6b0891f64e28 b337ac84306a4b44ae9a6b0891f64e28] 199.204.45.162 "GET /allocations/712995e4-eb6d-4e1b-a931-4afe35293c37" status: 200 len: 257 microversion: 1.28 [pid: 8|app: 0|req: 309/618] 199.204.45.162 () {34 vars in 863 bytes} [Sat Jun 13 23:58:01 2026] GET /allocations/712995e4-eb6d-4e1b-a931-4afe35293c37 => generated 257 bytes in 22 msecs (HTTP/1.1 200) 8 headers in 296 bytes (1 switches on core 0)
2026-06-13 23:58:01.078 7 INFO placement.requestlog [req-15336de0-4a2a-40a2-b989-040c5ef08ebd req-11f3ba5c-1a21-4883-a0c6-3b7655e7a480 3f9cdd9d0cb84c3483280c14c0c558c7 197cf3ce675e4019ba015c3b5cd12a3e - - b337ac84306a4b44ae9a6b0891f64e28 b337ac84306a4b44ae9a6b0891f64e28] 199.204.45.162 "GET /allocations/16d7b38d-636c-4753-8003-131413ade765" status: 200 len: 257 microversion: 1.28 [pid: 7|app: 0|req: 310/619] 199.204.45.162 () {34 vars in 863 bytes} [Sat Jun 13 23:58:01 2026] GET /allocations/16d7b38d-636c-4753-8003-131413ade765 => generated 257 bytes in 16 msecs (HTTP/1.1 200) 8 headers in 296 bytes (1 switches on core 0)
2026-06-13 23:58:01.271 8 INFO placement.requestlog [req-c32bdb77-c442-40a1-9506-9318f8616f6a req-8efb783d-52c2-4d36-aa93-71762ea002fd 3f9cdd9d0cb84c3483280c14c0c558c7 197cf3ce675e4019ba015c3b5cd12a3e - - b337ac84306a4b44ae9a6b0891f64e28 b337ac84306a4b44ae9a6b0891f64e28] 199.204.45.162 "GET /resource_providers/c2b57257-7350-481d-90b6-14434b19cb7f/allocations" status: 200 len: 352 microversion: 1.0 [pid: 8|app: 0|req: 310/620] 199.204.45.162 () {32 vars in 857 bytes} [Sat Jun 13 23:58:01 2026] GET /resource_providers/c2b57257-7350-481d-90b6-14434b19cb7f/allocations => generated 352 bytes in 34 msecs (HTTP/1.1 200) 6 headers in 224 bytes (1 switches on core 0)
2026-06-13 23:58:01.310 7 INFO placement.requestlog [req-c32bdb77-c442-40a1-9506-9318f8616f6a req-10b31afd-66ce-4ab6-b94d-5dfb2a54a606 3f9cdd9d0cb84c3483280c14c0c558c7 197cf3ce675e4019ba015c3b5cd12a3e - - b337ac84306a4b44ae9a6b0891f64e28 b337ac84306a4b44ae9a6b0891f64e28] 199.204.45.162 "GET /allocations/712995e4-eb6d-4e1b-a931-4afe35293c37" status: 200 len: 257 microversion: 1.28 [pid: 7|app: 0|req: 311/621] 199.204.45.162 () {34 vars in 863 bytes} [Sat Jun 13 23:58:01 2026] GET /allocations/712995e4-eb6d-4e1b-a931-4afe35293c37 => generated 257 bytes in 33 msecs (HTTP/1.1 200) 8 headers in 296 bytes (1 switches on core 0)
2026-06-13 23:58:01.333 8 INFO placement.requestlog [req-c32bdb77-c442-40a1-9506-9318f8616f6a req-ae06c448-9232-40d0-a806-50250a4c2a32 3f9cdd9d0cb84c3483280c14c0c558c7 197cf3ce675e4019ba015c3b5cd12a3e - - b337ac84306a4b44ae9a6b0891f64e28 b337ac84306a4b44ae9a6b0891f64e28] 199.204.45.162 "GET /allocations/3e94d4fd-1986-401b-a85a-ba2471e0eb68" status: 200 len: 257 microversion: 1.28 [pid: 8|app: 0|req: 311/622] 199.204.45.162 () {34 vars in 863 bytes} [Sat Jun 13 23:58:01 2026] GET /allocations/3e94d4fd-1986-401b-a85a-ba2471e0eb68 => generated 257 bytes in 12 msecs (HTTP/1.1 200) 8 headers in 296 bytes (1 switches on core 0)
2026-06-13 23:58:01.388 7 INFO placement.requestlog [req-c32bdb77-c442-40a1-9506-9318f8616f6a req-8d954f5d-3d14-478e-a801-94c605ce354b 3f9cdd9d0cb84c3483280c14c0c558c7 197cf3ce675e4019ba015c3b5cd12a3e - - b337ac84306a4b44ae9a6b0891f64e28 b337ac84306a4b44ae9a6b0891f64e28] 199.204.45.162 "GET /allocations/16d7b38d-636c-4753-8003-131413ade765" status: 200 len: 257 microversion: 1.28 [pid: 7|app: 0|req: 312/623] 199.204.45.162 () {34 vars in 863 bytes} [Sat Jun 13 23:58:01 2026] GET /allocations/16d7b38d-636c-4753-8003-131413ade765 => generated 257 bytes in 38 msecs (HTTP/1.1 200) 8 headers in 296 bytes (1 switches on core 0)
2026-06-13 23:58:01.473 8 INFO placement.requestlog [req-6f658b16-aedc-4978-b723-4beda02148fc req-24592ef9-0e16-48f7-861a-195f8baf9cec 3f9cdd9d0cb84c3483280c14c0c558c7 197cf3ce675e4019ba015c3b5cd12a3e - - b337ac84306a4b44ae9a6b0891f64e28 b337ac84306a4b44ae9a6b0891f64e28] 199.204.45.162 "GET /allocations/3e94d4fd-1986-401b-a85a-ba2471e0eb68" status: 200 len: 257 microversion: 1.28 [pid: 8|app: 0|req: 312/624] 199.204.45.162 () {34 vars in 863 bytes} [Sat Jun 13 23:58:01 2026] GET /allocations/3e94d4fd-1986-401b-a85a-ba2471e0eb68 => generated 257 bytes in 17 msecs (HTTP/1.1 200) 8 headers in 296 bytes (1 switches on core 0)
2026-06-13 23:58:01.598 7 INFO placement.requestlog [req-6f658b16-aedc-4978-b723-4beda02148fc req-b98cec29-bb94-4cdf-8b19-bb226fe3d055 3f9cdd9d0cb84c3483280c14c0c558c7 197cf3ce675e4019ba015c3b5cd12a3e - - b337ac84306a4b44ae9a6b0891f64e28 b337ac84306a4b44ae9a6b0891f64e28] 199.204.45.162 "GET /resource_providers/c2b57257-7350-481d-90b6-14434b19cb7f/allocations" status: 200 len: 352 microversion: 1.0 [pid: 7|app: 0|req: 313/625] 199.204.45.162 () {32 vars in 857 bytes} [Sat Jun 13 23:58:01 2026] GET /resource_providers/c2b57257-7350-481d-90b6-14434b19cb7f/allocations => generated 352 bytes in 16 msecs (HTTP/1.1 200) 6 headers in 224 bytes (1 switches on core 0)
2026-06-13 23:58:01.627 8 INFO placement.requestlog [req-6f658b16-aedc-4978-b723-4beda02148fc req-2a7f0430-710c-4eb6-8e96-42ef355ecee6 3f9cdd9d0cb84c3483280c14c0c558c7 197cf3ce675e4019ba015c3b5cd12a3e - - b337ac84306a4b44ae9a6b0891f64e28 b337ac84306a4b44ae9a6b0891f64e28] 199.204.45.162 "GET /allocations/712995e4-eb6d-4e1b-a931-4afe35293c37" status: 200 len: 257 microversion: 1.28 [pid: 8|app: 0|req: 313/626] 199.204.45.162 () {34 vars in 863 bytes} [Sat Jun 13 23:58:01 2026] GET /allocations/712995e4-eb6d-4e1b-a931-4afe35293c37 => generated 257 bytes in 20 msecs (HTTP/1.1 200) 8 headers in 296 bytes (1 switches on core 0)
2026-06-13 23:58:01.682 7 INFO placement.requestlog [req-6f658b16-aedc-4978-b723-4beda02148fc req-5f49669c-bd7a-4fc4-9a76-c39a91303940 3f9cdd9d0cb84c3483280c14c0c558c7 197cf3ce675e4019ba015c3b5cd12a3e - - b337ac84306a4b44ae9a6b0891f64e28 b337ac84306a4b44ae9a6b0891f64e28] 199.204.45.162 "GET /allocations/3e94d4fd-1986-401b-a85a-ba2471e0eb68" status: 200 len: 257 microversion: 1.28 [pid: 7|app: 0|req: 314/627] 199.204.45.162 () {34 vars in 863 bytes} [Sat Jun 13 23:58:01 2026] GET /allocations/3e94d4fd-1986-401b-a85a-ba2471e0eb68 => generated 257 bytes in 18 msecs (HTTP/1.1 200) 8 headers in 296 bytes (1 switches on core 0)
2026-06-13 23:58:01.704 8 INFO placement.requestlog [req-6f658b16-aedc-4978-b723-4beda02148fc req-ff3b5925-cc5a-426e-9e73-287bec7bd708 3f9cdd9d0cb84c3483280c14c0c558c7 197cf3ce675e4019ba015c3b5cd12a3e - - b337ac84306a4b44ae9a6b0891f64e28 b337ac84306a4b44ae9a6b0891f64e28] 199.204.45.162 "GET /allocations/16d7b38d-636c-4753-8003-131413ade765" status: 200 len: 257 microversion: 1.28 [pid: 8|app: 0|req: 314/628] 199.204.45.162 () {34 vars in 863 bytes} [Sat Jun 13 23:58:01 2026] GET /allocations/16d7b38d-636c-4753-8003-131413ade765 => generated 257 bytes in 14 msecs (HTTP/1.1 200) 8 headers in 296 bytes (1 switches on core 0)
2026-06-13 23:58:04.162 7 INFO placement.requestlog [None req-80c56635-c05f-43f3-ad69-665294d44472 - - - - - -] 10.0.0.60 "GET /" status: 200 len: 136 microversion: 1.0
2026-06-13 23:58:04.163 8 INFO placement.requestlog [None req-e3c031a1-3b89-4234-88d1-78c696568b7e - - - - - -] 10.0.0.60 "GET /" status: 200 len: 136 microversion: 1.0
2026-06-13 23:58:08.573 7 INFO placement.requestlog [None req-8411b73b-d745-4942-9cf8-c6950b0bee05 5c898d0d26ac469297d730ebc86cd584 197cf3ce675e4019ba015c3b5cd12a3e - - b337ac84306a4b44ae9a6b0891f64e28 b337ac84306a4b44ae9a6b0891f64e28] 10.0.0.134 "GET /resource_providers/31ee7e6d-7486-445b-875e-d56d554bc499/aggregates" status: 404 len: 235 microversion: 1.1 [pid: 7|app: 0|req: 316/631] 10.0.0.134 () {32 vars in 816 bytes} [Sat Jun 13 23:58:08 2026] GET /resource_providers/31ee7e6d-7486-445b-875e-d56d554bc499/aggregates => generated 235 bytes in 91 msecs (HTTP/1.1 404) 5 headers in 202 bytes (1 switches on core 0)
2026-06-13 23:58:08.594 8 INFO placement.requestlog [None req-29fb6520-c0d5-456e-931a-c481b1023ca2 5c898d0d26ac469297d730ebc86cd584 197cf3ce675e4019ba015c3b5cd12a3e - - b337ac84306a4b44ae9a6b0891f64e28 b337ac84306a4b44ae9a6b0891f64e28] 10.0.0.134 "GET /resource_providers/31ee7e6d-7486-445b-875e-d56d554bc499/aggregates" status: 404 len: 235 microversion: 1.1 [pid: 8|app: 0|req: 316/632] 10.0.0.134 () {32 vars in 816 bytes} [Sat Jun 13 23:58:08 2026] GET /resource_providers/31ee7e6d-7486-445b-875e-d56d554bc499/aggregates => generated 235 bytes in 97 msecs (HTTP/1.1 404) 5 headers in 202 bytes (1 switches on core 0)
2026-06-13 23:58:08.603 7 INFO placement.requestlog [None req-4520165c-9ea7-405e-8f63-fec45de03bd0 5c898d0d26ac469297d730ebc86cd584 197cf3ce675e4019ba015c3b5cd12a3e - - b337ac84306a4b44ae9a6b0891f64e28 b337ac84306a4b44ae9a6b0891f64e28] 10.0.0.134 "DELETE /resource_providers/31ee7e6d-7486-445b-875e-d56d554bc499" status: 404 len: 246 microversion: 1.1 [pid: 7|app: 0|req: 317/633] 10.0.0.134 () {34 vars in 816 bytes} [Sat Jun 13 23:58:08 2026] DELETE /resource_providers/31ee7e6d-7486-445b-875e-d56d554bc499 => generated 246 bytes in 15 msecs (HTTP/1.1 404) 6 headers in 231 bytes (1 switches on core 0)
2026-06-13 23:58:08.613 8 INFO placement.requestlog [None req-f3c100e3-0e8d-4b6e-b3e0-93f4e58c293e 5c898d0d26ac469297d730ebc86cd584 197cf3ce675e4019ba015c3b5cd12a3e - - b337ac84306a4b44ae9a6b0891f64e28 b337ac84306a4b44ae9a6b0891f64e28] 10.0.0.134 "DELETE /resource_providers/31ee7e6d-7486-445b-875e-d56d554bc499" status: 404 len: 246 microversion: 1.1 [pid: 8|app: 0|req: 317/634] 10.0.0.134 () {34 vars in 816 bytes} [Sat Jun 13 23:58:08 2026] DELETE /resource_providers/31ee7e6d-7486-445b-875e-d56d554bc499 => generated 246 bytes in 14 msecs (HTTP/1.1 404) 6 headers in 231 bytes (1 switches on core 0)
2026-06-13 23:58:10.774 7 INFO placement.requestlog [None req-fcef4f17-31d9-4f4b-9917-95b8a0e58a01 5c898d0d26ac469297d730ebc86cd584 197cf3ce675e4019ba015c3b5cd12a3e - - b337ac84306a4b44ae9a6b0891f64e28 b337ac84306a4b44ae9a6b0891f64e28] 10.0.0.134 "GET /resource_providers/2dc2003e-fc18-4910-8982-ba0b8515c9f4/aggregates" status: 404 len: 235 microversion: 1.1 [pid: 7|app: 0|req: 318/635] 10.0.0.134 () {32 vars in 816 bytes} [Sat Jun 13 23:58:10 2026] GET /resource_providers/2dc2003e-fc18-4910-8982-ba0b8515c9f4/aggregates => generated 235 bytes in 16 msecs (HTTP/1.1 404) 5 headers in 202 bytes (1 switches on core 0)
2026-06-13 23:58:10.780 8 INFO placement.requestlog [None req-668695f5-3845-4652-a290-8f3fef848a65 5c898d0d26ac469297d730ebc86cd584 197cf3ce675e4019ba015c3b5cd12a3e - - b337ac84306a4b44ae9a6b0891f64e28 b337ac84306a4b44ae9a6b0891f64e28] 10.0.0.134 "GET /resource_providers/2dc2003e-fc18-4910-8982-ba0b8515c9f4/aggregates" status: 404 len: 235 microversion: 1.1 [pid: 8|app: 0|req: 318/636] 10.0.0.134 () {32 vars in 816 bytes} [Sat Jun 13 23:58:10 2026] GET /resource_providers/2dc2003e-fc18-4910-8982-ba0b8515c9f4/aggregates => generated 235 bytes in 15 msecs (HTTP/1.1 404) 5 headers in 202 bytes (1 switches on core 0)
2026-06-13 23:58:10.801 7 INFO placement.requestlog [None req-3a1c3825-c89f-4333-8d92-c57c16d0be8f 5c898d0d26ac469297d730ebc86cd584 197cf3ce675e4019ba015c3b5cd12a3e - - b337ac84306a4b44ae9a6b0891f64e28 b337ac84306a4b44ae9a6b0891f64e28] 10.0.0.134 "DELETE /resource_providers/2dc2003e-fc18-4910-8982-ba0b8515c9f4" status: 404 len: 246 microversion: 1.1 [pid: 7|app: 0|req: 319/637] 10.0.0.134 () {34 vars in 816 bytes} [Sat Jun 13 23:58:10 2026] DELETE /resource_providers/2dc2003e-fc18-4910-8982-ba0b8515c9f4 => generated 246 bytes in 13 msecs (HTTP/1.1 404) 6 headers in 231 bytes (1 switches on core 0)
2026-06-13 23:58:10.807 8 INFO placement.requestlog [None req-31c0d38e-2afa-4cd9-a288-5be29af37b06 5c898d0d26ac469297d730ebc86cd584 197cf3ce675e4019ba015c3b5cd12a3e - - b337ac84306a4b44ae9a6b0891f64e28 b337ac84306a4b44ae9a6b0891f64e28] 10.0.0.134 "DELETE /resource_providers/2dc2003e-fc18-4910-8982-ba0b8515c9f4" status: 404 len: 246 microversion: 1.1 [pid: 8|app: 0|req: 319/638] 10.0.0.134 () {34 vars in 816 bytes} [Sat Jun 13 23:58:10 2026] DELETE /resource_providers/2dc2003e-fc18-4910-8982-ba0b8515c9f4 => generated 246 bytes in 17 msecs (HTTP/1.1 404) 6 headers in 231 bytes (1 switches on core 0)
2026-06-13 23:58:14.162 7 INFO placement.requestlog [None req-9078ed32-4863-4b7e-acad-29408dd1d38e - - - - - -] 10.0.0.60 "GET /" status: 200 len: 136 microversion: 1.0
2026-06-13 23:58:14.162 8 INFO placement.requestlog [None req-b4318f35-1053-4009-812f-2f9048323144 - - - - - -] 10.0.0.60 "GET /" status: 200 len: 136 microversion: 1.0
2026-06-13 23:58:15.721 7 INFO placement.requestlog [req-e38980ab-e9ad-4bd5-9715-37b6e3faf11e req-c4276732-c75d-48e6-9830-ff1b7d735d7c 3f9cdd9d0cb84c3483280c14c0c558c7 197cf3ce675e4019ba015c3b5cd12a3e - - b337ac84306a4b44ae9a6b0891f64e28 b337ac84306a4b44ae9a6b0891f64e28] 199.204.45.162 "GET /resource_providers/c2b57257-7350-481d-90b6-14434b19cb7f/allocations" status: 200 len: 352 microversion: 1.0 [pid: 7|app: 0|req: 321/641] 199.204.45.162 () {32 vars in 857 bytes} [Sat Jun 13 23:58:15 2026] GET /resource_providers/c2b57257-7350-481d-90b6-14434b19cb7f/allocations => generated 352 bytes in 24 msecs (HTTP/1.1 200) 6 headers in 224 bytes (1 switches on core 0)
2026-06-13 23:58:15.756 8 INFO placement.requestlog [req-e38980ab-e9ad-4bd5-9715-37b6e3faf11e req-0e94170e-0987-4953-860f-3ee776183887 3f9cdd9d0cb84c3483280c14c0c558c7 197cf3ce675e4019ba015c3b5cd12a3e - - b337ac84306a4b44ae9a6b0891f64e28 b337ac84306a4b44ae9a6b0891f64e28] 199.204.45.162 "GET /allocations/712995e4-eb6d-4e1b-a931-4afe35293c37" status: 200 len: 257 microversion: 1.28 [pid: 8|app: 0|req: 321/642] 199.204.45.162 () {34 vars in 863 bytes} [Sat Jun 13 23:58:15 2026] GET /allocations/712995e4-eb6d-4e1b-a931-4afe35293c37 => generated 257 bytes in 26 msecs (HTTP/1.1 200) 8 headers in 296 bytes (1 switches on core 0)
2026-06-13 23:58:15.784 7 INFO placement.requestlog [req-e38980ab-e9ad-4bd5-9715-37b6e3faf11e req-bdaf24f8-1036-4c83-bea8-c633e780dd7a 3f9cdd9d0cb84c3483280c14c0c558c7 197cf3ce675e4019ba015c3b5cd12a3e - - b337ac84306a4b44ae9a6b0891f64e28 b337ac84306a4b44ae9a6b0891f64e28] 199.204.45.162 "GET /allocations/3e94d4fd-1986-401b-a85a-ba2471e0eb68" status: 200 len: 257 microversion: 1.28 [pid: 7|app: 0|req: 322/643] 199.204.45.162 () {34 vars in 863 bytes} [Sat Jun 13 23:58:15 2026] GET /allocations/3e94d4fd-1986-401b-a85a-ba2471e0eb68 => generated 257 bytes in 21 msecs (HTTP/1.1 200) 8 headers in 296 bytes (1 switches on core 0)
2026-06-13 23:58:15.814 8 INFO placement.requestlog [req-e38980ab-e9ad-4bd5-9715-37b6e3faf11e req-32290a53-e7a1-4468-9596-e2717d72d61c 3f9cdd9d0cb84c3483280c14c0c558c7 197cf3ce675e4019ba015c3b5cd12a3e - - b337ac84306a4b44ae9a6b0891f64e28 b337ac84306a4b44ae9a6b0891f64e28] 199.204.45.162 "GET /allocations/16d7b38d-636c-4753-8003-131413ade765" status: 200 len: 257 microversion: 1.28 [pid: 8|app: 0|req: 322/644] 199.204.45.162 () {34 vars in 863 bytes} [Sat Jun 13 23:58:15 2026] GET /allocations/16d7b38d-636c-4753-8003-131413ade765 => generated 257 bytes in 20 msecs (HTTP/1.1 200) 8 headers in 296 bytes (1 switches on core 0)
2026-06-13 23:58:15.921 7 INFO placement.requestlog [req-e38980ab-e9ad-4bd5-9715-37b6e3faf11e req-753205f7-8bfb-4a40-a06b-640be608a8ba 3f9cdd9d0cb84c3483280c14c0c558c7 197cf3ce675e4019ba015c3b5cd12a3e - - b337ac84306a4b44ae9a6b0891f64e28 b337ac84306a4b44ae9a6b0891f64e28] 199.204.45.162 "DELETE /allocations/16d7b38d-636c-4753-8003-131413ade765" status: 204 len: 0 microversion: 1.0 [pid: 7|app: 0|req: 323/645] 199.204.45.162 () {34 vars in 841 bytes} [Sat Jun 13 23:58:15 2026] DELETE /allocations/16d7b38d-636c-4753-8003-131413ade765 => generated 0 bytes in 41 msecs (HTTP/1.1 204) 5 headers in 198 bytes (1 switches on core 0)
2026-06-13 23:58:19.278 8 INFO placement.requestlog [req-9dc04dac-9dff-438b-bc07-2a73167c961c req-c5da88bc-7753-4047-a578-5c5540a911af 3f9cdd9d0cb84c3483280c14c0c558c7 197cf3ce675e4019ba015c3b5cd12a3e - - b337ac84306a4b44ae9a6b0891f64e28 b337ac84306a4b44ae9a6b0891f64e28] 199.204.45.162 "GET /resource_providers/c2b57257-7350-481d-90b6-14434b19cb7f/allocations" status: 200 len: 252 microversion: 1.0 [pid: 8|app: 0|req: 323/646] 199.204.45.162 () {32 vars in 857 bytes} [Sat Jun 13 23:58:19 2026] GET /resource_providers/c2b57257-7350-481d-90b6-14434b19cb7f/allocations => generated 252 bytes in 26 msecs (HTTP/1.1 200) 6 headers in 224 bytes (1 switches on core 0)
2026-06-13 23:58:19.307 7 INFO placement.requestlog [req-9dc04dac-9dff-438b-bc07-2a73167c961c req-19739323-974e-4f3f-95a3-993f891ece2d 3f9cdd9d0cb84c3483280c14c0c558c7 197cf3ce675e4019ba015c3b5cd12a3e - - b337ac84306a4b44ae9a6b0891f64e28 b337ac84306a4b44ae9a6b0891f64e28] 199.204.45.162 "GET /allocations/712995e4-eb6d-4e1b-a931-4afe35293c37" status: 200 len: 257 microversion: 1.28 [pid: 7|app: 0|req: 324/647] 199.204.45.162 () {34 vars in 863 bytes} [Sat Jun 13 23:58:19 2026] GET /allocations/712995e4-eb6d-4e1b-a931-4afe35293c37 => generated 257 bytes in 21 msecs (HTTP/1.1 200) 8 headers in 296 bytes (1 switches on core 0)
2026-06-13 23:58:19.330 8 INFO placement.requestlog [req-9dc04dac-9dff-438b-bc07-2a73167c961c req-39f9557b-e9a8-4abe-9382-b895c5d7459e 3f9cdd9d0cb84c3483280c14c0c558c7 197cf3ce675e4019ba015c3b5cd12a3e - - b337ac84306a4b44ae9a6b0891f64e28 b337ac84306a4b44ae9a6b0891f64e28] 199.204.45.162 "GET /allocations/3e94d4fd-1986-401b-a85a-ba2471e0eb68" status: 200 len: 257 microversion: 1.28 [pid: 8|app: 0|req: 324/648] 199.204.45.162 () {34 vars in 863 bytes} [Sat Jun 13 23:58:19 2026] GET /allocations/3e94d4fd-1986-401b-a85a-ba2471e0eb68 => generated 257 bytes in 14 msecs (HTTP/1.1 200) 8 headers in 296 bytes (1 switches on core 0)
2026-06-13 23:58:19.424 7 INFO placement.requestlog [req-9dc04dac-9dff-438b-bc07-2a73167c961c req-53e281c8-8ed3-43fd-9e94-7a85e76a3d31 3f9cdd9d0cb84c3483280c14c0c558c7 197cf3ce675e4019ba015c3b5cd12a3e - - b337ac84306a4b44ae9a6b0891f64e28 b337ac84306a4b44ae9a6b0891f64e28] 199.204.45.162 "DELETE /allocations/3e94d4fd-1986-401b-a85a-ba2471e0eb68" status: 204 len: 0 microversion: 1.0 [pid: 7|app: 0|req: 325/649] 199.204.45.162 () {34 vars in 841 bytes} [Sat Jun 13 23:58:19 2026] DELETE /allocations/3e94d4fd-1986-401b-a85a-ba2471e0eb68 => generated 0 bytes in 39 msecs (HTTP/1.1 204) 5 headers in 198 bytes (1 switches on core 0)
2026-06-13 23:58:21.514 7 INFO placement.requestlog [None req-f1adf538-322b-4360-bf99-4270645f24f7 5c898d0d26ac469297d730ebc86cd584 197cf3ce675e4019ba015c3b5cd12a3e - - b337ac84306a4b44ae9a6b0891f64e28 b337ac84306a4b44ae9a6b0891f64e28] 10.0.0.134 "GET /resource_providers/0f840429-037f-42e9-87ae-0a1f4fdffa7a/aggregates" status: 404 len: 235 microversion: 1.1 [pid: 7|app: 0|req: 326/650] 10.0.0.134 () {32 vars in 816 bytes} [Sat Jun 13 23:58:21 2026] GET /resource_providers/0f840429-037f-42e9-87ae-0a1f4fdffa7a/aggregates => generated 235 bytes in 12 msecs (HTTP/1.1 404) 5 headers in 202 bytes (1 switches on core 0)
2026-06-13 23:58:21.516 8 INFO placement.requestlog [None req-8d8db399-dc63-4e4a-977b-d0756e1bd9d0 5c898d0d26ac469297d730ebc86cd584 197cf3ce675e4019ba015c3b5cd12a3e - - b337ac84306a4b44ae9a6b0891f64e28 b337ac84306a4b44ae9a6b0891f64e28] 10.0.0.134 "GET /resource_providers/0f840429-037f-42e9-87ae-0a1f4fdffa7a/aggregates" status: 404 len: 235 microversion: 1.1 [pid: 8|app: 0|req: 325/651] 10.0.0.134 () {32 vars in 816 bytes} [Sat Jun 13 23:58:21 2026] GET /resource_providers/0f840429-037f-42e9-87ae-0a1f4fdffa7a/aggregates => generated 235 bytes in 14 msecs (HTTP/1.1 404) 5 headers in 202 bytes (1 switches on core 0)
2026-06-13 23:58:21.540 7 INFO placement.requestlog [None req-4b0cf98d-ca75-48a8-8e07-d34d04f7606e 5c898d0d26ac469297d730ebc86cd584 197cf3ce675e4019ba015c3b5cd12a3e - - b337ac84306a4b44ae9a6b0891f64e28 b337ac84306a4b44ae9a6b0891f64e28] 10.0.0.134 "DELETE /resource_providers/0f840429-037f-42e9-87ae-0a1f4fdffa7a" status: 404 len: 246 microversion: 1.1 [pid: 7|app: 0|req: 327/652] 10.0.0.134 () {34 vars in 816 bytes} [Sat Jun 13 23:58:21 2026] DELETE /resource_providers/0f840429-037f-42e9-87ae-0a1f4fdffa7a => generated 246 bytes in 12 msecs (HTTP/1.1 404) 6 headers in 231 bytes (1 switches on core 0)
2026-06-13 23:58:21.541 8 INFO placement.requestlog [None req-132619dc-2da2-40ee-ab84-a6f1f8ee4af4 5c898d0d26ac469297d730ebc86cd584 197cf3ce675e4019ba015c3b5cd12a3e - - b337ac84306a4b44ae9a6b0891f64e28 b337ac84306a4b44ae9a6b0891f64e28] 10.0.0.134 "DELETE /resource_providers/0f840429-037f-42e9-87ae-0a1f4fdffa7a" status: 404 len: 246 microversion: 1.1 [pid: 8|app: 0|req: 326/653] 10.0.0.134 () {34 vars in 816 bytes} [Sat Jun 13 23:58:21 2026] DELETE /resource_providers/0f840429-037f-42e9-87ae-0a1f4fdffa7a => generated 246 bytes in 13 msecs (HTTP/1.1 404) 6 headers in 231 bytes (1 switches on core 0)
2026-06-13 23:58:23.574 8 INFO placement.requestlog [None req-3566b015-ddc0-425d-82f4-2c8cba88ad84 5c898d0d26ac469297d730ebc86cd584 197cf3ce675e4019ba015c3b5cd12a3e - - b337ac84306a4b44ae9a6b0891f64e28 b337ac84306a4b44ae9a6b0891f64e28] 10.0.0.134 "GET /resource_providers/6c9af767-38b8-43f8-9a75-b60f0bdc629e/aggregates" status: 404 len: 235 microversion: 1.1 [pid: 8|app: 0|req: 327/654] 10.0.0.134 () {32 vars in 816 bytes} [Sat Jun 13 23:58:23 2026] GET /resource_providers/6c9af767-38b8-43f8-9a75-b60f0bdc629e/aggregates => generated 235 bytes in 11 msecs (HTTP/1.1 404) 5 headers in 202 bytes (1 switches on core 0)
2026-06-13 23:58:23.576 7 INFO placement.requestlog [None req-3f2765c1-e16a-423f-880c-5474e947986f 5c898d0d26ac469297d730ebc86cd584 197cf3ce675e4019ba015c3b5cd12a3e - - b337ac84306a4b44ae9a6b0891f64e28 b337ac84306a4b44ae9a6b0891f64e28] 10.0.0.134 "GET /resource_providers/6c9af767-38b8-43f8-9a75-b60f0bdc629e/aggregates" status: 404 len: 235 microversion: 1.1 [pid: 7|app: 0|req: 328/655] 10.0.0.134 () {32 vars in 816 bytes} [Sat Jun 13 23:58:23 2026] GET /resource_providers/6c9af767-38b8-43f8-9a75-b60f0bdc629e/aggregates => generated 235 bytes in 18 msecs (HTTP/1.1 404) 5 headers in 202 bytes (1 switches on core 0)
2026-06-13 23:58:23.604 8 INFO placement.requestlog [None req-dcddd4a2-f8a9-40f9-8a60-1a0e7862c73f 5c898d0d26ac469297d730ebc86cd584 197cf3ce675e4019ba015c3b5cd12a3e - - b337ac84306a4b44ae9a6b0891f64e28 b337ac84306a4b44ae9a6b0891f64e28] 10.0.0.134 "DELETE /resource_providers/6c9af767-38b8-43f8-9a75-b60f0bdc629e" status: 404 len: 246 microversion: 1.1 [pid: 8|app: 0|req: 328/656] 10.0.0.134 () {34 vars in 816 bytes} [Sat Jun 13 23:58:23 2026] DELETE /resource_providers/6c9af767-38b8-43f8-9a75-b60f0bdc629e => generated 246 bytes in 13 msecs (HTTP/1.1 404) 6 headers in 231 bytes (1 switches on core 0)
2026-06-13 23:58:23.606 7 INFO placement.requestlog [None req-73cfe526-edd4-4f8f-badb-152dd945ebb1 5c898d0d26ac469297d730ebc86cd584 197cf3ce675e4019ba015c3b5cd12a3e - - b337ac84306a4b44ae9a6b0891f64e28 b337ac84306a4b44ae9a6b0891f64e28] 10.0.0.134 "DELETE /resource_providers/6c9af767-38b8-43f8-9a75-b60f0bdc629e" status: 404 len: 246 microversion: 1.1 [pid: 7|app: 0|req: 329/657] 10.0.0.134 () {34 vars in 816 bytes} [Sat Jun 13 23:58:23 2026] DELETE /resource_providers/6c9af767-38b8-43f8-9a75-b60f0bdc629e => generated 246 bytes in 13 msecs (HTTP/1.1 404) 6 headers in 231 bytes (1 switches on core 0)
2026-06-13 23:58:24.045 8 INFO placement.requestlog [None req-8fc3883a-01f6-44a8-976b-6ce869ce0bed 5c898d0d26ac469297d730ebc86cd584 197cf3ce675e4019ba015c3b5cd12a3e - - b337ac84306a4b44ae9a6b0891f64e28 b337ac84306a4b44ae9a6b0891f64e28] 10.0.0.134 "GET /resource_providers/58897553-5192-4647-8784-5c2b3082533d/aggregates" status: 404 len: 235 microversion: 1.1 [pid: 8|app: 0|req: 329/658] 10.0.0.134 () {32 vars in 816 bytes} [Sat Jun 13 23:58:23 2026] GET /resource_providers/58897553-5192-4647-8784-5c2b3082533d/aggregates => generated 235 bytes in 152 msecs (HTTP/1.1 404) 5 headers in 202 bytes (1 switches on core 0)
2026-06-13 23:58:24.047 7 INFO placement.requestlog [None req-1f962d8d-5855-498e-84f3-6f3db28d9c47 5c898d0d26ac469297d730ebc86cd584 197cf3ce675e4019ba015c3b5cd12a3e - - b337ac84306a4b44ae9a6b0891f64e28 b337ac84306a4b44ae9a6b0891f64e28] 10.0.0.134 "GET /resource_providers/58897553-5192-4647-8784-5c2b3082533d/aggregates" status: 404 len: 235 microversion: 1.1 [pid: 7|app: 0|req: 330/659] 10.0.0.134 () {32 vars in 816 bytes} [Sat Jun 13 23:58:23 2026] GET /resource_providers/58897553-5192-4647-8784-5c2b3082533d/aggregates => generated 235 bytes in 128 msecs (HTTP/1.1 404) 5 headers in 202 bytes (1 switches on core 0)
2026-06-13 23:58:24.089 7 INFO placement.requestlog [None req-a7e57966-12ed-445d-8652-5c4d2bcfcc14 5c898d0d26ac469297d730ebc86cd584 197cf3ce675e4019ba015c3b5cd12a3e - - b337ac84306a4b44ae9a6b0891f64e28 b337ac84306a4b44ae9a6b0891f64e28] 10.0.0.134 "DELETE /resource_providers/58897553-5192-4647-8784-5c2b3082533d" status: 404 len: 246 microversion: 1.1 [pid: 7|app: 0|req: 331/660] 10.0.0.134 () {34 vars in 816 bytes} [Sat Jun 13 23:58:24 2026] DELETE /resource_providers/58897553-5192-4647-8784-5c2b3082533d => generated 246 bytes in 20 msecs (HTTP/1.1 404) 6 headers in 231 bytes (1 switches on core 0)
2026-06-13 23:58:24.100 8 INFO placement.requestlog [None req-bc04c282-d76d-40da-8403-10b8e6b65b99 5c898d0d26ac469297d730ebc86cd584 197cf3ce675e4019ba015c3b5cd12a3e - - b337ac84306a4b44ae9a6b0891f64e28 b337ac84306a4b44ae9a6b0891f64e28] 10.0.0.134 "DELETE /resource_providers/58897553-5192-4647-8784-5c2b3082533d" status: 404 len: 246 microversion: 1.1 [pid: 8|app: 0|req: 330/661] 10.0.0.134 () {34 vars in 816 bytes} [Sat Jun 13 23:58:24 2026] DELETE /resource_providers/58897553-5192-4647-8784-5c2b3082533d => generated 246 bytes in 22 msecs (HTTP/1.1 404) 6 headers in 231 bytes (1 switches on core 0)
2026-06-13 23:58:24.162 7 INFO placement.requestlog [None req-d1f0b1c2-4a32-48db-a8bc-13da56f2fa2d - - - - - -] 10.0.0.60 "GET /" status: 200 len: 136 microversion: 1.0
2026-06-13 23:58:24.162 8 INFO placement.requestlog [None req-3d440b33-62cd-42ac-8d45-f4ed47c9c661 - - - - - -] 10.0.0.60 "GET /" status: 200 len: 136 microversion: 1.0
2026-06-13 23:58:24.995 8 INFO placement.requestlog [req-a0633de9-d399-439e-aee9-1b8a66703ac5 req-0bfeae3f-52ec-4c32-859d-059832e66c20 3f9cdd9d0cb84c3483280c14c0c558c7 197cf3ce675e4019ba015c3b5cd12a3e - - b337ac84306a4b44ae9a6b0891f64e28 b337ac84306a4b44ae9a6b0891f64e28] 199.204.45.162 "GET /resource_providers/c2b57257-7350-481d-90b6-14434b19cb7f/allocations" status: 200 len: 152 microversion: 1.0 [pid: 8|app: 0|req: 332/664] 199.204.45.162 () {32 vars in 857 bytes} [Sat Jun 13 23:58:24 2026] GET /resource_providers/c2b57257-7350-481d-90b6-14434b19cb7f/allocations => generated 152 bytes in 37 msecs (HTTP/1.1 200) 6 headers in 224 bytes (1 switches on core 0)
2026-06-13 23:58:25.030 7 INFO placement.requestlog [req-a0633de9-d399-439e-aee9-1b8a66703ac5 req-8524200e-0b0f-42f8-a15d-4d2bb9835781 3f9cdd9d0cb84c3483280c14c0c558c7 197cf3ce675e4019ba015c3b5cd12a3e - - b337ac84306a4b44ae9a6b0891f64e28 b337ac84306a4b44ae9a6b0891f64e28] 199.204.45.162 "GET /resource_providers/c2b57257-7350-481d-90b6-14434b19cb7f/allocations" status: 200 len: 152 microversion: 1.0 [pid: 7|app: 0|req: 333/665] 199.204.45.162 () {32 vars in 857 bytes} [Sat Jun 13 23:58:25 2026] GET /resource_providers/c2b57257-7350-481d-90b6-14434b19cb7f/allocations => generated 152 bytes in 20 msecs (HTTP/1.1 200) 6 headers in 224 bytes (1 switches on core 0)
2026-06-13 23:58:25.060 8 INFO placement.requestlog [req-a0633de9-d399-439e-aee9-1b8a66703ac5 req-7de95d62-0df3-448c-817f-c2624cc8d33f 3f9cdd9d0cb84c3483280c14c0c558c7 197cf3ce675e4019ba015c3b5cd12a3e - - b337ac84306a4b44ae9a6b0891f64e28 b337ac84306a4b44ae9a6b0891f64e28] 199.204.45.162 "GET /allocations/712995e4-eb6d-4e1b-a931-4afe35293c37" status: 200 len: 257 microversion: 1.28 [pid: 8|app: 0|req: 333/666] 199.204.45.162 () {34 vars in 863 bytes} [Sat Jun 13 23:58:25 2026] GET /allocations/712995e4-eb6d-4e1b-a931-4afe35293c37 => generated 257 bytes in 22 msecs (HTTP/1.1 200) 8 headers in 296 bytes (1 switches on core 0)
2026-06-13 23:58:26.178 8 INFO placement.requestlog [None req-612b6a82-4757-4c53-ae05-89e8347ac00e 5c898d0d26ac469297d730ebc86cd584 197cf3ce675e4019ba015c3b5cd12a3e - - b337ac84306a4b44ae9a6b0891f64e28 b337ac84306a4b44ae9a6b0891f64e28] 10.0.0.134 "GET /resource_providers/d4697212-4ecd-49fd-b886-3b1a3298680c/aggregates" status: 404 len: 235 microversion: 1.1 [pid: 8|app: 0|req: 334/667] 10.0.0.134 () {32 vars in 816 bytes} [Sat Jun 13 23:58:26 2026] GET /resource_providers/d4697212-4ecd-49fd-b886-3b1a3298680c/aggregates => generated 235 bytes in 9 msecs (HTTP/1.1 404) 5 headers in 202 bytes (1 switches on core 0)
2026-06-13 23:58:26.181 7 INFO placement.requestlog [None req-489703cf-175d-468d-ac47-3111b3ff2779 5c898d0d26ac469297d730ebc86cd584 197cf3ce675e4019ba015c3b5cd12a3e - - b337ac84306a4b44ae9a6b0891f64e28 b337ac84306a4b44ae9a6b0891f64e28] 10.0.0.134 "GET /resource_providers/d4697212-4ecd-49fd-b886-3b1a3298680c/aggregates" status: 404 len: 235 microversion: 1.1 [pid: 7|app: 0|req: 334/668] 10.0.0.134 () {32 vars in 816 bytes} [Sat Jun 13 23:58:26 2026] GET /resource_providers/d4697212-4ecd-49fd-b886-3b1a3298680c/aggregates => generated 235 bytes in 12 msecs (HTTP/1.1 404) 5 headers in 202 bytes (1 switches on core 0)
2026-06-13 23:58:26.212 7 INFO placement.requestlog [None req-792b1493-b6dd-49e9-b007-f5d690908457 5c898d0d26ac469297d730ebc86cd584 197cf3ce675e4019ba015c3b5cd12a3e - - b337ac84306a4b44ae9a6b0891f64e28 b337ac84306a4b44ae9a6b0891f64e28] 10.0.0.134 "DELETE /resource_providers/d4697212-4ecd-49fd-b886-3b1a3298680c" status: 404 len: 246 microversion: 1.1 [pid: 7|app: 0|req: 335/669] 10.0.0.134 () {34 vars in 816 bytes} [Sat Jun 13 23:58:26 2026] DELETE /resource_providers/d4697212-4ecd-49fd-b886-3b1a3298680c => generated 246 bytes in 11 msecs (HTTP/1.1 404) 6 headers in 231 bytes (1 switches on core 0)
2026-06-13 23:58:26.213 8 INFO placement.requestlog [None req-b66ba5b5-6e85-43e3-beb4-27bfc96ce33c 5c898d0d26ac469297d730ebc86cd584 197cf3ce675e4019ba015c3b5cd12a3e - - b337ac84306a4b44ae9a6b0891f64e28 b337ac84306a4b44ae9a6b0891f64e28] 10.0.0.134 "DELETE /resource_providers/d4697212-4ecd-49fd-b886-3b1a3298680c" status: 404 len: 246 microversion: 1.1 [pid: 8|app: 0|req: 335/670] 10.0.0.134 () {34 vars in 816 bytes} [Sat Jun 13 23:58:26 2026] DELETE /resource_providers/d4697212-4ecd-49fd-b886-3b1a3298680c => generated 246 bytes in 13 msecs (HTTP/1.1 404) 6 headers in 231 bytes (1 switches on core 0)
2026-06-13 23:58:26.651 7 INFO placement.requestlog [None req-f095ca28-3e8c-43be-8951-37c4e02f2de0 5c898d0d26ac469297d730ebc86cd584 197cf3ce675e4019ba015c3b5cd12a3e - - b337ac84306a4b44ae9a6b0891f64e28 b337ac84306a4b44ae9a6b0891f64e28] 10.0.0.134 "GET /resource_providers/40aba6e7-0b74-4e3e-81c6-a08fa0d46026/aggregates" status: 404 len: 235 microversion: 1.1 [pid: 7|app: 0|req: 336/671] 10.0.0.134 () {32 vars in 816 bytes} [Sat Jun 13 23:58:26 2026] GET /resource_providers/40aba6e7-0b74-4e3e-81c6-a08fa0d46026/aggregates => generated 235 bytes in 9 msecs (HTTP/1.1 404) 5 headers in 202 bytes (1 switches on core 0)
2026-06-13 23:58:26.658 8 INFO placement.requestlog [None req-e9d31823-ae71-43dd-a06a-c6976fa2cee5 5c898d0d26ac469297d730ebc86cd584 197cf3ce675e4019ba015c3b5cd12a3e - - b337ac84306a4b44ae9a6b0891f64e28 b337ac84306a4b44ae9a6b0891f64e28] 10.0.0.134 "GET /resource_providers/40aba6e7-0b74-4e3e-81c6-a08fa0d46026/aggregates" status: 404 len: 235 microversion: 1.1 [pid: 8|app: 0|req: 336/672] 10.0.0.134 () {32 vars in 816 bytes} [Sat Jun 13 23:58:26 2026] GET /resource_providers/40aba6e7-0b74-4e3e-81c6-a08fa0d46026/aggregates => generated 235 bytes in 13 msecs (HTTP/1.1 404) 5 headers in 202 bytes (1 switches on core 0)
2026-06-13 23:58:26.668 7 INFO placement.requestlog [None req-394ee76e-c7e3-4f6d-aada-4602b3151028 5c898d0d26ac469297d730ebc86cd584 197cf3ce675e4019ba015c3b5cd12a3e - - b337ac84306a4b44ae9a6b0891f64e28 b337ac84306a4b44ae9a6b0891f64e28] 10.0.0.134 "DELETE /resource_providers/40aba6e7-0b74-4e3e-81c6-a08fa0d46026" status: 404 len: 246 microversion: 1.1 [pid: 7|app: 0|req: 337/673] 10.0.0.134 () {34 vars in 816 bytes} [Sat Jun 13 23:58:26 2026] DELETE /resource_providers/40aba6e7-0b74-4e3e-81c6-a08fa0d46026 => generated 246 bytes in 7 msecs (HTTP/1.1 404) 6 headers in 231 bytes (1 switches on core 0)
2026-06-13 23:58:26.683 8 INFO placement.requestlog [None req-f5eaafa7-a05d-4150-bb5a-398eaec462bf 5c898d0d26ac469297d730ebc86cd584 197cf3ce675e4019ba015c3b5cd12a3e - - b337ac84306a4b44ae9a6b0891f64e28 b337ac84306a4b44ae9a6b0891f64e28] 10.0.0.134 "DELETE /resource_providers/40aba6e7-0b74-4e3e-81c6-a08fa0d46026" status: 404 len: 246 microversion: 1.1 [pid: 8|app: 0|req: 337/674] 10.0.0.134 () {34 vars in 816 bytes} [Sat Jun 13 23:58:26 2026] DELETE /resource_providers/40aba6e7-0b74-4e3e-81c6-a08fa0d46026 => generated 246 bytes in 12 msecs (HTTP/1.1 404) 6 headers in 231 bytes (1 switches on core 0)
2026-06-13 23:58:26.684 7 INFO placement.requestlog [None req-e895df6b-3dd1-4b02-ab57-96e39a5d31f5 5c898d0d26ac469297d730ebc86cd584 197cf3ce675e4019ba015c3b5cd12a3e - - b337ac84306a4b44ae9a6b0891f64e28 b337ac84306a4b44ae9a6b0891f64e28] 10.0.0.134 "GET /resource_providers/563e7eab-3a1c-493f-b302-a7dd348aa4b2/aggregates" status: 404 len: 235 microversion: 1.1 [pid: 7|app: 0|req: 338/675] 10.0.0.134 () {32 vars in 816 bytes} [Sat Jun 13 23:58:26 2026] GET /resource_providers/563e7eab-3a1c-493f-b302-a7dd348aa4b2/aggregates => generated 235 bytes in 7 msecs (HTTP/1.1 404) 5 headers in 202 bytes (1 switches on core 0)
2026-06-13 23:58:26.708 8 INFO placement.requestlog [None req-4ad3e258-69e7-4189-8b47-125bd6fe2313 5c898d0d26ac469297d730ebc86cd584 197cf3ce675e4019ba015c3b5cd12a3e - - b337ac84306a4b44ae9a6b0891f64e28 b337ac84306a4b44ae9a6b0891f64e28] 10.0.0.134 "GET /resource_providers/563e7eab-3a1c-493f-b302-a7dd348aa4b2/aggregates" status: 404 len: 235 microversion: 1.1 [pid: 8|app: 0|req: 338/676] 10.0.0.134 () {32 vars in 816 bytes} [Sat Jun 13 23:58:26 2026] GET /resource_providers/563e7eab-3a1c-493f-b302-a7dd348aa4b2/aggregates => generated 235 bytes in 13 msecs (HTTP/1.1 404) 5 headers in 202 bytes (1 switches on core 0)
2026-06-13 23:58:26.712 7 INFO placement.requestlog [None req-55eacac2-f2e9-4f49-8e54-678baa5db0f9 5c898d0d26ac469297d730ebc86cd584 197cf3ce675e4019ba015c3b5cd12a3e - - b337ac84306a4b44ae9a6b0891f64e28 b337ac84306a4b44ae9a6b0891f64e28] 10.0.0.134 "DELETE /resource_providers/563e7eab-3a1c-493f-b302-a7dd348aa4b2" status: 404 len: 246 microversion: 1.1 [pid: 7|app: 0|req: 339/677] 10.0.0.134 () {34 vars in 816 bytes} [Sat Jun 13 23:58:26 2026] DELETE /resource_providers/563e7eab-3a1c-493f-b302-a7dd348aa4b2 => generated 246 bytes in 14 msecs (HTTP/1.1 404) 6 headers in 231 bytes (1 switches on core 0)
2026-06-13 23:58:26.722 8 INFO placement.requestlog [None req-04ab6254-d3bf-4c4a-884d-ee9d9f81d75c 5c898d0d26ac469297d730ebc86cd584 197cf3ce675e4019ba015c3b5cd12a3e - - b337ac84306a4b44ae9a6b0891f64e28 b337ac84306a4b44ae9a6b0891f64e28] 10.0.0.134 "DELETE /resource_providers/563e7eab-3a1c-493f-b302-a7dd348aa4b2" status: 404 len: 246 microversion: 1.1 [pid: 8|app: 0|req: 339/678] 10.0.0.134 () {34 vars in 816 bytes} [Sat Jun 13 23:58:26 2026] DELETE /resource_providers/563e7eab-3a1c-493f-b302-a7dd348aa4b2 => generated 246 bytes in 7 msecs (HTTP/1.1 404) 6 headers in 231 bytes (1 switches on core 0)
2026-06-13 23:58:34.162 8 INFO placement.requestlog [None req-b0b969b8-e518-48c4-8131-440fd29e5c30 - - - - - -] 10.0.0.60 "GET /" status: 200 len: 136 microversion: 1.0
2026-06-13 23:58:34.163 7 INFO placement.requestlog [None req-6d268b39-2aa6-428a-852d-7f4329483d52 - - - - - -] 10.0.0.60 "GET /" status: 200 len: 136 microversion: 1.0
