File "/var/lib/openstack/lib/python3.10/site-packages/neutron/db/db_base_plugin_v2.py", line 1198, in get_subnet
2026-06-14 00:00:18.203 9 ERROR neutron.plugins.ml2.managers subnet_obj = self._get_subnet_object(context, id)
2026-06-14 00:00:18.203 9 ERROR neutron.plugins.ml2.managers
File "/var/lib/openstack/lib/python3.10/site-packages/neutron/db/db_base_plugin_common.py", line 282, in _get_subnet_object
2026-06-14 00:00:18.203 9 ERROR neutron.plugins.ml2.managers raise exceptions.SubnetNotFound(subnet_id=id)
2026-06-14 00:00:18.203 9 ERROR neutron.plugins.ml2.managers neutron_lib.exceptions.SubnetNotFound: Subnet 7d30870d-ea3f-4428-8e81-613b174e5312 could not be found.
2026-06-14 00:00:18.203 9 ERROR neutron.plugins.ml2.managers 
2026-06-14 00:00:18.203 9 ERROR neutron.plugins.ml2.managers [None req-c07743d2-ae4b-44bc-82bd-a3989f35c239 - - - - - -] Failed to bind port 29bf6668-939b-4886-b140-ba87520aee2a on host instance for vnic_type normal using segments [{'id': '81f196bd-9ef9-465a-a921-f5d065a8891e', 'network_type': 'vxlan', 'physical_network': None, 'segmentation_id': 980, 'network_id': '20f0d911-02b6-4b3e-a078-991d5c1caa26'}]
2026-06-14 00:00:18.204 9 INFO neutron.plugins.ml2.plugin [None req-c07743d2-ae4b-44bc-82bd-a3989f35c239 - - - - - -] Attempt 7 to bind port 29bf6668-939b-4886-b140-ba87520aee2a
2026-06-14 00:00:18.226 9 ERROR neutron.plugins.ml2.managers [None req-c07743d2-ae4b-44bc-82bd-a3989f35c239 - - - - - -] Mechanism driver openvswitch failed in bind_port: neutron_lib.exceptions.SubnetNotFound: Subnet 7d30870d-ea3f-4428-8e81-613b174e5312 could not be found.
2026-06-14 00:00:18.226 9 ERROR neutron.plugins.ml2.managers
Traceback (most recent call last):
2026-06-14 00:00:18.226 9 ERROR neutron.plugins.ml2.managers
File "/var/lib/openstack/lib/python3.10/site-packages/neutron/plugins/ml2/managers.py", line 866, in _bind_port_level
2026-06-14 00:00:18.226 9 ERROR neutron.plugins.ml2.managers driver.obj.bind_port(context)
2026-06-14 00:00:18.226 9 ERROR neutron.plugins.ml2.managers
File "/var/lib/openstack/lib/python3.10/site-packages/neutron/plugins/ml2/drivers/openvswitch/mech_driver/mech_openvswitch.py", line 133, in bind_port
2026-06-14 00:00:18.226 9 ERROR neutron.plugins.ml2.managers super(OpenvswitchMechanismDriver, self).bind_port(context)
2026-06-14 00:00:18.226 9 ERROR neutron.plugins.ml2.managers
File "/var/lib/openstack/lib/python3.10/site-packages/neutron/plugins/ml2/drivers/mech_agent.py", line 104, in bind_port
2026-06-14 00:00:18.226 9 ERROR neutron.plugins.ml2.managers subnets = self.get_subnets_from_fixed_ips(context)
2026-06-14 00:00:18.226 9 ERROR neutron.plugins.ml2.managers
File "/var/lib/openstack/lib/python3.10/site-packages/neutron/plugins/ml2/drivers/mech_agent.py", line 149, in get_subnets_from_fixed_ips
2026-06-14 00:00:18.226 9 ERROR neutron.plugins.ml2.managers subnets.append(context._plugin.get_subnet(
2026-06-14 00:00:18.226 9 ERROR neutron.plugins.ml2.managers
File "/var/lib/openstack/lib/python3.10/site-packages/neutron_lib/db/api.py", line 223, in wrapped
2026-06-14 00:00:18.226 9 ERROR neutron.plugins.ml2.managers return f_with_retry(*args, **kwargs,
2026-06-14 00:00:18.226 9 ERROR neutron.plugins.ml2.managers
File "/var/lib/openstack/lib/python3.10/site-packages/neutron_lib/db/api.py", line 137, in wrapped
2026-06-14 00:00:18.226 9 ERROR neutron.plugins.ml2.managers with excutils.save_and_reraise_exception():
2026-06-14 00:00:18.226 9 ERROR neutron.plugins.ml2.managers
File "/var/lib/openstack/lib/python3.10/site-packages/oslo_utils/excutils.py", line 227, in __exit__
2026-06-14 00:00:18.226 9 ERROR neutron.plugins.ml2.managers self.force_reraise()
2026-06-14 00:00:18.226 9 ERROR neutron.plugins.ml2.managers
File "/var/lib/openstack/lib/python3.10/site-packages/oslo_utils/excutils.py", line 200, in force_reraise
2026-06-14 00:00:18.226 9 ERROR neutron.plugins.ml2.managers raise self.value
2026-06-14 00:00:18.226 9 ERROR neutron.plugins.ml2.managers
File "/var/lib/openstack/lib/python3.10/site-packages/neutron_lib/db/api.py", line 135, in wrapped
2026-06-14 00:00:18.226 9 ERROR neutron.plugins.ml2.managers return f(*args, **kwargs)
2026-06-14 00:00:18.226 9 ERROR neutron.plugins.ml2.managers
File "/var/lib/openstack/lib/python3.10/site-packages/oslo_db/api.py", line 144, in wrapper
2026-06-14 00:00:18.226 9 ERROR neutron.plugins.ml2.managers with excutils.save_and_reraise_exception() as ectxt:
2026-06-14 00:00:18.226 9 ERROR neutron.plugins.ml2.managers
File "/var/lib/openstack/lib/python3.10/site-packages/oslo_utils/excutils.py", line 227, in __exit__
2026-06-14 00:00:18.226 9 ERROR neutron.plugins.ml2.managers self.force_reraise()
2026-06-14 00:00:18.226 9 ERROR neutron.plugins.ml2.managers
File "/var/lib/openstack/lib/python3.10/site-packages/oslo_utils/excutils.py", line 200, in force_reraise
2026-06-14 00:00:18.226 9 ERROR neutron.plugins.ml2.managers raise self.value
2026-06-14 00:00:18.226 9 ERROR neutron.plugins.ml2.managers
File "/var/lib/openstack/lib/python3.10/site-packages/oslo_db/api.py", line 142, in wrapper
2026-06-14 00:00:18.226 9 ERROR neutron.plugins.ml2.managers return f(*args, **kwargs)
2026-06-14 00:00:18.226 9 ERROR neutron.plugins.ml2.managers
File "/var/lib/openstack/lib/python3.10/site-packages/neutron_lib/db/api.py", line 183, in wrapped
2026-06-14 00:00:18.226 9 ERROR neutron.plugins.ml2.managers with excutils.save_and_reraise_exception():
2026-06-14 00:00:18.226 9 ERROR neutron.plugins.ml2.managers
File "/var/lib/openstack/lib/python3.10/site-packages/oslo_utils/excutils.py", line 227, in __exit__
2026-06-14 00:00:18.226 9 ERROR neutron.plugins.ml2.managers self.force_reraise()
2026-06-14 00:00:18.226 9 ERROR neutron.plugins.ml2.managers
File "/var/lib/openstack/lib/python3.10/site-packages/oslo_utils/excutils.py", line 200, in force_reraise
2026-06-14 00:00:18.226 9 ERROR neutron.plugins.ml2.managers raise self.value
2026-06-14 00:00:18.226 9 ERROR neutron.plugins.ml2.managers
File "/var/lib/openstack/lib/python3.10/site-packages/neutron_lib/db/api.py", line 181, in wrapped
2026-06-14 00:00:18.226 9 ERROR neutron.plugins.ml2.managers return f(*dup_args, **dup_kwargs)
2026-06-14 00:00:18.226 9 ERROR neutron.plugins.ml2.managers
File "/var/lib/openstack/lib/python3.10/site-packages/neutron/db/db_base_plugin_v2.py", line 1198, in get_subnet
2026-06-14 00:00:18.226 9 ERROR neutron.plugins.ml2.managers subnet_obj = self._get_subnet_object(context, id)
2026-06-14 00:00:18.226 9 ERROR neutron.plugins.ml2.managers
File "/var/lib/openstack/lib/python3.10/site-packages/neutron/db/db_base_plugin_common.py", line 282, in _get_subnet_object
2026-06-14 00:00:18.226 9 ERROR neutron.plugins.ml2.managers raise exceptions.SubnetNotFound(subnet_id=id)
2026-06-14 00:00:18.226 9 ERROR neutron.plugins.ml2.managers neutron_lib.exceptions.SubnetNotFound: Subnet 7d30870d-ea3f-4428-8e81-613b174e5312 could not be found.
2026-06-14 00:00:18.226 9 ERROR neutron.plugins.ml2.managers 
2026-06-14 00:00:18.227 9 ERROR neutron.plugins.ml2.managers [None req-c07743d2-ae4b-44bc-82bd-a3989f35c239 - - - - - -] Failed to bind port 29bf6668-939b-4886-b140-ba87520aee2a on host instance for vnic_type normal using segments [{'id': '81f196bd-9ef9-465a-a921-f5d065a8891e', 'network_type': 'vxlan', 'physical_network': None, 'segmentation_id': 980, 'network_id': '20f0d911-02b6-4b3e-a078-991d5c1caa26'}]
2026-06-14 00:00:18.227 9 INFO neutron.plugins.ml2.plugin [None req-c07743d2-ae4b-44bc-82bd-a3989f35c239 - - - - - -] Attempt 8 to bind port 29bf6668-939b-4886-b140-ba87520aee2a
2026-06-14 00:00:18.245 9 ERROR neutron.plugins.ml2.managers [None req-c07743d2-ae4b-44bc-82bd-a3989f35c239 - - - - - -] Mechanism driver openvswitch failed in bind_port: neutron_lib.exceptions.SubnetNotFound: Subnet 7d30870d-ea3f-4428-8e81-613b174e5312 could not be found.
2026-06-14 00:00:18.245 9 ERROR neutron.plugins.ml2.managers
Traceback (most recent call last):
2026-06-14 00:00:18.245 9 ERROR neutron.plugins.ml2.managers
File "/var/lib/openstack/lib/python3.10/site-packages/neutron/plugins/ml2/managers.py", line 866, in _bind_port_level
2026-06-14 00:00:18.245 9 ERROR neutron.plugins.ml2.managers driver.obj.bind_port(context)
2026-06-14 00:00:18.245 9 ERROR neutron.plugins.ml2.managers
File "/var/lib/openstack/lib/python3.10/site-packages/neutron/plugins/ml2/drivers/openvswitch/mech_driver/mech_openvswitch.py", line 133, in bind_port
2026-06-14 00:00:18.245 9 ERROR neutron.plugins.ml2.managers super(OpenvswitchMechanismDriver, self).bind_port(context)
2026-06-14 00:00:18.245 9 ERROR neutron.plugins.ml2.managers
File "/var/lib/openstack/lib/python3.10/site-packages/neutron/plugins/ml2/drivers/mech_agent.py", line 104, in bind_port
2026-06-14 00:00:18.245 9 ERROR neutron.plugins.ml2.managers subnets = self.get_subnets_from_fixed_ips(context)
2026-06-14 00:00:18.245 9 ERROR neutron.plugins.ml2.managers
File "/var/lib/openstack/lib/python3.10/site-packages/neutron/plugins/ml2/drivers/mech_agent.py", line 149, in get_subnets_from_fixed_ips
2026-06-14 00:00:18.245 9 ERROR neutron.plugins.ml2.managers subnets.append(context._plugin.get_subnet(
2026-06-14 00:00:18.245 9 ERROR neutron.plugins.ml2.managers
File "/var/lib/openstack/lib/python3.10/site-packages/neutron_lib/db/api.py", line 223, in wrapped
2026-06-14 00:00:18.245 9 ERROR neutron.plugins.ml2.managers return f_with_retry(*args, **kwargs,
2026-06-14 00:00:18.245 9 ERROR neutron.plugins.ml2.managers
File "/var/lib/openstack/lib/python3.10/site-packages/neutron_lib/db/api.py", line 137, in wrapped
2026-06-14 00:00:18.245 9 ERROR neutron.plugins.ml2.managers with excutils.save_and_reraise_exception():
2026-06-14 00:00:18.245 9 ERROR neutron.plugins.ml2.managers
File "/var/lib/openstack/lib/python3.10/site-packages/oslo_utils/excutils.py", line 227, in __exit__
2026-06-14 00:00:18.245 9 ERROR neutron.plugins.ml2.managers self.force_reraise()
2026-06-14 00:00:18.245 9 ERROR neutron.plugins.ml2.managers
File "/var/lib/openstack/lib/python3.10/site-packages/oslo_utils/excutils.py", line 200, in force_reraise
2026-06-14 00:00:18.245 9 ERROR neutron.plugins.ml2.managers raise self.value
2026-06-14 00:00:18.245 9 ERROR neutron.plugins.ml2.managers
File "/var/lib/openstack/lib/python3.10/site-packages/neutron_lib/db/api.py", line 135, in wrapped
2026-06-14 00:00:18.245 9 ERROR neutron.plugins.ml2.managers return f(*args, **kwargs)
2026-06-14 00:00:18.245 9 ERROR neutron.plugins.ml2.managers
File "/var/lib/openstack/lib/python3.10/site-packages/oslo_db/api.py", line 144, in wrapper
2026-06-14 00:00:18.245 9 ERROR neutron.plugins.ml2.managers with excutils.save_and_reraise_exception() as ectxt:
2026-06-14 00:00:18.245 9 ERROR neutron.plugins.ml2.managers
File "/var/lib/openstack/lib/python3.10/site-packages/oslo_utils/excutils.py", line 227, in __exit__
2026-06-14 00:00:18.245 9 ERROR neutron.plugins.ml2.managers self.force_reraise()
2026-06-14 00:00:18.245 9 ERROR neutron.plugins.ml2.managers
File "/var/lib/openstack/lib/python3.10/site-packages/oslo_utils/excutils.py", line 200, in force_reraise
2026-06-14 00:00:18.245 9 ERROR neutron.plugins.ml2.managers raise self.value
2026-06-14 00:00:18.245 9 ERROR neutron.plugins.ml2.managers
File "/var/lib/openstack/lib/python3.10/site-packages/oslo_db/api.py", line 142, in wrapper
2026-06-14 00:00:18.245 9 ERROR neutron.plugins.ml2.managers return f(*args, **kwargs)
2026-06-14 00:00:18.245 9 ERROR neutron.plugins.ml2.managers
File "/var/lib/openstack/lib/python3.10/site-packages/neutron_lib/db/api.py", line 183, in wrapped
2026-06-14 00:00:18.245 9 ERROR neutron.plugins.ml2.managers with excutils.save_and_reraise_exception():
2026-06-14 00:00:18.245 9 ERROR neutron.plugins.ml2.managers
File "/var/lib/openstack/lib/python3.10/site-packages/oslo_utils/excutils.py", line 227, in __exit__
2026-06-14 00:00:18.245 9 ERROR neutron.plugins.ml2.managers self.force_reraise()
2026-06-14 00:00:18.245 9 ERROR neutron.plugins.ml2.managers
File "/var/lib/openstack/lib/python3.10/site-packages/oslo_utils/excutils.py", line 200, in force_reraise
2026-06-14 00:00:18.245 9 ERROR neutron.plugins.ml2.managers raise self.value
2026-06-14 00:00:18.245 9 ERROR neutron.plugins.ml2.managers
File "/var/lib/openstack/lib/python3.10/site-packages/neutron_lib/db/api.py", line 181, in wrapped
2026-06-14 00:00:18.245 9 ERROR neutron.plugins.ml2.managers return f(*dup_args, **dup_kwargs)
2026-06-14 00:00:18.245 9 ERROR neutron.plugins.ml2.managers
File "/var/lib/openstack/lib/python3.10/site-packages/neutron/db/db_base_plugin_v2.py", line 1198, in get_subnet
2026-06-14 00:00:18.245 9 ERROR neutron.plugins.ml2.managers subnet_obj = self._get_subnet_object(context, id)
2026-06-14 00:00:18.245 9 ERROR neutron.plugins.ml2.managers
File "/var/lib/openstack/lib/python3.10/site-packages/neutron/db/db_base_plugin_common.py", line 282, in _get_subnet_object
2026-06-14 00:00:18.245 9 ERROR neutron.plugins.ml2.managers raise exceptions.SubnetNotFound(subnet_id=id)
2026-06-14 00:00:18.245 9 ERROR neutron.plugins.ml2.managers neutron_lib.exceptions.SubnetNotFound: Subnet 7d30870d-ea3f-4428-8e81-613b174e5312 could not be found.
2026-06-14 00:00:18.245 9 ERROR neutron.plugins.ml2.managers 
2026-06-14 00:00:18.246 9 ERROR neutron.plugins.ml2.managers [None req-c07743d2-ae4b-44bc-82bd-a3989f35c239 - - - - - -] Failed to bind port 29bf6668-939b-4886-b140-ba87520aee2a on host instance for vnic_type normal using segments [{'id': '81f196bd-9ef9-465a-a921-f5d065a8891e', 'network_type': 'vxlan', 'physical_network': None, 'segmentation_id': 980, 'network_id': '20f0d911-02b6-4b3e-a078-991d5c1caa26'}]
2026-06-14 00:00:18.246 9 INFO neutron.plugins.ml2.plugin [None req-c07743d2-ae4b-44bc-82bd-a3989f35c239 - - - - - -] Attempt 9 to bind port 29bf6668-939b-4886-b140-ba87520aee2a
2026-06-14 00:00:18.268 9 ERROR neutron.plugins.ml2.managers [None req-c07743d2-ae4b-44bc-82bd-a3989f35c239 - - - - - -] Mechanism driver openvswitch failed in bind_port: neutron_lib.exceptions.SubnetNotFound: Subnet 7d30870d-ea3f-4428-8e81-613b174e5312 could not be found.
2026-06-14 00:00:18.268 9 ERROR neutron.plugins.ml2.managers
Traceback (most recent call last):
2026-06-14 00:00:18.268 9 ERROR neutron.plugins.ml2.managers
File "/var/lib/openstack/lib/python3.10/site-packages/neutron/plugins/ml2/managers.py", line 866, in _bind_port_level
2026-06-14 00:00:18.268 9 ERROR neutron.plugins.ml2.managers driver.obj.bind_port(context)
2026-06-14 00:00:18.268 9 ERROR neutron.plugins.ml2.managers
File "/var/lib/openstack/lib/python3.10/site-packages/neutron/plugins/ml2/drivers/openvswitch/mech_driver/mech_openvswitch.py", line 133, in bind_port
2026-06-14 00:00:18.268 9 ERROR neutron.plugins.ml2.managers super(OpenvswitchMechanismDriver, self).bind_port(context)
2026-06-14 00:00:18.268 9 ERROR neutron.plugins.ml2.managers
File "/var/lib/openstack/lib/python3.10/site-packages/neutron/plugins/ml2/drivers/mech_agent.py", line 104, in bind_port
2026-06-14 00:00:18.268 9 ERROR neutron.plugins.ml2.managers subnets = self.get_subnets_from_fixed_ips(context)
2026-06-14 00:00:18.268 9 ERROR neutron.plugins.ml2.managers
File "/var/lib/openstack/lib/python3.10/site-packages/neutron/plugins/ml2/drivers/mech_agent.py", line 149, in get_subnets_from_fixed_ips
2026-06-14 00:00:18.268 9 ERROR neutron.plugins.ml2.managers subnets.append(context._plugin.get_subnet(
2026-06-14 00:00:18.268 9 ERROR neutron.plugins.ml2.managers
File "/var/lib/openstack/lib/python3.10/site-packages/neutron_lib/db/api.py", line 223, in wrapped
2026-06-14 00:00:18.268 9 ERROR neutron.plugins.ml2.managers return f_with_retry(*args, **kwargs,
2026-06-14 00:00:18.268 9 ERROR neutron.plugins.ml2.managers
File "/var/lib/openstack/lib/python3.10/site-packages/neutron_lib/db/api.py", line 137, in wrapped
2026-06-14 00:00:18.268 9 ERROR neutron.plugins.ml2.managers with excutils.save_and_reraise_exception():
2026-06-14 00:00:18.268 9 ERROR neutron.plugins.ml2.managers
File "/var/lib/openstack/lib/python3.10/site-packages/oslo_utils/excutils.py", line 227, in __exit__
2026-06-14 00:00:18.268 9 ERROR neutron.plugins.ml2.managers self.force_reraise()
2026-06-14 00:00:18.268 9 ERROR neutron.plugins.ml2.managers
File "/var/lib/openstack/lib/python3.10/site-packages/oslo_utils/excutils.py", line 200, in force_reraise
2026-06-14 00:00:18.268 9 ERROR neutron.plugins.ml2.managers raise self.value
2026-06-14 00:00:18.268 9 ERROR neutron.plugins.ml2.managers
File "/var/lib/openstack/lib/python3.10/site-packages/neutron_lib/db/api.py", line 135, in wrapped
2026-06-14 00:00:18.268 9 ERROR neutron.plugins.ml2.managers return f(*args, **kwargs)
2026-06-14 00:00:18.268 9 ERROR neutron.plugins.ml2.managers
File "/var/lib/openstack/lib/python3.10/site-packages/oslo_db/api.py", line 144, in wrapper
2026-06-14 00:00:18.268 9 ERROR neutron.plugins.ml2.managers with excutils.save_and_reraise_exception() as ectxt:
2026-06-14 00:00:18.268 9 ERROR neutron.plugins.ml2.managers
File "/var/lib/openstack/lib/python3.10/site-packages/oslo_utils/excutils.py", line 227, in __exit__
2026-06-14 00:00:18.268 9 ERROR neutron.plugins.ml2.managers self.force_reraise()
2026-06-14 00:00:18.268 9 ERROR neutron.plugins.ml2.managers
File "/var/lib/openstack/lib/python3.10/site-packages/oslo_utils/excutils.py", line 200, in force_reraise
2026-06-14 00:00:18.268 9 ERROR neutron.plugins.ml2.managers raise self.value
2026-06-14 00:00:18.268 9 ERROR neutron.plugins.ml2.managers
File "/var/lib/openstack/lib/python3.10/site-packages/oslo_db/api.py", line 142, in wrapper
2026-06-14 00:00:18.268 9 ERROR neutron.plugins.ml2.managers return f(*args, **kwargs)
2026-06-14 00:00:18.268 9 ERROR neutron.plugins.ml2.managers
File "/var/lib/openstack/lib/python3.10/site-packages/neutron_lib/db/api.py", line 183, in wrapped
2026-06-14 00:00:18.268 9 ERROR neutron.plugins.ml2.managers with excutils.save_and_reraise_exception():
2026-06-14 00:00:18.268 9 ERROR neutron.plugins.ml2.managers
File "/var/lib/openstack/lib/python3.10/site-packages/oslo_utils/excutils.py", line 227, in __exit__
2026-06-14 00:00:18.268 9 ERROR neutron.plugins.ml2.managers self.force_reraise()
2026-06-14 00:00:18.268 9 ERROR neutron.plugins.ml2.managers
File "/var/lib/openstack/lib/python3.10/site-packages/oslo_utils/excutils.py", line 200, in force_reraise
2026-06-14 00:00:18.268 9 ERROR neutron.plugins.ml2.managers raise self.value
2026-06-14 00:00:18.268 9 ERROR neutron.plugins.ml2.managers
File "/var/lib/openstack/lib/python3.10/site-packages/neutron_lib/db/api.py", line 181, in wrapped
2026-06-14 00:00:18.268 9 ERROR neutron.plugins.ml2.managers return f(*dup_args, **dup_kwargs)
2026-06-14 00:00:18.268 9 ERROR neutron.plugins.ml2.managers
File "/var/lib/openstack/lib/python3.10/site-packages/neutron/db/db_base_plugin_v2.py", line 1198, in get_subnet
2026-06-14 00:00:18.268 9 ERROR neutron.plugins.ml2.managers subnet_obj = self._get_subnet_object(context, id)
2026-06-14 00:00:18.268 9 ERROR neutron.plugins.ml2.managers
File "/var/lib/openstack/lib/python3.10/site-packages/neutron/db/db_base_plugin_common.py", line 282, in _get_subnet_object
2026-06-14 00:00:18.268 9 ERROR neutron.plugins.ml2.managers raise exceptions.SubnetNotFound(subnet_id=id)
2026-06-14 00:00:18.268 9 ERROR neutron.plugins.ml2.managers neutron_lib.exceptions.SubnetNotFound: Subnet 7d30870d-ea3f-4428-8e81-613b174e5312 could not be found.
2026-06-14 00:00:18.268 9 ERROR neutron.plugins.ml2.managers 
2026-06-14 00:00:18.268 9 ERROR neutron.plugins.ml2.managers [None req-c07743d2-ae4b-44bc-82bd-a3989f35c239 - - - - - -] Failed to bind port 29bf6668-939b-4886-b140-ba87520aee2a on host instance for vnic_type normal using segments [{'id': '81f196bd-9ef9-465a-a921-f5d065a8891e', 'network_type': 'vxlan', 'physical_network': None, 'segmentation_id': 980, 'network_id': '20f0d911-02b6-4b3e-a078-991d5c1caa26'}]
2026-06-14 00:00:18.269 9 INFO neutron.plugins.ml2.plugin [None req-c07743d2-ae4b-44bc-82bd-a3989f35c239 - - - - - -] Attempt 10 to bind port 29bf6668-939b-4886-b140-ba87520aee2a
2026-06-14 00:00:18.285 9 ERROR neutron.plugins.ml2.managers [None req-c07743d2-ae4b-44bc-82bd-a3989f35c239 - - - - - -] Mechanism driver openvswitch failed in bind_port: neutron_lib.exceptions.SubnetNotFound: Subnet 7d30870d-ea3f-4428-8e81-613b174e5312 could not be found.
2026-06-14 00:00:18.285 9 ERROR neutron.plugins.ml2.managers
Traceback (most recent call last):
2026-06-14 00:00:18.285 9 ERROR neutron.plugins.ml2.managers
File "/var/lib/openstack/lib/python3.10/site-packages/neutron/plugins/ml2/managers.py", line 866, in _bind_port_level
2026-06-14 00:00:18.285 9 ERROR neutron.plugins.ml2.managers driver.obj.bind_port(context)
2026-06-14 00:00:18.285 9 ERROR neutron.plugins.ml2.managers
File "/var/lib/openstack/lib/python3.10/site-packages/neutron/plugins/ml2/drivers/openvswitch/mech_driver/mech_openvswitch.py", line 133, in bind_port
2026-06-14 00:00:18.285 9 ERROR neutron.plugins.ml2.managers super(OpenvswitchMechanismDriver, self).bind_port(context)
2026-06-14 00:00:18.285 9 ERROR neutron.plugins.ml2.managers
File "/var/lib/openstack/lib/python3.10/site-packages/neutron/plugins/ml2/drivers/mech_agent.py", line 104, in bind_port
2026-06-14 00:00:18.285 9 ERROR neutron.plugins.ml2.managers subnets = self.get_subnets_from_fixed_ips(context)
2026-06-14 00:00:18.285 9 ERROR neutron.plugins.ml2.managers
File "/var/lib/openstack/lib/python3.10/site-packages/neutron/plugins/ml2/drivers/mech_agent.py", line 149, in get_subnets_from_fixed_ips
2026-06-14 00:00:18.285 9 ERROR neutron.plugins.ml2.managers subnets.append(context._plugin.get_subnet(
2026-06-14 00:00:18.285 9 ERROR neutron.plugins.ml2.managers
File "/var/lib/openstack/lib/python3.10/site-packages/neutron_lib/db/api.py", line 223, in wrapped
2026-06-14 00:00:18.285 9 ERROR neutron.plugins.ml2.managers return f_with_retry(*args, **kwargs,
2026-06-14 00:00:18.285 9 ERROR neutron.plugins.ml2.managers
File "/var/lib/openstack/lib/python3.10/site-packages/neutron_lib/db/api.py", line 137, in wrapped
2026-06-14 00:00:18.285 9 ERROR neutron.plugins.ml2.managers with excutils.save_and_reraise_exception():
2026-06-14 00:00:18.285 9 ERROR neutron.plugins.ml2.managers
File "/var/lib/openstack/lib/python3.10/site-packages/oslo_utils/excutils.py", line 227, in __exit__
2026-06-14 00:00:18.285 9 ERROR neutron.plugins.ml2.managers self.force_reraise()
2026-06-14 00:00:18.285 9 ERROR neutron.plugins.ml2.managers
File "/var/lib/openstack/lib/python3.10/site-packages/oslo_utils/excutils.py", line 200, in force_reraise
2026-06-14 00:00:18.285 9 ERROR neutron.plugins.ml2.managers raise self.value
2026-06-14 00:00:18.285 9 ERROR neutron.plugins.ml2.managers
File "/var/lib/openstack/lib/python3.10/site-packages/neutron_lib/db/api.py", line 135, in wrapped
2026-06-14 00:00:18.285 9 ERROR neutron.plugins.ml2.managers return f(*args, **kwargs)
2026-06-14 00:00:18.285 9 ERROR neutron.plugins.ml2.managers
File "/var/lib/openstack/lib/python3.10/site-packages/oslo_db/api.py", line 144, in wrapper
2026-06-14 00:00:18.285 9 ERROR neutron.plugins.ml2.managers with excutils.save_and_reraise_exception() as ectxt:
2026-06-14 00:00:18.285 9 ERROR neutron.plugins.ml2.managers
File "/var/lib/openstack/lib/python3.10/site-packages/oslo_utils/excutils.py", line 227, in __exit__
2026-06-14 00:00:18.285 9 ERROR neutron.plugins.ml2.managers self.force_reraise()
2026-06-14 00:00:18.285 9 ERROR neutron.plugins.ml2.managers
File "/var/lib/openstack/lib/python3.10/site-packages/oslo_utils/excutils.py", line 200, in force_reraise
2026-06-14 00:00:18.285 9 ERROR neutron.plugins.ml2.managers raise self.value
2026-06-14 00:00:18.285 9 ERROR neutron.plugins.ml2.managers
File "/var/lib/openstack/lib/python3.10/site-packages/oslo_db/api.py", line 142, in wrapper
2026-06-14 00:00:18.285 9 ERROR neutron.plugins.ml2.managers return f(*args, **kwargs)
2026-06-14 00:00:18.285 9 ERROR neutron.plugins.ml2.managers
File "/var/lib/openstack/lib/python3.10/site-packages/neutron_lib/db/api.py", line 183, in wrapped
2026-06-14 00:00:18.285 9 ERROR neutron.plugins.ml2.managers with excutils.save_and_reraise_exception():
2026-06-14 00:00:18.285 9 ERROR neutron.plugins.ml2.managers
File "/var/lib/openstack/lib/python3.10/site-packages/oslo_utils/excutils.py", line 227, in __exit__
2026-06-14 00:00:18.285 9 ERROR neutron.plugins.ml2.managers self.force_reraise()
2026-06-14 00:00:18.285 9 ERROR neutron.plugins.ml2.managers
File "/var/lib/openstack/lib/python3.10/site-packages/oslo_utils/excutils.py", line 200, in force_reraise
2026-06-14 00:00:18.285 9 ERROR neutron.plugins.ml2.managers raise self.value
2026-06-14 00:00:18.285 9 ERROR neutron.plugins.ml2.managers
File "/var/lib/openstack/lib/python3.10/site-packages/neutron_lib/db/api.py", line 181, in wrapped
2026-06-14 00:00:18.285 9 ERROR neutron.plugins.ml2.managers return f(*dup_args, **dup_kwargs)
2026-06-14 00:00:18.285 9 ERROR neutron.plugins.ml2.managers
File "/var/lib/openstack/lib/python3.10/site-packages/neutron/db/db_base_plugin_v2.py", line 1198, in get_subnet
2026-06-14 00:00:18.285 9 ERROR neutron.plugins.ml2.managers subnet_obj = self._get_subnet_object(context, id)
2026-06-14 00:00:18.285 9 ERROR neutron.plugins.ml2.managers
File "/var/lib/openstack/lib/python3.10/site-packages/neutron/db/db_base_plugin_common.py", line 282, in _get_subnet_object
2026-06-14 00:00:18.285 9 ERROR neutron.plugins.ml2.managers raise exceptions.SubnetNotFound(subnet_id=id)
2026-06-14 00:00:18.285 9 ERROR neutron.plugins.ml2.managers neutron_lib.exceptions.SubnetNotFound: Subnet 7d30870d-ea3f-4428-8e81-613b174e5312 could not be found.
2026-06-14 00:00:18.285 9 ERROR neutron.plugins.ml2.managers 
2026-06-14 00:00:18.286 9 ERROR neutron.plugins.ml2.managers [None req-c07743d2-ae4b-44bc-82bd-a3989f35c239 - - - - - -] Failed to bind port 29bf6668-939b-4886-b140-ba87520aee2a on host instance for vnic_type normal using segments [{'id': '81f196bd-9ef9-465a-a921-f5d065a8891e', 'network_type': 'vxlan', 'physical_network': None, 'segmentation_id': 980, 'network_id': '20f0d911-02b6-4b3e-a078-991d5c1caa26'}]
2026-06-14 00:00:21.265 10 INFO neutron.plugins.ml2.plugin [None req-2441deea-38be-4713-9e4b-99bf75df92b3 - - - - - -] Attempt 1 to provision port 2d1849cd-9840-42f9-b10e-6f235189639d
2026-06-14 00:00:21.441 9 INFO neutron.plugins.ml2.plugin [None req-7bfd1d26-51c6-4751-a2d5-f7ff02396c71 - - - - - -] Attempt 1 to provision port 2d1849cd-9840-42f9-b10e-6f235189639d
2026-06-14 00:00:26.671 9 INFO neutron.plugins.ml2.plugin [None req-50d3688a-d4d0-4be7-82c4-42c96bdf8f72 - - - - - -] Attempt 1 to provision port 520c43eb-6215-466b-94db-73620e267086
2026-06-14 00:00:27.282 9 INFO neutron.plugins.ml2.plugin [None req-2441deea-38be-4713-9e4b-99bf75df92b3 - - - - - -] Attempt 1 to provision port 520c43eb-6215-466b-94db-73620e267086
2026-06-14 00:00:27.437 10 INFO neutron.plugins.ml2.plugin [None req-17622e2f-b97b-44d4-91ee-df6abd9cdd9e - - - - - -] Attempt 1 to provision port 6d51edc8-ca2f-491a-9c80-020671be82b1
2026-06-14 00:00:27.527 9 INFO neutron.plugins.ml2.plugin [None req-2441deea-38be-4713-9e4b-99bf75df92b3 - - - - - -] Attempt 1 to provision port 6d51edc8-ca2f-491a-9c80-020671be82b1
2026-06-14 00:00:28.191 10 INFO neutron.plugins.ml2.plugin [None req-45b5ec1a-d113-4f90-a3e3-a28428ad28a6 - - - - - -] Attempt 1 to provision port 8dfe688e-c62c-41a6-a988-51b281dac9a4
2026-06-14 00:00:28.634 9 INFO neutron.plugins.ml2.plugin [None req-dadd02e0-ce86-4783-99c4-36ccae11605e - - - - - -] Attempt 1 to provision port 8dfe688e-c62c-41a6-a988-51b281dac9a4
2026-06-14 00:00:29.260 10 INFO neutron.plugins.ml2.plugin [None req-2441deea-38be-4713-9e4b-99bf75df92b3 - - - - - -] Attempt 1 to provision port 6d51edc8-ca2f-491a-9c80-020671be82b1
2026-06-14 00:00:29.994 9 INFO neutron.plugins.ml2.plugin [None req-a587362a-a2e3-47a0-b4cf-eda5d402fb04 - - - - - -] Attempt 1 to provision port b65360e7-2423-41bf-a2c1-18726eb4a53e
2026-06-14 00:00:30.551 10 INFO neutron.plugins.ml2.plugin [None req-706ccfc9-ab27-4509-a934-0eac3f9173ae - - - - - -] Attempt 1 to provision port b65360e7-2423-41bf-a2c1-18726eb4a53e
2026-06-14 00:00:35.141 10 INFO neutron.plugins.ml2.plugin [None req-18e7ab53-a892-4080-a5a0-6da6dad19c4d - - - - - -] Attempt 1 to provision port c9050aa1-7b02-415d-abcc-657c4169e30a
2026-06-14 00:00:35.319 10 INFO neutron.plugins.ml2.plugin [None req-2441deea-38be-4713-9e4b-99bf75df92b3 - - - - - -] Attempt 1 to provision port 80dea96a-4028-4854-bafe-99440aa0a5f4
2026-06-14 00:00:35.672 9 INFO neutron.plugins.ml2.plugin [None req-76c019ba-96f4-4a44-91f3-84b4cd4b3e94 - - - - - -] Attempt 1 to provision port 80dea96a-4028-4854-bafe-99440aa0a5f4
2026-06-14 00:00:35.982 10 INFO neutron.plugins.ml2.plugin [None req-2441deea-38be-4713-9e4b-99bf75df92b3 - - - - - -] Attempt 1 to provision port c9050aa1-7b02-415d-abcc-657c4169e30a
2026-06-14 00:00:36.600 10 INFO neutron.plugins.ml2.plugin [None req-9c2a8826-b7fb-4dca-8ac3-f0b17193ab5a - - - - - -] Attempt 1 to provision port 5502504d-7ffa-4a41-bc33-c52ac162de5f
2026-06-14 00:00:37.225 9 INFO neutron.plugins.ml2.plugin [None req-2441deea-38be-4713-9e4b-99bf75df92b3 - - - - - -] Attempt 1 to provision port 80dea96a-4028-4854-bafe-99440aa0a5f4
2026-06-14 00:00:37.241 10 INFO neutron.plugins.ml2.plugin [None req-15d9f10c-405b-45d8-a0e3-48865353fc2b - - - - - -] Attempt 1 to provision port 5502504d-7ffa-4a41-bc33-c52ac162de5f
2026-06-14 00:00:37.486 9 INFO neutron.plugins.ml2.plugin [None req-2441deea-38be-4713-9e4b-99bf75df92b3 - - - - - -] Attempt 1 to provision port c9050aa1-7b02-415d-abcc-657c4169e30a
2026-06-14 00:00:38.187 10 INFO neutron.plugins.ml2.plugin [None req-7e499eb1-947d-4a1b-b97d-f7471b7651e5 - - - - - -] Attempt 1 to provision port 347ff8b0-7963-4970-aa73-e465194fa2bb
2026-06-14 00:00:38.947 10 INFO neutron.plugins.ml2.plugin [None req-1a5e88de-87c0-4f4f-a519-3a461f228a63 - - - - - -] Attempt 1 to provision port 347ff8b0-7963-4970-aa73-e465194fa2bb
2026-06-14 00:00:39.238 10 INFO neutron.plugins.ml2.plugin [None req-2441deea-38be-4713-9e4b-99bf75df92b3 - - - - - -] Attempt 1 to provision port 689f5f71-d2df-4f4e-8aa7-1a0dccceb2da
2026-06-14 00:00:39.500 9 INFO neutron.plugins.ml2.plugin [None req-1bc75ab0-d187-4ca7-bf80-2d901040b2fb - - - - - -] Attempt 1 to provision port 689f5f71-d2df-4f4e-8aa7-1a0dccceb2da
2026-06-14 00:00:40.582 9 INFO neutron.plugins.ml2.plugin [None req-11a04eee-ca48-413f-881d-a2624cd52aba - - - - - -] Attempt 1 to provision port 6688236b-e852-44d5-928b-1c75ad63da71
2026-06-14 00:00:40.924 10 INFO neutron.plugins.ml2.plugin [None req-8a1a095b-4bfc-4d41-bc7b-6c6d8e77d1d4 - - - - - -] Attempt 1 to provision port 6688236b-e852-44d5-928b-1c75ad63da71
2026-06-14 00:00:41.240 9 INFO neutron.plugins.ml2.plugin [None req-2441deea-38be-4713-9e4b-99bf75df92b3 - - - - - -] Attempt 1 to provision port 689f5f71-d2df-4f4e-8aa7-1a0dccceb2da
2026-06-14 00:00:47.237 9 INFO neutron.plugins.ml2.plugin [None req-2441deea-38be-4713-9e4b-99bf75df92b3 - - - - - -] Attempt 1 to provision port 423a659d-6dec-41dc-8bd3-83a469380569
2026-06-14 00:00:47.829 10 INFO neutron.plugins.ml2.plugin [None req-8b678f46-53ac-4444-9dd6-cd9918f68719 - - - - - -] Attempt 1 to provision port 423a659d-6dec-41dc-8bd3-83a469380569
2026-06-14 00:00:48.878 9 INFO neutron.plugins.ml2.plugin [None req-6c10b7f7-33da-41ed-9098-a75358b98ce1 - - - - - -] Attempt 1 to provision port 93529da2-0089-4491-9b66-49f5a433906c
2026-06-14 00:00:49.288 10 INFO neutron.plugins.ml2.plugin [None req-b6a0cb19-02c9-4048-b5cc-bf03836fb5ec - - - - - -] Attempt 1 to provision port 785ac66a-d5f0-41bd-b050-5636e9c35d11
2026-06-14 00:00:49.342 9 INFO neutron.plugins.ml2.plugin [None req-2441deea-38be-4713-9e4b-99bf75df92b3 - - - - - -] Attempt 1 to provision port 93529da2-0089-4491-9b66-49f5a433906c
2026-06-14 00:00:49.429 10 INFO neutron.plugins.ml2.plugin [None req-f911269e-4c4b-447e-ae1a-1e095af1ebfc - - - - - -] Attempt 1 to provision port 785ac66a-d5f0-41bd-b050-5636e9c35d11
2026-06-14 00:00:49.650 9 INFO neutron.plugins.ml2.plugin [None req-2441deea-38be-4713-9e4b-99bf75df92b3 - - - - - -] Attempt 1 to provision port 423a659d-6dec-41dc-8bd3-83a469380569
2026-06-14 00:00:50.378 10 INFO neutron.plugins.ml2.plugin [None req-7affb258-1461-40cd-8b1b-2551d5aff40f - - - - - -] Attempt 1 to provision port 4f7fa5d3-f403-41a0-8f16-8b2a277bfbd3
2026-06-14 00:00:50.834 10 INFO neutron.plugins.ml2.plugin [None req-66ef3008-483a-42eb-a06f-2e9a09557201 - - - - - -] Attempt 1 to provision port 4f7fa5d3-f403-41a0-8f16-8b2a277bfbd3
2026-06-14 00:00:51.266 9 INFO neutron.plugins.ml2.plugin [None req-2441deea-38be-4713-9e4b-99bf75df92b3 - - - - - -] Attempt 1 to provision port 93529da2-0089-4491-9b66-49f5a433906c
2026-06-14 00:00:53.496 10 INFO neutron.plugins.ml2.plugin [None req-70df1f95-d8ec-4ef3-a2bc-6666650a85d5 - - - - - -] Attempt 1 to provision port 73166ef9-7e80-47d2-970d-012b300e022d
2026-06-14 00:00:56.761 10 INFO neutron.plugins.ml2.plugin [None req-59fe2118-d66f-4e68-acf6-cfc319d6ec92 - - - - - -] Attempt 1 to provision port cc7349e4-e612-4dd7-818c-5db8a7052785
2026-06-14 00:00:57.296 9 INFO neutron.plugins.ml2.plugin [None req-2441deea-38be-4713-9e4b-99bf75df92b3 - - - - - -] Attempt 1 to provision port cc7349e4-e612-4dd7-818c-5db8a7052785
2026-06-14 00:00:57.788 9 INFO neutron.plugins.ml2.plugin [None req-2441deea-38be-4713-9e4b-99bf75df92b3 - - - - - -] Attempt 1 to provision port 0cf338ce-f643-42d4-963e-ca17cad8c4d2
2026-06-14 00:00:57.795 10 INFO neutron.plugins.ml2.plugin [None req-68f1fdf5-45b0-4a9a-b83e-0f0eed6434d2 - - - - - -] Attempt 1 to provision port d7563c65-69ae-4529-bec2-3f94b03fb972
2026-06-14 00:00:58.164 9 INFO neutron.plugins.ml2.plugin [None req-bfa60a8b-1e0e-4144-a430-ee4a146b3723 - - - - - -] Attempt 1 to provision port 0cf338ce-f643-42d4-963e-ca17cad8c4d2
2026-06-14 00:00:58.334 9 INFO neutron.plugins.ml2.plugin [None req-2441deea-38be-4713-9e4b-99bf75df92b3 - - - - - -] Attempt 1 to provision port d7563c65-69ae-4529-bec2-3f94b03fb972
2026-06-14 00:00:59.335 10 INFO neutron.plugins.ml2.plugin [None req-2441deea-38be-4713-9e4b-99bf75df92b3 - - - - - -] Attempt 1 to provision port 0cf338ce-f643-42d4-963e-ca17cad8c4d2
2026-06-14 00:00:59.358 9 INFO neutron.plugins.ml2.plugin [None req-548b76d2-34ba-4e87-890e-4d43d9ba35ee - - - - - -] Attempt 1 to provision port c2a756e5-315f-43e2-9194-ce5b87490960
2026-06-14 00:00:59.648 10 INFO neutron.plugins.ml2.plugin [None req-2441deea-38be-4713-9e4b-99bf75df92b3 - - - - - -] Attempt 1 to provision port d7563c65-69ae-4529-bec2-3f94b03fb972
2026-06-14 00:00:59.797 10 INFO neutron.plugins.ml2.plugin [None req-d770dea4-c8f9-4d5e-8e36-3fb74907d30f - - - - - -] Attempt 1 to provision port c2a756e5-315f-43e2-9194-ce5b87490960
2026-06-14 00:00:59.834 10 INFO neutron.plugins.ml2.plugin [None req-d770dea4-c8f9-4d5e-8e36-3fb74907d30f - - - - - -] Attempt 1 to provision port 237bc181-cb84-4bf5-bea7-b2772face0a3
2026-06-14 00:00:59.942 10 INFO neutron.plugins.ml2.plugin [None req-2441deea-38be-4713-9e4b-99bf75df92b3 - - - - - -] Attempt 1 to provision port 237bc181-cb84-4bf5-bea7-b2772face0a3
2026-06-14 00:01:01.468 10 INFO neutron.plugins.ml2.plugin [None req-2441deea-38be-4713-9e4b-99bf75df92b3 - - - - - -] Attempt 1 to provision port 1de89267-e7cd-44e8-abd9-d7dcbe42627b
2026-06-14 00:01:01.870 9 INFO neutron.plugins.ml2.plugin [None req-6eb8b8b3-2a2b-4654-921d-6bd9f9e3e4c9 - - - - - -] Attempt 1 to provision port 1de89267-e7cd-44e8-abd9-d7dcbe42627b
2026-06-14 00:01:01.987 10 INFO neutron.plugins.ml2.plugin [None req-2441deea-38be-4713-9e4b-99bf75df92b3 - - - - - -] Attempt 1 to provision port 237bc181-cb84-4bf5-bea7-b2772face0a3
2026-06-14 00:01:02.661 10 INFO neutron.plugins.ml2.plugin [None req-ada05b6b-ded1-4a91-87b2-cd4938926921 - - - - - -] Attempt 1 to provision port 6f810d93-4700-4d30-a8aa-835651776f69
2026-06-14 00:01:03.373 9 INFO neutron.plugins.ml2.plugin [None req-2441deea-38be-4713-9e4b-99bf75df92b3 - - - - - -] Attempt 1 to provision port 1de89267-e7cd-44e8-abd9-d7dcbe42627b
2026-06-14 00:01:03.601 10 INFO neutron.plugins.ml2.plugin [None req-affa2f21-eec5-4ea2-ab1b-935145c25bf4 - - - - - -] Attempt 1 to provision port 88cfc2b1-9c47-44f1-a74f-a07b7e58541a
2026-06-14 00:01:03.661 9 INFO neutron.plugins.ml2.plugin [None req-2441deea-38be-4713-9e4b-99bf75df92b3 - - - - - -] Attempt 1 to provision port 6f810d93-4700-4d30-a8aa-835651776f69
2026-06-14 00:01:23.285 9 INFO neutron.plugins.ml2.plugin [None req-2441deea-38be-4713-9e4b-99bf75df92b3 - - - - - -] Attempt 1 to provision port 900a3275-4633-48bd-886d-792a687758ec
2026-06-14 00:01:24.591 9 INFO neutron.plugins.ml2.plugin [None req-e71c47e9-23c9-45c5-a20a-3543f58c19ad - - - - - -] Attempt 1 to provision port 900a3275-4633-48bd-886d-792a687758ec
2026-06-14 00:01:25.392 9 INFO neutron.plugins.ml2.plugin [None req-539aba2f-1aec-4587-ac3f-05b20ac31662 - - - - - -] Attempt 1 to provision port 900a3275-4633-48bd-886d-792a687758ec
2026-06-14 00:01:25.452 10 INFO neutron.plugins.ml2.plugin [None req-2441deea-38be-4713-9e4b-99bf75df92b3 - - - - - -] Attempt 1 to provision port 900a3275-4633-48bd-886d-792a687758ec
2026-06-14 00:01:25.781 10 INFO neutron.plugins.ml2.plugin [None req-2441deea-38be-4713-9e4b-99bf75df92b3 - - - - - -] Attempt 1 to provision port 263e63ad-1c8b-4a59-9292-df2c725550da
2026-06-14 00:01:27.296 10 INFO neutron.plugins.ml2.plugin [None req-dd5ce0ce-4e80-4d02-a2b7-c939c05bd486 - - - - - -] Attempt 1 to provision port c31cf420-0f0c-42b1-9475-1f49b90d1433
2026-06-14 00:01:27.306 9 INFO neutron.plugins.ml2.plugin [None req-2441deea-38be-4713-9e4b-99bf75df92b3 - - - - - -] Attempt 1 to provision port 263e63ad-1c8b-4a59-9292-df2c725550da
2026-06-14 00:01:27.451 10 INFO neutron.plugins.ml2.plugin [None req-cca28866-38bb-4446-bbbc-7584933e8b2b - - - - - -] Attempt 1 to provision port 263e63ad-1c8b-4a59-9292-df2c725550da
2026-06-14 00:01:27.689 9 INFO neutron.plugins.ml2.plugin [None req-2441deea-38be-4713-9e4b-99bf75df92b3 - - - - - -] Attempt 1 to provision port 29471ac4-01a4-4114-aa3a-89255f4ce62d
2026-06-14 00:01:28.047 9 INFO neutron.plugins.ml2.plugin [None req-fdd32717-27ac-494f-bd77-8d0c83b0de14 - - - - - -] Attempt 1 to provision port 263e63ad-1c8b-4a59-9292-df2c725550da
2026-06-14 00:01:28.265 9 INFO neutron.plugins.ml2.plugin [None req-a0fea9ba-8831-48f3-b7d1-5688c8ed167e - - - - - -] Attempt 1 to provision port 29471ac4-01a4-4114-aa3a-89255f4ce62d
2026-06-14 00:01:28.770 10 INFO neutron.plugins.ml2.plugin [None req-c06f9e51-b6a9-4365-8173-e224a48546ac - - - - - -] Attempt 1 to provision port 29471ac4-01a4-4114-aa3a-89255f4ce62d
2026-06-14 00:01:29.341 9 INFO neutron.plugins.ml2.plugin [None req-2441deea-38be-4713-9e4b-99bf75df92b3 - - - - - -] Attempt 1 to provision port 29471ac4-01a4-4114-aa3a-89255f4ce62d
2026-06-14 00:01:29.779 10 INFO neutron.plugins.ml2.plugin [None req-b14035ab-5782-4547-a68c-277e583a7128 - - - - - -] Attempt 1 to provision port 238d2f90-34d5-4c80-b223-913e175c342a
2026-06-14 00:01:30.444 9 INFO neutron.plugins.ml2.plugin [None req-3477b605-4220-49c6-9fcd-7c73084aa2d2 - - - - - -] Attempt 1 to provision port 238d2f90-34d5-4c80-b223-913e175c342a
2026-06-14 00:01:31.304 10 INFO neutron.plugins.ml2.plugin [None req-2441deea-38be-4713-9e4b-99bf75df92b3 - - - - - -] Attempt 1 to provision port 174992fa-a758-4f36-9f11-5937c9b2e6d7
2026-06-14 00:01:31.769 10 INFO neutron.plugins.ml2.plugin [None req-2441deea-38be-4713-9e4b-99bf75df92b3 - - - - - -] Attempt 1 to provision port 4e48cb8b-f6c5-4e02-a8f0-ff12f7750a88
2026-06-14 00:01:32.189 10 INFO neutron.plugins.ml2.plugin [None req-c3b0afd9-94af-4a23-8de7-c2b3ebe152fb - - - - - -] Attempt 1 to provision port 0e564e2b-67ce-47fc-8783-1f9a10ee5946
2026-06-14 00:01:32.334 9 INFO neutron.plugins.ml2.plugin [None req-7b1ed015-16dc-49ef-8d32-b4cfc3ae59d2 - - - - - -] Attempt 1 to provision port 4e48cb8b-f6c5-4e02-a8f0-ff12f7750a88
2026-06-14 00:01:32.402 9 INFO neutron.plugins.ml2.plugin [None req-7b1ed015-16dc-49ef-8d32-b4cfc3ae59d2 - - - - - -] Attempt 1 to provision port bba8818c-5251-4a93-beea-31e3f56acead
2026-06-14 00:01:32.746 9 INFO neutron.plugins.ml2.plugin [None req-1690669e-d257-45cf-8905-2dbe1bbdd96d - - - - - -] Attempt 1 to provision port bba8818c-5251-4a93-beea-31e3f56acead
2026-06-14 00:01:33.275 10 INFO neutron.plugins.ml2.plugin [None req-2441deea-38be-4713-9e4b-99bf75df92b3 - - - - - -] Attempt 1 to provision port 174992fa-a758-4f36-9f11-5937c9b2e6d7
2026-06-14 00:01:33.731 10 INFO neutron.plugins.ml2.plugin [None req-2441deea-38be-4713-9e4b-99bf75df92b3 - - - - - -] Attempt 1 to provision port 4e48cb8b-f6c5-4e02-a8f0-ff12f7750a88
2026-06-14 00:01:33.906 10 INFO neutron.plugins.ml2.plugin [None req-0dc8ce94-4a35-455e-9bf8-6436f1687fe2 - - - - - -] Attempt 1 to provision port 9272eaa4-21bb-4100-b300-54f993de83d9
2026-06-14 00:01:34.801 10 INFO neutron.plugins.ml2.plugin [None req-33eb6c68-a9e2-4293-91b4-b1d1247a7a5c - - - - - -] Attempt 1 to provision port 9272eaa4-21bb-4100-b300-54f993de83d9
2026-06-14 00:01:35.293 9 INFO neutron.plugins.ml2.plugin [None req-2441deea-38be-4713-9e4b-99bf75df92b3 - - - - - -] Attempt 1 to provision port d7f6c45b-52b0-4d8f-a634-7bcc187e2f45
2026-06-14 00:01:35.559 9 INFO neutron.plugins.ml2.plugin [None req-5e05c565-b6a1-4c42-bf79-ae12bfb3bc32 - - - - - -] Attempt 1 to provision port ab425dbc-7c51-4a17-8980-cb9e6b81921c
2026-06-14 00:01:36.237 9 INFO neutron.plugins.ml2.plugin [None req-32b72a00-72e2-42df-8a36-6877701dcbe4 - - - - - -] Attempt 1 to provision port ab425dbc-7c51-4a17-8980-cb9e6b81921c
2026-06-14 00:01:37.311 10 INFO neutron.plugins.ml2.plugin [None req-2441deea-38be-4713-9e4b-99bf75df92b3 - - - - - -] Attempt 1 to provision port d7f6c45b-52b0-4d8f-a634-7bcc187e2f45
2026-06-14 00:01:39.336 9 INFO neutron.plugins.ml2.plugin [None req-2441deea-38be-4713-9e4b-99bf75df92b3 - - - - - -] Attempt 1 to provision port 0e334b6c-10df-451b-aa4b-07721b9712a1
2026-06-14 00:01:39.814 9 INFO neutron.plugins.ml2.plugin [None req-aa1abe1f-69ec-4060-a85b-775948d99f80 - - - - - -] Attempt 1 to provision port 0765d70a-707b-453a-b5c9-b94c0e77fd54
2026-06-14 00:01:40.380 9 INFO neutron.plugins.ml2.plugin [None req-a4aa4e19-d3eb-4006-9c11-60bf4606c8ac - - - - - -] Attempt 1 to provision port 0e334b6c-10df-451b-aa4b-07721b9712a1
2026-06-14 00:01:41.309 10 INFO neutron.plugins.ml2.plugin [None req-2441deea-38be-4713-9e4b-99bf75df92b3 - - - - - -] Attempt 1 to provision port 0e334b6c-10df-451b-aa4b-07721b9712a1
2026-06-14 00:01:41.988 10 INFO neutron.plugins.ml2.plugin [None req-9118eede-2738-4c67-a141-60444e3ed771 - - - - - -] Attempt 1 to provision port fab84489-f9f5-44c4-9fec-0b6d9a4adf34
2026-06-14 00:01:42.359 10 INFO neutron.plugins.ml2.plugin [None req-e97164ea-edcc-4e9e-900b-b89794660145 - - - - - -] Attempt 1 to provision port bb05a294-9b4e-4c51-ae74-8498e35fd0de
2026-06-14 00:01:42.720 10 INFO neutron.plugins.ml2.plugin [None req-53f183fe-0692-4236-b4de-d2e4af634b91 - - - - - -] Attempt 1 to provision port fab84489-f9f5-44c4-9fec-0b6d9a4adf34
2026-06-14 00:01:43.308 9 INFO neutron.plugins.ml2.plugin [None req-2441deea-38be-4713-9e4b-99bf75df92b3 - - - - - -] Attempt 1 to provision port 7742e517-c013-4dfa-af78-fc6ea0e043ce
2026-06-14 00:01:45.404 9 INFO neutron.plugins.ml2.plugin [None req-2441deea-38be-4713-9e4b-99bf75df92b3 - - - - - -] Attempt 1 to provision port 7742e517-c013-4dfa-af78-fc6ea0e043ce
2026-06-14 00:01:45.711 9 INFO neutron.plugins.ml2.plugin [None req-2441deea-38be-4713-9e4b-99bf75df92b3 - - - - - -] Attempt 1 to provision port bb05a294-9b4e-4c51-ae74-8498e35fd0de
2026-06-14 00:01:45.841 9 INFO neutron.notifiers.nova [-] Nova event matching ['req-88490af0-2945-405a-b0a8-bf4d74073458'] response: {'server_uuid': '728e112b-3c8b-46ed-9c34-8e2c254ab37b', 'name': 'network-vif-plugged', 'status': 'completed', 'tag': 'bb05a294-9b4e-4c51-ae74-8498e35fd0de', 'code': 200}
2026-06-14 00:01:47.363 10 INFO neutron.plugins.ml2.plugin [None req-2441deea-38be-4713-9e4b-99bf75df92b3 - - - - - -] Attempt 1 to provision port bb05a294-9b4e-4c51-ae74-8498e35fd0de
2026-06-14 00:01:48.426 10 INFO neutron.plugins.ml2.plugin [None req-9525ed0a-bf78-4280-8cb1-3cfa41445ab9 - - - - - -] Attempt 1 to provision port 4d7e3c78-9426-4037-85c6-5f4977f890aa
2026-06-14 00:01:49.377 9 INFO neutron.plugins.ml2.plugin [None req-2441deea-38be-4713-9e4b-99bf75df92b3 - - - - - -] Attempt 1 to provision port 9272eaa4-21bb-4100-b300-54f993de83d9
2026-06-14 00:01:50.051 9 INFO neutron.plugins.ml2.plugin [None req-2441deea-38be-4713-9e4b-99bf75df92b3 - - - - - -] Attempt 1 to provision port 238d2f90-34d5-4c80-b223-913e175c342a
2026-06-14 00:01:51.436 10 INFO neutron.plugins.ml2.plugin [None req-2441deea-38be-4713-9e4b-99bf75df92b3 - - - - - -] Attempt 1 to provision port 9272eaa4-21bb-4100-b300-54f993de83d9
2026-06-14 00:01:51.712 10 INFO neutron.plugins.ml2.plugin [None req-2441deea-38be-4713-9e4b-99bf75df92b3 - - - - - -] Attempt 1 to provision port 238d2f90-34d5-4c80-b223-913e175c342a
2026-06-14 00:01:51.971 10 INFO neutron.plugins.ml2.plugin [None req-2441deea-38be-4713-9e4b-99bf75df92b3 - - - - - -] Attempt 1 to provision port bba8818c-5251-4a93-beea-31e3f56acead
2026-06-14 00:01:52.291 10 INFO neutron.plugins.ml2.plugin [None req-2441deea-38be-4713-9e4b-99bf75df92b3 - - - - - -] Attempt 1 to provision port 0e564e2b-67ce-47fc-8783-1f9a10ee5946
2026-06-14 00:01:52.583 10 INFO neutron.plugins.ml2.plugin [None req-2441deea-38be-4713-9e4b-99bf75df92b3 - - - - - -] Attempt 1 to provision port 4d7e3c78-9426-4037-85c6-5f4977f890aa
2026-06-14 00:01:52.705 10 INFO neutron.notifiers.nova [-] Nova event matching ['req-fba260eb-eefe-407c-b949-f8924a14b425'] response: {'server_uuid': '954ad380-5543-4103-bd7b-284bf48e8395', 'name': 'network-vif-plugged', 'status': 'completed', 'tag': '4d7e3c78-9426-4037-85c6-5f4977f890aa', 'code': 200}
2026-06-14 00:01:53.142 10 INFO neutron.plugins.ml2.plugin [None req-2441deea-38be-4713-9e4b-99bf75df92b3 - - - - - -] Attempt 1 to provision port c31cf420-0f0c-42b1-9475-1f49b90d1433
2026-06-14 00:01:53.631 9 INFO neutron.plugins.ml2.plugin [None req-2441deea-38be-4713-9e4b-99bf75df92b3 - - - - - -] Attempt 1 to provision port ab425dbc-7c51-4a17-8980-cb9e6b81921c
2026-06-14 00:01:53.963 9 INFO neutron.plugins.ml2.plugin [None req-2441deea-38be-4713-9e4b-99bf75df92b3 - - - - - -] Attempt 1 to provision port bba8818c-5251-4a93-beea-31e3f56acead
2026-06-14 00:01:54.277 9 INFO neutron.plugins.ml2.plugin [None req-2441deea-38be-4713-9e4b-99bf75df92b3 - - - - - -] Attempt 1 to provision port 0e564e2b-67ce-47fc-8783-1f9a10ee5946
2026-06-14 00:01:54.540 9 INFO neutron.plugins.ml2.plugin [None req-2441deea-38be-4713-9e4b-99bf75df92b3 - - - - - -] Attempt 1 to provision port 4d7e3c78-9426-4037-85c6-5f4977f890aa
2026-06-14 00:01:54.791 9 INFO neutron.plugins.ml2.plugin [None req-2441deea-38be-4713-9e4b-99bf75df92b3 - - - - - -] Attempt 1 to provision port c31cf420-0f0c-42b1-9475-1f49b90d1433
2026-06-14 00:01:55.331 9 INFO neutron.plugins.ml2.plugin [None req-acc56294-8802-4507-b987-26e85d648538 - - - - - -] Attempt 1 to provision port dcfdcdb3-01bc-448e-be61-43376b4b9051
2026-06-14 00:01:55.594 10 INFO neutron.plugins.ml2.plugin [None req-2441deea-38be-4713-9e4b-99bf75df92b3 - - - - - -] Attempt 1 to provision port ab425dbc-7c51-4a17-8980-cb9e6b81921c
2026-06-14 00:01:57.745 9 INFO neutron.plugins.ml2.plugin [None req-2441deea-38be-4713-9e4b-99bf75df92b3 - - - - - -] Attempt 1 to provision port dcfdcdb3-01bc-448e-be61-43376b4b9051
2026-06-14 00:01:57.862 9 INFO neutron.notifiers.nova [-] Nova event matching ['req-c1a20356-8905-4520-8f88-847d52e5dfbb'] response: {'server_uuid': '6f12653a-f2b5-4fa8-8671-44338b4cb0b6', 'name': 'network-vif-plugged', 'status': 'completed', 'tag': 'dcfdcdb3-01bc-448e-be61-43376b4b9051', 'code': 200}
2026-06-14 00:01:59.635 10 INFO neutron.plugins.ml2.plugin [None req-2441deea-38be-4713-9e4b-99bf75df92b3 - - - - - -] Attempt 1 to provision port dcfdcdb3-01bc-448e-be61-43376b4b9051
2026-06-14 00:01:59.987 10 INFO neutron.plugins.ml2.plugin [None req-2441deea-38be-4713-9e4b-99bf75df92b3 - - - - - -] Attempt 1 to provision port fab84489-f9f5-44c4-9fec-0b6d9a4adf34
2026-06-14 00:02:00.356 10 INFO neutron.plugins.ml2.plugin [None req-2441deea-38be-4713-9e4b-99bf75df92b3 - - - - - -] Attempt 1 to provision port 0765d70a-707b-453a-b5c9-b94c0e77fd54
2026-06-14 00:02:01.591 9 INFO neutron.plugins.ml2.plugin [None req-2441deea-38be-4713-9e4b-99bf75df92b3 - - - - - -] Attempt 1 to provision port fab84489-f9f5-44c4-9fec-0b6d9a4adf34
2026-06-14 00:02:01.848 9 INFO neutron.plugins.ml2.plugin [None req-2441deea-38be-4713-9e4b-99bf75df92b3 - - - - - -] Attempt 1 to provision port 0765d70a-707b-453a-b5c9-b94c0e77fd54
2026-06-14 00:02:15.643 9 INFO neutron.plugins.ml2.plugin [None req-52329086-7c59-4fe2-9df2-ed5d4a02348a - - - - - -] Attempt 1 to provision port 478e86b2-b658-4234-bf54-f2920ec0e61f
2026-06-14 00:02:29.998 10 INFO neutron.plugins.ml2.plugin [None req-47d9897c-6ff7-4499-9c76-350de2cafbee - - - - - -] Attempt 1 to provision port ece962b4-0c65-4bef-8cd0-d4eb3f1497cb
2026-06-14 00:02:31.668 10 INFO neutron.plugins.ml2.plugin [None req-2441deea-38be-4713-9e4b-99bf75df92b3 - - - - - -] Attempt 1 to provision port ece962b4-0c65-4bef-8cd0-d4eb3f1497cb
2026-06-14 00:02:31.800 10 INFO neutron.notifiers.nova [-] Nova event matching ['req-6b7df452-a465-4fc4-854e-b23e712f09b8'] response: {'server_uuid': '9efb3f14-0175-4dbb-9afe-9c40a3144319', 'name': 'network-vif-plugged', 'status': 'completed', 'tag': 'ece962b4-0c65-4bef-8cd0-d4eb3f1497cb', 'code': 200}
2026-06-14 00:02:33.603 9 INFO neutron.plugins.ml2.plugin [None req-2441deea-38be-4713-9e4b-99bf75df92b3 - - - - - -] Attempt 1 to provision port ece962b4-0c65-4bef-8cd0-d4eb3f1497cb
2026-06-14 00:03:10.360 10 INFO neutron.plugins.ml2.plugin [None req-700feca2-970e-48aa-b351-cad971a48cd0 - - - - - -] Attempt 1 to provision port a18db734-0c99-487a-a6a8-f7a5496b5d17
