Jun 19 01:10:30.318898 np0000182259 devstack@neutron-api.service[103342]: DEBUG neutron_lib.callbacks.manager [None req-a3204b2f-3891-46b4-bcbe-e0eeeaf72f37 None None] Subscribe: > security_group precommit_delete 55550000, False {{(pid=103342) subscribe /opt/stack/data/venv/lib/python3.12/site-packages/neutron_lib/callbacks/manager.py:52}}
Jun 19 01:10:30.319000 np0000182259 devstack@neutron-api.service[103342]: DEBUG neutron_lib.callbacks.manager [None req-a3204b2f-3891-46b4-bcbe-e0eeeaf72f37 None None] Subscribe: > security_group after_delete 55550000, False {{(pid=103342) subscribe /opt/stack/data/venv/lib/python3.12/site-packages/neutron_lib/callbacks/manager.py:52}}
Jun 19 01:10:30.319104 np0000182259 devstack@neutron-api.service[103342]: DEBUG neutron_lib.callbacks.manager [None req-a3204b2f-3891-46b4-bcbe-e0eeeaf72f37 None None] Subscribe: > security_group_rule precommit_create 55550000, False {{(pid=103342) subscribe /opt/stack/data/venv/lib/python3.12/site-packages/neutron_lib/callbacks/manager.py:52}}
Jun 19 01:10:30.319231 np0000182259 devstack@neutron-api.service[103342]: DEBUG neutron_lib.callbacks.manager [None req-a3204b2f-3891-46b4-bcbe-e0eeeaf72f37 None None] Subscribe: > security_group_rule after_create 55550000, False {{(pid=103342) subscribe /opt/stack/data/venv/lib/python3.12/site-packages/neutron_lib/callbacks/manager.py:52}}
Jun 19 01:10:30.319359 np0000182259 devstack@neutron-api.service[103342]: DEBUG neutron_lib.callbacks.manager [None req-a3204b2f-3891-46b4-bcbe-e0eeeaf72f37 None None] Subscribe: > security_group_rule before_delete 55550000, False {{(pid=103342) subscribe /opt/stack/data/venv/lib/python3.12/site-packages/neutron_lib/callbacks/manager.py:52}}
Jun 19 01:10:30.319464 np0000182259 devstack@neutron-api.service[103342]: DEBUG neutron_lib.callbacks.manager [None req-a3204b2f-3891-46b4-bcbe-e0eeeaf72f37 None None] Subscribe: > address_group after_create 55550000, False {{(pid=103342) subscribe /opt/stack/data/venv/lib/python3.12/site-packages/neutron_lib/callbacks/manager.py:52}}
Jun 19 01:10:30.319569 np0000182259 devstack@neutron-api.service[103342]: DEBUG neutron_lib.callbacks.manager [None req-a3204b2f-3891-46b4-bcbe-e0eeeaf72f37 None None] Subscribe: > address_group after_update 55550000, False {{(pid=103342) subscribe /opt/stack/data/venv/lib/python3.12/site-packages/neutron_lib/callbacks/manager.py:52}}
Jun 19 01:10:30.319677 np0000182259 devstack@neutron-api.service[103342]: DEBUG neutron_lib.callbacks.manager [None req-a3204b2f-3891-46b4-bcbe-e0eeeaf72f37 None None] Subscribe: > address_group after_delete 55550000, False {{(pid=103342) subscribe /opt/stack/data/venv/lib/python3.12/site-packages/neutron_lib/callbacks/manager.py:52}}
Jun 19 01:10:30.319827 np0000182259 devstack@neutron-api.service[103342]: DEBUG neutron_lib.callbacks.manager [None req-a3204b2f-3891-46b4-bcbe-e0eeeaf72f37 None None] Subscribe: > qos_plugin after_init 55550000, False {{(pid=103342) subscribe /opt/stack/data/venv/lib/python3.12/site-packages/neutron_lib/callbacks/manager.py:52}}
Jun 19 01:10:30.320002 np0000182259 devstack@neutron-api.service[103342]: DEBUG neutron_lib.callbacks.manager [None req-a3204b2f-3891-46b4-bcbe-e0eeeaf72f37 None None] Subscribe: > trunk_plugin after_init 55550000, False {{(pid=103342) subscribe /opt/stack/data/venv/lib/python3.12/site-packages/neutron_lib/callbacks/manager.py:52}}
Jun 19 01:10:30.320208 np0000182259 devstack@neutron-api.service[103340]: DEBUG neutron.services.provider_configuration [None req-31a67c32-aa6c-4376-9373-a96cd1b2865f None None] Service providers = [] {{(pid=103340) parse_service_provider_opt /opt/stack/neutron/neutron/services/provider_configuration.py:170}}
Jun 19 01:10:30.320254 np0000182259 devstack@neutron-api.service[103342]: DEBUG neutron_lib.callbacks.manager [None req-a3204b2f-3891-46b4-bcbe-e0eeeaf72f37 None None] Subscribe: > logging-plugin after_init 55550000, False {{(pid=103342) subscribe /opt/stack/data/venv/lib/python3.12/site-packages/neutron_lib/callbacks/manager.py:52}}
Jun 19 01:10:30.320315 np0000182259 devstack@neutron-api.service[103340]: DEBUG neutron.db.servicetype_db [None req-31a67c32-aa6c-4376-9373-a96cd1b2865f None None] Adding provider configuration for service L3_ROUTER_NAT {{(pid=103340) add_provider_configuration /opt/stack/neutron/neutron/db/servicetype_db.py:45}}
Jun 19 01:10:30.320656 np0000182259 devstack@neutron-api.service[103342]: INFO neutron.services.logapi.drivers.ovn.driver [None req-a3204b2f-3891-46b4-bcbe-e0eeeaf72f37 None None] OVN logging driver registered
Jun 19 01:10:30.320758 np0000182259 devstack@neutron-api.service[103342]: DEBUG neutron_lib.callbacks.manager [None req-a3204b2f-3891-46b4-bcbe-e0eeeaf72f37 None None] Subscribe: ._register_pvlan_driver at 0x7811540c5260> pvlan_plugin before_spawn 55550000, False {{(pid=103342) subscribe /opt/stack/data/venv/lib/python3.12/site-packages/neutron_lib/callbacks/manager.py:52}}
Jun 19 01:10:30.320860 np0000182259 devstack@neutron-api.service[103342]: DEBUG neutron_lib.callbacks.manager [None req-a3204b2f-3891-46b4-bcbe-e0eeeaf72f37 None None] Subscribe: process after_init 55550000, False {{(pid=103342) subscribe /opt/stack/data/venv/lib/python3.12/site-packages/neutron_lib/callbacks/manager.py:52}}
Jun 19 01:10:30.321404 np0000182259 devstack@neutron-api.service[103340]: DEBUG neutron_lib.callbacks.manager [None req-31a67c32-aa6c-4376-9373-a96cd1b2865f None None] Subscribe: > router precommit_create 55549900, False {{(pid=103340) subscribe /opt/stack/data/venv/lib/python3.12/site-packages/neutron_lib/callbacks/manager.py:52}}
Jun 19 01:10:30.321518 np0000182259 devstack@neutron-api.service[103340]: DEBUG neutron_lib.callbacks.manager [None req-31a67c32-aa6c-4376-9373-a96cd1b2865f None None] Subscribe: > router_interface after_create 55550000, False {{(pid=103340) subscribe /opt/stack/data/venv/lib/python3.12/site-packages/neutron_lib/callbacks/manager.py:52}}
Jun 19 01:10:30.321622 np0000182259 devstack@neutron-api.service[103340]: DEBUG neutron_lib.callbacks.manager [None req-31a67c32-aa6c-4376-9373-a96cd1b2865f None None] Subscribe: > floatingip after_create 55550000, False {{(pid=103340) subscribe /opt/stack/data/venv/lib/python3.12/site-packages/neutron_lib/callbacks/manager.py:52}}
Jun 19 01:10:30.321724 np0000182259 devstack@neutron-api.service[103340]: DEBUG neutron_lib.callbacks.manager [None req-31a67c32-aa6c-4376-9373-a96cd1b2865f None None] Subscribe: > floatingip precommit_create 55550000, False {{(pid=103340) subscribe /opt/stack/data/venv/lib/python3.12/site-packages/neutron_lib/callbacks/manager.py:52}}
Jun 19 01:10:30.321816 np0000182259 devstack@neutron-api.service[103340]: DEBUG neutron_lib.callbacks.manager [None req-31a67c32-aa6c-4376-9373-a96cd1b2865f None None] Subscribe: > floatingip precommit_update 55550000, False {{(pid=103340) subscribe /opt/stack/data/venv/lib/python3.12/site-packages/neutron_lib/callbacks/manager.py:52}}
Jun 19 01:10:30.322003 np0000182259 devstack@neutron-api.service[103340]: DEBUG neutron_lib.callbacks.manager [None req-31a67c32-aa6c-4376-9373-a96cd1b2865f None None] Subscribe: > floatingip after_delete 55550000, False {{(pid=103340) subscribe /opt/stack/data/venv/lib/python3.12/site-packages/neutron_lib/callbacks/manager.py:52}}
Jun 19 01:10:30.322003 np0000182259 devstack@neutron-api.service[103340]: DEBUG neutron_lib.callbacks.manager [None req-31a67c32-aa6c-4376-9373-a96cd1b2865f None None] Subscribe: > floatingip after_status_update 55550000, False {{(pid=103340) subscribe /opt/stack/data/venv/lib/python3.12/site-packages/neutron_lib/callbacks/manager.py:52}}
Jun 19 01:10:30.322105 np0000182259 devstack@neutron-api.service[103340]: DEBUG neutron_lib.callbacks.manager [None req-31a67c32-aa6c-4376-9373-a96cd1b2865f None None] Subscribe: > floatingip after_update 55550000, False {{(pid=103340) subscribe /opt/stack/data/venv/lib/python3.12/site-packages/neutron_lib/callbacks/manager.py:52}}
Jun 19 01:10:30.322306 np0000182259 devstack@neutron-api.service[103340]: DEBUG neutron_lib.callbacks.manager [None req-31a67c32-aa6c-4376-9373-a96cd1b2865f None None] Subscribe: > port_forwarding after_create 55550000, False {{(pid=103340) subscribe /opt/stack/data/venv/lib/python3.12/site-packages/neutron_lib/callbacks/manager.py:52}}
Jun 19 01:10:30.322306 np0000182259 devstack@neutron-api.service[103340]: DEBUG neutron_lib.callbacks.manager [None req-31a67c32-aa6c-4376-9373-a96cd1b2865f None None] Subscribe: > router_interface after_delete 55550000, False {{(pid=103340) subscribe /opt/stack/data/venv/lib/python3.12/site-packages/neutron_lib/callbacks/manager.py:52}}
Jun 19 01:10:30.322479 np0000182259 devstack@neutron-api.service[103342]: DEBUG neutron.plugins.ml2.plugin [None req-a3204b2f-3891-46b4-bcbe-e0eeeaf72f37 None None] neutron.plugins.ml2.plugin.Ml2Plugin method _start_rpc_notifiers called with arguments () {} {{(pid=103342) wrapper /opt/stack/data/venv/lib/python3.12/site-packages/oslo_log/helpers.py:77}}
Jun 19 01:10:30.322583 np0000182259 devstack@neutron-api.service[103340]: DEBUG neutron_lib.callbacks.manager [None req-31a67c32-aa6c-4376-9373-a96cd1b2865f None None] Subscribe: > router after_create 55550000, False {{(pid=103340) subscribe /opt/stack/data/venv/lib/python3.12/site-packages/neutron_lib/callbacks/manager.py:52}}
Jun 19 01:10:30.322583 np0000182259 devstack@neutron-api.service[103340]: DEBUG neutron_lib.callbacks.manager [None req-31a67c32-aa6c-4376-9373-a96cd1b2865f None None] Subscribe: > router precommit_create 55550000, False {{(pid=103340) subscribe /opt/stack/data/venv/lib/python3.12/site-packages/neutron_lib/callbacks/manager.py:52}}
Jun 19 01:10:30.322748 np0000182259 devstack@neutron-api.service[103340]: DEBUG neutron_lib.callbacks.manager [None req-31a67c32-aa6c-4376-9373-a96cd1b2865f None None] Subscribe: > router after_delete 55550000, False {{(pid=103340) subscribe /opt/stack/data/venv/lib/python3.12/site-packages/neutron_lib/callbacks/manager.py:52}}
Jun 19 01:10:30.322789 np0000182259 devstack@neutron-api.service[103342]: DEBUG neutron_lib.callbacks.manager [None req-a3204b2f-3891-46b4-bcbe-e0eeeaf72f37 None None] Subscribe: > port after_create 55550000, False {{(pid=103342) subscribe /opt/stack/data/venv/lib/python3.12/site-packages/neutron_lib/callbacks/manager.py:52}}
Jun 19 01:10:30.322834 np0000182259 devstack@neutron-api.service[103340]: DEBUG neutron_lib.callbacks.manager [None req-31a67c32-aa6c-4376-9373-a96cd1b2865f None None] Subscribe: > router after_update 55550000, False {{(pid=103340) subscribe /opt/stack/data/venv/lib/python3.12/site-packages/neutron_lib/callbacks/manager.py:52}}
Jun 19 01:10:30.322923 np0000182259 devstack@neutron-api.service[103342]: DEBUG neutron_lib.callbacks.manager [None req-a3204b2f-3891-46b4-bcbe-e0eeeaf72f37 None None] Subscribe: > port after_update 55550000, False {{(pid=103342) subscribe /opt/stack/data/venv/lib/python3.12/site-packages/neutron_lib/callbacks/manager.py:52}}
Jun 19 01:10:30.322964 np0000182259 devstack@neutron-api.service[103340]: DEBUG neutron.services.service_base [None req-31a67c32-aa6c-4376-9373-a96cd1b2865f None None] Loaded 'neutron.services.ovn_l3.service_providers.ovn.OvnDriver' provider for service L3_ROUTER_NAT {{(pid=103340) load_drivers /opt/stack/neutron/neutron/services/service_base.py:49}}
Jun 19 01:10:30.323081 np0000182259 devstack@neutron-api.service[103342]: DEBUG neutron_lib.callbacks.manager [None req-a3204b2f-3891-46b4-bcbe-e0eeeaf72f37 None None] Subscribe: > port after_delete 55550000, False {{(pid=103342) subscribe /opt/stack/data/venv/lib/python3.12/site-packages/neutron_lib/callbacks/manager.py:52}}
Jun 19 01:10:30.323121 np0000182259 devstack@neutron-api.service[103340]: DEBUG neutron_lib.callbacks.manager [None req-31a67c32-aa6c-4376-9373-a96cd1b2865f None None] Subscribe: > process after_init 55550001, True {{(pid=103340) subscribe /opt/stack/data/venv/lib/python3.12/site-packages/neutron_lib/callbacks/manager.py:52}}
Jun 19 01:10:30.323256 np0000182259 devstack@neutron-api.service[103342]: DEBUG neutron_lib.callbacks.manager [None req-a3204b2f-3891-46b4-bcbe-e0eeeaf72f37 None None] Subscribe: > subnet after_create 55550000, False {{(pid=103342) subscribe /opt/stack/data/venv/lib/python3.12/site-packages/neutron_lib/callbacks/manager.py:52}}
Jun 19 01:10:30.323336 np0000182259 devstack@neutron-api.service[103340]: DEBUG neutron.manager [None req-31a67c32-aa6c-4376-9373-a96cd1b2865f None None] Successfully loaded L3_ROUTER_NAT plugin. Description: L3 Router Service Plugin for basic L3 forwarding using OVN {{(pid=103340) _create_and_add_service_plugin /opt/stack/neutron/neutron/manager.py:239}}
Jun 19 01:10:30.323430 np0000182259 devstack@neutron-api.service[103342]: DEBUG neutron_lib.callbacks.manager [None req-a3204b2f-3891-46b4-bcbe-e0eeeaf72f37 None None] Subscribe: > subnet after_update 55550000, False {{(pid=103342) subscribe /opt/stack/data/venv/lib/python3.12/site-packages/neutron_lib/callbacks/manager.py:52}}
Jun 19 01:10:30.323522 np0000182259 devstack@neutron-api.service[103340]: INFO neutron.manager [None req-31a67c32-aa6c-4376-9373-a96cd1b2865f None None] Loading Plugin: auto_allocate
Jun 19 01:10:30.323600 np0000182259 devstack@neutron-api.service[103342]: DEBUG neutron_lib.callbacks.manager [None req-a3204b2f-3891-46b4-bcbe-e0eeeaf72f37 None None] Subscribe: > subnet after_delete 55550000, False {{(pid=103342) subscribe /opt/stack/data/venv/lib/python3.12/site-packages/neutron_lib/callbacks/manager.py:52}}
Jun 19 01:10:30.323600 np0000182259 devstack@neutron-api.service[103342]: DEBUG neutron_lib.callbacks.manager [None req-a3204b2f-3891-46b4-bcbe-e0eeeaf72f37 None None] Subscribe: > network after_create 55550000, False {{(pid=103342) subscribe /opt/stack/data/venv/lib/python3.12/site-packages/neutron_lib/callbacks/manager.py:52}}
Jun 19 01:10:30.323600 np0000182259 devstack@neutron-api.service[103342]: DEBUG neutron_lib.callbacks.manager [None req-a3204b2f-3891-46b4-bcbe-e0eeeaf72f37 None None] Subscribe: > network after_update 55550000, False {{(pid=103342) subscribe /opt/stack/data/venv/lib/python3.12/site-packages/neutron_lib/callbacks/manager.py:52}}
Jun 19 01:10:30.323600 np0000182259 devstack@neutron-api.service[103342]: DEBUG neutron_lib.callbacks.manager [None req-a3204b2f-3891-46b4-bcbe-e0eeeaf72f37 None None] Subscribe: > network after_delete 55550000, False {{(pid=103342) subscribe /opt/stack/data/venv/lib/python3.12/site-packages/neutron_lib/callbacks/manager.py:52}}
Jun 19 01:10:30.323852 np0000182259 devstack@neutron-api.service[103342]: DEBUG neutron_lib.callbacks.manager [None req-a3204b2f-3891-46b4-bcbe-e0eeeaf72f37 None None] Subscribe: > security_group after_create 55550000, False {{(pid=103342) subscribe /opt/stack/data/venv/lib/python3.12/site-packages/neutron_lib/callbacks/manager.py:52}}
Jun 19 01:10:30.323852 np0000182259 devstack@neutron-api.service[103342]: DEBUG neutron_lib.callbacks.manager [None req-a3204b2f-3891-46b4-bcbe-e0eeeaf72f37 None None] Subscribe: > security_group after_update 55550000, False {{(pid=103342) subscribe /opt/stack/data/venv/lib/python3.12/site-packages/neutron_lib/callbacks/manager.py:52}}
Jun 19 01:10:30.323852 np0000182259 devstack@neutron-api.service[103342]: DEBUG neutron_lib.callbacks.manager [None req-a3204b2f-3891-46b4-bcbe-e0eeeaf72f37 None None] Subscribe: > security_group after_delete 55550000, False {{(pid=103342) subscribe /opt/stack/data/venv/lib/python3.12/site-packages/neutron_lib/callbacks/manager.py:52}}
Jun 19 01:10:30.323852 np0000182259 devstack@neutron-api.service[103342]: DEBUG neutron_lib.callbacks.manager [None req-a3204b2f-3891-46b4-bcbe-e0eeeaf72f37 None None] Subscribe: > security_group_rule after_create 55550000, False {{(pid=103342) subscribe /opt/stack/data/venv/lib/python3.12/site-packages/neutron_lib/callbacks/manager.py:52}}
Jun 19 01:10:30.324112 np0000182259 devstack@neutron-api.service[103342]: DEBUG neutron_lib.callbacks.manager [None req-a3204b2f-3891-46b4-bcbe-e0eeeaf72f37 None None] Subscribe: > security_group_rule after_update 55550000, False {{(pid=103342) subscribe /opt/stack/data/venv/lib/python3.12/site-packages/neutron_lib/callbacks/manager.py:52}}
Jun 19 01:10:30.324227 np0000182259 devstack@neutron-api.service[103340]: DEBUG neutron_lib.callbacks.manager [None req-31a67c32-aa6c-4376-9373-a96cd1b2865f None None] Subscribe: network precommit_update 55550000, False {{(pid=103340) subscribe /opt/stack/data/venv/lib/python3.12/site-packages/neutron_lib/callbacks/manager.py:52}}
Jun 19 01:10:30.324375 np0000182259 devstack@neutron-api.service[103342]: DEBUG neutron_lib.callbacks.manager [None req-a3204b2f-3891-46b4-bcbe-e0eeeaf72f37 None None] Subscribe: > security_group_rule after_delete 55550000, False {{(pid=103342) subscribe /opt/stack/data/venv/lib/python3.12/site-packages/neutron_lib/callbacks/manager.py:52}}
Jun 19 01:10:30.324463 np0000182259 devstack@neutron-api.service[103340]: DEBUG neutron_lib.callbacks.manager [None req-31a67c32-aa6c-4376-9373-a96cd1b2865f None None] Subscribe: network precommit_create 55550000, False {{(pid=103340) subscribe /opt/stack/data/venv/lib/python3.12/site-packages/neutron_lib/callbacks/manager.py:52}}
Jun 19 01:10:30.324548 np0000182259 devstack@neutron-api.service[103342]: DEBUG neutron_lib.callbacks.manager [None req-a3204b2f-3891-46b4-bcbe-e0eeeaf72f37 None None] Subscribe: > address_group after_create 55550000, False {{(pid=103342) subscribe /opt/stack/data/venv/lib/python3.12/site-packages/neutron_lib/callbacks/manager.py:52}}
Jun 19 01:10:30.324548 np0000182259 devstack@neutron-api.service[103342]: DEBUG neutron_lib.callbacks.manager [None req-a3204b2f-3891-46b4-bcbe-e0eeeaf72f37 None None] Subscribe: > address_group after_update 55550000, False {{(pid=103342) subscribe /opt/stack/data/venv/lib/python3.12/site-packages/neutron_lib/callbacks/manager.py:52}}
Jun 19 01:10:30.324705 np0000182259 devstack@neutron-api.service[103340]: DEBUG neutron.manager [None req-31a67c32-aa6c-4376-9373-a96cd1b2865f None None] Successfully loaded auto-allocated-topology plugin. Description: Auto Allocated Topology - aka get me a network. {{(pid=103340) _create_and_add_service_plugin /opt/stack/neutron/neutron/manager.py:239}}
Jun 19 01:10:30.324823 np0000182259 devstack@neutron-api.service[103342]: DEBUG neutron_lib.callbacks.manager [None req-a3204b2f-3891-46b4-bcbe-e0eeeaf72f37 None None] Subscribe: > address_group after_delete 55550000, False {{(pid=103342) subscribe /opt/stack/data/venv/lib/python3.12/site-packages/neutron_lib/callbacks/manager.py:52}}
Jun 19 01:10:30.324863 np0000182259 devstack@neutron-api.service[103340]: INFO neutron.manager [None req-31a67c32-aa6c-4376-9373-a96cd1b2865f None None] Loading Plugin: tag
Jun 19 01:10:30.324978 np0000182259 devstack@neutron-api.service[103342]: DEBUG neutron.plugins.ml2.ovo_rpc [None req-a3204b2f-3891-46b4-bcbe-e0eeeaf72f37 None None] ML2 OVO RPC backend initialized. {{(pid=103342) __init__ /opt/stack/neutron/neutron/plugins/ml2/ovo_rpc.py:117}}
Jun 19 01:10:30.325231 np0000182259 devstack@neutron-api.service[103342]: INFO neutron.quota [None req-a3204b2f-3891-46b4-bcbe-e0eeeaf72f37 None None] Loaded quota_driver: .
Jun 19 01:10:30.325364 np0000182259 devstack@neutron-api.service[103342]: INFO neutron.plugins.ml2.plugin [None req-a3204b2f-3891-46b4-bcbe-e0eeeaf72f37 None None] Modular L2 Plugin initialization complete
Jun 19 01:10:30.325403 np0000182259 devstack@neutron-api.service[103342]: DEBUG neutron.manager [None req-a3204b2f-3891-46b4-bcbe-e0eeeaf72f37 None None] Loading services supported by the core plugin {{(pid=103342) _load_services_from_core_plugin /opt/stack/neutron/neutron/manager.py:170}}
Jun 19 01:10:30.325542 np0000182259 devstack@neutron-api.service[103342]: INFO neutron.plugins.ml2.managers [None req-a3204b2f-3891-46b4-bcbe-e0eeeaf72f37 None None] Got port-security extension from driver 'port_security'
Jun 19 01:10:30.325790 np0000182259 devstack@neutron-api.service[103342]: DEBUG neutron.manager [None req-a3204b2f-3891-46b4-bcbe-e0eeeaf72f37 None None] Loading service plugins: ['ovn-router', 'auto_allocate', 'tag', 'timestamp', 'network_ip_availability', 'flavors', 'revisions'] {{(pid=103342) _load_service_plugins /opt/stack/neutron/neutron/manager.py:195}}
Jun 19 01:10:30.325839 np0000182259 devstack@neutron-api.service[103342]: INFO neutron.manager [None req-a3204b2f-3891-46b4-bcbe-e0eeeaf72f37 None None] Loading Plugin: ovn-router
Jun 19 01:10:30.326896 np0000182259 devstack@neutron-api.service[103340]: DEBUG neutron.manager [None req-31a67c32-aa6c-4376-9373-a96cd1b2865f None None] Successfully loaded TAG plugin. Description: Tag support {{(pid=103340) _create_and_add_service_plugin /opt/stack/neutron/neutron/manager.py:239}}
Jun 19 01:10:30.326998 np0000182259 devstack@neutron-api.service[103340]: INFO neutron.manager [None req-31a67c32-aa6c-4376-9373-a96cd1b2865f None None] Loading Plugin: timestamp
Jun 19 01:10:30.328159 np0000182259 devstack@neutron-api.service[103340]: DEBUG neutron.manager [None req-31a67c32-aa6c-4376-9373-a96cd1b2865f None None] Successfully loaded timestamp plugin. Description: Adds timestamps to Neutron resources with standard attributes {{(pid=103340) _create_and_add_service_plugin /opt/stack/neutron/neutron/manager.py:239}}
Jun 19 01:10:30.328247 np0000182259 devstack@neutron-api.service[103340]: INFO neutron.manager [None req-31a67c32-aa6c-4376-9373-a96cd1b2865f None None] Loading Plugin: network_ip_availability
Jun 19 01:10:30.330085 np0000182259 devstack@neutron-api.service[103340]: DEBUG neutron.manager [None req-31a67c32-aa6c-4376-9373-a96cd1b2865f None None] Successfully loaded network-ip-availability plugin. Description: Provides IP availability data for each network and subnet. {{(pid=103340) _create_and_add_service_plugin /opt/stack/neutron/neutron/manager.py:239}}
Jun 19 01:10:30.330234 np0000182259 devstack@neutron-api.service[103340]: INFO neutron.manager [None req-31a67c32-aa6c-4376-9373-a96cd1b2865f None None] Loading Plugin: flavors
Jun 19 01:10:30.331072 np0000182259 devstack@neutron-api.service[103340]: DEBUG neutron.manager [None req-31a67c32-aa6c-4376-9373-a96cd1b2865f None None] Successfully loaded FLAVORS plugin. Description: Neutron Flavors and Service Profiles manager plugin {{(pid=103340) _create_and_add_service_plugin /opt/stack/neutron/neutron/manager.py:239}}
Jun 19 01:10:30.331072 np0000182259 devstack@neutron-api.service[103340]: INFO neutron.manager [None req-31a67c32-aa6c-4376-9373-a96cd1b2865f None None] Loading Plugin: revisions
Jun 19 01:10:30.332004 np0000182259 devstack@neutron-api.service[103340]: DEBUG neutron.manager [None req-31a67c32-aa6c-4376-9373-a96cd1b2865f None None] Successfully loaded revision_plugin plugin. Description: Adds revision numbers to resources. {{(pid=103340) _create_and_add_service_plugin /opt/stack/neutron/neutron/manager.py:239}}
Jun 19 01:10:30.332143 np0000182259 devstack@neutron-api.service[103340]: DEBUG oslo_concurrency.lockutils [None req-31a67c32-aa6c-4376-9373-a96cd1b2865f None None] Lock "manager" "released" by "neutron.manager.NeutronManager._create_instance" :: held 4.594s {{(pid=103340) inner /opt/stack/data/venv/lib/python3.12/site-packages/oslo_concurrency/lockutils.py:543}}
Jun 19 01:10:30.332312 np0000182259 devstack@neutron-api.service[103340]: DEBUG neutron.api.extensions [None req-31a67c32-aa6c-4376-9373-a96cd1b2865f None None] get_extension_paths = OrderedDict({'/opt/stack/neutron/neutron/extensions': 1}) {{(pid=103340) get_extensions_path /opt/stack/neutron/neutron/api/extensions.py:640}}
Jun 19 01:10:30.332420 np0000182259 devstack@neutron-api.service[103340]: INFO neutron.api.extensions [None req-31a67c32-aa6c-4376-9373-a96cd1b2865f None None] Initializing extension manager.
Jun 19 01:10:30.332673 np0000182259 devstack@neutron-api.service[103340]: DEBUG neutron.api.extensions [None req-31a67c32-aa6c-4376-9373-a96cd1b2865f None None] Loading extension file: __init__.py {{(pid=103340) _load_all_extensions_from_path /opt/stack/neutron/neutron/api/extensions.py:449}}
Jun 19 01:10:30.332757 np0000182259 devstack@neutron-api.service[103340]: DEBUG neutron.api.extensions [None req-31a67c32-aa6c-4376-9373-a96cd1b2865f None None] Loading extension file: __pycache__ {{(pid=103340) _load_all_extensions_from_path /opt/stack/neutron/neutron/api/extensions.py:449}}
Jun 19 01:10:30.332845 np0000182259 devstack@neutron-api.service[103340]: DEBUG neutron.api.extensions [None req-31a67c32-aa6c-4376-9373-a96cd1b2865f None None] Loading extension file: aap_reject_multicast.py {{(pid=103340) _load_all_extensions_from_path /opt/stack/neutron/neutron/api/extensions.py:449}}
Jun 19 01:10:30.333109 np0000182259 devstack@neutron-api.service[103340]: DEBUG neutron.api.extensions [None req-31a67c32-aa6c-4376-9373-a96cd1b2865f None None] Ext name="Allowed address pairs reject multicast extension" alias="aap-reject-multicast" description="Reject multicast addresses in Allowed Address Pairs" updated="2026-04-01T00:00:00-00:00" {{(pid=103340) _check_extension /opt/stack/neutron/neutron/api/extensions.py:415}}
Jun 19 01:10:30.333307 np0000182259 devstack@neutron-api.service[103340]: INFO neutron.api.extensions [None req-31a67c32-aa6c-4376-9373-a96cd1b2865f None None] Extension aap-reject-multicast not supported by any of loaded plugins
Jun 19 01:10:30.333417 np0000182259 devstack@neutron-api.service[103340]: DEBUG neutron.api.extensions [None req-31a67c32-aa6c-4376-9373-a96cd1b2865f None None] Loading extension file: address_group.py {{(pid=103340) _load_all_extensions_from_path /opt/stack/neutron/neutron/api/extensions.py:449}}
Jun 19 01:10:30.333745 np0000182259 devstack@neutron-api.service[103340]: DEBUG neutron.api.extensions [None req-31a67c32-aa6c-4376-9373-a96cd1b2865f None None] Ext name="Address group" alias="address-group" description="Support address group" updated="2020-07-15T10:00:00-00:00" {{(pid=103340) _check_extension /opt/stack/neutron/neutron/api/extensions.py:415}}
Jun 19 01:10:30.333904 np0000182259 devstack@neutron-api.service[103340]: INFO neutron.api.extensions [None req-31a67c32-aa6c-4376-9373-a96cd1b2865f None None] Loaded extension: address-group
Jun 19 01:10:30.333984 np0000182259 devstack@neutron-api.service[103340]: DEBUG neutron.api.extensions [None req-31a67c32-aa6c-4376-9373-a96cd1b2865f None None] Loading extension file: address_scope.py {{(pid=103340) _load_all_extensions_from_path /opt/stack/neutron/neutron/api/extensions.py:449}}
Jun 19 01:10:30.334259 np0000182259 devstack@neutron-api.service[103340]: DEBUG neutron.api.extensions [None req-31a67c32-aa6c-4376-9373-a96cd1b2865f None None] Ext name="Address scope" alias="address-scope" description="Address scopes extension." updated="2015-07-26T10:00:00-00:00" {{(pid=103340) _check_extension /opt/stack/neutron/neutron/api/extensions.py:415}}
Jun 19 01:10:30.334490 np0000182259 devstack@neutron-api.service[103340]: INFO neutron.api.extensions [None req-31a67c32-aa6c-4376-9373-a96cd1b2865f None None] Loaded extension: address-scope
Jun 19 01:10:30.334643 np0000182259 devstack@neutron-api.service[103340]: DEBUG neutron.api.extensions [None req-31a67c32-aa6c-4376-9373-a96cd1b2865f None None] Loading extension file: admin_state_down_before_update.py {{(pid=103340) _load_all_extensions_from_path /opt/stack/neutron/neutron/api/extensions.py:449}}
Jun 19 01:10:30.334821 np0000182259 devstack@neutron-api.service[103340]: DEBUG neutron.api.extensions [None req-31a67c32-aa6c-4376-9373-a96cd1b2865f None None] Ext name="Enforce Router's Admin State Down Before Update Extension" alias="router-admin-state-down-before-update" description="Ensure that the admin state of a router is DOWN (admin_state_up=False) before updating the distributed attribute" updated="2019-07-02T15:56:00" {{(pid=103340) _check_extension /opt/stack/neutron/neutron/api/extensions.py:415}}
Jun 19 01:10:30.335043 np0000182259 devstack@neutron-api.service[103340]: INFO neutron.api.extensions [None req-31a67c32-aa6c-4376-9373-a96cd1b2865f None None] Extension router-admin-state-down-before-update not supported by any of loaded plugins
Jun 19 01:10:30.335071 np0000182259 devstack@neutron-api.service[103340]: DEBUG neutron.api.extensions [None req-31a67c32-aa6c-4376-9373-a96cd1b2865f None None] Loading extension file: agent.py {{(pid=103340) _load_all_extensions_from_path /opt/stack/neutron/neutron/api/extensions.py:449}}
Jun 19 01:10:30.335411 np0000182259 devstack@neutron-api.service[103340]: DEBUG neutron.api.extensions [None req-31a67c32-aa6c-4376-9373-a96cd1b2865f None None] Ext name="agent" alias="agent" description="The agent management extension." updated="2013-02-03T10:00:00-00:00" {{(pid=103340) _check_extension /opt/stack/neutron/neutron/api/extensions.py:415}}
Jun 19 01:10:30.335542 np0000182259 devstack@neutron-api.service[103340]: INFO neutron.api.extensions [None req-31a67c32-aa6c-4376-9373-a96cd1b2865f None None] Loaded extension: agent
Jun 19 01:10:30.335633 np0000182259 devstack@neutron-api.service[103340]: DEBUG neutron.api.extensions [None req-31a67c32-aa6c-4376-9373-a96cd1b2865f None None] Loading extension file: agent_resources_synced.py {{(pid=103340) _load_all_extensions_from_path /opt/stack/neutron/neutron/api/extensions.py:449}}
Jun 19 01:10:30.335723 np0000182259 devstack@neutron-api.service[103342]: DEBUG neutron_lib.callbacks.manager [None req-a3204b2f-3891-46b4-bcbe-e0eeeaf72f37 None None] Subscribe: > router before_delete 55550000, False {{(pid=103342) subscribe /opt/stack/data/venv/lib/python3.12/site-packages/neutron_lib/callbacks/manager.py:52}}
Jun 19 01:10:30.335858 np0000182259 devstack@neutron-api.service[103340]: DEBUG neutron.api.extensions [None req-31a67c32-aa6c-4376-9373-a96cd1b2865f None None] Ext name="Agent's Resource View Synced to Placement" alias="agent-resources-synced" description="Stores success/failure of last sync to Placement" updated="2018-12-19T00:00:00-00:00" {{(pid=103340) _check_extension /opt/stack/neutron/neutron/api/extensions.py:415}}
Jun 19 01:10:30.336226 np0000182259 devstack@neutron-api.service[103342]: DEBUG neutron_lib.callbacks.manager [None req-a3204b2f-3891-46b4-bcbe-e0eeeaf72f37 None None] Subscribe: port before_update 55550000, False {{(pid=103342) subscribe /opt/stack/data/venv/lib/python3.12/site-packages/neutron_lib/callbacks/manager.py:52}}
Jun 19 01:10:30.336226 np0000182259 devstack@neutron-api.service[103342]: DEBUG neutron_lib.callbacks.manager [None req-a3204b2f-3891-46b4-bcbe-e0eeeaf72f37 None None] Subscribe: port after_update 55550000, False {{(pid=103342) subscribe /opt/stack/data/venv/lib/python3.12/site-packages/neutron_lib/callbacks/manager.py:52}}
Jun 19 01:10:30.336355 np0000182259 devstack@neutron-api.service[103340]: INFO neutron.api.extensions [None req-31a67c32-aa6c-4376-9373-a96cd1b2865f None None] Extension agent-resources-synced not supported by any of loaded plugins
Jun 19 01:10:30.336355 np0000182259 devstack@neutron-api.service[103340]: DEBUG neutron.api.extensions [None req-31a67c32-aa6c-4376-9373-a96cd1b2865f None None] Loading extension file: agent_sort_key.py {{(pid=103340) _load_all_extensions_from_path /opt/stack/neutron/neutron/api/extensions.py:449}}
Jun 19 01:10:30.336470 np0000182259 devstack@neutron-api.service[103342]: DEBUG neutron_lib.callbacks.manager [None req-a3204b2f-3891-46b4-bcbe-e0eeeaf72f37 None None] Subscribe: > port precommit_delete 55550000, False {{(pid=103342) subscribe /opt/stack/data/venv/lib/python3.12/site-packages/neutron_lib/callbacks/manager.py:52}}
Jun 19 01:10:30.336470 np0000182259 devstack@neutron-api.service[103342]: DEBUG neutron_lib.callbacks.manager [None req-a3204b2f-3891-46b4-bcbe-e0eeeaf72f37 None None] Subscribe: port before_update 55550000, False {{(pid=103342) subscribe /opt/stack/data/venv/lib/python3.12/site-packages/neutron_lib/callbacks/manager.py:52}}
Jun 19 01:10:30.336528 np0000182259 devstack@neutron-api.service[103340]: DEBUG neutron.api.extensions [None req-31a67c32-aa6c-4376-9373-a96cd1b2865f None None] Ext name="Agents Sort Key" alias="agent_sort_key" description="Enabling the keyword sort_key for sorting in agents." updated="2013-02-03T10:00:00-00:00" {{(pid=103340) _check_extension /opt/stack/neutron/neutron/api/extensions.py:415}}
Jun 19 01:10:30.336612 np0000182259 devstack@neutron-api.service[103342]: DEBUG neutron_lib.callbacks.manager [None req-a3204b2f-3891-46b4-bcbe-e0eeeaf72f37 None None] Subscribe: port before_delete 55550000, False {{(pid=103342) subscribe /opt/stack/data/venv/lib/python3.12/site-packages/neutron_lib/callbacks/manager.py:52}}
Jun 19 01:10:30.336612 np0000182259 devstack@neutron-api.service[103342]: DEBUG neutron_lib.callbacks.manager [None req-a3204b2f-3891-46b4-bcbe-e0eeeaf72f37 None None] Subscribe: > router precommit_create 55550000, False {{(pid=103342) subscribe /opt/stack/data/venv/lib/python3.12/site-packages/neutron_lib/callbacks/manager.py:52}}
Jun 19 01:10:30.336663 np0000182259 devstack@neutron-api.service[103340]: INFO neutron.api.extensions [None req-31a67c32-aa6c-4376-9373-a96cd1b2865f None None] Extension agent_sort_key not supported by any of loaded plugins
Jun 19 01:10:30.336727 np0000182259 devstack@neutron-api.service[103342]: DEBUG neutron_lib.callbacks.manager [None req-a3204b2f-3891-46b4-bcbe-e0eeeaf72f37 None None] Subscribe: > router precommit_create 55550000, False {{(pid=103342) subscribe /opt/stack/data/venv/lib/python3.12/site-packages/neutron_lib/callbacks/manager.py:52}}
Jun 19 01:10:30.336780 np0000182259 devstack@neutron-api.service[103340]: DEBUG neutron.api.extensions [None req-31a67c32-aa6c-4376-9373-a96cd1b2865f None None] Loading extension file: allowedaddresspairs.py {{(pid=103340) _load_all_extensions_from_path /opt/stack/neutron/neutron/api/extensions.py:449}}
Jun 19 01:10:30.336808 np0000182259 devstack@neutron-api.service[103342]: DEBUG neutron_lib.callbacks.manager [None req-a3204b2f-3891-46b4-bcbe-e0eeeaf72f37 None None] Subscribe: > router precommit_update 55550000, False {{(pid=103342) subscribe /opt/stack/data/venv/lib/python3.12/site-packages/neutron_lib/callbacks/manager.py:52}}
Jun 19 01:10:30.336808 np0000182259 devstack@neutron-api.service[103342]: DEBUG neutron_lib.callbacks.manager [None req-a3204b2f-3891-46b4-bcbe-e0eeeaf72f37 None None] Subscribe: subnet after_update 55550000, False {{(pid=103342) subscribe /opt/stack/data/venv/lib/python3.12/site-packages/neutron_lib/callbacks/manager.py:52}}
Jun 19 01:10:30.336954 np0000182259 devstack@neutron-api.service[103342]: DEBUG neutron.quota.resource_registry [None req-a3204b2f-3891-46b4-bcbe-e0eeeaf72f37 None None] Tracking information for resource: router configured {{(pid=103342) set_tracked_resource /opt/stack/neutron/neutron/quota/resource_registry.py:203}}
Jun 19 01:10:30.337071 np0000182259 devstack@neutron-api.service[103342]: DEBUG neutron.quota.resource_registry [None req-a3204b2f-3891-46b4-bcbe-e0eeeaf72f37 None None] Tracking information for resource: floatingip configured {{(pid=103342) set_tracked_resource /opt/stack/neutron/neutron/quota/resource_registry.py:203}}
Jun 19 01:10:30.337155 np0000182259 devstack@neutron-api.service[103342]: INFO neutron.services.ovn_l3.plugin [None req-a3204b2f-3891-46b4-bcbe-e0eeeaf72f37 None None] Starting OVNL3RouterPlugin
Jun 19 01:10:30.337183 np0000182259 devstack@neutron-api.service[103340]: DEBUG neutron.api.extensions [None req-31a67c32-aa6c-4376-9373-a96cd1b2865f None None] Ext name="Allowed Address Pairs" alias="allowed-address-pairs" description="Provides allowed address pairs" updated="2013-07-23T10:00:00-00:00" {{(pid=103340) _check_extension /opt/stack/neutron/neutron/api/extensions.py:415}}
Jun 19 01:10:30.337351 np0000182259 devstack@neutron-api.service[103342]: DEBUG neutron_lib.callbacks.manager [None req-a3204b2f-3891-46b4-bcbe-e0eeeaf72f37 None None] Subscribe: > port_forwarding_plugin after_init 55550000, False {{(pid=103342) subscribe /opt/stack/data/venv/lib/python3.12/site-packages/neutron_lib/callbacks/manager.py:52}}
Jun 19 01:10:30.337386 np0000182259 devstack@neutron-api.service[103340]: INFO neutron.api.extensions [None req-31a67c32-aa6c-4376-9373-a96cd1b2865f None None] Loaded extension: allowed-address-pairs
Jun 19 01:10:30.337466 np0000182259 devstack@neutron-api.service[103340]: DEBUG neutron.api.extensions [None req-31a67c32-aa6c-4376-9373-a96cd1b2865f None None] Loading extension file: auto_allocated_topology.py {{(pid=103340) _load_all_extensions_from_path /opt/stack/neutron/neutron/api/extensions.py:449}}
Jun 19 01:10:30.337570 np0000182259 devstack@neutron-api.service[103342]: DEBUG neutron_lib.callbacks.manager [None req-a3204b2f-3891-46b4-bcbe-e0eeeaf72f37 None None] Subscribe: > router before_create 55550100, False {{(pid=103342) subscribe /opt/stack/data/venv/lib/python3.12/site-packages/neutron_lib/callbacks/manager.py:52}}
Jun 19 01:10:30.337663 np0000182259 devstack@neutron-api.service[103342]: DEBUG neutron_lib.callbacks.manager [None req-a3204b2f-3891-46b4-bcbe-e0eeeaf72f37 None None] Subscribe: > router precommit_delete 55550100, False {{(pid=103342) subscribe /opt/stack/data/venv/lib/python3.12/site-packages/neutron_lib/callbacks/manager.py:52}}
Jun 19 01:10:30.337699 np0000182259 devstack@neutron-api.service[103340]: DEBUG neutron.api.extensions [None req-31a67c32-aa6c-4376-9373-a96cd1b2865f None None] Ext name="Auto Allocated Topology Services" alias="auto-allocated-topology" description="Auto Allocated Topology Services." updated="2016-01-01T00:00:00-00:00" {{(pid=103340) _check_extension /opt/stack/neutron/neutron/api/extensions.py:415}}
Jun 19 01:10:30.337792 np0000182259 devstack@neutron-api.service[103342]: DEBUG neutron_lib.callbacks.manager [None req-a3204b2f-3891-46b4-bcbe-e0eeeaf72f37 None None] Subscribe: > router precommit_create 55550100, False {{(pid=103342) subscribe /opt/stack/data/venv/lib/python3.12/site-packages/neutron_lib/callbacks/manager.py:52}}
Jun 19 01:10:30.337857 np0000182259 devstack@neutron-api.service[103342]: DEBUG neutron_lib.callbacks.manager [None req-a3204b2f-3891-46b4-bcbe-e0eeeaf72f37 None None] Subscribe: > router precommit_update 55550100, False {{(pid=103342) subscribe /opt/stack/data/venv/lib/python3.12/site-packages/neutron_lib/callbacks/manager.py:52}}
Jun 19 01:10:30.337887 np0000182259 devstack@neutron-api.service[103340]: INFO neutron.api.extensions [None req-31a67c32-aa6c-4376-9373-a96cd1b2865f None None] Loaded extension: auto-allocated-topology
Jun 19 01:10:30.337964 np0000182259 devstack@neutron-api.service[103340]: DEBUG neutron.api.extensions [None req-31a67c32-aa6c-4376-9373-a96cd1b2865f None None] Loading extension file: availability_zone.py {{(pid=103340) _load_all_extensions_from_path /opt/stack/neutron/neutron/api/extensions.py:449}}
Jun 19 01:10:30.338254 np0000182259 devstack@neutron-api.service[103340]: DEBUG neutron.api.extensions [None req-31a67c32-aa6c-4376-9373-a96cd1b2865f None None] Ext name="Availability Zone" alias="availability_zone" description="The availability zone extension." updated="2015-01-01T10:00:00-00:00" {{(pid=103340) _check_extension /opt/stack/neutron/neutron/api/extensions.py:415}}
Jun 19 01:10:30.338426 np0000182259 devstack@neutron-api.service[103340]: INFO neutron.api.extensions [None req-31a67c32-aa6c-4376-9373-a96cd1b2865f None None] Loaded extension: availability_zone
Jun 19 01:10:30.338529 np0000182259 devstack@neutron-api.service[103340]: DEBUG neutron.api.extensions [None req-31a67c32-aa6c-4376-9373-a96cd1b2865f None None] Loading extension file: availability_zone_filter.py {{(pid=103340) _load_all_extensions_from_path /opt/stack/neutron/neutron/api/extensions.py:449}}
Jun 19 01:10:30.338772 np0000182259 devstack@neutron-api.service[103340]: DEBUG neutron.api.extensions [None req-31a67c32-aa6c-4376-9373-a96cd1b2865f None None] Ext name="Availability Zone Filter Extension" alias="availability_zone_filter" description="Add filter parameters to AvailabilityZone resource" updated="2018-06-22T10:00:00-00:00" {{(pid=103340) _check_extension /opt/stack/neutron/neutron/api/extensions.py:415}}
Jun 19 01:10:30.338930 np0000182259 devstack@neutron-api.service[103340]: INFO neutron.api.extensions [None req-31a67c32-aa6c-4376-9373-a96cd1b2865f None None] Extension availability_zone_filter not supported by any of loaded plugins
Jun 19 01:10:30.339013 np0000182259 devstack@neutron-api.service[103340]: DEBUG neutron.api.extensions [None req-31a67c32-aa6c-4376-9373-a96cd1b2865f None None] Loading extension file: data_plane_status.py {{(pid=103340) _load_all_extensions_from_path /opt/stack/neutron/neutron/api/extensions.py:449}}
Jun 19 01:10:30.339216 np0000182259 devstack@neutron-api.service[103340]: DEBUG neutron.api.extensions [None req-31a67c32-aa6c-4376-9373-a96cd1b2865f None None] Ext name="Port data plane status extension" alias="data-plane-status" description="Expose status of underlying data plane" updated="2017-01-24T10:00:00-00:00" {{(pid=103340) _check_extension /opt/stack/neutron/neutron/api/extensions.py:415}}
Jun 19 01:10:30.339426 np0000182259 devstack@neutron-api.service[103340]: INFO neutron.api.extensions [None req-31a67c32-aa6c-4376-9373-a96cd1b2865f None None] Extension data-plane-status not supported by any of loaded plugins
Jun 19 01:10:30.339522 np0000182259 devstack@neutron-api.service[103340]: DEBUG neutron.api.extensions [None req-31a67c32-aa6c-4376-9373-a96cd1b2865f None None] Loading extension file: default_subnetpools.py {{(pid=103340) _load_all_extensions_from_path /opt/stack/neutron/neutron/api/extensions.py:449}}
Jun 19 01:10:30.339705 np0000182259 devstack@neutron-api.service[103340]: DEBUG neutron.api.extensions [None req-31a67c32-aa6c-4376-9373-a96cd1b2865f None None] Ext name="Default Subnetpools" alias="default-subnetpools" description="Provides ability to mark and use a subnetpool as the default." updated="2016-02-18T18:00:00-00:00" {{(pid=103340) _check_extension /opt/stack/neutron/neutron/api/extensions.py:415}}
Jun 19 01:10:30.339872 np0000182259 devstack@neutron-api.service[103340]: INFO neutron.api.extensions [None req-31a67c32-aa6c-4376-9373-a96cd1b2865f None None] Loaded extension: default-subnetpools
Jun 19 01:10:30.339960 np0000182259 devstack@neutron-api.service[103340]: DEBUG neutron.api.extensions [None req-31a67c32-aa6c-4376-9373-a96cd1b2865f None None] Loading extension file: dhcpagentscheduler.py {{(pid=103340) _load_all_extensions_from_path /opt/stack/neutron/neutron/api/extensions.py:449}}
Jun 19 01:10:30.341265 np0000182259 devstack@neutron-api.service[103342]: DEBUG neutron.services.provider_configuration [None req-a3204b2f-3891-46b4-bcbe-e0eeeaf72f37 None None] Service providers = [] {{(pid=103342) parse_service_provider_opt /opt/stack/neutron/neutron/services/provider_configuration.py:170}}
Jun 19 01:10:30.341394 np0000182259 devstack@neutron-api.service[103342]: DEBUG neutron.db.servicetype_db [None req-a3204b2f-3891-46b4-bcbe-e0eeeaf72f37 None None] Adding provider configuration for service L3_ROUTER_NAT {{(pid=103342) add_provider_configuration /opt/stack/neutron/neutron/db/servicetype_db.py:45}}
Jun 19 01:10:30.342476 np0000182259 devstack@neutron-api.service[103342]: DEBUG neutron_lib.callbacks.manager [None req-a3204b2f-3891-46b4-bcbe-e0eeeaf72f37 None None] Subscribe: > router precommit_create 55549900, False {{(pid=103342) subscribe /opt/stack/data/venv/lib/python3.12/site-packages/neutron_lib/callbacks/manager.py:52}}
Jun 19 01:10:30.342609 np0000182259 devstack@neutron-api.service[103342]: DEBUG neutron_lib.callbacks.manager [None req-a3204b2f-3891-46b4-bcbe-e0eeeaf72f37 None None] Subscribe: > router_interface after_create 55550000, False {{(pid=103342) subscribe /opt/stack/data/venv/lib/python3.12/site-packages/neutron_lib/callbacks/manager.py:52}}
Jun 19 01:10:30.342735 np0000182259 devstack@neutron-api.service[103342]: DEBUG neutron_lib.callbacks.manager [None req-a3204b2f-3891-46b4-bcbe-e0eeeaf72f37 None None] Subscribe: > floatingip after_create 55550000, False {{(pid=103342) subscribe /opt/stack/data/venv/lib/python3.12/site-packages/neutron_lib/callbacks/manager.py:52}}
Jun 19 01:10:30.342812 np0000182259 devstack@neutron-api.service[103342]: DEBUG neutron_lib.callbacks.manager [None req-a3204b2f-3891-46b4-bcbe-e0eeeaf72f37 None None] Subscribe: > floatingip precommit_create 55550000, False {{(pid=103342) subscribe /opt/stack/data/venv/lib/python3.12/site-packages/neutron_lib/callbacks/manager.py:52}}
Jun 19 01:10:30.342909 np0000182259 devstack@neutron-api.service[103342]: DEBUG neutron_lib.callbacks.manager [None req-a3204b2f-3891-46b4-bcbe-e0eeeaf72f37 None None] Subscribe: > floatingip precommit_update 55550000, False {{(pid=103342) subscribe /opt/stack/data/venv/lib/python3.12/site-packages/neutron_lib/callbacks/manager.py:52}}
Jun 19 01:10:30.343000 np0000182259 devstack@neutron-api.service[103342]: DEBUG neutron_lib.callbacks.manager [None req-a3204b2f-3891-46b4-bcbe-e0eeeaf72f37 None None] Subscribe: > floatingip after_delete 55550000, False {{(pid=103342) subscribe /opt/stack/data/venv/lib/python3.12/site-packages/neutron_lib/callbacks/manager.py:52}}
Jun 19 01:10:30.343100 np0000182259 devstack@neutron-api.service[103342]: DEBUG neutron_lib.callbacks.manager [None req-a3204b2f-3891-46b4-bcbe-e0eeeaf72f37 None None] Subscribe: > floatingip after_status_update 55550000, False {{(pid=103342) subscribe /opt/stack/data/venv/lib/python3.12/site-packages/neutron_lib/callbacks/manager.py:52}}
Jun 19 01:10:30.343221 np0000182259 devstack@neutron-api.service[103342]: DEBUG neutron_lib.callbacks.manager [None req-a3204b2f-3891-46b4-bcbe-e0eeeaf72f37 None None] Subscribe: > floatingip after_update 55550000, False {{(pid=103342) subscribe /opt/stack/data/venv/lib/python3.12/site-packages/neutron_lib/callbacks/manager.py:52}}
Jun 19 01:10:30.343510 np0000182259 devstack@neutron-api.service[103342]: DEBUG neutron_lib.callbacks.manager [None req-a3204b2f-3891-46b4-bcbe-e0eeeaf72f37 None None] Subscribe: > port_forwarding after_create 55550000, False {{(pid=103342) subscribe /opt/stack/data/venv/lib/python3.12/site-packages/neutron_lib/callbacks/manager.py:52}}
Jun 19 01:10:30.343545 np0000182259 devstack@neutron-api.service[103342]: DEBUG neutron_lib.callbacks.manager [None req-a3204b2f-3891-46b4-bcbe-e0eeeaf72f37 None None] Subscribe: > router_interface after_delete 55550000, False {{(pid=103342) subscribe /opt/stack/data/venv/lib/python3.12/site-packages/neutron_lib/callbacks/manager.py:52}}
Jun 19 01:10:30.343644 np0000182259 devstack@neutron-api.service[103342]: DEBUG neutron_lib.callbacks.manager [None req-a3204b2f-3891-46b4-bcbe-e0eeeaf72f37 None None] Subscribe: > router after_create 55550000, False {{(pid=103342) subscribe /opt/stack/data/venv/lib/python3.12/site-packages/neutron_lib/callbacks/manager.py:52}}
Jun 19 01:10:30.343770 np0000182259 devstack@neutron-api.service[103342]: DEBUG neutron_lib.callbacks.manager [None req-a3204b2f-3891-46b4-bcbe-e0eeeaf72f37 None None] Subscribe: > router precommit_create 55550000, False {{(pid=103342) subscribe /opt/stack/data/venv/lib/python3.12/site-packages/neutron_lib/callbacks/manager.py:52}}
Jun 19 01:10:30.343857 np0000182259 devstack@neutron-api.service[103342]: DEBUG neutron_lib.callbacks.manager [None req-a3204b2f-3891-46b4-bcbe-e0eeeaf72f37 None None] Subscribe: > router after_delete 55550000, False {{(pid=103342) subscribe /opt/stack/data/venv/lib/python3.12/site-packages/neutron_lib/callbacks/manager.py:52}}
Jun 19 01:10:30.343938 np0000182259 devstack@neutron-api.service[103342]: DEBUG neutron_lib.callbacks.manager [None req-a3204b2f-3891-46b4-bcbe-e0eeeaf72f37 None None] Subscribe: > router after_update 55550000, False {{(pid=103342) subscribe /opt/stack/data/venv/lib/python3.12/site-packages/neutron_lib/callbacks/manager.py:52}}
Jun 19 01:10:30.344030 np0000182259 devstack@neutron-api.service[103342]: DEBUG neutron.services.service_base [None req-a3204b2f-3891-46b4-bcbe-e0eeeaf72f37 None None] Loaded 'neutron.services.ovn_l3.service_providers.ovn.OvnDriver' provider for service L3_ROUTER_NAT {{(pid=103342) load_drivers /opt/stack/neutron/neutron/services/service_base.py:49}}
Jun 19 01:10:30.344181 np0000182259 devstack@neutron-api.service[103342]: DEBUG neutron_lib.callbacks.manager [None req-a3204b2f-3891-46b4-bcbe-e0eeeaf72f37 None None] Subscribe: > process after_init 55550001, True {{(pid=103342) subscribe /opt/stack/data/venv/lib/python3.12/site-packages/neutron_lib/callbacks/manager.py:52}}
Jun 19 01:10:30.344266 np0000182259 devstack@neutron-api.service[103342]: DEBUG neutron.manager [None req-a3204b2f-3891-46b4-bcbe-e0eeeaf72f37 None None] Successfully loaded L3_ROUTER_NAT plugin. Description: L3 Router Service Plugin for basic L3 forwarding using OVN {{(pid=103342) _create_and_add_service_plugin /opt/stack/neutron/neutron/manager.py:239}}
Jun 19 01:10:30.344367 np0000182259 devstack@neutron-api.service[103342]: INFO neutron.manager [None req-a3204b2f-3891-46b4-bcbe-e0eeeaf72f37 None None] Loading Plugin: auto_allocate
Jun 19 01:10:30.345208 np0000182259 devstack@neutron-api.service[103342]: DEBUG neutron_lib.callbacks.manager [None req-a3204b2f-3891-46b4-bcbe-e0eeeaf72f37 None None] Subscribe: network precommit_update 55550000, False {{(pid=103342) subscribe /opt/stack/data/venv/lib/python3.12/site-packages/neutron_lib/callbacks/manager.py:52}}
Jun 19 01:10:30.345331 np0000182259 devstack@neutron-api.service[103342]: DEBUG neutron_lib.callbacks.manager [None req-a3204b2f-3891-46b4-bcbe-e0eeeaf72f37 None None] Subscribe: network precommit_create 55550000, False {{(pid=103342) subscribe /opt/stack/data/venv/lib/python3.12/site-packages/neutron_lib/callbacks/manager.py:52}}
