Jun 19 01:10:30.547213 np0000182259 devstack@neutron-api.service[103342]: DEBUG neutron.api.extensions [None req-a3204b2f-3891-46b4-bcbe-e0eeeaf72f37 None None] Loading extension file: port_hint_ovs_tx_steering.py {{(pid=103342) _load_all_extensions_from_path /opt/stack/neutron/neutron/api/extensions.py:449}}
Jun 19 01:10:30.547305 np0000182259 devstack@neutron-api.service[103339]: DEBUG neutron.manager [None req-5dc58712-78eb-4aa1-9201-bfaa5bcde0c0 None None] Successfully loaded L3_ROUTER_NAT plugin. Description: L3 Router Service Plugin for basic L3 forwarding using OVN {{(pid=103339) _create_and_add_service_plugin /opt/stack/neutron/neutron/manager.py:239}}
Jun 19 01:10:30.547305 np0000182259 devstack@neutron-api.service[103339]: INFO neutron.manager [None req-5dc58712-78eb-4aa1-9201-bfaa5bcde0c0 None None] Loading Plugin: auto_allocate
Jun 19 01:10:30.547482 np0000182259 devstack@neutron-api.service[103340]: INFO neutron.api.extensions [None req-31a67c32-aa6c-4376-9373-a96cd1b2865f None None] Loaded extension: stateful-security-group
Jun 19 01:10:30.547482 np0000182259 devstack@neutron-api.service[103340]: DEBUG neutron.api.extensions [None req-31a67c32-aa6c-4376-9373-a96cd1b2865f None None] Loading extension file: stdattrs_common.py {{(pid=103340) _load_all_extensions_from_path /opt/stack/neutron/neutron/api/extensions.py:449}}
Jun 19 01:10:30.547628 np0000182259 devstack@neutron-api.service[103342]: DEBUG neutron.api.extensions [None req-a3204b2f-3891-46b4-bcbe-e0eeeaf72f37 None None] Ext name="Port hint: Open vSwitch Tx steering" alias="port-hint-ovs-tx-steering" description="Enable Port hint: Open vSwitch Tx steering" updated="2023-01-01T00:00:00-00:00" {{(pid=103342) _check_extension /opt/stack/neutron/neutron/api/extensions.py:415}}
Jun 19 01:10:30.547628 np0000182259 devstack@neutron-api.service[103342]: INFO neutron.api.extensions [None req-a3204b2f-3891-46b4-bcbe-e0eeeaf72f37 None None] Extension port-hint-ovs-tx-steering not supported by any of loaded plugins
Jun 19 01:10:30.547751 np0000182259 devstack@neutron-api.service[103340]: WARNING neutron.api.extensions [None req-31a67c32-aa6c-4376-9373-a96cd1b2865f None None] Did not find expected name "Stdattrs_common" in /opt/stack/neutron/neutron/extensions/stdattrs_common.py
Jun 19 01:10:30.547867 np0000182259 devstack@neutron-api.service[103342]: DEBUG neutron.api.extensions [None req-a3204b2f-3891-46b4-bcbe-e0eeeaf72f37 None None] Loading extension file: port_hints.py {{(pid=103342) _load_all_extensions_from_path /opt/stack/neutron/neutron/api/extensions.py:449}}
Jun 19 01:10:30.547955 np0000182259 devstack@neutron-api.service[103340]: DEBUG neutron.api.extensions [None req-31a67c32-aa6c-4376-9373-a96cd1b2865f None None] Loading extension file: subnet_dns_publish_fixed_ip.py {{(pid=103340) _load_all_extensions_from_path /opt/stack/neutron/neutron/api/extensions.py:449}}
Jun 19 01:10:30.547955 np0000182259 devstack@neutron-api.service[103340]: DEBUG neutron.api.extensions [None req-31a67c32-aa6c-4376-9373-a96cd1b2865f None None] Ext name="Subnet DNS publish fixed IP" alias="subnet-dns-publish-fixed-ip" description="Support choosing to publish DNS records for IPs from a subnet" updated="2019-05-24T10:00:00-00:00" {{(pid=103340) _check_extension /opt/stack/neutron/neutron/api/extensions.py:415}}
Jun 19 01:10:30.548124 np0000182259 devstack@neutron-api.service[103342]: DEBUG neutron.api.extensions [None req-a3204b2f-3891-46b4-bcbe-e0eeeaf72f37 None None] Ext name="Port hints" alias="port-hints" description="Backend specific port hints to allow backend specific tuning" updated="2023-01-01T00:00:00-00:00" {{(pid=103342) _check_extension /opt/stack/neutron/neutron/api/extensions.py:415}}
Jun 19 01:10:30.548222 np0000182259 devstack@neutron-api.service[103340]: INFO neutron.api.extensions [None req-31a67c32-aa6c-4376-9373-a96cd1b2865f None None] Loaded extension: subnet-dns-publish-fixed-ip
Jun 19 01:10:30.548337 np0000182259 devstack@neutron-api.service[103342]: INFO neutron.api.extensions [None req-a3204b2f-3891-46b4-bcbe-e0eeeaf72f37 None None] Extension port-hints not supported by any of loaded plugins
Jun 19 01:10:30.548449 np0000182259 devstack@neutron-api.service[103340]: DEBUG neutron.api.extensions [None req-31a67c32-aa6c-4376-9373-a96cd1b2865f None None] Loading extension file: subnet_external_network.py {{(pid=103340) _load_all_extensions_from_path /opt/stack/neutron/neutron/api/extensions.py:449}}
Jun 19 01:10:30.548562 np0000182259 devstack@neutron-api.service[103342]: DEBUG neutron.api.extensions [None req-a3204b2f-3891-46b4-bcbe-e0eeeaf72f37 None None] Loading extension file: port_mac_address_override.py {{(pid=103342) _load_all_extensions_from_path /opt/stack/neutron/neutron/api/extensions.py:449}}
Jun 19 01:10:30.548647 np0000182259 devstack@neutron-api.service[103339]: DEBUG neutron_lib.callbacks.manager [None req-5dc58712-78eb-4aa1-9201-bfaa5bcde0c0 None None] Subscribe: network precommit_update 55550000, False {{(pid=103339) subscribe /opt/stack/data/venv/lib/python3.12/site-packages/neutron_lib/callbacks/manager.py:52}}
Jun 19 01:10:30.548647 np0000182259 devstack@neutron-api.service[103339]: DEBUG neutron_lib.callbacks.manager [None req-5dc58712-78eb-4aa1-9201-bfaa5bcde0c0 None None] Subscribe: network precommit_create 55550000, False {{(pid=103339) subscribe /opt/stack/data/venv/lib/python3.12/site-packages/neutron_lib/callbacks/manager.py:52}}
Jun 19 01:10:30.548795 np0000182259 devstack@neutron-api.service[103340]: DEBUG neutron.api.extensions [None req-31a67c32-aa6c-4376-9373-a96cd1b2865f None None] Ext name="Subnet belongs to an external network" alias="subnet-external-network" description="Informs if the subnet belongs to an external network" updated="2024-02-05T18:00:00-00:00" {{(pid=103340) _check_extension /opt/stack/neutron/neutron/api/extensions.py:415}}
Jun 19 01:10:30.548888 np0000182259 devstack@neutron-api.service[103342]: DEBUG neutron.api.extensions [None req-a3204b2f-3891-46b4-bcbe-e0eeeaf72f37 None None] Ext name="Neutron Port MAC address override" alias="port-mac-override" description="Allow overriding the MAC address of a direct-physical Port via the active binding profile" updated="2022-03-18T10:00:00-00:00" {{(pid=103342) _check_extension /opt/stack/neutron/neutron/api/extensions.py:415}}
Jun 19 01:10:30.549000 np0000182259 devstack@neutron-api.service[103339]: DEBUG neutron.manager [None req-5dc58712-78eb-4aa1-9201-bfaa5bcde0c0 None None] Successfully loaded auto-allocated-topology plugin. Description: Auto Allocated Topology - aka get me a network. {{(pid=103339) _create_and_add_service_plugin /opt/stack/neutron/neutron/manager.py:239}}
Jun 19 01:10:30.549095 np0000182259 devstack@neutron-api.service[103340]: INFO neutron.api.extensions [None req-31a67c32-aa6c-4376-9373-a96cd1b2865f None None] Loaded extension: subnet-external-network
Jun 19 01:10:30.549211 np0000182259 devstack@neutron-api.service[103339]: INFO neutron.manager [None req-5dc58712-78eb-4aa1-9201-bfaa5bcde0c0 None None] Loading Plugin: tag
Jun 19 01:10:30.549302 np0000182259 devstack@neutron-api.service[103342]: INFO neutron.api.extensions [None req-a3204b2f-3891-46b4-bcbe-e0eeeaf72f37 None None] Extension port-mac-override not supported by any of loaded plugins
Jun 19 01:10:30.549411 np0000182259 devstack@neutron-api.service[103340]: DEBUG neutron.api.extensions [None req-31a67c32-aa6c-4376-9373-a96cd1b2865f None None] Loading extension file: subnet_onboard.py {{(pid=103340) _load_all_extensions_from_path /opt/stack/neutron/neutron/api/extensions.py:449}}
Jun 19 01:10:30.549645 np0000182259 devstack@neutron-api.service[103342]: DEBUG neutron.api.extensions [None req-a3204b2f-3891-46b4-bcbe-e0eeeaf72f37 None None] Loading extension file: port_mac_address_regenerate.py {{(pid=103342) _load_all_extensions_from_path /opt/stack/neutron/neutron/api/extensions.py:449}}
Jun 19 01:10:30.549919 np0000182259 devstack@neutron-api.service[103340]: DEBUG neutron.api.extensions [None req-31a67c32-aa6c-4376-9373-a96cd1b2865f None None] Ext name="Subnet Onboard" alias="subnet_onboard" description="Provides support for onboarding subnets into subnet pools" updated="2018-12-18T09:00:00-00:00" {{(pid=103340) _check_extension /opt/stack/neutron/neutron/api/extensions.py:415}}
Jun 19 01:10:30.550166 np0000182259 devstack@neutron-api.service[103342]: DEBUG neutron.api.extensions [None req-a3204b2f-3891-46b4-bcbe-e0eeeaf72f37 None None] Ext name="Neutron Port MAC address regenerate" alias="port-mac-address-regenerate" description="Network port MAC address regenerate" updated="2018-05-03T10:00:00-00:00" {{(pid=103342) _check_extension /opt/stack/neutron/neutron/api/extensions.py:415}}
Jun 19 01:10:30.550265 np0000182259 devstack@neutron-api.service[103340]: INFO neutron.api.extensions [None req-31a67c32-aa6c-4376-9373-a96cd1b2865f None None] Loaded extension: subnet_onboard
Jun 19 01:10:30.550566 np0000182259 devstack@neutron-api.service[103342]: INFO neutron.api.extensions [None req-a3204b2f-3891-46b4-bcbe-e0eeeaf72f37 None None] Loaded extension: port-mac-address-regenerate
Jun 19 01:10:30.550660 np0000182259 devstack@neutron-api.service[103340]: DEBUG neutron.api.extensions [None req-31a67c32-aa6c-4376-9373-a96cd1b2865f None None] Loading extension file: subnet_segmentid_writable.py {{(pid=103340) _load_all_extensions_from_path /opt/stack/neutron/neutron/api/extensions.py:449}}
Jun 19 01:10:30.550761 np0000182259 devstack@neutron-api.service[103342]: DEBUG neutron.api.extensions [None req-a3204b2f-3891-46b4-bcbe-e0eeeaf72f37 None None] Loading extension file: port_numa_affinity_policy.py {{(pid=103342) _load_all_extensions_from_path /opt/stack/neutron/neutron/api/extensions.py:449}}
Jun 19 01:10:30.550852 np0000182259 devstack@neutron-api.service[103340]: DEBUG neutron.api.extensions [None req-31a67c32-aa6c-4376-9373-a96cd1b2865f None None] Ext name="Subnet SegmentID (writable)" alias="subnet-segmentid-writable" description="Provides a writable segment_id attribute for a subnet resource." updated="2018-03-12T00:00:00-00:00" {{(pid=103340) _check_extension /opt/stack/neutron/neutron/api/extensions.py:415}}
Jun 19 01:10:30.550941 np0000182259 devstack@neutron-api.service[103342]: DEBUG neutron.api.extensions [None req-a3204b2f-3891-46b4-bcbe-e0eeeaf72f37 None None] Ext name="Port NUMA affinity policy" alias="port-numa-affinity-policy" description="Expose the port NUMA affinity policy" updated="2020-07-08T10:00:00-00:00" {{(pid=103342) _check_extension /opt/stack/neutron/neutron/api/extensions.py:415}}
Jun 19 01:10:30.551075 np0000182259 devstack@neutron-api.service[103340]: INFO neutron.api.extensions [None req-31a67c32-aa6c-4376-9373-a96cd1b2865f None None] Extension subnet-segmentid-writable not supported by any of loaded plugins
Jun 19 01:10:30.551075 np0000182259 devstack@neutron-api.service[103340]: DEBUG neutron.api.extensions [None req-31a67c32-aa6c-4376-9373-a96cd1b2865f None None] Loading extension file: subnet_service_types.py {{(pid=103340) _load_all_extensions_from_path /opt/stack/neutron/neutron/api/extensions.py:449}}
Jun 19 01:10:30.551189 np0000182259 devstack@neutron-api.service[103342]: INFO neutron.api.extensions [None req-a3204b2f-3891-46b4-bcbe-e0eeeaf72f37 None None] Loaded extension: port-numa-affinity-policy
Jun 19 01:10:30.551189 np0000182259 devstack@neutron-api.service[103342]: DEBUG neutron.api.extensions [None req-a3204b2f-3891-46b4-bcbe-e0eeeaf72f37 None None] Loading extension file: port_numa_affinity_policy_socket.py {{(pid=103342) _load_all_extensions_from_path /opt/stack/neutron/neutron/api/extensions.py:449}}
Jun 19 01:10:30.551570 np0000182259 devstack@neutron-api.service[103340]: DEBUG neutron.api.extensions [None req-31a67c32-aa6c-4376-9373-a96cd1b2865f None None] Ext name="Subnet service types" alias="subnet-service-types" description="Provides ability to set the subnet service_types field" updated="2016-03-15T18:00:00-00:00" {{(pid=103340) _check_extension /opt/stack/neutron/neutron/api/extensions.py:415}}
Jun 19 01:10:30.551570 np0000182259 devstack@neutron-api.service[103340]: INFO neutron.api.extensions [None req-31a67c32-aa6c-4376-9373-a96cd1b2865f None None] Loaded extension: subnet-service-types
Jun 19 01:10:30.551865 np0000182259 devstack@neutron-api.service[103342]: DEBUG neutron.api.extensions [None req-a3204b2f-3891-46b4-bcbe-e0eeeaf72f37 None None] Ext name="Port NUMA affinity policy "socket"" alias="port-numa-affinity-policy-socket" description="Adds "socket" to the supported port NUMA affinity policies" updated="2024-02-09T10:00:00-00:00" {{(pid=103342) _check_extension /opt/stack/neutron/neutron/api/extensions.py:415}}
Jun 19 01:10:30.552152 np0000182259 devstack@neutron-api.service[103340]: DEBUG neutron.api.extensions [None req-31a67c32-aa6c-4376-9373-a96cd1b2865f None None] Loading extension file: subnetallocation.py {{(pid=103340) _load_all_extensions_from_path /opt/stack/neutron/neutron/api/extensions.py:449}}
Jun 19 01:10:30.552393 np0000182259 devstack@neutron-api.service[103342]: INFO neutron.api.extensions [None req-a3204b2f-3891-46b4-bcbe-e0eeeaf72f37 None None] Loaded extension: port-numa-affinity-policy-socket
Jun 19 01:10:30.552541 np0000182259 devstack@neutron-api.service[103340]: DEBUG neutron.api.extensions [None req-31a67c32-aa6c-4376-9373-a96cd1b2865f None None] Ext name="Subnet Allocation" alias="subnet_allocation" description="Enables allocation of subnets from a subnet pool" updated="2015-03-30T10:00:00-00:00" {{(pid=103340) _check_extension /opt/stack/neutron/neutron/api/extensions.py:415}}
Jun 19 01:10:30.552639 np0000182259 devstack@neutron-api.service[103342]: DEBUG neutron.api.extensions [None req-a3204b2f-3891-46b4-bcbe-e0eeeaf72f37 None None] Loading extension file: port_resource_request.py {{(pid=103342) _load_all_extensions_from_path /opt/stack/neutron/neutron/api/extensions.py:449}}
Jun 19 01:10:30.552885 np0000182259 devstack@neutron-api.service[103340]: INFO neutron.api.extensions [None req-31a67c32-aa6c-4376-9373-a96cd1b2865f None None] Loaded extension: subnet_allocation
Jun 19 01:10:30.552885 np0000182259 devstack@neutron-api.service[103340]: DEBUG neutron.api.extensions [None req-31a67c32-aa6c-4376-9373-a96cd1b2865f None None] Loading extension file: subnetpool_prefix_ops.py {{(pid=103340) _load_all_extensions_from_path /opt/stack/neutron/neutron/api/extensions.py:449}}
Jun 19 01:10:30.553181 np0000182259 devstack@neutron-api.service[103342]: DEBUG neutron.api.extensions [None req-a3204b2f-3891-46b4-bcbe-e0eeeaf72f37 None None] Ext name="Port Resource Request" alias="port-resource-request" description="Expose resource request to Port" updated="2018-05-08T10:00:00-00:00" {{(pid=103342) _check_extension /opt/stack/neutron/neutron/api/extensions.py:415}}
Jun 19 01:10:30.553466 np0000182259 devstack@neutron-api.service[103340]: DEBUG neutron.api.extensions [None req-31a67c32-aa6c-4376-9373-a96cd1b2865f None None] Ext name="Subnet Pool Prefix Operations" alias="subnetpool-prefix-ops" description="Provides support for adjusting the prefix list of subnet pools" updated="2019-02-08T10:00:00-00:00" {{(pid=103340) _check_extension /opt/stack/neutron/neutron/api/extensions.py:415}}
Jun 19 01:10:30.553695 np0000182259 devstack@neutron-api.service[103342]: INFO neutron.api.extensions [None req-a3204b2f-3891-46b4-bcbe-e0eeeaf72f37 None None] Extension port-resource-request not supported by any of loaded plugins
Jun 19 01:10:30.553695 np0000182259 devstack@neutron-api.service[103342]: DEBUG neutron.api.extensions [None req-a3204b2f-3891-46b4-bcbe-e0eeeaf72f37 None None] Loading extension file: port_resource_request_groups.py {{(pid=103342) _load_all_extensions_from_path /opt/stack/neutron/neutron/api/extensions.py:449}}
Jun 19 01:10:30.553810 np0000182259 devstack@neutron-api.service[103340]: INFO neutron.api.extensions [None req-31a67c32-aa6c-4376-9373-a96cd1b2865f None None] Loaded extension: subnetpool-prefix-ops
Jun 19 01:10:30.553810 np0000182259 devstack@neutron-api.service[103340]: DEBUG neutron.api.extensions [None req-31a67c32-aa6c-4376-9373-a96cd1b2865f None None] Loading extension file: tag_creation.py {{(pid=103340) _load_all_extensions_from_path /opt/stack/neutron/neutron/api/extensions.py:449}}
Jun 19 01:10:30.553924 np0000182259 devstack@neutron-api.service[103342]: DEBUG neutron.api.extensions [None req-a3204b2f-3891-46b4-bcbe-e0eeeaf72f37 None None] Ext name="Port Resource Request Groups" alias="port-resource-request-groups" description="Support requesting multiple groups of resources and traits from the same RP subtree in resource_request" updated="2021-08-02T10:00:00-00:00" {{(pid=103342) _check_extension /opt/stack/neutron/neutron/api/extensions.py:415}}
Jun 19 01:10:30.554038 np0000182259 devstack@neutron-api.service[103339]: DEBUG neutron.manager [None req-5dc58712-78eb-4aa1-9201-bfaa5bcde0c0 None None] Successfully loaded TAG plugin. Description: Tag support {{(pid=103339) _create_and_add_service_plugin /opt/stack/neutron/neutron/manager.py:239}}
Jun 19 01:10:30.554173 np0000182259 devstack@neutron-api.service[103340]: DEBUG neutron.api.extensions [None req-31a67c32-aa6c-4376-9373-a96cd1b2865f None None] Ext name="Tag creation extension" alias="tag-creation" description="Allow to create multiple tags for a resource" updated="2024-23-07T10:00:00-00:00" {{(pid=103340) _check_extension /opt/stack/neutron/neutron/api/extensions.py:415}}
Jun 19 01:10:30.554264 np0000182259 devstack@neutron-api.service[103339]: INFO neutron.manager [None req-5dc58712-78eb-4aa1-9201-bfaa5bcde0c0 None None] Loading Plugin: timestamp
Jun 19 01:10:30.554368 np0000182259 devstack@neutron-api.service[103342]: INFO neutron.api.extensions [None req-a3204b2f-3891-46b4-bcbe-e0eeeaf72f37 None None] Extension port-resource-request-groups not supported by any of loaded plugins
Jun 19 01:10:30.554496 np0000182259 devstack@neutron-api.service[103340]: INFO neutron.api.extensions [None req-31a67c32-aa6c-4376-9373-a96cd1b2865f None None] Loaded extension: tag-creation
Jun 19 01:10:30.554584 np0000182259 devstack@neutron-api.service[103342]: DEBUG neutron.api.extensions [None req-a3204b2f-3891-46b4-bcbe-e0eeeaf72f37 None None] Loading extension file: port_trusted_vif.py {{(pid=103342) _load_all_extensions_from_path /opt/stack/neutron/neutron/api/extensions.py:449}}
Jun 19 01:10:30.554711 np0000182259 devstack@neutron-api.service[103340]: DEBUG neutron.api.extensions [None req-31a67c32-aa6c-4376-9373-a96cd1b2865f None None] Loading extension file: tag_ports_during_bulk_creation.py {{(pid=103340) _load_all_extensions_from_path /opt/stack/neutron/neutron/api/extensions.py:449}}
Jun 19 01:10:30.554802 np0000182259 devstack@neutron-api.service[103342]: DEBUG neutron.api.extensions [None req-a3204b2f-3891-46b4-bcbe-e0eeeaf72f37 None None] Ext name="Port trusted vif" alias="port-trusted-vif" description="Expose port 'trusted' attribute in the API" updated="2024-07-10T10:00:00-00:00" {{(pid=103342) _check_extension /opt/stack/neutron/neutron/api/extensions.py:415}}
Jun 19 01:10:30.554892 np0000182259 devstack@neutron-api.service[103340]: DEBUG neutron.api.extensions [None req-31a67c32-aa6c-4376-9373-a96cd1b2865f None None] Ext name="Tag Ports During Bulk Creation" alias="tag-ports-during-bulk-creation" description="Allow to tag ports during bulk creation" updated="2019-12-29T19:00:00-00:00" {{(pid=103340) _check_extension /opt/stack/neutron/neutron/api/extensions.py:415}}
Jun 19 01:10:30.555056 np0000182259 devstack@neutron-api.service[103342]: INFO neutron.api.extensions [None req-a3204b2f-3891-46b4-bcbe-e0eeeaf72f37 None None] Extension port-trusted-vif not supported by any of loaded plugins
Jun 19 01:10:30.555177 np0000182259 devstack@neutron-api.service[103340]: INFO neutron.api.extensions [None req-31a67c32-aa6c-4376-9373-a96cd1b2865f None None] Extension tag-ports-during-bulk-creation not supported by any of loaded plugins
Jun 19 01:10:30.555265 np0000182259 devstack@neutron-api.service[103342]: DEBUG neutron.api.extensions [None req-a3204b2f-3891-46b4-bcbe-e0eeeaf72f37 None None] Loading extension file: portbindings.py {{(pid=103342) _load_all_extensions_from_path /opt/stack/neutron/neutron/api/extensions.py:449}}
Jun 19 01:10:30.555396 np0000182259 devstack@neutron-api.service[103340]: DEBUG neutron.api.extensions [None req-31a67c32-aa6c-4376-9373-a96cd1b2865f None None] Loading extension file: tagging.py {{(pid=103340) _load_all_extensions_from_path /opt/stack/neutron/neutron/api/extensions.py:449}}
Jun 19 01:10:30.555495 np0000182259 devstack@neutron-api.service[103342]: DEBUG neutron.api.extensions [None req-a3204b2f-3891-46b4-bcbe-e0eeeaf72f37 None None] Ext name="Port Binding" alias="binding" description="Expose port bindings of a virtual port to external application" updated="2014-02-03T10:00:00-00:00" {{(pid=103342) _check_extension /opt/stack/neutron/neutron/api/extensions.py:415}}
Jun 19 01:10:30.555495 np0000182259 devstack@neutron-api.service[103342]: INFO neutron.api.extensions [None req-a3204b2f-3891-46b4-bcbe-e0eeeaf72f37 None None] Loaded extension: binding
Jun 19 01:10:30.555495 np0000182259 devstack@neutron-api.service[103342]: DEBUG neutron.api.extensions [None req-a3204b2f-3891-46b4-bcbe-e0eeeaf72f37 None None] Loading extension file: portbindings_extended.py {{(pid=103342) _load_all_extensions_from_path /opt/stack/neutron/neutron/api/extensions.py:449}}
Jun 19 01:10:30.555809 np0000182259 devstack@neutron-api.service[103339]: DEBUG neutron.manager [None req-5dc58712-78eb-4aa1-9201-bfaa5bcde0c0 None None] Successfully loaded timestamp plugin. Description: Adds timestamps to Neutron resources with standard attributes {{(pid=103339) _create_and_add_service_plugin /opt/stack/neutron/neutron/manager.py:239}}
Jun 19 01:10:30.555809 np0000182259 devstack@neutron-api.service[103339]: INFO neutron.manager [None req-5dc58712-78eb-4aa1-9201-bfaa5bcde0c0 None None] Loading Plugin: network_ip_availability
Jun 19 01:10:30.556094 np0000182259 devstack@neutron-api.service[103342]: DEBUG neutron.api.extensions [None req-a3204b2f-3891-46b4-bcbe-e0eeeaf72f37 None None] Ext name="Port Bindings Extended" alias="binding-extended" description="Expose port bindings of a virtual port to external application" updated="2017-07-17T10:00:00-00:00" {{(pid=103342) _check_extension /opt/stack/neutron/neutron/api/extensions.py:415}}
Jun 19 01:10:30.556202 np0000182259 devstack@neutron-api.service[103340]: DEBUG neutron.api.extensions [None req-31a67c32-aa6c-4376-9373-a96cd1b2865f None None] Ext name="Tag support for resources with standard attribute: port, subnet, subnetpool, network, security_group, router, floatingip, policy, trunk, network_segment_range" alias="standard-attr-tag" description="Enables to set tag on resources with standard attribute." updated="2017-01-01T00:00:00-00:00" {{(pid=103340) _check_extension /opt/stack/neutron/neutron/api/extensions.py:415}}
Jun 19 01:10:30.556358 np0000182259 devstack@neutron-api.service[103342]: INFO neutron.api.extensions [None req-a3204b2f-3891-46b4-bcbe-e0eeeaf72f37 None None] Loaded extension: binding-extended
Jun 19 01:10:30.556477 np0000182259 devstack@neutron-api.service[103340]: INFO neutron.api.extensions [None req-31a67c32-aa6c-4376-9373-a96cd1b2865f None None] Loaded extension: standard-attr-tag
Jun 19 01:10:30.556945 np0000182259 devstack@neutron-api.service[103342]: DEBUG neutron.api.extensions [None req-a3204b2f-3891-46b4-bcbe-e0eeeaf72f37 None None] Loading extension file: portsecurity.py {{(pid=103342) _load_all_extensions_from_path /opt/stack/neutron/neutron/api/extensions.py:449}}
Jun 19 01:10:30.557054 np0000182259 devstack@neutron-api.service[103340]: DEBUG neutron.api.extensions [None req-31a67c32-aa6c-4376-9373-a96cd1b2865f None None] Loading extension file: timestamp.py {{(pid=103340) _load_all_extensions_from_path /opt/stack/neutron/neutron/api/extensions.py:449}}
Jun 19 01:10:30.557143 np0000182259 devstack@neutron-api.service[103342]: DEBUG neutron.api.extensions [None req-a3204b2f-3891-46b4-bcbe-e0eeeaf72f37 None None] Ext name="Port Security" alias="port-security" description="Provides port security" updated="2012-07-23T10:00:00-00:00" {{(pid=103342) _check_extension /opt/stack/neutron/neutron/api/extensions.py:415}}
Jun 19 01:10:30.557236 np0000182259 devstack@neutron-api.service[103340]: DEBUG neutron.api.extensions [None req-31a67c32-aa6c-4376-9373-a96cd1b2865f None None] Ext name="Resource timestamps" alias="standard-attr-timestamp" description="Adds created_at and updated_at fields to all Neutron resources that have Neutron standard attributes." updated="2016-09-12T10:00:00-00:00" {{(pid=103340) _check_extension /opt/stack/neutron/neutron/api/extensions.py:415}}
Jun 19 01:10:30.557329 np0000182259 devstack@neutron-api.service[103342]: INFO neutron.api.extensions [None req-a3204b2f-3891-46b4-bcbe-e0eeeaf72f37 None None] Loaded extension: port-security
Jun 19 01:10:30.557429 np0000182259 devstack@neutron-api.service[103340]: INFO neutron.api.extensions [None req-31a67c32-aa6c-4376-9373-a96cd1b2865f None None] Loaded extension: standard-attr-timestamp
Jun 19 01:10:30.557584 np0000182259 devstack@neutron-api.service[103342]: DEBUG neutron.api.extensions [None req-a3204b2f-3891-46b4-bcbe-e0eeeaf72f37 None None] Loading extension file: project_id.py {{(pid=103342) _load_all_extensions_from_path /opt/stack/neutron/neutron/api/extensions.py:449}}
Jun 19 01:10:30.557665 np0000182259 devstack@neutron-api.service[103340]: DEBUG neutron.api.extensions [None req-31a67c32-aa6c-4376-9373-a96cd1b2865f None None] Loading extension file: trunk.py {{(pid=103340) _load_all_extensions_from_path /opt/stack/neutron/neutron/api/extensions.py:449}}
Jun 19 01:10:30.557745 np0000182259 devstack@neutron-api.service[103342]: DEBUG neutron.api.extensions [None req-a3204b2f-3891-46b4-bcbe-e0eeeaf72f37 None None] Ext name="project_id field enabled" alias="project-id" description="Extension that indicates that project_id field is enabled." updated="2016-09-09T09:09:09-09:09" {{(pid=103342) _check_extension /opt/stack/neutron/neutron/api/extensions.py:415}}
Jun 19 01:10:30.557829 np0000182259 devstack@neutron-api.service[103340]: DEBUG neutron.api.extensions [None req-31a67c32-aa6c-4376-9373-a96cd1b2865f None None] Ext name="Trunk Extension" alias="trunk" description="Provides support for trunk ports" updated="2016-01-01T10:00:00-00:00" {{(pid=103340) _check_extension /opt/stack/neutron/neutron/api/extensions.py:415}}
Jun 19 01:10:30.557935 np0000182259 devstack@neutron-api.service[103342]: INFO neutron.api.extensions [None req-a3204b2f-3891-46b4-bcbe-e0eeeaf72f37 None None] Loaded extension: project-id
Jun 19 01:10:30.557935 np0000182259 devstack@neutron-api.service[103342]: DEBUG neutron.api.extensions [None req-a3204b2f-3891-46b4-bcbe-e0eeeaf72f37 None None] Loading extension file: providernet.py {{(pid=103342) _load_all_extensions_from_path /opt/stack/neutron/neutron/api/extensions.py:449}}
Jun 19 01:10:30.558063 np0000182259 devstack@neutron-api.service[103340]: INFO neutron.api.extensions [None req-31a67c32-aa6c-4376-9373-a96cd1b2865f None None] Extension trunk not supported by any of loaded plugins
Jun 19 01:10:30.558063 np0000182259 devstack@neutron-api.service[103340]: DEBUG neutron.api.extensions [None req-31a67c32-aa6c-4376-9373-a96cd1b2865f None None] Loading extension file: trunk_details.py {{(pid=103340) _load_all_extensions_from_path /opt/stack/neutron/neutron/api/extensions.py:449}}
Jun 19 01:10:30.558208 np0000182259 devstack@neutron-api.service[103342]: DEBUG neutron.api.extensions [None req-a3204b2f-3891-46b4-bcbe-e0eeeaf72f37 None None] Ext name="Provider Network" alias="provider" description="Expose mapping of virtual networks to physical networks" updated="2012-09-07T10:00:00-00:00" {{(pid=103342) _check_extension /opt/stack/neutron/neutron/api/extensions.py:415}}
Jun 19 01:10:30.558297 np0000182259 devstack@neutron-api.service[103340]: DEBUG neutron.api.extensions [None req-31a67c32-aa6c-4376-9373-a96cd1b2865f None None] Ext name="Trunk port details" alias="trunk-details" description="Expose trunk port details" updated="2016-01-01T10:00:00-00:00" {{(pid=103340) _check_extension /opt/stack/neutron/neutron/api/extensions.py:415}}
Jun 19 01:10:30.558400 np0000182259 devstack@neutron-api.service[103342]: INFO neutron.api.extensions [None req-a3204b2f-3891-46b4-bcbe-e0eeeaf72f37 None None] Loaded extension: provider
Jun 19 01:10:30.558487 np0000182259 devstack@neutron-api.service[103339]: DEBUG neutron.manager [None req-5dc58712-78eb-4aa1-9201-bfaa5bcde0c0 None None] Successfully loaded network-ip-availability plugin. Description: Provides IP availability data for each network and subnet. {{(pid=103339) _create_and_add_service_plugin /opt/stack/neutron/neutron/manager.py:239}}
Jun 19 01:10:30.558566 np0000182259 devstack@neutron-api.service[103342]: DEBUG neutron.api.extensions [None req-a3204b2f-3891-46b4-bcbe-e0eeeaf72f37 None None] Loading extension file: pvlan.py {{(pid=103342) _load_all_extensions_from_path /opt/stack/neutron/neutron/api/extensions.py:449}}
Jun 19 01:10:30.558658 np0000182259 devstack@neutron-api.service[103340]: INFO neutron.api.extensions [None req-31a67c32-aa6c-4376-9373-a96cd1b2865f None None] Extension trunk-details not supported by any of loaded plugins
Jun 19 01:10:30.558739 np0000182259 devstack@neutron-api.service[103339]: INFO neutron.manager [None req-5dc58712-78eb-4aa1-9201-bfaa5bcde0c0 None None] Loading Plugin: flavors
Jun 19 01:10:30.558841 np0000182259 devstack@neutron-api.service[103340]: DEBUG neutron.api.extensions [None req-31a67c32-aa6c-4376-9373-a96cd1b2865f None None] Loading extension file: uplink_status_propagation.py {{(pid=103340) _load_all_extensions_from_path /opt/stack/neutron/neutron/api/extensions.py:449}}
Jun 19 01:10:30.558957 np0000182259 devstack@neutron-api.service[103342]: DEBUG neutron.api.extensions [None req-a3204b2f-3891-46b4-bcbe-e0eeeaf72f37 None None] Ext name="Private VLAN" alias="pvlan" description="The Private VLAN semantics extension." updated="2026-02-03T10:00:00-00:00" {{(pid=103342) _check_extension /opt/stack/neutron/neutron/api/extensions.py:415}}
Jun 19 01:10:30.559039 np0000182259 devstack@neutron-api.service[103340]: DEBUG neutron.api.extensions [None req-31a67c32-aa6c-4376-9373-a96cd1b2865f None None] Ext name="Uplink status propagation extension" alias="uplink-status-propagation" description="Provides ability to propagate port uplink status." updated="2018-05-31T18:00:00-00:00" {{(pid=103340) _check_extension /opt/stack/neutron/neutron/api/extensions.py:415}}
Jun 19 01:10:30.559039 np0000182259 devstack@neutron-api.service[103340]: INFO neutron.api.extensions [None req-31a67c32-aa6c-4376-9373-a96cd1b2865f None None] Extension uplink-status-propagation not supported by any of loaded plugins
Jun 19 01:10:30.559384 np0000182259 devstack@neutron-api.service[103342]: INFO neutron.api.extensions [None req-a3204b2f-3891-46b4-bcbe-e0eeeaf72f37 None None] Extension pvlan not supported by any of loaded plugins
Jun 19 01:10:30.559599 np0000182259 devstack@neutron-api.service[103340]: DEBUG neutron.api.extensions [None req-31a67c32-aa6c-4376-9373-a96cd1b2865f None None] Loading extension file: uplink_status_propagation_updatable.py {{(pid=103340) _load_all_extensions_from_path /opt/stack/neutron/neutron/api/extensions.py:449}}
Jun 19 01:10:30.559692 np0000182259 devstack@neutron-api.service[103342]: DEBUG neutron.api.extensions [None req-a3204b2f-3891-46b4-bcbe-e0eeeaf72f37 None None] Loading extension file: qinq.py {{(pid=103342) _load_all_extensions_from_path /opt/stack/neutron/neutron/api/extensions.py:449}}
Jun 19 01:10:30.559789 np0000182259 devstack@neutron-api.service[103340]: DEBUG neutron.api.extensions [None req-31a67c32-aa6c-4376-9373-a96cd1b2865f None None] Ext name="Uplink status propagation updatable extension" alias="uplink-status-propagation-updatable" description="Provides ability to update the port uplink status." updated="2024-09-03T18:00:00-00:00" {{(pid=103340) _check_extension /opt/stack/neutron/neutron/api/extensions.py:415}}
Jun 19 01:10:30.559885 np0000182259 devstack@neutron-api.service[103339]: DEBUG neutron.manager [None req-5dc58712-78eb-4aa1-9201-bfaa5bcde0c0 None None] Successfully loaded FLAVORS plugin. Description: Neutron Flavors and Service Profiles manager plugin {{(pid=103339) _create_and_add_service_plugin /opt/stack/neutron/neutron/manager.py:239}}
Jun 19 01:10:30.559975 np0000182259 devstack@neutron-api.service[103342]: DEBUG neutron.api.extensions [None req-a3204b2f-3891-46b4-bcbe-e0eeeaf72f37 None None] Ext name="QinQ networks" alias="qinq" description="Expose network 'qinq' attribute in the API. This allows to configure network to allow vlan in vlan configuration using 0x88a8 ethertype (QinQ)." updated="2024-12-02T10:00:00-00:00" {{(pid=103342) _check_extension /opt/stack/neutron/neutron/api/extensions.py:415}}
Jun 19 01:10:30.560091 np0000182259 devstack@neutron-api.service[103339]: INFO neutron.manager [None req-5dc58712-78eb-4aa1-9201-bfaa5bcde0c0 None None] Loading Plugin: revisions
Jun 19 01:10:30.560185 np0000182259 devstack@neutron-api.service[103340]: INFO neutron.api.extensions [None req-31a67c32-aa6c-4376-9373-a96cd1b2865f None None] Extension uplink-status-propagation-updatable not supported by any of loaded plugins
Jun 19 01:10:30.560185 np0000182259 devstack@neutron-api.service[103340]: DEBUG neutron.api.extensions [None req-31a67c32-aa6c-4376-9373-a96cd1b2865f None None] Loading extension file: vlantransparent.py {{(pid=103340) _load_all_extensions_from_path /opt/stack/neutron/neutron/api/extensions.py:449}}
Jun 19 01:10:30.560435 np0000182259 devstack@neutron-api.service[103342]: INFO neutron.api.extensions [None req-a3204b2f-3891-46b4-bcbe-e0eeeaf72f37 None None] Loaded extension: qinq
Jun 19 01:10:30.560435 np0000182259 devstack@neutron-api.service[103342]: DEBUG neutron.api.extensions [None req-a3204b2f-3891-46b4-bcbe-e0eeeaf72f37 None None] Loading extension file: qos.py {{(pid=103342) _load_all_extensions_from_path /opt/stack/neutron/neutron/api/extensions.py:449}}
Jun 19 01:10:30.560548 np0000182259 devstack@neutron-api.service[103340]: DEBUG neutron.api.extensions [None req-31a67c32-aa6c-4376-9373-a96cd1b2865f None None] Ext name="Vlantransparent" alias="vlan-transparent" description="Provides Vlan Transparent Networks" updated="2015-03-23T09:00:00-00:00" {{(pid=103340) _check_extension /opt/stack/neutron/neutron/api/extensions.py:415}}
Jun 19 01:10:30.560548 np0000182259 devstack@neutron-api.service[103340]: INFO neutron.api.extensions [None req-31a67c32-aa6c-4376-9373-a96cd1b2865f None None] Loaded extension: vlan-transparent
Jun 19 01:10:30.560707 np0000182259 devstack@neutron-api.service[103339]: DEBUG neutron.manager [None req-5dc58712-78eb-4aa1-9201-bfaa5bcde0c0 None None] Successfully loaded revision_plugin plugin. Description: Adds revision numbers to resources. {{(pid=103339) _create_and_add_service_plugin /opt/stack/neutron/neutron/manager.py:239}}
Jun 19 01:10:30.560707 np0000182259 devstack@neutron-api.service[103339]: DEBUG oslo_concurrency.lockutils [None req-5dc58712-78eb-4aa1-9201-bfaa5bcde0c0 None None] Lock "manager" "released" by "neutron.manager.NeutronManager._create_instance" :: held 4.825s {{(pid=103339) inner /opt/stack/data/venv/lib/python3.12/site-packages/oslo_concurrency/lockutils.py:543}}
Jun 19 01:10:30.560828 np0000182259 devstack@neutron-api.service[103342]: DEBUG neutron.api.extensions [None req-a3204b2f-3891-46b4-bcbe-e0eeeaf72f37 None None] Ext name="Quality of Service" alias="qos" description="The Quality of Service extension." updated="2015-06-08T10:00:00-00:00" {{(pid=103342) _check_extension /opt/stack/neutron/neutron/api/extensions.py:415}}
Jun 19 01:10:30.560919 np0000182259 devstack@neutron-api.service[103339]: DEBUG neutron.api.extensions [None req-5dc58712-78eb-4aa1-9201-bfaa5bcde0c0 None None] get_extension_paths = OrderedDict({'/opt/stack/neutron/neutron/extensions': 1}) {{(pid=103339) get_extensions_path /opt/stack/neutron/neutron/api/extensions.py:640}}
Jun 19 01:10:30.561015 np0000182259 devstack@neutron-api.service[103342]: INFO neutron.api.extensions [None req-a3204b2f-3891-46b4-bcbe-e0eeeaf72f37 None None] Extension qos not supported by any of loaded plugins
Jun 19 01:10:30.561107 np0000182259 devstack@neutron-api.service[103339]: INFO neutron.api.extensions [None req-5dc58712-78eb-4aa1-9201-bfaa5bcde0c0 None None] Initializing extension manager.
Jun 19 01:10:30.561254 np0000182259 devstack@neutron-api.service[103342]: DEBUG neutron.api.extensions [None req-a3204b2f-3891-46b4-bcbe-e0eeeaf72f37 None None] Loading extension file: qos_bw_limit_direction.py {{(pid=103342) _load_all_extensions_from_path /opt/stack/neutron/neutron/api/extensions.py:449}}
Jun 19 01:10:30.561467 np0000182259 devstack@neutron-api.service[103339]: DEBUG neutron.api.extensions [None req-5dc58712-78eb-4aa1-9201-bfaa5bcde0c0 None None] Loading extension file: __init__.py {{(pid=103339) _load_all_extensions_from_path /opt/stack/neutron/neutron/api/extensions.py:449}}
Jun 19 01:10:30.561467 np0000182259 devstack@neutron-api.service[103339]: DEBUG neutron.api.extensions [None req-5dc58712-78eb-4aa1-9201-bfaa5bcde0c0 None None] Loading extension file: __pycache__ {{(pid=103339) _load_all_extensions_from_path /opt/stack/neutron/neutron/api/extensions.py:449}}
Jun 19 01:10:30.561582 np0000182259 devstack@neutron-api.service[103342]: DEBUG neutron.api.extensions [None req-a3204b2f-3891-46b4-bcbe-e0eeeaf72f37 None None] Ext name="Direction for QoS bandwidth limit rule" alias="qos-bw-limit-direction" description="Allow to configure QoS bandwidth limit rule with specific direction: ingress or egress" updated="2017-04-10T10:00:00-00:00" {{(pid=103342) _check_extension /opt/stack/neutron/neutron/api/extensions.py:415}}
Jun 19 01:10:30.561672 np0000182259 devstack@neutron-api.service[103339]: DEBUG neutron.api.extensions [None req-5dc58712-78eb-4aa1-9201-bfaa5bcde0c0 None None] Loading extension file: aap_reject_multicast.py {{(pid=103339) _load_all_extensions_from_path /opt/stack/neutron/neutron/api/extensions.py:449}}
Jun 19 01:10:30.561768 np0000182259 devstack@neutron-api.service[103341]: DEBUG neutron.common.ovn.hash_ring_manager [-] Hash Ring loaded. 1 active nodes. 0 offline nodes {{(pid=103341) _load_hash_ring /opt/stack/neutron/neutron/common/ovn/hash_ring_manager.py:110}}
Jun 19 01:10:30.562087 np0000182259 devstack@neutron-api.service[103342]: INFO neutron.api.extensions [None req-a3204b2f-3891-46b4-bcbe-e0eeeaf72f37 None None] Extension qos-bw-limit-direction not supported by any of loaded plugins
Jun 19 01:10:30.562087 np0000182259 devstack@neutron-api.service[103342]: DEBUG neutron.api.extensions [None req-a3204b2f-3891-46b4-bcbe-e0eeeaf72f37 None None] Loading extension file: qos_bw_minimum_ingress.py {{(pid=103342) _load_all_extensions_from_path /opt/stack/neutron/neutron/api/extensions.py:449}}
Jun 19 01:10:30.562212 np0000182259 devstack@neutron-api.service[103341]: DEBUG neutron.plugins.ml2.drivers.ovn.mech_driver.ovsdb.ovsdb_monitor [-] Hash Ring: Node a1945ee05f6c53ff8d4d5d67b46af815 (host: np0000182259) handling event "update" for row 34192a47-2b17-4b56-bfc2-08ab825588ab (table: Connection) {{(pid=103341) notify /opt/stack/neutron/neutron/plugins/ml2/drivers/ovn/mech_driver/ovsdb/ovsdb_monitor.py:1015}}
Jun 19 01:10:30.562383 np0000182259 devstack@neutron-api.service[103339]: DEBUG neutron.api.extensions [None req-5dc58712-78eb-4aa1-9201-bfaa5bcde0c0 None None] Ext name="Allowed address pairs reject multicast extension" alias="aap-reject-multicast" description="Reject multicast addresses in Allowed Address Pairs" updated="2026-04-01T00:00:00-00:00" {{(pid=103339) _check_extension /opt/stack/neutron/neutron/api/extensions.py:415}}
Jun 19 01:10:30.562481 np0000182259 devstack@neutron-api.service[103340]: INFO neutron.quota.resource_registry [None req-31a67c32-aa6c-4376-9373-a96cd1b2865f None None] Creating instance of TrackedResource for resource:network
Jun 19 01:10:30.562584 np0000182259 devstack@neutron-api.service[103342]: DEBUG neutron.api.extensions [None req-a3204b2f-3891-46b4-bcbe-e0eeeaf72f37 None None] Ext name="Ingress direction for QoS minimum bandwidth rule" alias="qos-bw-minimum-ingress" description="Allow to configure QoS minumum bandwidth rule with ingress direction." updated="2018-07-09T10:00:00-00:00" {{(pid=103342) _check_extension /opt/stack/neutron/neutron/api/extensions.py:415}}
Jun 19 01:10:30.562678 np0000182259 devstack@neutron-api.service[103339]: INFO neutron.api.extensions [None req-5dc58712-78eb-4aa1-9201-bfaa5bcde0c0 None None] Extension aap-reject-multicast not supported by any of loaded plugins
Jun 19 01:10:30.562798 np0000182259 devstack@neutron-api.service[103340]: INFO neutron.quota.resource_registry [None req-31a67c32-aa6c-4376-9373-a96cd1b2865f None None] Creating instance of TrackedResource for resource:subnet
Jun 19 01:10:30.562998 np0000182259 devstack@neutron-api.service[103339]: DEBUG neutron.api.extensions [None req-5dc58712-78eb-4aa1-9201-bfaa5bcde0c0 None None] Loading extension file: address_group.py {{(pid=103339) _load_all_extensions_from_path /opt/stack/neutron/neutron/api/extensions.py:449}}
Jun 19 01:10:30.563117 np0000182259 devstack@neutron-api.service[103342]: INFO neutron.api.extensions [None req-a3204b2f-3891-46b4-bcbe-e0eeeaf72f37 None None] Extension qos-bw-minimum-ingress not supported by any of loaded plugins
Jun 19 01:10:30.563214 np0000182259 devstack@neutron-api.service[103340]: INFO neutron.quota.resource_registry [None req-31a67c32-aa6c-4376-9373-a96cd1b2865f None None] Creating instance of TrackedResource for resource:subnetpool
Jun 19 01:10:30.563331 np0000182259 devstack@neutron-api.service[103342]: DEBUG neutron.api.extensions [None req-a3204b2f-3891-46b4-bcbe-e0eeeaf72f37 None None] Loading extension file: qos_default.py {{(pid=103342) _load_all_extensions_from_path /opt/stack/neutron/neutron/api/extensions.py:449}}
Jun 19 01:10:30.563436 np0000182259 devstack@neutron-api.service[103340]: INFO neutron.quota.resource_registry [None req-31a67c32-aa6c-4376-9373-a96cd1b2865f None None] Creating instance of TrackedResource for resource:port
Jun 19 01:10:30.563558 np0000182259 devstack@neutron-api.service[103339]: DEBUG neutron.api.extensions [None req-5dc58712-78eb-4aa1-9201-bfaa5bcde0c0 None None] Ext name="Address group" alias="address-group" description="Support address group" updated="2020-07-15T10:00:00-00:00" {{(pid=103339) _check_extension /opt/stack/neutron/neutron/api/extensions.py:415}}
Jun 19 01:10:30.563839 np0000182259 devstack@neutron-api.service[103342]: DEBUG neutron.api.extensions [None req-a3204b2f-3891-46b4-bcbe-e0eeeaf72f37 None None] Ext name="QoS default policy" alias="qos-default" description="Expose the QoS default policy per project" updated="2017-041-06T10:00:00-00:00" {{(pid=103342) _check_extension /opt/stack/neutron/neutron/api/extensions.py:415}}
Jun 19 01:10:30.564136 np0000182259 devstack@neutron-api.service[103339]: INFO neutron.api.extensions [None req-5dc58712-78eb-4aa1-9201-bfaa5bcde0c0 None None] Loaded extension: address-group
Jun 19 01:10:30.564434 np0000182259 devstack@neutron-api.service[103342]: INFO neutron.api.extensions [None req-a3204b2f-3891-46b4-bcbe-e0eeeaf72f37 None None] Extension qos-default not supported by any of loaded plugins
Jun 19 01:10:30.564709 np0000182259 devstack@neutron-api.service[103339]: DEBUG neutron.api.extensions [None req-5dc58712-78eb-4aa1-9201-bfaa5bcde0c0 None None] Loading extension file: address_scope.py {{(pid=103339) _load_all_extensions_from_path /opt/stack/neutron/neutron/api/extensions.py:449}}
Jun 19 01:10:30.564863 np0000182259 devstack@neutron-api.service[103342]: DEBUG neutron.api.extensions [None req-a3204b2f-3891-46b4-bcbe-e0eeeaf72f37 None None] Loading extension file: qos_fip.py {{(pid=103342) _load_all_extensions_from_path /opt/stack/neutron/neutron/api/extensions.py:449}}
Jun 19 01:10:30.564863 np0000182259 devstack@neutron-api.service[103342]: DEBUG neutron.api.extensions [None req-a3204b2f-3891-46b4-bcbe-e0eeeaf72f37 None None] Ext name="Floating IP QoS" alias="qos-fip" description="The floating IP Quality of Service extension" updated="2017-07-20T00:00:00-00:00" {{(pid=103342) _check_extension /opt/stack/neutron/neutron/api/extensions.py:415}}
Jun 19 01:10:30.565162 np0000182259 devstack@neutron-api.service[103339]: DEBUG neutron.api.extensions [None req-5dc58712-78eb-4aa1-9201-bfaa5bcde0c0 None None] Ext name="Address scope" alias="address-scope" description="Address scopes extension." updated="2015-07-26T10:00:00-00:00" {{(pid=103339) _check_extension /opt/stack/neutron/neutron/api/extensions.py:415}}
Jun 19 01:10:30.565460 np0000182259 devstack@neutron-api.service[103342]: INFO neutron.api.extensions [None req-a3204b2f-3891-46b4-bcbe-e0eeeaf72f37 None None] Extension qos-fip not supported by any of loaded plugins
Jun 19 01:10:30.565745 np0000182259 devstack@neutron-api.service[103339]: INFO neutron.api.extensions [None req-5dc58712-78eb-4aa1-9201-bfaa5bcde0c0 None None] Loaded extension: address-scope
Jun 19 01:10:30.566045 np0000182259 devstack@neutron-api.service[103342]: DEBUG neutron.api.extensions [None req-a3204b2f-3891-46b4-bcbe-e0eeeaf72f37 None None] Loading extension file: qos_fip_network_policy.py {{(pid=103342) _load_all_extensions_from_path /opt/stack/neutron/neutron/api/extensions.py:449}}
Jun 19 01:10:30.566377 np0000182259 devstack@neutron-api.service[103339]: DEBUG neutron.api.extensions [None req-5dc58712-78eb-4aa1-9201-bfaa5bcde0c0 None None] Loading extension file: admin_state_down_before_update.py {{(pid=103339) _load_all_extensions_from_path /opt/stack/neutron/neutron/api/extensions.py:449}}
Jun 19 01:10:30.566473 np0000182259 devstack@neutron-api.service[103342]: DEBUG neutron.api.extensions [None req-a3204b2f-3891-46b4-bcbe-e0eeeaf72f37 None None] Ext name="QoS floating IP network policy ID" alias="qos-fip-network-policy" description="Adds a the QoS network ID to the floating IP definition" updated="2021-11-15T10:00:00-00:00" {{(pid=103342) _check_extension /opt/stack/neutron/neutron/api/extensions.py:415}}
Jun 19 01:10:30.566571 np0000182259 devstack@neutron-api.service[103339]: DEBUG neutron.api.extensions [None req-5dc58712-78eb-4aa1-9201-bfaa5bcde0c0 None None] Ext name="Enforce Router's Admin State Down Before Update Extension" alias="router-admin-state-down-before-update" description="Ensure that the admin state of a router is DOWN (admin_state_up=False) before updating the distributed attribute" updated="2019-07-02T15:56:00" {{(pid=103339) _check_extension /opt/stack/neutron/neutron/api/extensions.py:415}}
Jun 19 01:10:30.566571 np0000182259 devstack@neutron-api.service[103339]: INFO neutron.api.extensions [None req-5dc58712-78eb-4aa1-9201-bfaa5bcde0c0 None None] Extension router-admin-state-down-before-update not supported by any of loaded plugins
Jun 19 01:10:30.566695 np0000182259 devstack@neutron-api.service[103340]: DEBUG neutron.api.v2.resource_helper [None req-31a67c32-aa6c-4376-9373-a96cd1b2865f None None] Service L3_ROUTER_NAT assigned prefix: {{(pid=103340) build_resource_info /opt/stack/neutron/neutron/api/v2/resource_helper.py:77}}
Jun 19 01:10:30.566792 np0000182259 devstack@neutron-api.service[103342]: INFO neutron.api.extensions [None req-a3204b2f-3891-46b4-bcbe-e0eeeaf72f37 None None] Extension qos-fip-network-policy not supported by any of loaded plugins
Jun 19 01:10:30.566884 np0000182259 devstack@neutron-api.service[103339]: DEBUG neutron.api.extensions [None req-5dc58712-78eb-4aa1-9201-bfaa5bcde0c0 None None] Loading extension file: agent.py {{(pid=103339) _load_all_extensions_from_path /opt/stack/neutron/neutron/api/extensions.py:449}}
Jun 19 01:10:30.566980 np0000182259 devstack@neutron-api.service[103342]: DEBUG neutron.api.extensions [None req-a3204b2f-3891-46b4-bcbe-e0eeeaf72f37 None None] Loading extension file: qos_gateway_ip.py {{(pid=103342) _load_all_extensions_from_path /opt/stack/neutron/neutron/api/extensions.py:449}}
Jun 19 01:10:30.566980 np0000182259 devstack@neutron-api.service[103342]: DEBUG neutron.api.extensions [None req-a3204b2f-3891-46b4-bcbe-e0eeeaf72f37 None None] Ext name="Router gateway IP QoS" alias="qos-gateway-ip" description="The Router gateway IP Quality of Service extension" updated="2018-02-24T00:00:00-00:00" {{(pid=103342) _check_extension /opt/stack/neutron/neutron/api/extensions.py:415}}
Jun 19 01:10:30.567099 np0000182259 devstack@neutron-api.service[103339]: DEBUG neutron.api.extensions [None req-5dc58712-78eb-4aa1-9201-bfaa5bcde0c0 None None] Ext name="agent" alias="agent" description="The agent management extension." updated="2013-02-03T10:00:00-00:00" {{(pid=103339) _check_extension /opt/stack/neutron/neutron/api/extensions.py:415}}
Jun 19 01:10:30.567197 np0000182259 devstack@neutron-api.service[103340]: DEBUG neutron.api.v2.resource_helper [None req-31a67c32-aa6c-4376-9373-a96cd1b2865f None None] Service FLAVORS assigned prefix: {{(pid=103340) build_resource_info /opt/stack/neutron/neutron/api/v2/resource_helper.py:77}}
Jun 19 01:10:30.567290 np0000182259 devstack@neutron-api.service[103339]: INFO neutron.api.extensions [None req-5dc58712-78eb-4aa1-9201-bfaa5bcde0c0 None None] Loaded extension: agent
Jun 19 01:10:30.567391 np0000182259 devstack@neutron-api.service[103342]: INFO neutron.api.extensions [None req-a3204b2f-3891-46b4-bcbe-e0eeeaf72f37 None None] Extension qos-gateway-ip not supported by any of loaded plugins
Jun 19 01:10:30.567497 np0000182259 devstack@neutron-api.service[103339]: DEBUG neutron.api.extensions [None req-5dc58712-78eb-4aa1-9201-bfaa5bcde0c0 None None] Loading extension file: agent_resources_synced.py {{(pid=103339) _load_all_extensions_from_path /opt/stack/neutron/neutron/api/extensions.py:449}}
