Jun 19 01:01:02.648930 np0000182252 devstack@neutron-api.service[102986]: DEBUG neutron.plugins.ml2.drivers.ovn.mech_driver.ovsdb.ovsdb_monitor [-] Hash Ring: Node 7a37d1ea4e7c5836b77f5c428d8e8515 (host: np0000182252) handling event "update" for row 3d7220e7-b793-4c22-9f37-7c38caac7bc4 (table: Connection) {{(pid=102986) notify /opt/stack/neutron/neutron/plugins/ml2/drivers/ovn/mech_driver/ovsdb/ovsdb_monitor.py:1015}}
Jun 19 01:01:05.156721 np0000182252 devstack@neutron-api.service[102986]: DEBUG neutron.plugins.ml2.drivers.ovn.mech_driver.ovsdb.ovsdb_monitor [-] Hash Ring: Node 7a37d1ea4e7c5836b77f5c428d8e8515 (host: np0000182252) handling event "update" for row 3d7220e7-b793-4c22-9f37-7c38caac7bc4 (table: Connection) {{(pid=102986) notify /opt/stack/neutron/neutron/plugins/ml2/drivers/ovn/mech_driver/ovsdb/ovsdb_monitor.py:1015}}
Jun 19 01:01:05.160429 np0000182252 devstack@neutron-api.service[102988]: DEBUG neutron.plugins.ml2.drivers.ovn.mech_driver.ovsdb.ovsdb_monitor [-] Hash Ring: Node b57510d6fbc85219b561ae7f92a84575 (host: np0000182252) handling event "update" for row 3d7220e7-b793-4c22-9f37-7c38caac7bc4 (table: Connection) {{(pid=102988) notify /opt/stack/neutron/neutron/plugins/ml2/drivers/ovn/mech_driver/ovsdb/ovsdb_monitor.py:1015}}
Jun 19 01:01:06.246087 np0000182252 devstack@neutron-api.service[102986]: DEBUG neutron.api.wsgi [None req-29bb7b65-8503-4722-b4c3-4afa2041609a admin admin] Missing Content-Type {{(pid=102986) get_content_type /opt/stack/neutron/neutron/api/wsgi.py:80}}
Jun 19 01:01:06.246894 np0000182252 devstack@neutron-api.service[102986]: DEBUG neutron.api.wsgi [None req-29bb7b65-8503-4722-b4c3-4afa2041609a admin admin] https://199.204.45.162/networking/v2.0/extensions returned with HTTP 200 {{(pid=102986) __call__ /opt/stack/neutron/neutron/api/wsgi.py:540}}
Jun 19 01:01:06.246894 np0000182252 devstack@neutron-api.service[102986]: [pid: 102986|app: 0|req: 2/2] 199.204.45.162 () {64 vars in 1323 bytes} [Fri Jun 19 01:01:05 2026] GET /networking/v2.0/extensions => generated 16171 bytes in 409 msecs (HTTP/1.1 200) 4 headers in 159 bytes (1 switches on core 0)
Jun 19 01:01:06.652308 np0000182252 devstack@neutron-api.service[102985]: DEBUG neutron.api.v2.base [None req-25626e57-4d24-47b2-8d67-a37556656a4a admin admin] Request body: {'subnetpool': {'default_prefixlen': 26, 'shared': True, 'prefixes': ['10.1.0.0/20'], 'is_default': True, 'name': 'shared-default-subnetpool-v4'}} {{(pid=102985) prepare_request_body /opt/stack/neutron/neutron/api/v2/base.py:727}}
Jun 19 01:01:06.867084 np0000182252 devstack@neutron-api.service[102985]: DEBUG neutron.policy [None req-25626e57-4d24-47b2-8d67-a37556656a4a admin admin] Loaded default policies from ['neutron'] under neutron.policies entry points {{(pid=102985) register_rules /opt/stack/neutron/neutron/policy.py:65}}
Jun 19 01:01:07.026356 np0000182252 devstack@neutron-api.service[102985]: DEBUG neutron_lib.callbacks.manager [None req-25626e57-4d24-47b2-8d67-a37556656a4a admin admin] Publish callbacks ['neutron.objects.securitygroup.RbacNeutronDbObjectMixin.validate_rbac_policy_change-3034569461543', 'neutron.objects.address_group.RbacNeutronDbObjectMixin.validate_rbac_policy_change-3034568565040', 'neutron.objects.network.RbacNeutronDbObjectMixin.validate_rbac_policy_change-3034569487925', 'neutron.objects.qos.policy.RbacNeutronDbObjectMixin.validate_rbac_policy_change-3034569491175', 'neutron.objects.subnetpool.RbacNeutronDbObjectMixin.validate_rbac_policy_change-3034569247918', 'neutron.objects.address_scope.RbacNeutronDbObjectMixin.validate_rbac_policy_change-3034569266049', 'neutron.plugins.ml2.plugin.External_net_db_mixin._process_ext_policy_create-173363', 'neutron.plugins.ml2.plugin.NeutronDbPluginV2.validate_network_rbac_policy_change-190747'] for rbac-policy (None), before_create {{(pid=102985) _notify_loop /opt/stack/data/venv/lib/python3.12/site-packages/neutron_lib/callbacks/manager.py:184}}
Jun 19 01:01:07.084735 np0000182252 devstack@neutron-api.service[102985]: DEBUG neutron_lib.callbacks.manager [None req-25626e57-4d24-47b2-8d67-a37556656a4a admin admin] Publish callbacks [] for subnetpool (None), before_response {{(pid=102985) _notify_loop /opt/stack/data/venv/lib/python3.12/site-packages/neutron_lib/callbacks/manager.py:184}}
Jun 19 01:01:07.085823 np0000182252 devstack@neutron-api.service[102985]: [pid: 102985|app: 0|req: 1/3] 199.204.45.162 () {68 vars in 1367 bytes} [Fri Jun 19 01:01:06 2026] POST /networking/v2.0/subnetpools => generated 533 bytes in 558 msecs (HTTP/1.1 201) 4 headers in 162 bytes (1 switches on core 0)
Jun 19 01:01:07.429612 np0000182252 devstack@neutron-api.service[102987]: DEBUG neutron.api.v2.base [None req-af1b46ac-d931-4748-868f-e7314e45be8e admin admin] Request body: {'subnetpool': {'default_prefixlen': 64, 'shared': True, 'prefixes': ['fdae:6aad:a7aa::/56'], 'is_default': True, 'name': 'shared-default-subnetpool-v6'}} {{(pid=102987) prepare_request_body /opt/stack/neutron/neutron/api/v2/base.py:727}}
Jun 19 01:01:07.629548 np0000182252 devstack@neutron-api.service[102987]: DEBUG neutron.policy [None req-af1b46ac-d931-4748-868f-e7314e45be8e admin admin] Loaded default policies from ['neutron'] under neutron.policies entry points {{(pid=102987) register_rules /opt/stack/neutron/neutron/policy.py:65}}
Jun 19 01:01:07.789797 np0000182252 devstack@neutron-api.service[102987]: DEBUG neutron_lib.callbacks.manager [None req-af1b46ac-d931-4748-868f-e7314e45be8e admin admin] Publish callbacks ['neutron.objects.securitygroup.RbacNeutronDbObjectMixin.validate_rbac_policy_change-3034569354663', 'neutron.objects.address_group.RbacNeutronDbObjectMixin.validate_rbac_policy_change-3034569327723', 'neutron.objects.network.RbacNeutronDbObjectMixin.validate_rbac_policy_change-3034569257437', 'neutron.objects.qos.policy.RbacNeutronDbObjectMixin.validate_rbac_policy_change-3034569504751', 'neutron.objects.subnetpool.RbacNeutronDbObjectMixin.validate_rbac_policy_change-3034569498860', 'neutron.objects.address_scope.RbacNeutronDbObjectMixin.validate_rbac_policy_change-3034569499838', 'neutron.plugins.ml2.plugin.External_net_db_mixin._process_ext_policy_create-136359', 'neutron.plugins.ml2.plugin.NeutronDbPluginV2.validate_network_rbac_policy_change-187723'] for rbac-policy (None), before_create {{(pid=102987) _notify_loop /opt/stack/data/venv/lib/python3.12/site-packages/neutron_lib/callbacks/manager.py:184}}
Jun 19 01:01:07.842717 np0000182252 devstack@neutron-api.service[102987]: DEBUG neutron_lib.callbacks.manager [None req-af1b46ac-d931-4748-868f-e7314e45be8e admin admin] Publish callbacks [] for subnetpool (None), before_response {{(pid=102987) _notify_loop /opt/stack/data/venv/lib/python3.12/site-packages/neutron_lib/callbacks/manager.py:184}}
Jun 19 01:01:07.843726 np0000182252 devstack@neutron-api.service[102987]: [pid: 102987|app: 0|req: 1/4] 199.204.45.162 () {68 vars in 1367 bytes} [Fri Jun 19 01:01:07 2026] POST /networking/v2.0/subnetpools => generated 543 bytes in 538 msecs (HTTP/1.1 201) 4 headers in 162 bytes (1 switches on core 0)
Jun 19 01:01:08.262731 np0000182252 devstack@neutron-api.service[102988]: DEBUG neutron.api.v2.base [None req-ac0dad9f-1782-455e-b71d-77a1f49357c3 admin admin] Request body: {'network': {'admin_state_up': True, 'name': 'private'}} {{(pid=102988) prepare_request_body /opt/stack/neutron/neutron/api/v2/base.py:727}}
Jun 19 01:01:08.296928 np0000182252 devstack@neutron-api.service[102988]: DEBUG neutron.pecan_wsgi.hooks.quota_enforcement [None req-ac0dad9f-1782-455e-b71d-77a1f49357c3 admin admin] Made reservation on behalf of 34e3ed86b67a472591c11214373a595f for: {'network': 1} {{(pid=102988) before /opt/stack/neutron/neutron/pecan_wsgi/hooks/quota_enforcement.py:66}}
Jun 19 01:01:08.479129 np0000182252 devstack@neutron-api.service[102988]: DEBUG neutron.policy [None req-ac0dad9f-1782-455e-b71d-77a1f49357c3 admin admin] Loaded default policies from ['neutron'] under neutron.policies entry points {{(pid=102988) register_rules /opt/stack/neutron/neutron/policy.py:65}}
Jun 19 01:01:08.586150 np0000182252 devstack@neutron-api.service[102988]: DEBUG neutron_lib.callbacks.manager [None req-ac0dad9f-1782-455e-b71d-77a1f49357c3 admin admin] Publish callbacks ['neutron.plugins.ml2.plugin.SecurityGroupDbMixin._ensure_default_security_group_handler-15343889'] for network (None), before_create {{(pid=102988) _notify_loop /opt/stack/data/venv/lib/python3.12/site-packages/neutron_lib/callbacks/manager.py:184}}
Jun 19 01:01:08.606879 np0000182252 devstack@neutron-api.service[102988]: DEBUG neutron_lib.callbacks.manager [None req-ac0dad9f-1782-455e-b71d-77a1f49357c3 admin admin] Publish callbacks [] for security_group (None), before_create {{(pid=102988) _notify_loop /opt/stack/data/venv/lib/python3.12/site-packages/neutron_lib/callbacks/manager.py:184}}
Jun 19 01:01:08.705795 np0000182252 devstack@neutron-api.service[102988]: DEBUG neutron_lib.callbacks.manager [None req-ac0dad9f-1782-455e-b71d-77a1f49357c3 admin admin] Publish callbacks ['neutron.plugins.ml2.drivers.ovn.mech_driver.mech_driver.OVNMechanismDriver._create_security_group_precommit-329183'] for security_group (96f1117e-0202-484d-b18f-98effb7e5604), precommit_create {{(pid=102988) _notify_loop /opt/stack/data/venv/lib/python3.12/site-packages/neutron_lib/callbacks/manager.py:184}}
Jun 19 01:01:08.706020 np0000182252 devstack@neutron-api.service[102988]: DEBUG neutron.db.ovn_revision_numbers_db [None req-ac0dad9f-1782-455e-b71d-77a1f49357c3 admin admin] create_initial_revision uuid=96f1117e-0202-484d-b18f-98effb7e5604, type=security_groups, rev=-1 {{(pid=102988) create_initial_revision /opt/stack/neutron/neutron/db/ovn_revision_numbers_db.py:98}}
Jun 19 01:01:08.708349 np0000182252 devstack@neutron-api.service[102988]: DEBUG neutron.db.ovn_revision_numbers_db [None req-ac0dad9f-1782-455e-b71d-77a1f49357c3 admin admin] create_initial_revision uuid=73fbf381-319d-4611-a899-ac3a4a86bd32, type=security_group_rules, rev=-1 {{(pid=102988) create_initial_revision /opt/stack/neutron/neutron/db/ovn_revision_numbers_db.py:98}}
Jun 19 01:01:08.709441 np0000182252 devstack@neutron-api.service[102988]: DEBUG neutron.db.ovn_revision_numbers_db [None req-ac0dad9f-1782-455e-b71d-77a1f49357c3 admin admin] create_initial_revision uuid=76034ed4-46f8-4fed-ad4a-c5975510acc7, type=security_group_rules, rev=-1 {{(pid=102988) create_initial_revision /opt/stack/neutron/neutron/db/ovn_revision_numbers_db.py:98}}
Jun 19 01:01:08.710464 np0000182252 devstack@neutron-api.service[102988]: DEBUG neutron.db.ovn_revision_numbers_db [None req-ac0dad9f-1782-455e-b71d-77a1f49357c3 admin admin] create_initial_revision uuid=893e9746-253f-4c7f-820f-f46dcb050332, type=security_group_rules, rev=-1 {{(pid=102988) create_initial_revision /opt/stack/neutron/neutron/db/ovn_revision_numbers_db.py:98}}
Jun 19 01:01:08.711454 np0000182252 devstack@neutron-api.service[102988]: DEBUG neutron.db.ovn_revision_numbers_db [None req-ac0dad9f-1782-455e-b71d-77a1f49357c3 admin admin] create_initial_revision uuid=fff5ccc4-6cd1-4b10-8134-010e68a5a05d, type=security_group_rules, rev=-1 {{(pid=102988) create_initial_revision /opt/stack/neutron/neutron/db/ovn_revision_numbers_db.py:98}}
Jun 19 01:01:08.717987 np0000182252 devstack@neutron-api.service[102988]: DEBUG neutron_lib.callbacks.manager [None req-ac0dad9f-1782-455e-b71d-77a1f49357c3 admin admin] Publish callbacks ['neutron.plugins.ml2.drivers.ovn.mech_driver.mech_driver.OVNMechanismDriver._create_security_group-329125', 'neutron.plugins.ml2.ovo_rpc._ObjectChangeHandler.handle_event-3377084'] for security_group (96f1117e-0202-484d-b18f-98effb7e5604), after_create {{(pid=102988) _notify_loop /opt/stack/data/venv/lib/python3.12/site-packages/neutron_lib/callbacks/manager.py:184}}
Jun 19 01:01:08.718184 np0000182252 devstack@neutron-api.service[102988]: INFO neutron.plugins.ml2.drivers.ovn.mech_driver.ovsdb.extensions.qos [None req-ac0dad9f-1782-455e-b71d-77a1f49357c3 admin admin] Starting OVNClientQosExtension
Jun 19 01:01:08.718326 np0000182252 devstack@neutron-api.service[102988]: INFO neutron.plugins.ml2.drivers.ovn.mech_driver.ovsdb.extensions.placement [None req-ac0dad9f-1782-455e-b71d-77a1f49357c3 admin admin] Starting OVNClientPlacementExtension
Jun 19 01:01:08.719513 np0000182252 devstack@neutron-api.service[102988]: DEBUG ovsdbapp.backend.ovs_idl.transaction [-] Running txn n=1 command(idx=0): PgAddCommand(_result=None, name=pg_96f1117e_0202_484d_b18f_98effb7e5604, may_exist=False, columns={'acls': [], 'external_ids': {'neutron:security_group_id': '96f1117e-0202-484d-b18f-98effb7e5604'}}) {{(pid=102988) do_commit /opt/stack/data/venv/lib/python3.12/site-packages/ovsdbapp/backend/ovs_idl/transaction.py:89}}
Jun 19 01:01:08.721202 np0000182252 devstack@neutron-api.service[102988]: DEBUG ovsdbapp.backend.ovs_idl.transaction [-] Running txn n=1 command(idx=1): PgAclAddCommand(_result=None, entity=pg_96f1117e_0202_484d_b18f_98effb7e5604, direction=to-lport, priority=1002, match=outport == @pg_96f1117e_0202_484d_b18f_98effb7e5604 && ip4 && ip4.src == $pg_96f1117e_0202_484d_b18f_98effb7e5604_ip4, action=allow-related, log=False, may_exist=True, severity=[], name=[], meter=[], external_ids={'neutron:security_group_rule_id': '73fbf381-319d-4611-a899-ac3a4a86bd32'}) {{(pid=102988) do_commit /opt/stack/data/venv/lib/python3.12/site-packages/ovsdbapp/backend/ovs_idl/transaction.py:89}}
Jun 19 01:01:08.721608 np0000182252 devstack@neutron-api.service[102988]: DEBUG ovsdbapp.backend.ovs_idl.transaction [-] Running txn n=1 command(idx=2): PgAclAddCommand(_result=None, entity=pg_96f1117e_0202_484d_b18f_98effb7e5604, direction=to-lport, priority=1002, match=outport == @pg_96f1117e_0202_484d_b18f_98effb7e5604 && ip6 && ip6.src == $pg_96f1117e_0202_484d_b18f_98effb7e5604_ip6, action=allow-related, log=False, may_exist=True, severity=[], name=[], meter=[], external_ids={'neutron:security_group_rule_id': '76034ed4-46f8-4fed-ad4a-c5975510acc7'}) {{(pid=102988) do_commit /opt/stack/data/venv/lib/python3.12/site-packages/ovsdbapp/backend/ovs_idl/transaction.py:89}}
Jun 19 01:01:08.721941 np0000182252 devstack@neutron-api.service[102988]: DEBUG ovsdbapp.backend.ovs_idl.transaction [-] Running txn n=1 command(idx=3): PgAclAddCommand(_result=None, entity=pg_96f1117e_0202_484d_b18f_98effb7e5604, direction=from-lport, priority=1002, match=inport == @pg_96f1117e_0202_484d_b18f_98effb7e5604 && ip6, action=allow-related, log=False, may_exist=True, severity=[], name=[], meter=[], external_ids={'neutron:security_group_rule_id': '893e9746-253f-4c7f-820f-f46dcb050332'}) {{(pid=102988) do_commit /opt/stack/data/venv/lib/python3.12/site-packages/ovsdbapp/backend/ovs_idl/transaction.py:89}}
Jun 19 01:01:08.722230 np0000182252 devstack@neutron-api.service[102988]: DEBUG ovsdbapp.backend.ovs_idl.transaction [-] Running txn n=1 command(idx=4): PgAclAddCommand(_result=None, entity=pg_96f1117e_0202_484d_b18f_98effb7e5604, direction=from-lport, priority=1002, match=inport == @pg_96f1117e_0202_484d_b18f_98effb7e5604 && ip4, action=allow-related, log=False, may_exist=True, severity=[], name=[], meter=[], external_ids={'neutron:security_group_rule_id': 'fff5ccc4-6cd1-4b10-8134-010e68a5a05d'}) {{(pid=102988) do_commit /opt/stack/data/venv/lib/python3.12/site-packages/ovsdbapp/backend/ovs_idl/transaction.py:89}}
Jun 19 01:01:08.764304 np0000182252 devstack@neutron-api.service[102988]: DEBUG neutron.plugins.ml2.drivers.ovn.mech_driver.ovsdb.ovsdb_monitor [-] Hash Ring: Node b57510d6fbc85219b561ae7f92a84575 (host: np0000182252) handling event "create" for row a2f2baaa-3a49-4b9f-ad0c-9c70f3afc725 (table: ACL) {{(pid=102988) notify /opt/stack/neutron/neutron/plugins/ml2/drivers/ovn/mech_driver/ovsdb/ovsdb_monitor.py:1015}}
Jun 19 01:01:08.768110 np0000182252 devstack@neutron-api.service[102987]: DEBUG neutron.plugins.ml2.drivers.ovn.mech_driver.ovsdb.ovsdb_monitor [-] Hash Ring: Node 944e68018d555ddfbed549faa21c6fa7 (host: np0000182252) handling event "create" for row 72b74b42-0e9b-4b68-939d-ba99e87fda1f (table: ACL) {{(pid=102987) notify /opt/stack/neutron/neutron/plugins/ml2/drivers/ovn/mech_driver/ovsdb/ovsdb_monitor.py:1015}}
Jun 19 01:01:08.768779 np0000182252 devstack@neutron-api.service[102987]: DEBUG neutron.plugins.ml2.drivers.ovn.mech_driver.ovsdb.ovsdb_monitor [-] Hash Ring: Node 944e68018d555ddfbed549faa21c6fa7 (host: np0000182252) handling event "create" for row bf595a50-4cdd-4c16-ab81-e16b29a4f6e2 (table: ACL) {{(pid=102987) notify /opt/stack/neutron/neutron/plugins/ml2/drivers/ovn/mech_driver/ovsdb/ovsdb_monitor.py:1015}}
Jun 19 01:01:08.769263 np0000182252 devstack@neutron-api.service[102986]: DEBUG neutron.plugins.ml2.drivers.ovn.mech_driver.ovsdb.ovsdb_monitor [-] Hash Ring: Node 7a37d1ea4e7c5836b77f5c428d8e8515 (host: np0000182252) handling event "create" for row 35e5e809-f26d-4714-a5b8-2d198c9a589d (table: ACL) {{(pid=102986) notify /opt/stack/neutron/neutron/plugins/ml2/drivers/ovn/mech_driver/ovsdb/ovsdb_monitor.py:1015}}
Jun 19 01:01:08.769726 np0000182252 devstack@neutron-api.service[102986]: DEBUG neutron.plugins.ml2.drivers.ovn.mech_driver.ovsdb.ovsdb_monitor [-] Hash Ring: Node 7a37d1ea4e7c5836b77f5c428d8e8515 (host: np0000182252) handling event "create" for row 72b74b42-0e9b-4b68-939d-ba99e87fda1f (table: ACL) {{(pid=102986) notify /opt/stack/neutron/neutron/plugins/ml2/drivers/ovn/mech_driver/ovsdb/ovsdb_monitor.py:1015}}
Jun 19 01:01:08.769726 np0000182252 devstack@neutron-api.service[102986]: DEBUG neutron.plugins.ml2.drivers.ovn.mech_driver.ovsdb.ovsdb_monitor [-] Hash Ring: Node 7a37d1ea4e7c5836b77f5c428d8e8515 (host: np0000182252) handling event "create" for row a2f2baaa-3a49-4b9f-ad0c-9c70f3afc725 (table: ACL) {{(pid=102986) notify /opt/stack/neutron/neutron/plugins/ml2/drivers/ovn/mech_driver/ovsdb/ovsdb_monitor.py:1015}}
Jun 19 01:01:08.769726 np0000182252 devstack@neutron-api.service[102986]: DEBUG neutron.plugins.ml2.drivers.ovn.mech_driver.ovsdb.ovsdb_monitor [-] Hash Ring: Node 7a37d1ea4e7c5836b77f5c428d8e8515 (host: np0000182252) handling event "create" for row bf595a50-4cdd-4c16-ab81-e16b29a4f6e2 (table: ACL) {{(pid=102986) notify /opt/stack/neutron/neutron/plugins/ml2/drivers/ovn/mech_driver/ovsdb/ovsdb_monitor.py:1015}}
Jun 19 01:01:08.770409 np0000182252 devstack@neutron-api.service[102986]: DEBUG neutron.plugins.ml2.drivers.ovn.mech_driver.ovsdb.ovsdb_monitor [-] Hash Ring: Node 7a37d1ea4e7c5836b77f5c428d8e8515 (host: np0000182252) handling event "create" for row 1056c24c-76ce-467a-9846-1a1fabe01435 (table: Port_Group) {{(pid=102986) notify /opt/stack/neutron/neutron/plugins/ml2/drivers/ovn/mech_driver/ovsdb/ovsdb_monitor.py:1015}}
Jun 19 01:01:08.772409 np0000182252 devstack@neutron-api.service[102985]: DEBUG neutron.plugins.ml2.drivers.ovn.mech_driver.ovsdb.ovsdb_monitor [-] Hash Ring: Node 04f60cc5774b549cbfceca54b722d7a0 (host: np0000182252) handling event "create" for row 1056c24c-76ce-467a-9846-1a1fabe01435 (table: Port_Group) {{(pid=102985) notify /opt/stack/neutron/neutron/plugins/ml2/drivers/ovn/mech_driver/ovsdb/ovsdb_monitor.py:1015}}
Jun 19 01:01:08.801280 np0000182252 devstack@neutron-api.service[102988]: INFO neutron.db.ovn_revision_numbers_db [None req-ac0dad9f-1782-455e-b71d-77a1f49357c3 admin admin] Successfully bumped revision number for resource 96f1117e-0202-484d-b18f-98effb7e5604 (type: security_groups) to 1
Jun 19 01:01:08.821838 np0000182252 devstack@neutron-api.service[102988]: INFO neutron.db.ovn_revision_numbers_db [None req-ac0dad9f-1782-455e-b71d-77a1f49357c3 admin admin] Successfully bumped revision number for resource 73fbf381-319d-4611-a899-ac3a4a86bd32 (type: security_group_rules) to 0
Jun 19 01:01:08.835781 np0000182252 devstack@neutron-api.service[102988]: INFO neutron.db.ovn_revision_numbers_db [None req-ac0dad9f-1782-455e-b71d-77a1f49357c3 admin admin] Successfully bumped revision number for resource 76034ed4-46f8-4fed-ad4a-c5975510acc7 (type: security_group_rules) to 0
Jun 19 01:01:08.848402 np0000182252 devstack@neutron-api.service[102988]: INFO neutron.db.ovn_revision_numbers_db [None req-ac0dad9f-1782-455e-b71d-77a1f49357c3 admin admin] Successfully bumped revision number for resource 893e9746-253f-4c7f-820f-f46dcb050332 (type: security_group_rules) to 0
Jun 19 01:01:08.862427 np0000182252 devstack@neutron-api.service[102988]: INFO neutron.db.ovn_revision_numbers_db [None req-ac0dad9f-1782-455e-b71d-77a1f49357c3 admin admin] Successfully bumped revision number for resource fff5ccc4-6cd1-4b10-8134-010e68a5a05d (type: security_group_rules) to 0
Jun 19 01:01:08.889573 np0000182252 devstack@neutron-api.service[102988]: DEBUG neutron.api.rpc.handlers.resources_rpc [None req-ac0dad9f-1782-455e-b71d-77a1f49357c3 admin admin] Pushing event updated for resources: {'SecurityGroup': ['ID=96f1117e-0202-484d-b18f-98effb7e5604,revision_number=1']} {{(pid=102988) push /opt/stack/neutron/neutron/api/rpc/handlers/resources_rpc.py:237}}
Jun 19 01:01:08.896852 np0000182252 devstack@neutron-api.service[102988]: DEBUG ovsdbapp.backend.ovs_idl.transaction [-] Running txn n=1 command(idx=0): CheckLivenessCommand(_result=None) {{(pid=102988) do_commit /opt/stack/data/venv/lib/python3.12/site-packages/ovsdbapp/backend/ovs_idl/transaction.py:89}}
Jun 19 01:01:08.899671 np0000182252 devstack@neutron-api.service[102988]: DEBUG neutron.plugins.ml2.drivers.ovn.mech_driver.ovsdb.ovsdb_monitor [-] Hash Ring: Node b57510d6fbc85219b561ae7f92a84575 (host: np0000182252) handling event "update" for row 53333c51-bb61-4f01-8615-2262480d221a (table: NB_Global) {{(pid=102988) notify /opt/stack/neutron/neutron/plugins/ml2/drivers/ovn/mech_driver/ovsdb/ovsdb_monitor.py:1015}}
Jun 19 01:01:08.903615 np0000182252 devstack@neutron-api.service[102988]: DEBUG neutron.api.rpc.callbacks.version_manager [None req-ac0dad9f-1782-455e-b71d-77a1f49357c3 admin admin] Tracked resource versions report:
Jun 19 01:01:08.903615 np0000182252 devstack@neutron-api.service[102988]: pushed versions:
Jun 19 01:01:08.903615 np0000182252 devstack@neutron-api.service[102988]: { 'AddressGroup': {'1.2'},
Jun 19 01:01:08.903615 np0000182252 devstack@neutron-api.service[102988]: 'Agent': {'1.1'},
Jun 19 01:01:08.903615 np0000182252 devstack@neutron-api.service[102988]: 'ConntrackHelper': {'1.0'},
Jun 19 01:01:08.903615 np0000182252 devstack@neutron-api.service[102988]: 'LocalIPAssociation': {'1.0'},
Jun 19 01:01:08.903615 np0000182252 devstack@neutron-api.service[102988]: 'Log': {'1.0'},
Jun 19 01:01:08.903615 np0000182252 devstack@neutron-api.service[102988]: 'NDPProxy': {'1.0'},
Jun 19 01:01:08.903615 np0000182252 devstack@neutron-api.service[102988]: 'Network': {'1.3'},
Jun 19 01:01:08.903615 np0000182252 devstack@neutron-api.service[102988]: 'Port': {'1.11'},
Jun 19 01:01:08.903615 np0000182252 devstack@neutron-api.service[102988]: 'PortForwarding': {'1.3'},
Jun 19 01:01:08.903615 np0000182252 devstack@neutron-api.service[102988]: 'QosPolicy': {'1.10'},
Jun 19 01:01:08.903615 np0000182252 devstack@neutron-api.service[102988]: 'SecurityGroup': {'1.6'},
Jun 19 01:01:08.903615 np0000182252 devstack@neutron-api.service[102988]: 'SecurityGroupRule': {'1.3'},
Jun 19 01:01:08.903615 np0000182252 devstack@neutron-api.service[102988]: 'SubPort': {'1.0'},
Jun 19 01:01:08.903615 np0000182252 devstack@neutron-api.service[102988]: 'Subnet': {'1.2'},
Jun 19 01:01:08.903615 np0000182252 devstack@neutron-api.service[102988]: 'Trunk': {'1.1'}}
Jun 19 01:01:08.903615 np0000182252 devstack@neutron-api.service[102988]: consumer versions:
Jun 19 01:01:08.903615 np0000182252 devstack@neutron-api.service[102988]: {}
Jun 19 01:01:08.903615 np0000182252 devstack@neutron-api.service[102988]: {{(pid=102988) report /opt/stack/neutron/neutron/api/rpc/callbacks/version_manager.py:183}}
Jun 19 01:01:08.905845 np0000182252 devstack@neutron-api.service[102986]: DEBUG neutron.plugins.ml2.drivers.ovn.mech_driver.ovsdb.ovsdb_monitor [-] Hash Ring: Node 7a37d1ea4e7c5836b77f5c428d8e8515 (host: np0000182252) handling event "update" for row 53333c51-bb61-4f01-8615-2262480d221a (table: NB_Global) {{(pid=102986) notify /opt/stack/neutron/neutron/plugins/ml2/drivers/ovn/mech_driver/ovsdb/ovsdb_monitor.py:1015}}
Jun 19 01:01:08.909214 np0000182252 devstack@neutron-api.service[102986]: DEBUG neutron.plugins.ml2.drivers.ovn.mech_driver.ovsdb.ovsdb_monitor [-] ChassisAgentWriteEvent : Matched Chassis_Private, update, None None {{(pid=102986) matches /opt/stack/neutron/neutron/plugins/ml2/drivers/ovn/mech_driver/ovsdb/ovsdb_monitor.py:64}}
Jun 19 01:01:08.910714 np0000182252 devstack@neutron-api.service[102987]: DEBUG neutron.plugins.ml2.drivers.ovn.mech_driver.ovsdb.ovsdb_monitor [-] ChassisAgentWriteEvent : Matched Chassis_Private, update, None None {{(pid=102987) matches /opt/stack/neutron/neutron/plugins/ml2/drivers/ovn/mech_driver/ovsdb/ovsdb_monitor.py:64}}
Jun 19 01:01:08.910714 np0000182252 devstack@neutron-api.service[102987]: DEBUG neutron.plugins.ml2.drivers.ovn.mech_driver.ovsdb.ovsdb_monitor [-] Hash Ring: Node 944e68018d555ddfbed549faa21c6fa7 (host: np0000182252) handling event "update" for row 807118d3-c9b4-4f6e-8eba-5ff4045cf4a4 (table: Chassis_Private) {{(pid=102987) notify /opt/stack/neutron/neutron/plugins/ml2/drivers/ovn/mech_driver/ovsdb/ovsdb_monitor.py:1015}}
Jun 19 01:01:08.911342 np0000182252 devstack@neutron-api.service[102988]: DEBUG neutron.plugins.ml2.drivers.ovn.mech_driver.ovsdb.ovsdb_monitor [-] Hash Ring: Node b57510d6fbc85219b561ae7f92a84575 (host: np0000182252) handling event "update" for row 53333c51-bb61-4f01-8615-2262480d221a (table: NB_Global) {{(pid=102988) notify /opt/stack/neutron/neutron/plugins/ml2/drivers/ovn/mech_driver/ovsdb/ovsdb_monitor.py:1015}}
Jun 19 01:01:08.912474 np0000182252 devstack@neutron-api.service[102985]: DEBUG neutron.plugins.ml2.drivers.ovn.mech_driver.ovsdb.ovsdb_monitor [-] ChassisAgentWriteEvent : Matched Chassis_Private, update, None None {{(pid=102985) matches /opt/stack/neutron/neutron/plugins/ml2/drivers/ovn/mech_driver/ovsdb/ovsdb_monitor.py:64}}
Jun 19 01:01:08.913643 np0000182252 devstack@neutron-api.service[102988]: DEBUG neutron.plugins.ml2.drivers.ovn.mech_driver.ovsdb.ovsdb_monitor [-] Hash Ring: Node b57510d6fbc85219b561ae7f92a84575 (host: np0000182252) handling event "update" for row 53333c51-bb61-4f01-8615-2262480d221a (table: NB_Global) {{(pid=102988) notify /opt/stack/neutron/neutron/plugins/ml2/drivers/ovn/mech_driver/ovsdb/ovsdb_monitor.py:1015}}
Jun 19 01:01:08.916313 np0000182252 devstack@neutron-api.service[102987]: DEBUG neutron.plugins.ml2.drivers.ovn.mech_driver.ovsdb.ovsdb_monitor [-] ChassisOVNAgentWriteEvent : Matched Chassis_Private, update, None None {{(pid=102987) matches /opt/stack/neutron/neutron/plugins/ml2/drivers/ovn/mech_driver/ovsdb/ovsdb_monitor.py:64}}
Jun 19 01:01:08.917417 np0000182252 devstack@neutron-api.service[102985]: DEBUG neutron.plugins.ml2.drivers.ovn.mech_driver.ovsdb.ovsdb_monitor [-] ChassisOVNAgentWriteEvent : Matched Chassis_Private, update, None None {{(pid=102985) matches /opt/stack/neutron/neutron/plugins/ml2/drivers/ovn/mech_driver/ovsdb/ovsdb_monitor.py:64}}
Jun 19 01:01:08.917579 np0000182252 devstack@neutron-api.service[102987]: DEBUG neutron.plugins.ml2.drivers.ovn.mech_driver.ovsdb.ovsdb_monitor [-] Hash Ring: Node 944e68018d555ddfbed549faa21c6fa7 (host: np0000182252) handling event "update" for row 807118d3-c9b4-4f6e-8eba-5ff4045cf4a4 (table: Chassis_Private) {{(pid=102987) notify /opt/stack/neutron/neutron/plugins/ml2/drivers/ovn/mech_driver/ovsdb/ovsdb_monitor.py:1015}}
Jun 19 01:01:08.917718 np0000182252 devstack@neutron-api.service[102986]: DEBUG neutron.plugins.ml2.drivers.ovn.mech_driver.ovsdb.ovsdb_monitor [-] Hash Ring: Node 7a37d1ea4e7c5836b77f5c428d8e8515 (host: np0000182252) handling event "update" for row 53333c51-bb61-4f01-8615-2262480d221a (table: NB_Global) {{(pid=102986) notify /opt/stack/neutron/neutron/plugins/ml2/drivers/ovn/mech_driver/ovsdb/ovsdb_monitor.py:1015}}
Jun 19 01:01:08.917864 np0000182252 devstack@neutron-api.service[102988]: DEBUG neutron.plugins.ml2.drivers.ovn.mech_driver.ovsdb.ovsdb_monitor [-] ChassisAgentWriteEvent : Matched Chassis_Private, update, None None {{(pid=102988) matches /opt/stack/neutron/neutron/plugins/ml2/drivers/ovn/mech_driver/ovsdb/ovsdb_monitor.py:64}}
Jun 19 01:01:08.918016 np0000182252 devstack@neutron-api.service[102986]: DEBUG neutron.plugins.ml2.drivers.ovn.mech_driver.ovsdb.ovsdb_monitor [-] Hash Ring: Node 7a37d1ea4e7c5836b77f5c428d8e8515 (host: np0000182252) handling event "update" for row 53333c51-bb61-4f01-8615-2262480d221a (table: NB_Global) {{(pid=102986) notify /opt/stack/neutron/neutron/plugins/ml2/drivers/ovn/mech_driver/ovsdb/ovsdb_monitor.py:1015}}
Jun 19 01:01:08.919653 np0000182252 devstack@neutron-api.service[102988]: DEBUG neutron.plugins.ml2.drivers.ovn.mech_driver.ovsdb.ovsdb_monitor [-] Hash Ring: Node b57510d6fbc85219b561ae7f92a84575 (host: np0000182252) handling event "update" for row 53333c51-bb61-4f01-8615-2262480d221a (table: NB_Global) {{(pid=102988) notify /opt/stack/neutron/neutron/plugins/ml2/drivers/ovn/mech_driver/ovsdb/ovsdb_monitor.py:1015}}
Jun 19 01:01:08.921172 np0000182252 devstack@neutron-api.service[102986]: DEBUG neutron.common.ovn.hash_ring_manager [-] Allow caching, nodes 4>=4 {{(pid=102986) _wait_startup_before_caching /opt/stack/neutron/neutron/common/ovn/hash_ring_manager.py:71}}
Jun 19 01:01:08.922278 np0000182252 devstack@neutron-api.service[102986]: DEBUG neutron.plugins.ml2.drivers.ovn.mech_driver.ovsdb.ovsdb_monitor [-] Hash Ring: Node 7a37d1ea4e7c5836b77f5c428d8e8515 (host: np0000182252) handling event "update" for row 807118d3-c9b4-4f6e-8eba-5ff4045cf4a4 (table: Chassis_Private) {{(pid=102986) notify /opt/stack/neutron/neutron/plugins/ml2/drivers/ovn/mech_driver/ovsdb/ovsdb_monitor.py:1015}}
Jun 19 01:01:08.923198 np0000182252 devstack@neutron-api.service[102988]: DEBUG neutron.plugins.ml2.drivers.ovn.mech_driver.ovsdb.ovsdb_monitor [-] ChassisOVNAgentWriteEvent : Matched Chassis_Private, update, None None {{(pid=102988) matches /opt/stack/neutron/neutron/plugins/ml2/drivers/ovn/mech_driver/ovsdb/ovsdb_monitor.py:64}}
Jun 19 01:01:08.923943 np0000182252 devstack@neutron-api.service[102986]: DEBUG neutron.plugins.ml2.drivers.ovn.mech_driver.ovsdb.ovsdb_monitor [-] ChassisOVNAgentWriteEvent : Matched Chassis_Private, update, None None {{(pid=102986) matches /opt/stack/neutron/neutron/plugins/ml2/drivers/ovn/mech_driver/ovsdb/ovsdb_monitor.py:64}}
Jun 19 01:01:08.924289 np0000182252 devstack@neutron-api.service[102986]: DEBUG neutron.plugins.ml2.drivers.ovn.mech_driver.ovsdb.ovsdb_monitor [-] Hash Ring: Node 7a37d1ea4e7c5836b77f5c428d8e8515 (host: np0000182252) handling event "update" for row 807118d3-c9b4-4f6e-8eba-5ff4045cf4a4 (table: Chassis_Private) {{(pid=102986) notify /opt/stack/neutron/neutron/plugins/ml2/drivers/ovn/mech_driver/ovsdb/ovsdb_monitor.py:1015}}
Jun 19 01:01:08.979832 np0000182252 devstack@neutron-api.service[102988]: DEBUG neutron.plugins.ml2.drivers.helpers [None req-ac0dad9f-1782-455e-b71d-77a1f49357c3 admin admin] geneve segment allocate from pool success with {'geneve_vni': 23763} {{(pid=102988) allocate_partially_specified_segment /opt/stack/neutron/neutron/plugins/ml2/drivers/helpers.py:142}}
Jun 19 01:01:08.991545 np0000182252 devstack@neutron-api.service[102988]: DEBUG neutron_lib.callbacks.manager [None req-ac0dad9f-1782-455e-b71d-77a1f49357c3 admin admin] Publish callbacks ['neutron.services.segments.db._add_segment_host_mapping_for_segment-8402355285436', 'neutron.plugins.ml2.plugin.Ml2Plugin._handle_segment_change-15098817'] for segment (15f4a8dd-6285-4016-98f4-e64cc042d8b0), precommit_create {{(pid=102988) _notify_loop /opt/stack/data/venv/lib/python3.12/site-packages/neutron_lib/callbacks/manager.py:184}}
Jun 19 01:01:08.991705 np0000182252 devstack@neutron-api.service[102988]: INFO neutron.db.segments_db [None req-ac0dad9f-1782-455e-b71d-77a1f49357c3 admin admin] Added segment 15f4a8dd-6285-4016-98f4-e64cc042d8b0 of type geneve for network a6239e6b-88c5-4d13-be00-f6140d04b156
Jun 19 01:01:09.033928 np0000182252 devstack@neutron-api.service[102988]: DEBUG neutron_lib.callbacks.manager [None req-ac0dad9f-1782-455e-b71d-77a1f49357c3 admin admin] Publish callbacks ['neutron.services.auto_allocate.db._ensure_external_network_default_value_callback-8402354135304'] for network (a6239e6b-88c5-4d13-be00-f6140d04b156), precommit_create {{(pid=102988) _notify_loop /opt/stack/data/venv/lib/python3.12/site-packages/neutron_lib/callbacks/manager.py:184}}
Jun 19 01:01:09.049019 np0000182252 devstack@neutron-api.service[102988]: DEBUG neutron.plugins.ml2.drivers.ovn.mech_driver.mech_driver [None req-ac0dad9f-1782-455e-b71d-77a1f49357c3 admin admin] Validating network segment with type geneve, segmentation ID 23763, physical network None {{(pid=102988) _validate_network_segments /opt/stack/neutron/neutron/plugins/ml2/drivers/ovn/mech_driver/mech_driver.py:646}}
Jun 19 01:01:09.049199 np0000182252 devstack@neutron-api.service[102988]: DEBUG neutron.db.ovn_revision_numbers_db [None req-ac0dad9f-1782-455e-b71d-77a1f49357c3 admin admin] create_initial_revision uuid=a6239e6b-88c5-4d13-be00-f6140d04b156, type=networks, rev=-1 {{(pid=102988) create_initial_revision /opt/stack/neutron/neutron/db/ovn_revision_numbers_db.py:98}}
Jun 19 01:01:09.069269 np0000182252 devstack@neutron-api.service[102988]: DEBUG neutron_lib.callbacks.manager [None req-ac0dad9f-1782-455e-b71d-77a1f49357c3 admin admin] Publish callbacks ['neutron.plugins.ml2.ovo_rpc._ObjectChangeHandler.handle_event-3377081'] for network (a6239e6b-88c5-4d13-be00-f6140d04b156), after_create {{(pid=102988) _notify_loop /opt/stack/data/venv/lib/python3.12/site-packages/neutron_lib/callbacks/manager.py:184}}
Jun 19 01:01:09.117690 np0000182252 devstack@neutron-api.service[102988]: DEBUG neutron.api.rpc.handlers.resources_rpc [None req-ac0dad9f-1782-455e-b71d-77a1f49357c3 admin admin] Pushing event updated for resources: {'Network': ['ID=a6239e6b-88c5-4d13-be00-f6140d04b156,revision_number=1']} {{(pid=102988) push /opt/stack/neutron/neutron/api/rpc/handlers/resources_rpc.py:237}}
Jun 19 01:01:09.125929 np0000182252 devstack@neutron-api.service[102988]: DEBUG ovsdbapp.backend.ovs_idl.transaction [-] Running txn n=1 command(idx=0): AddNetworkCommand(_result=None, network_uuid=a6239e6b-88c5-4d13-be00-f6140d04b156, may_exist=True, columns={'external_ids': {'neutron:network_name': 'private', 'neutron:mtu': '1372', 'neutron:revision_number': '1', 'neutron:availability_zone_hints': '', 'neutron:provnet-network-type': 'geneve'}, 'other_config': {'mcast_snoop': 'false', 'mcast_flood_unregistered': 'false', 'vlan-passthru': 'false'}}) {{(pid=102988) do_commit /opt/stack/data/venv/lib/python3.12/site-packages/ovsdbapp/backend/ovs_idl/transaction.py:89}}
Jun 19 01:01:09.126537 np0000182252 devstack@neutron-api.service[102988]: DEBUG neutron.common.ovn.utils [-] OVS persist_uuid supported=True {{(pid=102988) ovs_persist_uuid_supported /opt/stack/neutron/neutron/common/ovn/utils.py:1544}}
Jun 19 01:01:09.129200 np0000182252 devstack@neutron-api.service[102988]: DEBUG neutron.plugins.ml2.drivers.ovn.mech_driver.ovsdb.ovsdb_monitor [-] Hash Ring: Node b57510d6fbc85219b561ae7f92a84575 (host: np0000182252) handling event "create" for row a6239e6b-88c5-4d13-be00-f6140d04b156 (table: Logical_Switch) {{(pid=102988) notify /opt/stack/neutron/neutron/plugins/ml2/drivers/ovn/mech_driver/ovsdb/ovsdb_monitor.py:1015}}
Jun 19 01:01:09.135279 np0000182252 devstack@neutron-api.service[102986]: DEBUG neutron.plugins.ml2.drivers.ovn.mech_driver.ovsdb.ovsdb_monitor [-] Hash Ring: Node 7a37d1ea4e7c5836b77f5c428d8e8515 (host: np0000182252) handling event "create" for row a6239e6b-88c5-4d13-be00-f6140d04b156 (table: Logical_Switch) {{(pid=102986) notify /opt/stack/neutron/neutron/plugins/ml2/drivers/ovn/mech_driver/ovsdb/ovsdb_monitor.py:1015}}
Jun 19 01:01:09.139703 np0000182252 devstack@neutron-api.service[102986]: DEBUG neutron.plugins.ml2.drivers.ovn.mech_driver.ovsdb.ovsdb_monitor [-] Hash Ring: Node 7a37d1ea4e7c5836b77f5c428d8e8515 (host: np0000182252) handling event "create" for row ea350f82-e68a-442d-a72f-718df1196ad9 (table: Datapath_Binding) {{(pid=102986) notify /opt/stack/neutron/neutron/plugins/ml2/drivers/ovn/mech_driver/ovsdb/ovsdb_monitor.py:1015}}
Jun 19 01:01:09.141348 np0000182252 devstack@neutron-api.service[102985]: DEBUG neutron.plugins.ml2.drivers.ovn.mech_driver.ovsdb.ovsdb_monitor [-] Hash Ring: Node 04f60cc5774b549cbfceca54b722d7a0 (host: np0000182252) handling event "create" for row ea350f82-e68a-442d-a72f-718df1196ad9 (table: Datapath_Binding) {{(pid=102985) notify /opt/stack/neutron/neutron/plugins/ml2/drivers/ovn/mech_driver/ovsdb/ovsdb_monitor.py:1015}}
Jun 19 01:01:09.162214 np0000182252 devstack@neutron-api.service[102988]: INFO neutron.db.ovn_revision_numbers_db [None req-ac0dad9f-1782-455e-b71d-77a1f49357c3 admin admin] Successfully bumped revision number for resource a6239e6b-88c5-4d13-be00-f6140d04b156 (type: networks) to 1
Jun 19 01:01:09.226203 np0000182252 devstack@neutron-api.service[102988]: DEBUG neutron_lib.callbacks.manager [None req-ac0dad9f-1782-455e-b71d-77a1f49357c3 admin admin] Publish callbacks ['neutron.plugins.ml2.plugin.SecurityGroupDbMixin._ensure_default_security_group_handler-15343889'] for port (None), before_create {{(pid=102988) _notify_loop /opt/stack/data/venv/lib/python3.12/site-packages/neutron_lib/callbacks/manager.py:184}}
Jun 19 01:01:09.485481 np0000182252 devstack@neutron-api.service[102988]: DEBUG neutron_lib.callbacks.manager [None req-ac0dad9f-1782-455e-b71d-77a1f49357c3 admin admin] Publish callbacks ['neutron.plugins.ml2.drivers.ovn.mech_driver.mech_driver.OVNMechanismDriver._validate_allowed_address_pairs-328791'] for allowed_address_pair (8309c543-2a60-4cf6-bab8-328183b67547), before_create {{(pid=102988) _notify_loop /opt/stack/data/venv/lib/python3.12/site-packages/neutron_lib/callbacks/manager.py:184}}
Jun 19 01:01:09.486402 np0000182252 devstack@neutron-api.service[102988]: DEBUG neutron_lib.callbacks.manager [None req-ac0dad9f-1782-455e-b71d-77a1f49357c3 admin admin] Publish callbacks [] for port (8309c543-2a60-4cf6-bab8-328183b67547), precommit_create {{(pid=102988) _notify_loop /opt/stack/data/venv/lib/python3.12/site-packages/neutron_lib/callbacks/manager.py:184}}
Jun 19 01:01:09.486402 np0000182252 devstack@neutron-api.service[102988]: DEBUG neutron.plugins.ml2.drivers.ovn.mech_driver.mech_driver [None req-ac0dad9f-1782-455e-b71d-77a1f49357c3 admin admin] No provisioning block for port 8309c543-2a60-4cf6-bab8-328183b67547 since it does not have a host {{(pid=102988) _is_port_provisioning_required /opt/stack/neutron/neutron/plugins/ml2/drivers/ovn/mech_driver/mech_driver.py:899}}
Jun 19 01:01:09.486402 np0000182252 devstack@neutron-api.service[102988]: DEBUG neutron.db.ovn_revision_numbers_db [None req-ac0dad9f-1782-455e-b71d-77a1f49357c3 admin admin] create_initial_revision uuid=8309c543-2a60-4cf6-bab8-328183b67547, type=ports, rev=-1 {{(pid=102988) create_initial_revision /opt/stack/neutron/neutron/db/ovn_revision_numbers_db.py:98}}
Jun 19 01:01:09.551603 np0000182252 devstack@neutron-api.service[102988]: DEBUG neutron_lib.callbacks.manager [None req-ac0dad9f-1782-455e-b71d-77a1f49357c3 admin admin] Publish callbacks ['neutron.plugins.ml2.ovo_rpc._ObjectChangeHandler.handle_event-3376721'] for port (8309c543-2a60-4cf6-bab8-328183b67547), after_create {{(pid=102988) _notify_loop /opt/stack/data/venv/lib/python3.12/site-packages/neutron_lib/callbacks/manager.py:184}}
Jun 19 01:01:09.609610 np0000182252 devstack@neutron-api.service[102988]: DEBUG neutron.api.rpc.handlers.resources_rpc [None req-ac0dad9f-1782-455e-b71d-77a1f49357c3 admin admin] Pushing event updated for resources: {'Port': ['ID=8309c543-2a60-4cf6-bab8-328183b67547,revision_number=1']} {{(pid=102988) push /opt/stack/neutron/neutron/api/rpc/handlers/resources_rpc.py:237}}
Jun 19 01:01:09.648543 np0000182252 devstack@neutron-api.service[102988]: DEBUG neutron.plugins.ml2.drivers.ovn.mech_driver.ovsdb.commands [None req-ac0dad9f-1782-455e-b71d-77a1f49357c3 admin admin] Converting tag [] to a tag_request {{(pid=102988) _tag_column_to_tag_request /opt/stack/neutron/neutron/plugins/ml2/drivers/ovn/mech_driver/ovsdb/commands.py:205}}
Jun 19 01:01:09.649751 np0000182252 devstack@neutron-api.service[102988]: DEBUG ovsdbapp.backend.ovs_idl.transaction [-] Running txn n=1 command(idx=0): AddLSwitchPortCommand(_result=None, lport=8309c543-2a60-4cf6-bab8-328183b67547, lswitch=neutron-a6239e6b-88c5-4d13-be00-f6140d04b156, may_exist=True, network_uuid=a6239e6b-88c5-4d13-be00-f6140d04b156, columns={'addresses': ['fa:16:3e:17:3b:31'], 'external_ids': {'neutron:port_name': '', 'neutron:device_id': 'ovnmeta-a6239e6b-88c5-4d13-be00-f6140d04b156', 'neutron:project_id': '34e3ed86b67a472591c11214373a595f', 'neutron:cidrs': '', 'neutron:device_owner': 'network:distributed', 'neutron:subnet_pool_addr_scope4': '', 'neutron:subnet_pool_addr_scope6': '', 'neutron:network_name': 'neutron-a6239e6b-88c5-4d13-be00-f6140d04b156', 'neutron:security_group_ids': '', 'neutron:revision_number': '1', 'neutron:vnic_type': 'normal', 'neutron:port_capabilities': '', 'neutron:mtu': '1372'}, 'parent_name': [], 'enabled': True, 'options': {}, 'type': 'localport', 'port_security': [], 'dhcpv4_options': [], 'dhcpv6_options': [], 'tag_request': []}) {{(pid=102988) do_commit /opt/stack/data/venv/lib/python3.12/site-packages/ovsdbapp/backend/ovs_idl/transaction.py:89}}
Jun 19 01:01:09.649751 np0000182252 devstack@neutron-api.service[102988]: DEBUG ovsdbapp.backend.ovs_idl.transaction [-] Running txn n=1 command(idx=1): QoSDelCommand(_result=None, switch=neutron-a6239e6b-88c5-4d13-be00-f6140d04b156, conditions=[('direction', '=', 'to-lport'), ('priority', '=', 2002), ('match', '=', 'outport == "8309c543-2a60-4cf6-bab8-328183b67547"')], if_exists=True) {{(pid=102988) do_commit /opt/stack/data/venv/lib/python3.12/site-packages/ovsdbapp/backend/ovs_idl/transaction.py:89}}
Jun 19 01:01:09.649914 np0000182252 devstack@neutron-api.service[102988]: DEBUG ovsdbapp.backend.ovs_idl.transaction [-] Running txn n=1 command(idx=2): QoSDelCommand(_result=None, switch=neutron-a6239e6b-88c5-4d13-be00-f6140d04b156, conditions=[('direction', '=', 'from-lport'), ('priority', '=', 2002), ('match', '=', 'inport == "8309c543-2a60-4cf6-bab8-328183b67547"')], if_exists=True) {{(pid=102988) do_commit /opt/stack/data/venv/lib/python3.12/site-packages/ovsdbapp/backend/ovs_idl/transaction.py:89}}
Jun 19 01:01:09.651894 np0000182252 devstack@neutron-api.service[102988]: DEBUG neutron.plugins.ml2.drivers.ovn.mech_driver.ovsdb.ovsdb_monitor [-] Hash Ring: Node b57510d6fbc85219b561ae7f92a84575 (host: np0000182252) handling event "update" for row a6239e6b-88c5-4d13-be00-f6140d04b156 (table: Logical_Switch) {{(pid=102988) notify /opt/stack/neutron/neutron/plugins/ml2/drivers/ovn/mech_driver/ovsdb/ovsdb_monitor.py:1015}}
Jun 19 01:01:09.655245 np0000182252 devstack@neutron-api.service[102987]: DEBUG neutron.plugins.ml2.drivers.ovn.mech_driver.ovsdb.ovsdb_monitor [-] Hash Ring: Node 944e68018d555ddfbed549faa21c6fa7 (host: np0000182252) handling event "create" for row e373c4b8-09b2-4bdd-afd3-88f40a50c886 (table: Logical_Switch_Port) {{(pid=102987) notify /opt/stack/neutron/neutron/plugins/ml2/drivers/ovn/mech_driver/ovsdb/ovsdb_monitor.py:1015}}
Jun 19 01:01:09.656056 np0000182252 devstack@neutron-api.service[102986]: DEBUG neutron.plugins.ml2.drivers.ovn.mech_driver.ovsdb.ovsdb_monitor [-] Hash Ring: Node 7a37d1ea4e7c5836b77f5c428d8e8515 (host: np0000182252) handling event "update" for row a6239e6b-88c5-4d13-be00-f6140d04b156 (table: Logical_Switch) {{(pid=102986) notify /opt/stack/neutron/neutron/plugins/ml2/drivers/ovn/mech_driver/ovsdb/ovsdb_monitor.py:1015}}
Jun 19 01:01:09.657274 np0000182252 devstack@neutron-api.service[102987]: DEBUG ovsdbapp.backend.ovs_idl.event [-] Matched CREATE: LogicalSwitchPortCreateEvent(events=('create',), table='Logical_Switch_Port', conditions=[], old_conditions=None), priority=20 to row=Logical_Switch_Port(uuid=e373c4b8-09b2-4bdd-afd3-88f40a50c886, addresses=['fa:16:3e:17:3b:31'], dhcpv4_options=[], dhcpv6_options=[], dynamic_addresses=[], enabled=True, external_ids={'neutron:cidrs': '', 'neutron:device_id': 'ovnmeta-a6239e6b-88c5-4d13-be00-f6140d04b156', 'neutron:device_owner': 'network:distributed', 'neutron:mtu': '1372', 'neutron:network_name': 'neutron-a6239e6b-88c5-4d13-be00-f6140d04b156', 'neutron:port_capabilities': '', 'neutron:port_name': '', 'neutron:project_id': '34e3ed86b67a472591c11214373a595f', 'neutron:revision_number': '1', 'neutron:security_group_ids': '', 'neutron:subnet_pool_addr_scope4': '', 'neutron:subnet_pool_addr_scope6': '', 'neutron:vnic_type': 'normal'}, ha_chassis_group=[], mirror_rules=[], name='8309c543-2a60-4cf6-bab8-328183b67547', options={}, parent_name=[], port_security=[], tag=[], tag_request=[], type='localport', up=[]) old= {{(pid=102987) matches /opt/stack/data/venv/lib/python3.12/site-packages/ovsdbapp/backend/ovs_idl/event.py:55}}
Jun 19 01:01:09.659744 np0000182252 devstack@neutron-api.service[102986]: DEBUG neutron.plugins.ml2.drivers.ovn.mech_driver.ovsdb.ovsdb_monitor [-] Hash Ring: Node 7a37d1ea4e7c5836b77f5c428d8e8515 (host: np0000182252) handling event "create" for row e7823f62-3000-4a83-bdf1-ded3eb160da3 (table: Port_Binding) {{(pid=102986) notify /opt/stack/neutron/neutron/plugins/ml2/drivers/ovn/mech_driver/ovsdb/ovsdb_monitor.py:1015}}
Jun 19 01:01:09.660418 np0000182252 devstack@neutron-api.service[102986]: DEBUG neutron.plugins.ml2.drivers.ovn.mech_driver.ovsdb.ovsdb_monitor [-] Hash Ring: Node 7a37d1ea4e7c5836b77f5c428d8e8515 (host: np0000182252) handling event "create" for row e373c4b8-09b2-4bdd-afd3-88f40a50c886 (table: Logical_Switch_Port) {{(pid=102986) notify /opt/stack/neutron/neutron/plugins/ml2/drivers/ovn/mech_driver/ovsdb/ovsdb_monitor.py:1015}}
Jun 19 01:01:09.661008 np0000182252 devstack@neutron-api.service[102987]: DEBUG neutron.plugins.ml2.drivers.ovn.mech_driver.ovsdb.ovsdb_monitor [-] Hash Ring: Node 944e68018d555ddfbed549faa21c6fa7 (host: np0000182252) handling event "update" for row e373c4b8-09b2-4bdd-afd3-88f40a50c886 (table: Logical_Switch_Port) {{(pid=102987) notify /opt/stack/neutron/neutron/plugins/ml2/drivers/ovn/mech_driver/ovsdb/ovsdb_monitor.py:1015}}
Jun 19 01:01:09.661457 np0000182252 devstack@neutron-api.service[102985]: DEBUG neutron.plugins.ml2.drivers.ovn.mech_driver.ovsdb.ovsdb_monitor [-] Hash Ring: Node 04f60cc5774b549cbfceca54b722d7a0 (host: np0000182252) handling event "create" for row e7823f62-3000-4a83-bdf1-ded3eb160da3 (table: Port_Binding) {{(pid=102985) notify /opt/stack/neutron/neutron/plugins/ml2/drivers/ovn/mech_driver/ovsdb/ovsdb_monitor.py:1015}}
Jun 19 01:01:09.661945 np0000182252 devstack@neutron-api.service[102986]: DEBUG ovsdbapp.backend.ovs_idl.event [-] Matched CREATE: LogicalSwitchPortCreateEvent(events=('create',), table='Logical_Switch_Port', conditions=[], old_conditions=None), priority=20 to row=Logical_Switch_Port(uuid=e373c4b8-09b2-4bdd-afd3-88f40a50c886, addresses=['fa:16:3e:17:3b:31'], dhcpv4_options=[], dhcpv6_options=[], dynamic_addresses=[], enabled=True, external_ids={'neutron:cidrs': '', 'neutron:device_id': 'ovnmeta-a6239e6b-88c5-4d13-be00-f6140d04b156', 'neutron:device_owner': 'network:distributed', 'neutron:mtu': '1372', 'neutron:network_name': 'neutron-a6239e6b-88c5-4d13-be00-f6140d04b156', 'neutron:port_capabilities': '', 'neutron:port_name': '', 'neutron:project_id': '34e3ed86b67a472591c11214373a595f', 'neutron:revision_number': '1', 'neutron:security_group_ids': '', 'neutron:subnet_pool_addr_scope4': '', 'neutron:subnet_pool_addr_scope6': '', 'neutron:vnic_type': 'normal'}, ha_chassis_group=[], mirror_rules=[], name='8309c543-2a60-4cf6-bab8-328183b67547', options={}, parent_name=[], port_security=[], tag=[], tag_request=[], type='localport', up=[]) old= {{(pid=102986) matches /opt/stack/data/venv/lib/python3.12/site-packages/ovsdbapp/backend/ovs_idl/event.py:55}}
Jun 19 01:01:09.662517 np0000182252 devstack@neutron-api.service[102987]: INFO neutron.plugins.ml2.drivers.ovn.mech_driver.mech_driver [-] OVN reports status down for port: 8309c543-2a60-4cf6-bab8-328183b67547
Jun 19 01:01:09.662685 np0000182252 devstack@neutron-api.service[102986]: INFO neutron.plugins.ml2.drivers.ovn.mech_driver.mech_driver [-] OVN reports status down for port: 8309c543-2a60-4cf6-bab8-328183b67547
Jun 19 01:01:09.663877 np0000182252 devstack@neutron-api.service[102986]: DEBUG neutron.plugins.ml2.drivers.ovn.mech_driver.ovsdb.ovsdb_monitor [-] Hash Ring: Node 7a37d1ea4e7c5836b77f5c428d8e8515 (host: np0000182252) handling event "update" for row e373c4b8-09b2-4bdd-afd3-88f40a50c886 (table: Logical_Switch_Port) {{(pid=102986) notify /opt/stack/neutron/neutron/plugins/ml2/drivers/ovn/mech_driver/ovsdb/ovsdb_monitor.py:1015}}
Jun 19 01:01:09.708939 np0000182252 devstack@neutron-api.service[102988]: INFO neutron.db.ovn_revision_numbers_db [None req-ac0dad9f-1782-455e-b71d-77a1f49357c3 admin admin] Successfully bumped revision number for resource 8309c543-2a60-4cf6-bab8-328183b67547 (type: ports) to 1
Jun 19 01:01:09.717948 np0000182252 devstack@neutron-api.service[102988]: DEBUG neutron.pecan_wsgi.hooks.policy_enforcement [None req-ac0dad9f-1782-455e-b71d-77a1f49357c3 admin admin] Attributes excluded by policy engine: ['standard_attr_id'] {{(pid=102988) _exclude_attributes_by_policy /opt/stack/neutron/neutron/pecan_wsgi/hooks/policy_enforcement.py:259}}
Jun 19 01:01:09.718694 np0000182252 devstack@neutron-api.service[102988]: DEBUG neutron_lib.callbacks.manager [None req-ac0dad9f-1782-455e-b71d-77a1f49357c3 admin admin] Publish callbacks [] for network (None), before_response {{(pid=102988) _notify_loop /opt/stack/data/venv/lib/python3.12/site-packages/neutron_lib/callbacks/manager.py:184}}
