2026-07-02 16:35:51.123 10 INFO neutron.db.l3_db [req-7eccdf6d-9c65-4d34-899a-d9bab1fe35e0 req-684e58d5-060a-429e-9887-60d144ade789 4921a2cae1fc475e9c1e1d343e57d148 22414999e93340d5bf89513763dbf341 - - default default] Floating IP 65968091-7d4e-4b67-8822-63aa393ae818 disassociated. External IP: 10.96.250.204, port: 27003d3f-69e8-4075-a947-0794f9881d18.
2026-07-02 16:35:51.169 10 INFO neutron.services.segments.plugin [-] Segment aefc62a1-0f65-4019-ac1d-597a73511057 resource provider aggregate not found
2026-07-02 16:35:51.174 10 INFO neutron.services.segments.plugin [-] Segment aefc62a1-0f65-4019-ac1d-597a73511057 resource provider aggregate not found
2026-07-02 16:35:51.183 10 INFO neutron.services.segments.plugin [-] Segment aefc62a1-0f65-4019-ac1d-597a73511057 resource provider not found; error: Placement Client Error (4xx): {"errors": [{"status": 404, "title": "Not Found", "detail": "The resource could not be found.\n\n No resource provider with uuid aefc62a1-0f65-4019-ac1d-597a73511057 found for delete ", "request_id": "req-810707bb-b885-42db-b62a-5740fc238a0f"}]}
2026-07-02 16:35:51.186 10 INFO neutron.services.segments.plugin [-] Segment aefc62a1-0f65-4019-ac1d-597a73511057 resource provider not found; error: Placement Client Error (4xx): {"errors": [{"status": 404, "title": "Not Found", "detail": "The resource could not be found.\n\n No resource provider with uuid aefc62a1-0f65-4019-ac1d-597a73511057 found for delete ", "request_id": "req-05c589bc-891b-4012-aeb2-0b95d60ef462"}]}
2026-07-02 16:35:51.207 10 INFO neutron.api.wsgi [None req-aa9f5223-5b45-4c63-a6a4-6fd787959bed 9ae8a3fcfc02416da24173a8aa7d5e79 79d8ec281933440eb79d0f0e1cc11b05 - - default default] 10.0.0.144 "DELETE /v2.0/networks/76e3be6f-0696-4e3e-912a-af56beb30fa6 HTTP/1.1" status: 204 len: 168 time: 0.6228850
2026-07-02 16:35:51.213 10 WARNING neutron.plugins.ml2.drivers.ovn.mech_driver.ovsdb.ovn_client [None req-58576587-e6f8-4a48-9ece-7594451b7824 - - - - - -] No port found with ID 19403aa4-fb2a-4fb9-adc3-51551da9592a: RuntimeError: No port found with ID 19403aa4-fb2a-4fb9-adc3-51551da9592a /var/lib/openstack/lib/python3.12/site-packages/pycadf/identifier.py:71: UserWarning: Invalid uuid: neutron. To ensure interoperability, identifiers should be a valid uuid. warnings.warn(('Invalid uuid: %s. To ensure interoperability, '
2026-07-02 16:35:51.230 10 INFO neutron.plugins.ml2.drivers.ovn.mech_driver.mech_driver [None req-58576587-e6f8-4a48-9ece-7594451b7824 - - - - - -] OVN reports status up for port: eaa4c220-936e-4531-bfb2-2e111bdf2f17
2026-07-02 16:35:51.239 10 INFO neutron.plugins.ml2.plugin [None req-58576587-e6f8-4a48-9ece-7594451b7824 - - - - - -] Attempt 1 to provision port eaa4c220-936e-4531-bfb2-2e111bdf2f17
2026-07-02 16:35:51.268 10 INFO neutron.api.wsgi [req-7eccdf6d-9c65-4d34-899a-d9bab1fe35e0 req-684e58d5-060a-429e-9887-60d144ade789 4921a2cae1fc475e9c1e1d343e57d148 22414999e93340d5bf89513763dbf341 - - default default] 199.19.213.23 "DELETE /v2.0/ports/27003d3f-69e8-4075-a947-0794f9881d18 HTTP/1.1" status: 204 len: 173 time: 0.5172675
2026-07-02 16:35:51.312 10 INFO neutron.api.wsgi [req-3d05feeb-930d-443f-a106-cf67f1788bd8 req-cdee5528-e6e6-4468-aca1-91c13fe12475 4921a2cae1fc475e9c1e1d343e57d148 22414999e93340d5bf89513763dbf341 - - default default] 10.0.0.135 "GET /v2.0/ports?device_id=695e2899-9b34-4a53-a797-8444a9bd226d HTTP/1.1" status: 200 len: 210 time: 0.0149226
2026-07-02 16:35:51.315 10 INFO neutron.notifiers.nova [-] Nova event matching ['req-1239de5c-55eb-4d0e-8098-126addde8b36'] response: {'server_uuid': '695e2899-9b34-4a53-a797-8444a9bd226d', 'name': 'network-vif-deleted', 'tag': '27003d3f-69e8-4075-a947-0794f9881d18', 'status': 'completed', 'code': 200}
2026-07-02 16:35:51.750 9 INFO neutron.notifiers.nova [-] Nova event matching ['req-b02a9eb3-58e8-41b7-8676-a0d713d08878'] response: {'server_uuid': '695e2899-9b34-4a53-a797-8444a9bd226d', 'name': 'network-vif-unplugged', 'status': 'completed', 'tag': '27003d3f-69e8-4075-a947-0794f9881d18', 'code': 200}
2026-07-02 16:35:51.896 9 INFO neutron.api.wsgi [None req-9f414efc-22c6-4963-b944-0e0925afb2fc 9ae8a3fcfc02416da24173a8aa7d5e79 79d8ec281933440eb79d0f0e1cc11b05 - - default default] 10.0.0.144 "DELETE /v2.0/routers/ac276413-2ec3-4a85-8126-198285f4faa8 HTTP/1.1" status: 204 len: 168 time: 0.6825247
2026-07-02 16:35:51.905 9 WARNING neutron.api.v2.base [None req-d8a3e0f5-861c-4a2e-be11-bc61155ab0d4 6dbc9f872801422dbbe1865433d2eb30 393384ba45fb4bd9bd300cbf256cacbf - - default default] An exception happened while processing the request body. The exception message is [Invalid input for description. Reason: 'yyyyyyyyyyyyyyyyyyyyyyyyyyyyyyyyyyyyyyyyyyyyyyyyyyyyyyyyyyyyyyyyyyyyyyyyyyyyyyyyyyyyyyyyyyyyyyyyyyyyyyyyyyyyyyyyyyyyyyyyyyyyyyyyyyyyyyyyyyyyyyyyyyyyyyyyyyyyyyyyyyyyyyyyyyyyyyyyyyyyyyyyyyyyyyyyyyyyyyyyyyyyyyyyyyyyyyyyyyyyyyyyyyyyyyyyyyyyyyyyyyyyyyyyyyyyyyyy' exceeds maximum length of 255.].: webob.exc.HTTPBadRequest: Invalid input for description. Reason: 'yyyyyyyyyyyyyyyyyyyyyyyyyyyyyyyyyyyyyyyyyyyyyyyyyyyyyyyyyyyyyyyyyyyyyyyyyyyyyyyyyyyyyyyyyyyyyyyyyyyyyyyyyyyyyyyyyyyyyyyyyyyyyyyyyyyyyyyyyyyyyyyyyyyyyyyyyyyyyyyyyyyyyyyyyyyyyyyyyyyyyyyyyyyyyyyyyyyyyyyyyyyyyyyyyyyyyyyyyyyyyyyyyyyyyyyyyyyyyyyyyyyyyyyyyyyyyyyy' exceeds maximum length of 255.
2026-07-02 16:35:51.906 9 INFO neutron.api.v2.resource [None req-d8a3e0f5-861c-4a2e-be11-bc61155ab0d4 6dbc9f872801422dbbe1865433d2eb30 393384ba45fb4bd9bd300cbf256cacbf - - default default] create failed (client error): Invalid input for description. Reason: 'yyyyyyyyyyyyyyyyyyyyyyyyyyyyyyyyyyyyyyyyyyyyyyyyyyyyyyyyyyyyyyyyyyyyyyyyyyyyyyyyyyyyyyyyyyyyyyyyyyyyyyyyyyyyyyyyyyyyyyyyyyyyyyyyyyyyyyyyyyyyyyyyyyyyyyyyyyyyyyyyyyyyyyyyyyyyyyyyyyyyyyyyyyyyyyyyyyyyyyyyyyyyyyyyyyyyyyyyyyyyyyyyyyyyyyyyyyyyyyyyyyyyyyyyyyyyyyyy' exceeds maximum length of 255.
2026-07-02 16:35:51.907 9 INFO neutron.api.wsgi [None req-d8a3e0f5-861c-4a2e-be11-bc61155ab0d4 6dbc9f872801422dbbe1865433d2eb30 393384ba45fb4bd9bd300cbf256cacbf - - default default] 10.0.0.144 "POST /v2.0/vpn/vpnservices HTTP/1.1" status: 400 len: 604 time: 0.0058784
2026-07-02 16:35:51.921 10 WARNING neutron.api.v2.base [None req-1bc26fec-b356-400d-84ee-8d853a1e50f1 6dbc9f872801422dbbe1865433d2eb30 393384ba45fb4bd9bd300cbf256cacbf - - default default] An exception happened while processing the request body. The exception message is [Invalid input for name. Reason: 'xxxxxxxxxxxxxxxxxxxxxxxxxxxxxxxxxxxxxxxxxxxxxxxxxxxxxxxxxxxxxxxxxxxxxxxxxxxxxxxxxxxxxxxxxxxxxxxxxxxxxxxxxxxxxxxxxxxxxxxxxxxxxxxxxxxxxxxxxxxxxxxxxxxxxxxxxxxxxxxxxxxxxxxxxxxxxxxxxxxxxxxxxxxxxxxxxxxxxxxxxxxxxxxxxxxxxxxxxxxxxxxxxxxxxxxxxxxxxxxxxxxxxxxxxxxxxxxx' exceeds maximum length of 255.].: webob.exc.HTTPBadRequest: Invalid input for name. Reason: 'xxxxxxxxxxxxxxxxxxxxxxxxxxxxxxxxxxxxxxxxxxxxxxxxxxxxxxxxxxxxxxxxxxxxxxxxxxxxxxxxxxxxxxxxxxxxxxxxxxxxxxxxxxxxxxxxxxxxxxxxxxxxxxxxxxxxxxxxxxxxxxxxxxxxxxxxxxxxxxxxxxxxxxxxxxxxxxxxxxxxxxxxxxxxxxxxxxxxxxxxxxxxxxxxxxxxxxxxxxxxxxxxxxxxxxxxxxxxxxxxxxxxxxxxxxxxxxxx' exceeds maximum length of 255.
2026-07-02 16:35:51.922 10 INFO neutron.api.v2.resource [None req-1bc26fec-b356-400d-84ee-8d853a1e50f1 6dbc9f872801422dbbe1865433d2eb30 393384ba45fb4bd9bd300cbf256cacbf - - default default] create failed (client error): Invalid input for name. Reason: 'xxxxxxxxxxxxxxxxxxxxxxxxxxxxxxxxxxxxxxxxxxxxxxxxxxxxxxxxxxxxxxxxxxxxxxxxxxxxxxxxxxxxxxxxxxxxxxxxxxxxxxxxxxxxxxxxxxxxxxxxxxxxxxxxxxxxxxxxxxxxxxxxxxxxxxxxxxxxxxxxxxxxxxxxxxxxxxxxxxxxxxxxxxxxxxxxxxxxxxxxxxxxxxxxxxxxxxxxxxxxxxxxxxxxxxxxxxxxxxxxxxxxxxxxxxxxxxxx' exceeds maximum length of 255.
2026-07-02 16:35:51.925 10 INFO neutron.api.wsgi [None req-1bc26fec-b356-400d-84ee-8d853a1e50f1 6dbc9f872801422dbbe1865433d2eb30 393384ba45fb4bd9bd300cbf256cacbf - - default default] 10.0.0.144 "POST /v2.0/vpn/vpnservices HTTP/1.1" status: 400 len: 597 time: 0.0104671
2026-07-02 16:35:51.936 10 WARNING neutron_lib.context [None req-28cf8b4c-bb71-42ea-ae6b-45fbbac10a57 6dbc9f872801422dbbe1865433d2eb30 393384ba45fb4bd9bd300cbf256cacbf - - default default] Method 'is_advsvc' is deprecated since 2023.2 release (neutron-lib 3.8.0) and will be removed once support for the old RBAC API policies will be removed from Neutron. Please use method 'is_service_role' instead.
2026-07-02 16:35:51.964 10 INFO neutron.api.v2.resource [None req-28cf8b4c-bb71-42ea-ae6b-45fbbac10a57 6dbc9f872801422dbbe1865433d2eb30 393384ba45fb4bd9bd300cbf256cacbf - - default default] create failed (client error): The server could not comply with the request since it is either malformed or otherwise incorrect.
2026-07-02 16:35:51.965 10 INFO neutron.api.wsgi [None req-28cf8b4c-bb71-42ea-ae6b-45fbbac10a57 6dbc9f872801422dbbe1865433d2eb30 393384ba45fb4bd9bd300cbf256cacbf - - default default] 10.0.0.144 "POST /v2.0/vpn/endpoint-groups HTTP/1.1" status: 400 len: 386 time: 0.0346155
2026-07-02 16:35:51.975 10 WARNING neutron_lib.context [None req-275f8965-334c-4e6f-ac51-0ff78c0ed79c 6dbc9f872801422dbbe1865433d2eb30 393384ba45fb4bd9bd300cbf256cacbf - - default default] Method 'is_advsvc' is deprecated since 2023.2 release (neutron-lib 3.8.0) and will be removed once support for the old RBAC API policies will be removed from Neutron. Please use method 'is_service_role' instead.
2026-07-02 16:35:52.019 10 INFO neutron.api.v2.resource [None req-275f8965-334c-4e6f-ac51-0ff78c0ed79c 6dbc9f872801422dbbe1865433d2eb30 393384ba45fb4bd9bd300cbf256cacbf - - default default] create failed (client error): The server could not comply with the request since it is either malformed or otherwise incorrect.
2026-07-02 16:35:52.020 10 INFO neutron.api.wsgi [None req-275f8965-334c-4e6f-ac51-0ff78c0ed79c 6dbc9f872801422dbbe1865433d2eb30 393384ba45fb4bd9bd300cbf256cacbf - - default default] 10.0.0.144 "POST /v2.0/vpn/endpoint-groups HTTP/1.1" status: 400 len: 363 time: 0.0493262
2026-07-02 16:35:52.032 10 WARNING neutron_lib.context [None req-8f2f0904-3e95-47b5-b077-39da3a0727af 6dbc9f872801422dbbe1865433d2eb30 393384ba45fb4bd9bd300cbf256cacbf - - default default] Method 'is_advsvc' is deprecated since 2023.2 release (neutron-lib 3.8.0) and will be removed once support for the old RBAC API policies will be removed from Neutron. Please use method 'is_service_role' instead.
2026-07-02 16:35:52.056 10 INFO neutron.api.v2.resource [None req-8f2f0904-3e95-47b5-b077-39da3a0727af 6dbc9f872801422dbbe1865433d2eb30 393384ba45fb4bd9bd300cbf256cacbf - - default default] create failed (client error): The server could not comply with the request since it is either malformed or otherwise incorrect.
2026-07-02 16:35:52.058 10 INFO neutron.api.wsgi [None req-8f2f0904-3e95-47b5-b077-39da3a0727af 6dbc9f872801422dbbe1865433d2eb30 393384ba45fb4bd9bd300cbf256cacbf - - default default] 10.0.0.144 "POST /v2.0/vpn/endpoint-groups HTTP/1.1" status: 400 len: 357 time: 0.0308130
2026-07-02 16:35:52.072 10 INFO neutron.api.wsgi [None req-0cfa876c-892b-4bf9-b869-238f3e1208dc 6dbc9f872801422dbbe1865433d2eb30 393384ba45fb4bd9bd300cbf256cacbf - - default default] 10.0.0.144 "GET /v2.0/vpn/ikepolicies HTTP/1.1" status: 200 len: 601 time: 0.0073848
2026-07-02 16:35:52.086 10 INFO neutron.api.wsgi [None req-4e1b4dfc-acce-4af6-bb48-296905faa238 6dbc9f872801422dbbe1865433d2eb30 393384ba45fb4bd9bd300cbf256cacbf - - default default] 10.0.0.144 "GET /v2.0/vpn/ipsecpolicies HTTP/1.1" status: 200 len: 610 time: 0.0081360
2026-07-02 16:35:52.102 10 INFO neutron.api.wsgi [None req-b0d6daff-d930-4221-aadf-8ce94083cc3b 6dbc9f872801422dbbe1865433d2eb30 393384ba45fb4bd9bd300cbf256cacbf - - default default] 10.0.0.144 "GET /v2.0/vpn/ipsec-site-connections HTTP/1.1" status: 200 len: 990 time: 0.0116796
2026-07-02 16:35:52.127 9 INFO neutron.api.wsgi [None req-2bba4c45-e180-4356-9e00-6aa408751739 6dbc9f872801422dbbe1865433d2eb30 393384ba45fb4bd9bd300cbf256cacbf - - default default] 10.0.0.144 "GET /v2.0/vpn/vpnservices HTTP/1.1" status: 200 len: 1055 time: 0.0103805
2026-07-02 16:35:52.142 9 INFO neutron.api.wsgi [None req-573d3fc7-f531-4903-9b65-dd1e8b7f52e3 6dbc9f872801422dbbe1865433d2eb30 393384ba45fb4bd9bd300cbf256cacbf - - default default] 10.0.0.144 "GET /v2.0/vpn/endpoint-groups/3107228d-1962-4edf-851b-79fffee55d1d HTTP/1.1" status: 200 len: 522 time: 0.0091894
2026-07-02 16:35:52.157 9 INFO neutron.api.wsgi [None req-b6975cac-cb7e-414d-a167-6afa7b725406 6dbc9f872801422dbbe1865433d2eb30 393384ba45fb4bd9bd300cbf256cacbf - - default default] 10.0.0.144 "GET /v2.0/vpn/endpoint-groups/74344c9f-713f-4216-8852-6952ad7594be HTTP/1.1" status: 200 len: 514 time: 0.0097547
2026-07-02 16:35:52.175 9 INFO neutron.api.wsgi [None req-0b4c8f4f-5af1-4ddb-9cec-0b9466b986df 6dbc9f872801422dbbe1865433d2eb30 393384ba45fb4bd9bd300cbf256cacbf - - default default] 10.0.0.144 "GET /v2.0/vpn/ikepolicies/c71ec0af-2f3a-435c-9754-3ed78c35a6cd HTTP/1.1" status: 200 len: 597 time: 0.0093191
2026-07-02 16:35:52.190 10 INFO neutron.api.wsgi [None req-c6327e67-d259-4f29-ba84-3120c404b668 6dbc9f872801422dbbe1865433d2eb30 393384ba45fb4bd9bd300cbf256cacbf - - default default] 10.0.0.144 "GET /v2.0/vpn/ipsecpolicies/1f5b53d4-8e3d-4d38-ab25-ec6398467059 HTTP/1.1" status: 200 len: 606 time: 0.0101380
2026-07-02 16:35:52.203 10 INFO neutron.api.wsgi [None req-e92b818c-5ae6-47a2-a592-e962a5205967 6dbc9f872801422dbbe1865433d2eb30 393384ba45fb4bd9bd300cbf256cacbf - - default default] 10.0.0.144 "GET /v2.0/vpn/vpnservices/c7176ba4-bbb6-4da7-8411-3f202945c6d3 HTTP/1.1" status: 200 len: 643 time: 0.0077338
2026-07-02 16:35:52.429 10 INFO neutron.api.wsgi [req-a28dce0c-f606-400f-b6de-f7bb0773d8e3 req-48542790-ab0d-4331-9dc9-c4cf47473963 4921a2cae1fc475e9c1e1d343e57d148 22414999e93340d5bf89513763dbf341 - - default default] 10.0.0.135 "GET /v2.0/ports?device_id=695e2899-9b34-4a53-a797-8444a9bd226d HTTP/1.1" status: 200 len: 210 time: 0.0155792
2026-07-02 16:35:52.792 9 INFO neutron.db.ovn_revision_numbers_db [None req-5c9df533-35ea-40ca-bbd5-94fb502cb8cb 6dbc9f872801422dbbe1865433d2eb30 393384ba45fb4bd9bd300cbf256cacbf - - default default] Successfully bumped revision number for resource 84d69d97-fb1a-4a69-8a90-b8843fbfa409 (type: routers) to 10
2026-07-02 16:35:52.824 9 INFO neutron.api.wsgi [None req-5c9df533-35ea-40ca-bbd5-94fb502cb8cb 6dbc9f872801422dbbe1865433d2eb30 393384ba45fb4bd9bd300cbf256cacbf - - default default] 10.0.0.144 "DELETE /v2.0/vpn/ipsec-site-connections/fcc8dfc1-d981-4ebb-b3fe-bd7e532997c8 HTTP/1.1" status: 204 len: 168 time: 0.6100495
2026-07-02 16:35:52.887 10 INFO neutron.api.wsgi [None req-d5a1d854-ea44-4c6c-ba01-4924dfcdfd8e 6dbc9f872801422dbbe1865433d2eb30 393384ba45fb4bd9bd300cbf256cacbf - - default default] 10.0.0.144 "DELETE /v2.0/vpn/endpoint-groups/3107228d-1962-4edf-851b-79fffee55d1d HTTP/1.1" status: 204 len: 168 time: 0.0454328
2026-07-02 16:35:52.917 10 INFO neutron.api.wsgi [None req-3bc64c56-1a11-4acf-80c9-d3dec65e968e 6dbc9f872801422dbbe1865433d2eb30 393384ba45fb4bd9bd300cbf256cacbf - - default default] 10.0.0.144 "DELETE /v2.0/vpn/endpoint-groups/74344c9f-713f-4216-8852-6952ad7594be HTTP/1.1" status: 204 len: 168 time: 0.0239332
2026-07-02 16:35:52.946 10 INFO neutron.api.wsgi [None req-edee23aa-742a-4333-bc95-e10b7a2382b4 6dbc9f872801422dbbe1865433d2eb30 393384ba45fb4bd9bd300cbf256cacbf - - default default] 10.0.0.144 "DELETE /v2.0/vpn/ipsecpolicies/1f5b53d4-8e3d-4d38-ab25-ec6398467059 HTTP/1.1" status: 204 len: 168 time: 0.0251749
2026-07-02 16:35:52.980 10 INFO neutron.api.wsgi [None req-1f3e7575-b8ba-466b-8865-f66512697aa3 6dbc9f872801422dbbe1865433d2eb30 393384ba45fb4bd9bd300cbf256cacbf - - default default] 10.0.0.144 "DELETE /v2.0/vpn/ikepolicies/c71ec0af-2f3a-435c-9754-3ed78c35a6cd HTTP/1.1" status: 204 len: 168 time: 0.0299997
2026-07-02 16:35:53.036 10 INFO neutron.api.wsgi [None req-52a83fd0-45d1-4ac3-b8d1-2d1d9597105c 6dbc9f872801422dbbe1865433d2eb30 393384ba45fb4bd9bd300cbf256cacbf - - default default] 10.0.0.144 "DELETE /v2.0/vpn/vpnservices/c7176ba4-bbb6-4da7-8411-3f202945c6d3 HTTP/1.1" status: 204 len: 168 time: 0.0503693
2026-07-02 16:35:53.523 10 INFO neutron.api.wsgi [req-1976b365-8861-41e4-b397-48b88e776217 req-4a6cec75-45ff-46cc-84c3-231735ff15e9 4921a2cae1fc475e9c1e1d343e57d148 22414999e93340d5bf89513763dbf341 - - default default] 10.0.0.135 "GET /v2.0/ports?device_id=695e2899-9b34-4a53-a797-8444a9bd226d HTTP/1.1" status: 200 len: 210 time: 0.0156684
2026-07-02 16:35:54.076 10 WARNING neutron_lib.context [None req-b24279d4-fa80-4c95-a434-eebcdc65c34a 88f3fa5aa6c345308c439272be5788c3 4eac1073b4c74e1696ac9dc373e9ded8 - - default default] Method 'is_advsvc' is deprecated since 2023.2 release (neutron-lib 3.8.0) and will be removed once support for the old RBAC API policies will be removed from Neutron. Please use method 'is_service_role' instead.
2026-07-02 16:35:54.216 10 INFO neutron.db.ovn_revision_numbers_db [None req-b24279d4-fa80-4c95-a434-eebcdc65c34a 88f3fa5aa6c345308c439272be5788c3 4eac1073b4c74e1696ac9dc373e9ded8 - - default default] Successfully bumped revision number for resource 06a12b85-a746-4e28-ba25-445aaaad2816 (type: security_groups) to 1
2026-07-02 16:35:54.231 10 INFO neutron.db.ovn_revision_numbers_db [None req-b24279d4-fa80-4c95-a434-eebcdc65c34a 88f3fa5aa6c345308c439272be5788c3 4eac1073b4c74e1696ac9dc373e9ded8 - - default default] Successfully bumped revision number for resource 94869eb9-9306-4fe6-a66f-eca1ec818b8c (type: security_group_rules) to 0
2026-07-02 16:35:54.252 10 INFO neutron.db.ovn_revision_numbers_db [None req-b24279d4-fa80-4c95-a434-eebcdc65c34a 88f3fa5aa6c345308c439272be5788c3 4eac1073b4c74e1696ac9dc373e9ded8 - - default default] Successfully bumped revision number for resource a1868bf0-b8b0-4810-aff1-e6f66d3aeba2 (type: security_group_rules) to 0
2026-07-02 16:35:54.264 10 INFO neutron.db.ovn_revision_numbers_db [None req-b24279d4-fa80-4c95-a434-eebcdc65c34a 88f3fa5aa6c345308c439272be5788c3 4eac1073b4c74e1696ac9dc373e9ded8 - - default default] Successfully bumped revision number for resource c9edce47-b8c7-47e5-8be2-d91160e2473e (type: security_group_rules) to 0
2026-07-02 16:35:54.288 10 INFO neutron.db.ovn_revision_numbers_db [None req-b24279d4-fa80-4c95-a434-eebcdc65c34a 88f3fa5aa6c345308c439272be5788c3 4eac1073b4c74e1696ac9dc373e9ded8 - - default default] Successfully bumped revision number for resource e0912534-c6d3-440e-bd2e-f18a2415f272 (type: security_group_rules) to 0
2026-07-02 16:35:54.365 10 INFO neutron.db.segments_db [None req-b24279d4-fa80-4c95-a434-eebcdc65c34a 88f3fa5aa6c345308c439272be5788c3 4eac1073b4c74e1696ac9dc373e9ded8 - - default default] Added segment 2246d506-ffce-4eb2-8240-44f5e40b31ce of type geneve for network df18fddb-3ceb-446c-b640-4410a26287bd
2026-07-02 16:35:54.535 10 INFO neutron.db.ovn_revision_numbers_db [None req-b24279d4-fa80-4c95-a434-eebcdc65c34a 88f3fa5aa6c345308c439272be5788c3 4eac1073b4c74e1696ac9dc373e9ded8 - - default default] Successfully bumped revision number for resource df18fddb-3ceb-446c-b640-4410a26287bd (type: networks) to 1
2026-07-02 16:35:54.663 9 INFO neutron.api.wsgi [-] 10.0.0.28 "GET / HTTP/1.1" status: 200 len: 245 time: 0.0023227
2026-07-02 16:35:54.665 9 INFO neutron.api.wsgi [-] 10.0.0.28 "GET / HTTP/1.1" status: 200 len: 245 time: 0.0017974
2026-07-02 16:35:54.749 9 INFO neutron.api.wsgi [None req-bdd9fff8-e07b-448a-9eea-705f5d8d04d6 4921a2cae1fc475e9c1e1d343e57d148 22414999e93340d5bf89513763dbf341 - - default default] 10.0.0.144 "DELETE /v2.0/security-groups/b1aeb4be-0da3-42fa-a59c-0e1c10f72003 HTTP/1.1" status: 204 len: 168 time: 0.1640608
2026-07-02 16:35:55.126 9 INFO neutron.api.wsgi [None req-839653df-880b-4c5a-9f6e-39c39290181e 4921a2cae1fc475e9c1e1d343e57d148 22414999e93340d5bf89513763dbf341 - - default default] 10.0.0.144 "DELETE /v2.0/floatingips/65968091-7d4e-4b67-8822-63aa393ae818 HTTP/1.1" status: 204 len: 168 time: 0.3061800
2026-07-02 16:35:55.138 10 WARNING neutron.scheduler.dhcp_agent_scheduler [None req-b24279d4-fa80-4c95-a434-eebcdc65c34a 88f3fa5aa6c345308c439272be5788c3 4eac1073b4c74e1696ac9dc373e9ded8 - - default default] No more DHCP agents
2026-07-02 16:35:55.139 10 WARNING neutron.api.rpc.agentnotifiers.dhcp_rpc_agent_api [None req-b24279d4-fa80-4c95-a434-eebcdc65c34a 88f3fa5aa6c345308c439272be5788c3 4eac1073b4c74e1696ac9dc373e9ded8 - - default default] Unable to schedule network df18fddb-3ceb-446c-b640-4410a26287bd: no agents available; will retry on subsequent port and subnet creation events.
2026-07-02 16:35:55.247 10 INFO neutron.db.ovn_revision_numbers_db [None req-b24279d4-fa80-4c95-a434-eebcdc65c34a 88f3fa5aa6c345308c439272be5788c3 4eac1073b4c74e1696ac9dc373e9ded8 - - default default] Successfully bumped revision number for resource be7832be-82ac-498e-be71-a346f3112987 (type: ports) to 1
2026-07-02 16:35:55.284 10 INFO neutron.api.wsgi [None req-b24279d4-fa80-4c95-a434-eebcdc65c34a 88f3fa5aa6c345308c439272be5788c3 4eac1073b4c74e1696ac9dc373e9ded8 - - default default] 10.0.0.144 "POST /v2.0/networks HTTP/1.1" status: 201 len: 830 time: 1.3703394
2026-07-02 16:35:55.296 9 WARNING neutron_lib.context [None req-3ba93f87-0fe0-460b-aa8d-d11d09565d85 88f3fa5aa6c345308c439272be5788c3 4eac1073b4c74e1696ac9dc373e9ded8 - - default default] Method 'is_advsvc' is deprecated since 2023.2 release (neutron-lib 3.8.0) and will be removed once support for the old RBAC API policies will be removed from Neutron. Please use method 'is_service_role' instead.
2026-07-02 16:35:55.368 10 INFO neutron.api.wsgi [req-9b5bd3b2-65e7-4933-bb5c-c4ae07cff705 req-2a926d36-a2a4-4660-834e-dcb559b45644 4921a2cae1fc475e9c1e1d343e57d148 22414999e93340d5bf89513763dbf341 - - default default] 10.0.0.135 "GET /v2.0/ports?device_id=507809cc-b1d0-4c46-b4ee-346861fd7dac HTTP/1.1" status: 200 len: 1170 time: 0.1065178
2026-07-02 16:35:55.418 10 INFO neutron.api.wsgi [req-9b5bd3b2-65e7-4933-bb5c-c4ae07cff705 req-0fe9aa4c-491e-4cab-b7c7-c67c942705e1 4921a2cae1fc475e9c1e1d343e57d148 22414999e93340d5bf89513763dbf341 - - default default] 10.0.0.135 "GET /v2.0/security-groups?id=b8a8f2dd-cca0-4a17-8761-34a6ffa5a8ed&fields=id&fields=name HTTP/1.1" status: 200 len: 312 time: 0.0410974
2026-07-02 16:35:55.602 9 WARNING neutron.scheduler.dhcp_agent_scheduler [None req-3ba93f87-0fe0-460b-aa8d-d11d09565d85 88f3fa5aa6c345308c439272be5788c3 4eac1073b4c74e1696ac9dc373e9ded8 - - default default] No more DHCP agents
2026-07-02 16:35:55.603 9 WARNING neutron.api.rpc.agentnotifiers.dhcp_rpc_agent_api [None req-3ba93f87-0fe0-460b-aa8d-d11d09565d85 88f3fa5aa6c345308c439272be5788c3 4eac1073b4c74e1696ac9dc373e9ded8 - - default default] Unable to schedule network df18fddb-3ceb-446c-b640-4410a26287bd: no agents available; will retry on subsequent port and subnet creation events.
2026-07-02 16:35:55.665 9 INFO neutron.db.ovn_revision_numbers_db [None req-3ba93f87-0fe0-460b-aa8d-d11d09565d85 88f3fa5aa6c345308c439272be5788c3 4eac1073b4c74e1696ac9dc373e9ded8 - - default default] Successfully bumped revision number for resource e8000d80-88e8-4304-a762-de13d3827c42 (type: ports) to 1
2026-07-02 16:35:55.687 9 INFO neutron.api.wsgi [None req-3ba93f87-0fe0-460b-aa8d-d11d09565d85 88f3fa5aa6c345308c439272be5788c3 4eac1073b4c74e1696ac9dc373e9ded8 - - default default] 10.0.0.144 "POST /v2.0/ports HTTP/1.1" status: 201 len: 942 time: 0.3962812 /var/lib/openstack/lib/python3.12/site-packages/pycadf/identifier.py:71: UserWarning: Invalid uuid: neutron. To ensure interoperability, identifiers should be a valid uuid. warnings.warn(('Invalid uuid: %s. To ensure interoperability, '
2026-07-02 16:35:55.700 9 WARNING neutron_lib.context [None req-b4600f09-2a0c-4b79-ae61-11aa5947ac04 88f3fa5aa6c345308c439272be5788c3 4eac1073b4c74e1696ac9dc373e9ded8 - - default default] Method 'is_advsvc' is deprecated since 2023.2 release (neutron-lib 3.8.0) and will be removed once support for the old RBAC API policies will be removed from Neutron. Please use method 'is_service_role' instead.
2026-07-02 16:35:55.909 9 INFO neutron.api.wsgi [None req-b4600f09-2a0c-4b79-ae61-11aa5947ac04 88f3fa5aa6c345308c439272be5788c3 4eac1073b4c74e1696ac9dc373e9ded8 - - default default] 10.0.0.144 "POST /v2.0/trunks HTTP/1.1" status: 201 len: 608 time: 0.2140973
2026-07-02 16:35:55.919 9 WARNING neutron_lib.context [None req-d5c8d00a-6956-4cab-8c58-17f098c7fd4d 88f3fa5aa6c345308c439272be5788c3 4eac1073b4c74e1696ac9dc373e9ded8 - - default default] Method 'is_advsvc' is deprecated since 2023.2 release (neutron-lib 3.8.0) and will be removed once support for the old RBAC API policies will be removed from Neutron. Please use method 'is_service_role' instead.
2026-07-02 16:35:55.932 10 INFO neutron.services.segments.plugin [-] Segment 3f029454-265e-4ae7-bc91-2fcc8b5e2e9a resource provider aggregate not found
2026-07-02 16:35:55.935 10 INFO neutron.services.segments.plugin [-] Segment 3f029454-265e-4ae7-bc91-2fcc8b5e2e9a resource provider aggregate not found
2026-07-02 16:35:55.948 10 INFO neutron.services.segments.plugin [-] Segment 3f029454-265e-4ae7-bc91-2fcc8b5e2e9a resource provider not found; error: Placement Client Error (4xx): {"errors": [{"status": 404, "title": "Not Found", "detail": "The resource could not be found.\n\n No resource provider with uuid 3f029454-265e-4ae7-bc91-2fcc8b5e2e9a found for delete ", "request_id": "req-c6b96d1c-64cd-47bf-b9bc-f90d92479cef"}]}
2026-07-02 16:35:55.949 10 INFO neutron.services.segments.plugin [-] Segment 3f029454-265e-4ae7-bc91-2fcc8b5e2e9a resource provider not found; error: Placement Client Error (4xx): {"errors": [{"status": 404, "title": "Not Found", "detail": "The resource could not be found.\n\n No resource provider with uuid 3f029454-265e-4ae7-bc91-2fcc8b5e2e9a found for delete ", "request_id": "req-955923d9-cf4f-4bc2-8b9b-0c7d0872f0a7"}]}
2026-07-02 16:35:55.974 10 INFO neutron.api.wsgi [None req-58d5bb10-94e6-4e4a-ac21-80e88b896959 6dbc9f872801422dbbe1865433d2eb30 393384ba45fb4bd9bd300cbf256cacbf - - default default] 10.0.0.144 "DELETE /v2.0/vpn/vpnservices/5f45143c-a26f-47ee-8b34-e69e8c82319d HTTP/1.1" status: 204 len: 168 time: 2.9353521 /var/lib/openstack/lib/python3.12/site-packages/pycadf/identifier.py:71: UserWarning: Invalid uuid: neutron. To ensure interoperability, identifiers should be a valid uuid. warnings.warn(('Invalid uuid: %s. To ensure interoperability, '
2026-07-02 16:35:56.006 9 INFO neutron.db.segments_db [None req-d5c8d00a-6956-4cab-8c58-17f098c7fd4d 88f3fa5aa6c345308c439272be5788c3 4eac1073b4c74e1696ac9dc373e9ded8 - - default default] Added segment e022940c-eb7e-415c-a8bc-aa7f15d4bdc7 of type geneve for network e8ee65d1-dfda-490e-a608-1b7006226b5d
2026-07-02 16:35:56.037 10 INFO neutron.api.wsgi [None req-6e45834e-c1c7-462d-afec-3eaf01f4e467 6dbc9f872801422dbbe1865433d2eb30 393384ba45fb4bd9bd300cbf256cacbf - - default default] 10.0.0.144 "GET /v2.0/routers/84d69d97-fb1a-4a69-8a90-b8843fbfa409 HTTP/1.1" status: 200 len: 1137 time: 0.0582755
2026-07-02 16:35:56.123 9 INFO neutron.db.ovn_revision_numbers_db [None req-d5c8d00a-6956-4cab-8c58-17f098c7fd4d 88f3fa5aa6c345308c439272be5788c3 4eac1073b4c74e1696ac9dc373e9ded8 - - default default] Successfully bumped revision number for resource e8ee65d1-dfda-490e-a608-1b7006226b5d (type: networks) to 1
2026-07-02 16:35:56.266 9 WARNING neutron.scheduler.dhcp_agent_scheduler [None req-d5c8d00a-6956-4cab-8c58-17f098c7fd4d 88f3fa5aa6c345308c439272be5788c3 4eac1073b4c74e1696ac9dc373e9ded8 - - default default] No more DHCP agents
2026-07-02 16:35:56.267 9 WARNING neutron.api.rpc.agentnotifiers.dhcp_rpc_agent_api [None req-d5c8d00a-6956-4cab-8c58-17f098c7fd4d 88f3fa5aa6c345308c439272be5788c3 4eac1073b4c74e1696ac9dc373e9ded8 - - default default] Unable to schedule network e8ee65d1-dfda-490e-a608-1b7006226b5d: no agents available; will retry on subsequent port and subnet creation events.
2026-07-02 16:35:56.286 10 WARNING neutron.plugins.ml2.drivers.ovn.mech_driver.ovsdb.ovn_client [None req-58576587-e6f8-4a48-9ece-7594451b7824 - - - - - -] No port found with ID eaa4c220-936e-4531-bfb2-2e111bdf2f17: RuntimeError: No port found with ID eaa4c220-936e-4531-bfb2-2e111bdf2f17
2026-07-02 16:35:56.286 10 INFO neutron.plugins.ml2.drivers.ovn.mech_driver.mech_driver [None req-58576587-e6f8-4a48-9ece-7594451b7824 - - - - - -] OVN reports status down for port: 106a15ba-de3f-4b6e-9989-f6edfc4808bb
2026-07-02 16:35:56.325 9 INFO neutron.db.ovn_revision_numbers_db [None req-d5c8d00a-6956-4cab-8c58-17f098c7fd4d 88f3fa5aa6c345308c439272be5788c3 4eac1073b4c74e1696ac9dc373e9ded8 - - default default] Successfully bumped revision number for resource bfdcdbe4-3c6b-4ed0-846a-6e315dea9ad9 (type: ports) to 1
2026-07-02 16:35:56.341 9 INFO neutron.api.wsgi [None req-d5c8d00a-6956-4cab-8c58-17f098c7fd4d 88f3fa5aa6c345308c439272be5788c3 4eac1073b4c74e1696ac9dc373e9ded8 - - default default] 10.0.0.144 "POST /v2.0/networks HTTP/1.1" status: 201 len: 831 time: 0.4261580
2026-07-02 16:35:56.353 9 WARNING neutron_lib.context [None req-0ca88d86-43ba-47ad-9eb7-f6c2278f26be 88f3fa5aa6c345308c439272be5788c3 4eac1073b4c74e1696ac9dc373e9ded8 - - default default] Method 'is_advsvc' is deprecated since 2023.2 release (neutron-lib 3.8.0) and will be removed once support for the old RBAC API policies will be removed from Neutron. Please use method 'is_service_role' instead.
2026-07-02 16:35:56.441 10 INFO neutron.notifiers.nova [-] Nova event matching ['req-16d56103-4161-4e05-a884-fbdd6e55b6bf'] response: {'server_uuid': '507809cc-b1d0-4c46-b4ee-346861fd7dac', 'name': 'network-vif-unplugged', 'status': 'completed', 'tag': '106a15ba-de3f-4b6e-9989-f6edfc4808bb', 'code': 200}
2026-07-02 16:35:56.536 10 INFO neutron.api.wsgi [req-aafb6613-9507-48fe-81fc-2d7eaab37d0e req-672763a2-def2-4f5e-9e32-3e3fab35c0a7 4921a2cae1fc475e9c1e1d343e57d148 22414999e93340d5bf89513763dbf341 - - default default] 10.0.0.135 "GET /v2.0/ports?device_id=507809cc-b1d0-4c46-b4ee-346861fd7dac HTTP/1.1" status: 200 len: 1168 time: 0.0434284
2026-07-02 16:35:56.587 9 WARNING neutron.scheduler.dhcp_agent_scheduler [None req-0ca88d86-43ba-47ad-9eb7-f6c2278f26be 88f3fa5aa6c345308c439272be5788c3 4eac1073b4c74e1696ac9dc373e9ded8 - - default default] No more DHCP agents
2026-07-02 16:35:56.588 9 WARNING neutron.api.rpc.agentnotifiers.dhcp_rpc_agent_api [None req-0ca88d86-43ba-47ad-9eb7-f6c2278f26be 88f3fa5aa6c345308c439272be5788c3 4eac1073b4c74e1696ac9dc373e9ded8 - - default default] Unable to schedule network e8ee65d1-dfda-490e-a608-1b7006226b5d: no agents available; will retry on subsequent port and subnet creation events.
2026-07-02 16:35:56.627 10 INFO neutron.api.wsgi [req-aafb6613-9507-48fe-81fc-2d7eaab37d0e req-655e7856-fd89-41c7-993d-8c95f642900a 4921a2cae1fc475e9c1e1d343e57d148 22414999e93340d5bf89513763dbf341 - - default default] 10.0.0.135 "GET /v2.0/security-groups?id=b8a8f2dd-cca0-4a17-8761-34a6ffa5a8ed&fields=id&fields=name HTTP/1.1" status: 200 len: 312 time: 0.0736299
2026-07-02 16:35:56.660 9 INFO neutron.db.ovn_revision_numbers_db [None req-0ca88d86-43ba-47ad-9eb7-f6c2278f26be 88f3fa5aa6c345308c439272be5788c3 4eac1073b4c74e1696ac9dc373e9ded8 - - default default] Successfully bumped revision number for resource 1ea63e7f-03ff-4d52-ad99-33d0df40fd95 (type: ports) to 1
2026-07-02 16:35:56.671 10 INFO neutron.db.ovn_revision_numbers_db [None req-58576587-e6f8-4a48-9ece-7594451b7824 - - - - - -] Successfully bumped revision number for resource 106a15ba-de3f-4b6e-9989-f6edfc4808bb (type: ports) to 6
2026-07-02 16:35:56.679 9 INFO neutron.api.wsgi [None req-0ca88d86-43ba-47ad-9eb7-f6c2278f26be 88f3fa5aa6c345308c439272be5788c3 4eac1073b4c74e1696ac9dc373e9ded8 - - default default] 10.0.0.144 "POST /v2.0/ports HTTP/1.1" status: 201 len: 942 time: 0.3304195 /var/lib/openstack/lib/python3.12/site-packages/pycadf/identifier.py:71: UserWarning: Invalid uuid: neutron. To ensure interoperability, identifiers should be a valid uuid. warnings.warn(('Invalid uuid: %s. To ensure interoperability, '
2026-07-02 16:35:56.688 9 WARNING neutron_lib.context [None req-7891c23e-60b7-4049-b387-aaea776195d3 88f3fa5aa6c345308c439272be5788c3 4eac1073b4c74e1696ac9dc373e9ded8 - - default default] Method 'is_advsvc' is deprecated since 2023.2 release (neutron-lib 3.8.0) and will be removed once support for the old RBAC API policies will be removed from Neutron. Please use method 'is_service_role' instead.
2026-07-02 16:35:56.797 10 INFO neutron.db.ovn_revision_numbers_db [None req-d16e39dd-5a8e-426b-a54b-d0f8ce89a5c3 6dbc9f872801422dbbe1865433d2eb30 393384ba45fb4bd9bd300cbf256cacbf - - default default] Successfully bumped revision number for resource 84d69d97-fb1a-4a69-8a90-b8843fbfa409 (type: routers) to 11
2026-07-02 16:35:56.802 10 INFO neutron.api.wsgi [None req-d16e39dd-5a8e-426b-a54b-d0f8ce89a5c3 6dbc9f872801422dbbe1865433d2eb30 393384ba45fb4bd9bd300cbf256cacbf - - default default] 10.0.0.144 "PUT /v2.0/routers/84d69d97-fb1a-4a69-8a90-b8843fbfa409 HTTP/1.1" status: 200 len: 1137 time: 0.7598119 /var/lib/openstack/lib/python3.12/site-packages/pycadf/identifier.py:71: UserWarning: Invalid uuid: neutron. To ensure interoperability, identifiers should be a valid uuid. warnings.warn(('Invalid uuid: %s. To ensure interoperability, '
2026-07-02 16:35:56.837 9 INFO neutron.api.wsgi [None req-7891c23e-60b7-4049-b387-aaea776195d3 88f3fa5aa6c345308c439272be5788c3 4eac1073b4c74e1696ac9dc373e9ded8 - - default default] 10.0.0.144 "POST /v2.0/trunks HTTP/1.1" status: 201 len: 608 time: 0.1535170
2026-07-02 16:35:56.844 9 WARNING neutron_lib.context [None req-129b7813-0297-474d-a14c-3188e4ded2cd 88f3fa5aa6c345308c439272be5788c3 4eac1073b4c74e1696ac9dc373e9ded8 - - default default] Method 'is_advsvc' is deprecated since 2023.2 release (neutron-lib 3.8.0) and will be removed once support for the old RBAC API policies will be removed from Neutron. Please use method 'is_service_role' instead.
2026-07-02 16:35:56.871 10 INFO neutron.api.wsgi [None req-eed56621-6516-4978-ab54-58fd9b7d0690 6dbc9f872801422dbbe1865433d2eb30 393384ba45fb4bd9bd300cbf256cacbf - - default default] 10.0.0.144 "GET /v2.0/ports?device_id=84d69d97-fb1a-4a69-8a90-b8843fbfa409 HTTP/1.1" status: 200 len: 1140 time: 0.0645487
2026-07-02 16:35:56.921 9 INFO neutron.db.segments_db [None req-129b7813-0297-474d-a14c-3188e4ded2cd 88f3fa5aa6c345308c439272be5788c3 4eac1073b4c74e1696ac9dc373e9ded8 - - default default] Added segment 235b73ab-fe1d-4170-ace4-2dbce0af2783 of type geneve for network 6827b5ce-6792-4b3f-b3e1-668891b96ec4
2026-07-02 16:35:57.026 10 INFO neutron.api.wsgi [req-bafd55a4-19a8-49a4-93d2-4f38590abb35 req-c7cbfb2f-5c8b-4546-911d-dc25408c8ed4 4921a2cae1fc475e9c1e1d343e57d148 22414999e93340d5bf89513763dbf341 - - default default] 199.19.213.23 "GET /v2.0/ports?device_id=507809cc-b1d0-4c46-b4ee-346861fd7dac HTTP/1.1" status: 200 len: 1168 time: 0.0325799
2026-07-02 16:35:57.069 9 INFO neutron.db.ovn_revision_numbers_db [None req-129b7813-0297-474d-a14c-3188e4ded2cd 88f3fa5aa6c345308c439272be5788c3 4eac1073b4c74e1696ac9dc373e9ded8 - - default default] Successfully bumped revision number for resource 6827b5ce-6792-4b3f-b3e1-668891b96ec4 (type: networks) to 1
2026-07-02 16:35:57.230 9 WARNING neutron.scheduler.dhcp_agent_scheduler [None req-129b7813-0297-474d-a14c-3188e4ded2cd 88f3fa5aa6c345308c439272be5788c3 4eac1073b4c74e1696ac9dc373e9ded8 - - default default] No more DHCP agents
2026-07-02 16:35:57.232 9 WARNING neutron.api.rpc.agentnotifiers.dhcp_rpc_agent_api [None req-129b7813-0297-474d-a14c-3188e4ded2cd 88f3fa5aa6c345308c439272be5788c3 4eac1073b4c74e1696ac9dc373e9ded8 - - default default] Unable to schedule network 6827b5ce-6792-4b3f-b3e1-668891b96ec4: no agents available; will retry on subsequent port and subnet creation events.
2026-07-02 16:35:57.237 10 INFO neutron.api.wsgi [req-bafd55a4-19a8-49a4-93d2-4f38590abb35 req-34f3b301-4e48-4914-96bf-4f24e55247b6 4921a2cae1fc475e9c1e1d343e57d148 22414999e93340d5bf89513763dbf341 - - default default] 199.19.213.23 "DELETE /v2.0/ports/106a15ba-de3f-4b6e-9989-f6edfc4808bb HTTP/1.1" status: 204 len: 173 time: 0.2070458
2026-07-02 16:35:57.303 9 INFO neutron.db.ovn_revision_numbers_db [None req-129b7813-0297-474d-a14c-3188e4ded2cd 88f3fa5aa6c345308c439272be5788c3 4eac1073b4c74e1696ac9dc373e9ded8 - - default default] Successfully bumped revision number for resource 0913af47-4a29-4236-afae-5da958b15391 (type: ports) to 1
2026-07-02 16:35:57.325 9 INFO neutron.api.wsgi [None req-129b7813-0297-474d-a14c-3188e4ded2cd 88f3fa5aa6c345308c439272be5788c3 4eac1073b4c74e1696ac9dc373e9ded8 - - default default] 10.0.0.144 "POST /v2.0/networks HTTP/1.1" status: 201 len: 830 time: 0.4842269
2026-07-02 16:35:57.334 9 WARNING neutron_lib.context [None req-d87544bb-b5b9-48bf-8dba-1beffdc3581b 88f3fa5aa6c345308c439272be5788c3 4eac1073b4c74e1696ac9dc373e9ded8 - - default default] Method 'is_advsvc' is deprecated since 2023.2 release (neutron-lib 3.8.0) and will be removed once support for the old RBAC API policies will be removed from Neutron. Please use method 'is_service_role' instead.
2026-07-02 16:35:57.591 9 WARNING neutron.scheduler.dhcp_agent_scheduler [None req-d87544bb-b5b9-48bf-8dba-1beffdc3581b 88f3fa5aa6c345308c439272be5788c3 4eac1073b4c74e1696ac9dc373e9ded8 - - default default] No more DHCP agents
2026-07-02 16:35:57.595 9 WARNING neutron.api.rpc.agentnotifiers.dhcp_rpc_agent_api [None req-d87544bb-b5b9-48bf-8dba-1beffdc3581b 88f3fa5aa6c345308c439272be5788c3 4eac1073b4c74e1696ac9dc373e9ded8 - - default default] Unable to schedule network 6827b5ce-6792-4b3f-b3e1-668891b96ec4: no agents available; will retry on subsequent port and subnet creation events.
2026-07-02 16:35:57.722 10 INFO neutron.api.wsgi [req-1cea5196-2050-476f-b233-49b27a749d57 req-1487443a-9fda-41c1-885f-9646ebf82241 4921a2cae1fc475e9c1e1d343e57d148 22414999e93340d5bf89513763dbf341 - - default default] 10.0.0.135 "GET /v2.0/ports?device_id=507809cc-b1d0-4c46-b4ee-346861fd7dac HTTP/1.1" status: 200 len: 210 time: 0.0176744
2026-07-02 16:35:57.974 9 INFO neutron.db.ovn_revision_numbers_db [None req-d87544bb-b5b9-48bf-8dba-1beffdc3581b 88f3fa5aa6c345308c439272be5788c3 4eac1073b4c74e1696ac9dc373e9ded8 - - default default] Successfully bumped revision number for resource 80eaa22c-2360-4e81-87a4-423b8583b9a2 (type: ports) to 1
2026-07-02 16:35:57.995 9 INFO neutron.api.wsgi [None req-d87544bb-b5b9-48bf-8dba-1beffdc3581b 88f3fa5aa6c345308c439272be5788c3 4eac1073b4c74e1696ac9dc373e9ded8 - - default default] 10.0.0.144 "POST /v2.0/ports HTTP/1.1" status: 201 len: 942 time: 0.6647973
2026-07-02 16:35:58.007 10 WARNING neutron_lib.context [None req-8d6056c6-0298-4731-8557-ea08eb9798bd 88f3fa5aa6c345308c439272be5788c3 4eac1073b4c74e1696ac9dc373e9ded8 - - default default] Method 'is_advsvc' is deprecated since 2023.2 release (neutron-lib 3.8.0) and will be removed once support for the old RBAC API policies will be removed from Neutron. Please use method 'is_service_role' instead.
2026-07-02 16:35:58.047 9 INFO neutron.api.wsgi [None req-027aa737-34b7-438d-9245-fc0a1d9eb4f6 6dbc9f872801422dbbe1865433d2eb30 393384ba45fb4bd9bd300cbf256cacbf - - default default] 10.0.0.144 "PUT /v2.0/routers/84d69d97-fb1a-4a69-8a90-b8843fbfa409/remove_router_interface HTTP/1.1" status: 200 len: 503 time: 1.1706409 /var/lib/openstack/lib/python3.12/site-packages/pycadf/identifier.py:71: UserWarning: Invalid uuid: neutron. To ensure interoperability, identifiers should be a valid uuid. warnings.warn(('Invalid uuid: %s. To ensure interoperability, '
2026-07-02 16:35:58.225 10 INFO neutron.api.wsgi [None req-8d6056c6-0298-4731-8557-ea08eb9798bd 88f3fa5aa6c345308c439272be5788c3 4eac1073b4c74e1696ac9dc373e9ded8 - - default default] 10.0.0.144 "POST /v2.0/trunks HTTP/1.1" status: 201 len: 608 time: 0.2243636
2026-07-02 16:35:58.234 10 WARNING neutron_lib.context [None req-16cf4932-cdfa-462f-919b-ed53a278ee41 88f3fa5aa6c345308c439272be5788c3 4eac1073b4c74e1696ac9dc373e9ded8 - - default default] Method 'is_advsvc' is deprecated since 2023.2 release (neutron-lib 3.8.0) and will be removed once support for the old RBAC API policies will be removed from Neutron. Please use method 'is_service_role' instead.
2026-07-02 16:35:58.323 10 INFO neutron.db.segments_db [None req-16cf4932-cdfa-462f-919b-ed53a278ee41 88f3fa5aa6c345308c439272be5788c3 4eac1073b4c74e1696ac9dc373e9ded8 - - default default] Added segment 43bc6f4b-4895-42c5-93a5-5bbf95eec0ae of type geneve for network 3983e21d-47ea-4aaf-aa0a-3468698f721a
2026-07-02 16:35:58.420 10 INFO neutron.db.ovn_revision_numbers_db [None req-16cf4932-cdfa-462f-919b-ed53a278ee41 88f3fa5aa6c345308c439272be5788c3 4eac1073b4c74e1696ac9dc373e9ded8 - - default default] Successfully bumped revision number for resource 3983e21d-47ea-4aaf-aa0a-3468698f721a (type: networks) to 1
2026-07-02 16:35:58.475 10 INFO neutron.notifiers.nova [-] Nova event matching ['req-7915f452-022f-41d9-96b9-736de8448a67'] response: {'server_uuid': '507809cc-b1d0-4c46-b4ee-346861fd7dac', 'name': 'network-vif-unplugged', 'status': 'completed', 'tag': '106a15ba-de3f-4b6e-9989-f6edfc4808bb', 'code': 200}
2026-07-02 16:35:58.476 10 INFO neutron.notifiers.nova [-] Nova event matching ['req-7915f452-022f-41d9-96b9-736de8448a67'] response: {'server_uuid': '507809cc-b1d0-4c46-b4ee-346861fd7dac', 'name': 'network-vif-deleted', 'tag': '106a15ba-de3f-4b6e-9989-f6edfc4808bb', 'status': 'completed', 'code': 200}
2026-07-02 16:35:58.577 10 WARNING neutron.scheduler.dhcp_agent_scheduler [None req-16cf4932-cdfa-462f-919b-ed53a278ee41 88f3fa5aa6c345308c439272be5788c3 4eac1073b4c74e1696ac9dc373e9ded8 - - default default] No more DHCP agents
2026-07-02 16:35:58.579 10 WARNING neutron.api.rpc.agentnotifiers.dhcp_rpc_agent_api [None req-16cf4932-cdfa-462f-919b-ed53a278ee41 88f3fa5aa6c345308c439272be5788c3 4eac1073b4c74e1696ac9dc373e9ded8 - - default default] Unable to schedule network 3983e21d-47ea-4aaf-aa0a-3468698f721a: no agents available; will retry on subsequent port and subnet creation events.
2026-07-02 16:35:58.643 10 INFO neutron.db.ovn_revision_numbers_db [None req-16cf4932-cdfa-462f-919b-ed53a278ee41 88f3fa5aa6c345308c439272be5788c3 4eac1073b4c74e1696ac9dc373e9ded8 - - default default] Successfully bumped revision number for resource 5d306c40-86d5-499b-8f17-bf019869cff2 (type: ports) to 1
2026-07-02 16:35:58.668 10 INFO neutron.api.wsgi [None req-16cf4932-cdfa-462f-919b-ed53a278ee41 88f3fa5aa6c345308c439272be5788c3 4eac1073b4c74e1696ac9dc373e9ded8 - - default default] 10.0.0.144 "POST /v2.0/networks HTTP/1.1" status: 201 len: 830 time: 0.4376731
2026-07-02 16:35:58.679 9 WARNING neutron_lib.context [None req-88b0ad01-d35f-4fbf-afe9-686e33d212f0 88f3fa5aa6c345308c439272be5788c3 4eac1073b4c74e1696ac9dc373e9ded8 - - default default] Method 'is_advsvc' is deprecated since 2023.2 release (neutron-lib 3.8.0) and will be removed once support for the old RBAC API policies will be removed from Neutron. Please use method 'is_service_role' instead.
2026-07-02 16:35:58.715 9 INFO neutron.api.wsgi [None req-44a8043c-db40-485b-b14f-af6d0cbd3f51 6dbc9f872801422dbbe1865433d2eb30 393384ba45fb4bd9bd300cbf256cacbf - - default default] 10.0.0.144 "DELETE /v2.0/routers/84d69d97-fb1a-4a69-8a90-b8843fbfa409 HTTP/1.1" status: 204 len: 168 time: 0.6633584
2026-07-02 16:35:58.785 10 INFO neutron.api.wsgi [None req-d435a8d7-3c34-4c12-823e-76e6a28e33c6 6dbc9f872801422dbbe1865433d2eb30 393384ba45fb4bd9bd300cbf256cacbf - - default default] 10.0.0.144 "GET /v2.0/routers/a2dec959-338b-41b3-a789-64c6096e5bc0 HTTP/1.1" status: 200 len: 1137 time: 0.0661635
2026-07-02 16:35:58.801 10 INFO neutron.api.wsgi [req-65d947b9-9c64-419d-b166-ec87ba8b849b req-eda7fef0-d528-4278-b113-e705786b62b4 4921a2cae1fc475e9c1e1d343e57d148 22414999e93340d5bf89513763dbf341 - - default default] 10.0.0.135 "GET /v2.0/ports?device_id=507809cc-b1d0-4c46-b4ee-346861fd7dac HTTP/1.1" status: 200 len: 210 time: 0.0153136
2026-07-02 16:35:58.930 9 WARNING neutron.scheduler.dhcp_agent_scheduler [None req-88b0ad01-d35f-4fbf-afe9-686e33d212f0 88f3fa5aa6c345308c439272be5788c3 4eac1073b4c74e1696ac9dc373e9ded8 - - default default] No more DHCP agents
2026-07-02 16:35:58.932 9 WARNING neutron.api.rpc.agentnotifiers.dhcp_rpc_agent_api [None req-88b0ad01-d35f-4fbf-afe9-686e33d212f0 88f3fa5aa6c345308c439272be5788c3 4eac1073b4c74e1696ac9dc373e9ded8 - - default default] Unable to schedule network 3983e21d-47ea-4aaf-aa0a-3468698f721a: no agents available; will retry on subsequent port and subnet creation events.
2026-07-02 16:35:58.997 9 INFO neutron.db.ovn_revision_numbers_db [None req-88b0ad01-d35f-4fbf-afe9-686e33d212f0 88f3fa5aa6c345308c439272be5788c3 4eac1073b4c74e1696ac9dc373e9ded8 - - default default] Successfully bumped revision number for resource b962068a-8519-4bc4-904d-1a4ee162281f (type: ports) to 1
2026-07-02 16:35:59.028 9 INFO neutron.api.wsgi [None req-88b0ad01-d35f-4fbf-afe9-686e33d212f0 88f3fa5aa6c345308c439272be5788c3 4eac1073b4c74e1696ac9dc373e9ded8 - - default default] 10.0.0.144 "POST /v2.0/ports HTTP/1.1" status: 201 len: 942 time: 0.3524215 /var/lib/openstack/lib/python3.12/site-packages/pycadf/identifier.py:71: UserWarning: Invalid uuid: neutron. To ensure interoperability, identifiers should be a valid uuid. warnings.warn(('Invalid uuid: %s. To ensure interoperability, '
2026-07-02 16:35:59.037 9 WARNING neutron_lib.context [None req-fbb82429-6e20-4507-9488-1ecad5b73591 88f3fa5aa6c345308c439272be5788c3 4eac1073b4c74e1696ac9dc373e9ded8 - - default default] Method 'is_advsvc' is deprecated since 2023.2 release (neutron-lib 3.8.0) and will be removed once support for the old RBAC API policies will be removed from Neutron. Please use method 'is_service_role' instead.
2026-07-02 16:35:59.239 9 INFO neutron.api.wsgi [None req-fbb82429-6e20-4507-9488-1ecad5b73591 88f3fa5aa6c345308c439272be5788c3 4eac1073b4c74e1696ac9dc373e9ded8 - - default default] 10.0.0.144 "POST /v2.0/trunks HTTP/1.1" status: 201 len: 608 time: 0.2061088
2026-07-02 16:35:59.249 9 WARNING neutron_lib.context [None req-01fe5869-29ab-46f5-ad7c-b576acf6d82c 88f3fa5aa6c345308c439272be5788c3 4eac1073b4c74e1696ac9dc373e9ded8 - - default default] Method 'is_advsvc' is deprecated since 2023.2 release (neutron-lib 3.8.0) and will be removed once support for the old RBAC API policies will be removed from Neutron. Please use method 'is_service_role' instead.
2026-07-02 16:35:59.336 9 INFO neutron.db.segments_db [None req-01fe5869-29ab-46f5-ad7c-b576acf6d82c 88f3fa5aa6c345308c439272be5788c3 4eac1073b4c74e1696ac9dc373e9ded8 - - default default] Added segment 95d8abbf-0479-4d1f-b382-c661072b9184 of type geneve for network 035d3a46-5280-4577-8c57-b43119ed3bf1
2026-07-02 16:35:59.472 9 INFO neutron.db.ovn_revision_numbers_db [None req-01fe5869-29ab-46f5-ad7c-b576acf6d82c 88f3fa5aa6c345308c439272be5788c3 4eac1073b4c74e1696ac9dc373e9ded8 - - default default] Successfully bumped revision number for resource 035d3a46-5280-4577-8c57-b43119ed3bf1 (type: networks) to 1
2026-07-02 16:35:59.489 9 INFO neutron.db.ovn_revision_numbers_db [None req-0e62ba79-5c0f-4f4f-a8ba-25b784436948 6dbc9f872801422dbbe1865433d2eb30 393384ba45fb4bd9bd300cbf256cacbf - - default default] Successfully bumped revision number for resource a2dec959-338b-41b3-a789-64c6096e5bc0 (type: routers) to 5
2026-07-02 16:35:59.494 9 INFO neutron.api.wsgi [None req-0e62ba79-5c0f-4f4f-a8ba-25b784436948 6dbc9f872801422dbbe1865433d2eb30 393384ba45fb4bd9bd300cbf256cacbf - - default default] 10.0.0.144 "PUT /v2.0/routers/a2dec959-338b-41b3-a789-64c6096e5bc0 HTTP/1.1" status: 200 len: 1137 time: 0.7045362
2026-07-02 16:35:59.588 10 INFO neutron.api.wsgi [None req-dbf5cfcf-af7a-4363-a3bd-d0479d1e7cc3 6dbc9f872801422dbbe1865433d2eb30 393384ba45fb4bd9bd300cbf256cacbf - - default default] 10.0.0.144 "GET /v2.0/ports?device_id=a2dec959-338b-41b3-a789-64c6096e5bc0 HTTP/1.1" status: 200 len: 1144 time: 0.0892034
2026-07-02 16:35:59.657 9 WARNING neutron.scheduler.dhcp_agent_scheduler [None req-01fe5869-29ab-46f5-ad7c-b576acf6d82c 88f3fa5aa6c345308c439272be5788c3 4eac1073b4c74e1696ac9dc373e9ded8 - - default default] No more DHCP agents
2026-07-02 16:35:59.659 9 WARNING neutron.api.rpc.agentnotifiers.dhcp_rpc_agent_api [None req-01fe5869-29ab-46f5-ad7c-b576acf6d82c 88f3fa5aa6c345308c439272be5788c3 4eac1073b4c74e1696ac9dc373e9ded8 - - default default] Unable to schedule network 035d3a46-5280-4577-8c57-b43119ed3bf1: no agents available; will retry on subsequent port and subnet creation events.
2026-07-02 16:35:59.732 9 INFO neutron.db.ovn_revision_numbers_db [None req-01fe5869-29ab-46f5-ad7c-b576acf6d82c 88f3fa5aa6c345308c439272be5788c3 4eac1073b4c74e1696ac9dc373e9ded8 - - default default] Successfully bumped revision number for resource f15aad5e-6f40-4041-b645-afaf7197a1de (type: ports) to 1
2026-07-02 16:35:59.753 9 INFO neutron.api.wsgi [None req-01fe5869-29ab-46f5-ad7c-b576acf6d82c 88f3fa5aa6c345308c439272be5788c3 4eac1073b4c74e1696ac9dc373e9ded8 - - default default] 10.0.0.144 "POST /v2.0/networks HTTP/1.1" status: 201 len: 830 time: 0.5084093
2026-07-02 16:35:59.761 10 WARNING neutron_lib.context [None req-4a9220e2-fa1d-4fd5-81cb-2ad6f60bb10e 88f3fa5aa6c345308c439272be5788c3 4eac1073b4c74e1696ac9dc373e9ded8 - - default default] Method 'is_advsvc' is deprecated since 2023.2 release (neutron-lib 3.8.0) and will be removed once support for the old RBAC API policies will be removed from Neutron. Please use method 'is_service_role' instead.
2026-07-02 16:35:59.899 10 INFO neutron.api.wsgi [req-51362567-5400-4141-8838-ef11050e0917 req-234b7a69-eb13-4574-9ccc-a7cc01ae2932 4921a2cae1fc475e9c1e1d343e57d148 22414999e93340d5bf89513763dbf341 - - default default] 10.0.0.135 "GET /v2.0/ports?device_id=507809cc-b1d0-4c46-b4ee-346861fd7dac HTTP/1.1" status: 200 len: 210 time: 0.0225449
2026-07-02 16:36:00.019 10 WARNING neutron.scheduler.dhcp_agent_scheduler [None req-4a9220e2-fa1d-4fd5-81cb-2ad6f60bb10e 88f3fa5aa6c345308c439272be5788c3 4eac1073b4c74e1696ac9dc373e9ded8 - - default default] No more DHCP agents
