2026-07-02 16:33:09.437 10 INFO neutron.db.ovn_revision_numbers_db [None req-05556b84-4947-4482-8db6-14412992ebcc a8aa24bd68aa41139e299598e80b27ac 84b441d311bc483885a13e4057a7138f - - default default] Successfully bumped revision number for resource 472a849d-9796-446c-ad7e-df7e52924cbd (type: security_groups) to 1
2026-07-02 16:33:09.459 10 INFO neutron.db.ovn_revision_numbers_db [None req-05556b84-4947-4482-8db6-14412992ebcc a8aa24bd68aa41139e299598e80b27ac 84b441d311bc483885a13e4057a7138f - - default default] Successfully bumped revision number for resource 1e6386dd-46b0-44c0-a65e-4e35157cbd07 (type: security_group_rules) to 0
2026-07-02 16:33:09.486 10 INFO neutron.db.ovn_revision_numbers_db [None req-05556b84-4947-4482-8db6-14412992ebcc a8aa24bd68aa41139e299598e80b27ac 84b441d311bc483885a13e4057a7138f - - default default] Successfully bumped revision number for resource 282a72fd-f98d-41d9-9f22-df2363930eb7 (type: security_group_rules) to 0
2026-07-02 16:33:09.510 10 INFO neutron.db.ovn_revision_numbers_db [None req-05556b84-4947-4482-8db6-14412992ebcc a8aa24bd68aa41139e299598e80b27ac 84b441d311bc483885a13e4057a7138f - - default default] Successfully bumped revision number for resource af8042f7-f742-453f-932e-69f3e9ed7bb7 (type: security_group_rules) to 0
2026-07-02 16:33:09.518 10 INFO neutron.api.wsgi [req-f366d6e7-6c9f-4fd9-9c84-02fd469f1edc req-83f05503-8b4e-461d-a314-70f75a87856d 5fb6fc33ae7a4132b41c39dc86a06eec 4a748014af814de19f2655fc824f9572 - - default default] 10.0.0.135 "GET /v2.0/ports?device_id=a16fcd16-7477-4e4e-ae73-cd877a0705be HTTP/1.1" status: 200 len: 1174 time: 0.0437503
2026-07-02 16:33:09.547 10 INFO neutron.db.ovn_revision_numbers_db [None req-05556b84-4947-4482-8db6-14412992ebcc a8aa24bd68aa41139e299598e80b27ac 84b441d311bc483885a13e4057a7138f - - default default] Successfully bumped revision number for resource d14e3818-5a1d-426e-b675-a771356e72db (type: security_group_rules) to 0
2026-07-02 16:33:09.587 10 INFO neutron.api.wsgi [req-f366d6e7-6c9f-4fd9-9c84-02fd469f1edc req-f4325aa8-7b05-4385-8866-c4b268acd6ab 5fb6fc33ae7a4132b41c39dc86a06eec 4a748014af814de19f2655fc824f9572 - - default default] 10.0.0.135 "GET /v2.0/security-groups?id=f839853b-d102-4e7a-879c-09c96b37feb7&fields=id&fields=name HTTP/1.1" status: 200 len: 286 time: 0.0588155
2026-07-02 16:33:09.606 10 INFO neutron.api.wsgi [None req-05556b84-4947-4482-8db6-14412992ebcc a8aa24bd68aa41139e299598e80b27ac 84b441d311bc483885a13e4057a7138f - - default default] 10.0.0.144 "GET /v2.0/security-groups?tenant_id=e9ea4aa208814305801494b6048cfc8b&name=default HTTP/1.1" status: 200 len: 3120 time: 0.3097656
2026-07-02 16:33:09.665 10 INFO neutron.api.wsgi [-] 10.0.0.28 "GET / HTTP/1.1" status: 200 len: 245 time: 0.0028613
2026-07-02 16:33:09.667 9 INFO neutron.api.wsgi [-] 10.0.0.28 "GET / HTTP/1.1" status: 200 len: 245 time: 0.0060244
2026-07-02 16:33:09.768 10 INFO neutron.api.wsgi [None req-e08526aa-039d-4b9a-addb-3030bfd889e9 b61f5f860ed4482d90743bc9cc04ccca e46c7b485d8748219f362182ccae6143 - - default default] 10.0.0.144 "DELETE /v2.0/floatingips/c1e147c8-305f-4af7-8db9-a00fe6b0082c HTTP/1.1" status: 204 len: 168 time: 0.4256890
2026-07-02 16:33:09.889 10 INFO neutron.api.wsgi [None req-56a5b8e1-e2da-4075-b3f8-55c605848523 a8aa24bd68aa41139e299598e80b27ac 84b441d311bc483885a13e4057a7138f - - default default] 10.0.0.144 "DELETE /v2.0/security-groups/472a849d-9796-446c-ad7e-df7e52924cbd HTTP/1.1" status: 204 len: 168 time: 0.2791350
2026-07-02 16:33:09.916 10 INFO neutron.api.wsgi [req-12412a04-2094-4cd6-9fd9-622f69c3862c req-f29714f2-b333-4da9-919a-e5e151d385e7 5fb6fc33ae7a4132b41c39dc86a06eec 4a748014af814de19f2655fc824f9572 - - default default] 10.0.0.135 "GET /v2.0/ports?device_id=a16fcd16-7477-4e4e-ae73-cd877a0705be HTTP/1.1" status: 200 len: 1174 time: 0.0386636
2026-07-02 16:33:09.963 10 INFO neutron.api.wsgi [req-12412a04-2094-4cd6-9fd9-622f69c3862c req-c45a2128-ebb7-4ffc-9d09-5d95e7f3f566 5fb6fc33ae7a4132b41c39dc86a06eec 4a748014af814de19f2655fc824f9572 - - default default] 10.0.0.135 "GET /v2.0/security-groups?id=f839853b-d102-4e7a-879c-09c96b37feb7&fields=id&fields=name HTTP/1.1" status: 200 len: 286 time: 0.0437756
2026-07-02 16:33:10.394 10 INFO neutron.plugins.ml2.drivers.ovn.mech_driver.mech_driver [None req-84f826d3-0518-4684-8968-481d8a09069d - - - - - -] OVN reports status down for port: fb22c0f7-8ccf-4f1d-bad4-7ee4101e7006
2026-07-02 16:33:10.555 10 INFO neutron.notifiers.nova [-] Nova event matching ['req-f7d545a1-b965-4d7b-b94c-540f05259eb5'] response: {'server_uuid': 'a16fcd16-7477-4e4e-ae73-cd877a0705be', 'name': 'network-vif-unplugged', 'status': 'completed', 'tag': 'fb22c0f7-8ccf-4f1d-bad4-7ee4101e7006', 'code': 200}
2026-07-02 16:33:10.708 10 INFO neutron.db.ovn_revision_numbers_db [None req-84f826d3-0518-4684-8968-481d8a09069d - - - - - -] Successfully bumped revision number for resource fb22c0f7-8ccf-4f1d-bad4-7ee4101e7006 (type: ports) to 6
2026-07-02 16:33:10.898 10 INFO neutron.api.wsgi [None req-007f29af-6b8e-4015-be46-2c9114475449 a8aa24bd68aa41139e299598e80b27ac 84b441d311bc483885a13e4057a7138f - - default default] 10.0.0.144 "PUT /v2.0/routers/ae69b88e-0d87-44b2-89a9-36f21f493708/remove_router_interface HTTP/1.1" status: 200 len: 503 time: 1.0616348 /var/lib/openstack/lib/python3.12/site-packages/pycadf/identifier.py:71: UserWarning: Invalid uuid: neutron. To ensure interoperability, identifiers should be a valid uuid. warnings.warn(('Invalid uuid: %s. To ensure interoperability, '
2026-07-02 16:33:11.061 10 INFO neutron.api.wsgi [req-ca796f90-9a8a-4c20-b152-0d94ce809a99 req-bd347209-d8f1-458f-ae2b-18989371289b 5fb6fc33ae7a4132b41c39dc86a06eec 4a748014af814de19f2655fc824f9572 - - default default] 10.0.0.135 "GET /v2.0/ports?device_id=a16fcd16-7477-4e4e-ae73-cd877a0705be HTTP/1.1" status: 200 len: 1172 time: 0.0364325
2026-07-02 16:33:11.112 10 INFO neutron.api.wsgi [req-ca796f90-9a8a-4c20-b152-0d94ce809a99 req-d0de6e55-bd7d-42da-9555-48e5893f7711 5fb6fc33ae7a4132b41c39dc86a06eec 4a748014af814de19f2655fc824f9572 - - default default] 10.0.0.135 "GET /v2.0/security-groups?id=f839853b-d102-4e7a-879c-09c96b37feb7&fields=id&fields=name HTTP/1.1" status: 200 len: 286 time: 0.0463259
2026-07-02 16:33:11.520 10 INFO neutron.api.wsgi [None req-ce923e8e-068b-4468-ba00-75e954dd3174 a8aa24bd68aa41139e299598e80b27ac 84b441d311bc483885a13e4057a7138f - - default default] 10.0.0.144 "DELETE /v2.0/routers/ae69b88e-0d87-44b2-89a9-36f21f493708 HTTP/1.1" status: 204 len: 168 time: 0.6159973
2026-07-02 16:33:11.694 10 INFO neutron.api.wsgi [req-d2699d56-f6e4-49dd-905f-7e160a2202e6 req-19bfabe0-033e-46fb-b428-3766ecac7602 5fb6fc33ae7a4132b41c39dc86a06eec 4a748014af814de19f2655fc824f9572 - - default default] 199.19.213.23 "GET /v2.0/ports?device_id=a16fcd16-7477-4e4e-ae73-cd877a0705be HTTP/1.1" status: 200 len: 1172 time: 0.0506601
2026-07-02 16:33:11.737 10 INFO neutron.api.wsgi [None req-76ea60cc-371f-4585-a15e-16dcd8a558e8 a8aa24bd68aa41139e299598e80b27ac 84b441d311bc483885a13e4057a7138f - - default default] 10.0.0.144 "DELETE /v2.0/subnets/b2940682-8384-402c-98bc-d033bc8b469e HTTP/1.1" status: 204 len: 168 time: 0.2124949
2026-07-02 16:33:11.811 10 WARNING neutron_lib.context [None req-505d06b0-077c-4db2-bb03-8e500e29c73f 2c8151138f8c403c84c712f8ea1277a6 c91033cfc7d2483f83a10874bc947b11 - - default default] Method 'is_advsvc' is deprecated since 2023.2 release (neutron-lib 3.8.0) and will be removed once support for the old RBAC API policies will be removed from Neutron. Please use method 'is_service_role' instead.
2026-07-02 16:33:11.990 10 INFO neutron.db.ovn_revision_numbers_db [None req-505d06b0-077c-4db2-bb03-8e500e29c73f 2c8151138f8c403c84c712f8ea1277a6 c91033cfc7d2483f83a10874bc947b11 - - default default] Successfully bumped revision number for resource 39a00c43-b23d-4194-b88d-93a15b282ef1 (type: security_groups) to 1
2026-07-02 16:33:11.998 10 INFO neutron.api.wsgi [req-d2699d56-f6e4-49dd-905f-7e160a2202e6 req-b26878d5-28d7-46b6-8b72-656019f334c3 5fb6fc33ae7a4132b41c39dc86a06eec 4a748014af814de19f2655fc824f9572 - - default default] 199.19.213.23 "DELETE /v2.0/ports/fb22c0f7-8ccf-4f1d-bad4-7ee4101e7006 HTTP/1.1" status: 204 len: 173 time: 0.2966669
2026-07-02 16:33:12.020 10 INFO neutron.db.ovn_revision_numbers_db [None req-505d06b0-077c-4db2-bb03-8e500e29c73f 2c8151138f8c403c84c712f8ea1277a6 c91033cfc7d2483f83a10874bc947b11 - - default default] Successfully bumped revision number for resource 29fc7a3d-0da6-4b50-a424-83f824e6cc24 (type: security_group_rules) to 0
2026-07-02 16:33:12.038 10 INFO neutron.db.ovn_revision_numbers_db [None req-505d06b0-077c-4db2-bb03-8e500e29c73f 2c8151138f8c403c84c712f8ea1277a6 c91033cfc7d2483f83a10874bc947b11 - - default default] Successfully bumped revision number for resource 41d401e4-510c-4f7d-89c6-7d1a9d5d64d6 (type: security_group_rules) to 0
2026-07-02 16:33:12.048 10 INFO neutron.db.ovn_revision_numbers_db [None req-505d06b0-077c-4db2-bb03-8e500e29c73f 2c8151138f8c403c84c712f8ea1277a6 c91033cfc7d2483f83a10874bc947b11 - - default default] Successfully bumped revision number for resource 79a68dfa-39c4-4a1c-be57-1ac580ecd86e (type: security_group_rules) to 0
2026-07-02 16:33:12.065 9 INFO neutron.services.segments.plugin [-] Segment 7cf175e4-e55b-4bcc-acd0-4f47210f9e9a resource provider aggregate not found
2026-07-02 16:33:12.065 10 INFO neutron.db.ovn_revision_numbers_db [None req-505d06b0-077c-4db2-bb03-8e500e29c73f 2c8151138f8c403c84c712f8ea1277a6 c91033cfc7d2483f83a10874bc947b11 - - default default] Successfully bumped revision number for resource 900a1c83-2ee4-4121-94f1-037af9bebd90 (type: security_group_rules) to 0
2026-07-02 16:33:12.069 9 INFO neutron.services.segments.plugin [-] Segment 7cf175e4-e55b-4bcc-acd0-4f47210f9e9a resource provider aggregate not found
2026-07-02 16:33:12.081 9 INFO neutron.services.segments.plugin [-] Segment 7cf175e4-e55b-4bcc-acd0-4f47210f9e9a resource provider not found; error: Placement Client Error (4xx): {"errors": [{"status": 404, "title": "Not Found", "detail": "The resource could not be found.\n\n No resource provider with uuid 7cf175e4-e55b-4bcc-acd0-4f47210f9e9a found for delete ", "request_id": "req-947a78df-2fb3-4d49-bedf-7ef2a4f5202b"}]}
2026-07-02 16:33:12.092 9 INFO neutron.services.segments.plugin [-] Segment 7cf175e4-e55b-4bcc-acd0-4f47210f9e9a resource provider not found; error: Placement Client Error (4xx): {"errors": [{"status": 404, "title": "Not Found", "detail": "The resource could not be found.\n\n No resource provider with uuid 7cf175e4-e55b-4bcc-acd0-4f47210f9e9a found for delete ", "request_id": "req-cdc11660-e91c-4e9a-abc0-bb6ec2880eef"}]}
2026-07-02 16:33:12.106 9 INFO neutron.api.wsgi [None req-4e9297be-47ef-4e97-9317-2a36b7b0c3ce a8aa24bd68aa41139e299598e80b27ac 84b441d311bc483885a13e4057a7138f - - default default] 10.0.0.144 "DELETE /v2.0/networks/4430ac17-54ff-49ad-9124-c41d75e5d621 HTTP/1.1" status: 204 len: 168 time: 0.3622026
2026-07-02 16:33:12.135 10 INFO neutron.db.segments_db [None req-505d06b0-077c-4db2-bb03-8e500e29c73f 2c8151138f8c403c84c712f8ea1277a6 c91033cfc7d2483f83a10874bc947b11 - - default default] Added segment 8e49b754-f070-414b-a1bb-89749791743d of type geneve for network 037dd35f-7025-4121-9b54-e53fe72ec301
2026-07-02 16:33:12.189 10 INFO neutron.api.wsgi [req-4dccc7f7-ac62-4ccc-b462-c4043833bdfe req-94586e41-659a-4816-8dd9-d522e7b7bd93 5fb6fc33ae7a4132b41c39dc86a06eec 4a748014af814de19f2655fc824f9572 - - default default] 10.0.0.135 "GET /v2.0/ports?device_id=a16fcd16-7477-4e4e-ae73-cd877a0705be HTTP/1.1" status: 200 len: 210 time: 0.0179398
2026-07-02 16:33:12.274 10 INFO neutron.db.ovn_revision_numbers_db [None req-505d06b0-077c-4db2-bb03-8e500e29c73f 2c8151138f8c403c84c712f8ea1277a6 c91033cfc7d2483f83a10874bc947b11 - - default default] Successfully bumped revision number for resource 037dd35f-7025-4121-9b54-e53fe72ec301 (type: networks) to 1
2026-07-02 16:33:12.317 9 INFO neutron.api.wsgi [None req-8a77e4ee-362a-4d98-8696-76ad3935037a a8aa24bd68aa41139e299598e80b27ac 84b441d311bc483885a13e4057a7138f - - default default] 10.0.0.144 "GET /v2.0/security-groups?tenant_id=e46c7b485d8748219f362182ccae6143&name=default HTTP/1.1" status: 200 len: 3116 time: 0.0385449
2026-07-02 16:33:12.448 10 WARNING neutron.scheduler.dhcp_agent_scheduler [None req-505d06b0-077c-4db2-bb03-8e500e29c73f 2c8151138f8c403c84c712f8ea1277a6 c91033cfc7d2483f83a10874bc947b11 - - default default] No more DHCP agents
2026-07-02 16:33:12.449 10 WARNING neutron.api.rpc.agentnotifiers.dhcp_rpc_agent_api [None req-505d06b0-077c-4db2-bb03-8e500e29c73f 2c8151138f8c403c84c712f8ea1277a6 c91033cfc7d2483f83a10874bc947b11 - - default default] Unable to schedule network 037dd35f-7025-4121-9b54-e53fe72ec301: no agents available; will retry on subsequent port and subnet creation events.
2026-07-02 16:33:12.504 10 INFO neutron.db.ovn_revision_numbers_db [None req-505d06b0-077c-4db2-bb03-8e500e29c73f 2c8151138f8c403c84c712f8ea1277a6 c91033cfc7d2483f83a10874bc947b11 - - default default] Successfully bumped revision number for resource 83db2f22-61ac-4466-83dc-fdbc60b9152a (type: ports) to 1
2026-07-02 16:33:12.529 10 INFO neutron.api.wsgi [None req-505d06b0-077c-4db2-bb03-8e500e29c73f 2c8151138f8c403c84c712f8ea1277a6 c91033cfc7d2483f83a10874bc947b11 - - default default] 10.0.0.144 "POST /v2.0/networks HTTP/1.1" status: 201 len: 849 time: 0.8438752
2026-07-02 16:33:12.529 9 INFO neutron.api.wsgi [None req-db7a3237-f2b8-47fe-bbd5-5ab40713eeaa a8aa24bd68aa41139e299598e80b27ac 84b441d311bc483885a13e4057a7138f - - default default] 10.0.0.144 "DELETE /v2.0/security-groups/df8ddcf5-29c6-4653-ad01-628530823589 HTTP/1.1" status: 204 len: 168 time: 0.2075670
2026-07-02 16:33:12.537 9 WARNING neutron_lib.context [None req-ecd5ff4f-e3ab-4ea4-928b-cea83c54628e 2c8151138f8c403c84c712f8ea1277a6 c91033cfc7d2483f83a10874bc947b11 - - default default] Method 'is_advsvc' is deprecated since 2023.2 release (neutron-lib 3.8.0) and will be removed once support for the old RBAC API policies will be removed from Neutron. Please use method 'is_service_role' instead.
2026-07-02 16:33:12.590 10 INFO neutron.notifiers.nova [-] Nova event matching ['req-5d1805e0-9a6a-4541-b1dd-ea8c6705de33'] response: {'server_uuid': 'a16fcd16-7477-4e4e-ae73-cd877a0705be', 'name': 'network-vif-unplugged', 'status': 'completed', 'tag': 'fb22c0f7-8ccf-4f1d-bad4-7ee4101e7006', 'code': 200}
2026-07-02 16:33:12.592 10 INFO neutron.notifiers.nova [-] Nova event matching ['req-5d1805e0-9a6a-4541-b1dd-ea8c6705de33'] response: {'server_uuid': 'a16fcd16-7477-4e4e-ae73-cd877a0705be', 'name': 'network-vif-deleted', 'tag': 'fb22c0f7-8ccf-4f1d-bad4-7ee4101e7006', 'status': 'completed', 'code': 200}
2026-07-02 16:33:12.739 9 WARNING neutron.scheduler.dhcp_agent_scheduler [None req-ecd5ff4f-e3ab-4ea4-928b-cea83c54628e 2c8151138f8c403c84c712f8ea1277a6 c91033cfc7d2483f83a10874bc947b11 - - default default] No more DHCP agents
2026-07-02 16:33:12.741 9 WARNING neutron.api.rpc.agentnotifiers.dhcp_rpc_agent_api [None req-ecd5ff4f-e3ab-4ea4-928b-cea83c54628e 2c8151138f8c403c84c712f8ea1277a6 c91033cfc7d2483f83a10874bc947b11 - - default default] Unable to schedule network 037dd35f-7025-4121-9b54-e53fe72ec301: no agents available; will retry on subsequent port and subnet creation events.
2026-07-02 16:33:12.762 9 INFO neutron.db.ovn_revision_numbers_db [None req-ecd5ff4f-e3ab-4ea4-928b-cea83c54628e 2c8151138f8c403c84c712f8ea1277a6 c91033cfc7d2483f83a10874bc947b11 - - default default] Successfully bumped revision number for resource aabafbc7-33f2-4723-bc99-5418b2861dbf (type: subnets) to 0
2026-07-02 16:33:12.777 9 INFO neutron.api.wsgi [None req-ecd5ff4f-e3ab-4ea4-928b-cea83c54628e 2c8151138f8c403c84c712f8ea1277a6 c91033cfc7d2483f83a10874bc947b11 - - default default] 10.0.0.144 "POST /v2.0/subnets HTTP/1.1" status: 201 len: 826 time: 0.2435622
2026-07-02 16:33:12.788 9 WARNING neutron_lib.context [None req-6b6b19c5-484c-44c1-9c85-8ac000822979 2c8151138f8c403c84c712f8ea1277a6 c91033cfc7d2483f83a10874bc947b11 - - default default] Method 'is_advsvc' is deprecated since 2023.2 release (neutron-lib 3.8.0) and will be removed once support for the old RBAC API policies will be removed from Neutron. Please use method 'is_service_role' instead.
2026-07-02 16:33:13.030 10 INFO neutron.db.ovn_revision_numbers_db [None req-170af237-26a5-432d-bf7b-61d108f93e55 a8aa24bd68aa41139e299598e80b27ac 84b441d311bc483885a13e4057a7138f - - default default] Successfully bumped revision number for resource 04096377-1fe6-42f7-86c1-c74f90afff03 (type: security_groups) to 1
2026-07-02 16:33:13.043 10 INFO neutron.db.ovn_revision_numbers_db [None req-170af237-26a5-432d-bf7b-61d108f93e55 a8aa24bd68aa41139e299598e80b27ac 84b441d311bc483885a13e4057a7138f - - default default] Successfully bumped revision number for resource 89a7c1f4-5e66-485d-ae4f-2fb3b3a868b2 (type: security_group_rules) to 0
2026-07-02 16:33:13.058 10 INFO neutron.db.ovn_revision_numbers_db [None req-170af237-26a5-432d-bf7b-61d108f93e55 a8aa24bd68aa41139e299598e80b27ac 84b441d311bc483885a13e4057a7138f - - default default] Successfully bumped revision number for resource 9f9da8ce-8dee-451b-9cb1-2efeed5ba6fb (type: security_group_rules) to 0
2026-07-02 16:33:13.071 10 INFO neutron.db.ovn_revision_numbers_db [None req-170af237-26a5-432d-bf7b-61d108f93e55 a8aa24bd68aa41139e299598e80b27ac 84b441d311bc483885a13e4057a7138f - - default default] Successfully bumped revision number for resource 9fdc04f1-498e-4952-9252-fd32d4772cce (type: security_group_rules) to 0
2026-07-02 16:33:13.085 10 INFO neutron.db.ovn_revision_numbers_db [None req-170af237-26a5-432d-bf7b-61d108f93e55 a8aa24bd68aa41139e299598e80b27ac 84b441d311bc483885a13e4057a7138f - - default default] Successfully bumped revision number for resource c915ab75-fda4-4553-a37f-3e9d36a48522 (type: security_group_rules) to 0
2026-07-02 16:33:13.121 10 INFO neutron.api.wsgi [None req-170af237-26a5-432d-bf7b-61d108f93e55 a8aa24bd68aa41139e299598e80b27ac 84b441d311bc483885a13e4057a7138f - - default default] 10.0.0.144 "GET /v2.0/security-groups?tenant_id=86cc876ee56b443abe1f259195cfef64&name=default HTTP/1.1" status: 200 len: 3120 time: 0.3366466
2026-07-02 16:33:13.196 9 WARNING neutron.scheduler.dhcp_agent_scheduler [None req-6b6b19c5-484c-44c1-9c85-8ac000822979 2c8151138f8c403c84c712f8ea1277a6 c91033cfc7d2483f83a10874bc947b11 - - default default] No more DHCP agents
2026-07-02 16:33:13.197 9 WARNING neutron.api.rpc.agentnotifiers.dhcp_rpc_agent_api [None req-6b6b19c5-484c-44c1-9c85-8ac000822979 2c8151138f8c403c84c712f8ea1277a6 c91033cfc7d2483f83a10874bc947b11 - - default default] Unable to schedule network d6fe8552-e98e-4cfa-a988-0f3c36a0eb69: no agents available; will retry on subsequent port and subnet creation events.
2026-07-02 16:33:13.314 9 INFO neutron.db.ovn_revision_numbers_db [None req-6b6b19c5-484c-44c1-9c85-8ac000822979 2c8151138f8c403c84c712f8ea1277a6 c91033cfc7d2483f83a10874bc947b11 - - default default] Successfully bumped revision number for resource 295ced6f-4f81-471e-a958-2a817a38cc27 (type: ports) to 1
2026-07-02 16:33:13.331 10 INFO neutron.api.wsgi [req-6a75b380-b42e-4e51-adc7-a703b531bf17 req-bbe8ce01-0c12-4d88-928f-fc7fd5acd246 5fb6fc33ae7a4132b41c39dc86a06eec 4a748014af814de19f2655fc824f9572 - - default default] 10.0.0.135 "GET /v2.0/ports?device_id=a16fcd16-7477-4e4e-ae73-cd877a0705be HTTP/1.1" status: 200 len: 210 time: 0.0197721
2026-07-02 16:33:13.495 10 INFO neutron.api.wsgi [None req-aec45353-5d6f-4bb8-8e58-627a2c60b028 a8aa24bd68aa41139e299598e80b27ac 84b441d311bc483885a13e4057a7138f - - default default] 10.0.0.144 "DELETE /v2.0/security-groups/04096377-1fe6-42f7-86c1-c74f90afff03 HTTP/1.1" status: 204 len: 168 time: 0.3703144
2026-07-02 16:33:13.700 10 INFO neutron.db.ovn_revision_numbers_db [None req-138cab62-714d-435b-b816-c52c7935258a a8aa24bd68aa41139e299598e80b27ac 84b441d311bc483885a13e4057a7138f - - default default] Successfully bumped revision number for resource a6419426-8b21-44df-b58f-ec896398ef5f (type: security_groups) to 1
2026-07-02 16:33:13.712 10 INFO neutron.db.ovn_revision_numbers_db [None req-138cab62-714d-435b-b816-c52c7935258a a8aa24bd68aa41139e299598e80b27ac 84b441d311bc483885a13e4057a7138f - - default default] Successfully bumped revision number for resource 5ca1c682-4575-4773-9631-9bfceaaf3227 (type: security_group_rules) to 0
2026-07-02 16:33:13.725 10 INFO neutron.db.ovn_revision_numbers_db [None req-138cab62-714d-435b-b816-c52c7935258a a8aa24bd68aa41139e299598e80b27ac 84b441d311bc483885a13e4057a7138f - - default default] Successfully bumped revision number for resource 7eaeda6f-1cf0-44d6-8e0b-d2a18fcef115 (type: security_group_rules) to 0
2026-07-02 16:33:13.738 10 INFO neutron.db.ovn_revision_numbers_db [None req-138cab62-714d-435b-b816-c52c7935258a a8aa24bd68aa41139e299598e80b27ac 84b441d311bc483885a13e4057a7138f - - default default] Successfully bumped revision number for resource 8dea4345-5072-43f8-8456-1e33f7b60e2c (type: security_group_rules) to 0
2026-07-02 16:33:13.748 10 INFO neutron.db.ovn_revision_numbers_db [None req-138cab62-714d-435b-b816-c52c7935258a a8aa24bd68aa41139e299598e80b27ac 84b441d311bc483885a13e4057a7138f - - default default] Successfully bumped revision number for resource 9ab7012c-611f-4ccf-ac78-5797e7b44e4e (type: security_group_rules) to 0
2026-07-02 16:33:13.781 10 INFO neutron.api.wsgi [None req-138cab62-714d-435b-b816-c52c7935258a a8aa24bd68aa41139e299598e80b27ac 84b441d311bc483885a13e4057a7138f - - default default] 10.0.0.144 "GET /v2.0/security-groups?tenant_id=2837eac4cd6f410fbefd139241252ecc&name=default HTTP/1.1" status: 200 len: 3120 time: 0.1889045
2026-07-02 16:33:13.881 9 INFO neutron.plugins.ml2.drivers.ovn.mech_driver.ovsdb.commands [None req-1e81cded-6de5-45a0-ab97-158b36f079fc - - - - - -] Schedule LRP lrp-295ced6f-4f81-471e-a958-2a817a38cc27 on gateway 71d8e3be-b7ea-442d-b832-9996de9ffa64 with priority 1
2026-07-02 16:33:13.887 9 INFO neutron.plugins.ml2.drivers.ovn.mech_driver.mech_driver [None req-3d3897e0-a99d-4f66-98fd-bb110284134f - - - - - -] OVN reports status up for port: 295ced6f-4f81-471e-a958-2a817a38cc27
2026-07-02 16:33:13.903 9 INFO neutron.plugins.ml2.plugin [None req-3d3897e0-a99d-4f66-98fd-bb110284134f - - - - - -] Attempt 1 to provision port 295ced6f-4f81-471e-a958-2a817a38cc27
2026-07-02 16:33:13.928 9 INFO neutron.db.ovn_revision_numbers_db [None req-6b6b19c5-484c-44c1-9c85-8ac000822979 2c8151138f8c403c84c712f8ea1277a6 c91033cfc7d2483f83a10874bc947b11 - - default default] Successfully bumped revision number for resource 295ced6f-4f81-471e-a958-2a817a38cc27 (type: router_ports) to 1
2026-07-02 16:33:13.982 10 INFO neutron.api.wsgi [None req-a08638cf-934c-4399-bc4f-529dc4e219d9 a8aa24bd68aa41139e299598e80b27ac 84b441d311bc483885a13e4057a7138f - - default default] 10.0.0.144 "DELETE /v2.0/security-groups/a6419426-8b21-44df-b58f-ec896398ef5f HTTP/1.1" status: 204 len: 168 time: 0.1968186
2026-07-02 16:33:14.010 9 INFO neutron.db.ovn_revision_numbers_db [None req-6b6b19c5-484c-44c1-9c85-8ac000822979 2c8151138f8c403c84c712f8ea1277a6 c91033cfc7d2483f83a10874bc947b11 - - default default] Successfully bumped revision number for resource fb17df4f-70ab-4a57-8a5b-53b68000ab3f (type: routers) to 2
2026-07-02 16:33:14.025 9 INFO neutron.api.wsgi [None req-6b6b19c5-484c-44c1-9c85-8ac000822979 2c8151138f8c403c84c712f8ea1277a6 c91033cfc7d2483f83a10874bc947b11 - - default default] 10.0.0.144 "POST /v2.0/routers HTTP/1.1" status: 201 len: 1153 time: 1.2421668
2026-07-02 16:33:14.426 10 INFO neutron.api.wsgi [req-ce4ffece-04f8-45d4-b75c-bb67f146f24b req-a29c92e3-bfb8-44e3-b79b-955408cc91f2 5fb6fc33ae7a4132b41c39dc86a06eec 4a748014af814de19f2655fc824f9572 - - default default] 10.0.0.135 "GET /v2.0/ports?device_id=a16fcd16-7477-4e4e-ae73-cd877a0705be HTTP/1.1" status: 200 len: 210 time: 0.0197744
2026-07-02 16:33:14.599 9 WARNING neutron.scheduler.dhcp_agent_scheduler [None req-c6a2678b-6b3d-4094-9491-c698f8207872 2c8151138f8c403c84c712f8ea1277a6 c91033cfc7d2483f83a10874bc947b11 - - default default] No more DHCP agents
2026-07-02 16:33:14.605 9 WARNING neutron.api.rpc.agentnotifiers.dhcp_rpc_agent_api [None req-c6a2678b-6b3d-4094-9491-c698f8207872 2c8151138f8c403c84c712f8ea1277a6 c91033cfc7d2483f83a10874bc947b11 - - default default] Unable to schedule network 037dd35f-7025-4121-9b54-e53fe72ec301: no agents available; will retry on subsequent port and subnet creation events.
2026-07-02 16:33:14.606 9 INFO neutron.db.ovn_revision_numbers_db [None req-0bbe924c-f7db-4c4f-8506-18889f72d565 a8aa24bd68aa41139e299598e80b27ac 84b441d311bc483885a13e4057a7138f - - default default] Successfully bumped revision number for resource 2976bad5-199a-4b95-bc9b-ccb772bab8a0 (type: security_groups) to 1
2026-07-02 16:33:14.627 9 INFO neutron.db.ovn_revision_numbers_db [None req-0bbe924c-f7db-4c4f-8506-18889f72d565 a8aa24bd68aa41139e299598e80b27ac 84b441d311bc483885a13e4057a7138f - - default default] Successfully bumped revision number for resource 024fe2e6-8dcd-4a2f-8d81-ed63994a18a9 (type: security_group_rules) to 0
2026-07-02 16:33:14.661 9 INFO neutron.db.ovn_revision_numbers_db [None req-0bbe924c-f7db-4c4f-8506-18889f72d565 a8aa24bd68aa41139e299598e80b27ac 84b441d311bc483885a13e4057a7138f - - default default] Successfully bumped revision number for resource 24f24c2e-4dc6-4db9-b07b-52046ea2fd13 (type: security_group_rules) to 0
2026-07-02 16:33:14.675 9 INFO neutron.db.ovn_revision_numbers_db [None req-0bbe924c-f7db-4c4f-8506-18889f72d565 a8aa24bd68aa41139e299598e80b27ac 84b441d311bc483885a13e4057a7138f - - default default] Successfully bumped revision number for resource 73b9e77c-af0d-49bb-b29a-1930434fa7ac (type: security_group_rules) to 0
2026-07-02 16:33:14.705 9 INFO neutron.db.ovn_revision_numbers_db [None req-0bbe924c-f7db-4c4f-8506-18889f72d565 a8aa24bd68aa41139e299598e80b27ac 84b441d311bc483885a13e4057a7138f - - default default] Successfully bumped revision number for resource 9fc86942-805a-496c-86c2-d59bd04a6d35 (type: security_group_rules) to 0
2026-07-02 16:33:14.798 9 INFO neutron.db.ovn_revision_numbers_db [None req-c6a2678b-6b3d-4094-9491-c698f8207872 2c8151138f8c403c84c712f8ea1277a6 c91033cfc7d2483f83a10874bc947b11 - - default default] Successfully bumped revision number for resource 9948322e-b8e6-4448-bf95-58900d7bf835 (type: ports) to 1
2026-07-02 16:33:14.800 9 INFO neutron.db.segments_db [None req-0bbe924c-f7db-4c4f-8506-18889f72d565 a8aa24bd68aa41139e299598e80b27ac 84b441d311bc483885a13e4057a7138f - - default default] Added segment c19dc50c-8943-4a43-805a-9ea3db8b39af of type geneve for network 4699917f-dff3-4c21-b8f7-533efa88cd74
2026-07-02 16:33:14.946 9 INFO neutron.db.ovn_revision_numbers_db [None req-0bbe924c-f7db-4c4f-8506-18889f72d565 a8aa24bd68aa41139e299598e80b27ac 84b441d311bc483885a13e4057a7138f - - default default] Successfully bumped revision number for resource 4699917f-dff3-4c21-b8f7-533efa88cd74 (type: networks) to 1
2026-07-02 16:33:15.132 9 WARNING neutron.scheduler.dhcp_agent_scheduler [None req-0bbe924c-f7db-4c4f-8506-18889f72d565 a8aa24bd68aa41139e299598e80b27ac 84b441d311bc483885a13e4057a7138f - - default default] No more DHCP agents
2026-07-02 16:33:15.134 9 WARNING neutron.api.rpc.agentnotifiers.dhcp_rpc_agent_api [None req-0bbe924c-f7db-4c4f-8506-18889f72d565 a8aa24bd68aa41139e299598e80b27ac 84b441d311bc483885a13e4057a7138f - - default default] Unable to schedule network 4699917f-dff3-4c21-b8f7-533efa88cd74: no agents available; will retry on subsequent port and subnet creation events.
2026-07-02 16:33:15.213 9 INFO neutron.db.ovn_revision_numbers_db [None req-0bbe924c-f7db-4c4f-8506-18889f72d565 a8aa24bd68aa41139e299598e80b27ac 84b441d311bc483885a13e4057a7138f - - default default] Successfully bumped revision number for resource 5331c886-4837-46f8-86da-9332355e0deb (type: ports) to 1
2026-07-02 16:33:15.245 9 INFO neutron.api.wsgi [None req-0bbe924c-f7db-4c4f-8506-18889f72d565 a8aa24bd68aa41139e299598e80b27ac 84b441d311bc483885a13e4057a7138f - - default default] 10.0.0.144 "POST /v2.0/networks HTTP/1.1" status: 201 len: 945 time: 1.0016770
2026-07-02 16:33:15.427 10 WARNING neutron.scheduler.dhcp_agent_scheduler [None req-c33260ca-ed49-4d50-9892-1e3250be6942 a8aa24bd68aa41139e299598e80b27ac 84b441d311bc483885a13e4057a7138f - - default default] No more DHCP agents
2026-07-02 16:33:15.430 10 WARNING neutron.api.rpc.agentnotifiers.dhcp_rpc_agent_api [None req-c33260ca-ed49-4d50-9892-1e3250be6942 a8aa24bd68aa41139e299598e80b27ac 84b441d311bc483885a13e4057a7138f - - default default] Unable to schedule network 4699917f-dff3-4c21-b8f7-533efa88cd74: no agents available; will retry on subsequent port and subnet creation events.
2026-07-02 16:33:15.469 10 INFO neutron.plugins.ml2.drivers.ovn.mech_driver.mech_driver [None req-c190f8a0-2a8d-4287-8348-c2e5833fe075 - - - - - -] OVN reports status up for port: 9948322e-b8e6-4448-bf95-58900d7bf835
2026-07-02 16:33:15.485 10 INFO neutron.plugins.ml2.plugin [None req-c190f8a0-2a8d-4287-8348-c2e5833fe075 - - - - - -] Attempt 1 to provision port 9948322e-b8e6-4448-bf95-58900d7bf835
2026-07-02 16:33:15.508 9 INFO neutron.db.ovn_revision_numbers_db [None req-c6a2678b-6b3d-4094-9491-c698f8207872 2c8151138f8c403c84c712f8ea1277a6 c91033cfc7d2483f83a10874bc947b11 - - default default] Successfully bumped revision number for resource 9948322e-b8e6-4448-bf95-58900d7bf835 (type: ports) to 1
2026-07-02 16:33:15.580 9 WARNING neutron.scheduler.dhcp_agent_scheduler [None req-c6a2678b-6b3d-4094-9491-c698f8207872 2c8151138f8c403c84c712f8ea1277a6 c91033cfc7d2483f83a10874bc947b11 - - default default] No more DHCP agents
2026-07-02 16:33:15.582 9 WARNING neutron.api.rpc.agentnotifiers.dhcp_rpc_agent_api [None req-c6a2678b-6b3d-4094-9491-c698f8207872 2c8151138f8c403c84c712f8ea1277a6 c91033cfc7d2483f83a10874bc947b11 - - default default] Unable to schedule network 037dd35f-7025-4121-9b54-e53fe72ec301: no agents available; will retry on subsequent port and subnet creation events.
2026-07-02 16:33:15.860 10 INFO neutron.db.ovn_revision_numbers_db [None req-c190f8a0-2a8d-4287-8348-c2e5833fe075 - - - - - -] Successfully bumped revision number for resource 9948322e-b8e6-4448-bf95-58900d7bf835 (type: ports) to 2
2026-07-02 16:33:16.010 10 INFO neutron.db.ovn_revision_numbers_db [None req-f9377d61-1713-4195-b794-d32cc86120ac - - - - - -] Successfully bumped revision number for resource 5331c886-4837-46f8-86da-9332355e0deb (type: ports) to 2
2026-07-02 16:33:16.036 10 INFO neutron.db.ovn_revision_numbers_db [None req-f9377d61-1713-4195-b794-d32cc86120ac - - - - - -] Successfully bumped revision number for resource 4f71daee-d73c-4aeb-8f96-321f090dbb0b (type: subnets) to 0
2026-07-02 16:33:16.049 10 INFO neutron.api.wsgi [None req-c33260ca-ed49-4d50-9892-1e3250be6942 a8aa24bd68aa41139e299598e80b27ac 84b441d311bc483885a13e4057a7138f - - default default] 10.0.0.144 "POST /v2.0/subnets HTTP/1.1" status: 201 len: 889 time: 0.7985802
2026-07-02 16:33:16.150 9 INFO neutron.db.ovn_revision_numbers_db [None req-c6a2678b-6b3d-4094-9491-c698f8207872 2c8151138f8c403c84c712f8ea1277a6 c91033cfc7d2483f83a10874bc947b11 - - default default] Successfully bumped revision number for resource 9948322e-b8e6-4448-bf95-58900d7bf835 (type: router_ports) to 1
2026-07-02 16:33:16.156 9 INFO neutron.api.wsgi [None req-c6a2678b-6b3d-4094-9491-c698f8207872 2c8151138f8c403c84c712f8ea1277a6 c91033cfc7d2483f83a10874bc947b11 - - default default] 10.0.0.144 "PUT /v2.0/routers/fb17df4f-70ab-4a57-8a5b-53b68000ab3f/add_router_interface HTTP/1.1" status: 200 len: 503 time: 2.1270685
2026-07-02 16:33:16.167 9 WARNING neutron_lib.context [None req-91e444a2-f058-4922-9b1b-f600167bb2eb 2c8151138f8c403c84c712f8ea1277a6 c91033cfc7d2483f83a10874bc947b11 - - default default] Method 'is_advsvc' is deprecated since 2023.2 release (neutron-lib 3.8.0) and will be removed once support for the old RBAC API policies will be removed from Neutron. Please use method 'is_service_role' instead.
2026-07-02 16:33:16.409 10 WARNING neutron.scheduler.dhcp_agent_scheduler [None req-ffaf52e2-71e9-4805-99d0-1eb453e4d3db a8aa24bd68aa41139e299598e80b27ac 84b441d311bc483885a13e4057a7138f - - default default] No more DHCP agents
2026-07-02 16:33:16.410 10 WARNING neutron.api.rpc.agentnotifiers.dhcp_rpc_agent_api [None req-ffaf52e2-71e9-4805-99d0-1eb453e4d3db a8aa24bd68aa41139e299598e80b27ac 84b441d311bc483885a13e4057a7138f - - default default] Unable to schedule network d6fe8552-e98e-4cfa-a988-0f3c36a0eb69: no agents available; will retry on subsequent port and subnet creation events.
2026-07-02 16:33:16.506 9 WARNING neutron.scheduler.dhcp_agent_scheduler [None req-91e444a2-f058-4922-9b1b-f600167bb2eb 2c8151138f8c403c84c712f8ea1277a6 c91033cfc7d2483f83a10874bc947b11 - - default default] No more DHCP agents
2026-07-02 16:33:16.509 9 WARNING neutron.api.rpc.agentnotifiers.dhcp_rpc_agent_api [None req-91e444a2-f058-4922-9b1b-f600167bb2eb 2c8151138f8c403c84c712f8ea1277a6 c91033cfc7d2483f83a10874bc947b11 - - default default] Unable to schedule network 037dd35f-7025-4121-9b54-e53fe72ec301: no agents available; will retry on subsequent port and subnet creation events.
2026-07-02 16:33:16.534 10 INFO neutron.db.ovn_revision_numbers_db [None req-ffaf52e2-71e9-4805-99d0-1eb453e4d3db a8aa24bd68aa41139e299598e80b27ac 84b441d311bc483885a13e4057a7138f - - default default] Successfully bumped revision number for resource d6d6b889-56a1-4f63-b0eb-43fe74c241e5 (type: ports) to 1
2026-07-02 16:33:16.674 9 INFO neutron.db.ovn_revision_numbers_db [None req-91e444a2-f058-4922-9b1b-f600167bb2eb 2c8151138f8c403c84c712f8ea1277a6 c91033cfc7d2483f83a10874bc947b11 - - default default] Successfully bumped revision number for resource dd68e294-af80-4366-a588-62ee1e68505c (type: ports) to 1
2026-07-02 16:33:16.697 9 INFO neutron.api.wsgi [None req-91e444a2-f058-4922-9b1b-f600167bb2eb 2c8151138f8c403c84c712f8ea1277a6 c91033cfc7d2483f83a10874bc947b11 - - default default] 10.0.0.144 "POST /v2.0/ports HTTP/1.1" status: 201 len: 1153 time: 0.5365188 /var/lib/openstack/lib/python3.12/site-packages/pycadf/identifier.py:71: UserWarning: Invalid uuid: neutron. To ensure interoperability, identifiers should be a valid uuid. warnings.warn(('Invalid uuid: %s. To ensure interoperability, '
2026-07-02 16:33:16.705 9 WARNING neutron_lib.context [None req-b9219828-592e-448f-944e-b887c09c7c36 2c8151138f8c403c84c712f8ea1277a6 c91033cfc7d2483f83a10874bc947b11 - - default default] Method 'is_advsvc' is deprecated since 2023.2 release (neutron-lib 3.8.0) and will be removed once support for the old RBAC API policies will be removed from Neutron. Please use method 'is_service_role' instead.
2026-07-02 16:33:16.960 9 INFO neutron.api.wsgi [None req-94423ca0-8410-47e1-92a0-da98de9bd615 a8aa24bd68aa41139e299598e80b27ac 84b441d311bc483885a13e4057a7138f - - default default] 10.0.0.144 "PUT /v2.0/routers/e88d82ea-bfb3-4bbc-ab2a-e52375c24767/remove_router_interface HTTP/1.1" status: 200 len: 503 time: 1.4758513
2026-07-02 16:33:17.061 9 WARNING neutron.scheduler.dhcp_agent_scheduler [None req-b9219828-592e-448f-944e-b887c09c7c36 2c8151138f8c403c84c712f8ea1277a6 c91033cfc7d2483f83a10874bc947b11 - - default default] No more DHCP agents
2026-07-02 16:33:17.062 9 WARNING neutron.api.rpc.agentnotifiers.dhcp_rpc_agent_api [None req-b9219828-592e-448f-944e-b887c09c7c36 2c8151138f8c403c84c712f8ea1277a6 c91033cfc7d2483f83a10874bc947b11 - - default default] Unable to schedule network 037dd35f-7025-4121-9b54-e53fe72ec301: no agents available; will retry on subsequent port and subnet creation events.
2026-07-02 16:33:17.092 10 INFO neutron.plugins.ml2.drivers.ovn.mech_driver.ovsdb.commands [None req-d5926892-c53d-4330-9623-2442f20b8e01 - - - - - -] Schedule LRP lrp-d6d6b889-56a1-4f63-b0eb-43fe74c241e5 on gateway 71d8e3be-b7ea-442d-b832-9996de9ffa64 with priority 1
2026-07-02 16:33:17.115 9 INFO neutron.plugins.ml2.drivers.ovn.mech_driver.ovsdb.ovsdb_monitor [None req-24fb8d8e-3971-4ab4-970c-1017f57d1bc0 - - - - - -] Router 0e6aa8f1-ee11-4e93-8525-1030333730e9 is bound to host instance
2026-07-02 16:33:17.134 10 INFO neutron.db.ovn_revision_numbers_db [None req-ffaf52e2-71e9-4805-99d0-1eb453e4d3db a8aa24bd68aa41139e299598e80b27ac 84b441d311bc483885a13e4057a7138f - - default default] Successfully bumped revision number for resource d6d6b889-56a1-4f63-b0eb-43fe74c241e5 (type: router_ports) to 1
2026-07-02 16:33:17.211 9 INFO neutron.db.ovn_revision_numbers_db [None req-b9219828-592e-448f-944e-b887c09c7c36 2c8151138f8c403c84c712f8ea1277a6 c91033cfc7d2483f83a10874bc947b11 - - default default] Successfully bumped revision number for resource aedfdb86-9463-4a61-a1cb-9668234c9776 (type: ports) to 1
2026-07-02 16:33:17.213 10 INFO neutron.db.ovn_revision_numbers_db [None req-ffaf52e2-71e9-4805-99d0-1eb453e4d3db a8aa24bd68aa41139e299598e80b27ac 84b441d311bc483885a13e4057a7138f - - default default] Successfully bumped revision number for resource 0e6aa8f1-ee11-4e93-8525-1030333730e9 (type: routers) to 2
2026-07-02 16:33:17.232 10 INFO neutron.api.wsgi [None req-ffaf52e2-71e9-4805-99d0-1eb453e4d3db a8aa24bd68aa41139e299598e80b27ac 84b441d311bc483885a13e4057a7138f - - default default] 10.0.0.144 "POST /v2.0/routers HTTP/1.1" status: 201 len: 1167 time: 1.1785922
2026-07-02 16:33:17.237 9 INFO neutron.api.wsgi [None req-b9219828-592e-448f-944e-b887c09c7c36 2c8151138f8c403c84c712f8ea1277a6 c91033cfc7d2483f83a10874bc947b11 - - default default] 10.0.0.144 "POST /v2.0/ports HTTP/1.1" status: 201 len: 1157 time: 0.5352201
2026-07-02 16:33:17.246 10 WARNING neutron_lib.context [None req-b9bb4524-9951-4fda-9a72-63b53f7cb951 2c8151138f8c403c84c712f8ea1277a6 c91033cfc7d2483f83a10874bc947b11 - - default default] Method 'is_advsvc' is deprecated since 2023.2 release (neutron-lib 3.8.0) and will be removed once support for the old RBAC API policies will be removed from Neutron. Please use method 'is_service_role' instead.
2026-07-02 16:33:17.521 9 INFO neutron.db.ovn_revision_numbers_db [None req-5fb072da-b127-457b-a86c-3ebbadbdaefc - - - - - -] Successfully bumped revision number for resource d6d6b889-56a1-4f63-b0eb-43fe74c241e5 (type: ports) to 1
2026-07-02 16:33:17.582 10 WARNING neutron.scheduler.dhcp_agent_scheduler [None req-b9bb4524-9951-4fda-9a72-63b53f7cb951 2c8151138f8c403c84c712f8ea1277a6 c91033cfc7d2483f83a10874bc947b11 - - default default] No more DHCP agents
2026-07-02 16:33:17.588 10 WARNING neutron.api.rpc.agentnotifiers.dhcp_rpc_agent_api [None req-b9bb4524-9951-4fda-9a72-63b53f7cb951 2c8151138f8c403c84c712f8ea1277a6 c91033cfc7d2483f83a10874bc947b11 - - default default] Unable to schedule network d6fe8552-e98e-4cfa-a988-0f3c36a0eb69: no agents available; will retry on subsequent port and subnet creation events.
2026-07-02 16:33:17.863 9 INFO neutron.db.ovn_revision_numbers_db [None req-5fb072da-b127-457b-a86c-3ebbadbdaefc - - - - - -] Successfully bumped revision number for resource d6d6b889-56a1-4f63-b0eb-43fe74c241e5 (type: ports) to 4
2026-07-02 16:33:17.917 10 INFO neutron.api.wsgi [None req-f9ffb4db-8a5d-4f0c-8b97-1e95d6abdc99 a8aa24bd68aa41139e299598e80b27ac 84b441d311bc483885a13e4057a7138f - - default default] 10.0.0.144 "DELETE /v2.0/routers/e88d82ea-bfb3-4bbc-ab2a-e52375c24767 HTTP/1.1" status: 204 len: 168 time: 0.9514349
2026-07-02 16:33:18.011 10 WARNING neutron.scheduler.dhcp_agent_scheduler [None req-89e445a4-57d2-4307-9157-af9cf9703ac5 a8aa24bd68aa41139e299598e80b27ac 84b441d311bc483885a13e4057a7138f - - default default] No more DHCP agents
2026-07-02 16:33:18.016 10 WARNING neutron.api.rpc.agentnotifiers.dhcp_rpc_agent_api [None req-89e445a4-57d2-4307-9157-af9cf9703ac5 a8aa24bd68aa41139e299598e80b27ac 84b441d311bc483885a13e4057a7138f - - default default] Unable to schedule network 4699917f-dff3-4c21-b8f7-533efa88cd74: no agents available; will retry on subsequent port and subnet creation events.
2026-07-02 16:33:18.020 10 INFO neutron.db.ovn_revision_numbers_db [None req-b36a7f31-2088-4038-a406-662f92c3a02a a8aa24bd68aa41139e299598e80b27ac 84b441d311bc483885a13e4057a7138f - - default default] Successfully bumped revision number for resource 6d12ac46-0933-41c7-83a1-f66e96838746 (type: security_groups) to 1
2026-07-02 16:33:18.047 10 INFO neutron.db.ovn_revision_numbers_db [None req-b36a7f31-2088-4038-a406-662f92c3a02a a8aa24bd68aa41139e299598e80b27ac 84b441d311bc483885a13e4057a7138f - - default default] Successfully bumped revision number for resource 5fefdc63-4d58-4500-a972-dc64f9102238 (type: security_group_rules) to 0
2026-07-02 16:33:18.078 10 INFO neutron.db.ovn_revision_numbers_db [None req-b36a7f31-2088-4038-a406-662f92c3a02a a8aa24bd68aa41139e299598e80b27ac 84b441d311bc483885a13e4057a7138f - - default default] Successfully bumped revision number for resource 818f0ef1-36fd-435e-9a50-d5c4cc7d2239 (type: security_group_rules) to 0
2026-07-02 16:33:18.106 10 INFO neutron.db.ovn_revision_numbers_db [None req-b36a7f31-2088-4038-a406-662f92c3a02a a8aa24bd68aa41139e299598e80b27ac 84b441d311bc483885a13e4057a7138f - - default default] Successfully bumped revision number for resource 8c90dfb2-8604-4f3d-a835-624e32e416bd (type: security_group_rules) to 0
2026-07-02 16:33:18.130 10 INFO neutron.db.ovn_revision_numbers_db [None req-b36a7f31-2088-4038-a406-662f92c3a02a a8aa24bd68aa41139e299598e80b27ac 84b441d311bc483885a13e4057a7138f - - default default] Successfully bumped revision number for resource e2dd8633-2a7f-4da9-af57-5c2499151dbc (type: security_group_rules) to 0
2026-07-02 16:33:18.157 9 INFO neutron.db.ovn_revision_numbers_db [None req-5fb072da-b127-457b-a86c-3ebbadbdaefc - - - - - -] Successfully bumped revision number for resource d6d6b889-56a1-4f63-b0eb-43fe74c241e5 (type: ports) to 5
2026-07-02 16:33:18.201 10 INFO neutron.api.wsgi [None req-b36a7f31-2088-4038-a406-662f92c3a02a a8aa24bd68aa41139e299598e80b27ac 84b441d311bc483885a13e4057a7138f - - default default] 10.0.0.144 "GET /v2.0/security-groups?tenant_id=48ec8d53b8c54cb989fb305553a3815f&name=default HTTP/1.1" status: 200 len: 3120 time: 0.5979545 /var/lib/openstack/lib/python3.12/site-packages/pycadf/identifier.py:71: UserWarning: Invalid uuid: neutron. To ensure interoperability, identifiers should be a valid uuid. warnings.warn(('Invalid uuid: %s. To ensure interoperability, '
2026-07-02 16:33:18.241 10 INFO neutron.api.wsgi [None req-46f9bc3a-3719-433d-b1ee-be638b1aa5d3 a8aa24bd68aa41139e299598e80b27ac 84b441d311bc483885a13e4057a7138f - - default default] 10.0.0.144 "DELETE /v2.0/subnets/9b745dd7-7465-4984-b389-1359041553aa HTTP/1.1" status: 204 len: 168 time: 0.3169577
2026-07-02 16:33:18.242 10 INFO neutron.db.ovn_revision_numbers_db [None req-89e445a4-57d2-4307-9157-af9cf9703ac5 a8aa24bd68aa41139e299598e80b27ac 84b441d311bc483885a13e4057a7138f - - default default] Successfully bumped revision number for resource cb3e7ae1-c531-4e22-9118-9e701b931edb (type: ports) to 1
2026-07-02 16:33:18.447 9 INFO neutron.api.wsgi [None req-50497664-f602-483b-9866-0a7d237da81d a8aa24bd68aa41139e299598e80b27ac 84b441d311bc483885a13e4057a7138f - - default default] 10.0.0.144 "DELETE /v2.0/security-groups/6d12ac46-0933-41c7-83a1-f66e96838746 HTTP/1.1" status: 204 len: 168 time: 0.2380810
2026-07-02 16:33:18.545 9 INFO neutron.services.segments.plugin [-] Segment 7cc5cbd0-f9bc-4492-a72f-f3d537f614b3 resource provider aggregate not found
2026-07-02 16:33:18.550 9 INFO neutron.services.segments.plugin [-] Segment 7cc5cbd0-f9bc-4492-a72f-f3d537f614b3 resource provider aggregate not found
2026-07-02 16:33:18.565 9 INFO neutron.services.segments.plugin [-] Segment 7cc5cbd0-f9bc-4492-a72f-f3d537f614b3 resource provider not found; error: Placement Client Error (4xx): {"errors": [{"status": 404, "title": "Not Found", "detail": "The resource could not be found.\n\n No resource provider with uuid 7cc5cbd0-f9bc-4492-a72f-f3d537f614b3 found for delete ", "request_id": "req-f4dccaa4-1d43-4f92-bbb7-14deaf70efb6"}]}
2026-07-02 16:33:18.567 9 INFO neutron.services.segments.plugin [-] Segment 7cc5cbd0-f9bc-4492-a72f-f3d537f614b3 resource provider not found; error: Placement Client Error (4xx): {"errors": [{"status": 404, "title": "Not Found", "detail": "The resource could not be found.\n\n No resource provider with uuid 7cc5cbd0-f9bc-4492-a72f-f3d537f614b3 found for delete ", "request_id": "req-fdabefb9-4f06-4eb5-a0af-728c72fe3220"}]}
2026-07-02 16:33:18.580 9 INFO neutron.api.wsgi [None req-71dd9105-d836-4342-bdca-32f78b7a3df5 a8aa24bd68aa41139e299598e80b27ac 84b441d311bc483885a13e4057a7138f - - default default] 10.0.0.144 "DELETE /v2.0/networks/416b4df1-a69c-4c0a-a6a1-3fd07b423ccd HTTP/1.1" status: 204 len: 168 time: 0.3336883
2026-07-02 16:33:18.767 9 INFO neutron.api.wsgi [None req-681dcd53-d853-4f3d-a42e-e0861557282c a8aa24bd68aa41139e299598e80b27ac 84b441d311bc483885a13e4057a7138f - - default default] 10.0.0.144 "GET /v2.0/security-groups?tenant_id=4a748014af814de19f2655fc824f9572&name=default HTTP/1.1" status: 200 len: 3120 time: 0.0332775
2026-07-02 16:33:18.784 10 INFO neutron.db.ovn_revision_numbers_db [None req-b9bb4524-9951-4fda-9a72-63b53f7cb951 2c8151138f8c403c84c712f8ea1277a6 c91033cfc7d2483f83a10874bc947b11 - - default default] Successfully bumped revision number for resource bf76a334-8fc3-4a3e-a6f2-b6b932919625 (type: floatingips) to -1
2026-07-02 16:33:18.927 10 INFO neutron.db.ovn_revision_numbers_db [None req-b9bb4524-9951-4fda-9a72-63b53f7cb951 2c8151138f8c403c84c712f8ea1277a6 c91033cfc7d2483f83a10874bc947b11 - - default default] Successfully bumped revision number for resource bf76a334-8fc3-4a3e-a6f2-b6b932919625 (type: floatingips) to 1
2026-07-02 16:33:18.927 10 INFO neutron.db.l3_db [None req-b9bb4524-9951-4fda-9a72-63b53f7cb951 2c8151138f8c403c84c712f8ea1277a6 c91033cfc7d2483f83a10874bc947b11 - - default default] Floating IP bf76a334-8fc3-4a3e-a6f2-b6b932919625 associated. External IP: 10.96.250.205, port: aedfdb86-9463-4a61-a1cb-9668234c9776.
2026-07-02 16:33:18.935 10 INFO neutron.db.ovn_revision_numbers_db [None req-90239a5d-5c0c-45b8-95b2-1c9a89d6429b a8aa24bd68aa41139e299598e80b27ac 84b441d311bc483885a13e4057a7138f - - default default] Successfully bumped revision number for resource d041a21a-4d24-4c31-9c47-6f7f32e54190 (type: security_groups) to 1
2026-07-02 16:33:18.953 10 INFO neutron.db.ovn_revision_numbers_db [None req-90239a5d-5c0c-45b8-95b2-1c9a89d6429b a8aa24bd68aa41139e299598e80b27ac 84b441d311bc483885a13e4057a7138f - - default default] Successfully bumped revision number for resource 146ff044-f11a-4a31-819f-37505285201e (type: security_group_rules) to 0
2026-07-02 16:33:18.977 10 INFO neutron.db.ovn_revision_numbers_db [None req-90239a5d-5c0c-45b8-95b2-1c9a89d6429b a8aa24bd68aa41139e299598e80b27ac 84b441d311bc483885a13e4057a7138f - - default default] Successfully bumped revision number for resource 791a141d-c1b5-4fdf-acad-aa86969b415a (type: security_group_rules) to 0
2026-07-02 16:33:18.984 10 INFO neutron.api.wsgi [None req-b9bb4524-9951-4fda-9a72-63b53f7cb951 2c8151138f8c403c84c712f8ea1277a6 c91033cfc7d2483f83a10874bc947b11 - - default default] 10.0.0.144 "POST /v2.0/floatingips HTTP/1.1" status: 201 len: 1041 time: 1.7420630
2026-07-02 16:33:18.985 9 INFO neutron.api.wsgi [None req-36e43d28-d6a4-4c07-9550-3fc7225932ff a8aa24bd68aa41139e299598e80b27ac 84b441d311bc483885a13e4057a7138f - - default default] 10.0.0.144 "DELETE /v2.0/security-groups/f839853b-d102-4e7a-879c-09c96b37feb7 HTTP/1.1" status: 204 len: 168 time: 0.2129278
2026-07-02 16:33:18.996 10 INFO neutron.db.ovn_revision_numbers_db [None req-90239a5d-5c0c-45b8-95b2-1c9a89d6429b a8aa24bd68aa41139e299598e80b27ac 84b441d311bc483885a13e4057a7138f - - default default] Successfully bumped revision number for resource 88b756ef-e8fc-480c-b6c5-3529715d6080 (type: security_group_rules) to 0
2026-07-02 16:33:19.012 10 INFO neutron.db.ovn_revision_numbers_db [None req-90239a5d-5c0c-45b8-95b2-1c9a89d6429b a8aa24bd68aa41139e299598e80b27ac 84b441d311bc483885a13e4057a7138f - - default default] Successfully bumped revision number for resource a85de843-2991-4e8e-9911-4b777c9373f2 (type: security_group_rules) to 0
2026-07-02 16:33:19.069 10 INFO neutron.api.wsgi [None req-90239a5d-5c0c-45b8-95b2-1c9a89d6429b a8aa24bd68aa41139e299598e80b27ac 84b441d311bc483885a13e4057a7138f - - default default] 10.0.0.144 "GET /v2.0/security-groups?tenant_id=285a7bdce22c497c874404e21c2dc17b&name=default HTTP/1.1" status: 200 len: 3120 time: 0.5504177
2026-07-02 16:33:19.153 10 INFO neutron.db.ovn_revision_numbers_db [None req-89e445a4-57d2-4307-9157-af9cf9703ac5 a8aa24bd68aa41139e299598e80b27ac 84b441d311bc483885a13e4057a7138f - - default default] Successfully bumped revision number for resource cb3e7ae1-c531-4e22-9118-9e701b931edb (type: ports) to 1
2026-07-02 16:33:19.162 9 WARNING neutron.plugins.ml2.drivers.ovn.mech_driver.ovsdb.ovn_client [None req-3d3897e0-a99d-4f66-98fd-bb110284134f - - - - - -] No hosting information found for port 295ced6f-4f81-471e-a958-2a817a38cc27: RuntimeError: No hosting information found for port 295ced6f-4f81-471e-a958-2a817a38cc27
2026-07-02 16:33:19.162 9 INFO neutron.plugins.ml2.drivers.ovn.mech_driver.mech_driver [None req-3d3897e0-a99d-4f66-98fd-bb110284134f - - - - - -] OVN reports status up for port: cb3e7ae1-c531-4e22-9118-9e701b931edb
2026-07-02 16:33:19.168 9 INFO neutron.plugins.ml2.plugin [None req-3d3897e0-a99d-4f66-98fd-bb110284134f - - - - - -] Attempt 1 to provision port cb3e7ae1-c531-4e22-9118-9e701b931edb
2026-07-02 16:33:19.169 9 INFO neutron.db.ovn_revision_numbers_db [None req-92bc1df7-93af-4e40-b749-aa365306b015 2c8151138f8c403c84c712f8ea1277a6 c91033cfc7d2483f83a10874bc947b11 - - default default] Successfully bumped revision number for resource bf76a334-8fc3-4a3e-a6f2-b6b932919625 (type: floatingips) to 2
