2026-07-02 16:35:26.008 10 INFO neutron.api.wsgi [req-d9af8ba0-df2d-4233-b110-694676405f2b req-82324f54-23f1-4c9e-908d-9ec77b5d0e8c 4921a2cae1fc475e9c1e1d343e57d148 22414999e93340d5bf89513763dbf341 - - default default] 10.0.0.135 "GET /v2.0/security-groups?id=b1aeb4be-0da3-42fa-a59c-0e1c10f72003&fields=id&fields=name HTTP/1.1" status: 200 len: 312 time: 0.0288897
2026-07-02 16:35:26.075 10 INFO neutron.db.ovn_revision_numbers_db [None req-a952bcf0-eb32-48f1-bc41-8ace4e628dc0 - - - - - -] Successfully bumped revision number for resource b1a35426-3ce4-4022-a234-cae81e879669 (type: ports) to 1
2026-07-02 16:35:26.253 10 WARNING neutron.scheduler.dhcp_agent_scheduler [None req-a952bcf0-eb32-48f1-bc41-8ace4e628dc0 - - - - - -] No more DHCP agents
2026-07-02 16:35:26.255 10 WARNING neutron.api.rpc.agentnotifiers.dhcp_rpc_agent_api [None req-a952bcf0-eb32-48f1-bc41-8ace4e628dc0 - - - - - -] Unable to schedule network 081b7bcc-ab9d-4282-a5f3-1322045aa909: no agents available; will retry on subsequent port and subnet creation events.
2026-07-02 16:35:26.281 10 INFO neutron.db.ovn_revision_numbers_db [None req-a952bcf0-eb32-48f1-bc41-8ace4e628dc0 - - - - - -] Successfully bumped revision number for resource 3f1e62af-ff05-4751-a3c3-232f80ba0cd7 (type: subnets) to 0
2026-07-02 16:35:26.573 10 WARNING neutron.scheduler.dhcp_agent_scheduler [None req-a952bcf0-eb32-48f1-bc41-8ace4e628dc0 - - - - - -] No more DHCP agents
2026-07-02 16:35:26.575 10 WARNING neutron.api.rpc.agentnotifiers.dhcp_rpc_agent_api [None req-a952bcf0-eb32-48f1-bc41-8ace4e628dc0 - - - - - -] Unable to schedule network 081b7bcc-ab9d-4282-a5f3-1322045aa909: no agents available; will retry on subsequent port and subnet creation events.
2026-07-02 16:35:26.712 10 INFO neutron.db.ovn_revision_numbers_db [None req-a952bcf0-eb32-48f1-bc41-8ace4e628dc0 - - - - - -] Successfully bumped revision number for resource afbb74bd-4a44-457a-ac78-89590463f64f (type: ports) to 1
2026-07-02 16:35:27.162 10 INFO neutron.api.wsgi [req-6310b993-4c3e-4e1b-a15d-a00fa343a63b req-dc171c03-17b5-47cf-b56d-c10da48ca00f 4921a2cae1fc475e9c1e1d343e57d148 22414999e93340d5bf89513763dbf341 - - default default] 10.0.0.135 "GET /v2.0/ports?device_id=695e2899-9b34-4a53-a797-8444a9bd226d HTTP/1.1" status: 200 len: 1172 time: 0.0919199
2026-07-02 16:35:27.201 10 INFO neutron.api.wsgi [req-6310b993-4c3e-4e1b-a15d-a00fa343a63b req-a83079b0-b457-447e-8ab8-219f4667dccf 4921a2cae1fc475e9c1e1d343e57d148 22414999e93340d5bf89513763dbf341 - - default default] 10.0.0.135 "GET /v2.0/security-groups?id=b1aeb4be-0da3-42fa-a59c-0e1c10f72003&fields=id&fields=name HTTP/1.1" status: 200 len: 312 time: 0.0341222
2026-07-02 16:35:27.316 10 INFO neutron.db.ovn_revision_numbers_db [None req-a952bcf0-eb32-48f1-bc41-8ace4e628dc0 - - - - - -] Successfully bumped revision number for resource afbb74bd-4a44-457a-ac78-89590463f64f (type: ports) to 1
2026-07-02 16:35:27.379 10 WARNING neutron.scheduler.dhcp_agent_scheduler [None req-a952bcf0-eb32-48f1-bc41-8ace4e628dc0 - - - - - -] No more DHCP agents
2026-07-02 16:35:27.382 10 WARNING neutron.api.rpc.agentnotifiers.dhcp_rpc_agent_api [None req-a952bcf0-eb32-48f1-bc41-8ace4e628dc0 - - - - - -] Unable to schedule network 081b7bcc-ab9d-4282-a5f3-1322045aa909: no agents available; will retry on subsequent port and subnet creation events.
2026-07-02 16:35:27.741 10 INFO neutron.db.ovn_revision_numbers_db [None req-ce0c41b8-240c-4270-bab0-f24324b75e8f a8aa24bd68aa41139e299598e80b27ac 84b441d311bc483885a13e4057a7138f - - default default] Successfully bumped revision number for resource e9727233-9c33-447e-a692-aed1f00707f1 (type: security_groups) to 1
2026-07-02 16:35:27.759 10 INFO neutron.db.ovn_revision_numbers_db [None req-ce0c41b8-240c-4270-bab0-f24324b75e8f a8aa24bd68aa41139e299598e80b27ac 84b441d311bc483885a13e4057a7138f - - default default] Successfully bumped revision number for resource 31c041f0-0933-49a9-bccd-8eaa19c2631b (type: security_group_rules) to 0
2026-07-02 16:35:27.777 10 INFO neutron.db.ovn_revision_numbers_db [None req-ce0c41b8-240c-4270-bab0-f24324b75e8f a8aa24bd68aa41139e299598e80b27ac 84b441d311bc483885a13e4057a7138f - - default default] Successfully bumped revision number for resource 374ee7ab-58d1-4064-aabb-c5d97a170f64 (type: security_group_rules) to 0
2026-07-02 16:35:27.794 10 INFO neutron.db.ovn_revision_numbers_db [None req-ce0c41b8-240c-4270-bab0-f24324b75e8f a8aa24bd68aa41139e299598e80b27ac 84b441d311bc483885a13e4057a7138f - - default default] Successfully bumped revision number for resource 94614ac0-87dc-4972-9f54-9dc8e7165eee (type: security_group_rules) to 0
2026-07-02 16:35:27.808 10 INFO neutron.db.ovn_revision_numbers_db [None req-ce0c41b8-240c-4270-bab0-f24324b75e8f a8aa24bd68aa41139e299598e80b27ac 84b441d311bc483885a13e4057a7138f - - default default] Successfully bumped revision number for resource d495eb67-d309-42de-a16d-a6ea83d77738 (type: security_group_rules) to 0
2026-07-02 16:35:27.851 10 INFO neutron.api.wsgi [None req-ce0c41b8-240c-4270-bab0-f24324b75e8f a8aa24bd68aa41139e299598e80b27ac 84b441d311bc483885a13e4057a7138f - - default default] 10.0.0.144 "GET /v2.0/security-groups?tenant_id=9920d03df3114948a40c020c797bf6e4&name=default HTTP/1.1" status: 200 len: 3120 time: 0.3784375
2026-07-02 16:35:28.035 10 INFO neutron.db.ovn_revision_numbers_db [None req-a952bcf0-eb32-48f1-bc41-8ace4e628dc0 - - - - - -] Successfully bumped revision number for resource afbb74bd-4a44-457a-ac78-89590463f64f (type: router_ports) to 1
2026-07-02 16:35:28.067 9 WARNING neutron.plugins.ml2.drivers.ovn.mech_driver.ovsdb.ovn_client [None req-3053c2c4-4434-4373-97b8-936ca7cd1f20 - - - - - -] No hosting information found for port 18df4f00-ed4b-48c6-bf9d-db1d9ab64af7: RuntimeError: No hosting information found for port 18df4f00-ed4b-48c6-bf9d-db1d9ab64af7
2026-07-02 16:35:28.067 9 INFO neutron.plugins.ml2.drivers.ovn.mech_driver.mech_driver [None req-3053c2c4-4434-4373-97b8-936ca7cd1f20 - - - - - -] OVN reports status up for port: 62e1b750-6123-4423-b953-f0ff73ec6fd4
2026-07-02 16:35:28.076 9 INFO neutron.plugins.ml2.plugin [None req-3053c2c4-4434-4373-97b8-936ca7cd1f20 - - - - - -] Attempt 1 to provision port 62e1b750-6123-4423-b953-f0ff73ec6fd4
2026-07-02 16:35:28.094 10 INFO neutron.api.wsgi [None req-ce88b916-f887-4090-babe-46b7d484ca97 a8aa24bd68aa41139e299598e80b27ac 84b441d311bc483885a13e4057a7138f - - default default] 10.0.0.144 "DELETE /v2.0/security-groups/e9727233-9c33-447e-a692-aed1f00707f1 HTTP/1.1" status: 204 len: 168 time: 0.2386923
2026-07-02 16:35:28.242 10 WARNING neutron.scheduler.dhcp_agent_scheduler [None req-a952bcf0-eb32-48f1-bc41-8ace4e628dc0 - - - - - -] No more DHCP agents
2026-07-02 16:35:28.244 10 WARNING neutron.api.rpc.agentnotifiers.dhcp_rpc_agent_api [None req-a952bcf0-eb32-48f1-bc41-8ace4e628dc0 - - - - - -] Unable to schedule network 081b7bcc-ab9d-4282-a5f3-1322045aa909: no agents available; will retry on subsequent port and subnet creation events.
2026-07-02 16:35:28.312 10 INFO neutron.api.wsgi [req-c743c8a4-5de6-429c-9155-a9c55b05f373 req-02b460db-207c-4c4a-ad23-99d25477c3b6 4921a2cae1fc475e9c1e1d343e57d148 22414999e93340d5bf89513763dbf341 - - default default] 10.0.0.135 "GET /v2.0/ports?device_id=695e2899-9b34-4a53-a797-8444a9bd226d HTTP/1.1" status: 200 len: 1172 time: 0.0443730
2026-07-02 16:35:28.358 10 INFO neutron.api.wsgi [req-c743c8a4-5de6-429c-9155-a9c55b05f373 req-ff414860-7fcd-4709-99f9-40738ac3f1c4 4921a2cae1fc475e9c1e1d343e57d148 22414999e93340d5bf89513763dbf341 - - default default] 10.0.0.135 "GET /v2.0/security-groups?id=b1aeb4be-0da3-42fa-a59c-0e1c10f72003&fields=id&fields=name HTTP/1.1" status: 200 len: 312 time: 0.0371723
2026-07-02 16:35:28.391 10 INFO neutron.db.ovn_revision_numbers_db [None req-a952bcf0-eb32-48f1-bc41-8ace4e628dc0 - - - - - -] Successfully bumped revision number for resource 61770f90-8a59-43dc-81c5-f5f50059ad1a (type: ports) to 1
2026-07-02 16:35:28.479 9 INFO neutron.db.ovn_revision_numbers_db [None req-3053c2c4-4434-4373-97b8-936ca7cd1f20 - - - - - -] Successfully bumped revision number for resource 62e1b750-6123-4423-b953-f0ff73ec6fd4 (type: ports) to 2
2026-07-02 16:35:28.598 10 INFO neutron.db.ovn_revision_numbers_db [None req-a952bcf0-eb32-48f1-bc41-8ace4e628dc0 - - - - - -] Successfully bumped revision number for resource 61770f90-8a59-43dc-81c5-f5f50059ad1a (type: ports) to 3
2026-07-02 16:35:28.784 10 INFO neutron.api.wsgi [None req-bd7a2a88-e746-4e36-a26d-c7dc78b69edd 9ae8a3fcfc02416da24173a8aa7d5e79 79d8ec281933440eb79d0f0e1cc11b05 - - default default] 10.0.0.144 "POST /v2.0/vpn/vpnservices HTTP/1.1" status: 201 len: 657 time: 4.0688813
2026-07-02 16:35:28.799 10 INFO neutron.api.wsgi [None req-d4fa8b3d-c017-4a2b-9508-2520646e67a7 6dbc9f872801422dbbe1865433d2eb30 393384ba45fb4bd9bd300cbf256cacbf - - default default] 10.0.0.144 "GET /v2.0/vpn/vpnservices HTTP/1.1" status: 200 len: 1508 time: 0.0106635
2026-07-02 16:35:29.452 10 INFO neutron.api.wsgi [req-6a4d8c3a-2ce5-4b60-b1eb-54ac92dd6eff req-0758bd0d-0f79-4f91-bfe4-8d8d0c3956f4 4921a2cae1fc475e9c1e1d343e57d148 22414999e93340d5bf89513763dbf341 - - default default] 10.0.0.135 "GET /v2.0/ports?device_id=695e2899-9b34-4a53-a797-8444a9bd226d HTTP/1.1" status: 200 len: 1172 time: 0.0348306
2026-07-02 16:35:29.490 10 INFO neutron.api.wsgi [req-6a4d8c3a-2ce5-4b60-b1eb-54ac92dd6eff req-313d0ab2-be70-4e48-9581-42a8e109a46a 4921a2cae1fc475e9c1e1d343e57d148 22414999e93340d5bf89513763dbf341 - - default default] 10.0.0.135 "GET /v2.0/security-groups?id=b1aeb4be-0da3-42fa-a59c-0e1c10f72003&fields=id&fields=name HTTP/1.1" status: 200 len: 312 time: 0.0334325
2026-07-02 16:35:30.608 10 INFO neutron.api.wsgi [req-d4f7eb77-a720-4207-b5c1-b7fe03af5386 req-d81705aa-7ce6-40a1-9aed-8ed9b0b1c81b 4921a2cae1fc475e9c1e1d343e57d148 22414999e93340d5bf89513763dbf341 - - default default] 10.0.0.135 "GET /v2.0/ports?device_id=695e2899-9b34-4a53-a797-8444a9bd226d HTTP/1.1" status: 200 len: 1172 time: 0.0502198
2026-07-02 16:35:30.657 10 INFO neutron.api.wsgi [req-d4f7eb77-a720-4207-b5c1-b7fe03af5386 req-d41998a8-22bb-4099-b7e0-23de3c24315c 4921a2cae1fc475e9c1e1d343e57d148 22414999e93340d5bf89513763dbf341 - - default default] 10.0.0.135 "GET /v2.0/security-groups?id=b1aeb4be-0da3-42fa-a59c-0e1c10f72003&fields=id&fields=name HTTP/1.1" status: 200 len: 312 time: 0.0432322
2026-07-02 16:35:30.925 9 INFO neutron.services.segments.plugin [-] Segment 098a3588-204e-4ac2-ad29-dd92fcbd467c resource provider aggregate not found
2026-07-02 16:35:30.929 9 INFO neutron.services.segments.plugin [-] Segment 098a3588-204e-4ac2-ad29-dd92fcbd467c resource provider aggregate not found
2026-07-02 16:35:30.940 9 INFO neutron.services.segments.plugin [-] Segment 098a3588-204e-4ac2-ad29-dd92fcbd467c resource provider not found; error: Placement Client Error (4xx): {"errors": [{"status": 404, "title": "Not Found", "detail": "The resource could not be found.\n\n No resource provider with uuid 098a3588-204e-4ac2-ad29-dd92fcbd467c found for delete ", "request_id": "req-0de6a62d-32bc-44f2-bfff-244160121e4b"}]}
2026-07-02 16:35:30.955 9 INFO neutron.services.segments.plugin [-] Segment 098a3588-204e-4ac2-ad29-dd92fcbd467c resource provider not found; error: Placement Client Error (4xx): {"errors": [{"status": 404, "title": "Not Found", "detail": "The resource could not be found.\n\n No resource provider with uuid 098a3588-204e-4ac2-ad29-dd92fcbd467c found for delete ", "request_id": "req-13cfe9cb-e4a9-42de-a5cb-0b4a4b976d17"}]}
2026-07-02 16:35:30.984 9 INFO neutron.api.wsgi [None req-5a670ffe-e813-4ce8-84cd-8d19e8227198 9ae8a3fcfc02416da24173a8aa7d5e79 79d8ec281933440eb79d0f0e1cc11b05 - - default default] 10.0.0.144 "DELETE /v2.0/vpn/vpnservices/5620551b-b7b1-4c40-835e-0253ceb89494 HTTP/1.1" status: 204 len: 168 time: 2.1806524 /var/lib/openstack/lib/python3.12/site-packages/pycadf/identifier.py:71: UserWarning: Invalid uuid: neutron. To ensure interoperability, identifiers should be a valid uuid. warnings.warn(('Invalid uuid: %s. To ensure interoperability, '
2026-07-02 16:35:30.997 9 WARNING neutron_lib.context [None req-9c0aaa32-80ec-4066-b3f8-b6e325a6342a 6dbc9f872801422dbbe1865433d2eb30 393384ba45fb4bd9bd300cbf256cacbf - - default default] Method 'is_advsvc' is deprecated since 2023.2 release (neutron-lib 3.8.0) and will be removed once support for the old RBAC API policies will be removed from Neutron. Please use method 'is_service_role' instead.
2026-07-02 16:35:31.062 9 INFO neutron.api.wsgi [None req-9c0aaa32-80ec-4066-b3f8-b6e325a6342a 6dbc9f872801422dbbe1865433d2eb30 393384ba45fb4bd9bd300cbf256cacbf - - default default] 10.0.0.144 "POST /v2.0/vpn/endpoint-groups HTTP/1.1" status: 201 len: 500 time: 0.0704327
2026-07-02 16:35:31.071 9 WARNING neutron_lib.context [None req-a2ca75a5-ed60-4096-b549-372a820570c5 6dbc9f872801422dbbe1865433d2eb30 393384ba45fb4bd9bd300cbf256cacbf - - default default] Method 'is_advsvc' is deprecated since 2023.2 release (neutron-lib 3.8.0) and will be removed once support for the old RBAC API policies will be removed from Neutron. Please use method 'is_service_role' instead.
2026-07-02 16:35:31.104 9 INFO neutron.api.wsgi [None req-a2ca75a5-ed60-4096-b549-372a820570c5 6dbc9f872801422dbbe1865433d2eb30 393384ba45fb4bd9bd300cbf256cacbf - - default default] 10.0.0.144 "POST /v2.0/vpn/endpoint-groups HTTP/1.1" status: 201 len: 493 time: 0.0378480
2026-07-02 16:35:31.114 9 WARNING neutron.api.v2.base [None req-b0fd4ec1-72e6-4667-ba07-7f64bb3df487 6dbc9f872801422dbbe1865433d2eb30 393384ba45fb4bd9bd300cbf256cacbf - - default default] An exception happened while processing the request body. The exception message is [Unrecognized attribute(s) 'peer_cidr'].: webob.exc.HTTPBadRequest: Unrecognized attribute(s) 'peer_cidr'
2026-07-02 16:35:31.115 9 INFO neutron.api.v2.resource [None req-b0fd4ec1-72e6-4667-ba07-7f64bb3df487 6dbc9f872801422dbbe1865433d2eb30 393384ba45fb4bd9bd300cbf256cacbf - - default default] create failed (client error): Unrecognized attribute(s) 'peer_cidr'
2026-07-02 16:35:31.116 9 INFO neutron.api.wsgi [None req-b0fd4ec1-72e6-4667-ba07-7f64bb3df487 6dbc9f872801422dbbe1865433d2eb30 393384ba45fb4bd9bd300cbf256cacbf - - default default] 10.0.0.144 "POST /v2.0/vpn/ipsec-site-connections HTTP/1.1" status: 400 len: 313 time: 0.0064588
2026-07-02 16:35:31.133 9 INFO neutron.api.wsgi [None req-7ba721c0-215b-47c2-854b-2a284cab5171 6dbc9f872801422dbbe1865433d2eb30 393384ba45fb4bd9bd300cbf256cacbf - - default default] 10.0.0.144 "GET /v2.0/vpn/endpoint-groups HTTP/1.1" status: 200 len: 1387 time: 0.0132456
2026-07-02 16:35:31.186 9 INFO neutron.api.wsgi [None req-aadc03cc-083c-4d9f-b67e-fa04b82281b6 6dbc9f872801422dbbe1865433d2eb30 393384ba45fb4bd9bd300cbf256cacbf - - default default] 10.0.0.144 "DELETE /v2.0/vpn/endpoint-groups/f05542f3-c90a-4b53-b090-3fc3d28ae067 HTTP/1.1" status: 204 len: 168 time: 0.0485790
2026-07-02 16:35:31.202 9 INFO neutron.api.wsgi [None req-6702aa6c-57c7-4547-85ed-66526d8b8266 6dbc9f872801422dbbe1865433d2eb30 393384ba45fb4bd9bd300cbf256cacbf - - default default] 10.0.0.144 "GET /v2.0/vpn/endpoint-groups HTTP/1.1" status: 200 len: 1110 time: 0.0111954
2026-07-02 16:35:31.217 9 INFO neutron.api.wsgi [None req-00fdfd22-6c74-4e50-903d-b4d37403948e 6dbc9f872801422dbbe1865433d2eb30 393384ba45fb4bd9bd300cbf256cacbf - - default default] 10.0.0.144 "GET /v2.0/vpn/endpoint-groups HTTP/1.1" status: 200 len: 1110 time: 0.0109107
2026-07-02 16:35:31.251 9 INFO neutron.api.wsgi [None req-f260d4de-9cef-43df-baf1-ef9491d492de 6dbc9f872801422dbbe1865433d2eb30 393384ba45fb4bd9bd300cbf256cacbf - - default default] 10.0.0.144 "DELETE /v2.0/vpn/endpoint-groups/3c730d4c-599a-44c4-a851-172d8b322511 HTTP/1.1" status: 204 len: 168 time: 0.0288999
2026-07-02 16:35:31.265 9 INFO neutron.api.wsgi [None req-30ada976-2c70-4ff5-8e2a-f4b142b0fdb8 6dbc9f872801422dbbe1865433d2eb30 393384ba45fb4bd9bd300cbf256cacbf - - default default] 10.0.0.144 "GET /v2.0/vpn/endpoint-groups HTTP/1.1" status: 200 len: 827 time: 0.0101871
2026-07-02 16:35:31.274 9 WARNING neutron_lib.context [None req-6aef68e1-aa8e-4514-a081-9e7e760fa06e 6dbc9f872801422dbbe1865433d2eb30 393384ba45fb4bd9bd300cbf256cacbf - - default default] Method 'is_advsvc' is deprecated since 2023.2 release (neutron-lib 3.8.0) and will be removed once support for the old RBAC API policies will be removed from Neutron. Please use method 'is_service_role' instead.
2026-07-02 16:35:31.327 9 INFO neutron.api.wsgi [None req-6aef68e1-aa8e-4514-a081-9e7e760fa06e 6dbc9f872801422dbbe1865433d2eb30 393384ba45fb4bd9bd300cbf256cacbf - - default default] 10.0.0.144 "POST /v2.0/vpn/endpoint-groups HTTP/1.1" status: 201 len: 501 time: 0.0572405
2026-07-02 16:35:31.335 9 WARNING neutron_lib.context [None req-5ec9a876-96e8-4b46-b3b0-267cb8604769 6dbc9f872801422dbbe1865433d2eb30 393384ba45fb4bd9bd300cbf256cacbf - - default default] Method 'is_advsvc' is deprecated since 2023.2 release (neutron-lib 3.8.0) and will be removed once support for the old RBAC API policies will be removed from Neutron. Please use method 'is_service_role' instead.
2026-07-02 16:35:31.373 9 INFO neutron.api.wsgi [None req-5ec9a876-96e8-4b46-b3b0-267cb8604769 6dbc9f872801422dbbe1865433d2eb30 393384ba45fb4bd9bd300cbf256cacbf - - default default] 10.0.0.144 "POST /v2.0/vpn/endpoint-groups HTTP/1.1" status: 201 len: 492 time: 0.0422785
2026-07-02 16:35:31.383 9 WARNING neutron_lib.context [None req-9131ea3d-bfad-4c55-bfba-326fdc655052 6dbc9f872801422dbbe1865433d2eb30 393384ba45fb4bd9bd300cbf256cacbf - - default default] Method 'is_advsvc' is deprecated since 2023.2 release (neutron-lib 3.8.0) and will be removed once support for the old RBAC API policies will be removed from Neutron. Please use method 'is_service_role' instead.
2026-07-02 16:35:31.422 9 INFO neutron.api.v2.resource [None req-9131ea3d-bfad-4c55-bfba-326fdc655052 6dbc9f872801422dbbe1865433d2eb30 393384ba45fb4bd9bd300cbf256cacbf - - default default] create failed (client error): The server could not comply with the request since it is either malformed or otherwise incorrect.
2026-07-02 16:35:31.424 9 INFO neutron.api.wsgi [None req-9131ea3d-bfad-4c55-bfba-326fdc655052 6dbc9f872801422dbbe1865433d2eb30 393384ba45fb4bd9bd300cbf256cacbf - - default default] 10.0.0.144 "POST /v2.0/vpn/ipsec-site-connections HTTP/1.1" status: 400 len: 373 time: 0.0454268
2026-07-02 16:35:31.439 9 INFO neutron.api.wsgi [None req-7af578e7-dda5-4392-9d77-a0b6e06f2a56 6dbc9f872801422dbbe1865433d2eb30 393384ba45fb4bd9bd300cbf256cacbf - - default default] 10.0.0.144 "GET /v2.0/vpn/endpoint-groups HTTP/1.1" status: 200 len: 1387 time: 0.0115421
2026-07-02 16:35:31.463 9 INFO neutron.api.wsgi [None req-574059ce-a804-481e-8c17-56d981f35b36 6dbc9f872801422dbbe1865433d2eb30 393384ba45fb4bd9bd300cbf256cacbf - - default default] 10.0.0.144 "DELETE /v2.0/vpn/endpoint-groups/75016c0f-e109-493d-a35e-aeb4e2542635 HTTP/1.1" status: 204 len: 168 time: 0.0209308
2026-07-02 16:35:31.478 9 INFO neutron.api.wsgi [None req-9c8afa05-c05e-40ce-94d4-6e0fe22a659e 6dbc9f872801422dbbe1865433d2eb30 393384ba45fb4bd9bd300cbf256cacbf - - default default] 10.0.0.144 "GET /v2.0/vpn/endpoint-groups HTTP/1.1" status: 200 len: 1111 time: 0.0111465
2026-07-02 16:35:31.492 9 INFO neutron.api.wsgi [None req-dfff532d-8623-497c-bfb1-22a444303cf2 6dbc9f872801422dbbe1865433d2eb30 393384ba45fb4bd9bd300cbf256cacbf - - default default] 10.0.0.144 "GET /v2.0/vpn/endpoint-groups HTTP/1.1" status: 200 len: 1111 time: 0.0094643
2026-07-02 16:35:31.519 10 INFO neutron.api.wsgi [None req-0ca111d3-f560-4e8d-a7bf-89b12e05a861 6dbc9f872801422dbbe1865433d2eb30 393384ba45fb4bd9bd300cbf256cacbf - - default default] 10.0.0.144 "DELETE /v2.0/vpn/endpoint-groups/4abdc641-557b-46a3-bc62-7d57c0e8a4a7 HTTP/1.1" status: 204 len: 168 time: 0.0240107
2026-07-02 16:35:31.533 10 INFO neutron.api.wsgi [None req-8cfc78b1-5f0b-4cff-b393-0de11f31b32e 6dbc9f872801422dbbe1865433d2eb30 393384ba45fb4bd9bd300cbf256cacbf - - default default] 10.0.0.144 "GET /v2.0/vpn/endpoint-groups HTTP/1.1" status: 200 len: 827 time: 0.0093412
2026-07-02 16:35:31.543 10 WARNING neutron_lib.context [None req-86f23f0d-1972-4896-b347-2e29ac0da7f7 6dbc9f872801422dbbe1865433d2eb30 393384ba45fb4bd9bd300cbf256cacbf - - default default] Method 'is_advsvc' is deprecated since 2023.2 release (neutron-lib 3.8.0) and will be removed once support for the old RBAC API policies will be removed from Neutron. Please use method 'is_service_role' instead.
2026-07-02 16:35:31.605 10 INFO neutron.api.wsgi [None req-86f23f0d-1972-4896-b347-2e29ac0da7f7 6dbc9f872801422dbbe1865433d2eb30 393384ba45fb4bd9bd300cbf256cacbf - - default default] 10.0.0.144 "POST /v2.0/vpn/endpoint-groups HTTP/1.1" status: 201 len: 500 time: 0.0654848
2026-07-02 16:35:31.619 10 WARNING neutron.api.v2.base [None req-c9ec00e5-09bf-4459-b2b2-9bdb8d44291d 6dbc9f872801422dbbe1865433d2eb30 393384ba45fb4bd9bd300cbf256cacbf - - default default] An exception happened while processing the request body. The exception message is [Failed to parse request. Required attribute 'peer_id' not specified].: webob.exc.HTTPBadRequest: Failed to parse request. Required attribute 'peer_id' not specified
2026-07-02 16:35:31.620 10 INFO neutron.api.v2.resource [None req-c9ec00e5-09bf-4459-b2b2-9bdb8d44291d 6dbc9f872801422dbbe1865433d2eb30 393384ba45fb4bd9bd300cbf256cacbf - - default default] create failed (client error): Failed to parse request. Required attribute 'peer_id' not specified
2026-07-02 16:35:31.622 10 INFO neutron.api.wsgi [None req-c9ec00e5-09bf-4459-b2b2-9bdb8d44291d 6dbc9f872801422dbbe1865433d2eb30 393384ba45fb4bd9bd300cbf256cacbf - - default default] 10.0.0.144 "POST /v2.0/vpn/ipsec-site-connections HTTP/1.1" status: 400 len: 343 time: 0.0076294
2026-07-02 16:35:31.639 10 INFO neutron.api.wsgi [None req-434e076a-5a09-4d87-8ac4-0648a45c73c6 6dbc9f872801422dbbe1865433d2eb30 393384ba45fb4bd9bd300cbf256cacbf - - default default] 10.0.0.144 "GET /v2.0/vpn/endpoint-groups HTTP/1.1" status: 200 len: 1110 time: 0.0117559
2026-07-02 16:35:31.672 10 INFO neutron.api.wsgi [None req-a8a8acc5-e8d4-4439-a943-db82556a6446 6dbc9f872801422dbbe1865433d2eb30 393384ba45fb4bd9bd300cbf256cacbf - - default default] 10.0.0.144 "DELETE /v2.0/vpn/endpoint-groups/8c54d28a-da45-4562-8761-85f31a2f944f HTTP/1.1" status: 204 len: 168 time: 0.0232627
2026-07-02 16:35:31.688 10 INFO neutron.api.wsgi [None req-8fda8a23-6918-436c-8587-86a68ff79afb 6dbc9f872801422dbbe1865433d2eb30 393384ba45fb4bd9bd300cbf256cacbf - - default default] 10.0.0.144 "GET /v2.0/vpn/endpoint-groups HTTP/1.1" status: 200 len: 827 time: 0.0104468
2026-07-02 16:35:31.697 10 WARNING neutron_lib.context [None req-4c6af696-d2e1-4044-b384-717d03fd3c6d 6dbc9f872801422dbbe1865433d2eb30 393384ba45fb4bd9bd300cbf256cacbf - - default default] Method 'is_advsvc' is deprecated since 2023.2 release (neutron-lib 3.8.0) and will be removed once support for the old RBAC API policies will be removed from Neutron. Please use method 'is_service_role' instead.
2026-07-02 16:35:31.744 10 INFO neutron.api.wsgi [None req-4c6af696-d2e1-4044-b384-717d03fd3c6d 6dbc9f872801422dbbe1865433d2eb30 393384ba45fb4bd9bd300cbf256cacbf - - default default] 10.0.0.144 "POST /v2.0/vpn/endpoint-groups HTTP/1.1" status: 201 len: 492 time: 0.0516882
2026-07-02 16:35:31.755 10 WARNING neutron.api.v2.base [None req-b91df489-1e6c-47b8-8a4f-2443fa367064 6dbc9f872801422dbbe1865433d2eb30 393384ba45fb4bd9bd300cbf256cacbf - - default default] An exception happened while processing the request body. The exception message is [Failed to parse request. Required attribute 'peer_id' not specified].: webob.exc.HTTPBadRequest: Failed to parse request. Required attribute 'peer_id' not specified
2026-07-02 16:35:31.756 10 INFO neutron.api.v2.resource [None req-b91df489-1e6c-47b8-8a4f-2443fa367064 6dbc9f872801422dbbe1865433d2eb30 393384ba45fb4bd9bd300cbf256cacbf - - default default] create failed (client error): Failed to parse request. Required attribute 'peer_id' not specified
2026-07-02 16:35:31.757 10 INFO neutron.api.wsgi [None req-b91df489-1e6c-47b8-8a4f-2443fa367064 6dbc9f872801422dbbe1865433d2eb30 393384ba45fb4bd9bd300cbf256cacbf - - default default] 10.0.0.144 "POST /v2.0/vpn/ipsec-site-connections HTTP/1.1" status: 400 len: 343 time: 0.0053689
2026-07-02 16:35:31.764 10 INFO neutron.api.wsgi [req-200bb4ab-466f-4a0d-bb10-71559f33ad3c req-b2ebe3c3-1d04-430f-8486-55a396803856 4921a2cae1fc475e9c1e1d343e57d148 22414999e93340d5bf89513763dbf341 - - default default] 10.0.0.135 "GET /v2.0/ports?device_id=695e2899-9b34-4a53-a797-8444a9bd226d HTTP/1.1" status: 200 len: 1172 time: 0.0416491
2026-07-02 16:35:31.775 9 INFO neutron.api.wsgi [None req-68784309-b622-4041-89c5-a5fce55ea1f8 6dbc9f872801422dbbe1865433d2eb30 393384ba45fb4bd9bd300cbf256cacbf - - default default] 10.0.0.144 "GET /v2.0/vpn/endpoint-groups HTTP/1.1" status: 200 len: 1102 time: 0.0124700
2026-07-02 16:35:31.800 9 INFO neutron.api.wsgi [None req-9446e271-6eca-4d5e-9060-adbb97ade5ee 6dbc9f872801422dbbe1865433d2eb30 393384ba45fb4bd9bd300cbf256cacbf - - default default] 10.0.0.144 "DELETE /v2.0/vpn/endpoint-groups/e1595481-0be6-4c5d-8f56-3b06941452dd HTTP/1.1" status: 204 len: 168 time: 0.0217602
2026-07-02 16:35:31.808 10 INFO neutron.api.wsgi [req-200bb4ab-466f-4a0d-bb10-71559f33ad3c req-b900592f-1855-4e78-a4f9-ec6d5d1b8115 4921a2cae1fc475e9c1e1d343e57d148 22414999e93340d5bf89513763dbf341 - - default default] 10.0.0.135 "GET /v2.0/security-groups?id=b1aeb4be-0da3-42fa-a59c-0e1c10f72003&fields=id&fields=name HTTP/1.1" status: 200 len: 312 time: 0.0383556
2026-07-02 16:35:31.813 9 INFO neutron.api.wsgi [None req-c300aba4-db2c-40b6-a08c-124b9106ea1c 6dbc9f872801422dbbe1865433d2eb30 393384ba45fb4bd9bd300cbf256cacbf - - default default] 10.0.0.144 "GET /v2.0/vpn/endpoint-groups HTTP/1.1" status: 200 len: 827 time: 0.0075250
2026-07-02 16:35:31.828 9 WARNING neutron_lib.context [None req-5c9a65ae-54be-413e-905f-1161e513ba59 6dbc9f872801422dbbe1865433d2eb30 393384ba45fb4bd9bd300cbf256cacbf - - default default] Method 'is_advsvc' is deprecated since 2023.2 release (neutron-lib 3.8.0) and will be removed once support for the old RBAC API policies will be removed from Neutron. Please use method 'is_service_role' instead.
2026-07-02 16:35:31.862 9 INFO neutron.api.wsgi [None req-5c9a65ae-54be-413e-905f-1161e513ba59 6dbc9f872801422dbbe1865433d2eb30 393384ba45fb4bd9bd300cbf256cacbf - - default default] 10.0.0.144 "POST /v2.0/vpn/endpoint-groups HTTP/1.1" status: 201 len: 489 time: 0.0397952
2026-07-02 16:35:31.872 9 WARNING neutron_lib.context [None req-87c60faf-34a7-4320-8d90-b65a3d000cd2 6dbc9f872801422dbbe1865433d2eb30 393384ba45fb4bd9bd300cbf256cacbf - - default default] Method 'is_advsvc' is deprecated since 2023.2 release (neutron-lib 3.8.0) and will be removed once support for the old RBAC API policies will be removed from Neutron. Please use method 'is_service_role' instead.
2026-07-02 16:35:31.919 9 INFO neutron.api.wsgi [None req-87c60faf-34a7-4320-8d90-b65a3d000cd2 6dbc9f872801422dbbe1865433d2eb30 393384ba45fb4bd9bd300cbf256cacbf - - default default] 10.0.0.144 "POST /v2.0/vpn/endpoint-groups HTTP/1.1" status: 201 len: 501 time: 0.0514476
2026-07-02 16:35:31.930 9 WARNING neutron_lib.context [None req-91db6281-1e8e-46a2-9840-de175226ed66 6dbc9f872801422dbbe1865433d2eb30 393384ba45fb4bd9bd300cbf256cacbf - - default default] Method 'is_advsvc' is deprecated since 2023.2 release (neutron-lib 3.8.0) and will be removed once support for the old RBAC API policies will be removed from Neutron. Please use method 'is_service_role' instead.
2026-07-02 16:35:32.423 10 WARNING neutron_lib.context [None req-a8d6f2dc-eeed-44e5-b4f1-28046d738034 e9226da7e009479aba717c5b3c62abf3 6fa76e1a6aac4c17a12e87c3a4a23348 - - default default] Method 'is_advsvc' is deprecated since 2023.2 release (neutron-lib 3.8.0) and will be removed once support for the old RBAC API policies will be removed from Neutron. Please use method 'is_service_role' instead.
2026-07-02 16:35:32.514 9 INFO neutron.db.ovn_revision_numbers_db [None req-91db6281-1e8e-46a2-9840-de175226ed66 6dbc9f872801422dbbe1865433d2eb30 393384ba45fb4bd9bd300cbf256cacbf - - default default] Successfully bumped revision number for resource 84d69d97-fb1a-4a69-8a90-b8843fbfa409 (type: routers) to 6
2026-07-02 16:35:32.542 9 INFO neutron.api.wsgi [None req-91db6281-1e8e-46a2-9840-de175226ed66 6dbc9f872801422dbbe1865433d2eb30 393384ba45fb4bd9bd300cbf256cacbf - - default default] 10.0.0.144 "POST /v2.0/vpn/ipsec-site-connections HTTP/1.1" status: 201 len: 1044 time: 0.6169369
2026-07-02 16:35:32.562 10 INFO neutron.db.ovn_revision_numbers_db [None req-a8d6f2dc-eeed-44e5-b4f1-28046d738034 e9226da7e009479aba717c5b3c62abf3 6fa76e1a6aac4c17a12e87c3a4a23348 - - default default] Successfully bumped revision number for resource f517174c-a9b4-4a91-a68d-a1ecb7fc8021 (type: security_groups) to 1
2026-07-02 16:35:32.579 10 INFO neutron.db.ovn_revision_numbers_db [None req-a8d6f2dc-eeed-44e5-b4f1-28046d738034 e9226da7e009479aba717c5b3c62abf3 6fa76e1a6aac4c17a12e87c3a4a23348 - - default default] Successfully bumped revision number for resource 11dc3ae1-3f73-4c94-9076-ca384f034f5a (type: security_group_rules) to 0
2026-07-02 16:35:32.610 10 INFO neutron.db.ovn_revision_numbers_db [None req-a8d6f2dc-eeed-44e5-b4f1-28046d738034 e9226da7e009479aba717c5b3c62abf3 6fa76e1a6aac4c17a12e87c3a4a23348 - - default default] Successfully bumped revision number for resource 1873cc41-6713-4cc6-b417-ed996c8bb9cf (type: security_group_rules) to 0
2026-07-02 16:35:32.626 10 INFO neutron.db.ovn_revision_numbers_db [None req-a8d6f2dc-eeed-44e5-b4f1-28046d738034 e9226da7e009479aba717c5b3c62abf3 6fa76e1a6aac4c17a12e87c3a4a23348 - - default default] Successfully bumped revision number for resource 5c66b2d8-4f66-484b-98ef-31d711ebb4b3 (type: security_group_rules) to 0
2026-07-02 16:35:32.640 10 INFO neutron.db.ovn_revision_numbers_db [None req-a8d6f2dc-eeed-44e5-b4f1-28046d738034 e9226da7e009479aba717c5b3c62abf3 6fa76e1a6aac4c17a12e87c3a4a23348 - - default default] Successfully bumped revision number for resource ffdf5b7e-55e0-43df-af2d-2a666c3a4ab2 (type: security_group_rules) to 0
2026-07-02 16:35:32.727 10 INFO neutron.db.segments_db [None req-a8d6f2dc-eeed-44e5-b4f1-28046d738034 e9226da7e009479aba717c5b3c62abf3 6fa76e1a6aac4c17a12e87c3a4a23348 - - default default] Added segment ffb36e8f-c757-49ff-9101-fcb1950d35b9 of type geneve for network b29eb6a9-0ec2-45ae-93f7-e855174945cc
2026-07-02 16:35:32.845 10 INFO neutron.db.ovn_revision_numbers_db [None req-a8d6f2dc-eeed-44e5-b4f1-28046d738034 e9226da7e009479aba717c5b3c62abf3 6fa76e1a6aac4c17a12e87c3a4a23348 - - default default] Successfully bumped revision number for resource b29eb6a9-0ec2-45ae-93f7-e855174945cc (type: networks) to 1
2026-07-02 16:35:33.005 10 INFO neutron.api.wsgi [req-37868d60-f017-4897-a03e-ad6fb69bab74 req-c60193e8-e3a1-406e-a12a-8066643448a9 4921a2cae1fc475e9c1e1d343e57d148 22414999e93340d5bf89513763dbf341 - - default default] 10.0.0.135 "GET /v2.0/ports?device_id=695e2899-9b34-4a53-a797-8444a9bd226d HTTP/1.1" status: 200 len: 1172 time: 0.1335979
2026-07-02 16:35:33.068 10 INFO neutron.api.wsgi [req-37868d60-f017-4897-a03e-ad6fb69bab74 req-29736626-713c-47f1-8168-3e97501b2d68 4921a2cae1fc475e9c1e1d343e57d148 22414999e93340d5bf89513763dbf341 - - default default] 10.0.0.135 "GET /v2.0/security-groups?id=b1aeb4be-0da3-42fa-a59c-0e1c10f72003&fields=id&fields=name HTTP/1.1" status: 200 len: 312 time: 0.0569763
2026-07-02 16:35:33.077 10 WARNING neutron.scheduler.dhcp_agent_scheduler [None req-a8d6f2dc-eeed-44e5-b4f1-28046d738034 e9226da7e009479aba717c5b3c62abf3 6fa76e1a6aac4c17a12e87c3a4a23348 - - default default] No more DHCP agents
2026-07-02 16:35:33.079 10 WARNING neutron.api.rpc.agentnotifiers.dhcp_rpc_agent_api [None req-a8d6f2dc-eeed-44e5-b4f1-28046d738034 e9226da7e009479aba717c5b3c62abf3 6fa76e1a6aac4c17a12e87c3a4a23348 - - default default] Unable to schedule network b29eb6a9-0ec2-45ae-93f7-e855174945cc: no agents available; will retry on subsequent port and subnet creation events.
2026-07-02 16:35:33.157 10 INFO neutron.db.ovn_revision_numbers_db [None req-a8d6f2dc-eeed-44e5-b4f1-28046d738034 e9226da7e009479aba717c5b3c62abf3 6fa76e1a6aac4c17a12e87c3a4a23348 - - default default] Successfully bumped revision number for resource b366d850-90ce-4e8e-929d-9e104a3ad755 (type: ports) to 1
2026-07-02 16:35:33.178 10 INFO neutron.db.ovn_revision_numbers_db [None req-ce5fc72a-d1ab-40a0-bc95-e2cbf39fa917 6dbc9f872801422dbbe1865433d2eb30 393384ba45fb4bd9bd300cbf256cacbf - - default default] Successfully bumped revision number for resource 84d69d97-fb1a-4a69-8a90-b8843fbfa409 (type: routers) to 7
2026-07-02 16:35:33.181 10 INFO neutron.api.wsgi [None req-a8d6f2dc-eeed-44e5-b4f1-28046d738034 e9226da7e009479aba717c5b3c62abf3 6fa76e1a6aac4c17a12e87c3a4a23348 - - default default] 10.0.0.144 "POST /v2.0/networks HTTP/1.1" status: 201 len: 831 time: 0.8980114
2026-07-02 16:35:33.194 9 WARNING neutron_lib.context [None req-7314c684-3e27-48ed-8c63-bdb5e5c9d832 e9226da7e009479aba717c5b3c62abf3 6fa76e1a6aac4c17a12e87c3a4a23348 - - default default] Method 'is_advsvc' is deprecated since 2023.2 release (neutron-lib 3.8.0) and will be removed once support for the old RBAC API policies will be removed from Neutron. Please use method 'is_service_role' instead.
2026-07-02 16:35:33.199 10 INFO neutron.api.wsgi [None req-ce5fc72a-d1ab-40a0-bc95-e2cbf39fa917 6dbc9f872801422dbbe1865433d2eb30 393384ba45fb4bd9bd300cbf256cacbf - - default default] 10.0.0.144 "DELETE /v2.0/vpn/ipsec-site-connections/3d5a7fc6-a86b-45d8-aa25-a9bfcc0a7999 HTTP/1.1" status: 204 len: 168 time: 0.6504059
2026-07-02 16:35:33.218 9 INFO neutron.api.wsgi [None req-59d2038b-24b2-4990-a878-d33f57255d37 6dbc9f872801422dbbe1865433d2eb30 393384ba45fb4bd9bd300cbf256cacbf - - default default] 10.0.0.144 "GET /v2.0/vpn/ipsec-site-connections HTTP/1.1" status: 200 len: 990 time: 0.0137196
2026-07-02 16:35:33.236 10 INFO neutron.api.v2.resource [None req-2c6c1911-c4bb-47be-9ead-dc8695df51f3 6dbc9f872801422dbbe1865433d2eb30 393384ba45fb4bd9bd300cbf256cacbf - - default default] delete failed (client error): The resource could not be found.
2026-07-02 16:35:33.238 10 INFO neutron.api.wsgi [None req-2c6c1911-c4bb-47be-9ead-dc8695df51f3 6dbc9f872801422dbbe1865433d2eb30 393384ba45fb4bd9bd300cbf256cacbf - - default default] 10.0.0.144 "DELETE /v2.0/vpn/ipsec-site-connections/3d5a7fc6-a86b-45d8-aa25-a9bfcc0a7999 HTTP/1.1" status: 404 len: 355 time: 0.0143116
2026-07-02 16:35:33.252 9 INFO neutron.api.wsgi [None req-cb7841bd-0d30-4cbd-afac-14a1913aefba 6dbc9f872801422dbbe1865433d2eb30 393384ba45fb4bd9bd300cbf256cacbf - - default default] 10.0.0.144 "GET /v2.0/vpn/endpoint-groups HTTP/1.1" status: 200 len: 1384 time: 0.0092692
2026-07-02 16:35:33.278 9 INFO neutron.db.segments_db [None req-7314c684-3e27-48ed-8c63-bdb5e5c9d832 e9226da7e009479aba717c5b3c62abf3 6fa76e1a6aac4c17a12e87c3a4a23348 - - default default] Added segment d5bdac4f-5c46-4f1f-a6a6-fe3ea89e734a of type geneve for network ea2538b9-ea0d-466b-98e1-d0a69786aa1b
2026-07-02 16:35:33.283 9 INFO neutron.api.wsgi [None req-6d4ea81e-4ee7-405f-89af-4472bb30cbf7 6dbc9f872801422dbbe1865433d2eb30 393384ba45fb4bd9bd300cbf256cacbf - - default default] 10.0.0.144 "DELETE /v2.0/vpn/endpoint-groups/71f526ec-c428-42f6-8dac-f4e20db6cb94 HTTP/1.1" status: 204 len: 168 time: 0.0253041
2026-07-02 16:35:33.302 10 INFO neutron.api.wsgi [None req-a71bf336-9dca-4be0-b79a-9a4032d6aeb2 6dbc9f872801422dbbe1865433d2eb30 393384ba45fb4bd9bd300cbf256cacbf - - default default] 10.0.0.144 "GET /v2.0/vpn/endpoint-groups HTTP/1.1" status: 200 len: 1099 time: 0.0139067
2026-07-02 16:35:33.317 10 INFO neutron.api.wsgi [None req-57d878b8-b597-4998-b7f8-392092ed1f83 6dbc9f872801422dbbe1865433d2eb30 393384ba45fb4bd9bd300cbf256cacbf - - default default] 10.0.0.144 "GET /v2.0/vpn/endpoint-groups HTTP/1.1" status: 200 len: 1099 time: 0.0115891
2026-07-02 16:35:33.346 9 INFO neutron.api.wsgi [None req-231d36a3-c652-4023-9ad7-41e2ca616c08 6dbc9f872801422dbbe1865433d2eb30 393384ba45fb4bd9bd300cbf256cacbf - - default default] 10.0.0.144 "DELETE /v2.0/vpn/endpoint-groups/1764e60a-d32c-46f3-87ef-74962a2651ab HTTP/1.1" status: 204 len: 168 time: 0.0235982
2026-07-02 16:35:33.363 10 INFO neutron.api.wsgi [None req-3f2b2be8-7657-4206-96d7-fb7297076fd5 6dbc9f872801422dbbe1865433d2eb30 393384ba45fb4bd9bd300cbf256cacbf - - default default] 10.0.0.144 "GET /v2.0/vpn/endpoint-groups HTTP/1.1" status: 200 len: 827 time: 0.0110743
2026-07-02 16:35:33.371 10 WARNING neutron_lib.context [None req-63910b45-d0b6-4f1e-8fbd-dfbaca1cdba1 6dbc9f872801422dbbe1865433d2eb30 393384ba45fb4bd9bd300cbf256cacbf - - default default] Method 'is_advsvc' is deprecated since 2023.2 release (neutron-lib 3.8.0) and will be removed once support for the old RBAC API policies will be removed from Neutron. Please use method 'is_service_role' instead.
2026-07-02 16:35:33.401 9 INFO neutron.db.ovn_revision_numbers_db [None req-7314c684-3e27-48ed-8c63-bdb5e5c9d832 e9226da7e009479aba717c5b3c62abf3 6fa76e1a6aac4c17a12e87c3a4a23348 - - default default] Successfully bumped revision number for resource ea2538b9-ea0d-466b-98e1-d0a69786aa1b (type: networks) to 1
2026-07-02 16:35:33.547 9 WARNING neutron.scheduler.dhcp_agent_scheduler [None req-7314c684-3e27-48ed-8c63-bdb5e5c9d832 e9226da7e009479aba717c5b3c62abf3 6fa76e1a6aac4c17a12e87c3a4a23348 - - default default] No more DHCP agents
2026-07-02 16:35:33.549 9 WARNING neutron.api.rpc.agentnotifiers.dhcp_rpc_agent_api [None req-7314c684-3e27-48ed-8c63-bdb5e5c9d832 e9226da7e009479aba717c5b3c62abf3 6fa76e1a6aac4c17a12e87c3a4a23348 - - default default] Unable to schedule network ea2538b9-ea0d-466b-98e1-d0a69786aa1b: no agents available; will retry on subsequent port and subnet creation events.
2026-07-02 16:35:33.607 9 INFO neutron.db.ovn_revision_numbers_db [None req-7314c684-3e27-48ed-8c63-bdb5e5c9d832 e9226da7e009479aba717c5b3c62abf3 6fa76e1a6aac4c17a12e87c3a4a23348 - - default default] Successfully bumped revision number for resource e9af991c-9aa1-4d51-aa61-ddb48a9d4653 (type: ports) to 1
2026-07-02 16:35:33.628 9 INFO neutron.api.wsgi [None req-7314c684-3e27-48ed-8c63-bdb5e5c9d832 e9226da7e009479aba717c5b3c62abf3 6fa76e1a6aac4c17a12e87c3a4a23348 - - default default] 10.0.0.144 "POST /v2.0/networks HTTP/1.1" status: 201 len: 831 time: 0.4407518
2026-07-02 16:35:33.637 9 WARNING neutron_lib.context [None req-c42df395-cbe5-4d83-9c0a-c6824f7b4294 e9226da7e009479aba717c5b3c62abf3 6fa76e1a6aac4c17a12e87c3a4a23348 - - default default] Method 'is_advsvc' is deprecated since 2023.2 release (neutron-lib 3.8.0) and will be removed once support for the old RBAC API policies will be removed from Neutron. Please use method 'is_service_role' instead.
2026-07-02 16:35:33.718 9 INFO neutron.db.segments_db [None req-c42df395-cbe5-4d83-9c0a-c6824f7b4294 e9226da7e009479aba717c5b3c62abf3 6fa76e1a6aac4c17a12e87c3a4a23348 - - default default] Added segment 2e75442d-3235-43ce-b240-a77e646a5e7c of type geneve for network 8bf49d01-fa8c-4990-9ede-a7a2d34cff96
2026-07-02 16:35:33.828 9 INFO neutron.db.ovn_revision_numbers_db [None req-c42df395-cbe5-4d83-9c0a-c6824f7b4294 e9226da7e009479aba717c5b3c62abf3 6fa76e1a6aac4c17a12e87c3a4a23348 - - default default] Successfully bumped revision number for resource 8bf49d01-fa8c-4990-9ede-a7a2d34cff96 (type: networks) to 1
2026-07-02 16:35:33.975 9 WARNING neutron.scheduler.dhcp_agent_scheduler [None req-c42df395-cbe5-4d83-9c0a-c6824f7b4294 e9226da7e009479aba717c5b3c62abf3 6fa76e1a6aac4c17a12e87c3a4a23348 - - default default] No more DHCP agents
2026-07-02 16:35:33.977 9 WARNING neutron.api.rpc.agentnotifiers.dhcp_rpc_agent_api [None req-c42df395-cbe5-4d83-9c0a-c6824f7b4294 e9226da7e009479aba717c5b3c62abf3 6fa76e1a6aac4c17a12e87c3a4a23348 - - default default] Unable to schedule network 8bf49d01-fa8c-4990-9ede-a7a2d34cff96: no agents available; will retry on subsequent port and subnet creation events.
2026-07-02 16:35:34.011 9 WARNING neutron.plugins.ml2.drivers.ovn.mech_driver.ovsdb.ovn_client [None req-bae68d60-0b55-4471-9fde-1d2cb0c1318a - - - - - -] No hosting information found for port 62e1b750-6123-4423-b953-f0ff73ec6fd4: RuntimeError: No hosting information found for port 62e1b750-6123-4423-b953-f0ff73ec6fd4
2026-07-02 16:35:34.012 9 INFO neutron.plugins.ml2.drivers.ovn.mech_driver.mech_driver [None req-bae68d60-0b55-4471-9fde-1d2cb0c1318a - - - - - -] OVN reports status up for port: d0b15d92-88c8-4b99-a8fb-d570165f72e3
2026-07-02 16:35:34.037 9 INFO neutron.plugins.ml2.plugin [None req-bae68d60-0b55-4471-9fde-1d2cb0c1318a - - - - - -] Attempt 1 to provision port d0b15d92-88c8-4b99-a8fb-d570165f72e3
2026-07-02 16:35:34.058 9 INFO neutron.db.ovn_revision_numbers_db [None req-c42df395-cbe5-4d83-9c0a-c6824f7b4294 e9226da7e009479aba717c5b3c62abf3 6fa76e1a6aac4c17a12e87c3a4a23348 - - default default] Successfully bumped revision number for resource 4fe41755-8725-4326-b46f-8dbe39937cab (type: ports) to 1
2026-07-02 16:35:34.079 9 INFO neutron.api.wsgi [None req-c42df395-cbe5-4d83-9c0a-c6824f7b4294 e9226da7e009479aba717c5b3c62abf3 6fa76e1a6aac4c17a12e87c3a4a23348 - - default default] 10.0.0.144 "POST /v2.0/networks HTTP/1.1" status: 201 len: 831 time: 0.4468105
2026-07-02 16:35:34.090 9 WARNING neutron_lib.context [None req-0c6c7065-7d64-4b1d-981e-3ac3c626aab9 e9226da7e009479aba717c5b3c62abf3 6fa76e1a6aac4c17a12e87c3a4a23348 - - default default] Method 'is_advsvc' is deprecated since 2023.2 release (neutron-lib 3.8.0) and will be removed once support for the old RBAC API policies will be removed from Neutron. Please use method 'is_service_role' instead.
2026-07-02 16:35:34.170 10 INFO neutron.api.wsgi [req-e6e94b11-0ea0-42fe-88ef-9ecf4e58bbbf req-0efb8313-ea74-4a65-976d-aff357fd81a6 4921a2cae1fc475e9c1e1d343e57d148 22414999e93340d5bf89513763dbf341 - - default default] 10.0.0.135 "GET /v2.0/ports?device_id=695e2899-9b34-4a53-a797-8444a9bd226d HTTP/1.1" status: 200 len: 1172 time: 0.0444894
2026-07-02 16:35:34.179 9 INFO neutron.db.segments_db [None req-0c6c7065-7d64-4b1d-981e-3ac3c626aab9 e9226da7e009479aba717c5b3c62abf3 6fa76e1a6aac4c17a12e87c3a4a23348 - - default default] Added segment 5763b49a-564c-4ea9-9846-922de559ea67 of type geneve for network 79438983-3d92-4a0a-9391-2701b973ca20
2026-07-02 16:35:34.220 10 INFO neutron.api.wsgi [req-e6e94b11-0ea0-42fe-88ef-9ecf4e58bbbf req-c811585f-f400-4fb0-bd7a-bfe3c941b1cf 4921a2cae1fc475e9c1e1d343e57d148 22414999e93340d5bf89513763dbf341 - - default default] 10.0.0.135 "GET /v2.0/security-groups?id=b1aeb4be-0da3-42fa-a59c-0e1c10f72003&fields=id&fields=name HTTP/1.1" status: 200 len: 312 time: 0.0438087
2026-07-02 16:35:34.263 9 INFO neutron.db.ovn_revision_numbers_db [None req-bae68d60-0b55-4471-9fde-1d2cb0c1318a - - - - - -] Successfully bumped revision number for resource d0b15d92-88c8-4b99-a8fb-d570165f72e3 (type: ports) to 4
2026-07-02 16:35:34.302 9 INFO neutron.db.ovn_revision_numbers_db [None req-0c6c7065-7d64-4b1d-981e-3ac3c626aab9 e9226da7e009479aba717c5b3c62abf3 6fa76e1a6aac4c17a12e87c3a4a23348 - - default default] Successfully bumped revision number for resource 79438983-3d92-4a0a-9391-2701b973ca20 (type: networks) to 1
2026-07-02 16:35:34.346 10 INFO neutron.db.ovn_revision_numbers_db [None req-63910b45-d0b6-4f1e-8fbd-dfbaca1cdba1 6dbc9f872801422dbbe1865433d2eb30 393384ba45fb4bd9bd300cbf256cacbf - - default default] Successfully bumped revision number for resource 84d69d97-fb1a-4a69-8a90-b8843fbfa409 (type: routers) to 8
2026-07-02 16:35:34.377 10 INFO neutron.api.wsgi [None req-63910b45-d0b6-4f1e-8fbd-dfbaca1cdba1 6dbc9f872801422dbbe1865433d2eb30 393384ba45fb4bd9bd300cbf256cacbf - - default default] 10.0.0.144 "POST /v2.0/vpn/ipsec-site-connections HTTP/1.1" status: 201 len: 1003 time: 1.0088432
2026-07-02 16:35:34.431 9 INFO neutron.db.ovn_revision_numbers_db [None req-423e8680-29d0-4acc-907a-7a5d44ee473b - - - - - -] Successfully bumped revision number for resource 62e1b750-6123-4423-b953-f0ff73ec6fd4 (type: router_ports) to 2
2026-07-02 16:35:34.431 9 INFO neutron.plugins.ml2.drivers.ovn.mech_driver.mech_driver [None req-423e8680-29d0-4acc-907a-7a5d44ee473b - - - - - -] OVN reports status up for port: 27003d3f-69e8-4075-a947-0794f9881d18
2026-07-02 16:35:34.440 9 INFO neutron.plugins.ml2.plugin [None req-423e8680-29d0-4acc-907a-7a5d44ee473b - - - - - -] Attempt 1 to provision port 27003d3f-69e8-4075-a947-0794f9881d18
2026-07-02 16:35:34.441 9 WARNING neutron.scheduler.dhcp_agent_scheduler [None req-0c6c7065-7d64-4b1d-981e-3ac3c626aab9 e9226da7e009479aba717c5b3c62abf3 6fa76e1a6aac4c17a12e87c3a4a23348 - - default default] No more DHCP agents
2026-07-02 16:35:34.442 9 WARNING neutron.api.rpc.agentnotifiers.dhcp_rpc_agent_api [None req-0c6c7065-7d64-4b1d-981e-3ac3c626aab9 e9226da7e009479aba717c5b3c62abf3 6fa76e1a6aac4c17a12e87c3a4a23348 - - default default] Unable to schedule network 79438983-3d92-4a0a-9391-2701b973ca20: no agents available; will retry on subsequent port and subnet creation events.
2026-07-02 16:35:34.513 9 INFO neutron.db.ovn_revision_numbers_db [None req-0c6c7065-7d64-4b1d-981e-3ac3c626aab9 e9226da7e009479aba717c5b3c62abf3 6fa76e1a6aac4c17a12e87c3a4a23348 - - default default] Successfully bumped revision number for resource 8e7becd9-0a51-4626-96a2-e3a37ccc1037 (type: ports) to 1
2026-07-02 16:35:34.542 9 INFO neutron.api.wsgi [None req-0c6c7065-7d64-4b1d-981e-3ac3c626aab9 e9226da7e009479aba717c5b3c62abf3 6fa76e1a6aac4c17a12e87c3a4a23348 - - default default] 10.0.0.144 "POST /v2.0/networks HTTP/1.1" status: 201 len: 830 time: 0.4556911
2026-07-02 16:35:34.550 10 WARNING neutron_lib.context [None req-d56e4886-0e10-4bb2-bc04-dd730fbc1c47 e9226da7e009479aba717c5b3c62abf3 6fa76e1a6aac4c17a12e87c3a4a23348 - - default default] Method 'is_advsvc' is deprecated since 2023.2 release (neutron-lib 3.8.0) and will be removed once support for the old RBAC API policies will be removed from Neutron. Please use method 'is_service_role' instead.
2026-07-02 16:35:34.560 9 INFO neutron.notifiers.nova [-] Nova event matching ['req-5e5d439b-1dae-4a2b-9a5e-c86bf7e584a2'] response: {'server_uuid': '695e2899-9b34-4a53-a797-8444a9bd226d', 'name': 'network-vif-plugged', 'status': 'completed', 'tag': '27003d3f-69e8-4075-a947-0794f9881d18', 'code': 200}
2026-07-02 16:35:34.680 10 INFO neutron.db.segments_db [None req-d56e4886-0e10-4bb2-bc04-dd730fbc1c47 e9226da7e009479aba717c5b3c62abf3 6fa76e1a6aac4c17a12e87c3a4a23348 - - default default] Added segment 8711adaa-9b58-476a-bb4a-4478f8bd32bf of type geneve for network c0080ca2-1677-4234-af5d-1e8572eab7a3
2026-07-02 16:35:34.696 9 INFO neutron.db.ovn_revision_numbers_db [None req-423e8680-29d0-4acc-907a-7a5d44ee473b - - - - - -] Successfully bumped revision number for resource 27003d3f-69e8-4075-a947-0794f9881d18 (type: ports) to 5
2026-07-02 16:35:34.769 9 INFO neutron.plugins.ml2.drivers.ovn.mech_driver.mech_driver [None req-57bd74ce-e07c-4f23-9961-b3f34480d739 - - - - - -] OVN reports status up for port: afbb74bd-4a44-457a-ac78-89590463f64f
2026-07-02 16:35:34.830 10 INFO neutron.db.ovn_revision_numbers_db [None req-d56e4886-0e10-4bb2-bc04-dd730fbc1c47 e9226da7e009479aba717c5b3c62abf3 6fa76e1a6aac4c17a12e87c3a4a23348 - - default default] Successfully bumped revision number for resource c0080ca2-1677-4234-af5d-1e8572eab7a3 (type: networks) to 1
2026-07-02 16:35:34.989 10 INFO neutron.db.ovn_revision_numbers_db [None req-da76dbfd-b8cc-4ee6-ba1a-ef338db7c104 6dbc9f872801422dbbe1865433d2eb30 393384ba45fb4bd9bd300cbf256cacbf - - default default] Successfully bumped revision number for resource 84d69d97-fb1a-4a69-8a90-b8843fbfa409 (type: routers) to 9
2026-07-02 16:35:35.005 10 WARNING neutron.scheduler.dhcp_agent_scheduler [None req-d56e4886-0e10-4bb2-bc04-dd730fbc1c47 e9226da7e009479aba717c5b3c62abf3 6fa76e1a6aac4c17a12e87c3a4a23348 - - default default] No more DHCP agents
2026-07-02 16:35:35.010 10 INFO neutron.api.wsgi [None req-da76dbfd-b8cc-4ee6-ba1a-ef338db7c104 6dbc9f872801422dbbe1865433d2eb30 393384ba45fb4bd9bd300cbf256cacbf - - default default] 10.0.0.144 "DELETE /v2.0/vpn/ipsec-site-connections/5ada3d57-e6a7-4f56-a5e6-27b60c67ae0e HTTP/1.1" status: 204 len: 168 time: 0.6272120
2026-07-02 16:35:35.011 10 WARNING neutron.api.rpc.agentnotifiers.dhcp_rpc_agent_api [None req-d56e4886-0e10-4bb2-bc04-dd730fbc1c47 e9226da7e009479aba717c5b3c62abf3 6fa76e1a6aac4c17a12e87c3a4a23348 - - default default] Unable to schedule network c0080ca2-1677-4234-af5d-1e8572eab7a3: no agents available; will retry on subsequent port and subnet creation events. /var/lib/openstack/lib/python3.12/site-packages/pycadf/identifier.py:71: UserWarning: Invalid uuid: neutron. To ensure interoperability, identifiers should be a valid uuid. warnings.warn(('Invalid uuid: %s. To ensure interoperability, '
2026-07-02 16:35:35.035 9 INFO neutron.api.wsgi [None req-9396c267-1d24-453b-b3e8-12b9faa2a481 6dbc9f872801422dbbe1865433d2eb30 393384ba45fb4bd9bd300cbf256cacbf - - default default] 10.0.0.144 "GET /v2.0/vpn/ipsec-site-connections HTTP/1.1" status: 200 len: 990 time: 0.0118113
2026-07-02 16:35:35.046 10 INFO neutron.api.v2.resource [None req-4bc88951-296d-4c16-b964-7216264a1754 6dbc9f872801422dbbe1865433d2eb30 393384ba45fb4bd9bd300cbf256cacbf - - default default] delete failed (client error): The resource could not be found.
2026-07-02 16:35:35.047 10 INFO neutron.api.wsgi [None req-4bc88951-296d-4c16-b964-7216264a1754 6dbc9f872801422dbbe1865433d2eb30 393384ba45fb4bd9bd300cbf256cacbf - - default default] 10.0.0.144 "DELETE /v2.0/vpn/ipsec-site-connections/5ada3d57-e6a7-4f56-a5e6-27b60c67ae0e HTTP/1.1" status: 404 len: 355 time: 0.0089781
