2026-07-02 16:23:00.608 9 INFO neutron.api.wsgi [None req-6d4c8100-abd5-475d-89df-89ccbe75a005 a8aa24bd68aa41139e299598e80b27ac 84b441d311bc483885a13e4057a7138f - - default default] 10.0.0.157 "GET /v2.0/subnets HTTP/1.1" status: 200 len: 1484 time: 0.0354018
2026-07-02 16:23:00.614 9 INFO neutron.api.wsgi [None req-b936bdcc-83f9-404c-b102-9a705e29f222 a8aa24bd68aa41139e299598e80b27ac 84b441d311bc483885a13e4057a7138f - - default default] 10.0.0.157 "GET /v2.0/subnetpools HTTP/1.1" status: 200 len: 193 time: 0.0056634
2026-07-02 16:23:09.661 9 INFO neutron.api.wsgi [-] 10.0.0.28 "GET / HTTP/1.1" status: 200 len: 245 time: 0.0017524
2026-07-02 16:23:09.661 10 INFO neutron.api.wsgi [-] 10.0.0.28 "GET / HTTP/1.1" status: 200 len: 245 time: 0.0020380
2026-07-02 16:23:24.662 9 INFO neutron.api.wsgi [-] 10.0.0.28 "GET / HTTP/1.1" status: 200 len: 245 time: 0.0022132
2026-07-02 16:23:24.662 10 INFO neutron.api.wsgi [-] 10.0.0.28 "GET / HTTP/1.1" status: 200 len: 245 time: 0.0026553
2026-07-02 16:23:39.661 9 INFO neutron.api.wsgi [-] 10.0.0.28 "GET / HTTP/1.1" status: 200 len: 245 time: 0.0012820
2026-07-02 16:23:39.662 10 INFO neutron.api.wsgi [-] 10.0.0.28 "GET / HTTP/1.1" status: 200 len: 245 time: 0.0025845
2026-07-02 16:23:54.662 10 INFO neutron.api.wsgi [-] 10.0.0.28 "GET / HTTP/1.1" status: 200 len: 245 time: 0.0027528
2026-07-02 16:23:54.666 10 INFO neutron.api.wsgi [-] 10.0.0.28 "GET / HTTP/1.1" status: 200 len: 245 time: 0.0022697
2026-07-02 16:24:00.314 9 INFO neutron.api.wsgi [None req-70fa6d8a-af63-4a62-8fe3-20316f42dcb1 a8aa24bd68aa41139e299598e80b27ac 84b441d311bc483885a13e4057a7138f - - default default] 10.0.0.157 "GET /v2.0/networks HTTP/1.1" status: 200 len: 2350 time: 0.0953403
2026-07-02 16:24:00.349 9 INFO neutron.api.wsgi [None req-37bbe0bc-3189-4278-ad44-c4c4db434bfb a8aa24bd68aa41139e299598e80b27ac 84b441d311bc483885a13e4057a7138f - - default default] 10.0.0.157 "GET /v2.0/subnets HTTP/1.1" status: 200 len: 1484 time: 0.0317755
2026-07-02 16:24:00.357 9 INFO neutron.api.wsgi [None req-de081faa-7b6f-4694-a12c-6c52e2e0ec7b a8aa24bd68aa41139e299598e80b27ac 84b441d311bc483885a13e4057a7138f - - default default] 10.0.0.157 "GET /v2.0/subnetpools HTTP/1.1" status: 200 len: 193 time: 0.0070477
2026-07-02 16:24:00.392 9 INFO neutron.api.wsgi [None req-ed71bbb0-91bb-4705-bd4d-fe40cfdb27ad a8aa24bd68aa41139e299598e80b27ac 84b441d311bc483885a13e4057a7138f - - default default] 10.0.0.157 "GET /v2.0/security-groups HTTP/1.1" status: 200 len: 17578 time: 0.0343494
2026-07-02 16:24:00.429 9 INFO neutron.api.wsgi [None req-7892be49-7c6b-4e53-89f4-7064f761b11d a8aa24bd68aa41139e299598e80b27ac 84b441d311bc483885a13e4057a7138f - - default default] 10.0.0.157 "GET /v2.0/agents HTTP/1.1" status: 200 len: 1390 time: 0.0321610
2026-07-02 16:24:00.467 9 INFO neutron.api.wsgi [None req-5897635c-2600-424c-99e8-18ae4bda93dc a8aa24bd68aa41139e299598e80b27ac 84b441d311bc483885a13e4057a7138f - - default default] 10.0.0.157 "GET /v2.0/ports HTTP/1.1" status: 200 len: 5351 time: 0.0363326
2026-07-02 16:24:00.484 9 INFO neutron.api.wsgi [None req-743761d7-f220-4c88-9eac-e062432cdf20 a8aa24bd68aa41139e299598e80b27ac 84b441d311bc483885a13e4057a7138f - - default default] 10.0.0.157 "GET /v2.0/routers HTTP/1.1" status: 200 len: 189 time: 0.0120757
2026-07-02 16:24:00.491 9 INFO neutron.api.wsgi [None req-ac11d02b-5f01-4a8c-ac6a-3376e16e47d2 a8aa24bd68aa41139e299598e80b27ac 84b441d311bc483885a13e4057a7138f - - default default] 10.0.0.157 "GET /v2.0/agents?binary=ovn-controller HTTP/1.1" status: 200 len: 591 time: 0.0060508
2026-07-02 16:24:00.500 9 INFO neutron.api.wsgi [None req-585be190-027e-4d1c-8afe-68e63eb43e38 a8aa24bd68aa41139e299598e80b27ac 84b441d311bc483885a13e4057a7138f - - default default] 10.0.0.157 "GET /v2.0/network-ip-availabilities HTTP/1.1" status: 200 len: 1280 time: 0.0083942
2026-07-02 16:24:00.513 9 INFO neutron.api.wsgi [None req-fd716896-f7b2-4827-9c49-26d4e88ffb39 a8aa24bd68aa41139e299598e80b27ac 84b441d311bc483885a13e4057a7138f - - default default] 10.0.0.157 "GET /v2.0/floatingips HTTP/1.1" status: 200 len: 193 time: 0.0128222
2026-07-02 16:24:00.539 9 INFO neutron.api.wsgi [None req-d74daed1-c9f6-4097-a999-712cc68bd176 a8aa24bd68aa41139e299598e80b27ac 84b441d311bc483885a13e4057a7138f - - default default] 10.0.0.157 "GET /v2.0/subnets HTTP/1.1" status: 200 len: 1484 time: 0.0242903
2026-07-02 16:24:09.666 10 INFO neutron.api.wsgi [-] 10.0.0.28 "GET / HTTP/1.1" status: 200 len: 245 time: 0.0052326
2026-07-02 16:24:09.669 10 INFO neutron.api.wsgi [-] 10.0.0.28 "GET / HTTP/1.1" status: 200 len: 245 time: 0.0023894
2026-07-02 16:24:24.662 9 INFO neutron.api.wsgi [-] 10.0.0.28 "GET / HTTP/1.1" status: 200 len: 245 time: 0.0018394
2026-07-02 16:24:24.664 9 INFO neutron.api.wsgi [-] 10.0.0.28 "GET / HTTP/1.1" status: 200 len: 245 time: 0.0014305
2026-07-02 16:24:29.764 15 INFO neutron.plugins.ml2.drivers.ovn.mech_driver.ovsdb.maintenance [None req-c6e793eb-8983-4745-84bd-662f0933c45e - - - - - -] OVN maintenance task check_for_inconsistencies finished in 0.019 seconds
2026-07-02 16:24:39.662 10 INFO neutron.api.wsgi [-] 10.0.0.28 "GET / HTTP/1.1" status: 200 len: 245 time: 0.0024660
2026-07-02 16:24:39.665 9 INFO neutron.api.wsgi [-] 10.0.0.28 "GET / HTTP/1.1" status: 200 len: 245 time: 0.0050290
2026-07-02 16:24:54.661 10 INFO neutron.api.wsgi [-] 10.0.0.28 "GET / HTTP/1.1" status: 200 len: 245 time: 0.0013280
2026-07-02 16:24:54.661 9 INFO neutron.api.wsgi [-] 10.0.0.28 "GET / HTTP/1.1" status: 200 len: 245 time: 0.0017030
2026-07-02 16:25:00.323 9 INFO neutron.api.wsgi [None req-6f9df925-497c-46e6-bd68-c8b3c5b10950 a8aa24bd68aa41139e299598e80b27ac 84b441d311bc483885a13e4057a7138f - - default default] 10.0.0.157 "GET /v2.0/agents HTTP/1.1" status: 200 len: 1390 time: 0.0985157
2026-07-02 16:25:00.345 9 INFO neutron.api.wsgi [None req-fff8a857-dc00-4d0f-b660-a82d846e54da a8aa24bd68aa41139e299598e80b27ac 84b441d311bc483885a13e4057a7138f - - default default] 10.0.0.157 "GET /v2.0/subnets HTTP/1.1" status: 200 len: 1484 time: 0.0212922
2026-07-02 16:25:00.352 9 INFO neutron.api.wsgi [None req-06583b00-3306-4824-8228-1c95c44367fc a8aa24bd68aa41139e299598e80b27ac 84b441d311bc483885a13e4057a7138f - - default default] 10.0.0.157 "GET /v2.0/subnetpools HTTP/1.1" status: 200 len: 193 time: 0.0050523
2026-07-02 16:25:00.366 9 INFO neutron.api.wsgi [None req-f398af3c-425c-4d0b-a7e9-6bed144e09ed a8aa24bd68aa41139e299598e80b27ac 84b441d311bc483885a13e4057a7138f - - default default] 10.0.0.157 "GET /v2.0/routers HTTP/1.1" status: 200 len: 189 time: 0.0131650
2026-07-02 16:25:00.373 9 INFO neutron.api.wsgi [None req-01292d0d-f063-4dd8-891c-7a2698487d29 a8aa24bd68aa41139e299598e80b27ac 84b441d311bc483885a13e4057a7138f - - default default] 10.0.0.157 "GET /v2.0/agents?binary=ovn-controller HTTP/1.1" status: 200 len: 591 time: 0.0069685
2026-07-02 16:25:00.416 9 INFO neutron.api.wsgi [None req-b4dc959c-ee65-412c-9b6b-c52772087d29 a8aa24bd68aa41139e299598e80b27ac 84b441d311bc483885a13e4057a7138f - - default default] 10.0.0.157 "GET /v2.0/networks HTTP/1.1" status: 200 len: 2350 time: 0.0418072
2026-07-02 16:25:00.448 9 INFO neutron.api.wsgi [None req-a60badbd-441a-4f61-9553-91db73726c3a a8aa24bd68aa41139e299598e80b27ac 84b441d311bc483885a13e4057a7138f - - default default] 10.0.0.157 "GET /v2.0/subnets HTTP/1.1" status: 200 len: 1484 time: 0.0241995
2026-07-02 16:25:00.484 9 INFO neutron.api.wsgi [None req-f3c7b126-da85-4cbd-a919-c0a1371f961c a8aa24bd68aa41139e299598e80b27ac 84b441d311bc483885a13e4057a7138f - - default default] 10.0.0.157 "GET /v2.0/ports HTTP/1.1" status: 200 len: 5351 time: 0.0349481
2026-07-02 16:25:00.503 9 INFO neutron.api.wsgi [None req-46cdbb32-eaf7-45b3-b673-ee3c8e925d8b a8aa24bd68aa41139e299598e80b27ac 84b441d311bc483885a13e4057a7138f - - default default] 10.0.0.157 "GET /v2.0/floatingips HTTP/1.1" status: 200 len: 193 time: 0.0154462
2026-07-02 16:25:00.514 9 INFO neutron.api.wsgi [None req-925e50fc-3048-4acd-97e0-1922c8261885 a8aa24bd68aa41139e299598e80b27ac 84b441d311bc483885a13e4057a7138f - - default default] 10.0.0.157 "GET /v2.0/network-ip-availabilities HTTP/1.1" status: 200 len: 1280 time: 0.0101385
2026-07-02 16:25:00.553 9 INFO neutron.api.wsgi [None req-5762517a-0548-47a2-9710-8e27448cda67 a8aa24bd68aa41139e299598e80b27ac 84b441d311bc483885a13e4057a7138f - - default default] 10.0.0.157 "GET /v2.0/security-groups HTTP/1.1" status: 200 len: 17578 time: 0.0390289
2026-07-02 16:25:09.664 9 INFO neutron.api.wsgi [-] 10.0.0.28 "GET / HTTP/1.1" status: 200 len: 245 time: 0.0042486
2026-07-02 16:25:09.666 9 INFO neutron.api.wsgi [-] 10.0.0.28 "GET / HTTP/1.1" status: 200 len: 245 time: 0.0013254
2026-07-02 16:25:24.662 9 INFO neutron.api.wsgi [-] 10.0.0.28 "GET / HTTP/1.1" status: 200 len: 245 time: 0.0022318
2026-07-02 16:25:24.665 9 INFO neutron.api.wsgi [-] 10.0.0.28 "GET / HTTP/1.1" status: 200 len: 245 time: 0.0026903
2026-07-02 16:25:39.662 9 INFO neutron.api.wsgi [-] 10.0.0.28 "GET / HTTP/1.1" status: 200 len: 245 time: 0.0024147
2026-07-02 16:25:39.663 10 INFO neutron.api.wsgi [-] 10.0.0.28 "GET / HTTP/1.1" status: 200 len: 245 time: 0.0021098
2026-07-02 16:25:54.662 10 INFO neutron.api.wsgi [-] 10.0.0.28 "GET / HTTP/1.1" status: 200 len: 245 time: 0.0021565
2026-07-02 16:25:54.663 9 INFO neutron.api.wsgi [-] 10.0.0.28 "GET / HTTP/1.1" status: 200 len: 245 time: 0.0028062
2026-07-02 16:26:00.297 9 INFO neutron.api.wsgi [None req-e95a8fad-0808-4229-b332-53f6b8c4401d a8aa24bd68aa41139e299598e80b27ac 84b441d311bc483885a13e4057a7138f - - default default] 10.0.0.157 "GET /v2.0/agents HTTP/1.1" status: 200 len: 1390 time: 0.0644109
2026-07-02 16:26:00.322 9 INFO neutron.api.wsgi [None req-bb81d77b-649f-41fc-9121-dea8bc910847 a8aa24bd68aa41139e299598e80b27ac 84b441d311bc483885a13e4057a7138f - - default default] 10.0.0.157 "GET /v2.0/subnets HTTP/1.1" status: 200 len: 1484 time: 0.0239444
2026-07-02 16:26:00.330 9 INFO neutron.api.wsgi [None req-94b4c492-4ddf-4d9d-ac7f-33c377551ee0 a8aa24bd68aa41139e299598e80b27ac 84b441d311bc483885a13e4057a7138f - - default default] 10.0.0.157 "GET /v2.0/subnetpools HTTP/1.1" status: 200 len: 193 time: 0.0072467
2026-07-02 16:26:00.368 9 INFO neutron.api.wsgi [None req-6773562e-bc43-4c11-8db3-d2bb08152980 a8aa24bd68aa41139e299598e80b27ac 84b441d311bc483885a13e4057a7138f - - default default] 10.0.0.157 "GET /v2.0/security-groups HTTP/1.1" status: 200 len: 17578 time: 0.0376337
2026-07-02 16:26:00.400 9 INFO neutron.api.wsgi [None req-ebae9816-9a95-4db1-b1f7-a64715dc16fa a8aa24bd68aa41139e299598e80b27ac 84b441d311bc483885a13e4057a7138f - - default default] 10.0.0.157 "GET /v2.0/subnets HTTP/1.1" status: 200 len: 1484 time: 0.0264704
2026-07-02 16:26:00.413 9 INFO neutron.api.wsgi [None req-4361eb1a-c0dd-410b-a5ad-8dc74551106d a8aa24bd68aa41139e299598e80b27ac 84b441d311bc483885a13e4057a7138f - - default default] 10.0.0.157 "GET /v2.0/routers HTTP/1.1" status: 200 len: 189 time: 0.0114701
2026-07-02 16:26:00.420 9 INFO neutron.api.wsgi [None req-71024756-1389-4cbc-acb6-66b677f2c33d a8aa24bd68aa41139e299598e80b27ac 84b441d311bc483885a13e4057a7138f - - default default] 10.0.0.157 "GET /v2.0/agents?binary=ovn-controller HTTP/1.1" status: 200 len: 591 time: 0.0067105
2026-07-02 16:26:00.467 9 INFO neutron.api.wsgi [None req-0a6c7101-48e1-4395-96be-cba4d4cc04bd a8aa24bd68aa41139e299598e80b27ac 84b441d311bc483885a13e4057a7138f - - default default] 10.0.0.157 "GET /v2.0/networks HTTP/1.1" status: 200 len: 2350 time: 0.0454638
2026-07-02 16:26:00.479 9 INFO neutron.api.wsgi [None req-71dd9e3c-5d11-4846-82bf-983d0622137e a8aa24bd68aa41139e299598e80b27ac 84b441d311bc483885a13e4057a7138f - - default default] 10.0.0.157 "GET /v2.0/network-ip-availabilities HTTP/1.1" status: 200 len: 1280 time: 0.0092368
2026-07-02 16:26:00.493 9 INFO neutron.api.wsgi [None req-0945e3b3-a9fe-4399-8779-8b4c09834c7e a8aa24bd68aa41139e299598e80b27ac 84b441d311bc483885a13e4057a7138f - - default default] 10.0.0.157 "GET /v2.0/floatingips HTTP/1.1" status: 200 len: 193 time: 0.0130081
2026-07-02 16:26:00.532 9 INFO neutron.api.wsgi [None req-e7bd59e7-b992-40ec-ab7a-c35963a9eb37 a8aa24bd68aa41139e299598e80b27ac 84b441d311bc483885a13e4057a7138f - - default default] 10.0.0.157 "GET /v2.0/ports HTTP/1.1" status: 200 len: 5351 time: 0.0383079
2026-07-02 16:26:09.663 10 INFO neutron.api.wsgi [-] 10.0.0.28 "GET / HTTP/1.1" status: 200 len: 245 time: 0.0034926
2026-07-02 16:26:09.668 9 INFO neutron.api.wsgi [-] 10.0.0.28 "GET / HTTP/1.1" status: 200 len: 245 time: 0.0075991
2026-07-02 16:26:24.663 9 INFO neutron.api.wsgi [-] 10.0.0.28 "GET / HTTP/1.1" status: 200 len: 245 time: 0.0028222
2026-07-02 16:26:24.666 9 INFO neutron.api.wsgi [-] 10.0.0.28 "GET / HTTP/1.1" status: 200 len: 245 time: 0.0023582
2026-07-02 16:26:39.661 9 INFO neutron.api.wsgi [-] 10.0.0.28 "GET / HTTP/1.1" status: 200 len: 245 time: 0.0015886
2026-07-02 16:26:39.661 10 INFO neutron.api.wsgi [-] 10.0.0.28 "GET / HTTP/1.1" status: 200 len: 245 time: 0.0017226
2026-07-02 16:26:54.663 9 INFO neutron.api.wsgi [-] 10.0.0.28 "GET / HTTP/1.1" status: 200 len: 245 time: 0.0024695
2026-07-02 16:26:54.667 9 INFO neutron.api.wsgi [-] 10.0.0.28 "GET / HTTP/1.1" status: 200 len: 245 time: 0.0028870
2026-07-02 16:27:00.356 9 INFO neutron.api.wsgi [None req-e5fb3ece-4223-43e7-8413-bfd39a69403e a8aa24bd68aa41139e299598e80b27ac 84b441d311bc483885a13e4057a7138f - - default default] 10.0.0.157 "GET /v2.0/network-ip-availabilities HTTP/1.1" status: 200 len: 1280 time: 0.1211600
2026-07-02 16:27:00.378 9 INFO neutron.api.wsgi [None req-f1936546-ea77-442a-b418-40a68d5fd902 a8aa24bd68aa41139e299598e80b27ac 84b441d311bc483885a13e4057a7138f - - default default] 10.0.0.157 "GET /v2.0/subnets HTTP/1.1" status: 200 len: 1484 time: 0.0214775
2026-07-02 16:27:00.416 9 INFO neutron.api.wsgi [None req-5ee8998d-905d-45ed-8baf-201e8217f68b a8aa24bd68aa41139e299598e80b27ac 84b441d311bc483885a13e4057a7138f - - default default] 10.0.0.157 "GET /v2.0/ports HTTP/1.1" status: 200 len: 5351 time: 0.0362601
2026-07-02 16:27:00.443 9 INFO neutron.api.wsgi [None req-75ae4529-45d3-4f11-9cef-bbb2bd044bb3 a8aa24bd68aa41139e299598e80b27ac 84b441d311bc483885a13e4057a7138f - - default default] 10.0.0.157 "GET /v2.0/subnets HTTP/1.1" status: 200 len: 1484 time: 0.0230703
2026-07-02 16:27:00.451 9 INFO neutron.api.wsgi [None req-737227a3-83ca-47e7-a751-25909d7a1ad7 a8aa24bd68aa41139e299598e80b27ac 84b441d311bc483885a13e4057a7138f - - default default] 10.0.0.157 "GET /v2.0/subnetpools HTTP/1.1" status: 200 len: 193 time: 0.0054424
2026-07-02 16:27:00.461 9 INFO neutron.api.wsgi [None req-ce966db9-e6d5-428b-a94a-e91c33a3f46d a8aa24bd68aa41139e299598e80b27ac 84b441d311bc483885a13e4057a7138f - - default default] 10.0.0.157 "GET /v2.0/floatingips HTTP/1.1" status: 200 len: 193 time: 0.0100608
2026-07-02 16:27:00.487 9 INFO neutron.api.wsgi [None req-3fada5ea-325e-456e-a20c-7ef711aafa5f a8aa24bd68aa41139e299598e80b27ac 84b441d311bc483885a13e4057a7138f - - default default] 10.0.0.157 "GET /v2.0/security-groups HTTP/1.1" status: 200 len: 17578 time: 0.0243833
2026-07-02 16:27:00.526 9 INFO neutron.api.wsgi [None req-7180bdc2-047c-4c17-936b-cbdd9a3b0916 a8aa24bd68aa41139e299598e80b27ac 84b441d311bc483885a13e4057a7138f - - default default] 10.0.0.157 "GET /v2.0/agents HTTP/1.1" status: 200 len: 1390 time: 0.0321343
2026-07-02 16:27:00.583 9 INFO neutron.api.wsgi [None req-219faf95-f9b7-41cf-b252-79e6acf6416b a8aa24bd68aa41139e299598e80b27ac 84b441d311bc483885a13e4057a7138f - - default default] 10.0.0.157 "GET /v2.0/networks HTTP/1.1" status: 200 len: 2350 time: 0.0561814
2026-07-02 16:27:00.600 9 INFO neutron.api.wsgi [None req-0e6692d2-76d9-4d98-a515-97f962341455 a8aa24bd68aa41139e299598e80b27ac 84b441d311bc483885a13e4057a7138f - - default default] 10.0.0.157 "GET /v2.0/routers HTTP/1.1" status: 200 len: 189 time: 0.0142815
2026-07-02 16:27:00.613 9 INFO neutron.api.wsgi [None req-3fea0ac2-452c-491d-b640-975f5f6c701c a8aa24bd68aa41139e299598e80b27ac 84b441d311bc483885a13e4057a7138f - - default default] 10.0.0.157 "GET /v2.0/agents?binary=ovn-controller HTTP/1.1" status: 200 len: 591 time: 0.0122206
2026-07-02 16:27:09.662 10 INFO neutron.api.wsgi [-] 10.0.0.28 "GET / HTTP/1.1" status: 200 len: 245 time: 0.0016546
2026-07-02 16:27:09.664 10 INFO neutron.api.wsgi [-] 10.0.0.28 "GET / HTTP/1.1" status: 200 len: 245 time: 0.0013852
2026-07-02 16:27:24.662 10 INFO neutron.api.wsgi [-] 10.0.0.28 "GET / HTTP/1.1" status: 200 len: 245 time: 0.0024748
2026-07-02 16:27:24.664 10 INFO neutron.api.wsgi [-] 10.0.0.28 "GET / HTTP/1.1" status: 200 len: 245 time: 0.0016618
2026-07-02 16:27:39.662 9 INFO neutron.api.wsgi [-] 10.0.0.28 "GET / HTTP/1.1" status: 200 len: 245 time: 0.0020311
2026-07-02 16:27:39.665 9 INFO neutron.api.wsgi [-] 10.0.0.28 "GET / HTTP/1.1" status: 200 len: 245 time: 0.0019948
2026-07-02 16:27:54.661 10 INFO neutron.api.wsgi [-] 10.0.0.28 "GET / HTTP/1.1" status: 200 len: 245 time: 0.0019283
2026-07-02 16:27:54.663 9 INFO neutron.api.wsgi [-] 10.0.0.28 "GET / HTTP/1.1" status: 200 len: 245 time: 0.0032318
2026-07-02 16:28:00.334 9 INFO neutron.api.wsgi [None req-09c94b57-f444-4b67-83b1-49b7ac57f853 a8aa24bd68aa41139e299598e80b27ac 84b441d311bc483885a13e4057a7138f - - default default] 10.0.0.157 "GET /v2.0/networks HTTP/1.1" status: 200 len: 2350 time: 0.0947101
2026-07-02 16:28:00.370 9 INFO neutron.api.wsgi [None req-4baecbea-3056-4bab-aeeb-0394c77d04b5 a8aa24bd68aa41139e299598e80b27ac 84b441d311bc483885a13e4057a7138f - - default default] 10.0.0.157 "GET /v2.0/agents HTTP/1.1" status: 200 len: 1390 time: 0.0331075
2026-07-02 16:28:00.394 9 INFO neutron.api.wsgi [None req-c83c13fb-ecb1-436d-9af8-dc87b998c5a4 a8aa24bd68aa41139e299598e80b27ac 84b441d311bc483885a13e4057a7138f - - default default] 10.0.0.157 "GET /v2.0/subnets HTTP/1.1" status: 200 len: 1484 time: 0.0227132
2026-07-02 16:28:00.401 9 INFO neutron.api.wsgi [None req-176c3db5-7988-4c81-a95f-6d3f70ca31af a8aa24bd68aa41139e299598e80b27ac 84b441d311bc483885a13e4057a7138f - - default default] 10.0.0.157 "GET /v2.0/subnetpools HTTP/1.1" status: 200 len: 193 time: 0.0052991
2026-07-02 16:28:00.422 9 INFO neutron.api.wsgi [None req-7902cd2f-8980-41fa-8971-6178426630e1 a8aa24bd68aa41139e299598e80b27ac 84b441d311bc483885a13e4057a7138f - - default default] 10.0.0.157 "GET /v2.0/subnets HTTP/1.1" status: 200 len: 1484 time: 0.0195034
2026-07-02 16:28:00.462 9 INFO neutron.api.wsgi [None req-570e3970-b72d-4325-a59a-38a85419379e a8aa24bd68aa41139e299598e80b27ac 84b441d311bc483885a13e4057a7138f - - default default] 10.0.0.157 "GET /v2.0/ports HTTP/1.1" status: 200 len: 5351 time: 0.0390782
2026-07-02 16:28:00.475 9 INFO neutron.api.wsgi [None req-6f3832aa-b0f0-4c0e-9a62-d64d0d9c4f54 a8aa24bd68aa41139e299598e80b27ac 84b441d311bc483885a13e4057a7138f - - default default] 10.0.0.157 "GET /v2.0/network-ip-availabilities HTTP/1.1" status: 200 len: 1280 time: 0.0089643
2026-07-02 16:28:00.488 9 INFO neutron.api.wsgi [None req-477f5755-ba5a-4bd2-87c8-693d7e223f29 a8aa24bd68aa41139e299598e80b27ac 84b441d311bc483885a13e4057a7138f - - default default] 10.0.0.157 "GET /v2.0/routers HTTP/1.1" status: 200 len: 189 time: 0.0125186
2026-07-02 16:28:00.497 9 INFO neutron.api.wsgi [None req-59f24e0f-86a8-4248-8cdc-70991f627710 a8aa24bd68aa41139e299598e80b27ac 84b441d311bc483885a13e4057a7138f - - default default] 10.0.0.157 "GET /v2.0/agents?binary=ovn-controller HTTP/1.1" status: 200 len: 591 time: 0.0081620
2026-07-02 16:28:00.509 9 INFO neutron.api.wsgi [None req-9ae0b4c0-0aa7-41e7-94df-81fbb1e3513f a8aa24bd68aa41139e299598e80b27ac 84b441d311bc483885a13e4057a7138f - - default default] 10.0.0.157 "GET /v2.0/floatingips HTTP/1.1" status: 200 len: 193 time: 0.0105627
2026-07-02 16:28:00.544 9 INFO neutron.api.wsgi [None req-b39c13f2-e549-4ae9-b13a-096f6a353e7c a8aa24bd68aa41139e299598e80b27ac 84b441d311bc483885a13e4057a7138f - - default default] 10.0.0.157 "GET /v2.0/security-groups HTTP/1.1" status: 200 len: 17578 time: 0.0342696
2026-07-02 16:28:09.663 10 INFO neutron.api.wsgi [-] 10.0.0.28 "GET / HTTP/1.1" status: 200 len: 245 time: 0.0032926
2026-07-02 16:28:09.663 9 INFO neutron.api.wsgi [-] 10.0.0.28 "GET / HTTP/1.1" status: 200 len: 245 time: 0.0031695
2026-07-02 16:28:24.388 10 INFO neutron.pecan_wsgi.hooks.translation [None req-16b798bf-9f6f-4184-8762-2ee84b1f5296 a8aa24bd68aa41139e299598e80b27ac 84b441d311bc483885a13e4057a7138f - - default default] GET failed (client error): The resource could not be found.
2026-07-02 16:28:24.389 10 INFO neutron.api.wsgi [None req-16b798bf-9f6f-4184-8762-2ee84b1f5296 a8aa24bd68aa41139e299598e80b27ac 84b441d311bc483885a13e4057a7138f - - default default] 199.19.213.23,10.0.0.28 "GET /v2.0/networks/public HTTP/1.1" status: 404 len: 290 time: 0.0536084
2026-07-02 16:28:24.433 10 INFO neutron.api.wsgi [None req-711fe659-f32e-447c-bde8-30c423982d1a a8aa24bd68aa41139e299598e80b27ac 84b441d311bc483885a13e4057a7138f - - default default] 199.19.213.23,10.0.0.28 "GET /v2.0/networks?name=public HTTP/1.1" status: 200 len: 928 time: 0.0396256
2026-07-02 16:28:24.662 9 INFO neutron.api.wsgi [-] 10.0.0.28 "GET / HTTP/1.1" status: 200 len: 245 time: 0.0021491
2026-07-02 16:28:24.663 10 INFO neutron.api.wsgi [-] 10.0.0.28 "GET / HTTP/1.1" status: 200 len: 245 time: 0.0034640
2026-07-02 16:28:25.611 9 INFO neutron.pecan_wsgi.hooks.translation [None req-445081cd-29d3-4519-a6fc-625fb332a1c8 a8aa24bd68aa41139e299598e80b27ac 84b441d311bc483885a13e4057a7138f - - default default] GET failed (client error): The resource could not be found.
2026-07-02 16:28:25.614 9 INFO neutron.api.wsgi [None req-445081cd-29d3-4519-a6fc-625fb332a1c8 a8aa24bd68aa41139e299598e80b27ac 84b441d311bc483885a13e4057a7138f - - default default] 199.19.213.23,10.0.0.28 "GET /v2.0/networks/public HTTP/1.1" status: 404 len: 290 time: 0.0599549
2026-07-02 16:28:25.677 9 INFO neutron.api.wsgi [None req-a2b528c1-8b11-4361-84ce-3319816c02aa a8aa24bd68aa41139e299598e80b27ac 84b441d311bc483885a13e4057a7138f - - default default] 199.19.213.23,10.0.0.28 "GET /v2.0/networks?name=public HTTP/1.1" status: 200 len: 928 time: 0.0577867
2026-07-02 16:28:25.698 9 INFO neutron.pecan_wsgi.hooks.translation [None req-51adb49c-08f9-4e98-8a77-86bbf0da3931 a8aa24bd68aa41139e299598e80b27ac 84b441d311bc483885a13e4057a7138f - - default default] GET failed (client error): The resource could not be found.
2026-07-02 16:28:25.699 9 INFO neutron.api.wsgi [None req-51adb49c-08f9-4e98-8a77-86bbf0da3931 a8aa24bd68aa41139e299598e80b27ac 84b441d311bc483885a13e4057a7138f - - default default] 199.19.213.23,10.0.0.28 "GET /v2.0/subnets/public-subnet?network_id=d6fe8552-e98e-4cfa-a988-0f3c36a0eb69 HTTP/1.1" status: 404 len: 295 time: 0.0121691
2026-07-02 16:28:25.726 9 INFO neutron.api.wsgi [None req-1b47f9d2-886a-4444-b321-d3d799fdabaf a8aa24bd68aa41139e299598e80b27ac 84b441d311bc483885a13e4057a7138f - - default default] 199.19.213.23,10.0.0.28 "GET /v2.0/subnets?name=public-subnet&network_id=d6fe8552-e98e-4cfa-a988-0f3c36a0eb69 HTTP/1.1" status: 200 len: 842 time: 0.0229075
2026-07-02 16:28:39.664 9 INFO neutron.api.wsgi [-] 10.0.0.28 "GET / HTTP/1.1" status: 200 len: 245 time: 0.0039790
2026-07-02 16:28:39.665 10 INFO neutron.api.wsgi [-] 10.0.0.28 "GET / HTTP/1.1" status: 200 len: 245 time: 0.0022185
2026-07-02 16:28:52.425 10 INFO neutron.pecan_wsgi.hooks.translation [None req-bb7b8b74-e026-4113-8d09-e5474f2083cc a8aa24bd68aa41139e299598e80b27ac 84b441d311bc483885a13e4057a7138f - - default default] GET failed (client error): The resource could not be found.
2026-07-02 16:28:52.426 10 INFO neutron.api.wsgi [None req-bb7b8b74-e026-4113-8d09-e5474f2083cc a8aa24bd68aa41139e299598e80b27ac 84b441d311bc483885a13e4057a7138f - - default default] 199.19.213.23,10.0.0.28 "GET /v2.0/networks/lb-mgmt-net HTTP/1.1" status: 404 len: 295 time: 0.0471599
2026-07-02 16:28:52.471 10 INFO neutron.api.wsgi [None req-a8b49f33-2ea9-4152-a888-f947eec536f3 a8aa24bd68aa41139e299598e80b27ac 84b441d311bc483885a13e4057a7138f - - default default] 199.19.213.23,10.0.0.28 "GET /v2.0/networks?name=lb-mgmt-net HTTP/1.1" status: 200 len: 913 time: 0.0419190
2026-07-02 16:28:53.378 10 INFO neutron.pecan_wsgi.hooks.translation [None req-60f4dfa2-c11b-4e00-83bc-93be31702fb3 a8aa24bd68aa41139e299598e80b27ac 84b441d311bc483885a13e4057a7138f - - default default] GET failed (client error): The resource could not be found.
2026-07-02 16:28:53.379 10 INFO neutron.api.wsgi [None req-60f4dfa2-c11b-4e00-83bc-93be31702fb3 a8aa24bd68aa41139e299598e80b27ac 84b441d311bc483885a13e4057a7138f - - default default] 199.19.213.23,10.0.0.28 "GET /v2.0/networks/lb-mgmt-net HTTP/1.1" status: 404 len: 295 time: 0.0430660
2026-07-02 16:28:53.422 10 INFO neutron.api.wsgi [None req-5446bd97-5df5-43d4-bf14-7005e306030f a8aa24bd68aa41139e299598e80b27ac 84b441d311bc483885a13e4057a7138f - - default default] 199.19.213.23,10.0.0.28 "GET /v2.0/networks?name=lb-mgmt-net HTTP/1.1" status: 200 len: 913 time: 0.0401599
2026-07-02 16:28:53.438 10 INFO neutron.pecan_wsgi.hooks.translation [None req-eec983a6-c3fc-4014-a568-c1d9e2b2d7ea a8aa24bd68aa41139e299598e80b27ac 84b441d311bc483885a13e4057a7138f - - default default] GET failed (client error): The resource could not be found.
2026-07-02 16:28:53.439 10 INFO neutron.api.wsgi [None req-eec983a6-c3fc-4014-a568-c1d9e2b2d7ea a8aa24bd68aa41139e299598e80b27ac 84b441d311bc483885a13e4057a7138f - - default default] 199.19.213.23,10.0.0.28 "GET /v2.0/subnets/lb-mgmt-subnet?network_id=b18a64c2-7baf-4042-8388-0625bb0c7796 HTTP/1.1" status: 404 len: 296 time: 0.0104468
2026-07-02 16:28:53.464 10 INFO neutron.api.wsgi [None req-6f66befd-7a30-498f-b89e-aedb4cceb1d0 a8aa24bd68aa41139e299598e80b27ac 84b441d311bc483885a13e4057a7138f - - default default] 199.19.213.23,10.0.0.28 "GET /v2.0/subnets?name=lb-mgmt-subnet&network_id=b18a64c2-7baf-4042-8388-0625bb0c7796 HTTP/1.1" status: 200 len: 829 time: 0.0220859
2026-07-02 16:28:54.603 10 INFO neutron.api.v2.resource [None req-a9f895fc-5c9c-4742-b5e9-8468821e9dea a8aa24bd68aa41139e299598e80b27ac 84b441d311bc483885a13e4057a7138f - - default default] show failed (client error): The resource could not be found.
2026-07-02 16:28:54.604 10 INFO neutron.api.wsgi [None req-a9f895fc-5c9c-4742-b5e9-8468821e9dea a8aa24bd68aa41139e299598e80b27ac 84b441d311bc483885a13e4057a7138f - - default default] 199.19.213.23,10.0.0.28 "GET /v2.0/security-groups/lb-health-mgr-sec-grp HTTP/1.1" status: 404 len: 313 time: 0.0544162
2026-07-02 16:28:54.638 10 INFO neutron.api.wsgi [None req-c35e775a-9b43-487b-83f8-1b0ee387f056 a8aa24bd68aa41139e299598e80b27ac 84b441d311bc483885a13e4057a7138f - - default default] 199.19.213.23,10.0.0.28 "GET /v2.0/security-groups?name=lb-health-mgr-sec-grp HTTP/1.1" status: 200 len: 4866 time: 0.0306363
2026-07-02 16:28:54.660 9 INFO neutron.api.wsgi [-] 10.0.0.28 "GET / HTTP/1.1" status: 200 len: 245 time: 0.0014741
2026-07-02 16:28:54.662 10 INFO neutron.api.wsgi [-] 10.0.0.28 "GET / HTTP/1.1" status: 200 len: 245 time: 0.0025055
2026-07-02 16:28:55.823 9 INFO neutron.api.wsgi [None req-8bf1f618-ab96-49f4-bdc2-ac0ec8bdd4cf a8aa24bd68aa41139e299598e80b27ac 84b441d311bc483885a13e4057a7138f - - default default] 199.19.213.23,10.0.0.28 "GET /v2.0/security-groups/126bfe4a-8462-46c5-a065-9abddc15de84 HTTP/1.1" status: 200 len: 4870 time: 0.0665228
2026-07-02 16:28:55.855 9 INFO neutron.api.wsgi [None req-543320da-bb9e-4d6a-ad46-d36ccaddeda9 a8aa24bd68aa41139e299598e80b27ac 84b441d311bc483885a13e4057a7138f - - default default] 199.19.213.23,10.0.0.28 "GET /v2.0/security-groups/126bfe4a-8462-46c5-a065-9abddc15de84 HTTP/1.1" status: 200 len: 4870 time: 0.0264103
2026-07-02 16:28:55.878 9 INFO neutron.api.wsgi [None req-6c1f934a-f7ce-4285-9cf5-ca4c73fcc957 a8aa24bd68aa41139e299598e80b27ac 84b441d311bc483885a13e4057a7138f - - default default] 199.19.213.23,10.0.0.28 "GET /v2.0/security-group-rules/bfebdda5-bbf4-4d24-b142-160e840c31d7 HTTP/1.1" status: 200 len: 776 time: 0.0183876
2026-07-02 16:28:56.743 10 INFO neutron.api.wsgi [None req-53a3dcdd-e92f-4415-a170-2010409592ff a8aa24bd68aa41139e299598e80b27ac 84b441d311bc483885a13e4057a7138f - - default default] 199.19.213.23,10.0.0.28 "GET /v2.0/security-groups/126bfe4a-8462-46c5-a065-9abddc15de84 HTTP/1.1" status: 200 len: 4870 time: 0.0580795
2026-07-02 16:28:56.776 10 INFO neutron.api.wsgi [None req-21b91bff-b914-4665-862b-2e265786edfa a8aa24bd68aa41139e299598e80b27ac 84b441d311bc483885a13e4057a7138f - - default default] 199.19.213.23,10.0.0.28 "GET /v2.0/security-groups/126bfe4a-8462-46c5-a065-9abddc15de84 HTTP/1.1" status: 200 len: 4870 time: 0.0264068
2026-07-02 16:28:56.796 10 INFO neutron.api.wsgi [None req-6ae386e9-fd0b-4a61-952f-0cbeb59798ca a8aa24bd68aa41139e299598e80b27ac 84b441d311bc483885a13e4057a7138f - - default default] 199.19.213.23,10.0.0.28 "GET /v2.0/security-group-rules/1ba6d0f9-f28c-425c-8c5a-a0d471dd171e HTTP/1.1" status: 200 len: 778 time: 0.0126028
2026-07-02 16:28:57.715 9 INFO neutron.api.wsgi [None req-0582a130-a32d-433e-9422-3251375ee96b a8aa24bd68aa41139e299598e80b27ac 84b441d311bc483885a13e4057a7138f - - default default] 199.19.213.23,10.0.0.28 "GET /v2.0/security-groups/126bfe4a-8462-46c5-a065-9abddc15de84 HTTP/1.1" status: 200 len: 4870 time: 0.0727735
2026-07-02 16:28:57.747 9 INFO neutron.api.wsgi [None req-fc7a7ec3-be3a-40ff-8459-f568a96a3c44 a8aa24bd68aa41139e299598e80b27ac 84b441d311bc483885a13e4057a7138f - - default default] 199.19.213.23,10.0.0.28 "GET /v2.0/security-groups/126bfe4a-8462-46c5-a065-9abddc15de84 HTTP/1.1" status: 200 len: 4870 time: 0.0274394
2026-07-02 16:28:57.769 9 INFO neutron.api.wsgi [None req-bbb93c7a-a813-4e1d-b2ed-561866336342 a8aa24bd68aa41139e299598e80b27ac 84b441d311bc483885a13e4057a7138f - - default default] 199.19.213.23,10.0.0.28 "GET /v2.0/security-group-rules/15bc1866-0c61-4265-98e6-a99473b61596 HTTP/1.1" status: 200 len: 778 time: 0.0148828
2026-07-02 16:28:58.641 9 INFO neutron.api.wsgi [None req-8f528d85-b3af-4ec8-bc70-b678d03f7f5d a8aa24bd68aa41139e299598e80b27ac 84b441d311bc483885a13e4057a7138f - - default default] 199.19.213.23,10.0.0.28 "GET /v2.0/security-groups/126bfe4a-8462-46c5-a065-9abddc15de84 HTTP/1.1" status: 200 len: 4870 time: 0.0718563
2026-07-02 16:28:58.682 9 INFO neutron.api.wsgi [None req-72fbadf4-a540-44f5-bdad-7b94dbb2740b a8aa24bd68aa41139e299598e80b27ac 84b441d311bc483885a13e4057a7138f - - default default] 199.19.213.23,10.0.0.28 "GET /v2.0/security-groups/126bfe4a-8462-46c5-a065-9abddc15de84 HTTP/1.1" status: 200 len: 4870 time: 0.0347037
2026-07-02 16:28:58.700 9 INFO neutron.api.wsgi [None req-cc52e013-e6d8-4f6e-8346-6b39e037eed4 a8aa24bd68aa41139e299598e80b27ac 84b441d311bc483885a13e4057a7138f - - default default] 199.19.213.23,10.0.0.28 "GET /v2.0/security-group-rules/70f3e2bf-b1c2-45e4-8ccb-41d87b2789c1 HTTP/1.1" status: 200 len: 778 time: 0.0128598
2026-07-02 16:28:59.599 10 INFO neutron.api.wsgi [None req-156354bf-3e6f-4608-9c03-bc81432abab9 a8aa24bd68aa41139e299598e80b27ac 84b441d311bc483885a13e4057a7138f - - default default] 199.19.213.23,10.0.0.28 "GET /v2.0/security-groups/126bfe4a-8462-46c5-a065-9abddc15de84 HTTP/1.1" status: 200 len: 4870 time: 0.0699227
2026-07-02 16:28:59.646 10 INFO neutron.api.wsgi [None req-fe5b57c8-9434-45f2-8b82-6cc0f0d99e6e a8aa24bd68aa41139e299598e80b27ac 84b441d311bc483885a13e4057a7138f - - default default] 199.19.213.23,10.0.0.28 "GET /v2.0/security-groups/126bfe4a-8462-46c5-a065-9abddc15de84 HTTP/1.1" status: 200 len: 4870 time: 0.0404134
2026-07-02 16:28:59.669 10 INFO neutron.api.wsgi [None req-070674a6-6b16-44c8-9581-38d484b37ce7 a8aa24bd68aa41139e299598e80b27ac 84b441d311bc483885a13e4057a7138f - - default default] 199.19.213.23,10.0.0.28 "GET /v2.0/security-group-rules/b7d2bb2a-e9e2-428c-9e6b-ac52fff64bec HTTP/1.1" status: 200 len: 778 time: 0.0176010
2026-07-02 16:29:00.269 9 INFO neutron.api.wsgi [None req-a8b759f5-cf98-4028-8fbc-6c6cadbe7eb2 a8aa24bd68aa41139e299598e80b27ac 84b441d311bc483885a13e4057a7138f - - default default] 10.0.0.157 "GET /v2.0/floatingips HTTP/1.1" status: 200 len: 193 time: 0.0478539
2026-07-02 16:29:00.303 9 INFO neutron.api.wsgi [None req-1b3c6a1b-cbaf-4220-a8e6-6748f6c30d54 a8aa24bd68aa41139e299598e80b27ac 84b441d311bc483885a13e4057a7138f - - default default] 10.0.0.157 "GET /v2.0/ports HTTP/1.1" status: 200 len: 5351 time: 0.0332270
2026-07-02 16:29:00.327 9 INFO neutron.api.wsgi [None req-66f0744c-d0de-4149-af3b-835be049aed7 a8aa24bd68aa41139e299598e80b27ac 84b441d311bc483885a13e4057a7138f - - default default] 10.0.0.157 "GET /v2.0/routers HTTP/1.1" status: 200 len: 189 time: 0.0189080
2026-07-02 16:29:00.360 9 INFO neutron.api.wsgi [None req-afde76f0-3319-47e1-89b2-bb878cc7a5ec a8aa24bd68aa41139e299598e80b27ac 84b441d311bc483885a13e4057a7138f - - default default] 10.0.0.157 "GET /v2.0/agents?binary=ovn-controller HTTP/1.1" status: 200 len: 591 time: 0.0320752
2026-07-02 16:29:00.369 9 INFO neutron.api.wsgi [None req-bf88020c-8aa4-46e3-bbe5-3e2e6960102f a8aa24bd68aa41139e299598e80b27ac 84b441d311bc483885a13e4057a7138f - - default default] 10.0.0.157 "GET /v2.0/network-ip-availabilities HTTP/1.1" status: 200 len: 1280 time: 0.0083392
2026-07-02 16:29:00.405 9 INFO neutron.api.wsgi [None req-26ae743b-7250-4ce0-8b52-08acd698a2f5 a8aa24bd68aa41139e299598e80b27ac 84b441d311bc483885a13e4057a7138f - - default default] 10.0.0.157 "GET /v2.0/security-groups HTTP/1.1" status: 200 len: 17578 time: 0.0347397
2026-07-02 16:29:00.422 9 INFO neutron.api.wsgi [None req-24521036-922f-4741-95f5-c07420878302 a8aa24bd68aa41139e299598e80b27ac 84b441d311bc483885a13e4057a7138f - - default default] 10.0.0.157 "GET /v2.0/agents HTTP/1.1" status: 200 len: 1390 time: 0.0103097
2026-07-02 16:29:00.449 9 INFO neutron.api.wsgi [None req-e3882f81-b9a8-4d73-b875-d802b5dcde9c a8aa24bd68aa41139e299598e80b27ac 84b441d311bc483885a13e4057a7138f - - default default] 10.0.0.157 "GET /v2.0/subnets HTTP/1.1" status: 200 len: 1484 time: 0.0266306
2026-07-02 16:29:00.455 9 INFO neutron.api.wsgi [None req-8eb10aa8-456f-4758-bfcc-753125f12c82 a8aa24bd68aa41139e299598e80b27ac 84b441d311bc483885a13e4057a7138f - - default default] 10.0.0.157 "GET /v2.0/subnetpools HTTP/1.1" status: 200 len: 193 time: 0.0050645
2026-07-02 16:29:00.485 9 INFO neutron.api.wsgi [None req-bfeb0c04-914a-4301-b7e1-ecb47589e318 a8aa24bd68aa41139e299598e80b27ac 84b441d311bc483885a13e4057a7138f - - default default] 10.0.0.157 "GET /v2.0/subnets HTTP/1.1" status: 200 len: 1484 time: 0.0296385
2026-07-02 16:29:00.527 9 INFO neutron.api.wsgi [None req-9144f44e-12a5-4b44-8a9e-da0cc1efab11 a8aa24bd68aa41139e299598e80b27ac 84b441d311bc483885a13e4057a7138f - - default default] 10.0.0.157 "GET /v2.0/networks HTTP/1.1" status: 200 len: 2350 time: 0.0405848
2026-07-02 16:29:00.917 9 INFO neutron.api.wsgi [None req-6d4a919d-97df-49e8-920e-a458c0fd993c a8aa24bd68aa41139e299598e80b27ac 84b441d311bc483885a13e4057a7138f - - default default] 199.19.213.23,10.0.0.28 "GET /v2.0/networks/b18a64c2-7baf-4042-8388-0625bb0c7796 HTTP/1.1" status: 200 len: 910 time: 0.0733345
2026-07-02 16:29:00.941 9 INFO neutron.pecan_wsgi.hooks.translation [None req-dfdccbde-e9f0-416f-8d2b-201e3e5a7ca4 a8aa24bd68aa41139e299598e80b27ac 84b441d311bc483885a13e4057a7138f - - default default] GET failed (client error): The resource could not be found.
2026-07-02 16:29:00.943 9 INFO neutron.api.wsgi [None req-dfdccbde-e9f0-416f-8d2b-201e3e5a7ca4 a8aa24bd68aa41139e299598e80b27ac 84b441d311bc483885a13e4057a7138f - - default default] 199.19.213.23,10.0.0.28 "GET /v2.0/ports/octavia-health-manager-port-instance?network_id=b18a64c2-7baf-4042-8388-0625bb0c7796 HTTP/1.1" status: 404 len: 314 time: 0.0194490
2026-07-02 16:29:00.992 9 INFO neutron.api.wsgi [None req-e3bb29e5-20bd-43c8-a50d-a1606425420b a8aa24bd68aa41139e299598e80b27ac 84b441d311bc483885a13e4057a7138f - - default default] 199.19.213.23,10.0.0.28 "GET /v2.0/ports?name=octavia-health-manager-port-instance&network_id=b18a64c2-7baf-4042-8388-0625bb0c7796 HTTP/1.1" status: 200 len: 1399 time: 0.0449252
2026-07-02 16:29:01.028 9 INFO neutron.api.wsgi [None req-fc7025a3-e323-47d4-b0c9-adddf8dd98ae a8aa24bd68aa41139e299598e80b27ac 84b441d311bc483885a13e4057a7138f - - default default] 199.19.213.23,10.0.0.28 "GET /v2.0/security-groups/126bfe4a-8462-46c5-a065-9abddc15de84 HTTP/1.1" status: 200 len: 4870 time: 0.0302925
2026-07-02 16:29:07.514 9 INFO neutron.pecan_wsgi.hooks.translation [None req-1167937b-8602-4305-9888-3a59dd1cf9cd a8aa24bd68aa41139e299598e80b27ac 84b441d311bc483885a13e4057a7138f - - default default] GET failed (client error): The resource could not be found.
2026-07-02 16:29:07.515 9 INFO neutron.api.wsgi [None req-1167937b-8602-4305-9888-3a59dd1cf9cd a8aa24bd68aa41139e299598e80b27ac 84b441d311bc483885a13e4057a7138f - - default default] 199.19.213.23,10.0.0.28 "GET /v2.0/ports/octavia-health-manager-port-instance HTTP/1.1" status: 404 len: 314 time: 0.0492246
2026-07-02 16:29:07.565 9 INFO neutron.api.wsgi [None req-44e29aee-de31-49a4-83bd-6c6b691c2d3f a8aa24bd68aa41139e299598e80b27ac 84b441d311bc483885a13e4057a7138f - - default default] 199.19.213.23,10.0.0.28 "GET /v2.0/ports?name=octavia-health-manager-port-instance HTTP/1.1" status: 200 len: 1399 time: 0.0480971
2026-07-02 16:29:09.067 10 INFO neutron.api.wsgi [None req-daacd81d-3e64-400a-9ae2-ab23d1d4b841 a8aa24bd68aa41139e299598e80b27ac 84b441d311bc483885a13e4057a7138f - - default default] 199.19.213.23,10.0.0.28 "GET /v2.0/ports HTTP/1.1" status: 200 len: 5351 time: 0.0698888
2026-07-02 16:29:09.662 9 INFO neutron.api.wsgi [-] 10.0.0.28 "GET / HTTP/1.1" status: 200 len: 245 time: 0.0027382
2026-07-02 16:29:09.667 9 INFO neutron.api.wsgi [-] 10.0.0.28 "GET / HTTP/1.1" status: 200 len: 245 time: 0.0026693
2026-07-02 16:29:10.136 10 INFO neutron.api.v2.resource [None req-e3515832-89c9-4c7a-94ef-3e95c6971dc9 a8aa24bd68aa41139e299598e80b27ac 84b441d311bc483885a13e4057a7138f - - default default] show failed (client error): The resource could not be found.
2026-07-02 16:29:10.137 10 INFO neutron.api.wsgi [None req-e3515832-89c9-4c7a-94ef-3e95c6971dc9 a8aa24bd68aa41139e299598e80b27ac 84b441d311bc483885a13e4057a7138f - - default default] 199.19.213.23,10.0.0.28 "GET /v2.0/security-groups/lb-mgmt-sec-grp HTTP/1.1" status: 404 len: 307 time: 0.0350790
2026-07-02 16:29:10.169 10 INFO neutron.api.wsgi [None req-5507d4c8-57d0-4fc2-8477-213d8dad39f1 a8aa24bd68aa41139e299598e80b27ac 84b441d311bc483885a13e4057a7138f - - default default] 199.19.213.23,10.0.0.28 "GET /v2.0/security-groups?name=lb-mgmt-sec-grp HTTP/1.1" status: 200 len: 3061 time: 0.0283904
2026-07-02 16:29:11.144 9 INFO neutron.api.wsgi [None req-dec4d7d5-78f1-4324-8918-a994a7bddf57 a8aa24bd68aa41139e299598e80b27ac 84b441d311bc483885a13e4057a7138f - - default default] 199.19.213.23,10.0.0.28 "GET /v2.0/security-groups/ce325299-2bfd-4ae2-980e-a1e1f599d4cb HTTP/1.1" status: 200 len: 3062 time: 0.0555882
2026-07-02 16:29:11.180 9 INFO neutron.api.wsgi [None req-8586e304-8a54-45de-97da-8b80b9e2b1e7 a8aa24bd68aa41139e299598e80b27ac 84b441d311bc483885a13e4057a7138f - - default default] 199.19.213.23,10.0.0.28 "GET /v2.0/security-groups/ce325299-2bfd-4ae2-980e-a1e1f599d4cb HTTP/1.1" status: 200 len: 3062 time: 0.0287168
2026-07-02 16:29:11.203 9 INFO neutron.api.wsgi [None req-25f712f5-b3c9-4106-8207-378096b4492c a8aa24bd68aa41139e299598e80b27ac 84b441d311bc483885a13e4057a7138f - - default default] 199.19.213.23,10.0.0.28 "GET /v2.0/security-group-rules/608623b4-d9b5-4342-9dcd-7e46237245ea HTTP/1.1" status: 200 len: 798 time: 0.0161884
2026-07-02 16:29:12.101 10 INFO neutron.api.wsgi [None req-4c804905-4ef7-430c-a1ce-b1802d40359b a8aa24bd68aa41139e299598e80b27ac 84b441d311bc483885a13e4057a7138f - - default default] 199.19.213.23,10.0.0.28 "GET /v2.0/security-groups/ce325299-2bfd-4ae2-980e-a1e1f599d4cb HTTP/1.1" status: 200 len: 3062 time: 0.0555594
2026-07-02 16:29:12.134 10 INFO neutron.api.wsgi [None req-9ac36529-a151-4677-bb6d-fcb2782080f1 a8aa24bd68aa41139e299598e80b27ac 84b441d311bc483885a13e4057a7138f - - default default] 199.19.213.23,10.0.0.28 "GET /v2.0/security-groups/ce325299-2bfd-4ae2-980e-a1e1f599d4cb HTTP/1.1" status: 200 len: 3062 time: 0.0245724
2026-07-02 16:29:12.154 10 INFO neutron.api.wsgi [None req-773f08fc-2849-4e01-9a6a-59b4e7625d57 a8aa24bd68aa41139e299598e80b27ac 84b441d311bc483885a13e4057a7138f - - default default] 199.19.213.23,10.0.0.28 "GET /v2.0/security-group-rules/cab3a10b-d535-4e86-a865-8f1f52e0d4a9 HTTP/1.1" status: 200 len: 802 time: 0.0122290
2026-07-02 16:29:24.260 10 INFO neutron.api.wsgi [None req-953c5c37-14a4-4292-b683-a73432b2c241 a8aa24bd68aa41139e299598e80b27ac 84b441d311bc483885a13e4057a7138f - - default default] 199.19.213.23,10.0.0.28 "GET /v2.0/quotas/84b441d311bc483885a13e4057a7138f HTTP/1.1" status: 200 len: 466 time: 0.0103457
2026-07-02 16:29:24.662 9 INFO neutron.api.wsgi [-] 10.0.0.28 "GET / HTTP/1.1" status: 200 len: 245 time: 0.0018477
2026-07-02 16:29:24.663 10 INFO neutron.api.wsgi [-] 10.0.0.28 "GET / HTTP/1.1" status: 200 len: 245 time: 0.0020843
2026-07-02 16:29:29.784 15 INFO neutron.plugins.ml2.drivers.ovn.mech_driver.ovsdb.maintenance [None req-c6e793eb-8983-4745-84bd-662f0933c45e - - - - - -] OVN maintenance task check_for_inconsistencies finished in 0.016 seconds
2026-07-02 16:29:39.662 10 INFO neutron.api.wsgi [-] 10.0.0.28 "GET / HTTP/1.1" status: 200 len: 245 time: 0.0019641
2026-07-02 16:29:39.664 10 INFO neutron.api.wsgi [-] 10.0.0.28 "GET / HTTP/1.1" status: 200 len: 245 time: 0.0012043
2026-07-02 16:29:54.661 10 INFO neutron.api.wsgi [-] 10.0.0.28 "GET / HTTP/1.1" status: 200 len: 245 time: 0.0017064
2026-07-02 16:29:54.662 9 INFO neutron.api.wsgi [-] 10.0.0.28 "GET / HTTP/1.1" status: 200 len: 245 time: 0.0018964
2026-07-02 16:30:00.310 9 INFO neutron.api.wsgi [None req-375cb915-2cfe-4f5a-8977-40747eeaa5a6 a8aa24bd68aa41139e299598e80b27ac 84b441d311bc483885a13e4057a7138f - - default default] 10.0.0.157 "GET /v2.0/floatingips HTTP/1.1" status: 200 len: 193 time: 0.0503905
2026-07-02 16:30:00.366 9 INFO neutron.api.wsgi [None req-2ed2dc26-4588-4d96-912a-b6a6ca63a0c0 a8aa24bd68aa41139e299598e80b27ac 84b441d311bc483885a13e4057a7138f - - default default] 10.0.0.157 "GET /v2.0/networks HTTP/1.1" status: 200 len: 2350 time: 0.0554135
2026-07-02 16:30:00.431 9 INFO neutron.api.wsgi [None req-f90249a7-245f-4c5f-8646-29fae033fc56 a8aa24bd68aa41139e299598e80b27ac 84b441d311bc483885a13e4057a7138f - - default default] 10.0.0.157 "GET /v2.0/security-groups HTTP/1.1" status: 200 len: 17578 time: 0.0628464
2026-07-02 16:30:00.496 9 INFO neutron.api.wsgi [None req-bdf029be-ddd5-460f-ae79-6733fd054084 a8aa24bd68aa41139e299598e80b27ac 84b441d311bc483885a13e4057a7138f - - default default] 10.0.0.157 "GET /v2.0/routers HTTP/1.1" status: 200 len: 189 time: 0.0581942
2026-07-02 16:30:00.534 9 INFO neutron.api.wsgi [None req-5e2d013e-1b52-48c8-b3d7-e319952cb8c3 a8aa24bd68aa41139e299598e80b27ac 84b441d311bc483885a13e4057a7138f - - default default] 10.0.0.157 "GET /v2.0/agents?binary=ovn-controller HTTP/1.1" status: 200 len: 591 time: 0.0378945
2026-07-02 16:30:00.544 9 INFO neutron.api.wsgi [None req-a83fcfaf-3a58-4d23-838b-5d50313778c4 a8aa24bd68aa41139e299598e80b27ac 84b441d311bc483885a13e4057a7138f - - default default] 10.0.0.157 "GET /v2.0/network-ip-availabilities HTTP/1.1" status: 200 len: 1280 time: 0.0095589
2026-07-02 16:30:00.573 9 INFO neutron.api.wsgi [None req-81aaa6f0-8050-4720-8314-b072478dbd00 a8aa24bd68aa41139e299598e80b27ac 84b441d311bc483885a13e4057a7138f - - default default] 10.0.0.157 "GET /v2.0/subnets HTTP/1.1" status: 200 len: 1484 time: 0.0272584
2026-07-02 16:30:00.618 9 INFO neutron.api.wsgi [None req-1d6103b0-9429-4d25-ab97-3ad3632d0981 a8aa24bd68aa41139e299598e80b27ac 84b441d311bc483885a13e4057a7138f - - default default] 10.0.0.157 "GET /v2.0/ports HTTP/1.1" status: 200 len: 5351 time: 0.0437908
2026-07-02 16:30:00.633 9 INFO neutron.api.wsgi [None req-cfcbd565-b26b-4575-8243-6ebac061f23f a8aa24bd68aa41139e299598e80b27ac 84b441d311bc483885a13e4057a7138f - - default default] 10.0.0.157 "GET /v2.0/agents HTTP/1.1" status: 200 len: 1390 time: 0.0102928
2026-07-02 16:30:00.655 9 INFO neutron.api.wsgi [None req-6fbc975a-6906-4297-9880-02bba5194618 a8aa24bd68aa41139e299598e80b27ac 84b441d311bc483885a13e4057a7138f - - default default] 10.0.0.157 "GET /v2.0/subnets HTTP/1.1" status: 200 len: 1484 time: 0.0204685
2026-07-02 16:30:00.662 9 INFO neutron.api.wsgi [None req-b276b21a-4b04-4c00-b41d-81379d731b67 a8aa24bd68aa41139e299598e80b27ac 84b441d311bc483885a13e4057a7138f - - default default] 10.0.0.157 "GET /v2.0/subnetpools HTTP/1.1" status: 200 len: 193 time: 0.0065987
2026-07-02 16:30:09.661 10 INFO neutron.api.wsgi [-] 10.0.0.28 "GET / HTTP/1.1" status: 200 len: 245 time: 0.0019531
2026-07-02 16:30:09.662 9 INFO neutron.api.wsgi [-] 10.0.0.28 "GET / HTTP/1.1" status: 200 len: 245 time: 0.0024648
2026-07-02 16:30:15.952 10 INFO neutron.api.v2.resource [None req-50e5b4de-3d2e-40fe-8e51-b7a91553d4f1 a8aa24bd68aa41139e299598e80b27ac 84b441d311bc483885a13e4057a7138f - - default default] show failed (client error): The resource could not be found.
2026-07-02 16:30:15.954 10 INFO neutron.api.wsgi [None req-50e5b4de-3d2e-40fe-8e51-b7a91553d4f1 a8aa24bd68aa41139e299598e80b27ac 84b441d311bc483885a13e4057a7138f - - default default] 199.19.213.23,10.0.0.28 "GET /v2.0/security-groups/manila-service-security-group?project_id=6764db65cfc44094b43f5cc35746ec70 HTTP/1.1" status: 404 len: 321 time: 0.0477684
2026-07-02 16:30:15.993 10 INFO neutron.api.wsgi [None req-2cc2b37d-8623-4ccb-b7ea-9deffa094227 a8aa24bd68aa41139e299598e80b27ac 84b441d311bc483885a13e4057a7138f - - default default] 199.19.213.23,10.0.0.28 "GET /v2.0/security-groups?name=manila-service-security-group&project_id=6764db65cfc44094b43f5cc35746ec70 HTTP/1.1" status: 200 len: 4248 time: 0.0357983
2026-07-02 16:30:17.028 10 INFO neutron.api.wsgi [None req-a938c0ca-0bfe-4611-9567-9eb413a55d36 a8aa24bd68aa41139e299598e80b27ac 84b441d311bc483885a13e4057a7138f - - default default] 199.19.213.23,10.0.0.28 "GET /v2.0/security-groups/d6a1381b-b689-42dc-a319-eccaebb37889?project_id=6764db65cfc44094b43f5cc35746ec70 HTTP/1.1" status: 200 len: 4251 time: 0.0556622
2026-07-02 16:30:17.062 10 INFO neutron.api.wsgi [None req-0b5aa08e-73f4-423c-8d4d-2120536c5861 a8aa24bd68aa41139e299598e80b27ac 84b441d311bc483885a13e4057a7138f - - default default] 199.19.213.23,10.0.0.28 "GET /v2.0/security-groups/d6a1381b-b689-42dc-a319-eccaebb37889 HTTP/1.1" status: 200 len: 4251 time: 0.0270038
2026-07-02 16:30:17.087 10 INFO neutron.api.wsgi [None req-e935ca5a-c9cf-4ed3-8d74-1f045b33b206 a8aa24bd68aa41139e299598e80b27ac 84b441d311bc483885a13e4057a7138f - - default default] 199.19.213.23,10.0.0.28 "GET /v2.0/security-group-rules/a17e4c32-1b7e-4bee-b5cd-9d73ca704e7c HTTP/1.1" status: 200 len: 772 time: 0.0150671
2026-07-02 16:30:18.009 10 INFO neutron.api.wsgi [None req-1428d24c-27b5-4336-8c18-3b63698bf62e a8aa24bd68aa41139e299598e80b27ac 84b441d311bc483885a13e4057a7138f - - default default] 199.19.213.23,10.0.0.28 "GET /v2.0/security-groups/d6a1381b-b689-42dc-a319-eccaebb37889?project_id=6764db65cfc44094b43f5cc35746ec70 HTTP/1.1" status: 200 len: 4251 time: 0.0556443
2026-07-02 16:30:18.045 10 INFO neutron.api.wsgi [None req-8cc5e660-9aef-461d-8f74-80ec672f7b46 a8aa24bd68aa41139e299598e80b27ac 84b441d311bc483885a13e4057a7138f - - default default] 199.19.213.23,10.0.0.28 "GET /v2.0/security-groups/d6a1381b-b689-42dc-a319-eccaebb37889 HTTP/1.1" status: 200 len: 4251 time: 0.0290802
2026-07-02 16:30:18.067 10 INFO neutron.api.wsgi [None req-b8cb721b-b91f-44a8-b319-c289e97c3f50 a8aa24bd68aa41139e299598e80b27ac 84b441d311bc483885a13e4057a7138f - - default default] 199.19.213.23,10.0.0.28 "GET /v2.0/security-group-rules/408ffb64-5588-4c08-b77e-1f8544a26520 HTTP/1.1" status: 200 len: 774 time: 0.0137596
2026-07-02 16:30:19.012 10 INFO neutron.api.wsgi [None req-c229f2e6-ccfc-46b3-8362-cd5f726aa351 a8aa24bd68aa41139e299598e80b27ac 84b441d311bc483885a13e4057a7138f - - default default] 199.19.213.23,10.0.0.28 "GET /v2.0/security-groups/d6a1381b-b689-42dc-a319-eccaebb37889?project_id=6764db65cfc44094b43f5cc35746ec70 HTTP/1.1" status: 200 len: 4251 time: 0.0540433
2026-07-02 16:30:19.047 10 INFO neutron.api.wsgi [None req-d3cdcdb2-b9f0-4f7f-bc86-20925e5faeec a8aa24bd68aa41139e299598e80b27ac 84b441d311bc483885a13e4057a7138f - - default default] 199.19.213.23,10.0.0.28 "GET /v2.0/security-groups/d6a1381b-b689-42dc-a319-eccaebb37889 HTTP/1.1" status: 200 len: 4251 time: 0.0277035
2026-07-02 16:30:19.068 10 INFO neutron.api.wsgi [None req-c95d1a66-350a-48f0-97db-0acc29fd17bd a8aa24bd68aa41139e299598e80b27ac 84b441d311bc483885a13e4057a7138f - - default default] 199.19.213.23,10.0.0.28 "GET /v2.0/security-group-rules/c08a537e-fb19-41bf-8678-deb76f67168e HTTP/1.1" status: 200 len: 776 time: 0.0118082
2026-07-02 16:30:20.073 10 INFO neutron.api.wsgi [None req-f45871fe-fcb7-4094-bb58-e138206bddbd a8aa24bd68aa41139e299598e80b27ac 84b441d311bc483885a13e4057a7138f - - default default] 199.19.213.23,10.0.0.28 "GET /v2.0/security-groups/d6a1381b-b689-42dc-a319-eccaebb37889?project_id=6764db65cfc44094b43f5cc35746ec70 HTTP/1.1" status: 200 len: 4251 time: 0.0598192
2026-07-02 16:30:20.105 10 INFO neutron.api.wsgi [None req-be523c5f-d191-4ef9-8f96-0e4729699268 a8aa24bd68aa41139e299598e80b27ac 84b441d311bc483885a13e4057a7138f - - default default] 199.19.213.23,10.0.0.28 "GET /v2.0/security-groups/d6a1381b-b689-42dc-a319-eccaebb37889 HTTP/1.1" status: 200 len: 4251 time: 0.0239170
2026-07-02 16:30:20.127 10 INFO neutron.api.wsgi [None req-630ba45f-534e-46ac-8fd5-bcc9f2a6f697 a8aa24bd68aa41139e299598e80b27ac 84b441d311bc483885a13e4057a7138f - - default default] 199.19.213.23,10.0.0.28 "GET /v2.0/security-group-rules/f042299d-c1da-40a8-b744-da2b5d72820f HTTP/1.1" status: 200 len: 777 time: 0.0139699
2026-07-02 16:30:24.661 10 INFO neutron.api.wsgi [-] 10.0.0.28 "GET / HTTP/1.1" status: 200 len: 245 time: 0.0020435
