2026-07-02 16:35:01.956 9 INFO neutron.db.ovn_revision_numbers_db [None req-fe2c84fd-e172-4218-8882-cfcff77366b9 44de138547444327bc95bad0574e819b 3c049de5523f497896240cf6b8520fd0 - - default default] Successfully bumped revision number for resource 8a0373e8-ddfb-4045-b4a9-c15abaa61aea (type: ports) to 1
2026-07-02 16:35:01.964 10 INFO neutron.api.wsgi [None req-23e5b8b7-577e-4c24-aaa6-8202fb51203e a8aa24bd68aa41139e299598e80b27ac 84b441d311bc483885a13e4057a7138f - - default default] 10.0.0.144 "PUT /v2.0/routers/7691aac6-40ec-4992-9433-397c23fb4236/remove_router_interface HTTP/1.1" status: 200 len: 503 time: 1.5337009
2026-07-02 16:35:01.985 10 INFO neutron.db.ovn_revision_numbers_db [None req-c6de5fb5-5368-497f-a5be-218a737e1e43 4921a2cae1fc475e9c1e1d343e57d148 22414999e93340d5bf89513763dbf341 - - default default] Successfully bumped revision number for resource 65968091-7d4e-4b67-8822-63aa393ae818 (type: floatingips) to 1
2026-07-02 16:35:01.986 10 INFO neutron.db.l3_db [None req-c6de5fb5-5368-497f-a5be-218a737e1e43 4921a2cae1fc475e9c1e1d343e57d148 22414999e93340d5bf89513763dbf341 - - default default] Floating IP 65968091-7d4e-4b67-8822-63aa393ae818 associated. External IP: 10.96.250.204, port: 106a15ba-de3f-4b6e-9989-f6edfc4808bb.
2026-07-02 16:35:01.994 9 INFO neutron.api.wsgi [None req-fe2c84fd-e172-4218-8882-cfcff77366b9 44de138547444327bc95bad0574e819b 3c049de5523f497896240cf6b8520fd0 - - default default] 10.0.0.144 "POST /v2.0/networks HTTP/1.1" status: 201 len: 831 time: 0.4701917 /var/lib/openstack/lib/python3.12/site-packages/pycadf/identifier.py:71: UserWarning: Invalid uuid: neutron. To ensure interoperability, identifiers should be a valid uuid. warnings.warn(('Invalid uuid: %s. To ensure interoperability, '
2026-07-02 16:35:02.010 10 WARNING neutron_lib.context [None req-25e4a762-dd5d-492e-bc0d-b8d6f195b3da 44de138547444327bc95bad0574e819b 3c049de5523f497896240cf6b8520fd0 - - default default] Method 'is_advsvc' is deprecated since 2023.2 release (neutron-lib 3.8.0) and will be removed once support for the old RBAC API policies will be removed from Neutron. Please use method 'is_service_role' instead.
2026-07-02 16:35:02.049 10 INFO neutron.api.wsgi [None req-c6de5fb5-5368-497f-a5be-218a737e1e43 4921a2cae1fc475e9c1e1d343e57d148 22414999e93340d5bf89513763dbf341 - - default default] 10.0.0.144 "POST /v2.0/floatingips HTTP/1.1" status: 201 len: 1054 time: 1.5991352
2026-07-02 16:35:02.084 10 INFO neutron.notifiers.nova [-] Nova event matching ['req-fa2b3e98-b6ec-47de-876b-cd716e2fa03f'] response: {'name': 'network-changed', 'server_uuid': '507809cc-b1d0-4c46-b4ee-346861fd7dac', 'tag': '106a15ba-de3f-4b6e-9989-f6edfc4808bb', 'status': 'completed', 'code': 200}
2026-07-02 16:35:02.099 10 INFO neutron.api.wsgi [None req-f4d4872d-0566-403e-b31c-03398735eecd 4921a2cae1fc475e9c1e1d343e57d148 22414999e93340d5bf89513763dbf341 - - default default] 10.0.0.144 "GET /v2.0/floatingips/65968091-7d4e-4b67-8822-63aa393ae818 HTTP/1.1" status: 200 len: 1051 time: 0.0414636
2026-07-02 16:35:02.197 10 WARNING neutron.scheduler.dhcp_agent_scheduler [None req-25e4a762-dd5d-492e-bc0d-b8d6f195b3da 44de138547444327bc95bad0574e819b 3c049de5523f497896240cf6b8520fd0 - - default default] No more DHCP agents
2026-07-02 16:35:02.198 10 WARNING neutron.api.rpc.agentnotifiers.dhcp_rpc_agent_api [None req-25e4a762-dd5d-492e-bc0d-b8d6f195b3da 44de138547444327bc95bad0574e819b 3c049de5523f497896240cf6b8520fd0 - - default default] Unable to schedule network 0a9101ce-7e78-493d-9e82-e89886bb3f21: no agents available; will retry on subsequent port and subnet creation events.
2026-07-02 16:35:02.332 10 WARNING neutron_lib.context [None req-881668d1-3cc0-40be-9532-b739c7787de0 ab7e8789c00b4b3db09c0f98435ff772 979ae5c10d994706b23b676c2eca45bd - - default default] Method 'is_advsvc' is deprecated since 2023.2 release (neutron-lib 3.8.0) and will be removed once support for the old RBAC API policies will be removed from Neutron. Please use method 'is_service_role' instead.
2026-07-02 16:35:02.391 10 INFO neutron.api.wsgi [None req-881668d1-3cc0-40be-9532-b739c7787de0 ab7e8789c00b4b3db09c0f98435ff772 979ae5c10d994706b23b676c2eca45bd - - default default] 10.0.0.144 "POST /v2.0/subnetpools HTTP/1.1" status: 201 len: 715 time: 0.2047861
2026-07-02 16:35:02.427 10 INFO neutron.api.wsgi [None req-2ba94805-675f-4ed6-ae1e-c64170ef100d ab7e8789c00b4b3db09c0f98435ff772 979ae5c10d994706b23b676c2eca45bd - - default default] 10.0.0.144 "PUT /v2.0/subnetpools/06298e9b-ca47-4c8c-b8f0-5710c0860b5b/tags HTTP/1.1" status: 200 len: 218 time: 0.0302129
2026-07-02 16:35:02.448 10 INFO neutron.api.wsgi [None req-8b9ea6f1-608c-43a0-944f-28bbc2689739 ab7e8789c00b4b3db09c0f98435ff772 979ae5c10d994706b23b676c2eca45bd - - default default] 10.0.0.144 "GET /v2.0/subnetpools/06298e9b-ca47-4c8c-b8f0-5710c0860b5b/tags HTTP/1.1" status: 200 len: 218 time: 0.0175436
2026-07-02 16:35:02.483 10 INFO neutron.api.wsgi [None req-6cb2ffd2-997e-4e9e-89c9-7962cd3ad6dc ab7e8789c00b4b3db09c0f98435ff772 979ae5c10d994706b23b676c2eca45bd - - default default] 10.0.0.144 "PUT /v2.0/subnetpools/06298e9b-ca47-4c8c-b8f0-5710c0860b5b/tags/green HTTP/1.1" status: 201 len: 201 time: 0.0313172
2026-07-02 16:35:02.522 9 INFO neutron.api.wsgi [None req-66d10853-0d41-4b06-b780-57488f273680 ab7e8789c00b4b3db09c0f98435ff772 979ae5c10d994706b23b676c2eca45bd - - default default] 10.0.0.144 "GET /v2.0/subnetpools/06298e9b-ca47-4c8c-b8f0-5710c0860b5b/tags HTTP/1.1" status: 200 len: 227 time: 0.0350091
2026-07-02 16:35:02.560 9 INFO neutron.api.wsgi [None req-64368657-f23f-45c9-9a8b-36f5850774af ab7e8789c00b4b3db09c0f98435ff772 979ae5c10d994706b23b676c2eca45bd - - default default] 10.0.0.144 "PUT /v2.0/subnetpools/06298e9b-ca47-4c8c-b8f0-5710c0860b5b/tags/red HTTP/1.1" status: 201 len: 201 time: 0.0335655
2026-07-02 16:35:02.583 9 INFO neutron.api.wsgi [None req-c051500c-9478-4809-9339-e01488f40e75 a8aa24bd68aa41139e299598e80b27ac 84b441d311bc483885a13e4057a7138f - - default default] 10.0.0.144 "DELETE /v2.0/routers/7691aac6-40ec-4992-9433-397c23fb4236 HTTP/1.1" status: 204 len: 168 time: 0.6137431
2026-07-02 16:35:02.600 9 INFO neutron.api.wsgi [None req-b20c79af-7dd0-4bea-b42f-32ac908c7452 ab7e8789c00b4b3db09c0f98435ff772 979ae5c10d994706b23b676c2eca45bd - - default default] 10.0.0.144 "GET /v2.0/subnetpools/06298e9b-ca47-4c8c-b8f0-5710c0860b5b/tags HTTP/1.1" status: 200 len: 227 time: 0.0293629
2026-07-02 16:35:02.644 9 INFO neutron.api.wsgi [None req-4d11173b-6bc1-42f3-a2be-8be8ec3176c0 ab7e8789c00b4b3db09c0f98435ff772 979ae5c10d994706b23b676c2eca45bd - - default default] 10.0.0.144 "PUT /v2.0/subnetpools/06298e9b-ca47-4c8c-b8f0-5710c0860b5b/tags/black.or.white HTTP/1.1" status: 201 len: 201 time: 0.0377848
2026-07-02 16:35:02.652 10 INFO neutron.api.wsgi [req-c8bbba30-ee65-4d81-8353-87d0f0764f94 req-b87daa7f-db1f-4cc9-8e8a-f7ec528b9e0e 01bcb6fee37248b494183e693cd5f707 6764db65cfc44094b43f5cc35746ec70 - - f8f16a84101046e0877e187cea621c44 f8f16a84101046e0877e187cea621c44] 199.19.213.23 "GET /v2.0/ports?tenant_id=22414999e93340d5bf89513763dbf341&device_id=507809cc-b1d0-4c46-b4ee-346861fd7dac HTTP/1.1" status: 200 len: 1409 time: 0.0526626
2026-07-02 16:35:02.673 9 INFO neutron.api.wsgi [None req-0c4b9217-b065-44a7-ac73-8b57b36023b6 ab7e8789c00b4b3db09c0f98435ff772 979ae5c10d994706b23b676c2eca45bd - - default default] 10.0.0.144 "GET /v2.0/subnetpools/06298e9b-ca47-4c8c-b8f0-5710c0860b5b/tags HTTP/1.1" status: 200 len: 245 time: 0.0236127
2026-07-02 16:35:02.674 10 INFO neutron.db.ovn_revision_numbers_db [None req-009d6fc1-ec5e-479a-bc1b-4b62100c50e8 - - - - - -] Successfully bumped revision number for resource 8a0373e8-ddfb-4045-b4a9-c15abaa61aea (type: ports) to 2
2026-07-02 16:35:02.708 9 INFO neutron.api.wsgi [None req-ad360775-1505-4544-ac80-3a65711195f9 ab7e8789c00b4b3db09c0f98435ff772 979ae5c10d994706b23b676c2eca45bd - - default default] 10.0.0.144 "PUT /v2.0/subnetpools/06298e9b-ca47-4c8c-b8f0-5710c0860b5b/tags HTTP/1.1" status: 200 len: 230 time: 0.0294814
2026-07-02 16:35:02.720 10 INFO neutron.api.wsgi [req-c8bbba30-ee65-4d81-8353-87d0f0764f94 req-4d6bc801-718f-40d2-a143-3db91a05260a 01bcb6fee37248b494183e693cd5f707 6764db65cfc44094b43f5cc35746ec70 - - f8f16a84101046e0877e187cea621c44 f8f16a84101046e0877e187cea621c44] 199.19.213.23 "GET /v2.0/networks?id=20d934bc-ef9f-4fd8-9ed4-fa348287a3a4 HTTP/1.1" status: 200 len: 958 time: 0.0616298
2026-07-02 16:35:02.721 10 INFO neutron.db.ovn_revision_numbers_db [None req-009d6fc1-ec5e-479a-bc1b-4b62100c50e8 - - - - - -] Successfully bumped revision number for resource 72e91126-fcf4-4213-8dbe-4943de2ca849 (type: subnets) to 0
2026-07-02 16:35:02.728 9 INFO neutron.api.wsgi [None req-90374ef6-e9e9-477a-9199-6e2a2aafc667 ab7e8789c00b4b3db09c0f98435ff772 979ae5c10d994706b23b676c2eca45bd - - default default] 10.0.0.144 "GET /v2.0/subnetpools/06298e9b-ca47-4c8c-b8f0-5710c0860b5b/tags HTTP/1.1" status: 200 len: 230 time: 0.0155683
2026-07-02 16:35:02.746 9 INFO neutron.api.wsgi [None req-01cb9d08-630b-4998-b1a8-d5e3a73db447 ab7e8789c00b4b3db09c0f98435ff772 979ae5c10d994706b23b676c2eca45bd - - default default] 10.0.0.144 "GET /v2.0/subnetpools/06298e9b-ca47-4c8c-b8f0-5710c0860b5b/tags/red HTTP/1.1" status: 204 len: 168 time: 0.0144653
2026-07-02 16:35:02.747 10 INFO neutron.api.wsgi [None req-25e4a762-dd5d-492e-bc0d-b8d6f195b3da 44de138547444327bc95bad0574e819b 3c049de5523f497896240cf6b8520fd0 - - default default] 10.0.0.144 "POST /v2.0/subnets HTTP/1.1" status: 201 len: 825 time: 0.7427938
2026-07-02 16:35:02.757 10 WARNING neutron_lib.context [None req-77311537-d594-420c-b264-fecd62e79204 44de138547444327bc95bad0574e819b 3c049de5523f497896240cf6b8520fd0 - - default default] Method 'is_advsvc' is deprecated since 2023.2 release (neutron-lib 3.8.0) and will be removed once support for the old RBAC API policies will be removed from Neutron. Please use method 'is_service_role' instead.
2026-07-02 16:35:02.765 9 INFO neutron.api.v2.resource [None req-db676523-96c2-418d-b09a-a1aedcaca6ed ab7e8789c00b4b3db09c0f98435ff772 979ae5c10d994706b23b676c2eca45bd - - default default] show failed (client error): The resource could not be found.
2026-07-02 16:35:02.766 9 INFO neutron.api.wsgi [None req-db676523-96c2-418d-b09a-a1aedcaca6ed ab7e8789c00b4b3db09c0f98435ff772 979ae5c10d994706b23b676c2eca45bd - - default default] 10.0.0.144 "GET /v2.0/subnetpools/06298e9b-ca47-4c8c-b8f0-5710c0860b5b/tags/green HTTP/1.1" status: 404 len: 299 time: 0.0155756
2026-07-02 16:35:02.773 10 INFO neutron.api.wsgi [req-c8bbba30-ee65-4d81-8353-87d0f0764f94 req-f715c1b2-7392-4a75-8793-ea0e79d5a815 01bcb6fee37248b494183e693cd5f707 6764db65cfc44094b43f5cc35746ec70 - - f8f16a84101046e0877e187cea621c44 f8f16a84101046e0877e187cea621c44] 199.19.213.23 "GET /v2.0/floatingips?fixed_ip_address=10.100.0.8&port_id=106a15ba-de3f-4b6e-9989-f6edfc4808bb HTTP/1.1" status: 200 len: 1059 time: 0.0489039
2026-07-02 16:35:02.806 9 INFO neutron.api.wsgi [None req-3f5f7d32-0e3b-4039-bf1d-769eaabe53f6 ab7e8789c00b4b3db09c0f98435ff772 979ae5c10d994706b23b676c2eca45bd - - default default] 10.0.0.144 "DELETE /v2.0/subnetpools/06298e9b-ca47-4c8c-b8f0-5710c0860b5b/tags/red HTTP/1.1" status: 204 len: 168 time: 0.0364535
2026-07-02 16:35:02.822 10 INFO neutron.api.wsgi [req-c8bbba30-ee65-4d81-8353-87d0f0764f94 req-2c9735d3-ae22-40c8-89f4-acf74740b213 01bcb6fee37248b494183e693cd5f707 6764db65cfc44094b43f5cc35746ec70 - - f8f16a84101046e0877e187cea621c44 f8f16a84101046e0877e187cea621c44] 199.19.213.23 "GET /v2.0/subnets?id=4ddb2111-fb47-40b1-ae78-f2410d5a49d7 HTTP/1.1" status: 200 len: 876 time: 0.0425205
2026-07-02 16:35:02.833 9 INFO neutron.api.wsgi [None req-308977e4-db93-40e9-88c8-76053f46190f ab7e8789c00b4b3db09c0f98435ff772 979ae5c10d994706b23b676c2eca45bd - - default default] 10.0.0.144 "GET /v2.0/subnetpools/06298e9b-ca47-4c8c-b8f0-5710c0860b5b/tags HTTP/1.1" status: 200 len: 223 time: 0.0195107
2026-07-02 16:35:02.846 10 INFO neutron.api.wsgi [req-c8bbba30-ee65-4d81-8353-87d0f0764f94 req-baa79b80-8edc-41aa-a619-535bd808e040 01bcb6fee37248b494183e693cd5f707 6764db65cfc44094b43f5cc35746ec70 - - f8f16a84101046e0877e187cea621c44 f8f16a84101046e0877e187cea621c44] 199.19.213.23 "GET /v2.0/ports?network_id=20d934bc-ef9f-4fd8-9ed4-fa348287a3a4&device_owner=network%3Adhcp HTTP/1.1" status: 200 len: 210 time: 0.0194869
2026-07-02 16:35:02.850 10 INFO neutron.api.wsgi [None req-98e86e7b-74b9-426e-9e3d-9ab8146f3d6a a8aa24bd68aa41139e299598e80b27ac 84b441d311bc483885a13e4057a7138f - - default default] 10.0.0.144 "DELETE /v2.0/subnets/4141bca3-4e9a-45dd-a057-fca8c3e25a83 HTTP/1.1" status: 204 len: 168 time: 0.2618909
2026-07-02 16:35:02.859 9 INFO neutron.api.v2.resource [None req-4549c6dd-aacb-4063-b9d8-1df2bc0b202a ab7e8789c00b4b3db09c0f98435ff772 979ae5c10d994706b23b676c2eca45bd - - default default] delete failed (client error): The resource could not be found.
2026-07-02 16:35:02.861 9 INFO neutron.api.wsgi [None req-4549c6dd-aacb-4063-b9d8-1df2bc0b202a ab7e8789c00b4b3db09c0f98435ff772 979ae5c10d994706b23b676c2eca45bd - - default default] 10.0.0.144 "DELETE /v2.0/subnetpools/06298e9b-ca47-4c8c-b8f0-5710c0860b5b/tags/green HTTP/1.1" status: 404 len: 299 time: 0.0213277
2026-07-02 16:35:02.905 9 INFO neutron.api.wsgi [None req-9c05072d-3e5e-40c1-a731-4c7fb0e79a37 ab7e8789c00b4b3db09c0f98435ff772 979ae5c10d994706b23b676c2eca45bd - - default default] 10.0.0.144 "DELETE /v2.0/subnetpools/06298e9b-ca47-4c8c-b8f0-5710c0860b5b/tags HTTP/1.1" status: 204 len: 168 time: 0.0336320
2026-07-02 16:35:02.927 9 INFO neutron.api.wsgi [None req-2e166f06-3f43-4938-bb72-f9bb905da07c ab7e8789c00b4b3db09c0f98435ff772 979ae5c10d994706b23b676c2eca45bd - - default default] 10.0.0.144 "GET /v2.0/subnetpools/06298e9b-ca47-4c8c-b8f0-5710c0860b5b/tags HTTP/1.1" status: 200 len: 205 time: 0.0179207
2026-07-02 16:35:02.936 10 INFO neutron.api.wsgi [req-c8bbba30-ee65-4d81-8353-87d0f0764f94 req-b6af84cf-af3c-4ef1-ba14-0470e80b60b2 01bcb6fee37248b494183e693cd5f707 6764db65cfc44094b43f5cc35746ec70 - - f8f16a84101046e0877e187cea621c44 f8f16a84101046e0877e187cea621c44] 199.19.213.23 "GET /v2.0/networks/20d934bc-ef9f-4fd8-9ed4-fa348287a3a4?fields=segments HTTP/1.1" status: 200 len: 212 time: 0.0836759
2026-07-02 16:35:02.978 9 INFO neutron.api.wsgi [None req-39c545b6-c36f-4386-927b-c3a7faa564b5 ab7e8789c00b4b3db09c0f98435ff772 979ae5c10d994706b23b676c2eca45bd - - default default] 10.0.0.144 "DELETE /v2.0/subnetpools/06298e9b-ca47-4c8c-b8f0-5710c0860b5b HTTP/1.1" status: 204 len: 168 time: 0.0423088
2026-07-02 16:35:03.004 10 INFO neutron.api.wsgi [req-c8bbba30-ee65-4d81-8353-87d0f0764f94 req-f74788d5-0d32-4624-9444-40e0039b76ea 01bcb6fee37248b494183e693cd5f707 6764db65cfc44094b43f5cc35746ec70 - - f8f16a84101046e0877e187cea621c44 f8f16a84101046e0877e187cea621c44] 199.19.213.23 "GET /v2.0/networks/20d934bc-ef9f-4fd8-9ed4-fa348287a3a4?fields=provider%3Aphysical_network&fields=provider%3Anetwork_type HTTP/1.1" status: 200 len: 277 time: 0.0632939
2026-07-02 16:35:03.107 10 WARNING neutron.scheduler.dhcp_agent_scheduler [None req-77311537-d594-420c-b264-fecd62e79204 44de138547444327bc95bad0574e819b 3c049de5523f497896240cf6b8520fd0 - - default default] No more DHCP agents
2026-07-02 16:35:03.108 10 WARNING neutron.api.rpc.agentnotifiers.dhcp_rpc_agent_api [None req-77311537-d594-420c-b264-fecd62e79204 44de138547444327bc95bad0574e819b 3c049de5523f497896240cf6b8520fd0 - - default default] Unable to schedule network 0a9101ce-7e78-493d-9e82-e89886bb3f21: no agents available; will retry on subsequent port and subnet creation events.
2026-07-02 16:35:03.239 10 INFO neutron.services.segments.plugin [-] Segment 475ec7bf-ef6d-4f36-8ca4-af31a4d942e2 resource provider aggregate not found
2026-07-02 16:35:03.243 10 INFO neutron.services.segments.plugin [-] Segment 475ec7bf-ef6d-4f36-8ca4-af31a4d942e2 resource provider aggregate not found
2026-07-02 16:35:03.252 10 INFO neutron.db.ovn_revision_numbers_db [None req-77311537-d594-420c-b264-fecd62e79204 44de138547444327bc95bad0574e819b 3c049de5523f497896240cf6b8520fd0 - - default default] Successfully bumped revision number for resource c1b644a4-7315-4af4-adf8-877abb48e7ae (type: ports) to 1
2026-07-02 16:35:03.254 10 INFO neutron.services.segments.plugin [-] Segment 475ec7bf-ef6d-4f36-8ca4-af31a4d942e2 resource provider not found; error: Placement Client Error (4xx): {"errors": [{"status": 404, "title": "Not Found", "detail": "The resource could not be found.\n\n No resource provider with uuid 475ec7bf-ef6d-4f36-8ca4-af31a4d942e2 found for delete ", "request_id": "req-f343af8d-a7dc-40fa-aae7-e42f5ce039e6"}]}
2026-07-02 16:35:03.264 10 INFO neutron.services.segments.plugin [-] Segment 475ec7bf-ef6d-4f36-8ca4-af31a4d942e2 resource provider not found; error: Placement Client Error (4xx): {"errors": [{"status": 404, "title": "Not Found", "detail": "The resource could not be found.\n\n No resource provider with uuid 475ec7bf-ef6d-4f36-8ca4-af31a4d942e2 found for delete ", "request_id": "req-20d710bc-4300-40ae-9cd2-c341d394f7d3"}]}
2026-07-02 16:35:03.271 10 INFO neutron.api.wsgi [None req-4ed9ab2c-600f-4789-99b0-807926c0ac8e a8aa24bd68aa41139e299598e80b27ac 84b441d311bc483885a13e4057a7138f - - default default] 10.0.0.144 "DELETE /v2.0/networks/fc8b597f-43b9-4f5c-96c8-d9050939cce0 HTTP/1.1" status: 204 len: 168 time: 0.4124081
2026-07-02 16:35:03.274 10 INFO neutron.api.wsgi [None req-77311537-d594-420c-b264-fecd62e79204 44de138547444327bc95bad0574e819b 3c049de5523f497896240cf6b8520fd0 - - default default] 10.0.0.144 "POST /v2.0/ports HTTP/1.1" status: 201 len: 1111 time: 0.5212736
2026-07-02 16:35:03.533 9 INFO neutron.api.wsgi [None req-cbb18661-7fe8-42a9-9a61-4658e9087476 a8aa24bd68aa41139e299598e80b27ac 84b441d311bc483885a13e4057a7138f - - default default] 10.0.0.144 "GET /v2.0/security-groups?tenant_id=fd0207faa2a24d9d9fc56eedbb47c047&name=default HTTP/1.1" status: 200 len: 3120 time: 0.0620344
2026-07-02 16:35:03.558 10 INFO neutron.api.wsgi [None req-c6b342f9-94e9-4fe0-ac18-ab41b9e19653 44de138547444327bc95bad0574e819b 3c049de5523f497896240cf6b8520fd0 - - default default] 10.0.0.144 "DELETE /v2.0/ports/c1b644a4-7315-4af4-adf8-877abb48e7ae HTTP/1.1" status: 204 len: 168 time: 0.2772396
2026-07-02 16:35:03.578 10 INFO neutron.pecan_wsgi.hooks.translation [None req-e08260f0-d43d-4d35-ad24-1a6afb417f58 44de138547444327bc95bad0574e819b 3c049de5523f497896240cf6b8520fd0 - - default default] GET failed (client error): The resource could not be found.
2026-07-02 16:35:03.579 10 INFO neutron.api.wsgi [None req-e08260f0-d43d-4d35-ad24-1a6afb417f58 44de138547444327bc95bad0574e819b 3c049de5523f497896240cf6b8520fd0 - - default default] 10.0.0.144 "GET /v2.0/ports/c1b644a4-7315-4af4-adf8-877abb48e7ae HTTP/1.1" status: 404 len: 333 time: 0.0158412
2026-07-02 16:35:03.779 10 INFO neutron.api.wsgi [None req-b7ce2835-2d05-4391-84d7-69725d1f4ddd 44de138547444327bc95bad0574e819b 3c049de5523f497896240cf6b8520fd0 - - default default] 10.0.0.144 "DELETE /v2.0/subnets/72e91126-fcf4-4213-8dbe-4943de2ca849 HTTP/1.1" status: 204 len: 168 time: 0.1938698
2026-07-02 16:35:03.818 9 INFO neutron.api.wsgi [None req-0c63e6f6-eca2-49ad-b573-4f711f09e4c0 a8aa24bd68aa41139e299598e80b27ac 84b441d311bc483885a13e4057a7138f - - default default] 10.0.0.144 "DELETE /v2.0/security-groups/48b6f58f-6cfa-41cc-a307-c3f48f07d708 HTTP/1.1" status: 204 len: 168 time: 0.2799962
2026-07-02 16:35:03.957 10 INFO neutron.db.ovn_revision_numbers_db [None req-d50b323a-5cd0-4388-b250-5a635a48da8a a8aa24bd68aa41139e299598e80b27ac 84b441d311bc483885a13e4057a7138f - - default default] Successfully bumped revision number for resource 2f0c80a4-69cf-4ea7-b21a-4bdbd93ee4ad (type: security_groups) to 1
2026-07-02 16:35:03.969 10 INFO neutron.db.ovn_revision_numbers_db [None req-d50b323a-5cd0-4388-b250-5a635a48da8a a8aa24bd68aa41139e299598e80b27ac 84b441d311bc483885a13e4057a7138f - - default default] Successfully bumped revision number for resource 3a8e526b-6344-4f13-830a-8dae61821d55 (type: security_group_rules) to 0
2026-07-02 16:35:03.981 10 INFO neutron.db.ovn_revision_numbers_db [None req-d50b323a-5cd0-4388-b250-5a635a48da8a a8aa24bd68aa41139e299598e80b27ac 84b441d311bc483885a13e4057a7138f - - default default] Successfully bumped revision number for resource 5dc318ac-81df-44d3-96e6-e930edb44501 (type: security_group_rules) to 0
2026-07-02 16:35:03.998 10 INFO neutron.db.ovn_revision_numbers_db [None req-d50b323a-5cd0-4388-b250-5a635a48da8a a8aa24bd68aa41139e299598e80b27ac 84b441d311bc483885a13e4057a7138f - - default default] Successfully bumped revision number for resource 73a07858-0f5d-4749-90e3-257ed4e8008a (type: security_group_rules) to 0
2026-07-02 16:35:04.011 10 INFO neutron.db.ovn_revision_numbers_db [None req-d50b323a-5cd0-4388-b250-5a635a48da8a a8aa24bd68aa41139e299598e80b27ac 84b441d311bc483885a13e4057a7138f - - default default] Successfully bumped revision number for resource 85e088fd-e41f-4438-bd9b-7a4d30e0412b (type: security_group_rules) to 0
2026-07-02 16:35:04.046 10 INFO neutron.api.wsgi [None req-d50b323a-5cd0-4388-b250-5a635a48da8a a8aa24bd68aa41139e299598e80b27ac 84b441d311bc483885a13e4057a7138f - - default default] 10.0.0.144 "GET /v2.0/security-groups?tenant_id=dc45c4223eb2458883ddca008f4a9593&name=default HTTP/1.1" status: 200 len: 3120 time: 0.4238172
2026-07-02 16:35:04.116 10 INFO neutron.api.wsgi [None req-3cbe5a6d-b8d6-48db-be3a-0ff36f06b24f 44de138547444327bc95bad0574e819b 3c049de5523f497896240cf6b8520fd0 - - default default] 10.0.0.144 "DELETE /v2.0/networks/0a9101ce-7e78-493d-9e82-e89886bb3f21 HTTP/1.1" status: 204 len: 168 time: 0.3317010
2026-07-02 16:35:04.129 9 WARNING neutron_lib.context [None req-0ec54f9a-afe9-4e92-a7ad-390831ccc815 44de138547444327bc95bad0574e819b 3c049de5523f497896240cf6b8520fd0 - - default default] Method 'is_advsvc' is deprecated since 2023.2 release (neutron-lib 3.8.0) and will be removed once support for the old RBAC API policies will be removed from Neutron. Please use method 'is_service_role' instead.
2026-07-02 16:35:04.257 10 INFO neutron.api.wsgi [None req-1d0895e5-a7c2-4945-9e8b-0934bcf46c0f a8aa24bd68aa41139e299598e80b27ac 84b441d311bc483885a13e4057a7138f - - default default] 10.0.0.144 "DELETE /v2.0/security-groups/2f0c80a4-69cf-4ea7-b21a-4bdbd93ee4ad HTTP/1.1" status: 204 len: 168 time: 0.2058868
2026-07-02 16:35:04.385 9 WARNING neutron.scheduler.dhcp_agent_scheduler [None req-0ec54f9a-afe9-4e92-a7ad-390831ccc815 44de138547444327bc95bad0574e819b 3c049de5523f497896240cf6b8520fd0 - - default default] No more DHCP agents
2026-07-02 16:35:04.386 9 WARNING neutron.api.rpc.agentnotifiers.dhcp_rpc_agent_api [None req-0ec54f9a-afe9-4e92-a7ad-390831ccc815 44de138547444327bc95bad0574e819b 3c049de5523f497896240cf6b8520fd0 - - default default] Unable to schedule network 96418e28-8cd4-49e5-a540-836dc70b4120: no agents available; will retry on subsequent port and subnet creation events.
2026-07-02 16:35:04.446 9 INFO neutron.db.ovn_revision_numbers_db [None req-0ec54f9a-afe9-4e92-a7ad-390831ccc815 44de138547444327bc95bad0574e819b 3c049de5523f497896240cf6b8520fd0 - - default default] Successfully bumped revision number for resource 039e00da-23bd-4a21-9596-6642d6b9353c (type: ports) to 1
2026-07-02 16:35:04.460 10 INFO neutron.db.ovn_revision_numbers_db [None req-c6d937a6-86a7-44ba-a16a-0d117ac85477 a8aa24bd68aa41139e299598e80b27ac 84b441d311bc483885a13e4057a7138f - - default default] Successfully bumped revision number for resource 2d5780b6-e4e2-41ee-ba1d-81d6887a116e (type: security_groups) to 1
2026-07-02 16:35:04.479 9 INFO neutron.api.wsgi [None req-0ec54f9a-afe9-4e92-a7ad-390831ccc815 44de138547444327bc95bad0574e819b 3c049de5523f497896240cf6b8520fd0 - - default default] 10.0.0.144 "POST /v2.0/ports HTTP/1.1" status: 201 len: 973 time: 0.3554156
2026-07-02 16:35:04.479 10 INFO neutron.db.ovn_revision_numbers_db [None req-c6d937a6-86a7-44ba-a16a-0d117ac85477 a8aa24bd68aa41139e299598e80b27ac 84b441d311bc483885a13e4057a7138f - - default default] Successfully bumped revision number for resource 2f875b4b-f768-4328-bcf5-2b632c85925e (type: security_group_rules) to 0 /var/lib/openstack/lib/python3.12/site-packages/pycadf/identifier.py:71: UserWarning: Invalid uuid: neutron. To ensure interoperability, identifiers should be a valid uuid. warnings.warn(('Invalid uuid: %s. To ensure interoperability, '
2026-07-02 16:35:04.492 10 INFO neutron.db.ovn_revision_numbers_db [None req-c6d937a6-86a7-44ba-a16a-0d117ac85477 a8aa24bd68aa41139e299598e80b27ac 84b441d311bc483885a13e4057a7138f - - default default] Successfully bumped revision number for resource 7e440a26-87f4-49f1-9aea-d0e91ba145ca (type: security_group_rules) to 0
2026-07-02 16:35:04.509 10 INFO neutron.db.ovn_revision_numbers_db [None req-c6d937a6-86a7-44ba-a16a-0d117ac85477 a8aa24bd68aa41139e299598e80b27ac 84b441d311bc483885a13e4057a7138f - - default default] Successfully bumped revision number for resource 8df47c3d-9cd7-4e66-ac24-4ab1c3f440b2 (type: security_group_rules) to 0
2026-07-02 16:35:04.521 10 INFO neutron.db.ovn_revision_numbers_db [None req-c6d937a6-86a7-44ba-a16a-0d117ac85477 a8aa24bd68aa41139e299598e80b27ac 84b441d311bc483885a13e4057a7138f - - default default] Successfully bumped revision number for resource 930694af-f535-4da5-9aaf-ecf7c482c40b (type: security_group_rules) to 0
2026-07-02 16:35:04.569 10 INFO neutron.api.wsgi [None req-c6d937a6-86a7-44ba-a16a-0d117ac85477 a8aa24bd68aa41139e299598e80b27ac 84b441d311bc483885a13e4057a7138f - - default default] 10.0.0.144 "GET /v2.0/security-groups?tenant_id=979ae5c10d994706b23b676c2eca45bd&name=default HTTP/1.1" status: 200 len: 3120 time: 0.2195482
2026-07-02 16:35:04.759 9 INFO neutron.plugins.ml2.drivers.ovn.mech_driver.mech_driver [None req-f5f943bd-8c5a-4e51-85fb-94d4b53576ea - - - - - -] OVN reports status down for port: 039e00da-23bd-4a21-9596-6642d6b9353c
2026-07-02 16:35:04.798 9 INFO neutron.db.ovn_revision_numbers_db [None req-bd9d6484-8e79-4eb1-b52e-86e47f700c8b 44de138547444327bc95bad0574e819b 3c049de5523f497896240cf6b8520fd0 - - default default] Successfully bumped revision number for resource 039e00da-23bd-4a21-9596-6642d6b9353c (type: ports) to 2
2026-07-02 16:35:04.815 9 INFO neutron.api.wsgi [None req-bd9d6484-8e79-4eb1-b52e-86e47f700c8b 44de138547444327bc95bad0574e819b 3c049de5523f497896240cf6b8520fd0 - - default default] 10.0.0.144 "PUT /v2.0/ports/039e00da-23bd-4a21-9596-6642d6b9353c HTTP/1.1" status: 200 len: 946 time: 0.3287146
2026-07-02 16:35:04.853 9 INFO neutron.api.wsgi [None req-d33d9bcc-2ddc-4419-9562-cea199d97cb1 a8aa24bd68aa41139e299598e80b27ac 84b441d311bc483885a13e4057a7138f - - default default] 10.0.0.144 "DELETE /v2.0/security-groups/2d5780b6-e4e2-41ee-ba1d-81d6887a116e HTTP/1.1" status: 204 len: 168 time: 0.2791455
2026-07-02 16:35:05.100 10 INFO neutron.api.wsgi [None req-50e24fe7-10db-4c09-8ea3-5087c863b7e5 44de138547444327bc95bad0574e819b 3c049de5523f497896240cf6b8520fd0 - - default default] 10.0.0.144 "DELETE /v2.0/ports/039e00da-23bd-4a21-9596-6642d6b9353c HTTP/1.1" status: 204 len: 168 time: 0.2789135
2026-07-02 16:35:05.149 10 INFO neutron.api.wsgi [None req-df1233a4-ee10-42d4-a7bc-34e29033fcb9 44de138547444327bc95bad0574e819b 3c049de5523f497896240cf6b8520fd0 - - default default] 10.0.0.144 "GET /v2.0/ports HTTP/1.1" status: 200 len: 1729 time: 0.0382762
2026-07-02 16:35:05.167 10 INFO neutron.pecan_wsgi.hooks.translation [None req-1da1637d-9b3c-4d04-9e5d-51665092c88e 44de138547444327bc95bad0574e819b 3c049de5523f497896240cf6b8520fd0 - - default default] GET failed (client error): The resource could not be found.
2026-07-02 16:35:05.169 10 INFO neutron.api.wsgi [None req-1da1637d-9b3c-4d04-9e5d-51665092c88e 44de138547444327bc95bad0574e819b 3c049de5523f497896240cf6b8520fd0 - - default default] 10.0.0.144 "GET /v2.0/ports/039e00da-23bd-4a21-9596-6642d6b9353c HTTP/1.1" status: 404 len: 333 time: 0.0144928
2026-07-02 16:35:05.209 10 INFO neutron.api.wsgi [None req-36a36369-0236-4d2a-8e7f-915d4f3dd690 44de138547444327bc95bad0574e819b 3c049de5523f497896240cf6b8520fd0 - - default default] 10.0.0.144 "GET /v2.0/ports HTTP/1.1" status: 200 len: 1729 time: 0.0339053
2026-07-02 16:35:05.248 10 INFO neutron.api.wsgi [None req-86251e64-f110-42d7-b1c3-464946e87b14 44de138547444327bc95bad0574e819b 3c049de5523f497896240cf6b8520fd0 - - default default] 10.0.0.144 "GET /v2.0/ports/377c92bf-0ccb-40a9-b8d0-f152fe780bbd HTTP/1.1" status: 200 len: 969 time: 0.0307021 /var/lib/openstack/lib/python3.12/site-packages/pycadf/identifier.py:71: UserWarning: Invalid uuid: neutron. To ensure interoperability, identifiers should be a valid uuid. warnings.warn(('Invalid uuid: %s. To ensure interoperability, '
2026-07-02 16:35:05.271 9 INFO neutron.pecan_wsgi.hooks.translation [None req-37f90751-e82c-4974-bf54-6ddde2f9d9a4 44de138547444327bc95bad0574e819b 3c049de5523f497896240cf6b8520fd0 - - default default] DELETE failed (client error): The resource could not be found.
2026-07-02 16:35:05.275 9 INFO neutron.api.wsgi [None req-37f90751-e82c-4974-bf54-6ddde2f9d9a4 44de138547444327bc95bad0574e819b 3c049de5523f497896240cf6b8520fd0 - - default default] 10.0.0.144 "DELETE /v2.0/ports/c1b644a4-7315-4af4-adf8-877abb48e7ae HTTP/1.1" status: 404 len: 333 time: 0.0191443
2026-07-02 16:35:05.275 10 INFO neutron.services.segments.plugin [-] Segment 795b802b-3d30-4560-bfbb-20da79b3ce23 resource provider aggregate not found
2026-07-02 16:35:05.287 10 INFO neutron.services.segments.plugin [-] Segment 795b802b-3d30-4560-bfbb-20da79b3ce23 resource provider aggregate not found
2026-07-02 16:35:05.292 10 INFO neutron.services.segments.plugin [-] Segment 795b802b-3d30-4560-bfbb-20da79b3ce23 resource provider not found; error: Placement Client Error (4xx): {"errors": [{"status": 404, "title": "Not Found", "detail": "The resource could not be found.\n\n No resource provider with uuid 795b802b-3d30-4560-bfbb-20da79b3ce23 found for delete ", "request_id": "req-56f8a60d-f916-4723-b6e1-a3edfedbd1ec"}]}
2026-07-02 16:35:05.300 10 INFO neutron.pecan_wsgi.hooks.translation [None req-2e3a9394-c874-427d-b3ab-496b0cba789c 44de138547444327bc95bad0574e819b 3c049de5523f497896240cf6b8520fd0 - - default default] DELETE failed (client error): The resource could not be found.
2026-07-02 16:35:05.303 10 INFO neutron.api.wsgi [None req-2e3a9394-c874-427d-b3ab-496b0cba789c 44de138547444327bc95bad0574e819b 3c049de5523f497896240cf6b8520fd0 - - default default] 10.0.0.144 "DELETE /v2.0/subnets/72e91126-fcf4-4213-8dbe-4943de2ca849 HTTP/1.1" status: 404 len: 337 time: 0.0217385
2026-07-02 16:35:05.306 10 INFO neutron.services.segments.plugin [-] Segment 795b802b-3d30-4560-bfbb-20da79b3ce23 resource provider not found; error: Placement Client Error (4xx): {"errors": [{"status": 404, "title": "Not Found", "detail": "The resource could not be found.\n\n No resource provider with uuid 795b802b-3d30-4560-bfbb-20da79b3ce23 found for delete ", "request_id": "req-ba0121ba-b0ac-41d7-9a51-f05af70bf54e"}]}
2026-07-02 16:35:05.330 10 INFO neutron.pecan_wsgi.hooks.translation [None req-1782fcc0-c80f-44c1-a896-56b7d5a53b7e 44de138547444327bc95bad0574e819b 3c049de5523f497896240cf6b8520fd0 - - default default] DELETE failed (client error): The resource could not be found.
2026-07-02 16:35:05.333 10 INFO neutron.api.wsgi [None req-1782fcc0-c80f-44c1-a896-56b7d5a53b7e 44de138547444327bc95bad0574e819b 3c049de5523f497896240cf6b8520fd0 - - default default] 10.0.0.144 "DELETE /v2.0/subnets/f79e61e0-5261-4b89-b3e8-125fc387a928 HTTP/1.1" status: 404 len: 337 time: 0.0182664
2026-07-02 16:35:05.579 10 INFO neutron.api.wsgi [None req-41fa1709-261f-41b1-95e1-ae209825d9a1 44de138547444327bc95bad0574e819b 3c049de5523f497896240cf6b8520fd0 - - default default] 10.0.0.144 "DELETE /v2.0/ports/377c92bf-0ccb-40a9-b8d0-f152fe780bbd HTTP/1.1" status: 204 len: 168 time: 0.2409041
2026-07-02 16:35:05.902 9 INFO neutron.services.segments.plugin [-] Segment 3c16c7f5-1468-48dc-9ac8-e46b3a8e61b0 resource provider aggregate not found
2026-07-02 16:35:05.906 9 INFO neutron.services.segments.plugin [-] Segment 3c16c7f5-1468-48dc-9ac8-e46b3a8e61b0 resource provider aggregate not found
2026-07-02 16:35:05.914 9 INFO neutron.services.segments.plugin [-] Segment 3c16c7f5-1468-48dc-9ac8-e46b3a8e61b0 resource provider not found; error: Placement Client Error (4xx): {"errors": [{"status": 404, "title": "Not Found", "detail": "The resource could not be found.\n\n No resource provider with uuid 3c16c7f5-1468-48dc-9ac8-e46b3a8e61b0 found for delete ", "request_id": "req-c935b25f-22d5-4425-9d01-c2aa037f9daa"}]}
2026-07-02 16:35:05.925 9 INFO neutron.services.segments.plugin [-] Segment 3c16c7f5-1468-48dc-9ac8-e46b3a8e61b0 resource provider not found; error: Placement Client Error (4xx): {"errors": [{"status": 404, "title": "Not Found", "detail": "The resource could not be found.\n\n No resource provider with uuid 3c16c7f5-1468-48dc-9ac8-e46b3a8e61b0 found for delete ", "request_id": "req-cb2e03fe-2f06-422d-b658-00c77f75bdd8"}]}
2026-07-02 16:35:05.945 9 INFO neutron.api.wsgi [None req-20a8c2a6-a6e0-4895-a16c-2bbeab78e635 44de138547444327bc95bad0574e819b 3c049de5523f497896240cf6b8520fd0 - - default default] 10.0.0.144 "DELETE /v2.0/networks/96418e28-8cd4-49e5-a540-836dc70b4120 HTTP/1.1" status: 204 len: 168 time: 0.3586409
2026-07-02 16:35:06.561 10 INFO neutron.api.wsgi [None req-c7826418-dd85-4bcc-afb6-db449b475596 a8aa24bd68aa41139e299598e80b27ac 84b441d311bc483885a13e4057a7138f - - default default] 10.0.0.144 "GET /v2.0/security-groups?tenant_id=3c049de5523f497896240cf6b8520fd0&name=default HTTP/1.1" status: 200 len: 3120 time: 0.1746764
2026-07-02 16:35:06.834 9 INFO neutron.api.wsgi [None req-94c9a485-c9c7-45ff-818d-7958548b989b a8aa24bd68aa41139e299598e80b27ac 84b441d311bc483885a13e4057a7138f - - default default] 10.0.0.144 "DELETE /v2.0/security-groups/fa958ca1-310f-470f-96a5-e047087ecc4a HTTP/1.1" status: 204 len: 168 time: 0.2657254
2026-07-02 16:35:08.194 10 WARNING neutron_lib.context [None req-3b5920da-a16a-4990-9fbb-b16bb8b7bc4f 6dbc9f872801422dbbe1865433d2eb30 393384ba45fb4bd9bd300cbf256cacbf - - default default] Method 'is_advsvc' is deprecated since 2023.2 release (neutron-lib 3.8.0) and will be removed once support for the old RBAC API policies will be removed from Neutron. Please use method 'is_service_role' instead.
2026-07-02 16:35:08.226 9 WARNING neutron_lib.context [None req-132984e2-973b-44e0-904f-4c6ca949dd6f a8e5a347830e4f02b86d33cd4184f55b 72002db4f93d4a3fbdc8595a3045db88 - - default default] Method 'is_advsvc' is deprecated since 2023.2 release (neutron-lib 3.8.0) and will be removed once support for the old RBAC API policies will be removed from Neutron. Please use method 'is_service_role' instead.
2026-07-02 16:35:08.282 9 INFO neutron.api.wsgi [None req-132984e2-973b-44e0-904f-4c6ca949dd6f a8e5a347830e4f02b86d33cd4184f55b 72002db4f93d4a3fbdc8595a3045db88 - - default default] 10.0.0.144 "POST /v2.0/subnetpools HTTP/1.1" status: 201 len: 715 time: 0.1164565
2026-07-02 16:35:08.291 9 WARNING neutron_lib.context [None req-be19f126-5d42-46be-8b4e-3fa1faab938b a8e5a347830e4f02b86d33cd4184f55b 72002db4f93d4a3fbdc8595a3045db88 - - default default] Method 'is_advsvc' is deprecated since 2023.2 release (neutron-lib 3.8.0) and will be removed once support for the old RBAC API policies will be removed from Neutron. Please use method 'is_service_role' instead.
2026-07-02 16:35:08.335 10 INFO neutron.db.ovn_revision_numbers_db [None req-3b5920da-a16a-4990-9fbb-b16bb8b7bc4f 6dbc9f872801422dbbe1865433d2eb30 393384ba45fb4bd9bd300cbf256cacbf - - default default] Successfully bumped revision number for resource 43f879cd-c166-4066-ae34-c212b9774440 (type: security_groups) to 1
2026-07-02 16:35:08.337 9 INFO neutron.api.wsgi [None req-be19f126-5d42-46be-8b4e-3fa1faab938b a8e5a347830e4f02b86d33cd4184f55b 72002db4f93d4a3fbdc8595a3045db88 - - default default] 10.0.0.144 "POST /v2.0/subnetpools HTTP/1.1" status: 201 len: 715 time: 0.0510588
2026-07-02 16:35:08.346 9 WARNING neutron_lib.context [None req-b9697061-dbd8-4e0b-9212-12cef7deca95 a8e5a347830e4f02b86d33cd4184f55b 72002db4f93d4a3fbdc8595a3045db88 - - default default] Method 'is_advsvc' is deprecated since 2023.2 release (neutron-lib 3.8.0) and will be removed once support for the old RBAC API policies will be removed from Neutron. Please use method 'is_service_role' instead.
2026-07-02 16:35:08.355 10 INFO neutron.db.ovn_revision_numbers_db [None req-3b5920da-a16a-4990-9fbb-b16bb8b7bc4f 6dbc9f872801422dbbe1865433d2eb30 393384ba45fb4bd9bd300cbf256cacbf - - default default] Successfully bumped revision number for resource 138b8ec5-fe11-497d-8754-a48f23e4b79a (type: security_group_rules) to 0
2026-07-02 16:35:08.367 10 INFO neutron.db.ovn_revision_numbers_db [None req-3b5920da-a16a-4990-9fbb-b16bb8b7bc4f 6dbc9f872801422dbbe1865433d2eb30 393384ba45fb4bd9bd300cbf256cacbf - - default default] Successfully bumped revision number for resource 9b133ac2-a066-463a-95fa-dc892a490fd7 (type: security_group_rules) to 0
2026-07-02 16:35:08.379 10 INFO neutron.db.ovn_revision_numbers_db [None req-3b5920da-a16a-4990-9fbb-b16bb8b7bc4f 6dbc9f872801422dbbe1865433d2eb30 393384ba45fb4bd9bd300cbf256cacbf - - default default] Successfully bumped revision number for resource d6474a32-779a-49a4-baf6-bb42727a82e3 (type: security_group_rules) to 0
2026-07-02 16:35:08.390 10 INFO neutron.db.ovn_revision_numbers_db [None req-3b5920da-a16a-4990-9fbb-b16bb8b7bc4f 6dbc9f872801422dbbe1865433d2eb30 393384ba45fb4bd9bd300cbf256cacbf - - default default] Successfully bumped revision number for resource ed3f7f69-876c-4abf-9b26-7750a7ad31bc (type: security_group_rules) to 0
2026-07-02 16:35:08.395 9 INFO neutron.api.wsgi [None req-b9697061-dbd8-4e0b-9212-12cef7deca95 a8e5a347830e4f02b86d33cd4184f55b 72002db4f93d4a3fbdc8595a3045db88 - - default default] 10.0.0.144 "POST /v2.0/subnetpools HTTP/1.1" status: 201 len: 715 time: 0.0522749
2026-07-02 16:35:08.403 9 WARNING neutron_lib.context [None req-4c08dcc7-694d-4cb1-a8d3-6b62013d9265 a8e5a347830e4f02b86d33cd4184f55b 72002db4f93d4a3fbdc8595a3045db88 - - default default] Method 'is_advsvc' is deprecated since 2023.2 release (neutron-lib 3.8.0) and will be removed once support for the old RBAC API policies will be removed from Neutron. Please use method 'is_service_role' instead.
2026-07-02 16:35:08.442 9 INFO neutron.api.wsgi [None req-4c08dcc7-694d-4cb1-a8d3-6b62013d9265 a8e5a347830e4f02b86d33cd4184f55b 72002db4f93d4a3fbdc8595a3045db88 - - default default] 10.0.0.144 "POST /v2.0/subnetpools HTTP/1.1" status: 201 len: 715 time: 0.0422585
2026-07-02 16:35:08.451 10 INFO neutron.api.wsgi [req-1ad72825-f936-4293-9c02-3735949be73f req-2d4895a1-12ff-4f3d-a3ba-32b17713e49c 01bcb6fee37248b494183e693cd5f707 6764db65cfc44094b43f5cc35746ec70 - - f8f16a84101046e0877e187cea621c44 f8f16a84101046e0877e187cea621c44] 10.0.0.181 "GET /v2.0/ports?device_id=507809cc-b1d0-4c46-b4ee-346861fd7dac HTTP/1.1" status: 200 len: 1409 time: 0.0401857
2026-07-02 16:35:08.451 9 WARNING neutron_lib.context [None req-50d2540c-459c-4738-bb21-2fdb085c8d69 a8e5a347830e4f02b86d33cd4184f55b 72002db4f93d4a3fbdc8595a3045db88 - - default default] Method 'is_advsvc' is deprecated since 2023.2 release (neutron-lib 3.8.0) and will be removed once support for the old RBAC API policies will be removed from Neutron. Please use method 'is_service_role' instead.
2026-07-02 16:35:08.487 9 INFO neutron.api.wsgi [None req-50d2540c-459c-4738-bb21-2fdb085c8d69 a8e5a347830e4f02b86d33cd4184f55b 72002db4f93d4a3fbdc8595a3045db88 - - default default] 10.0.0.144 "POST /v2.0/subnetpools HTTP/1.1" status: 201 len: 715 time: 0.0402904
2026-07-02 16:35:08.535 9 INFO neutron.api.wsgi [None req-a411a86a-0c08-4f42-9642-6ba0843c9b4d a8e5a347830e4f02b86d33cd4184f55b 72002db4f93d4a3fbdc8595a3045db88 - - default default] 10.0.0.144 "PUT /v2.0/subnetpools/fb951f86-bd4d-4faf-a050-228daa5067ce/tags HTTP/1.1" status: 200 len: 210 time: 0.0400867
2026-07-02 16:35:08.567 9 INFO neutron.api.wsgi [None req-43bd3a8f-6837-4a57-b982-eff03aaa7229 a8e5a347830e4f02b86d33cd4184f55b 72002db4f93d4a3fbdc8595a3045db88 - - default default] 10.0.0.144 "PUT /v2.0/subnetpools/b5fe0881-d40f-4375-8087-3a62c809dd04/tags HTTP/1.1" status: 200 len: 218 time: 0.0277526
2026-07-02 16:35:08.606 9 INFO neutron.api.wsgi [None req-2fc40586-18f0-4e69-8190-86efe9be6051 a8e5a347830e4f02b86d33cd4184f55b 72002db4f93d4a3fbdc8595a3045db88 - - default default] 10.0.0.144 "PUT /v2.0/subnetpools/cc49d4f7-53fa-4c86-8ce0-de19b596f964/tags HTTP/1.1" status: 200 len: 227 time: 0.0324252
2026-07-02 16:35:08.650 9 INFO neutron.api.wsgi [None req-8717e546-bc2f-4da4-a4f6-cf0187d80dad a8e5a347830e4f02b86d33cd4184f55b 72002db4f93d4a3fbdc8595a3045db88 - - default default] 10.0.0.144 "PUT /v2.0/subnetpools/928ffbed-0992-45f1-8186-5842b1b4fb64/tags HTTP/1.1" status: 200 len: 212 time: 0.0385036
2026-07-02 16:35:08.683 9 INFO neutron.api.wsgi [None req-81eeb1d9-7f2a-4a60-830f-28c1e673cf8a a8e5a347830e4f02b86d33cd4184f55b 72002db4f93d4a3fbdc8595a3045db88 - - default default] 10.0.0.144 "GET /v2.0/subnetpools?tags=red HTTP/1.1" status: 200 len: 1758 time: 0.0266120
2026-07-02 16:35:08.705 9 INFO neutron.api.wsgi [None req-5dd98f2d-41dc-44c8-8d06-1b113695a3e5 a8e5a347830e4f02b86d33cd4184f55b 72002db4f93d4a3fbdc8595a3045db88 - - default default] 10.0.0.144 "GET /v2.0/subnetpools?tags=red%2Cblue HTTP/1.1" status: 200 len: 1251 time: 0.0177560
2026-07-02 16:35:08.726 9 INFO neutron.api.wsgi [None req-7847e843-abb8-4107-8fd4-337223aa8128 a8e5a347830e4f02b86d33cd4184f55b 72002db4f93d4a3fbdc8595a3045db88 - - default default] 10.0.0.144 "GET /v2.0/subnetpools?tags-any=blue HTTP/1.1" status: 200 len: 1251 time: 0.0167587
2026-07-02 16:35:08.747 9 INFO neutron.api.wsgi [None req-1ac70101-eb4e-406f-b28c-6eb04fc803d3 a8e5a347830e4f02b86d33cd4184f55b 72002db4f93d4a3fbdc8595a3045db88 - - default default] 10.0.0.144 "GET /v2.0/subnetpools?tags-any=red%2Cblue HTTP/1.1" status: 200 len: 1758 time: 0.0150576
2026-07-02 16:35:08.755 10 INFO neutron.db.segments_db [None req-3b5920da-a16a-4990-9fbb-b16bb8b7bc4f 6dbc9f872801422dbbe1865433d2eb30 393384ba45fb4bd9bd300cbf256cacbf - - default default] Added segment 1531c84c-daa7-43f7-bf64-fd70d1e5946e of type geneve for network c18b7da9-3064-420f-92dd-40b275e17c0d
2026-07-02 16:35:08.770 9 INFO neutron.api.wsgi [None req-dae9a192-8ae1-454a-92af-de10cba6e146 a8e5a347830e4f02b86d33cd4184f55b 72002db4f93d4a3fbdc8595a3045db88 - - default default] 10.0.0.144 "GET /v2.0/subnetpools?not-tags=red HTTP/1.1" status: 200 len: 1223 time: 0.0176723
2026-07-02 16:35:08.771 10 INFO neutron.api.wsgi [req-1ad72825-f936-4293-9c02-3735949be73f req-46deb6df-f5ce-4595-b95f-699dd1f64c69 01bcb6fee37248b494183e693cd5f707 6764db65cfc44094b43f5cc35746ec70 - - f8f16a84101046e0877e187cea621c44 f8f16a84101046e0877e187cea621c44] 10.0.0.181 "GET /v2.0/security-groups?id=b8a8f2dd-cca0-4a17-8761-34a6ffa5a8ed&fields=id&fields=name HTTP/1.1" status: 200 len: 312 time: 0.3134263
2026-07-02 16:35:08.801 10 INFO neutron.api.wsgi [None req-7658de5e-a133-4961-89ae-ddc9d6da44ef a8e5a347830e4f02b86d33cd4184f55b 72002db4f93d4a3fbdc8595a3045db88 - - default default] 10.0.0.144 "GET /v2.0/subnetpools?not-tags=red%2Cblue HTTP/1.1" status: 200 len: 1730 time: 0.0255840
2026-07-02 16:35:08.826 10 INFO neutron.api.wsgi [None req-af4d7339-4c72-4734-a13b-6074ff46e593 a8e5a347830e4f02b86d33cd4184f55b 72002db4f93d4a3fbdc8595a3045db88 - - default default] 10.0.0.144 "GET /v2.0/subnetpools?not-tags-any=blue HTTP/1.1" status: 200 len: 1730 time: 0.0211718
2026-07-02 16:35:08.858 10 INFO neutron.api.wsgi [None req-f025d38d-80f7-4c69-953c-2ed49431a0bd a8e5a347830e4f02b86d33cd4184f55b 72002db4f93d4a3fbdc8595a3045db88 - - default default] 10.0.0.144 "GET /v2.0/subnetpools?not-tags-any=red%2Cblue HTTP/1.1" status: 200 len: 1223 time: 0.0223215
2026-07-02 16:35:08.901 10 INFO neutron.db.ovn_revision_numbers_db [None req-3b5920da-a16a-4990-9fbb-b16bb8b7bc4f 6dbc9f872801422dbbe1865433d2eb30 393384ba45fb4bd9bd300cbf256cacbf - - default default] Successfully bumped revision number for resource c18b7da9-3064-420f-92dd-40b275e17c0d (type: networks) to 1
2026-07-02 16:35:08.924 10 INFO neutron.api.wsgi [None req-d3bdec57-3f94-4297-83ad-875e6599c62d a8e5a347830e4f02b86d33cd4184f55b 72002db4f93d4a3fbdc8595a3045db88 - - default default] 10.0.0.144 "DELETE /v2.0/subnetpools/fb951f86-bd4d-4faf-a050-228daa5067ce HTTP/1.1" status: 204 len: 168 time: 0.0562387
2026-07-02 16:35:08.997 9 INFO neutron.api.wsgi [None req-ac3f4bc9-6900-4d74-b603-a1bf52797fc0 a8e5a347830e4f02b86d33cd4184f55b 72002db4f93d4a3fbdc8595a3045db88 - - default default] 10.0.0.144 "DELETE /v2.0/subnetpools/b5fe0881-d40f-4375-8087-3a62c809dd04 HTTP/1.1" status: 204 len: 168 time: 0.0695381
2026-07-02 16:35:09.061 10 INFO neutron.api.wsgi [None req-cf2447c7-dfd1-45b4-977c-4e865565fe33 a8e5a347830e4f02b86d33cd4184f55b 72002db4f93d4a3fbdc8595a3045db88 - - default default] 10.0.0.144 "DELETE /v2.0/subnetpools/cc49d4f7-53fa-4c86-8ce0-de19b596f964 HTTP/1.1" status: 204 len: 168 time: 0.0558171
2026-07-02 16:35:09.069 10 WARNING neutron.scheduler.dhcp_agent_scheduler [None req-3b5920da-a16a-4990-9fbb-b16bb8b7bc4f 6dbc9f872801422dbbe1865433d2eb30 393384ba45fb4bd9bd300cbf256cacbf - - default default] No more DHCP agents
2026-07-02 16:35:09.070 10 WARNING neutron.api.rpc.agentnotifiers.dhcp_rpc_agent_api [None req-3b5920da-a16a-4990-9fbb-b16bb8b7bc4f 6dbc9f872801422dbbe1865433d2eb30 393384ba45fb4bd9bd300cbf256cacbf - - default default] Unable to schedule network c18b7da9-3064-420f-92dd-40b275e17c0d: no agents available; will retry on subsequent port and subnet creation events.
2026-07-02 16:35:09.141 9 INFO neutron.api.wsgi [None req-ab4a043a-af09-42d9-98d5-ba76e4094d18 a8e5a347830e4f02b86d33cd4184f55b 72002db4f93d4a3fbdc8595a3045db88 - - default default] 10.0.0.144 "DELETE /v2.0/subnetpools/928ffbed-0992-45f1-8186-5842b1b4fb64 HTTP/1.1" status: 204 len: 168 time: 0.0741916
2026-07-02 16:35:09.153 10 INFO neutron.db.ovn_revision_numbers_db [None req-3b5920da-a16a-4990-9fbb-b16bb8b7bc4f 6dbc9f872801422dbbe1865433d2eb30 393384ba45fb4bd9bd300cbf256cacbf - - default default] Successfully bumped revision number for resource 7c5e9905-8c18-4b21-9acb-368e58ef8db6 (type: ports) to 1
2026-07-02 16:35:09.174 10 INFO neutron.api.wsgi [None req-3b5920da-a16a-4990-9fbb-b16bb8b7bc4f 6dbc9f872801422dbbe1865433d2eb30 393384ba45fb4bd9bd300cbf256cacbf - - default default] 10.0.0.144 "POST /v2.0/networks HTTP/1.1" status: 201 len: 825 time: 1.0763147
2026-07-02 16:35:09.187 9 WARNING neutron_lib.context [None req-009c86e6-fcb2-460d-989d-093d2b8779cf 6dbc9f872801422dbbe1865433d2eb30 393384ba45fb4bd9bd300cbf256cacbf - - default default] Method 'is_advsvc' is deprecated since 2023.2 release (neutron-lib 3.8.0) and will be removed once support for the old RBAC API policies will be removed from Neutron. Please use method 'is_service_role' instead.
2026-07-02 16:35:09.198 10 INFO neutron.api.wsgi [None req-b90f481f-dac6-45b0-822b-70722e1a477f a8e5a347830e4f02b86d33cd4184f55b 72002db4f93d4a3fbdc8595a3045db88 - - default default] 10.0.0.144 "DELETE /v2.0/subnetpools/f84a045a-6864-4428-8108-b9cfba84fbc2 HTTP/1.1" status: 204 len: 168 time: 0.0530496
2026-07-02 16:35:09.365 9 WARNING neutron.scheduler.dhcp_agent_scheduler [None req-009c86e6-fcb2-460d-989d-093d2b8779cf 6dbc9f872801422dbbe1865433d2eb30 393384ba45fb4bd9bd300cbf256cacbf - - default default] No more DHCP agents
2026-07-02 16:35:09.366 9 WARNING neutron.api.rpc.agentnotifiers.dhcp_rpc_agent_api [None req-009c86e6-fcb2-460d-989d-093d2b8779cf 6dbc9f872801422dbbe1865433d2eb30 393384ba45fb4bd9bd300cbf256cacbf - - default default] Unable to schedule network c18b7da9-3064-420f-92dd-40b275e17c0d: no agents available; will retry on subsequent port and subnet creation events.
2026-07-02 16:35:09.665 9 INFO neutron.api.wsgi [-] 10.0.0.28 "GET / HTTP/1.1" status: 200 len: 245 time: 0.0056939
2026-07-02 16:35:09.668 9 INFO neutron.api.wsgi [-] 10.0.0.28 "GET / HTTP/1.1" status: 200 len: 245 time: 0.0016172
2026-07-02 16:35:09.788 9 INFO neutron.db.ovn_revision_numbers_db [None req-ca9e800a-3d4e-46b2-b544-b3611536774f - - - - - -] Successfully bumped revision number for resource 7c5e9905-8c18-4b21-9acb-368e58ef8db6 (type: ports) to 2
2026-07-02 16:35:09.818 9 INFO neutron.db.ovn_revision_numbers_db [None req-ca9e800a-3d4e-46b2-b544-b3611536774f - - - - - -] Successfully bumped revision number for resource 1bcea6a9-b01c-42ab-a64c-e9ee710184c2 (type: subnets) to 0
2026-07-02 16:35:09.832 9 INFO neutron.api.wsgi [None req-009c86e6-fcb2-460d-989d-093d2b8779cf 6dbc9f872801422dbbe1865433d2eb30 393384ba45fb4bd9bd300cbf256cacbf - - default default] 10.0.0.144 "POST /v2.0/subnets HTTP/1.1" status: 201 len: 825 time: 0.6524608
2026-07-02 16:35:09.842 9 WARNING neutron_lib.context [None req-07e89101-1ad3-4d9c-94d4-3d5911f9dcaa 6dbc9f872801422dbbe1865433d2eb30 393384ba45fb4bd9bd300cbf256cacbf - - default default] Method 'is_advsvc' is deprecated since 2023.2 release (neutron-lib 3.8.0) and will be removed once support for the old RBAC API policies will be removed from Neutron. Please use method 'is_service_role' instead.
2026-07-02 16:35:10.233 9 WARNING neutron.scheduler.dhcp_agent_scheduler [None req-07e89101-1ad3-4d9c-94d4-3d5911f9dcaa 6dbc9f872801422dbbe1865433d2eb30 393384ba45fb4bd9bd300cbf256cacbf - - default default] No more DHCP agents
2026-07-02 16:35:10.235 9 WARNING neutron.api.rpc.agentnotifiers.dhcp_rpc_agent_api [None req-07e89101-1ad3-4d9c-94d4-3d5911f9dcaa 6dbc9f872801422dbbe1865433d2eb30 393384ba45fb4bd9bd300cbf256cacbf - - default default] Unable to schedule network d6fe8552-e98e-4cfa-a988-0f3c36a0eb69: no agents available; will retry on subsequent port and subnet creation events.
