2026-07-02 16:34:04.693 9 WARNING neutron_lib.context [None req-52a2817b-730c-49ba-981a-6f9858d6e5ad fcf97174e2444bc1875000d5523ee9c0 33415fd2b55f4519821165c6673a6270 - - default default] Method 'is_advsvc' is deprecated since 2023.2 release (neutron-lib 3.8.0) and will be removed once support for the old RBAC API policies will be removed from Neutron. Please use method 'is_service_role' instead.
2026-07-02 16:34:04.705 9 INFO neutron.services.segments.plugin [-] Segment a86630dd-036e-4325-a4d6-5711837a3513 resource provider not found; error: Placement Client Error (4xx): {"errors": [{"status": 404, "title": "Not Found", "detail": "The resource could not be found.\n\n No resource provider with uuid a86630dd-036e-4325-a4d6-5711837a3513 found for delete ", "request_id": "req-0d26ae8c-8561-4fa4-95d0-31b298fc1042"}]}
2026-07-02 16:34:04.727 9 INFO neutron.api.wsgi [None req-4ad7196e-3153-4b97-ad5a-76b497a0aa1a c55de50c25524ac4831e3b6141ffd5f6 5f9a0c0a0e1d4a079e9c1265dded7ac3 - - default default] 10.0.0.144 "DELETE /v2.0/networks/79e3cd07-3fca-48e8-9baa-578363c713f4 HTTP/1.1" status: 204 len: 168 time: 0.4408696
2026-07-02 16:34:04.740 9 WARNING neutron_lib.context [None req-49027d90-7004-44db-98d8-83f5ed790c09 c55de50c25524ac4831e3b6141ffd5f6 5f9a0c0a0e1d4a079e9c1265dded7ac3 - - default default] Method 'is_advsvc' is deprecated since 2023.2 release (neutron-lib 3.8.0) and will be removed once support for the old RBAC API policies will be removed from Neutron. Please use method 'is_service_role' instead.
2026-07-02 16:34:04.848 9 INFO neutron.db.segments_db [None req-49027d90-7004-44db-98d8-83f5ed790c09 c55de50c25524ac4831e3b6141ffd5f6 5f9a0c0a0e1d4a079e9c1265dded7ac3 - - default default] Added segment 7be8d823-e32f-4032-9d53-3a7dd9412653 of type geneve for network b3b64c11-15cc-421b-88e4-287e16ef1d73
2026-07-02 16:34:04.889 9 INFO neutron.db.ovn_revision_numbers_db [None req-68b79789-228b-42c9-876e-32f340bb4128 - - - - - -] Successfully bumped revision number for resource 1894ddf9-62b8-44c5-a57d-cc791a1e5aa2 (type: ports) to 2
2026-07-02 16:34:04.991 9 WARNING neutron.scheduler.dhcp_agent_scheduler [None req-52a2817b-730c-49ba-981a-6f9858d6e5ad fcf97174e2444bc1875000d5523ee9c0 33415fd2b55f4519821165c6673a6270 - - default default] No more DHCP agents
2026-07-02 16:34:04.993 9 WARNING neutron.api.rpc.agentnotifiers.dhcp_rpc_agent_api [None req-52a2817b-730c-49ba-981a-6f9858d6e5ad fcf97174e2444bc1875000d5523ee9c0 33415fd2b55f4519821165c6673a6270 - - default default] Unable to schedule network d6fe8552-e98e-4cfa-a988-0f3c36a0eb69: no agents available; will retry on subsequent port and subnet creation events.
2026-07-02 16:34:05.006 9 INFO neutron.db.ovn_revision_numbers_db [None req-49027d90-7004-44db-98d8-83f5ed790c09 c55de50c25524ac4831e3b6141ffd5f6 5f9a0c0a0e1d4a079e9c1265dded7ac3 - - default default] Successfully bumped revision number for resource b3b64c11-15cc-421b-88e4-287e16ef1d73 (type: networks) to 1
2026-07-02 16:34:05.022 10 INFO neutron.api.wsgi [None req-762bd269-3bc7-4554-8234-61bcdf93198c 9827aa93a9e94ed98d5b197788b6c635 30e6562f7cba4b068c27f3a093b95377 - - default default] 10.0.0.144 "GET /v2.0/ports/1894ddf9-62b8-44c5-a57d-cc791a1e5aa2 HTTP/1.1" status: 200 len: 1141 time: 0.0539534
2026-07-02 16:34:05.277 9 WARNING neutron.scheduler.dhcp_agent_scheduler [None req-49027d90-7004-44db-98d8-83f5ed790c09 c55de50c25524ac4831e3b6141ffd5f6 5f9a0c0a0e1d4a079e9c1265dded7ac3 - - default default] No more DHCP agents
2026-07-02 16:34:05.283 9 WARNING neutron.api.rpc.agentnotifiers.dhcp_rpc_agent_api [None req-49027d90-7004-44db-98d8-83f5ed790c09 c55de50c25524ac4831e3b6141ffd5f6 5f9a0c0a0e1d4a079e9c1265dded7ac3 - - default default] Unable to schedule network b3b64c11-15cc-421b-88e4-287e16ef1d73: no agents available; will retry on subsequent port and subnet creation events.
2026-07-02 16:34:05.404 9 INFO neutron.api.wsgi [None req-52a2817b-730c-49ba-981a-6f9858d6e5ad fcf97174e2444bc1875000d5523ee9c0 33415fd2b55f4519821165c6673a6270 - - default default] 10.0.0.144 "POST /v2.0/floatingips HTTP/1.1" status: 201 len: 751 time: 0.7144513
2026-07-02 16:34:05.405 9 INFO neutron.db.ovn_revision_numbers_db [None req-49027d90-7004-44db-98d8-83f5ed790c09 c55de50c25524ac4831e3b6141ffd5f6 5f9a0c0a0e1d4a079e9c1265dded7ac3 - - default default] Successfully bumped revision number for resource e5f6062a-aeca-4d8a-a5cc-3991ecdff1c0 (type: ports) to 1
2026-07-02 16:34:05.426 9 INFO neutron.api.wsgi [None req-49027d90-7004-44db-98d8-83f5ed790c09 c55de50c25524ac4831e3b6141ffd5f6 5f9a0c0a0e1d4a079e9c1265dded7ac3 - - default default] 10.0.0.144 "POST /v2.0/networks HTTP/1.1" status: 201 len: 829 time: 0.6907458
2026-07-02 16:34:05.434 9 WARNING neutron_lib.context [None req-ee3fce28-4912-485f-a2eb-c57a3d8093c9 c55de50c25524ac4831e3b6141ffd5f6 5f9a0c0a0e1d4a079e9c1265dded7ac3 - - default default] Method 'is_advsvc' is deprecated since 2023.2 release (neutron-lib 3.8.0) and will be removed once support for the old RBAC API policies will be removed from Neutron. Please use method 'is_service_role' instead.
2026-07-02 16:34:05.485 10 INFO neutron.api.wsgi [None req-ec358365-846b-4e44-b7a0-a4e36b6c3546 fcf97174e2444bc1875000d5523ee9c0 33415fd2b55f4519821165c6673a6270 - - default default] 10.0.0.144 "PUT /v2.0/floatingips/732c1873-fdb4-451c-bbee-d5e6c4c424d2/tags HTTP/1.1" status: 200 len: 210 time: 0.0697119
2026-07-02 16:34:05.563 10 INFO neutron.api.wsgi [None req-e042638c-441d-4411-a38b-c5db8e53cd41 fcf97174e2444bc1875000d5523ee9c0 33415fd2b55f4519821165c6673a6270 - - default default] 10.0.0.144 "PUT /v2.0/floatingips/76a84efa-334c-4de5-a37d-901054d92fb6/tags HTTP/1.1" status: 200 len: 218 time: 0.0625443
2026-07-02 16:34:05.656 9 INFO neutron.api.wsgi [None req-360e2df8-7a4d-4082-a6f4-2c94c10616af fcf97174e2444bc1875000d5523ee9c0 33415fd2b55f4519821165c6673a6270 - - default default] 10.0.0.144 "PUT /v2.0/floatingips/be572ee9-932b-4f27-a256-0b4c07251c05/tags HTTP/1.1" status: 200 len: 227 time: 0.0877676
2026-07-02 16:34:05.714 10 INFO neutron.api.wsgi [None req-6e728112-189a-4952-b4ca-9826286ebf9b fcf97174e2444bc1875000d5523ee9c0 33415fd2b55f4519821165c6673a6270 - - default default] 10.0.0.144 "PUT /v2.0/floatingips/4ef8e919-f9a0-471c-9ab6-e931b323d07c/tags HTTP/1.1" status: 200 len: 212 time: 0.0495727
2026-07-02 16:34:05.724 9 WARNING neutron.scheduler.dhcp_agent_scheduler [None req-ee3fce28-4912-485f-a2eb-c57a3d8093c9 c55de50c25524ac4831e3b6141ffd5f6 5f9a0c0a0e1d4a079e9c1265dded7ac3 - - default default] No more DHCP agents
2026-07-02 16:34:05.728 9 WARNING neutron.api.rpc.agentnotifiers.dhcp_rpc_agent_api [None req-ee3fce28-4912-485f-a2eb-c57a3d8093c9 c55de50c25524ac4831e3b6141ffd5f6 5f9a0c0a0e1d4a079e9c1265dded7ac3 - - default default] Unable to schedule network b3b64c11-15cc-421b-88e4-287e16ef1d73: no agents available; will retry on subsequent port and subnet creation events.
2026-07-02 16:34:05.769 10 INFO neutron.api.wsgi [None req-c4dd81b7-af8c-4aae-81c7-61fbdf314ed4 fcf97174e2444bc1875000d5523ee9c0 33415fd2b55f4519821165c6673a6270 - - default default] 10.0.0.144 "GET /v2.0/floatingips?tags=red HTTP/1.1" status: 200 len: 1866 time: 0.0519083
2026-07-02 16:34:05.850 9 INFO neutron.api.wsgi [None req-1be4197c-4ccb-4ef2-b2af-7851b44eb35e 9827aa93a9e94ed98d5b197788b6c635 30e6562f7cba4b068c27f3a093b95377 - - default default] 10.0.0.144 "PUT /v2.0/routers/ed4d1764-dfec-42c0-afee-02b3f765fa0d/remove_router_interface HTTP/1.1" status: 200 len: 503 time: 0.8239183 /var/lib/openstack/lib/python3.12/site-packages/pycadf/identifier.py:71: UserWarning: Invalid uuid: neutron. To ensure interoperability, identifiers should be a valid uuid. warnings.warn(('Invalid uuid: %s. To ensure interoperability, '
2026-07-02 16:34:05.876 9 INFO neutron.api.wsgi [None req-5476cf9b-98e6-4ab0-898f-e1d30a232f0d 9827aa93a9e94ed98d5b197788b6c635 30e6562f7cba4b068c27f3a093b95377 - - default default] 10.0.0.144 "GET /v2.0/ports?device_id=ed4d1764-dfec-42c0-afee-02b3f765fa0d HTTP/1.1" status: 200 len: 205 time: 0.0210159
2026-07-02 16:34:06.050 10 WARNING neutron.plugins.ml2.drivers.ovn.mech_driver.ovsdb.ovn_client [None req-99f0338f-6186-4e64-9c87-56d02be44d02 - - - - - -] No port found with ID ffc446ce-383f-434b-92ef-91f0e17fa7e9: RuntimeError: No port found with ID ffc446ce-383f-434b-92ef-91f0e17fa7e9
2026-07-02 16:34:06.058 10 INFO neutron.api.wsgi [None req-509cd85d-1f84-48bd-b6bd-c49899ab93e4 fcf97174e2444bc1875000d5523ee9c0 33415fd2b55f4519821165c6673a6270 - - default default] 10.0.0.144 "GET /v2.0/floatingips?tags=red%2Cblue HTTP/1.1" status: 200 len: 1323 time: 0.2837894
2026-07-02 16:34:06.065 10 INFO neutron.plugins.ml2.drivers.ovn.mech_driver.mech_driver [None req-99f0338f-6186-4e64-9c87-56d02be44d02 - - - - - -] OVN reports status down for port: aed58825-b821-4327-8259-9436d4119183
2026-07-02 16:34:06.127 9 INFO neutron.api.wsgi [None req-93e25259-0046-4da2-8010-84ebcc1171f8 fcf97174e2444bc1875000d5523ee9c0 33415fd2b55f4519821165c6673a6270 - - default default] 10.0.0.144 "GET /v2.0/floatingips?tags-any=blue HTTP/1.1" status: 200 len: 1323 time: 0.0627623
2026-07-02 16:34:06.155 9 INFO neutron.api.wsgi [None req-420fd3e5-5ce5-4343-8274-920b9795bd94 9827aa93a9e94ed98d5b197788b6c635 30e6562f7cba4b068c27f3a093b95377 - - default default] 10.0.0.144 "DELETE /v2.0/routers/ed4d1764-dfec-42c0-afee-02b3f765fa0d HTTP/1.1" status: 204 len: 168 time: 0.2746449
2026-07-02 16:34:06.206 10 INFO neutron.api.wsgi [None req-5a3711d8-8a94-497c-a654-0a760bdf9187 fcf97174e2444bc1875000d5523ee9c0 33415fd2b55f4519821165c6673a6270 - - default default] 10.0.0.144 "GET /v2.0/floatingips?tags-any=red%2Cblue HTTP/1.1" status: 200 len: 1866 time: 0.0701816
2026-07-02 16:34:06.258 10 INFO neutron.api.wsgi [None req-3af3b9d6-32ca-461c-9295-d7fa2ff6149c fcf97174e2444bc1875000d5523ee9c0 33415fd2b55f4519821165c6673a6270 - - default default] 10.0.0.144 "GET /v2.0/floatingips?not-tags=red HTTP/1.1" status: 200 len: 1295 time: 0.0457921
2026-07-02 16:34:06.268 10 INFO neutron.notifiers.nova [-] Nova event matching ['req-20684f21-4c80-45bd-bd06-a2860d344432'] response: {'server_uuid': '1d3b0efb-1729-480e-820d-0ec81bab1a68', 'name': 'network-vif-unplugged', 'status': 'completed', 'tag': 'aed58825-b821-4327-8259-9436d4119183', 'code': 200}
2026-07-02 16:34:06.305 10 INFO neutron.api.wsgi [None req-7a745154-e972-487d-84d9-b7c6556013c9 fcf97174e2444bc1875000d5523ee9c0 33415fd2b55f4519821165c6673a6270 - - default default] 10.0.0.144 "GET /v2.0/floatingips?not-tags=red%2Cblue HTTP/1.1" status: 200 len: 1838 time: 0.0427058
2026-07-02 16:34:06.335 9 INFO neutron.api.wsgi [None req-213d3387-30c5-4c31-ab56-0697b1786c23 9827aa93a9e94ed98d5b197788b6c635 30e6562f7cba4b068c27f3a093b95377 - - default default] 10.0.0.144 "DELETE /v2.0/subnets/48c856bb-1b51-4365-ae79-5d66d8ed8352 HTTP/1.1" status: 204 len: 168 time: 0.1726301
2026-07-02 16:34:06.354 10 INFO neutron.api.wsgi [None req-9e1a3619-745a-443e-a2df-0bf236d06887 fcf97174e2444bc1875000d5523ee9c0 33415fd2b55f4519821165c6673a6270 - - default default] 10.0.0.144 "GET /v2.0/floatingips?not-tags-any=blue HTTP/1.1" status: 200 len: 1838 time: 0.0447862
2026-07-02 16:34:06.444 10 INFO neutron.db.ovn_revision_numbers_db [None req-99f0338f-6186-4e64-9c87-56d02be44d02 - - - - - -] Successfully bumped revision number for resource aed58825-b821-4327-8259-9436d4119183 (type: ports) to 6
2026-07-02 16:34:06.499 10 WARNING neutron.plugins.ml2.drivers.ovn.mech_driver.ovsdb.ovn_client [None req-9111fba5-6e6e-42fb-8dbf-66900ee67d2d - - - - - -] Logical_Switch_Port %s host information not removed, the port state is up
2026-07-02 16:34:06.511 10 INFO neutron.plugins.ml2.drivers.ovn.mech_driver.mech_driver [None req-9111fba5-6e6e-42fb-8dbf-66900ee67d2d - - - - - -] OVN reports status up for port: aed58825-b821-4327-8259-9436d4119183
2026-07-02 16:34:06.526 10 INFO neutron.plugins.ml2.plugin [None req-9111fba5-6e6e-42fb-8dbf-66900ee67d2d - - - - - -] Attempt 1 to provision port aed58825-b821-4327-8259-9436d4119183
2026-07-02 16:34:06.603 9 INFO neutron.api.wsgi [None req-2e6cd1ee-5854-4de5-bdae-b0620fffd602 fcf97174e2444bc1875000d5523ee9c0 33415fd2b55f4519821165c6673a6270 - - default default] 10.0.0.144 "GET /v2.0/floatingips?not-tags-any=red%2Cblue HTTP/1.1" status: 200 len: 1295 time: 0.2445908 /var/lib/openstack/lib/python3.12/site-packages/pycadf/identifier.py:71: UserWarning: Invalid uuid: neutron. To ensure interoperability, identifiers should be a valid uuid. warnings.warn(('Invalid uuid: %s. To ensure interoperability, '
2026-07-02 16:34:06.626 9 INFO neutron.db.ovn_revision_numbers_db [None req-28f588f4-e69b-4ab3-8baa-2ad5f9be2eb3 - - - - - -] Successfully bumped revision number for resource e5f6062a-aeca-4d8a-a5cc-3991ecdff1c0 (type: ports) to 2
2026-07-02 16:34:06.661 9 INFO neutron.db.ovn_revision_numbers_db [None req-28f588f4-e69b-4ab3-8baa-2ad5f9be2eb3 - - - - - -] Successfully bumped revision number for resource 41207001-85f9-420d-8204-d0071e6e5968 (type: subnets) to 0
2026-07-02 16:34:06.674 9 INFO neutron.api.wsgi [None req-ee3fce28-4912-485f-a2eb-c57a3d8093c9 c55de50c25524ac4831e3b6141ffd5f6 5f9a0c0a0e1d4a079e9c1265dded7ac3 - - default default] 10.0.0.144 "POST /v2.0/subnets HTTP/1.1" status: 201 len: 825 time: 1.2427809
2026-07-02 16:34:06.682 9 WARNING neutron_lib.context [None req-4f3fe90a-b204-4252-9f38-53cdffe2d65d c55de50c25524ac4831e3b6141ffd5f6 5f9a0c0a0e1d4a079e9c1265dded7ac3 - - default default] Method 'is_advsvc' is deprecated since 2023.2 release (neutron-lib 3.8.0) and will be removed once support for the old RBAC API policies will be removed from Neutron. Please use method 'is_service_role' instead.
2026-07-02 16:34:06.768 10 INFO neutron.services.segments.plugin [-] Segment a6df2b68-f783-4349-8287-76b68dc241da resource provider aggregate not found
2026-07-02 16:34:06.771 10 INFO neutron.services.segments.plugin [-] Segment a6df2b68-f783-4349-8287-76b68dc241da resource provider aggregate not found
2026-07-02 16:34:06.771 9 INFO neutron.db.ovn_revision_numbers_db [None req-4f3fe90a-b204-4252-9f38-53cdffe2d65d c55de50c25524ac4831e3b6141ffd5f6 5f9a0c0a0e1d4a079e9c1265dded7ac3 - - default default] Successfully bumped revision number for resource 698b7da5-4561-4464-8ae8-914a03bcd737 (type: routers) to 1
2026-07-02 16:34:06.784 10 INFO neutron.services.segments.plugin [-] Segment a6df2b68-f783-4349-8287-76b68dc241da resource provider not found; error: Placement Client Error (4xx): {"errors": [{"status": 404, "title": "Not Found", "detail": "The resource could not be found.\n\n No resource provider with uuid a6df2b68-f783-4349-8287-76b68dc241da found for delete ", "request_id": "req-0a0167e2-51d1-44b4-8c4a-6ec4eff396e4"}]}
2026-07-02 16:34:06.785 9 INFO neutron.api.wsgi [None req-4f3fe90a-b204-4252-9f38-53cdffe2d65d c55de50c25524ac4831e3b6141ffd5f6 5f9a0c0a0e1d4a079e9c1265dded7ac3 - - default default] 10.0.0.144 "POST /v2.0/routers HTTP/1.1" status: 201 len: 801 time: 0.1061847
2026-07-02 16:34:06.786 10 INFO neutron.services.segments.plugin [-] Segment a6df2b68-f783-4349-8287-76b68dc241da resource provider not found; error: Placement Client Error (4xx): {"errors": [{"status": 404, "title": "Not Found", "detail": "The resource could not be found.\n\n No resource provider with uuid a6df2b68-f783-4349-8287-76b68dc241da found for delete ", "request_id": "req-cbeb8056-b7f3-4951-b825-5646dc732b59"}]}
2026-07-02 16:34:06.794 9 WARNING neutron_lib.context [None req-294e838f-f1a6-42f4-b745-8ace21bd5c91 c55de50c25524ac4831e3b6141ffd5f6 5f9a0c0a0e1d4a079e9c1265dded7ac3 - - default default] Method 'is_advsvc' is deprecated since 2023.2 release (neutron-lib 3.8.0) and will be removed once support for the old RBAC API policies will be removed from Neutron. Please use method 'is_service_role' instead.
2026-07-02 16:34:06.823 10 INFO neutron.api.wsgi [None req-afe44bd6-d99f-4914-bfb3-dc455b910d6a 9827aa93a9e94ed98d5b197788b6c635 30e6562f7cba4b068c27f3a093b95377 - - default default] 10.0.0.144 "DELETE /v2.0/networks/a3e9fa1b-f40f-45ad-aa24-5f9eeb4281ed HTTP/1.1" status: 204 len: 168 time: 0.4773583
2026-07-02 16:34:06.835 9 WARNING neutron_lib.context [None req-a2437d2d-d99c-4736-8497-9e34016d347e 9827aa93a9e94ed98d5b197788b6c635 30e6562f7cba4b068c27f3a093b95377 - - default default] Method 'is_advsvc' is deprecated since 2023.2 release (neutron-lib 3.8.0) and will be removed once support for the old RBAC API policies will be removed from Neutron. Please use method 'is_service_role' instead.
2026-07-02 16:34:06.882 10 INFO neutron.db.ovn_revision_numbers_db [None req-9111fba5-6e6e-42fb-8dbf-66900ee67d2d - - - - - -] Successfully bumped revision number for resource aed58825-b821-4327-8259-9436d4119183 (type: ports) to 7
2026-07-02 16:34:06.963 10 INFO neutron.api.wsgi [None req-9ab6133b-8258-45de-8cf6-bd69613c9e11 fcf97174e2444bc1875000d5523ee9c0 33415fd2b55f4519821165c6673a6270 - - default default] 10.0.0.144 "DELETE /v2.0/floatingips/732c1873-fdb4-451c-bbee-d5e6c4c424d2 HTTP/1.1" status: 204 len: 168 time: 0.3493237 /var/lib/openstack/lib/python3.12/site-packages/pycadf/identifier.py:71: UserWarning: Invalid uuid: neutron. To ensure interoperability, identifiers should be a valid uuid. warnings.warn(('Invalid uuid: %s. To ensure interoperability, '
2026-07-02 16:34:07.137 9 WARNING neutron.scheduler.dhcp_agent_scheduler [None req-294e838f-f1a6-42f4-b745-8ace21bd5c91 c55de50c25524ac4831e3b6141ffd5f6 5f9a0c0a0e1d4a079e9c1265dded7ac3 - - default default] No more DHCP agents
2026-07-02 16:34:07.139 9 WARNING neutron.api.rpc.agentnotifiers.dhcp_rpc_agent_api [None req-294e838f-f1a6-42f4-b745-8ace21bd5c91 c55de50c25524ac4831e3b6141ffd5f6 5f9a0c0a0e1d4a079e9c1265dded7ac3 - - default default] Unable to schedule network b3b64c11-15cc-421b-88e4-287e16ef1d73: no agents available; will retry on subsequent port and subnet creation events.
2026-07-02 16:34:07.230 10 INFO neutron.api.wsgi [None req-9f03872a-f957-4013-84d1-d6252e13aa52 fcf97174e2444bc1875000d5523ee9c0 33415fd2b55f4519821165c6673a6270 - - default default] 10.0.0.144 "DELETE /v2.0/floatingips/76a84efa-334c-4de5-a37d-901054d92fb6 HTTP/1.1" status: 204 len: 168 time: 0.2621112
2026-07-02 16:34:07.295 9 WARNING neutron.scheduler.dhcp_agent_scheduler [None req-a2437d2d-d99c-4736-8497-9e34016d347e 9827aa93a9e94ed98d5b197788b6c635 30e6562f7cba4b068c27f3a093b95377 - - default default] No more DHCP agents
2026-07-02 16:34:07.297 9 WARNING neutron.api.rpc.agentnotifiers.dhcp_rpc_agent_api [None req-a2437d2d-d99c-4736-8497-9e34016d347e 9827aa93a9e94ed98d5b197788b6c635 30e6562f7cba4b068c27f3a093b95377 - - default default] Unable to schedule network d6fe8552-e98e-4cfa-a988-0f3c36a0eb69: no agents available; will retry on subsequent port and subnet creation events.
2026-07-02 16:34:07.306 9 INFO neutron.db.ovn_revision_numbers_db [None req-294e838f-f1a6-42f4-b745-8ace21bd5c91 c55de50c25524ac4831e3b6141ffd5f6 5f9a0c0a0e1d4a079e9c1265dded7ac3 - - default default] Successfully bumped revision number for resource d4031717-19d7-4aa6-9ead-d8a4683db70f (type: ports) to 1
2026-07-02 16:34:07.330 9 INFO neutron.api.wsgi [None req-294e838f-f1a6-42f4-b745-8ace21bd5c91 c55de50c25524ac4831e3b6141ffd5f6 5f9a0c0a0e1d4a079e9c1265dded7ac3 - - default default] 10.0.0.144 "POST /v2.0/ports HTTP/1.1" status: 201 len: 1147 time: 0.5407548
2026-07-02 16:34:07.409 9 INFO neutron.db.ovn_revision_numbers_db [None req-a2437d2d-d99c-4736-8497-9e34016d347e 9827aa93a9e94ed98d5b197788b6c635 30e6562f7cba4b068c27f3a093b95377 - - default default] Successfully bumped revision number for resource 702cad75-3db0-4ac7-9392-b77cd0c35cd4 (type: ports) to 1
2026-07-02 16:34:07.563 10 INFO neutron.api.wsgi [None req-fcbdd8e0-a57f-4f9c-b3b0-0bf6d7c6af09 fcf97174e2444bc1875000d5523ee9c0 33415fd2b55f4519821165c6673a6270 - - default default] 10.0.0.144 "DELETE /v2.0/floatingips/be572ee9-932b-4f27-a256-0b4c07251c05 HTTP/1.1" status: 204 len: 168 time: 0.3283248
2026-07-02 16:34:07.910 10 INFO neutron.db.ovn_revision_numbers_db [None req-2eb8ab13-0ecc-4586-856d-1186917d83d7 c55de50c25524ac4831e3b6141ffd5f6 5f9a0c0a0e1d4a079e9c1265dded7ac3 - - default default] Successfully bumped revision number for resource d4031717-19d7-4aa6-9ead-d8a4683db70f (type: ports) to 2
2026-07-02 16:34:07.940 9 INFO neutron.plugins.ml2.drivers.ovn.mech_driver.ovsdb.commands [None req-1e81cded-6de5-45a0-ab97-158b36f079fc - - - - - -] Schedule LRP lrp-702cad75-3db0-4ac7-9392-b77cd0c35cd4 on gateway 71d8e3be-b7ea-442d-b832-9996de9ffa64 with priority 1
2026-07-02 16:34:07.966 10 INFO neutron.api.wsgi [None req-a58be0bb-3929-4b53-bfa4-3274269ac482 fcf97174e2444bc1875000d5523ee9c0 33415fd2b55f4519821165c6673a6270 - - default default] 10.0.0.144 "DELETE /v2.0/floatingips/4ef8e919-f9a0-471c-9ab6-e931b323d07c HTTP/1.1" status: 204 len: 168 time: 0.3974938 /var/lib/openstack/lib/python3.12/site-packages/pycadf/identifier.py:71: UserWarning: Invalid uuid: neutron. To ensure interoperability, identifiers should be a valid uuid. warnings.warn(('Invalid uuid: %s. To ensure interoperability, '
2026-07-02 16:34:07.998 9 INFO neutron.db.ovn_revision_numbers_db [None req-a2437d2d-d99c-4736-8497-9e34016d347e 9827aa93a9e94ed98d5b197788b6c635 30e6562f7cba4b068c27f3a093b95377 - - default default] Successfully bumped revision number for resource 702cad75-3db0-4ac7-9392-b77cd0c35cd4 (type: router_ports) to 1
2026-07-02 16:34:08.074 9 INFO neutron.db.ovn_revision_numbers_db [None req-a2437d2d-d99c-4736-8497-9e34016d347e 9827aa93a9e94ed98d5b197788b6c635 30e6562f7cba4b068c27f3a093b95377 - - default default] Successfully bumped revision number for resource f64c90fa-4bc1-40de-935e-5751acccfb89 (type: routers) to 2
2026-07-02 16:34:08.092 9 INFO neutron.api.wsgi [None req-a2437d2d-d99c-4736-8497-9e34016d347e 9827aa93a9e94ed98d5b197788b6c635 30e6562f7cba4b068c27f3a093b95377 - - default default] 10.0.0.144 "POST /v2.0/routers HTTP/1.1" status: 201 len: 1151 time: 1.2625811 /var/lib/openstack/lib/python3.12/site-packages/pycadf/identifier.py:71: UserWarning: Invalid uuid: neutron. To ensure interoperability, identifiers should be a valid uuid. warnings.warn(('Invalid uuid: %s. To ensure interoperability, '
2026-07-02 16:34:08.167 10 INFO neutron.api.wsgi [None req-c04b3089-7e73-4ef1-9c54-f9ecbf6b2559 9827aa93a9e94ed98d5b197788b6c635 30e6562f7cba4b068c27f3a093b95377 - - default default] 10.0.0.144 "GET /v2.0/routers/f64c90fa-4bc1-40de-935e-5751acccfb89 HTTP/1.1" status: 200 len: 1152 time: 0.0702271
2026-07-02 16:34:08.258 9 INFO neutron.api.wsgi [None req-4af2c926-e135-489e-9045-2abd6e544b6a 9827aa93a9e94ed98d5b197788b6c635 30e6562f7cba4b068c27f3a093b95377 - - default default] 10.0.0.144 "GET /v2.0/routers HTTP/1.1" status: 200 len: 1155 time: 0.0866418 /var/lib/openstack/lib/python3.12/site-packages/pycadf/identifier.py:71: UserWarning: Invalid uuid: neutron. To ensure interoperability, identifiers should be a valid uuid. warnings.warn(('Invalid uuid: %s. To ensure interoperability, '
2026-07-02 16:34:08.304 10 INFO neutron.notifiers.nova [-] Nova event matching ['req-4d35d5f8-e9cd-457a-8d50-93cae1eebcdd'] response: {'server_uuid': '1d3b0efb-1729-480e-820d-0ec81bab1a68', 'name': 'network-vif-unplugged', 'status': 'completed', 'tag': 'aed58825-b821-4327-8259-9436d4119183', 'code': 200}
2026-07-02 16:34:08.305 10 INFO neutron.notifiers.nova [-] Nova event matching ['req-4d35d5f8-e9cd-457a-8d50-93cae1eebcdd'] response: {'server_uuid': '1d3b0efb-1729-480e-820d-0ec81bab1a68', 'name': 'network-vif-plugged', 'status': 'completed', 'tag': 'aed58825-b821-4327-8259-9436d4119183', 'code': 200}
2026-07-02 16:34:08.305 10 INFO neutron.notifiers.nova [-] Nova event matching ['req-4d35d5f8-e9cd-457a-8d50-93cae1eebcdd'] response: {'server_uuid': '1d3b0efb-1729-480e-820d-0ec81bab1a68', 'name': 'network-vif-plugged', 'status': 'completed', 'tag': 'aed58825-b821-4327-8259-9436d4119183', 'code': 200}
2026-07-02 16:34:08.307 9 INFO neutron.api.wsgi [None req-4b27faf0-8746-467f-a7aa-afdaac991097 fcf97174e2444bc1875000d5523ee9c0 33415fd2b55f4519821165c6673a6270 - - default default] 10.0.0.144 "DELETE /v2.0/floatingips/574fa51c-3329-4416-b6a6-902e0d2591ea HTTP/1.1" status: 204 len: 168 time: 0.3288257
2026-07-02 16:34:08.435 10 INFO neutron.db.ovn_revision_numbers_db [None req-2eb8ab13-0ecc-4586-856d-1186917d83d7 c55de50c25524ac4831e3b6141ffd5f6 5f9a0c0a0e1d4a079e9c1265dded7ac3 - - default default] Successfully bumped revision number for resource d4031717-19d7-4aa6-9ead-d8a4683db70f (type: ports) to 2
2026-07-02 16:34:08.489 10 WARNING neutron.scheduler.dhcp_agent_scheduler [None req-2eb8ab13-0ecc-4586-856d-1186917d83d7 c55de50c25524ac4831e3b6141ffd5f6 5f9a0c0a0e1d4a079e9c1265dded7ac3 - - default default] No more DHCP agents
2026-07-02 16:34:08.490 10 WARNING neutron.api.rpc.agentnotifiers.dhcp_rpc_agent_api [None req-2eb8ab13-0ecc-4586-856d-1186917d83d7 c55de50c25524ac4831e3b6141ffd5f6 5f9a0c0a0e1d4a079e9c1265dded7ac3 - - default default] Unable to schedule network b3b64c11-15cc-421b-88e4-287e16ef1d73: no agents available; will retry on subsequent port and subnet creation events.
2026-07-02 16:34:08.717 10 INFO neutron.db.ovn_revision_numbers_db [None req-2eb8ab13-0ecc-4586-856d-1186917d83d7 c55de50c25524ac4831e3b6141ffd5f6 5f9a0c0a0e1d4a079e9c1265dded7ac3 - - default default] Successfully bumped revision number for resource d4031717-19d7-4aa6-9ead-d8a4683db70f (type: router_ports) to 2
2026-07-02 16:34:08.722 10 INFO neutron.api.wsgi [None req-2eb8ab13-0ecc-4586-856d-1186917d83d7 c55de50c25524ac4831e3b6141ffd5f6 5f9a0c0a0e1d4a079e9c1265dded7ac3 - - default default] 10.0.0.144 "PUT /v2.0/routers/698b7da5-4561-4464-8ae8-914a03bcd737/add_router_interface HTTP/1.1" status: 200 len: 503 time: 1.3856680
2026-07-02 16:34:08.728 10 INFO neutron.db.ovn_revision_numbers_db [None req-c7809066-751c-4c18-bcd7-0352397c4fd8 9827aa93a9e94ed98d5b197788b6c635 30e6562f7cba4b068c27f3a093b95377 - - default default] Successfully bumped revision number for resource f64c90fa-4bc1-40de-935e-5751acccfb89 (type: routers) to 3
2026-07-02 16:34:08.738 10 INFO neutron.api.wsgi [None req-c7809066-751c-4c18-bcd7-0352397c4fd8 9827aa93a9e94ed98d5b197788b6c635 30e6562f7cba4b068c27f3a093b95377 - - default default] 10.0.0.144 "PUT /v2.0/routers/f64c90fa-4bc1-40de-935e-5751acccfb89 HTTP/1.1" status: 200 len: 1159 time: 0.4762588
2026-07-02 16:34:08.800 9 INFO neutron.api.wsgi [None req-e1c291c8-59d1-4ab8-b9d5-08219ba42a04 9827aa93a9e94ed98d5b197788b6c635 30e6562f7cba4b068c27f3a093b95377 - - default default] 10.0.0.144 "GET /v2.0/routers/f64c90fa-4bc1-40de-935e-5751acccfb89 HTTP/1.1" status: 200 len: 1159 time: 0.0567672
2026-07-02 16:34:08.804 10 INFO neutron.api.wsgi [None req-240f5038-a87e-4696-bb15-f7f1c62930f4 c55de50c25524ac4831e3b6141ffd5f6 5f9a0c0a0e1d4a079e9c1265dded7ac3 - - default default] 10.0.0.144 "GET /v2.0/ports/d4031717-19d7-4aa6-9ead-d8a4683db70f HTTP/1.1" status: 200 len: 1203 time: 0.0766847
2026-07-02 16:34:08.823 9 INFO neutron.api.wsgi [None req-602d4ea0-b5fa-4e76-a683-c1ad42718d41 9827aa93a9e94ed98d5b197788b6c635 30e6562f7cba4b068c27f3a093b95377 - - default default] 10.0.0.144 "GET /v2.0/ports?device_id=f64c90fa-4bc1-40de-935e-5751acccfb89 HTTP/1.1" status: 200 len: 205 time: 0.0155685
2026-07-02 16:34:08.873 10 INFO neutron.api.wsgi [req-3e4ef737-bd1f-4187-a9a3-ba5335c1f2df req-ea03ad0e-42d3-4935-858d-385682387211 24ae637a2b50474cb88c8a56e765ff55 b6782f70a47e447db6f9388b9765c608 - - default default] 10.0.0.135 "GET /v2.0/ports?device_id=1d3b0efb-1729-480e-820d-0ec81bab1a68 HTTP/1.1" status: 200 len: 1170 time: 0.0825896 /var/lib/openstack/lib/python3.12/site-packages/pycadf/identifier.py:71: UserWarning: Invalid uuid: neutron. To ensure interoperability, identifiers should be a valid uuid. warnings.warn(('Invalid uuid: %s. To ensure interoperability, '
2026-07-02 16:34:08.912 10 INFO neutron.api.wsgi [req-3e4ef737-bd1f-4187-a9a3-ba5335c1f2df req-21115664-dbd3-47a8-9842-70f2e326c541 24ae637a2b50474cb88c8a56e765ff55 b6782f70a47e447db6f9388b9765c608 - - default default] 10.0.0.135 "GET /v2.0/security-groups?id=4f24887d-c860-43ce-a7ad-ea8ebec32c18&fields=id&fields=name HTTP/1.1" status: 200 len: 312 time: 0.0290759 /var/lib/openstack/lib/python3.12/site-packages/pycadf/identifier.py:71: UserWarning: Invalid uuid: neutron. To ensure interoperability, identifiers should be a valid uuid. warnings.warn(('Invalid uuid: %s. To ensure interoperability, '
2026-07-02 16:34:09.098 10 INFO neutron.api.wsgi [req-0f4d076a-72e0-4eec-aad3-78f8961fe5f6 req-5dd03d4e-d74e-4fea-8e23-705d98fe2cd8 24ae637a2b50474cb88c8a56e765ff55 b6782f70a47e447db6f9388b9765c608 - - default default] 10.0.0.135 "GET /v2.0/ports?device_id=1d3b0efb-1729-480e-820d-0ec81bab1a68 HTTP/1.1" status: 200 len: 1170 time: 0.0301497
2026-07-02 16:34:09.141 10 INFO neutron.api.wsgi [req-0f4d076a-72e0-4eec-aad3-78f8961fe5f6 req-fff379c3-716d-45a4-b97b-2b174df633c1 24ae637a2b50474cb88c8a56e765ff55 b6782f70a47e447db6f9388b9765c608 - - default default] 10.0.0.135 "GET /v2.0/security-groups?id=4f24887d-c860-43ce-a7ad-ea8ebec32c18&fields=id&fields=name HTTP/1.1" status: 200 len: 312 time: 0.0361407
2026-07-02 16:34:09.341 10 INFO neutron.api.wsgi [None req-7ad5dc21-379b-4dbb-82f4-ff3a07d67cde c55de50c25524ac4831e3b6141ffd5f6 5f9a0c0a0e1d4a079e9c1265dded7ac3 - - default default] 10.0.0.144 "PUT /v2.0/routers/698b7da5-4561-4464-8ae8-914a03bcd737/remove_router_interface HTTP/1.1" status: 200 len: 503 time: 0.5325005
2026-07-02 16:34:09.365 9 INFO neutron.db.ovn_revision_numbers_db [None req-61da586c-91be-4f9b-9d6e-5dabb481f3bb a8aa24bd68aa41139e299598e80b27ac 84b441d311bc483885a13e4057a7138f - - default default] Successfully bumped revision number for resource b6a9b5ad-eab6-4888-995b-8f8cb9532236 (type: security_groups) to 1
2026-07-02 16:34:09.406 9 INFO neutron.db.ovn_revision_numbers_db [None req-61da586c-91be-4f9b-9d6e-5dabb481f3bb a8aa24bd68aa41139e299598e80b27ac 84b441d311bc483885a13e4057a7138f - - default default] Successfully bumped revision number for resource 056079d2-7fd1-421f-9c36-7ee4c57d217d (type: security_group_rules) to 0
2026-07-02 16:34:09.428 9 INFO neutron.api.v2.resource [None req-bc41ea9d-f235-4634-8448-76bdf97a4b0f c55de50c25524ac4831e3b6141ffd5f6 5f9a0c0a0e1d4a079e9c1265dded7ac3 - - default default] remove_router_interface failed (client error): The resource could not be found.
2026-07-02 16:34:09.429 9 INFO neutron.api.wsgi [None req-bc41ea9d-f235-4634-8448-76bdf97a4b0f c55de50c25524ac4831e3b6141ffd5f6 5f9a0c0a0e1d4a079e9c1265dded7ac3 - - default default] 10.0.0.144 "PUT /v2.0/routers/698b7da5-4561-4464-8ae8-914a03bcd737/remove_router_interface HTTP/1.1" status: 404 len: 398 time: 0.0793197 /var/lib/openstack/lib/python3.12/site-packages/pycadf/identifier.py:71: UserWarning: Invalid uuid: neutron. To ensure interoperability, identifiers should be a valid uuid. warnings.warn(('Invalid uuid: %s. To ensure interoperability, '
2026-07-02 16:34:09.445 9 INFO neutron.db.ovn_revision_numbers_db [None req-61da586c-91be-4f9b-9d6e-5dabb481f3bb a8aa24bd68aa41139e299598e80b27ac 84b441d311bc483885a13e4057a7138f - - default default] Successfully bumped revision number for resource 090012f7-8b04-4f29-a501-a4f3363d16c3 (type: security_group_rules) to 0
2026-07-02 16:34:09.457 10 INFO neutron.api.wsgi [None req-e424ae8e-68f0-48e9-9d10-bf3406f58181 c55de50c25524ac4831e3b6141ffd5f6 5f9a0c0a0e1d4a079e9c1265dded7ac3 - - default default] 10.0.0.144 "GET /v2.0/ports?device_id=698b7da5-4561-4464-8ae8-914a03bcd737 HTTP/1.1" status: 200 len: 205 time: 0.0201881
2026-07-02 16:34:09.462 9 INFO neutron.db.ovn_revision_numbers_db [None req-61da586c-91be-4f9b-9d6e-5dabb481f3bb a8aa24bd68aa41139e299598e80b27ac 84b441d311bc483885a13e4057a7138f - - default default] Successfully bumped revision number for resource 78e6ac61-3e3e-42e9-ade8-d45f888ae192 (type: security_group_rules) to 0
2026-07-02 16:34:09.482 9 INFO neutron.db.ovn_revision_numbers_db [None req-61da586c-91be-4f9b-9d6e-5dabb481f3bb a8aa24bd68aa41139e299598e80b27ac 84b441d311bc483885a13e4057a7138f - - default default] Successfully bumped revision number for resource a8f9c3c6-7384-4fea-870a-a7c2b8328a72 (type: security_group_rules) to 0
2026-07-02 16:34:09.498 9 INFO neutron.api.wsgi [None req-05f33615-9ba5-4d16-9332-31968c391d2d 9827aa93a9e94ed98d5b197788b6c635 30e6562f7cba4b068c27f3a093b95377 - - default default] 10.0.0.144 "DELETE /v2.0/routers/f64c90fa-4bc1-40de-935e-5751acccfb89 HTTP/1.1" status: 204 len: 168 time: 0.6663530
2026-07-02 16:34:09.517 9 INFO neutron.api.wsgi [None req-61da586c-91be-4f9b-9d6e-5dabb481f3bb a8aa24bd68aa41139e299598e80b27ac 84b441d311bc483885a13e4057a7138f - - default default] 10.0.0.144 "GET /v2.0/security-groups?tenant_id=58896a584b4a4d96b751d1f314864f8e&name=default HTTP/1.1" status: 200 len: 3120 time: 0.4473720
2026-07-02 16:34:09.522 10 INFO neutron.api.wsgi [None req-30d86e55-fbbf-420e-961f-48695c03ba7e 9827aa93a9e94ed98d5b197788b6c635 30e6562f7cba4b068c27f3a093b95377 - - default default] 10.0.0.144 "GET /v2.0/ports?device_id=f64c90fa-4bc1-40de-935e-5751acccfb89 HTTP/1.1" status: 200 len: 205 time: 0.0184443
2026-07-02 16:34:09.544 9 INFO neutron.api.v2.resource [None req-d25afa2f-2820-47d6-a3c9-ec7600eec029 9827aa93a9e94ed98d5b197788b6c635 30e6562f7cba4b068c27f3a093b95377 - - default default] delete failed (client error): The resource could not be found.
2026-07-02 16:34:09.545 9 INFO neutron.api.wsgi [None req-d25afa2f-2820-47d6-a3c9-ec7600eec029 9827aa93a9e94ed98d5b197788b6c635 30e6562f7cba4b068c27f3a093b95377 - - default default] 10.0.0.144 "DELETE /v2.0/routers/f64c90fa-4bc1-40de-935e-5751acccfb89 HTTP/1.1" status: 404 len: 336 time: 0.0183070
2026-07-02 16:34:09.570 10 INFO neutron.api.wsgi [None req-ae64109a-c543-48a5-9d1f-36b4ae57926c 9827aa93a9e94ed98d5b197788b6c635 30e6562f7cba4b068c27f3a093b95377 - - default default] 10.0.0.144 "GET /v2.0/ports?device_id=ed4d1764-dfec-42c0-afee-02b3f765fa0d HTTP/1.1" status: 200 len: 205 time: 0.0186734
2026-07-02 16:34:09.595 9 INFO neutron.api.v2.resource [None req-562dcfd5-8256-4d2c-90ed-444828af8df8 9827aa93a9e94ed98d5b197788b6c635 30e6562f7cba4b068c27f3a093b95377 - - default default] delete failed (client error): The resource could not be found.
2026-07-02 16:34:09.598 9 INFO neutron.api.wsgi [None req-562dcfd5-8256-4d2c-90ed-444828af8df8 9827aa93a9e94ed98d5b197788b6c635 30e6562f7cba4b068c27f3a093b95377 - - default default] 10.0.0.144 "DELETE /v2.0/routers/ed4d1764-dfec-42c0-afee-02b3f765fa0d HTTP/1.1" status: 404 len: 336 time: 0.0206528
2026-07-02 16:34:09.618 9 INFO neutron.pecan_wsgi.hooks.translation [None req-5b420486-bdea-44ac-8d80-bb9c101bbe8a 9827aa93a9e94ed98d5b197788b6c635 30e6562f7cba4b068c27f3a093b95377 - - default default] DELETE failed (client error): The resource could not be found.
2026-07-02 16:34:09.621 9 INFO neutron.api.wsgi [None req-5b420486-bdea-44ac-8d80-bb9c101bbe8a 9827aa93a9e94ed98d5b197788b6c635 30e6562f7cba4b068c27f3a093b95377 - - default default] 10.0.0.144 "DELETE /v2.0/subnets/48c856bb-1b51-4365-ae79-5d66d8ed8352 HTTP/1.1" status: 404 len: 337 time: 0.0179989
2026-07-02 16:34:09.629 10 INFO neutron.api.wsgi [None req-1d93d849-34fe-48c7-b2ac-9f446600ab1f c55de50c25524ac4831e3b6141ffd5f6 5f9a0c0a0e1d4a079e9c1265dded7ac3 - - default default] 10.0.0.144 "DELETE /v2.0/routers/698b7da5-4561-4464-8ae8-914a03bcd737 HTTP/1.1" status: 204 len: 168 time: 0.1674154
2026-07-02 16:34:09.632 10 INFO neutron.plugins.ml2.drivers.ovn.mech_driver.mech_driver [None req-4fe6cf3b-067d-4865-88db-7a33c4f82061 - - - - - -] OVN reports status down for port: aed58825-b821-4327-8259-9436d4119183
2026-07-02 16:34:09.659 9 INFO neutron.api.wsgi [None req-30586a83-c94b-445e-bcb1-552373a935f2 9827aa93a9e94ed98d5b197788b6c635 30e6562f7cba4b068c27f3a093b95377 - - default default] 10.0.0.144 "GET /v2.0/ports?device_id=e764f084-d94c-476b-b099-4f755ba351dd HTTP/1.1" status: 200 len: 205 time: 0.0267959
2026-07-02 16:34:09.662 10 INFO neutron.api.wsgi [-] 10.0.0.28 "GET / HTTP/1.1" status: 200 len: 245 time: 0.0027108
2026-07-02 16:34:09.664 10 INFO neutron.api.wsgi [-] 10.0.0.28 "GET / HTTP/1.1" status: 200 len: 245 time: 0.0012479
2026-07-02 16:34:09.696 10 INFO neutron.api.v2.resource [None req-2c55b87c-4fd8-4b14-a23a-d60e9200daea 9827aa93a9e94ed98d5b197788b6c635 30e6562f7cba4b068c27f3a093b95377 - - default default] delete failed (client error): The resource could not be found.
2026-07-02 16:34:09.697 10 INFO neutron.api.wsgi [None req-2c55b87c-4fd8-4b14-a23a-d60e9200daea 9827aa93a9e94ed98d5b197788b6c635 30e6562f7cba4b068c27f3a093b95377 - - default default] 10.0.0.144 "DELETE /v2.0/routers/e764f084-d94c-476b-b099-4f755ba351dd HTTP/1.1" status: 404 len: 336 time: 0.0267246
2026-07-02 16:34:09.711 9 WARNING neutron.plugins.ml2.drivers.ovn.mech_driver.ovsdb.ovn_client [None req-103e13d6-0d98-4328-a032-9cec0a44d4f1 - - - - - -] No port found with ID 1894ddf9-62b8-44c5-a57d-cc791a1e5aa2: RuntimeError: No port found with ID 1894ddf9-62b8-44c5-a57d-cc791a1e5aa2
2026-07-02 16:34:09.722 10 INFO neutron.pecan_wsgi.hooks.translation [None req-ad450492-ccde-4d65-a807-d78e479ddb42 9827aa93a9e94ed98d5b197788b6c635 30e6562f7cba4b068c27f3a093b95377 - - default default] DELETE failed (client error): The resource could not be found.
2026-07-02 16:34:09.725 10 INFO neutron.api.wsgi [None req-ad450492-ccde-4d65-a807-d78e479ddb42 9827aa93a9e94ed98d5b197788b6c635 30e6562f7cba4b068c27f3a093b95377 - - default default] 10.0.0.144 "DELETE /v2.0/subnets/83f88e8a-b5ca-4c73-be21-0cb25beeaa66 HTTP/1.1" status: 404 len: 337 time: 0.0209336
2026-07-02 16:34:09.738 9 INFO neutron.plugins.ml2.drivers.ovn.mech_driver.mech_driver [None req-103e13d6-0d98-4328-a032-9cec0a44d4f1 - - - - - -] OVN reports status up for port: d4031717-19d7-4aa6-9ead-d8a4683db70f
2026-07-02 16:34:09.759 9 INFO neutron.plugins.ml2.drivers.ovn.mech_driver.mech_driver [None req-103e13d6-0d98-4328-a032-9cec0a44d4f1 - - - - - -] OVN reports status up for port: 702cad75-3db0-4ac7-9392-b77cd0c35cd4
2026-07-02 16:34:09.764 10 INFO neutron.api.wsgi [None req-2eadd2ef-b6f7-4231-b278-6a6b7f0f99de 9827aa93a9e94ed98d5b197788b6c635 30e6562f7cba4b068c27f3a093b95377 - - default default] 10.0.0.144 "GET /v2.0/ports?device_id=8cd8004e-bf56-4cf1-8439-7e2f0c74c9ad HTTP/1.1" status: 200 len: 205 time: 0.0300539
2026-07-02 16:34:09.790 10 INFO neutron.api.v2.resource [None req-6331fe3d-5ba7-4fbb-89b6-e3513ec92524 9827aa93a9e94ed98d5b197788b6c635 30e6562f7cba4b068c27f3a093b95377 - - default default] delete failed (client error): The resource could not be found.
2026-07-02 16:34:09.791 10 INFO neutron.api.wsgi [None req-6331fe3d-5ba7-4fbb-89b6-e3513ec92524 9827aa93a9e94ed98d5b197788b6c635 30e6562f7cba4b068c27f3a093b95377 - - default default] 10.0.0.144 "DELETE /v2.0/routers/8cd8004e-bf56-4cf1-8439-7e2f0c74c9ad HTTP/1.1" status: 404 len: 336 time: 0.0206006
2026-07-02 16:34:09.808 10 INFO neutron.pecan_wsgi.hooks.translation [None req-74572b75-f183-4a75-bce6-bb9e41c0e0ba 9827aa93a9e94ed98d5b197788b6c635 30e6562f7cba4b068c27f3a093b95377 - - default default] DELETE failed (client error): The resource could not be found.
2026-07-02 16:34:09.810 10 INFO neutron.api.wsgi [None req-74572b75-f183-4a75-bce6-bb9e41c0e0ba 9827aa93a9e94ed98d5b197788b6c635 30e6562f7cba4b068c27f3a093b95377 - - default default] 10.0.0.144 "DELETE /v2.0/subnets/a3a83471-9bc9-4512-a8ce-db4fb200b6e0 HTTP/1.1" status: 404 len: 337 time: 0.0149760
2026-07-02 16:34:09.828 10 INFO neutron.pecan_wsgi.hooks.translation [None req-222b0bae-81b6-4c57-b316-bcc47c97d3e6 9827aa93a9e94ed98d5b197788b6c635 30e6562f7cba4b068c27f3a093b95377 - - default default] DELETE failed (client error): The resource could not be found.
2026-07-02 16:34:09.831 10 INFO neutron.api.wsgi [None req-222b0bae-81b6-4c57-b316-bcc47c97d3e6 9827aa93a9e94ed98d5b197788b6c635 30e6562f7cba4b068c27f3a093b95377 - - default default] 10.0.0.144 "DELETE /v2.0/subnets/805be38c-5720-4988-bd99-fec27f974e55 HTTP/1.1" status: 404 len: 337 time: 0.0117733
2026-07-02 16:34:09.856 9 INFO neutron.api.wsgi [None req-d6308c17-c0d8-4fdb-aa0a-c45527684c3f a8aa24bd68aa41139e299598e80b27ac 84b441d311bc483885a13e4057a7138f - - default default] 10.0.0.144 "DELETE /v2.0/security-groups/b6a9b5ad-eab6-4888-995b-8f8cb9532236 HTTP/1.1" status: 204 len: 168 time: 0.3341877
2026-07-02 16:34:09.869 9 INFO neutron.api.wsgi [None req-b4ff6db5-7d7b-472d-b861-2092f7688499 c55de50c25524ac4831e3b6141ffd5f6 5f9a0c0a0e1d4a079e9c1265dded7ac3 - - default default] 10.0.0.144 "DELETE /v2.0/subnets/41207001-85f9-420d-8204-d0071e6e5968 HTTP/1.1" status: 204 len: 168 time: 0.2342243
2026-07-02 16:34:09.964 10 INFO neutron.db.ovn_revision_numbers_db [None req-4fe6cf3b-067d-4865-88db-7a33c4f82061 - - - - - -] Successfully bumped revision number for resource aed58825-b821-4327-8259-9436d4119183 (type: ports) to 8
2026-07-02 16:34:10.059 9 INFO neutron.db.ovn_revision_numbers_db [None req-fc7f815f-9fa5-416b-ba8a-d62b9db65267 a8aa24bd68aa41139e299598e80b27ac 84b441d311bc483885a13e4057a7138f - - default default] Successfully bumped revision number for resource 18b58e68-32cc-460b-a8c6-f0f6bd250281 (type: security_groups) to 1
2026-07-02 16:34:10.072 9 INFO neutron.db.ovn_revision_numbers_db [None req-fc7f815f-9fa5-416b-ba8a-d62b9db65267 a8aa24bd68aa41139e299598e80b27ac 84b441d311bc483885a13e4057a7138f - - default default] Successfully bumped revision number for resource 331b4cef-f523-4fdf-8518-b5aa1c8673f0 (type: security_group_rules) to 0
2026-07-02 16:34:10.088 9 INFO neutron.db.ovn_revision_numbers_db [None req-fc7f815f-9fa5-416b-ba8a-d62b9db65267 a8aa24bd68aa41139e299598e80b27ac 84b441d311bc483885a13e4057a7138f - - default default] Successfully bumped revision number for resource 3c6a9a0d-1c92-4f81-b089-a9691f81d11f (type: security_group_rules) to 0
2026-07-02 16:34:10.104 9 INFO neutron.db.ovn_revision_numbers_db [None req-fc7f815f-9fa5-416b-ba8a-d62b9db65267 a8aa24bd68aa41139e299598e80b27ac 84b441d311bc483885a13e4057a7138f - - default default] Successfully bumped revision number for resource 3e8ec97d-7fa3-499b-9f74-82d6217628a5 (type: security_group_rules) to 0
2026-07-02 16:34:10.119 9 INFO neutron.db.ovn_revision_numbers_db [None req-fc7f815f-9fa5-416b-ba8a-d62b9db65267 a8aa24bd68aa41139e299598e80b27ac 84b441d311bc483885a13e4057a7138f - - default default] Successfully bumped revision number for resource f8c8418a-899c-4f71-909e-1c8d8f67518a (type: security_group_rules) to 0
2026-07-02 16:34:10.155 9 INFO neutron.services.segments.plugin [-] Segment 7be8d823-e32f-4032-9d53-3a7dd9412653 resource provider aggregate not found
2026-07-02 16:34:10.158 9 INFO neutron.services.segments.plugin [-] Segment 7be8d823-e32f-4032-9d53-3a7dd9412653 resource provider aggregate not found
2026-07-02 16:34:10.174 9 INFO neutron.api.wsgi [None req-fc7f815f-9fa5-416b-ba8a-d62b9db65267 a8aa24bd68aa41139e299598e80b27ac 84b441d311bc483885a13e4057a7138f - - default default] 10.0.0.144 "GET /v2.0/security-groups?tenant_id=3240ff61bbdc4910bc04d85d5b26a0a0&name=default HTTP/1.1" status: 200 len: 3120 time: 0.2236907
2026-07-02 16:34:10.175 9 INFO neutron.services.segments.plugin [-] Segment 7be8d823-e32f-4032-9d53-3a7dd9412653 resource provider not found; error: Placement Client Error (4xx): {"errors": [{"status": 404, "title": "Not Found", "detail": "The resource could not be found.\n\n No resource provider with uuid 7be8d823-e32f-4032-9d53-3a7dd9412653 found for delete ", "request_id": "req-bf349cfb-6f67-468e-b4e5-143705b1b69d"}]}
2026-07-02 16:34:10.176 9 INFO neutron.services.segments.plugin [-] Segment 7be8d823-e32f-4032-9d53-3a7dd9412653 resource provider not found; error: Placement Client Error (4xx): {"errors": [{"status": 404, "title": "Not Found", "detail": "The resource could not be found.\n\n No resource provider with uuid 7be8d823-e32f-4032-9d53-3a7dd9412653 found for delete ", "request_id": "req-37b06c03-7a42-45ba-bdbb-1f1825527288"}]}
2026-07-02 16:34:10.203 9 INFO neutron.api.wsgi [None req-631f2367-c0b4-463f-9900-e8de2ab58150 c55de50c25524ac4831e3b6141ffd5f6 5f9a0c0a0e1d4a079e9c1265dded7ac3 - - default default] 10.0.0.144 "DELETE /v2.0/networks/b3b64c11-15cc-421b-88e4-287e16ef1d73 HTTP/1.1" status: 204 len: 168 time: 0.3295183 /var/lib/openstack/lib/python3.12/site-packages/pycadf/identifier.py:71: UserWarning: Invalid uuid: neutron. To ensure interoperability, identifiers should be a valid uuid. warnings.warn(('Invalid uuid: %s. To ensure interoperability, '
2026-07-02 16:34:10.213 9 WARNING neutron_lib.context [None req-0d41ff38-0bac-43fb-ba21-f3cb1f298056 c55de50c25524ac4831e3b6141ffd5f6 5f9a0c0a0e1d4a079e9c1265dded7ac3 - - default default] Method 'is_advsvc' is deprecated since 2023.2 release (neutron-lib 3.8.0) and will be removed once support for the old RBAC API policies will be removed from Neutron. Please use method 'is_service_role' instead.
2026-07-02 16:34:10.241 10 INFO neutron.api.wsgi [req-ae111412-cc9c-4183-b649-6cfdd083c0f0 req-9fa7a570-f76c-41f0-8da8-f69e1e075cdf 24ae637a2b50474cb88c8a56e765ff55 b6782f70a47e447db6f9388b9765c608 - - default default] 10.0.0.135 "GET /v2.0/ports?device_id=1d3b0efb-1729-480e-820d-0ec81bab1a68 HTTP/1.1" status: 200 len: 1168 time: 0.0319870
2026-07-02 16:34:10.271 10 INFO neutron.api.wsgi [req-ae111412-cc9c-4183-b649-6cfdd083c0f0 req-49be39d5-868f-428a-b76e-65c4b86346cc 24ae637a2b50474cb88c8a56e765ff55 b6782f70a47e447db6f9388b9765c608 - - default default] 10.0.0.135 "GET /v2.0/security-groups?id=4f24887d-c860-43ce-a7ad-ea8ebec32c18&fields=id&fields=name HTTP/1.1" status: 200 len: 312 time: 0.0246634
2026-07-02 16:34:10.299 9 INFO neutron.db.segments_db [None req-0d41ff38-0bac-43fb-ba21-f3cb1f298056 c55de50c25524ac4831e3b6141ffd5f6 5f9a0c0a0e1d4a079e9c1265dded7ac3 - - default default] Added segment 03cec3df-0865-405a-9f2d-81e7a3502888 of type geneve for network e9bbe55c-ea23-4caf-a292-338c35d9bc3a
2026-07-02 16:34:10.340 10 INFO neutron.notifiers.nova [-] Nova event matching ['req-aff5f421-24ed-44e4-b5bf-8ea8527a1a03'] response: {'server_uuid': '1d3b0efb-1729-480e-820d-0ec81bab1a68', 'name': 'network-vif-unplugged', 'status': 'completed', 'tag': 'aed58825-b821-4327-8259-9436d4119183', 'code': 200}
2026-07-02 16:34:10.341 10 INFO neutron.notifiers.nova [-] Nova event matching ['req-aff5f421-24ed-44e4-b5bf-8ea8527a1a03'] response: {'server_uuid': '1d3b0efb-1729-480e-820d-0ec81bab1a68', 'name': 'network-vif-unplugged', 'status': 'completed', 'tag': 'aed58825-b821-4327-8259-9436d4119183', 'code': 200}
2026-07-02 16:34:10.391 9 INFO neutron.api.wsgi [None req-0b2611ab-34e9-4944-8100-72640b23e78f a8aa24bd68aa41139e299598e80b27ac 84b441d311bc483885a13e4057a7138f - - default default] 10.0.0.144 "DELETE /v2.0/security-groups/18b58e68-32cc-460b-a8c6-f0f6bd250281 HTTP/1.1" status: 204 len: 168 time: 0.2136846
2026-07-02 16:34:10.421 9 INFO neutron.db.ovn_revision_numbers_db [None req-0d41ff38-0bac-43fb-ba21-f3cb1f298056 c55de50c25524ac4831e3b6141ffd5f6 5f9a0c0a0e1d4a079e9c1265dded7ac3 - - default default] Successfully bumped revision number for resource e9bbe55c-ea23-4caf-a292-338c35d9bc3a (type: networks) to 1
2026-07-02 16:34:10.426 10 INFO neutron.api.wsgi [None req-9315d0b2-62a4-4d6c-bbb7-e25a8ebfe2d1 a8aa24bd68aa41139e299598e80b27ac 84b441d311bc483885a13e4057a7138f - - default default] 10.0.0.144 "GET /v2.0/security-groups?tenant_id=30e6562f7cba4b068c27f3a093b95377&name=default HTTP/1.1" status: 200 len: 3120 time: 0.1226001
2026-07-02 16:34:10.608 9 WARNING neutron.scheduler.dhcp_agent_scheduler [None req-0d41ff38-0bac-43fb-ba21-f3cb1f298056 c55de50c25524ac4831e3b6141ffd5f6 5f9a0c0a0e1d4a079e9c1265dded7ac3 - - default default] No more DHCP agents
2026-07-02 16:34:10.610 9 WARNING neutron.api.rpc.agentnotifiers.dhcp_rpc_agent_api [None req-0d41ff38-0bac-43fb-ba21-f3cb1f298056 c55de50c25524ac4831e3b6141ffd5f6 5f9a0c0a0e1d4a079e9c1265dded7ac3 - - default default] Unable to schedule network e9bbe55c-ea23-4caf-a292-338c35d9bc3a: no agents available; will retry on subsequent port and subnet creation events.
2026-07-02 16:34:10.624 10 INFO neutron.api.wsgi [None req-d244f2e6-a44f-4578-9e42-5ff69c022ca6 a8aa24bd68aa41139e299598e80b27ac 84b441d311bc483885a13e4057a7138f - - default default] 10.0.0.144 "DELETE /v2.0/security-groups/cfa87f26-d9a1-45b1-9ddd-8a6aedbd3c06 HTTP/1.1" status: 204 len: 168 time: 0.1928358
2026-07-02 16:34:10.657 10 INFO neutron.db.ovn_revision_numbers_db [None req-acf45000-991d-448e-9bea-ec0ccd946ca6 a8aa24bd68aa41139e299598e80b27ac 84b441d311bc483885a13e4057a7138f - - default default] Successfully bumped revision number for resource 84439bf5-251f-4382-83e4-1bafca4291dc (type: security_groups) to 1
2026-07-02 16:34:10.675 10 INFO neutron.db.ovn_revision_numbers_db [None req-acf45000-991d-448e-9bea-ec0ccd946ca6 a8aa24bd68aa41139e299598e80b27ac 84b441d311bc483885a13e4057a7138f - - default default] Successfully bumped revision number for resource 1328cfd8-0490-4b41-91f0-5f56f5c160bc (type: security_group_rules) to 0
2026-07-02 16:34:10.690 10 INFO neutron.db.ovn_revision_numbers_db [None req-acf45000-991d-448e-9bea-ec0ccd946ca6 a8aa24bd68aa41139e299598e80b27ac 84b441d311bc483885a13e4057a7138f - - default default] Successfully bumped revision number for resource 255ee4cf-d235-4594-b9a6-e0f92319acb2 (type: security_group_rules) to 0
2026-07-02 16:34:10.694 9 INFO neutron.db.ovn_revision_numbers_db [None req-0d41ff38-0bac-43fb-ba21-f3cb1f298056 c55de50c25524ac4831e3b6141ffd5f6 5f9a0c0a0e1d4a079e9c1265dded7ac3 - - default default] Successfully bumped revision number for resource 7f9ac07a-59c2-4f36-8a46-49f2f7719523 (type: ports) to 1
2026-07-02 16:34:10.704 10 INFO neutron.db.ovn_revision_numbers_db [None req-acf45000-991d-448e-9bea-ec0ccd946ca6 a8aa24bd68aa41139e299598e80b27ac 84b441d311bc483885a13e4057a7138f - - default default] Successfully bumped revision number for resource a124ec20-9356-4b58-bfb2-8533887c8aae (type: security_group_rules) to 0
