2026-07-02 16:33:53.126 10 INFO neutron.api.wsgi [req-f99b1429-bfcd-4169-ad20-60fb6a1a6c0e req-0a05960a-2b76-48c5-978d-ad9e0be0cb15 24ae637a2b50474cb88c8a56e765ff55 b6782f70a47e447db6f9388b9765c608 - - default default] 10.0.0.135 "GET /v2.0/security-groups?id=4f24887d-c860-43ce-a7ad-ea8ebec32c18&fields=id&fields=name HTTP/1.1" status: 200 len: 312 time: 0.0379958
2026-07-02 16:33:53.211 10 INFO neutron.api.wsgi [None req-323eb814-292e-426e-af0f-c0daaffae4f7 c55de50c25524ac4831e3b6141ffd5f6 5f9a0c0a0e1d4a079e9c1265dded7ac3 - - default default] 10.0.0.144 "GET /v2.0/ports/ffc446ce-383f-434b-92ef-91f0e17fa7e9 HTTP/1.1" status: 200 len: 1135 time: 0.0313663
2026-07-02 16:33:53.526 10 INFO neutron.api.wsgi [None req-7faca58f-62fd-4e9b-8277-5eb85339c0d1 c7597c0f0ea5404c9d99bcf5db96e156 385a0c29db284810a3b613b952653915 - - default default] 10.0.0.42 "GET /v2.0/extensions HTTP/1.1" status: 200 len: 19298 time: 0.0890913
2026-07-02 16:33:53.653 10 INFO neutron.api.wsgi [None req-e2d54036-19b9-4fd7-a295-dc36337d43da c7597c0f0ea5404c9d99bcf5db96e156 385a0c29db284810a3b613b952653915 - - default default] 10.0.0.42 "GET /v2.0/quotas/385a0c29db284810a3b613b952653915/details HTTP/1.1" status: 200 len: 1046 time: 0.1096878
2026-07-02 16:33:54.042 10 INFO neutron.api.wsgi [None req-8a4ac1b4-7cd7-4054-8721-c1e551d7f3b6 9827aa93a9e94ed98d5b197788b6c635 30e6562f7cba4b068c27f3a093b95377 - - default default] 10.0.0.144 "GET /v2.0/ports/7f659730-2af5-4c97-b3df-e2d116beb61b HTTP/1.1" status: 200 len: 1147 time: 0.0310628
2026-07-02 16:33:54.249 10 INFO neutron.api.wsgi [None req-c405d8fd-e46a-4095-9d89-1490d6fb03d1 c55de50c25524ac4831e3b6141ffd5f6 5f9a0c0a0e1d4a079e9c1265dded7ac3 - - default default] 10.0.0.144 "GET /v2.0/ports/ffc446ce-383f-434b-92ef-91f0e17fa7e9 HTTP/1.1" status: 200 len: 1135 time: 0.0318758
2026-07-02 16:33:54.634 10 WARNING neutron.plugins.ml2.drivers.ovn.mech_driver.ovsdb.ovn_client [None req-00cf46c1-fe32-42ac-ba5d-c47652c5e123 - - - - - -] No hosting information found for port eba1aac9-d342-45b8-b8c0-9ed28cbec8dd: RuntimeError: No hosting information found for port eba1aac9-d342-45b8-b8c0-9ed28cbec8dd
2026-07-02 16:33:54.662 9 INFO neutron.api.wsgi [-] 10.0.0.28 "GET / HTTP/1.1" status: 200 len: 245 time: 0.0025043
2026-07-02 16:33:54.665 9 INFO neutron.api.wsgi [-] 10.0.0.28 "GET / HTTP/1.1" status: 200 len: 245 time: 0.0016904
2026-07-02 16:33:54.704 10 INFO neutron.db.ovn_revision_numbers_db [None req-00cf46c1-fe32-42ac-ba5d-c47652c5e123 - - - - - -] Successfully bumped revision number for resource 63415138-163c-4163-b928-e8b16cf3212c (type: router_ports) to 2
2026-07-02 16:33:54.811 10 INFO neutron.db.ovn_revision_numbers_db [None req-00cf46c1-fe32-42ac-ba5d-c47652c5e123 - - - - - -] Successfully bumped revision number for resource eba1aac9-d342-45b8-b8c0-9ed28cbec8dd (type: router_ports) to 2
2026-07-02 16:33:54.812 10 INFO neutron.plugins.ml2.drivers.ovn.mech_driver.mech_driver [None req-00cf46c1-fe32-42ac-ba5d-c47652c5e123 - - - - - -] OVN reports status up for port: 7f659730-2af5-4c97-b3df-e2d116beb61b
2026-07-02 16:33:54.818 10 INFO neutron.plugins.ml2.plugin [None req-00cf46c1-fe32-42ac-ba5d-c47652c5e123 - - - - - -] Attempt 1 to provision port 7f659730-2af5-4c97-b3df-e2d116beb61b
2026-07-02 16:33:55.089 9 INFO neutron.api.wsgi [None req-91ba6f57-a4be-4149-b4ac-a792930159c3 9827aa93a9e94ed98d5b197788b6c635 30e6562f7cba4b068c27f3a093b95377 - - default default] 10.0.0.144 "GET /v2.0/ports/7f659730-2af5-4c97-b3df-e2d116beb61b HTTP/1.1" status: 200 len: 1149 time: 0.0366492
2026-07-02 16:33:55.164 10 INFO neutron.db.ovn_revision_numbers_db [None req-00cf46c1-fe32-42ac-ba5d-c47652c5e123 - - - - - -] Successfully bumped revision number for resource 7f659730-2af5-4c97-b3df-e2d116beb61b (type: ports) to 2
2026-07-02 16:33:55.291 10 INFO neutron.api.wsgi [None req-8c7cb623-3f62-4ee3-bfa1-ea3288abcd16 c55de50c25524ac4831e3b6141ffd5f6 5f9a0c0a0e1d4a079e9c1265dded7ac3 - - default default] 10.0.0.144 "GET /v2.0/ports/ffc446ce-383f-434b-92ef-91f0e17fa7e9 HTTP/1.1" status: 200 len: 1135 time: 0.0376134
2026-07-02 16:33:55.491 10 INFO neutron.api.wsgi [None req-d97afb3d-874e-43e6-8d4a-dce245e865a6 c7597c0f0ea5404c9d99bcf5db96e156 385a0c29db284810a3b613b952653915 - - default default] 10.0.0.42 "GET /v2.0/extensions HTTP/1.1" status: 200 len: 19298 time: 0.0071959
2026-07-02 16:33:55.669 9 INFO neutron.api.wsgi [None req-4c6f4a3e-bb0d-4726-829e-dceb76b7d0ea c7597c0f0ea5404c9d99bcf5db96e156 385a0c29db284810a3b613b952653915 - - default default] 10.0.0.42 "GET /v2.0/quotas/385a0c29db284810a3b613b952653915/details HTTP/1.1" status: 200 len: 1046 time: 0.1649580
2026-07-02 16:33:55.719 9 INFO neutron.api.wsgi [None req-a53353ed-86af-4871-b3a3-33cdf8f54fe0 9827aa93a9e94ed98d5b197788b6c635 30e6562f7cba4b068c27f3a093b95377 - - default default] 10.0.0.144 "PUT /v2.0/routers/8cd8004e-bf56-4cf1-8439-7e2f0c74c9ad/remove_router_interface HTTP/1.1" status: 200 len: 503 time: 0.6260722
2026-07-02 16:33:55.784 10 INFO neutron.api.wsgi [None req-cd8fffbe-4b66-4ac5-a056-662875bf3041 9827aa93a9e94ed98d5b197788b6c635 30e6562f7cba4b068c27f3a093b95377 - - default default] 10.0.0.144 "GET /v2.0/ports/63415138-163c-4163-b928-e8b16cf3212c HTTP/1.1" status: 200 len: 1141 time: 0.0601742
2026-07-02 16:33:56.286 10 INFO neutron.api.wsgi [None req-6fa52476-f160-43cd-aa18-ecdea8689452 9827aa93a9e94ed98d5b197788b6c635 30e6562f7cba4b068c27f3a093b95377 - - default default] 10.0.0.144 "PUT /v2.0/routers/8cd8004e-bf56-4cf1-8439-7e2f0c74c9ad/remove_router_interface HTTP/1.1" status: 200 len: 503 time: 0.4970119 /var/lib/openstack/lib/python3.12/site-packages/pycadf/identifier.py:71: UserWarning: Invalid uuid: neutron. To ensure interoperability, identifiers should be a valid uuid. warnings.warn(('Invalid uuid: %s. To ensure interoperability, ' /var/lib/openstack/lib/python3.12/site-packages/pycadf/identifier.py:71: UserWarning: Invalid uuid: neutron. To ensure interoperability, identifiers should be a valid uuid. warnings.warn(('Invalid uuid: %s. To ensure interoperability, '
2026-07-02 16:33:56.310 10 INFO neutron.api.wsgi [None req-0d41cccc-028f-4082-b465-ed7a0130ea80 9827aa93a9e94ed98d5b197788b6c635 30e6562f7cba4b068c27f3a093b95377 - - default default] 10.0.0.144 "GET /v2.0/ports?device_id=8cd8004e-bf56-4cf1-8439-7e2f0c74c9ad HTTP/1.1" status: 200 len: 205 time: 0.0188758
2026-07-02 16:33:56.386 9 INFO neutron.api.wsgi [None req-9efb0ead-2f84-4073-a369-fb24225781d7 c55de50c25524ac4831e3b6141ffd5f6 5f9a0c0a0e1d4a079e9c1265dded7ac3 - - default default] 10.0.0.144 "GET /v2.0/ports/ffc446ce-383f-434b-92ef-91f0e17fa7e9 HTTP/1.1" status: 200 len: 1135 time: 0.0837224
2026-07-02 16:33:56.474 10 INFO neutron.api.wsgi [None req-a73b4f96-8431-4bef-ba7f-3895ea64c81d 9827aa93a9e94ed98d5b197788b6c635 30e6562f7cba4b068c27f3a093b95377 - - default default] 10.0.0.144 "DELETE /v2.0/routers/8cd8004e-bf56-4cf1-8439-7e2f0c74c9ad HTTP/1.1" status: 204 len: 168 time: 0.1597536
2026-07-02 16:33:56.643 10 INFO neutron.api.wsgi [None req-5e40d2df-3335-442c-a3a6-58c273f499d0 9827aa93a9e94ed98d5b197788b6c635 30e6562f7cba4b068c27f3a093b95377 - - default default] 10.0.0.144 "DELETE /v2.0/subnets/a3a83471-9bc9-4512-a8ce-db4fb200b6e0 HTTP/1.1" status: 204 len: 168 time: 0.1640840
2026-07-02 16:33:56.778 10 INFO neutron.api.wsgi [None req-2b3deacd-0f70-47ae-a63f-39e8369dbf71 9827aa93a9e94ed98d5b197788b6c635 30e6562f7cba4b068c27f3a093b95377 - - default default] 10.0.0.144 "DELETE /v2.0/subnets/805be38c-5720-4988-bd99-fec27f974e55 HTTP/1.1" status: 204 len: 168 time: 0.1311231
2026-07-02 16:33:57.069 9 INFO neutron.services.segments.plugin [-] Segment b318eaaf-c651-4b20-a455-533068b83b0f resource provider aggregate not found
2026-07-02 16:33:57.076 9 INFO neutron.services.segments.plugin [-] Segment b318eaaf-c651-4b20-a455-533068b83b0f resource provider aggregate not found
2026-07-02 16:33:57.089 9 INFO neutron.services.segments.plugin [-] Segment b318eaaf-c651-4b20-a455-533068b83b0f resource provider not found; error: Placement Client Error (4xx): {"errors": [{"status": 404, "title": "Not Found", "detail": "The resource could not be found.\n\n No resource provider with uuid b318eaaf-c651-4b20-a455-533068b83b0f found for delete ", "request_id": "req-6c50ee55-4a72-442b-9d27-d5ab9f5d851b"}]}
2026-07-02 16:33:57.095 9 INFO neutron.services.segments.plugin [-] Segment b318eaaf-c651-4b20-a455-533068b83b0f resource provider not found; error: Placement Client Error (4xx): {"errors": [{"status": 404, "title": "Not Found", "detail": "The resource could not be found.\n\n No resource provider with uuid b318eaaf-c651-4b20-a455-533068b83b0f found for delete ", "request_id": "req-8aa84811-5427-4d30-bd77-12a7bf45198a"}]}
2026-07-02 16:33:57.101 9 INFO neutron.api.wsgi [None req-70cf36ac-014a-4450-930f-92d31d2c78c8 9827aa93a9e94ed98d5b197788b6c635 30e6562f7cba4b068c27f3a093b95377 - - default default] 10.0.0.144 "DELETE /v2.0/networks/7c469df5-dc5c-4afa-bd16-53f184763454 HTTP/1.1" status: 204 len: 168 time: 0.3164515
2026-07-02 16:33:57.417 9 INFO neutron.api.wsgi [None req-40201511-b29c-4acd-a652-03d736a2e842 9827aa93a9e94ed98d5b197788b6c635 30e6562f7cba4b068c27f3a093b95377 - - default default] 10.0.0.144 "DELETE /v2.0/networks/198f2a76-e921-4498-8785-d586a3a2f166 HTTP/1.1" status: 204 len: 168 time: 0.3128035
2026-07-02 16:33:57.430 10 WARNING neutron_lib.context [None req-c3eb6710-471f-4783-bbe4-0764c94da4d3 9827aa93a9e94ed98d5b197788b6c635 30e6562f7cba4b068c27f3a093b95377 - - default default] Method 'is_advsvc' is deprecated since 2023.2 release (neutron-lib 3.8.0) and will be removed once support for the old RBAC API policies will be removed from Neutron. Please use method 'is_service_role' instead.
2026-07-02 16:33:57.433 9 INFO neutron.api.wsgi [None req-541eee27-7339-47eb-b212-897593f3d67b c55de50c25524ac4831e3b6141ffd5f6 5f9a0c0a0e1d4a079e9c1265dded7ac3 - - default default] 10.0.0.144 "GET /v2.0/ports/ffc446ce-383f-434b-92ef-91f0e17fa7e9 HTTP/1.1" status: 200 len: 1135 time: 0.0403683
2026-07-02 16:33:57.524 10 INFO neutron.db.segments_db [None req-c3eb6710-471f-4783-bbe4-0764c94da4d3 9827aa93a9e94ed98d5b197788b6c635 30e6562f7cba4b068c27f3a093b95377 - - default default] Added segment 5cafa3ba-5a11-42ce-b7ed-8e18eb067d4e of type geneve for network dda408f4-c35b-462f-87b9-ac34db0593a6
2026-07-02 16:33:57.638 10 INFO neutron.db.ovn_revision_numbers_db [None req-c3eb6710-471f-4783-bbe4-0764c94da4d3 9827aa93a9e94ed98d5b197788b6c635 30e6562f7cba4b068c27f3a093b95377 - - default default] Successfully bumped revision number for resource dda408f4-c35b-462f-87b9-ac34db0593a6 (type: networks) to 1
2026-07-02 16:33:57.773 10 WARNING neutron.scheduler.dhcp_agent_scheduler [None req-c3eb6710-471f-4783-bbe4-0764c94da4d3 9827aa93a9e94ed98d5b197788b6c635 30e6562f7cba4b068c27f3a093b95377 - - default default] No more DHCP agents
2026-07-02 16:33:57.774 10 WARNING neutron.api.rpc.agentnotifiers.dhcp_rpc_agent_api [None req-c3eb6710-471f-4783-bbe4-0764c94da4d3 9827aa93a9e94ed98d5b197788b6c635 30e6562f7cba4b068c27f3a093b95377 - - default default] Unable to schedule network dda408f4-c35b-462f-87b9-ac34db0593a6: no agents available; will retry on subsequent port and subnet creation events.
2026-07-02 16:33:57.839 10 INFO neutron.db.ovn_revision_numbers_db [None req-c3eb6710-471f-4783-bbe4-0764c94da4d3 9827aa93a9e94ed98d5b197788b6c635 30e6562f7cba4b068c27f3a093b95377 - - default default] Successfully bumped revision number for resource 4e898caa-0d4e-4ecd-a14d-1597faa537bb (type: ports) to 1
2026-07-02 16:33:57.860 10 INFO neutron.api.wsgi [None req-c3eb6710-471f-4783-bbe4-0764c94da4d3 9827aa93a9e94ed98d5b197788b6c635 30e6562f7cba4b068c27f3a093b95377 - - default default] 10.0.0.144 "POST /v2.0/networks HTTP/1.1" status: 201 len: 833 time: 0.4362626
2026-07-02 16:33:57.871 10 WARNING neutron_lib.context [None req-b58ad050-398b-4b04-a667-cf66e0a32b41 9827aa93a9e94ed98d5b197788b6c635 30e6562f7cba4b068c27f3a093b95377 - - default default] Method 'is_advsvc' is deprecated since 2023.2 release (neutron-lib 3.8.0) and will be removed once support for the old RBAC API policies will be removed from Neutron. Please use method 'is_service_role' instead.
2026-07-02 16:33:57.889 9 INFO neutron.db.ovn_revision_numbers_db [None req-0bc001e6-7df5-4272-bf39-3420e0f4c461 a8aa24bd68aa41139e299598e80b27ac 84b441d311bc483885a13e4057a7138f - - default default] Successfully bumped revision number for resource 1916faa9-2258-4938-b849-72967ae3028b (type: security_groups) to 1
2026-07-02 16:33:57.902 9 INFO neutron.db.ovn_revision_numbers_db [None req-0bc001e6-7df5-4272-bf39-3420e0f4c461 a8aa24bd68aa41139e299598e80b27ac 84b441d311bc483885a13e4057a7138f - - default default] Successfully bumped revision number for resource 3ba27173-b761-4585-9d92-9e9f2a1b78c1 (type: security_group_rules) to 0
2026-07-02 16:33:57.913 9 INFO neutron.db.ovn_revision_numbers_db [None req-0bc001e6-7df5-4272-bf39-3420e0f4c461 a8aa24bd68aa41139e299598e80b27ac 84b441d311bc483885a13e4057a7138f - - default default] Successfully bumped revision number for resource 4204e7f5-53a1-4e02-a756-26a8d3506473 (type: security_group_rules) to 0
2026-07-02 16:33:57.927 9 INFO neutron.db.ovn_revision_numbers_db [None req-0bc001e6-7df5-4272-bf39-3420e0f4c461 a8aa24bd68aa41139e299598e80b27ac 84b441d311bc483885a13e4057a7138f - - default default] Successfully bumped revision number for resource 59aa2282-ab21-4463-a068-33b2d02de0f3 (type: security_group_rules) to 0
2026-07-02 16:33:57.939 9 INFO neutron.db.ovn_revision_numbers_db [None req-0bc001e6-7df5-4272-bf39-3420e0f4c461 a8aa24bd68aa41139e299598e80b27ac 84b441d311bc483885a13e4057a7138f - - default default] Successfully bumped revision number for resource f1dd66a8-45f8-46ac-9fbd-81c010b1ba45 (type: security_group_rules) to 0
2026-07-02 16:33:57.972 9 INFO neutron.api.wsgi [None req-0bc001e6-7df5-4272-bf39-3420e0f4c461 a8aa24bd68aa41139e299598e80b27ac 84b441d311bc483885a13e4057a7138f - - default default] 10.0.0.144 "GET /v2.0/security-groups?tenant_id=385a0c29db284810a3b613b952653915&name=default HTTP/1.1" status: 200 len: 3120 time: 0.2859640
2026-07-02 16:33:58.043 10 WARNING neutron.scheduler.dhcp_agent_scheduler [None req-b58ad050-398b-4b04-a667-cf66e0a32b41 9827aa93a9e94ed98d5b197788b6c635 30e6562f7cba4b068c27f3a093b95377 - - default default] No more DHCP agents
2026-07-02 16:33:58.045 10 WARNING neutron.api.rpc.agentnotifiers.dhcp_rpc_agent_api [None req-b58ad050-398b-4b04-a667-cf66e0a32b41 9827aa93a9e94ed98d5b197788b6c635 30e6562f7cba4b068c27f3a093b95377 - - default default] Unable to schedule network dda408f4-c35b-462f-87b9-ac34db0593a6: no agents available; will retry on subsequent port and subnet creation events.
2026-07-02 16:33:58.070 10 INFO neutron.db.ovn_revision_numbers_db [None req-b58ad050-398b-4b04-a667-cf66e0a32b41 9827aa93a9e94ed98d5b197788b6c635 30e6562f7cba4b068c27f3a093b95377 - - default default] Successfully bumped revision number for resource 83f88e8a-b5ca-4c73-be21-0cb25beeaa66 (type: subnets) to 0
2026-07-02 16:33:58.088 10 INFO neutron.api.wsgi [None req-b58ad050-398b-4b04-a667-cf66e0a32b41 9827aa93a9e94ed98d5b197788b6c635 30e6562f7cba4b068c27f3a093b95377 - - default default] 10.0.0.144 "POST /v2.0/subnets HTTP/1.1" status: 201 len: 845 time: 0.2221959
2026-07-02 16:33:58.100 9 WARNING neutron_lib.context [None req-f9118598-3f05-4ccd-b95d-57b28f17e7ce 9827aa93a9e94ed98d5b197788b6c635 30e6562f7cba4b068c27f3a093b95377 - - default default] Method 'is_advsvc' is deprecated since 2023.2 release (neutron-lib 3.8.0) and will be removed once support for the old RBAC API policies will be removed from Neutron. Please use method 'is_service_role' instead.
2026-07-02 16:33:58.195 9 INFO neutron.db.ovn_revision_numbers_db [None req-f9118598-3f05-4ccd-b95d-57b28f17e7ce 9827aa93a9e94ed98d5b197788b6c635 30e6562f7cba4b068c27f3a093b95377 - - default default] Successfully bumped revision number for resource e764f084-d94c-476b-b099-4f755ba351dd (type: routers) to 1
2026-07-02 16:33:58.205 9 INFO neutron.api.wsgi [None req-f1961d1f-809b-4947-9655-be9d444273b8 a8aa24bd68aa41139e299598e80b27ac 84b441d311bc483885a13e4057a7138f - - default default] 10.0.0.144 "DELETE /v2.0/security-groups/1916faa9-2258-4938-b849-72967ae3028b HTTP/1.1" status: 204 len: 168 time: 0.2262888
2026-07-02 16:33:58.208 9 INFO neutron.api.wsgi [None req-f9118598-3f05-4ccd-b95d-57b28f17e7ce 9827aa93a9e94ed98d5b197788b6c635 30e6562f7cba4b068c27f3a093b95377 - - default default] 10.0.0.144 "POST /v2.0/routers HTTP/1.1" status: 201 len: 805 time: 0.1162858
2026-07-02 16:33:58.215 9 WARNING neutron_lib.context [None req-66022b8d-3c86-4bf2-82c2-8f944dbc7099 9827aa93a9e94ed98d5b197788b6c635 30e6562f7cba4b068c27f3a093b95377 - - default default] Method 'is_advsvc' is deprecated since 2023.2 release (neutron-lib 3.8.0) and will be removed once support for the old RBAC API policies will be removed from Neutron. Please use method 'is_service_role' instead.
2026-07-02 16:33:58.479 9 WARNING neutron.scheduler.dhcp_agent_scheduler [None req-66022b8d-3c86-4bf2-82c2-8f944dbc7099 9827aa93a9e94ed98d5b197788b6c635 30e6562f7cba4b068c27f3a093b95377 - - default default] No more DHCP agents
2026-07-02 16:33:58.481 9 WARNING neutron.api.rpc.agentnotifiers.dhcp_rpc_agent_api [None req-66022b8d-3c86-4bf2-82c2-8f944dbc7099 9827aa93a9e94ed98d5b197788b6c635 30e6562f7cba4b068c27f3a093b95377 - - default default] Unable to schedule network dda408f4-c35b-462f-87b9-ac34db0593a6: no agents available; will retry on subsequent port and subnet creation events.
2026-07-02 16:33:58.506 10 INFO neutron.api.wsgi [None req-d22994b3-c3b1-4240-b357-8c4742249c4b c55de50c25524ac4831e3b6141ffd5f6 5f9a0c0a0e1d4a079e9c1265dded7ac3 - - default default] 10.0.0.144 "GET /v2.0/ports/ffc446ce-383f-434b-92ef-91f0e17fa7e9 HTTP/1.1" status: 200 len: 1135 time: 0.0676496
2026-07-02 16:33:58.587 9 INFO neutron.db.ovn_revision_numbers_db [None req-66022b8d-3c86-4bf2-82c2-8f944dbc7099 9827aa93a9e94ed98d5b197788b6c635 30e6562f7cba4b068c27f3a093b95377 - - default default] Successfully bumped revision number for resource 1130367c-9a4d-4c0a-bf55-ef9903475491 (type: ports) to 1
2026-07-02 16:33:58.614 9 INFO neutron.api.wsgi [None req-66022b8d-3c86-4bf2-82c2-8f944dbc7099 9827aa93a9e94ed98d5b197788b6c635 30e6562f7cba4b068c27f3a093b95377 - - default default] 10.0.0.144 "POST /v2.0/ports HTTP/1.1" status: 201 len: 1163 time: 0.4019904
2026-07-02 16:33:58.977 9 INFO neutron.plugins.ml2.drivers.ovn.mech_driver.mech_driver [None req-719667e9-aa6e-4a3e-9d7e-0629d7719ea6 - - - - - -] OVN reports status up for port: 1130367c-9a4d-4c0a-bf55-ef9903475491
2026-07-02 16:33:58.984 9 INFO neutron.plugins.ml2.plugin [None req-719667e9-aa6e-4a3e-9d7e-0629d7719ea6 - - - - - -] Attempt 1 to provision port 1130367c-9a4d-4c0a-bf55-ef9903475491
2026-07-02 16:33:58.999 10 INFO neutron.db.ovn_revision_numbers_db [None req-c38e6099-c795-4bd4-ad3c-d2410f8d94c1 9827aa93a9e94ed98d5b197788b6c635 30e6562f7cba4b068c27f3a093b95377 - - default default] Successfully bumped revision number for resource 1130367c-9a4d-4c0a-bf55-ef9903475491 (type: ports) to 2
2026-07-02 16:33:59.104 9 INFO neutron.services.segments.plugin [-] Segment e1b8dab5-484d-4789-b9a8-5896ce53df90 resource provider aggregate not found
2026-07-02 16:33:59.114 9 INFO neutron.services.segments.plugin [-] Segment e1b8dab5-484d-4789-b9a8-5896ce53df90 resource provider aggregate not found
2026-07-02 16:33:59.119 9 INFO neutron.services.segments.plugin [-] Segment e1b8dab5-484d-4789-b9a8-5896ce53df90 resource provider not found; error: Placement Client Error (4xx): {"errors": [{"status": 404, "title": "Not Found", "detail": "The resource could not be found.\n\n No resource provider with uuid e1b8dab5-484d-4789-b9a8-5896ce53df90 found for delete ", "request_id": "req-24db4d34-b1fa-4a18-bbd0-94e3502d8947"}]}
2026-07-02 16:33:59.129 9 INFO neutron.services.segments.plugin [-] Segment e1b8dab5-484d-4789-b9a8-5896ce53df90 resource provider not found; error: Placement Client Error (4xx): {"errors": [{"status": 404, "title": "Not Found", "detail": "The resource could not be found.\n\n No resource provider with uuid e1b8dab5-484d-4789-b9a8-5896ce53df90 found for delete ", "request_id": "req-fc1a57aa-0f5b-4f4c-8eef-6f6f8d3acc30"}]}
2026-07-02 16:33:59.285 9 INFO neutron.db.ovn_revision_numbers_db [None req-719667e9-aa6e-4a3e-9d7e-0629d7719ea6 - - - - - -] Successfully bumped revision number for resource 1130367c-9a4d-4c0a-bf55-ef9903475491 (type: ports) to 3
2026-07-02 16:33:59.506 10 INFO neutron.db.ovn_revision_numbers_db [None req-c38e6099-c795-4bd4-ad3c-d2410f8d94c1 9827aa93a9e94ed98d5b197788b6c635 30e6562f7cba4b068c27f3a093b95377 - - default default] Successfully bumped revision number for resource 1130367c-9a4d-4c0a-bf55-ef9903475491 (type: ports) to 3 /var/lib/openstack/lib/python3.12/site-packages/pycadf/identifier.py:71: UserWarning: Invalid uuid: neutron. To ensure interoperability, identifiers should be a valid uuid. warnings.warn(('Invalid uuid: %s. To ensure interoperability, '
2026-07-02 16:33:59.540 10 INFO neutron.api.wsgi [None req-4033e0f8-2081-443e-b4e1-45de1f761bfd c55de50c25524ac4831e3b6141ffd5f6 5f9a0c0a0e1d4a079e9c1265dded7ac3 - - default default] 10.0.0.144 "GET /v2.0/ports/ffc446ce-383f-434b-92ef-91f0e17fa7e9 HTTP/1.1" status: 200 len: 1135 time: 0.0287862
2026-07-02 16:33:59.581 10 WARNING neutron.scheduler.dhcp_agent_scheduler [None req-c38e6099-c795-4bd4-ad3c-d2410f8d94c1 9827aa93a9e94ed98d5b197788b6c635 30e6562f7cba4b068c27f3a093b95377 - - default default] No more DHCP agents
2026-07-02 16:33:59.583 10 WARNING neutron.api.rpc.agentnotifiers.dhcp_rpc_agent_api [None req-c38e6099-c795-4bd4-ad3c-d2410f8d94c1 9827aa93a9e94ed98d5b197788b6c635 30e6562f7cba4b068c27f3a093b95377 - - default default] Unable to schedule network dda408f4-c35b-462f-87b9-ac34db0593a6: no agents available; will retry on subsequent port and subnet creation events.
2026-07-02 16:33:59.766 10 INFO neutron.db.ovn_revision_numbers_db [None req-c38e6099-c795-4bd4-ad3c-d2410f8d94c1 9827aa93a9e94ed98d5b197788b6c635 30e6562f7cba4b068c27f3a093b95377 - - default default] Successfully bumped revision number for resource 1130367c-9a4d-4c0a-bf55-ef9903475491 (type: router_ports) to 3
2026-07-02 16:33:59.770 10 INFO neutron.api.wsgi [None req-c38e6099-c795-4bd4-ad3c-d2410f8d94c1 9827aa93a9e94ed98d5b197788b6c635 30e6562f7cba4b068c27f3a093b95377 - - default default] 10.0.0.144 "PUT /v2.0/routers/e764f084-d94c-476b-b099-4f755ba351dd/add_router_interface HTTP/1.1" status: 200 len: 503 time: 1.1502948
2026-07-02 16:33:59.805 10 INFO neutron.api.wsgi [None req-40de6be1-98f3-4161-98aa-91fbf36a123e 9827aa93a9e94ed98d5b197788b6c635 30e6562f7cba4b068c27f3a093b95377 - - default default] 10.0.0.144 "GET /v2.0/ports/1130367c-9a4d-4c0a-bf55-ef9903475491 HTTP/1.1" status: 200 len: 1221 time: 0.0308342
2026-07-02 16:34:00.310 10 INFO neutron.api.wsgi [None req-e452f7ed-4750-48b4-954f-1daed931ed55 9827aa93a9e94ed98d5b197788b6c635 30e6562f7cba4b068c27f3a093b95377 - - default default] 10.0.0.144 "PUT /v2.0/routers/e764f084-d94c-476b-b099-4f755ba351dd/remove_router_interface HTTP/1.1" status: 200 len: 503 time: 0.4913325 /var/lib/openstack/lib/python3.12/site-packages/pycadf/identifier.py:71: UserWarning: Invalid uuid: neutron. To ensure interoperability, identifiers should be a valid uuid. warnings.warn(('Invalid uuid: %s. To ensure interoperability, '
2026-07-02 16:34:00.359 10 INFO neutron.api.v2.resource [None req-47753fa2-a213-4c4c-9fa4-ef7d5282a16f 9827aa93a9e94ed98d5b197788b6c635 30e6562f7cba4b068c27f3a093b95377 - - default default] remove_router_interface failed (client error): The resource could not be found.
2026-07-02 16:34:00.360 10 INFO neutron.api.wsgi [None req-47753fa2-a213-4c4c-9fa4-ef7d5282a16f 9827aa93a9e94ed98d5b197788b6c635 30e6562f7cba4b068c27f3a093b95377 - - default default] 10.0.0.144 "PUT /v2.0/routers/e764f084-d94c-476b-b099-4f755ba351dd/remove_router_interface HTTP/1.1" status: 404 len: 398 time: 0.0447652
2026-07-02 16:34:00.379 10 INFO neutron.api.wsgi [None req-3b08d875-1821-4fe3-bb92-fe3d44222fc8 9827aa93a9e94ed98d5b197788b6c635 30e6562f7cba4b068c27f3a093b95377 - - default default] 10.0.0.144 "GET /v2.0/ports?device_id=e764f084-d94c-476b-b099-4f755ba351dd HTTP/1.1" status: 200 len: 205 time: 0.0128546 /var/lib/openstack/lib/python3.12/site-packages/pycadf/identifier.py:71: UserWarning: Invalid uuid: neutron. To ensure interoperability, identifiers should be a valid uuid. warnings.warn(('Invalid uuid: %s. To ensure interoperability, '
2026-07-02 16:34:00.448 10 WARNING neutron.plugins.ml2.drivers.ovn.mech_driver.ovsdb.ovn_client [None req-9ba56615-d886-4ea8-b168-0221798377b2 - - - - - -] No port found with ID 7f659730-2af5-4c97-b3df-e2d116beb61b: RuntimeError: No port found with ID 7f659730-2af5-4c97-b3df-e2d116beb61b
2026-07-02 16:34:00.448 10 INFO neutron.plugins.ml2.drivers.ovn.mech_driver.mech_driver [None req-9ba56615-d886-4ea8-b168-0221798377b2 - - - - - -] OVN reports status up for port: ffc446ce-383f-434b-92ef-91f0e17fa7e9
2026-07-02 16:34:00.454 10 INFO neutron.plugins.ml2.plugin [None req-9ba56615-d886-4ea8-b168-0221798377b2 - - - - - -] Attempt 1 to provision port ffc446ce-383f-434b-92ef-91f0e17fa7e9
2026-07-02 16:34:00.584 10 INFO neutron.api.wsgi [None req-e1a729a3-adc1-4f86-8056-90c67db398cc c55de50c25524ac4831e3b6141ffd5f6 5f9a0c0a0e1d4a079e9c1265dded7ac3 - - default default] 10.0.0.144 "GET /v2.0/ports/ffc446ce-383f-434b-92ef-91f0e17fa7e9 HTTP/1.1" status: 200 len: 1135 time: 0.0374808
2026-07-02 16:34:00.591 9 INFO neutron.api.wsgi [None req-f33b0aa2-91a5-4d0f-ab75-df5dd797dde7 a8aa24bd68aa41139e299598e80b27ac 84b441d311bc483885a13e4057a7138f - - default default] 10.0.0.157 "GET /v2.0/floatingips HTTP/1.1" status: 200 len: 1035 time: 0.1996861
2026-07-02 16:34:00.601 9 INFO neutron.api.wsgi [None req-dd58babb-1455-4cdb-b66a-536bd6b676ce 9827aa93a9e94ed98d5b197788b6c635 30e6562f7cba4b068c27f3a093b95377 - - default default] 10.0.0.144 "DELETE /v2.0/routers/e764f084-d94c-476b-b099-4f755ba351dd HTTP/1.1" status: 204 len: 168 time: 0.2168930
2026-07-02 16:34:00.619 9 INFO neutron.api.wsgi [None req-f16aa6a6-0216-4844-baa8-723548a4aba8 a8aa24bd68aa41139e299598e80b27ac 84b441d311bc483885a13e4057a7138f - - default default] 10.0.0.157 "GET /v2.0/agents HTTP/1.1" status: 200 len: 1390 time: 0.0257635
2026-07-02 16:34:00.661 9 INFO neutron.api.wsgi [None req-5945576c-6be7-458e-9228-cf0bc4602d14 a8aa24bd68aa41139e299598e80b27ac 84b441d311bc483885a13e4057a7138f - - default default] 10.0.0.157 "GET /v2.0/subnets HTTP/1.1" status: 200 len: 4086 time: 0.0362027
2026-07-02 16:34:00.674 9 INFO neutron.api.wsgi [None req-652bd317-7997-4beb-8e04-1fe6056c4b2e a8aa24bd68aa41139e299598e80b27ac 84b441d311bc483885a13e4057a7138f - - default default] 10.0.0.157 "GET /v2.0/subnetpools HTTP/1.1" status: 200 len: 193 time: 0.0118799
2026-07-02 16:34:00.750 9 INFO neutron.api.wsgi [None req-dc8b8911-0e52-4e68-889e-64cf3e74460d a8aa24bd68aa41139e299598e80b27ac 84b441d311bc483885a13e4057a7138f - - default default] 10.0.0.157 "GET /v2.0/ports HTTP/1.1" status: 200 len: 15857 time: 0.0751517
2026-07-02 16:34:00.817 9 INFO neutron.api.wsgi [None req-cdcfef8b-5922-4550-b2f1-55efbdb48131 a8aa24bd68aa41139e299598e80b27ac 84b441d311bc483885a13e4057a7138f - - default default] 10.0.0.157 "GET /v2.0/routers HTTP/1.1" status: 200 len: 1763 time: 0.0592239
2026-07-02 16:34:00.830 9 INFO neutron.api.wsgi [None req-11cc6fb7-7075-427f-81ef-7fb0621063d2 a8aa24bd68aa41139e299598e80b27ac 84b441d311bc483885a13e4057a7138f - - default default] 10.0.0.157 "GET /v2.0/agents?binary=ovn-controller HTTP/1.1" status: 200 len: 591 time: 0.0108132
2026-07-02 16:34:00.841 9 INFO neutron.api.wsgi [None req-bb681e37-3966-4934-be95-b564338cd812 9827aa93a9e94ed98d5b197788b6c635 30e6562f7cba4b068c27f3a093b95377 - - default default] 10.0.0.144 "DELETE /v2.0/subnets/83f88e8a-b5ca-4c73-be21-0cb25beeaa66 HTTP/1.1" status: 204 len: 168 time: 0.2345335
2026-07-02 16:34:00.844 9 INFO neutron.api.wsgi [None req-c0411e0d-c185-4393-8083-777ab577f62c a8aa24bd68aa41139e299598e80b27ac 84b441d311bc483885a13e4057a7138f - - default default] 10.0.0.157 "GET /v2.0/network-ip-availabilities HTTP/1.1" status: 200 len: 2852 time: 0.0126872
2026-07-02 16:34:00.851 10 INFO neutron.db.ovn_revision_numbers_db [None req-9ba56615-d886-4ea8-b168-0221798377b2 - - - - - -] Successfully bumped revision number for resource ffc446ce-383f-434b-92ef-91f0e17fa7e9 (type: ports) to 2
2026-07-02 16:34:00.899 9 INFO neutron.api.wsgi [None req-25084261-1c0a-4cc0-be1a-686ea5c4dc95 a8aa24bd68aa41139e299598e80b27ac 84b441d311bc483885a13e4057a7138f - - default default] 10.0.0.157 "GET /v2.0/networks HTTP/1.1" status: 200 len: 5305 time: 0.0540345
2026-07-02 16:34:00.939 9 INFO neutron.api.wsgi [None req-cba169cb-0af9-4059-b497-db2c27083d08 a8aa24bd68aa41139e299598e80b27ac 84b441d311bc483885a13e4057a7138f - - default default] 10.0.0.157 "GET /v2.0/security-groups HTTP/1.1" status: 200 len: 29154 time: 0.0377467
2026-07-02 16:34:00.983 9 INFO neutron.api.wsgi [None req-5fec5ce3-8a4b-4eac-b04c-9a33bac76367 a8aa24bd68aa41139e299598e80b27ac 84b441d311bc483885a13e4057a7138f - - default default] 10.0.0.157 "GET /v2.0/subnets HTTP/1.1" status: 200 len: 3432 time: 0.0322134
2026-07-02 16:34:01.145 9 INFO neutron.services.segments.plugin [-] Segment 5cafa3ba-5a11-42ce-b7ed-8e18eb067d4e resource provider aggregate not found
2026-07-02 16:34:01.150 9 INFO neutron.services.segments.plugin [-] Segment 5cafa3ba-5a11-42ce-b7ed-8e18eb067d4e resource provider aggregate not found
2026-07-02 16:34:01.158 9 INFO neutron.services.segments.plugin [-] Segment 5cafa3ba-5a11-42ce-b7ed-8e18eb067d4e resource provider not found; error: Placement Client Error (4xx): {"errors": [{"status": 404, "title": "Not Found", "detail": "The resource could not be found.\n\n No resource provider with uuid 5cafa3ba-5a11-42ce-b7ed-8e18eb067d4e found for delete ", "request_id": "req-eb81d190-826a-4732-9dda-7a3cd94f9621"}]}
2026-07-02 16:34:01.164 9 INFO neutron.services.segments.plugin [-] Segment 5cafa3ba-5a11-42ce-b7ed-8e18eb067d4e resource provider not found; error: Placement Client Error (4xx): {"errors": [{"status": 404, "title": "Not Found", "detail": "The resource could not be found.\n\n No resource provider with uuid 5cafa3ba-5a11-42ce-b7ed-8e18eb067d4e found for delete ", "request_id": "req-22a7f24a-4159-4e6a-bf19-19d830e8b7e4"}]}
2026-07-02 16:34:01.179 9 INFO neutron.api.wsgi [None req-959153f2-1da5-493f-bf4a-bf3bfb3ee82a 9827aa93a9e94ed98d5b197788b6c635 30e6562f7cba4b068c27f3a093b95377 - - default default] 10.0.0.144 "DELETE /v2.0/networks/dda408f4-c35b-462f-87b9-ac34db0593a6 HTTP/1.1" status: 204 len: 168 time: 0.3342626
2026-07-02 16:34:01.187 9 WARNING neutron_lib.context [None req-17aeff02-25a2-4650-9a77-b47aac487d6b 9827aa93a9e94ed98d5b197788b6c635 30e6562f7cba4b068c27f3a093b95377 - - default default] Method 'is_advsvc' is deprecated since 2023.2 release (neutron-lib 3.8.0) and will be removed once support for the old RBAC API policies will be removed from Neutron. Please use method 'is_service_role' instead.
2026-07-02 16:34:01.264 9 INFO neutron.db.segments_db [None req-17aeff02-25a2-4650-9a77-b47aac487d6b 9827aa93a9e94ed98d5b197788b6c635 30e6562f7cba4b068c27f3a093b95377 - - default default] Added segment a6df2b68-f783-4349-8287-76b68dc241da of type geneve for network a3e9fa1b-f40f-45ad-aa24-5f9eeb4281ed
2026-07-02 16:34:01.374 9 INFO neutron.db.ovn_revision_numbers_db [None req-17aeff02-25a2-4650-9a77-b47aac487d6b 9827aa93a9e94ed98d5b197788b6c635 30e6562f7cba4b068c27f3a093b95377 - - default default] Successfully bumped revision number for resource a3e9fa1b-f40f-45ad-aa24-5f9eeb4281ed (type: networks) to 1
2026-07-02 16:34:01.524 9 WARNING neutron.scheduler.dhcp_agent_scheduler [None req-17aeff02-25a2-4650-9a77-b47aac487d6b 9827aa93a9e94ed98d5b197788b6c635 30e6562f7cba4b068c27f3a093b95377 - - default default] No more DHCP agents
2026-07-02 16:34:01.525 9 WARNING neutron.api.rpc.agentnotifiers.dhcp_rpc_agent_api [None req-17aeff02-25a2-4650-9a77-b47aac487d6b 9827aa93a9e94ed98d5b197788b6c635 30e6562f7cba4b068c27f3a093b95377 - - default default] Unable to schedule network a3e9fa1b-f40f-45ad-aa24-5f9eeb4281ed: no agents available; will retry on subsequent port and subnet creation events.
2026-07-02 16:34:01.577 9 INFO neutron.db.ovn_revision_numbers_db [None req-17aeff02-25a2-4650-9a77-b47aac487d6b 9827aa93a9e94ed98d5b197788b6c635 30e6562f7cba4b068c27f3a093b95377 - - default default] Successfully bumped revision number for resource 823f36be-8154-49ee-8202-328f6a75bb05 (type: ports) to 1
2026-07-02 16:34:01.602 9 INFO neutron.api.wsgi [None req-17aeff02-25a2-4650-9a77-b47aac487d6b 9827aa93a9e94ed98d5b197788b6c635 30e6562f7cba4b068c27f3a093b95377 - - default default] 10.0.0.144 "POST /v2.0/networks HTTP/1.1" status: 201 len: 830 time: 0.4179475
2026-07-02 16:34:01.616 10 WARNING neutron_lib.context [None req-0fbe10aa-1afe-4ca1-bb60-8811c47edf50 9827aa93a9e94ed98d5b197788b6c635 30e6562f7cba4b068c27f3a093b95377 - - default default] Method 'is_advsvc' is deprecated since 2023.2 release (neutron-lib 3.8.0) and will be removed once support for the old RBAC API policies will be removed from Neutron. Please use method 'is_service_role' instead.
2026-07-02 16:34:01.633 10 INFO neutron.api.wsgi [None req-d0e6c8d0-372f-4571-a28b-788dfe0cc0bb c55de50c25524ac4831e3b6141ffd5f6 5f9a0c0a0e1d4a079e9c1265dded7ac3 - - default default] 10.0.0.144 "GET /v2.0/ports/ffc446ce-383f-434b-92ef-91f0e17fa7e9 HTTP/1.1" status: 200 len: 1137 time: 0.0444906
2026-07-02 16:34:01.802 10 WARNING neutron.scheduler.dhcp_agent_scheduler [None req-0fbe10aa-1afe-4ca1-bb60-8811c47edf50 9827aa93a9e94ed98d5b197788b6c635 30e6562f7cba4b068c27f3a093b95377 - - default default] No more DHCP agents
2026-07-02 16:34:01.803 10 WARNING neutron.api.rpc.agentnotifiers.dhcp_rpc_agent_api [None req-0fbe10aa-1afe-4ca1-bb60-8811c47edf50 9827aa93a9e94ed98d5b197788b6c635 30e6562f7cba4b068c27f3a093b95377 - - default default] Unable to schedule network a3e9fa1b-f40f-45ad-aa24-5f9eeb4281ed: no agents available; will retry on subsequent port and subnet creation events.
2026-07-02 16:34:01.829 10 INFO neutron.db.ovn_revision_numbers_db [None req-0fbe10aa-1afe-4ca1-bb60-8811c47edf50 9827aa93a9e94ed98d5b197788b6c635 30e6562f7cba4b068c27f3a093b95377 - - default default] Successfully bumped revision number for resource 48c856bb-1b51-4365-ae79-5d66d8ed8352 (type: subnets) to 0
2026-07-02 16:34:01.851 10 INFO neutron.api.wsgi [None req-0fbe10aa-1afe-4ca1-bb60-8811c47edf50 9827aa93a9e94ed98d5b197788b6c635 30e6562f7cba4b068c27f3a093b95377 - - default default] 10.0.0.144 "POST /v2.0/subnets HTTP/1.1" status: 201 len: 845 time: 0.2405882
2026-07-02 16:34:01.861 10 WARNING neutron_lib.context [None req-ffc2d0f9-90c4-4115-87c6-1910d478346b 9827aa93a9e94ed98d5b197788b6c635 30e6562f7cba4b068c27f3a093b95377 - - default default] Method 'is_advsvc' is deprecated since 2023.2 release (neutron-lib 3.8.0) and will be removed once support for the old RBAC API policies will be removed from Neutron. Please use method 'is_service_role' instead.
2026-07-02 16:34:01.988 10 INFO neutron.db.ovn_revision_numbers_db [None req-ffc2d0f9-90c4-4115-87c6-1910d478346b 9827aa93a9e94ed98d5b197788b6c635 30e6562f7cba4b068c27f3a093b95377 - - default default] Successfully bumped revision number for resource ed4d1764-dfec-42c0-afee-02b3f765fa0d (type: routers) to 1
2026-07-02 16:34:02.012 10 INFO neutron.api.wsgi [None req-ffc2d0f9-90c4-4115-87c6-1910d478346b 9827aa93a9e94ed98d5b197788b6c635 30e6562f7cba4b068c27f3a093b95377 - - default default] 10.0.0.144 "POST /v2.0/routers HTTP/1.1" status: 201 len: 805 time: 0.1553929
2026-07-02 16:34:02.156 10 WARNING neutron_lib.context [None req-9cbae9c2-24fe-4feb-ba44-b388ffe0c29e fcf97174e2444bc1875000d5523ee9c0 33415fd2b55f4519821165c6673a6270 - - default default] Method 'is_advsvc' is deprecated since 2023.2 release (neutron-lib 3.8.0) and will be removed once support for the old RBAC API policies will be removed from Neutron. Please use method 'is_service_role' instead.
2026-07-02 16:34:02.352 10 WARNING neutron.scheduler.dhcp_agent_scheduler [None req-9cbae9c2-24fe-4feb-ba44-b388ffe0c29e fcf97174e2444bc1875000d5523ee9c0 33415fd2b55f4519821165c6673a6270 - - default default] No more DHCP agents
2026-07-02 16:34:02.354 10 WARNING neutron.api.rpc.agentnotifiers.dhcp_rpc_agent_api [None req-9cbae9c2-24fe-4feb-ba44-b388ffe0c29e fcf97174e2444bc1875000d5523ee9c0 33415fd2b55f4519821165c6673a6270 - - default default] Unable to schedule network d6fe8552-e98e-4cfa-a988-0f3c36a0eb69: no agents available; will retry on subsequent port and subnet creation events.
2026-07-02 16:34:02.460 9 INFO neutron.api.wsgi [None req-ea1f03af-5698-4777-963d-a358cc224c07 c55de50c25524ac4831e3b6141ffd5f6 5f9a0c0a0e1d4a079e9c1265dded7ac3 - - default default] 10.0.0.144 "PUT /v2.0/routers/c767b3f4-92cf-4c21-9e33-9ffdfb1fa330/remove_router_interface HTTP/1.1" status: 200 len: 503 time: 0.8228230
2026-07-02 16:34:02.539 10 INFO neutron.api.wsgi [None req-dd56f15b-0860-475b-9064-60100a8d1a7c c55de50c25524ac4831e3b6141ffd5f6 5f9a0c0a0e1d4a079e9c1265dded7ac3 - - default default] 10.0.0.144 "GET /v2.0/ports/eba1aac9-d342-45b8-b8c0-9ed28cbec8dd HTTP/1.1" status: 200 len: 1137 time: 0.0723214 /var/lib/openstack/lib/python3.12/site-packages/pycadf/identifier.py:71: UserWarning: Invalid uuid: neutron. To ensure interoperability, identifiers should be a valid uuid. warnings.warn(('Invalid uuid: %s. To ensure interoperability, '
2026-07-02 16:34:02.649 10 INFO neutron.api.wsgi [None req-9cbae9c2-24fe-4feb-ba44-b388ffe0c29e fcf97174e2444bc1875000d5523ee9c0 33415fd2b55f4519821165c6673a6270 - - default default] 10.0.0.144 "POST /v2.0/floatingips HTTP/1.1" status: 201 len: 751 time: 0.6481752
2026-07-02 16:34:02.659 9 WARNING neutron_lib.context [None req-0ffb2601-3932-4c64-a46e-0c40901eb030 fcf97174e2444bc1875000d5523ee9c0 33415fd2b55f4519821165c6673a6270 - - default default] Method 'is_advsvc' is deprecated since 2023.2 release (neutron-lib 3.8.0) and will be removed once support for the old RBAC API policies will be removed from Neutron. Please use method 'is_service_role' instead.
2026-07-02 16:34:02.686 9 WARNING neutron.scheduler.dhcp_agent_scheduler [None req-5b0371ff-ae5f-4708-b1ec-43e06dcf94cc 9827aa93a9e94ed98d5b197788b6c635 30e6562f7cba4b068c27f3a093b95377 - - default default] No more DHCP agents
2026-07-02 16:34:02.691 9 WARNING neutron.api.rpc.agentnotifiers.dhcp_rpc_agent_api [None req-5b0371ff-ae5f-4708-b1ec-43e06dcf94cc 9827aa93a9e94ed98d5b197788b6c635 30e6562f7cba4b068c27f3a093b95377 - - default default] Unable to schedule network a3e9fa1b-f40f-45ad-aa24-5f9eeb4281ed: no agents available; will retry on subsequent port and subnet creation events.
2026-07-02 16:34:02.831 9 INFO neutron.db.ovn_revision_numbers_db [None req-5b0371ff-ae5f-4708-b1ec-43e06dcf94cc 9827aa93a9e94ed98d5b197788b6c635 30e6562f7cba4b068c27f3a093b95377 - - default default] Successfully bumped revision number for resource 1894ddf9-62b8-44c5-a57d-cc791a1e5aa2 (type: ports) to 1
2026-07-02 16:34:03.025 9 WARNING neutron.scheduler.dhcp_agent_scheduler [None req-0ffb2601-3932-4c64-a46e-0c40901eb030 fcf97174e2444bc1875000d5523ee9c0 33415fd2b55f4519821165c6673a6270 - - default default] No more DHCP agents
2026-07-02 16:34:03.028 9 WARNING neutron.api.rpc.agentnotifiers.dhcp_rpc_agent_api [None req-0ffb2601-3932-4c64-a46e-0c40901eb030 fcf97174e2444bc1875000d5523ee9c0 33415fd2b55f4519821165c6673a6270 - - default default] Unable to schedule network d6fe8552-e98e-4cfa-a988-0f3c36a0eb69: no agents available; will retry on subsequent port and subnet creation events.
2026-07-02 16:34:03.419 9 INFO neutron.api.wsgi [None req-2255cacf-db1d-45f9-8e15-96e472cde309 c55de50c25524ac4831e3b6141ffd5f6 5f9a0c0a0e1d4a079e9c1265dded7ac3 - - default default] 10.0.0.144 "PUT /v2.0/routers/c767b3f4-92cf-4c21-9e33-9ffdfb1fa330/remove_router_interface HTTP/1.1" status: 200 len: 503 time: 0.8742850
2026-07-02 16:34:03.440 10 INFO neutron.api.wsgi [None req-d0ecbcca-c946-4b5c-92f4-6befbbc4d220 c55de50c25524ac4831e3b6141ffd5f6 5f9a0c0a0e1d4a079e9c1265dded7ac3 - - default default] 10.0.0.144 "GET /v2.0/ports?device_id=c767b3f4-92cf-4c21-9e33-9ffdfb1fa330 HTTP/1.1" status: 200 len: 205 time: 0.0159817
2026-07-02 16:34:03.535 9 INFO neutron.db.ovn_revision_numbers_db [None req-5b0371ff-ae5f-4708-b1ec-43e06dcf94cc 9827aa93a9e94ed98d5b197788b6c635 30e6562f7cba4b068c27f3a093b95377 - - default default] Successfully bumped revision number for resource 1894ddf9-62b8-44c5-a57d-cc791a1e5aa2 (type: ports) to 1
2026-07-02 16:34:03.551 9 INFO neutron.api.wsgi [None req-0ffb2601-3932-4c64-a46e-0c40901eb030 fcf97174e2444bc1875000d5523ee9c0 33415fd2b55f4519821165c6673a6270 - - default default] 10.0.0.144 "POST /v2.0/floatingips HTTP/1.1" status: 201 len: 751 time: 0.8945477 /var/lib/openstack/lib/python3.12/site-packages/pycadf/identifier.py:71: UserWarning: Invalid uuid: neutron. To ensure interoperability, identifiers should be a valid uuid. warnings.warn(('Invalid uuid: %s. To ensure interoperability, '
2026-07-02 16:34:03.562 9 WARNING neutron_lib.context [None req-9c899e1a-ad63-4f6a-bec8-1893b78e4eac fcf97174e2444bc1875000d5523ee9c0 33415fd2b55f4519821165c6673a6270 - - default default] Method 'is_advsvc' is deprecated since 2023.2 release (neutron-lib 3.8.0) and will be removed once support for the old RBAC API policies will be removed from Neutron. Please use method 'is_service_role' instead.
2026-07-02 16:34:03.599 10 INFO neutron.api.wsgi [None req-1a2c349d-9ad2-43ee-a817-60c7a3feb0eb c55de50c25524ac4831e3b6141ffd5f6 5f9a0c0a0e1d4a079e9c1265dded7ac3 - - default default] 10.0.0.144 "DELETE /v2.0/routers/c767b3f4-92cf-4c21-9e33-9ffdfb1fa330 HTTP/1.1" status: 204 len: 168 time: 0.1541717
2026-07-02 16:34:03.601 9 WARNING neutron.scheduler.dhcp_agent_scheduler [None req-5b0371ff-ae5f-4708-b1ec-43e06dcf94cc 9827aa93a9e94ed98d5b197788b6c635 30e6562f7cba4b068c27f3a093b95377 - - default default] No more DHCP agents
2026-07-02 16:34:03.603 9 WARNING neutron.api.rpc.agentnotifiers.dhcp_rpc_agent_api [None req-5b0371ff-ae5f-4708-b1ec-43e06dcf94cc 9827aa93a9e94ed98d5b197788b6c635 30e6562f7cba4b068c27f3a093b95377 - - default default] Unable to schedule network a3e9fa1b-f40f-45ad-aa24-5f9eeb4281ed: no agents available; will retry on subsequent port and subnet creation events.
2026-07-02 16:34:03.756 10 INFO neutron.api.wsgi [None req-6e8c6389-c360-4551-aa3a-8d4f1abe6c6c c55de50c25524ac4831e3b6141ffd5f6 5f9a0c0a0e1d4a079e9c1265dded7ac3 - - default default] 10.0.0.144 "DELETE /v2.0/subnets/2de544d5-d7da-4214-806e-398354326daf HTTP/1.1" status: 204 len: 168 time: 0.1493027
2026-07-02 16:34:03.818 9 WARNING neutron.scheduler.dhcp_agent_scheduler [None req-9c899e1a-ad63-4f6a-bec8-1893b78e4eac fcf97174e2444bc1875000d5523ee9c0 33415fd2b55f4519821165c6673a6270 - - default default] No more DHCP agents
2026-07-02 16:34:03.820 9 WARNING neutron.api.rpc.agentnotifiers.dhcp_rpc_agent_api [None req-9c899e1a-ad63-4f6a-bec8-1893b78e4eac fcf97174e2444bc1875000d5523ee9c0 33415fd2b55f4519821165c6673a6270 - - default default] Unable to schedule network d6fe8552-e98e-4cfa-a988-0f3c36a0eb69: no agents available; will retry on subsequent port and subnet creation events.
2026-07-02 16:34:03.838 9 INFO neutron.db.ovn_revision_numbers_db [None req-5b0371ff-ae5f-4708-b1ec-43e06dcf94cc 9827aa93a9e94ed98d5b197788b6c635 30e6562f7cba4b068c27f3a093b95377 - - default default] Successfully bumped revision number for resource 1894ddf9-62b8-44c5-a57d-cc791a1e5aa2 (type: router_ports) to 1
2026-07-02 16:34:03.842 9 INFO neutron.api.wsgi [None req-5b0371ff-ae5f-4708-b1ec-43e06dcf94cc 9827aa93a9e94ed98d5b197788b6c635 30e6562f7cba4b068c27f3a093b95377 - - default default] 10.0.0.144 "PUT /v2.0/routers/ed4d1764-dfec-42c0-afee-02b3f765fa0d/add_router_interface HTTP/1.1" status: 200 len: 503 time: 1.8203702
2026-07-02 16:34:03.879 10 INFO neutron.api.wsgi [None req-fb8bea56-216c-49fd-a480-ce6c27b26a87 9827aa93a9e94ed98d5b197788b6c635 30e6562f7cba4b068c27f3a093b95377 - - default default] 10.0.0.144 "GET /v2.0/ports/1894ddf9-62b8-44c5-a57d-cc791a1e5aa2 HTTP/1.1" status: 200 len: 1139 time: 0.0320630
2026-07-02 16:34:03.933 10 INFO neutron.api.wsgi [None req-5dd2e680-1f67-4b2c-aed7-caad7c3fea6f c55de50c25524ac4831e3b6141ffd5f6 5f9a0c0a0e1d4a079e9c1265dded7ac3 - - default default] 10.0.0.144 "DELETE /v2.0/subnets/3b523d2f-21a0-4a86-8c4c-deddd69f2fbe HTTP/1.1" status: 204 len: 168 time: 0.1738348
2026-07-02 16:34:03.961 9 INFO neutron.api.wsgi [None req-9ffa7eac-3d21-4484-919d-7dc51ed604f1 9827aa93a9e94ed98d5b197788b6c635 30e6562f7cba4b068c27f3a093b95377 - - default default] 10.0.0.144 "GET /v2.0/ports/1894ddf9-62b8-44c5-a57d-cc791a1e5aa2 HTTP/1.1" status: 200 len: 1139 time: 0.0772810
2026-07-02 16:34:04.029 10 INFO neutron.api.wsgi [req-292f63c2-489a-4a0f-bf8d-13ec2b34b4d1 req-b6c8cab6-637d-4b71-9fde-6f73f5655b8d 01bcb6fee37248b494183e693cd5f707 6764db65cfc44094b43f5cc35746ec70 - - f8f16a84101046e0877e187cea621c44 f8f16a84101046e0877e187cea621c44] 10.0.0.181 "GET /v2.0/ports?device_id=1d3b0efb-1729-480e-820d-0ec81bab1a68 HTTP/1.1" status: 200 len: 1409 time: 0.0382781
2026-07-02 16:34:04.080 10 INFO neutron.api.wsgi [req-292f63c2-489a-4a0f-bf8d-13ec2b34b4d1 req-24a0ad33-53d2-4a0b-86b1-34a91a30444c 01bcb6fee37248b494183e693cd5f707 6764db65cfc44094b43f5cc35746ec70 - - f8f16a84101046e0877e187cea621c44 f8f16a84101046e0877e187cea621c44] 10.0.0.181 "GET /v2.0/security-groups?id=4f24887d-c860-43ce-a7ad-ea8ebec32c18&fields=id&fields=name HTTP/1.1" status: 200 len: 312 time: 0.0432911
2026-07-02 16:34:04.086 9 INFO neutron.api.wsgi [None req-9c899e1a-ad63-4f6a-bec8-1893b78e4eac fcf97174e2444bc1875000d5523ee9c0 33415fd2b55f4519821165c6673a6270 - - default default] 10.0.0.144 "POST /v2.0/floatingips HTTP/1.1" status: 201 len: 751 time: 0.5302017
2026-07-02 16:34:04.097 9 WARNING neutron_lib.context [None req-1db741ed-c3ab-45dc-a5bf-5b2a18796559 fcf97174e2444bc1875000d5523ee9c0 33415fd2b55f4519821165c6673a6270 - - default default] Method 'is_advsvc' is deprecated since 2023.2 release (neutron-lib 3.8.0) and will be removed once support for the old RBAC API policies will be removed from Neutron. Please use method 'is_service_role' instead.
2026-07-02 16:34:04.258 10 INFO neutron.services.segments.plugin [-] Segment 33af86f5-4f84-43b0-a4e2-04832aca9ac8 resource provider aggregate not found
2026-07-02 16:34:04.263 10 INFO neutron.services.segments.plugin [-] Segment 33af86f5-4f84-43b0-a4e2-04832aca9ac8 resource provider aggregate not found
2026-07-02 16:34:04.270 10 INFO neutron.services.segments.plugin [-] Segment 33af86f5-4f84-43b0-a4e2-04832aca9ac8 resource provider not found; error: Placement Client Error (4xx): {"errors": [{"status": 404, "title": "Not Found", "detail": "The resource could not be found.\n\n No resource provider with uuid 33af86f5-4f84-43b0-a4e2-04832aca9ac8 found for delete ", "request_id": "req-af6d7a76-8177-4d4e-9bd0-87f177aac926"}]}
2026-07-02 16:34:04.273 10 INFO neutron.services.segments.plugin [-] Segment 33af86f5-4f84-43b0-a4e2-04832aca9ac8 resource provider not found; error: Placement Client Error (4xx): {"errors": [{"status": 404, "title": "Not Found", "detail": "The resource could not be found.\n\n No resource provider with uuid 33af86f5-4f84-43b0-a4e2-04832aca9ac8 found for delete ", "request_id": "req-cad3a0e9-44ae-4df0-bf18-54a69db43fe8"}]}
2026-07-02 16:34:04.280 10 INFO neutron.api.wsgi [None req-73105fd5-64d7-49d6-97b2-d67010d6b0d2 c55de50c25524ac4831e3b6141ffd5f6 5f9a0c0a0e1d4a079e9c1265dded7ac3 - - default default] 10.0.0.144 "DELETE /v2.0/networks/2af498e2-a8fd-4305-a9a1-b044f76ff88a HTTP/1.1" status: 204 len: 168 time: 0.3401494
2026-07-02 16:34:04.300 9 WARNING neutron.scheduler.dhcp_agent_scheduler [None req-1db741ed-c3ab-45dc-a5bf-5b2a18796559 fcf97174e2444bc1875000d5523ee9c0 33415fd2b55f4519821165c6673a6270 - - default default] No more DHCP agents
2026-07-02 16:34:04.301 9 WARNING neutron.api.rpc.agentnotifiers.dhcp_rpc_agent_api [None req-1db741ed-c3ab-45dc-a5bf-5b2a18796559 fcf97174e2444bc1875000d5523ee9c0 33415fd2b55f4519821165c6673a6270 - - default default] Unable to schedule network d6fe8552-e98e-4cfa-a988-0f3c36a0eb69: no agents available; will retry on subsequent port and subnet creation events.
2026-07-02 16:34:04.379 9 WARNING neutron.plugins.ml2.drivers.ovn.mech_driver.ovsdb.ovn_client [None req-68b79789-228b-42c9-876e-32f340bb4128 - - - - - -] No port found with ID 1130367c-9a4d-4c0a-bf55-ef9903475491: RuntimeError: No port found with ID 1130367c-9a4d-4c0a-bf55-ef9903475491
2026-07-02 16:34:04.390 9 INFO neutron.plugins.ml2.drivers.ovn.mech_driver.mech_driver [None req-68b79789-228b-42c9-876e-32f340bb4128 - - - - - -] OVN reports status up for port: 1894ddf9-62b8-44c5-a57d-cc791a1e5aa2
2026-07-02 16:34:04.402 9 INFO neutron.plugins.ml2.plugin [None req-68b79789-228b-42c9-876e-32f340bb4128 - - - - - -] Attempt 1 to provision port 1894ddf9-62b8-44c5-a57d-cc791a1e5aa2
2026-07-02 16:34:04.673 9 INFO neutron.services.segments.plugin [-] Segment a86630dd-036e-4325-a4d6-5711837a3513 resource provider aggregate not found
2026-07-02 16:34:04.678 9 INFO neutron.services.segments.plugin [-] Segment a86630dd-036e-4325-a4d6-5711837a3513 resource provider aggregate not found
2026-07-02 16:34:04.685 9 INFO neutron.api.wsgi [None req-1db741ed-c3ab-45dc-a5bf-5b2a18796559 fcf97174e2444bc1875000d5523ee9c0 33415fd2b55f4519821165c6673a6270 - - default default] 10.0.0.144 "POST /v2.0/floatingips HTTP/1.1" status: 201 len: 751 time: 0.5926819
2026-07-02 16:34:04.686 9 INFO neutron.services.segments.plugin [-] Segment a86630dd-036e-4325-a4d6-5711837a3513 resource provider not found; error: Placement Client Error (4xx): {"errors": [{"status": 404, "title": "Not Found", "detail": "The resource could not be found.\n\n No resource provider with uuid a86630dd-036e-4325-a4d6-5711837a3513 found for delete ", "request_id": "req-0ee5b9f4-2b14-421d-bfe2-b44081502c11"}]}
