2026-07-02 16:34:20.654 10 INFO neutron.api.wsgi [None req-2059ab39-78c1-4fa8-a52b-f26c6c0857bf 51f3c124ffc7485da556c3e54adad1ad 988be0974334411cac1b3be06ab1771c - - default default] 10.0.0.144 "PUT /v2.0/subnetpools/0ae6bd31-5621-4b45-aef2-3ac9d948b632 HTTP/1.1" status: 200 len: 694 time: 0.0542090
2026-07-02 16:34:20.703 10 INFO neutron.api.wsgi [None req-758d4b53-a039-4741-8675-0f473528eb24 51f3c124ffc7485da556c3e54adad1ad 988be0974334411cac1b3be06ab1771c - - default default] 10.0.0.144 "DELETE /v2.0/subnetpools/0ae6bd31-5621-4b45-aef2-3ac9d948b632 HTTP/1.1" status: 204 len: 168 time: 0.0450425
2026-07-02 16:34:20.724 10 INFO neutron.api.v2.resource [None req-95c1a2d9-4da3-4a29-bd65-7316f2b43694 51f3c124ffc7485da556c3e54adad1ad 988be0974334411cac1b3be06ab1771c - - default default] show failed (client error): The resource could not be found.
2026-07-02 16:34:20.724 10 INFO neutron.api.wsgi [None req-95c1a2d9-4da3-4a29-bd65-7316f2b43694 51f3c124ffc7485da556c3e54adad1ad 988be0974334411cac1b3be06ab1771c - - default default] 10.0.0.144 "GET /v2.0/subnetpools/0ae6bd31-5621-4b45-aef2-3ac9d948b632 HTTP/1.1" status: 404 len: 346 time: 0.0128467
2026-07-02 16:34:20.742 10 INFO neutron.api.v2.resource [None req-52ea5c67-8f15-43c7-863c-75b817e7529d 51f3c124ffc7485da556c3e54adad1ad 988be0974334411cac1b3be06ab1771c - - default default] delete failed (client error): The resource could not be found.
2026-07-02 16:34:20.743 10 INFO neutron.api.wsgi [None req-52ea5c67-8f15-43c7-863c-75b817e7529d 51f3c124ffc7485da556c3e54adad1ad 988be0974334411cac1b3be06ab1771c - - default default] 10.0.0.144 "DELETE /v2.0/subnetpools/0ae6bd31-5621-4b45-aef2-3ac9d948b632 HTTP/1.1" status: 404 len: 346 time: 0.0141418
2026-07-02 16:34:21.159 10 WARNING neutron.plugins.ml2.drivers.ovn.mech_driver.ovsdb.ovn_client [None req-a491e28b-b1e6-43d3-b699-16e1995ff23a - - - - - -] No port found with ID 886dd1cc-a852-49da-8dce-fdd62f025c8a: RuntimeError: No port found with ID 886dd1cc-a852-49da-8dce-fdd62f025c8a
2026-07-02 16:34:21.444 10 INFO neutron.db.ovn_revision_numbers_db [None req-66db94d9-dbe3-4eab-bb38-a13489622161 a8aa24bd68aa41139e299598e80b27ac 84b441d311bc483885a13e4057a7138f - - default default] Successfully bumped revision number for resource 4acdd500-b146-4668-b840-cb824c0a4aa9 (type: security_groups) to 1
2026-07-02 16:34:21.456 10 INFO neutron.db.ovn_revision_numbers_db [None req-66db94d9-dbe3-4eab-bb38-a13489622161 a8aa24bd68aa41139e299598e80b27ac 84b441d311bc483885a13e4057a7138f - - default default] Successfully bumped revision number for resource 0a30f635-c697-48e0-9be6-a492e1cb87a7 (type: security_group_rules) to 0
2026-07-02 16:34:21.470 10 INFO neutron.db.ovn_revision_numbers_db [None req-66db94d9-dbe3-4eab-bb38-a13489622161 a8aa24bd68aa41139e299598e80b27ac 84b441d311bc483885a13e4057a7138f - - default default] Successfully bumped revision number for resource 3237d246-5959-4eaf-88dd-b323530b5f74 (type: security_group_rules) to 0
2026-07-02 16:34:21.484 10 INFO neutron.db.ovn_revision_numbers_db [None req-66db94d9-dbe3-4eab-bb38-a13489622161 a8aa24bd68aa41139e299598e80b27ac 84b441d311bc483885a13e4057a7138f - - default default] Successfully bumped revision number for resource 39314b27-e120-45ef-bbb7-12d8d793f2b7 (type: security_group_rules) to 0
2026-07-02 16:34:21.498 10 INFO neutron.db.ovn_revision_numbers_db [None req-66db94d9-dbe3-4eab-bb38-a13489622161 a8aa24bd68aa41139e299598e80b27ac 84b441d311bc483885a13e4057a7138f - - default default] Successfully bumped revision number for resource dbbbaa12-2e98-4e9a-ab5f-f1ad48b9a8fc (type: security_group_rules) to 0
2026-07-02 16:34:21.534 10 INFO neutron.api.wsgi [None req-66db94d9-dbe3-4eab-bb38-a13489622161 a8aa24bd68aa41139e299598e80b27ac 84b441d311bc483885a13e4057a7138f - - default default] 10.0.0.144 "GET /v2.0/security-groups?tenant_id=988be0974334411cac1b3be06ab1771c&name=default HTTP/1.1" status: 200 len: 3120 time: 0.3339739
2026-07-02 16:34:21.772 10 INFO neutron.api.wsgi [None req-7b7df041-6253-4fcb-bec2-c65a74a2a84f a8aa24bd68aa41139e299598e80b27ac 84b441d311bc483885a13e4057a7138f - - default default] 10.0.0.144 "DELETE /v2.0/security-groups/4acdd500-b146-4668-b840-cb824c0a4aa9 HTTP/1.1" status: 204 len: 168 time: 0.2334421
2026-07-02 16:34:22.454 10 INFO neutron.db.ovn_revision_numbers_db [None req-20b0acc2-c0e3-484a-bae7-b2ad0da1cdb0 a8aa24bd68aa41139e299598e80b27ac 84b441d311bc483885a13e4057a7138f - - default default] Successfully bumped revision number for resource 6176f62f-00c1-4421-893a-a3a7dc5e1ca2 (type: security_groups) to 1
2026-07-02 16:34:22.468 10 INFO neutron.db.ovn_revision_numbers_db [None req-20b0acc2-c0e3-484a-bae7-b2ad0da1cdb0 a8aa24bd68aa41139e299598e80b27ac 84b441d311bc483885a13e4057a7138f - - default default] Successfully bumped revision number for resource 391c880a-e738-497c-b7f4-9e3081ec2e5c (type: security_group_rules) to 0
2026-07-02 16:34:22.479 10 INFO neutron.db.ovn_revision_numbers_db [None req-20b0acc2-c0e3-484a-bae7-b2ad0da1cdb0 a8aa24bd68aa41139e299598e80b27ac 84b441d311bc483885a13e4057a7138f - - default default] Successfully bumped revision number for resource 49beb2ae-7925-4f6c-a3b6-08a6c71ae518 (type: security_group_rules) to 0
2026-07-02 16:34:22.489 10 INFO neutron.db.ovn_revision_numbers_db [None req-20b0acc2-c0e3-484a-bae7-b2ad0da1cdb0 a8aa24bd68aa41139e299598e80b27ac 84b441d311bc483885a13e4057a7138f - - default default] Successfully bumped revision number for resource 95e2b6fe-dcc2-4bc1-a412-f98ccb9cb3d3 (type: security_group_rules) to 0
2026-07-02 16:34:22.500 10 INFO neutron.db.ovn_revision_numbers_db [None req-20b0acc2-c0e3-484a-bae7-b2ad0da1cdb0 a8aa24bd68aa41139e299598e80b27ac 84b441d311bc483885a13e4057a7138f - - default default] Successfully bumped revision number for resource a7e1988d-099c-466d-a6f9-424621248249 (type: security_group_rules) to 0
2026-07-02 16:34:22.539 10 INFO neutron.api.wsgi [None req-20b0acc2-c0e3-484a-bae7-b2ad0da1cdb0 a8aa24bd68aa41139e299598e80b27ac 84b441d311bc483885a13e4057a7138f - - default default] 10.0.0.144 "GET /v2.0/security-groups?tenant_id=ec7e052b0b2945688ffc13c95049e7d5&name=default HTTP/1.1" status: 200 len: 3120 time: 0.3960924
2026-07-02 16:34:22.761 10 INFO neutron.api.wsgi [None req-24bf94c1-e0b2-4f9d-b817-863da3fab304 a8aa24bd68aa41139e299598e80b27ac 84b441d311bc483885a13e4057a7138f - - default default] 10.0.0.144 "DELETE /v2.0/security-groups/6176f62f-00c1-4421-893a-a3a7dc5e1ca2 HTTP/1.1" status: 204 len: 168 time: 0.2144620
2026-07-02 16:34:23.079 10 INFO neutron.db.ovn_revision_numbers_db [None req-023ec2bf-4823-44db-84e1-ba2ece1881a7 a8aa24bd68aa41139e299598e80b27ac 84b441d311bc483885a13e4057a7138f - - default default] Successfully bumped revision number for resource 6dc77842-2bd3-423c-b45b-79f2761bae18 (type: security_groups) to 1
2026-07-02 16:34:23.091 10 INFO neutron.db.ovn_revision_numbers_db [None req-023ec2bf-4823-44db-84e1-ba2ece1881a7 a8aa24bd68aa41139e299598e80b27ac 84b441d311bc483885a13e4057a7138f - - default default] Successfully bumped revision number for resource 280cb364-22b1-49cc-a903-5049396ceeef (type: security_group_rules) to 0
2026-07-02 16:34:23.105 10 INFO neutron.db.ovn_revision_numbers_db [None req-023ec2bf-4823-44db-84e1-ba2ece1881a7 a8aa24bd68aa41139e299598e80b27ac 84b441d311bc483885a13e4057a7138f - - default default] Successfully bumped revision number for resource 36e8c39f-6945-496c-8c01-7ebd407f4c67 (type: security_group_rules) to 0
2026-07-02 16:34:23.121 10 INFO neutron.db.ovn_revision_numbers_db [None req-023ec2bf-4823-44db-84e1-ba2ece1881a7 a8aa24bd68aa41139e299598e80b27ac 84b441d311bc483885a13e4057a7138f - - default default] Successfully bumped revision number for resource 4d59b400-f568-4b74-b7c6-ed07ad0586a6 (type: security_group_rules) to 0
2026-07-02 16:34:23.132 10 INFO neutron.db.ovn_revision_numbers_db [None req-023ec2bf-4823-44db-84e1-ba2ece1881a7 a8aa24bd68aa41139e299598e80b27ac 84b441d311bc483885a13e4057a7138f - - default default] Successfully bumped revision number for resource 7fc4b28b-fb8f-4c09-ba9a-e78e65b49ca2 (type: security_group_rules) to 0
2026-07-02 16:34:23.167 10 INFO neutron.api.wsgi [None req-023ec2bf-4823-44db-84e1-ba2ece1881a7 a8aa24bd68aa41139e299598e80b27ac 84b441d311bc483885a13e4057a7138f - - default default] 10.0.0.144 "GET /v2.0/security-groups?tenant_id=a86b56e8929b4efc85f98c3008b44c11&name=default HTTP/1.1" status: 200 len: 3120 time: 0.1727805
2026-07-02 16:34:23.344 10 INFO neutron.api.wsgi [None req-2fb9a065-7cf2-4619-acbd-fb503561646c a8aa24bd68aa41139e299598e80b27ac 84b441d311bc483885a13e4057a7138f - - default default] 10.0.0.144 "DELETE /v2.0/security-groups/6dc77842-2bd3-423c-b45b-79f2761bae18 HTTP/1.1" status: 204 len: 168 time: 0.1716530
2026-07-02 16:34:23.363 9 INFO neutron.db.ovn_revision_numbers_db [None req-265ae504-f311-408d-8c1b-91ea060142ee a8aa24bd68aa41139e299598e80b27ac 84b441d311bc483885a13e4057a7138f - - default default] Successfully bumped revision number for resource afe42151-7d60-4295-82b9-774bf1c83688 (type: security_groups) to 1
2026-07-02 16:34:23.381 9 INFO neutron.db.ovn_revision_numbers_db [None req-265ae504-f311-408d-8c1b-91ea060142ee a8aa24bd68aa41139e299598e80b27ac 84b441d311bc483885a13e4057a7138f - - default default] Successfully bumped revision number for resource 280968e2-149f-4233-a9fb-2bd3ee9c222c (type: security_group_rules) to 0
2026-07-02 16:34:23.395 9 INFO neutron.db.ovn_revision_numbers_db [None req-265ae504-f311-408d-8c1b-91ea060142ee a8aa24bd68aa41139e299598e80b27ac 84b441d311bc483885a13e4057a7138f - - default default] Successfully bumped revision number for resource 37889d08-c29c-4896-83b5-fd94b9d4639d (type: security_group_rules) to 0
2026-07-02 16:34:23.407 9 INFO neutron.db.ovn_revision_numbers_db [None req-265ae504-f311-408d-8c1b-91ea060142ee a8aa24bd68aa41139e299598e80b27ac 84b441d311bc483885a13e4057a7138f - - default default] Successfully bumped revision number for resource cf84a07e-3335-4f86-9525-33a68bec5788 (type: security_group_rules) to 0
2026-07-02 16:34:23.423 9 INFO neutron.db.ovn_revision_numbers_db [None req-265ae504-f311-408d-8c1b-91ea060142ee a8aa24bd68aa41139e299598e80b27ac 84b441d311bc483885a13e4057a7138f - - default default] Successfully bumped revision number for resource e87b3a8d-8e2c-479d-975e-04febcb256f8 (type: security_group_rules) to 0
2026-07-02 16:34:23.458 9 INFO neutron.api.wsgi [None req-265ae504-f311-408d-8c1b-91ea060142ee a8aa24bd68aa41139e299598e80b27ac 84b441d311bc483885a13e4057a7138f - - default default] 10.0.0.144 "GET /v2.0/security-groups?tenant_id=6f69f99b74ae41d98533b28c44ed818c&name=default HTTP/1.1" status: 200 len: 3120 time: 0.3591287
2026-07-02 16:34:23.669 9 INFO neutron.api.wsgi [None req-7bc21f55-f909-4ea2-bc46-b8f961e06bf2 a8aa24bd68aa41139e299598e80b27ac 84b441d311bc483885a13e4057a7138f - - default default] 10.0.0.144 "DELETE /v2.0/security-groups/afe42151-7d60-4295-82b9-774bf1c83688 HTTP/1.1" status: 204 len: 168 time: 0.2058661
2026-07-02 16:34:24.273 10 WARNING neutron_lib.context [None req-e31c63c9-4761-4a1e-80d8-d28722e22ad2 ef3ae758df5243b498f6b04c66f6abda 3703d3ee30234cb6844519dfa63276cb - - default default] Method 'is_advsvc' is deprecated since 2023.2 release (neutron-lib 3.8.0) and will be removed once support for the old RBAC API policies will be removed from Neutron. Please use method 'is_service_role' instead.
2026-07-02 16:34:24.376 10 INFO neutron.db.ovn_revision_numbers_db [None req-e31c63c9-4761-4a1e-80d8-d28722e22ad2 ef3ae758df5243b498f6b04c66f6abda 3703d3ee30234cb6844519dfa63276cb - - default default] Successfully bumped revision number for resource 8f0504a0-c4f1-4bb3-bd03-d496d550f8ee (type: routers) to 1
2026-07-02 16:34:24.390 10 INFO neutron.api.wsgi [None req-e31c63c9-4761-4a1e-80d8-d28722e22ad2 ef3ae758df5243b498f6b04c66f6abda 3703d3ee30234cb6844519dfa63276cb - - default default] 10.0.0.144 "POST /v2.0/routers HTTP/1.1" status: 201 len: 769 time: 0.3006470
2026-07-02 16:34:24.402 10 WARNING neutron_lib.context [None req-119f30d9-2942-4bd2-beb8-a2b8de1993eb ef3ae758df5243b498f6b04c66f6abda 3703d3ee30234cb6844519dfa63276cb - - default default] Method 'is_advsvc' is deprecated since 2023.2 release (neutron-lib 3.8.0) and will be removed once support for the old RBAC API policies will be removed from Neutron. Please use method 'is_service_role' instead.
2026-07-02 16:34:24.528 10 INFO neutron.db.ovn_revision_numbers_db [None req-119f30d9-2942-4bd2-beb8-a2b8de1993eb ef3ae758df5243b498f6b04c66f6abda 3703d3ee30234cb6844519dfa63276cb - - default default] Successfully bumped revision number for resource f4688d67-76b0-4304-a16a-3423d3cb80af (type: routers) to 1
2026-07-02 16:34:24.551 10 INFO neutron.api.wsgi [None req-119f30d9-2942-4bd2-beb8-a2b8de1993eb ef3ae758df5243b498f6b04c66f6abda 3703d3ee30234cb6844519dfa63276cb - - default default] 10.0.0.144 "POST /v2.0/routers HTTP/1.1" status: 201 len: 769 time: 0.1546686
2026-07-02 16:34:24.562 9 WARNING neutron_lib.context [None req-6ab632cc-5c95-4b48-90c9-1a5dea6e0888 ef3ae758df5243b498f6b04c66f6abda 3703d3ee30234cb6844519dfa63276cb - - default default] Method 'is_advsvc' is deprecated since 2023.2 release (neutron-lib 3.8.0) and will be removed once support for the old RBAC API policies will be removed from Neutron. Please use method 'is_service_role' instead.
2026-07-02 16:34:24.661 9 INFO neutron.api.wsgi [-] 10.0.0.28 "GET / HTTP/1.1" status: 200 len: 245 time: 0.0014987
2026-07-02 16:34:24.663 9 INFO neutron.api.wsgi [-] 10.0.0.28 "GET / HTTP/1.1" status: 200 len: 245 time: 0.0009046
2026-07-02 16:34:24.679 9 INFO neutron.db.ovn_revision_numbers_db [None req-6ab632cc-5c95-4b48-90c9-1a5dea6e0888 ef3ae758df5243b498f6b04c66f6abda 3703d3ee30234cb6844519dfa63276cb - - default default] Successfully bumped revision number for resource 85562079-c0fc-42bf-88f3-4b4f9b9ecb57 (type: routers) to 1
2026-07-02 16:34:24.693 9 INFO neutron.api.wsgi [None req-6ab632cc-5c95-4b48-90c9-1a5dea6e0888 ef3ae758df5243b498f6b04c66f6abda 3703d3ee30234cb6844519dfa63276cb - - default default] 10.0.0.144 "POST /v2.0/routers HTTP/1.1" status: 201 len: 769 time: 0.1361525
2026-07-02 16:34:24.701 9 WARNING neutron_lib.context [None req-cfa46bb0-325d-4550-9878-36f50aa91ff3 ef3ae758df5243b498f6b04c66f6abda 3703d3ee30234cb6844519dfa63276cb - - default default] Method 'is_advsvc' is deprecated since 2023.2 release (neutron-lib 3.8.0) and will be removed once support for the old RBAC API policies will be removed from Neutron. Please use method 'is_service_role' instead.
2026-07-02 16:34:24.804 9 INFO neutron.db.ovn_revision_numbers_db [None req-cfa46bb0-325d-4550-9878-36f50aa91ff3 ef3ae758df5243b498f6b04c66f6abda 3703d3ee30234cb6844519dfa63276cb - - default default] Successfully bumped revision number for resource 1d577e69-689c-4ce7-8e6c-df16867b4841 (type: routers) to 1
2026-07-02 16:34:24.820 9 INFO neutron.api.wsgi [None req-cfa46bb0-325d-4550-9878-36f50aa91ff3 ef3ae758df5243b498f6b04c66f6abda 3703d3ee30234cb6844519dfa63276cb - - default default] 10.0.0.144 "POST /v2.0/routers HTTP/1.1" status: 201 len: 769 time: 0.1233830
2026-07-02 16:34:24.830 9 WARNING neutron_lib.context [None req-f8f2d650-ef72-4459-8e79-47034bea347d ef3ae758df5243b498f6b04c66f6abda 3703d3ee30234cb6844519dfa63276cb - - default default] Method 'is_advsvc' is deprecated since 2023.2 release (neutron-lib 3.8.0) and will be removed once support for the old RBAC API policies will be removed from Neutron. Please use method 'is_service_role' instead.
2026-07-02 16:34:24.926 9 INFO neutron.db.ovn_revision_numbers_db [None req-f8f2d650-ef72-4459-8e79-47034bea347d ef3ae758df5243b498f6b04c66f6abda 3703d3ee30234cb6844519dfa63276cb - - default default] Successfully bumped revision number for resource 9240ac5f-613e-4fbd-8ad0-38415c8364eb (type: routers) to 1
2026-07-02 16:34:24.944 9 INFO neutron.api.wsgi [None req-f8f2d650-ef72-4459-8e79-47034bea347d ef3ae758df5243b498f6b04c66f6abda 3703d3ee30234cb6844519dfa63276cb - - default default] 10.0.0.144 "POST /v2.0/routers HTTP/1.1" status: 201 len: 769 time: 0.1189244
2026-07-02 16:34:24.987 9 INFO neutron.api.wsgi [None req-467f0960-1495-4f15-ac09-5d239b015b5a ef3ae758df5243b498f6b04c66f6abda 3703d3ee30234cb6844519dfa63276cb - - default default] 10.0.0.144 "PUT /v2.0/routers/8f0504a0-c4f1-4bb3-bd03-d496d550f8ee/tags HTTP/1.1" status: 200 len: 210 time: 0.0392995
2026-07-02 16:34:25.030 9 INFO neutron.api.wsgi [None req-430f2711-f1bc-49aa-9a79-251e594f1243 ef3ae758df5243b498f6b04c66f6abda 3703d3ee30234cb6844519dfa63276cb - - default default] 10.0.0.144 "PUT /v2.0/routers/f4688d67-76b0-4304-a16a-3423d3cb80af/tags HTTP/1.1" status: 200 len: 218 time: 0.0387824
2026-07-02 16:34:25.078 9 INFO neutron.api.wsgi [None req-f7e10a8d-95ae-49cc-b129-61d509e96693 ef3ae758df5243b498f6b04c66f6abda 3703d3ee30234cb6844519dfa63276cb - - default default] 10.0.0.144 "PUT /v2.0/routers/85562079-c0fc-42bf-88f3-4b4f9b9ecb57/tags HTTP/1.1" status: 200 len: 227 time: 0.0429611
2026-07-02 16:34:25.125 9 INFO neutron.api.wsgi [None req-ff17d4a6-49b1-457a-a3dd-77b03abb93bc ef3ae758df5243b498f6b04c66f6abda 3703d3ee30234cb6844519dfa63276cb - - default default] 10.0.0.144 "PUT /v2.0/routers/1d577e69-689c-4ce7-8e6c-df16867b4841/tags HTTP/1.1" status: 200 len: 212 time: 0.0425003
2026-07-02 16:34:25.177 9 INFO neutron.api.wsgi [None req-6122691f-d750-4584-a617-89090629c29c ef3ae758df5243b498f6b04c66f6abda 3703d3ee30234cb6844519dfa63276cb - - default default] 10.0.0.144 "GET /v2.0/routers?tags=red HTTP/1.1" status: 200 len: 1946 time: 0.0476625
2026-07-02 16:34:25.235 9 INFO neutron.api.wsgi [None req-948d30fe-7ca3-41e8-8c68-bcf95605e89f ef3ae758df5243b498f6b04c66f6abda 3703d3ee30234cb6844519dfa63276cb - - default default] 10.0.0.144 "GET /v2.0/routers?tags=red%2Cblue HTTP/1.1" status: 200 len: 1375 time: 0.0540640
2026-07-02 16:34:25.317 9 INFO neutron.api.wsgi [None req-82a4ee4e-7e06-415c-8388-e144eeb2f9de ef3ae758df5243b498f6b04c66f6abda 3703d3ee30234cb6844519dfa63276cb - - default default] 10.0.0.144 "GET /v2.0/routers?tags-any=blue HTTP/1.1" status: 200 len: 1375 time: 0.0775859
2026-07-02 16:34:25.370 9 INFO neutron.api.wsgi [None req-cb1001b4-d08b-4981-965d-f42a53a8639e ef3ae758df5243b498f6b04c66f6abda 3703d3ee30234cb6844519dfa63276cb - - default default] 10.0.0.144 "GET /v2.0/routers?tags-any=red%2Cblue HTTP/1.1" status: 200 len: 1946 time: 0.0444560
2026-07-02 16:34:25.437 9 INFO neutron.api.wsgi [None req-61ae5af0-aba2-4b35-b93c-3d70f8be6f74 ef3ae758df5243b498f6b04c66f6abda 3703d3ee30234cb6844519dfa63276cb - - default default] 10.0.0.144 "GET /v2.0/routers?not-tags=red HTTP/1.1" status: 200 len: 1347 time: 0.0622807
2026-07-02 16:34:25.494 9 INFO neutron.api.wsgi [None req-d3263763-a493-4bcc-b3d0-f1b8d17f9ab7 ef3ae758df5243b498f6b04c66f6abda 3703d3ee30234cb6844519dfa63276cb - - default default] 10.0.0.144 "GET /v2.0/routers?not-tags=red%2Cblue HTTP/1.1" status: 200 len: 1918 time: 0.0513277
2026-07-02 16:34:25.544 9 INFO neutron.api.wsgi [None req-390fb1a8-9fe1-4c79-bc82-896890908a93 ef3ae758df5243b498f6b04c66f6abda 3703d3ee30234cb6844519dfa63276cb - - default default] 10.0.0.144 "GET /v2.0/routers?not-tags-any=blue HTTP/1.1" status: 200 len: 1918 time: 0.0441844
2026-07-02 16:34:25.584 10 INFO neutron.db.ovn_revision_numbers_db [None req-3c487742-8a57-45d6-800f-6da81745ce6f a8aa24bd68aa41139e299598e80b27ac 84b441d311bc483885a13e4057a7138f - - default default] Successfully bumped revision number for resource 8308760a-917a-406f-9c31-1149e10c5199 (type: security_groups) to 1
2026-07-02 16:34:25.600 10 INFO neutron.db.ovn_revision_numbers_db [None req-3c487742-8a57-45d6-800f-6da81745ce6f a8aa24bd68aa41139e299598e80b27ac 84b441d311bc483885a13e4057a7138f - - default default] Successfully bumped revision number for resource 1d4b37dd-3c40-4334-b3e4-d139c1370422 (type: security_group_rules) to 0
2026-07-02 16:34:25.602 9 INFO neutron.api.wsgi [None req-65d36e75-6957-4d1b-bbad-2f98035777b7 ef3ae758df5243b498f6b04c66f6abda 3703d3ee30234cb6844519dfa63276cb - - default default] 10.0.0.144 "GET /v2.0/routers?not-tags-any=red%2Cblue HTTP/1.1" status: 200 len: 1347 time: 0.0480046
2026-07-02 16:34:25.630 10 INFO neutron.db.ovn_revision_numbers_db [None req-3c487742-8a57-45d6-800f-6da81745ce6f a8aa24bd68aa41139e299598e80b27ac 84b441d311bc483885a13e4057a7138f - - default default] Successfully bumped revision number for resource 55dbb08d-4470-4f18-8a4c-49c0d95358f3 (type: security_group_rules) to 0
2026-07-02 16:34:25.659 10 INFO neutron.api.wsgi [None req-70c30511-1a99-40db-ba44-1bbb7fc79120 ef3ae758df5243b498f6b04c66f6abda 3703d3ee30234cb6844519dfa63276cb - - default default] 10.0.0.144 "GET /v2.0/routers/8f0504a0-c4f1-4bb3-bd03-d496d550f8ee HTTP/1.1" status: 200 len: 775 time: 0.0497196
2026-07-02 16:34:25.663 10 INFO neutron.db.ovn_revision_numbers_db [None req-3c487742-8a57-45d6-800f-6da81745ce6f a8aa24bd68aa41139e299598e80b27ac 84b441d311bc483885a13e4057a7138f - - default default] Successfully bumped revision number for resource 6d61571b-3c9f-4463-a99e-4e30dcfe3144 (type: security_group_rules) to 0
2026-07-02 16:34:25.697 10 INFO neutron.db.ovn_revision_numbers_db [None req-3c487742-8a57-45d6-800f-6da81745ce6f a8aa24bd68aa41139e299598e80b27ac 84b441d311bc483885a13e4057a7138f - - default default] Successfully bumped revision number for resource f9772daa-61b2-41b9-bc74-707f9f71f969 (type: security_group_rules) to 0
2026-07-02 16:34:25.753 10 INFO neutron.api.wsgi [None req-3c487742-8a57-45d6-800f-6da81745ce6f a8aa24bd68aa41139e299598e80b27ac 84b441d311bc483885a13e4057a7138f - - default default] 10.0.0.144 "GET /v2.0/security-groups?tenant_id=25040ad632634212a821ea803f9cc05e&name=default HTTP/1.1" status: 200 len: 3120 time: 0.4237857
2026-07-02 16:34:25.946 10 INFO neutron.db.ovn_revision_numbers_db [None req-88bb4acc-b05f-438c-b5cd-462ffdab2e97 ef3ae758df5243b498f6b04c66f6abda 3703d3ee30234cb6844519dfa63276cb - - default default] Successfully bumped revision number for resource 8f0504a0-c4f1-4bb3-bd03-d496d550f8ee (type: routers) to 2
2026-07-02 16:34:25.952 10 INFO neutron.api.wsgi [None req-88bb4acc-b05f-438c-b5cd-462ffdab2e97 ef3ae758df5243b498f6b04c66f6abda 3703d3ee30234cb6844519dfa63276cb - - default default] 10.0.0.144 "PUT /v2.0/routers/8f0504a0-c4f1-4bb3-bd03-d496d550f8ee HTTP/1.1" status: 200 len: 775 time: 0.2858963
2026-07-02 16:34:25.976 9 INFO neutron.api.wsgi [None req-ca56d40e-8fa0-44a8-8007-796218bad68d ef3ae758df5243b498f6b04c66f6abda 3703d3ee30234cb6844519dfa63276cb - - default default] 10.0.0.144 "GET /v2.0/ports?device_id=8f0504a0-c4f1-4bb3-bd03-d496d550f8ee HTTP/1.1" status: 200 len: 205 time: 0.0178943
2026-07-02 16:34:26.003 9 INFO neutron.api.wsgi [None req-cd63e71b-6a55-4d44-9b9e-88ca230d1fcb a8aa24bd68aa41139e299598e80b27ac 84b441d311bc483885a13e4057a7138f - - default default] 10.0.0.144 "DELETE /v2.0/security-groups/8308760a-917a-406f-9c31-1149e10c5199 HTTP/1.1" status: 204 len: 168 time: 0.2437067
2026-07-02 16:34:26.192 10 INFO neutron.api.wsgi [None req-ed2991dd-6501-4a1d-9adf-075e3c12aa43 ef3ae758df5243b498f6b04c66f6abda 3703d3ee30234cb6844519dfa63276cb - - default default] 10.0.0.144 "DELETE /v2.0/routers/8f0504a0-c4f1-4bb3-bd03-d496d550f8ee HTTP/1.1" status: 204 len: 168 time: 0.2087758
2026-07-02 16:34:26.229 10 INFO neutron.api.wsgi [None req-357f0135-7fb0-47b3-8daa-44b7d58ca9cd ef3ae758df5243b498f6b04c66f6abda 3703d3ee30234cb6844519dfa63276cb - - default default] 10.0.0.144 "GET /v2.0/routers/f4688d67-76b0-4304-a16a-3423d3cb80af HTTP/1.1" status: 200 len: 783 time: 0.0331597
2026-07-02 16:34:26.478 10 INFO neutron.db.ovn_revision_numbers_db [None req-f75effc7-310c-4d67-9448-8fa5bd310c70 ef3ae758df5243b498f6b04c66f6abda 3703d3ee30234cb6844519dfa63276cb - - default default] Successfully bumped revision number for resource f4688d67-76b0-4304-a16a-3423d3cb80af (type: routers) to 2
2026-07-02 16:34:26.488 10 INFO neutron.api.wsgi [None req-f75effc7-310c-4d67-9448-8fa5bd310c70 ef3ae758df5243b498f6b04c66f6abda 3703d3ee30234cb6844519dfa63276cb - - default default] 10.0.0.144 "PUT /v2.0/routers/f4688d67-76b0-4304-a16a-3423d3cb80af HTTP/1.1" status: 200 len: 783 time: 0.2546248
2026-07-02 16:34:26.510 10 INFO neutron.api.wsgi [None req-44c1d0ad-d4c1-4aa2-8624-c6de846b1991 ef3ae758df5243b498f6b04c66f6abda 3703d3ee30234cb6844519dfa63276cb - - default default] 10.0.0.144 "GET /v2.0/ports?device_id=f4688d67-76b0-4304-a16a-3423d3cb80af HTTP/1.1" status: 200 len: 205 time: 0.0175350
2026-07-02 16:34:26.703 10 INFO neutron.api.wsgi [None req-96122362-5df9-472d-8457-6fab2a45fe47 ef3ae758df5243b498f6b04c66f6abda 3703d3ee30234cb6844519dfa63276cb - - default default] 10.0.0.144 "DELETE /v2.0/routers/f4688d67-76b0-4304-a16a-3423d3cb80af HTTP/1.1" status: 204 len: 168 time: 0.1863956
2026-07-02 16:34:26.747 10 INFO neutron.api.wsgi [None req-4601505a-ce6b-44fe-9af4-21fa72e4b0a7 ef3ae758df5243b498f6b04c66f6abda 3703d3ee30234cb6844519dfa63276cb - - default default] 10.0.0.144 "GET /v2.0/routers/85562079-c0fc-42bf-88f3-4b4f9b9ecb57 HTTP/1.1" status: 200 len: 792 time: 0.0380404
2026-07-02 16:34:27.020 10 INFO neutron.db.ovn_revision_numbers_db [None req-65ed5cb1-8b31-4de5-a25c-9f58c2bb86bc ef3ae758df5243b498f6b04c66f6abda 3703d3ee30234cb6844519dfa63276cb - - default default] Successfully bumped revision number for resource 85562079-c0fc-42bf-88f3-4b4f9b9ecb57 (type: routers) to 2
2026-07-02 16:34:27.028 10 INFO neutron.api.wsgi [None req-65ed5cb1-8b31-4de5-a25c-9f58c2bb86bc ef3ae758df5243b498f6b04c66f6abda 3703d3ee30234cb6844519dfa63276cb - - default default] 10.0.0.144 "PUT /v2.0/routers/85562079-c0fc-42bf-88f3-4b4f9b9ecb57 HTTP/1.1" status: 200 len: 792 time: 0.2762330
2026-07-02 16:34:27.047 10 INFO neutron.api.wsgi [None req-dac0e455-1b18-43fa-a855-6c9f68976d43 ef3ae758df5243b498f6b04c66f6abda 3703d3ee30234cb6844519dfa63276cb - - default default] 10.0.0.144 "GET /v2.0/ports?device_id=85562079-c0fc-42bf-88f3-4b4f9b9ecb57 HTTP/1.1" status: 200 len: 205 time: 0.0144386
2026-07-02 16:34:27.219 10 INFO neutron.api.wsgi [None req-b91fa896-18db-4899-8fbc-340e385c49f5 ef3ae758df5243b498f6b04c66f6abda 3703d3ee30234cb6844519dfa63276cb - - default default] 10.0.0.144 "DELETE /v2.0/routers/85562079-c0fc-42bf-88f3-4b4f9b9ecb57 HTTP/1.1" status: 204 len: 168 time: 0.1679459
2026-07-02 16:34:27.260 10 INFO neutron.api.wsgi [None req-3f712966-989c-47f9-b1a6-52fc9cd0078a ef3ae758df5243b498f6b04c66f6abda 3703d3ee30234cb6844519dfa63276cb - - default default] 10.0.0.144 "GET /v2.0/routers/1d577e69-689c-4ce7-8e6c-df16867b4841 HTTP/1.1" status: 200 len: 777 time: 0.0298808
2026-07-02 16:34:27.533 10 INFO neutron.db.ovn_revision_numbers_db [None req-b177a42f-0b05-48dd-b113-f365d05c9752 ef3ae758df5243b498f6b04c66f6abda 3703d3ee30234cb6844519dfa63276cb - - default default] Successfully bumped revision number for resource 1d577e69-689c-4ce7-8e6c-df16867b4841 (type: routers) to 2
2026-07-02 16:34:27.537 10 INFO neutron.api.wsgi [None req-b177a42f-0b05-48dd-b113-f365d05c9752 ef3ae758df5243b498f6b04c66f6abda 3703d3ee30234cb6844519dfa63276cb - - default default] 10.0.0.144 "PUT /v2.0/routers/1d577e69-689c-4ce7-8e6c-df16867b4841 HTTP/1.1" status: 200 len: 777 time: 0.2731378
2026-07-02 16:34:27.563 10 INFO neutron.api.wsgi [None req-5e8d225c-5f5a-4418-83b5-e0a6fc433fd6 ef3ae758df5243b498f6b04c66f6abda 3703d3ee30234cb6844519dfa63276cb - - default default] 10.0.0.144 "GET /v2.0/ports?device_id=1d577e69-689c-4ce7-8e6c-df16867b4841 HTTP/1.1" status: 200 len: 205 time: 0.0207105
2026-07-02 16:34:27.779 10 INFO neutron.api.wsgi [None req-f4b73cb3-0b6d-46e8-834e-f8de3186b9e2 ef3ae758df5243b498f6b04c66f6abda 3703d3ee30234cb6844519dfa63276cb - - default default] 10.0.0.144 "DELETE /v2.0/routers/1d577e69-689c-4ce7-8e6c-df16867b4841 HTTP/1.1" status: 204 len: 168 time: 0.2099957
2026-07-02 16:34:27.816 10 INFO neutron.api.wsgi [None req-93581628-951d-4c8f-9594-ded73cf781b7 ef3ae758df5243b498f6b04c66f6abda 3703d3ee30234cb6844519dfa63276cb - - default default] 10.0.0.144 "GET /v2.0/routers/9240ac5f-613e-4fbd-8ad0-38415c8364eb HTTP/1.1" status: 200 len: 770 time: 0.0331645
2026-07-02 16:34:28.096 10 INFO neutron.api.wsgi [None req-28890274-f1de-4132-9d33-8ad53545d169 ef3ae758df5243b498f6b04c66f6abda 3703d3ee30234cb6844519dfa63276cb - - default default] 10.0.0.144 "PUT /v2.0/routers/9240ac5f-613e-4fbd-8ad0-38415c8364eb HTTP/1.1" status: 200 len: 770 time: 0.2766492
2026-07-02 16:34:28.122 10 INFO neutron.api.wsgi [None req-a3f9204e-e78e-4a3f-99b2-3f122d63a00d ef3ae758df5243b498f6b04c66f6abda 3703d3ee30234cb6844519dfa63276cb - - default default] 10.0.0.144 "GET /v2.0/ports?device_id=9240ac5f-613e-4fbd-8ad0-38415c8364eb HTTP/1.1" status: 200 len: 205 time: 0.0212333
2026-07-02 16:34:28.171 9 INFO neutron.db.ovn_revision_numbers_db [None req-e39f0a43-f7b1-4c25-8c32-e54cd7affa25 a8aa24bd68aa41139e299598e80b27ac 84b441d311bc483885a13e4057a7138f - - default default] Successfully bumped revision number for resource 48b6f58f-6cfa-41cc-a307-c3f48f07d708 (type: security_groups) to 1
2026-07-02 16:34:28.185 9 INFO neutron.db.ovn_revision_numbers_db [None req-e39f0a43-f7b1-4c25-8c32-e54cd7affa25 a8aa24bd68aa41139e299598e80b27ac 84b441d311bc483885a13e4057a7138f - - default default] Successfully bumped revision number for resource 09de12a0-a647-4180-bd6d-7b139e1cecd8 (type: security_group_rules) to 0
2026-07-02 16:34:28.198 9 INFO neutron.db.ovn_revision_numbers_db [None req-e39f0a43-f7b1-4c25-8c32-e54cd7affa25 a8aa24bd68aa41139e299598e80b27ac 84b441d311bc483885a13e4057a7138f - - default default] Successfully bumped revision number for resource 710edbb5-c113-4c0f-824a-8dfe7175b0fd (type: security_group_rules) to 0
2026-07-02 16:34:28.212 9 INFO neutron.db.ovn_revision_numbers_db [None req-e39f0a43-f7b1-4c25-8c32-e54cd7affa25 a8aa24bd68aa41139e299598e80b27ac 84b441d311bc483885a13e4057a7138f - - default default] Successfully bumped revision number for resource c3f1a7d4-743e-47e2-9a8a-99260301fdf7 (type: security_group_rules) to 0
2026-07-02 16:34:28.225 9 INFO neutron.db.ovn_revision_numbers_db [None req-e39f0a43-f7b1-4c25-8c32-e54cd7affa25 a8aa24bd68aa41139e299598e80b27ac 84b441d311bc483885a13e4057a7138f - - default default] Successfully bumped revision number for resource eaf311c0-0381-4a2f-8302-5e97cb4dd556 (type: security_group_rules) to 0
2026-07-02 16:34:28.291 10 INFO neutron.api.wsgi [None req-8bfc5672-8d92-43e8-ac9e-13ed7b4d1a60 ef3ae758df5243b498f6b04c66f6abda 3703d3ee30234cb6844519dfa63276cb - - default default] 10.0.0.144 "DELETE /v2.0/routers/9240ac5f-613e-4fbd-8ad0-38415c8364eb HTTP/1.1" status: 204 len: 168 time: 0.1639624
2026-07-02 16:34:28.295 9 INFO neutron.db.segments_db [None req-e39f0a43-f7b1-4c25-8c32-e54cd7affa25 a8aa24bd68aa41139e299598e80b27ac 84b441d311bc483885a13e4057a7138f - - default default] Added segment 475ec7bf-ef6d-4f36-8ca4-af31a4d942e2 of type geneve for network fc8b597f-43b9-4f5c-96c8-d9050939cce0
2026-07-02 16:34:28.405 9 INFO neutron.db.ovn_revision_numbers_db [None req-e39f0a43-f7b1-4c25-8c32-e54cd7affa25 a8aa24bd68aa41139e299598e80b27ac 84b441d311bc483885a13e4057a7138f - - default default] Successfully bumped revision number for resource fc8b597f-43b9-4f5c-96c8-d9050939cce0 (type: networks) to 1
2026-07-02 16:34:28.535 9 WARNING neutron.scheduler.dhcp_agent_scheduler [None req-e39f0a43-f7b1-4c25-8c32-e54cd7affa25 a8aa24bd68aa41139e299598e80b27ac 84b441d311bc483885a13e4057a7138f - - default default] No more DHCP agents
2026-07-02 16:34:28.536 9 WARNING neutron.api.rpc.agentnotifiers.dhcp_rpc_agent_api [None req-e39f0a43-f7b1-4c25-8c32-e54cd7affa25 a8aa24bd68aa41139e299598e80b27ac 84b441d311bc483885a13e4057a7138f - - default default] Unable to schedule network fc8b597f-43b9-4f5c-96c8-d9050939cce0: no agents available; will retry on subsequent port and subnet creation events.
2026-07-02 16:34:28.605 9 INFO neutron.db.ovn_revision_numbers_db [None req-e39f0a43-f7b1-4c25-8c32-e54cd7affa25 a8aa24bd68aa41139e299598e80b27ac 84b441d311bc483885a13e4057a7138f - - default default] Successfully bumped revision number for resource 0de8cbbc-90be-4a0e-a4d3-5d27b8d928ff (type: ports) to 1
2026-07-02 16:34:28.626 9 INFO neutron.api.wsgi [None req-e39f0a43-f7b1-4c25-8c32-e54cd7affa25 a8aa24bd68aa41139e299598e80b27ac 84b441d311bc483885a13e4057a7138f - - default default] 10.0.0.144 "POST /v2.0/networks HTTP/1.1" status: 201 len: 943 time: 0.8011801
2026-07-02 16:34:28.767 9 WARNING neutron.scheduler.dhcp_agent_scheduler [None req-9036791a-57c6-4170-8134-5f1dba2e9140 a8aa24bd68aa41139e299598e80b27ac 84b441d311bc483885a13e4057a7138f - - default default] No more DHCP agents
2026-07-02 16:34:28.768 9 WARNING neutron.api.rpc.agentnotifiers.dhcp_rpc_agent_api [None req-9036791a-57c6-4170-8134-5f1dba2e9140 a8aa24bd68aa41139e299598e80b27ac 84b441d311bc483885a13e4057a7138f - - default default] Unable to schedule network fc8b597f-43b9-4f5c-96c8-d9050939cce0: no agents available; will retry on subsequent port and subnet creation events.
2026-07-02 16:34:29.155 9 INFO neutron.db.ovn_revision_numbers_db [None req-291a4441-1c58-4678-8529-b32f722da76b - - - - - -] Successfully bumped revision number for resource 0de8cbbc-90be-4a0e-a4d3-5d27b8d928ff (type: ports) to 2
2026-07-02 16:34:29.185 9 INFO neutron.db.ovn_revision_numbers_db [None req-291a4441-1c58-4678-8529-b32f722da76b - - - - - -] Successfully bumped revision number for resource 4141bca3-4e9a-45dd-a057-fca8c3e25a83 (type: subnets) to 0
2026-07-02 16:34:29.197 9 INFO neutron.api.wsgi [None req-9036791a-57c6-4170-8134-5f1dba2e9140 a8aa24bd68aa41139e299598e80b27ac 84b441d311bc483885a13e4057a7138f - - default default] 10.0.0.144 "POST /v2.0/subnets HTTP/1.1" status: 201 len: 887 time: 0.5630913
2026-07-02 16:34:29.322 10 INFO neutron.db.ovn_revision_numbers_db [None req-279e23e2-7864-4560-804d-0881ba8e1403 a8aa24bd68aa41139e299598e80b27ac 84b441d311bc483885a13e4057a7138f - - default default] Successfully bumped revision number for resource c2f73375-7489-49ff-af88-173460ac2d87 (type: security_groups) to 1
2026-07-02 16:34:29.337 10 INFO neutron.db.ovn_revision_numbers_db [None req-279e23e2-7864-4560-804d-0881ba8e1403 a8aa24bd68aa41139e299598e80b27ac 84b441d311bc483885a13e4057a7138f - - default default] Successfully bumped revision number for resource 6e0f03a5-3b19-401a-b709-d58463581bc4 (type: security_group_rules) to 0
2026-07-02 16:34:29.348 10 INFO neutron.db.ovn_revision_numbers_db [None req-279e23e2-7864-4560-804d-0881ba8e1403 a8aa24bd68aa41139e299598e80b27ac 84b441d311bc483885a13e4057a7138f - - default default] Successfully bumped revision number for resource 77d41b5d-9dfa-4d89-be87-04fdef8dc377 (type: security_group_rules) to 0
2026-07-02 16:34:29.359 10 INFO neutron.db.ovn_revision_numbers_db [None req-279e23e2-7864-4560-804d-0881ba8e1403 a8aa24bd68aa41139e299598e80b27ac 84b441d311bc483885a13e4057a7138f - - default default] Successfully bumped revision number for resource 7ad9dba0-ed66-42c3-8694-12cb738fc46d (type: security_group_rules) to 0
2026-07-02 16:34:29.370 10 INFO neutron.db.ovn_revision_numbers_db [None req-279e23e2-7864-4560-804d-0881ba8e1403 a8aa24bd68aa41139e299598e80b27ac 84b441d311bc483885a13e4057a7138f - - default default] Successfully bumped revision number for resource a2471dd8-1ac3-4f1a-b019-929a42bfff1b (type: security_group_rules) to 0
2026-07-02 16:34:29.397 9 INFO neutron.db.ovn_revision_numbers_db [None req-fce74a16-f027-4d8d-adcd-e78edde3b92b a8aa24bd68aa41139e299598e80b27ac 84b441d311bc483885a13e4057a7138f - - default default] Successfully bumped revision number for resource b5b46878-bbb5-4952-842c-73d4e330ad60 (type: security_groups) to 1
2026-07-02 16:34:29.400 10 INFO neutron.api.wsgi [None req-279e23e2-7864-4560-804d-0881ba8e1403 a8aa24bd68aa41139e299598e80b27ac 84b441d311bc483885a13e4057a7138f - - default default] 10.0.0.144 "GET /v2.0/security-groups?tenant_id=c28859f5b6794b318da76744fac8fbc4&name=default HTTP/1.1" status: 200 len: 3120 time: 0.3677211
2026-07-02 16:34:29.415 9 INFO neutron.db.ovn_revision_numbers_db [None req-fce74a16-f027-4d8d-adcd-e78edde3b92b a8aa24bd68aa41139e299598e80b27ac 84b441d311bc483885a13e4057a7138f - - default default] Successfully bumped revision number for resource 14d942e3-7b19-4216-ae8b-80c40bd63b3b (type: security_group_rules) to 0
2026-07-02 16:34:29.430 9 INFO neutron.db.ovn_revision_numbers_db [None req-fce74a16-f027-4d8d-adcd-e78edde3b92b a8aa24bd68aa41139e299598e80b27ac 84b441d311bc483885a13e4057a7138f - - default default] Successfully bumped revision number for resource 5db4151c-79ee-4b6f-9a0c-1c01fa6d38b4 (type: security_group_rules) to 0
2026-07-02 16:34:29.445 9 INFO neutron.db.ovn_revision_numbers_db [None req-fce74a16-f027-4d8d-adcd-e78edde3b92b a8aa24bd68aa41139e299598e80b27ac 84b441d311bc483885a13e4057a7138f - - default default] Successfully bumped revision number for resource 87d9854e-7d26-4349-8e9f-21293a653eb7 (type: security_group_rules) to 0
2026-07-02 16:34:29.459 9 INFO neutron.db.ovn_revision_numbers_db [None req-fce74a16-f027-4d8d-adcd-e78edde3b92b a8aa24bd68aa41139e299598e80b27ac 84b441d311bc483885a13e4057a7138f - - default default] Successfully bumped revision number for resource f298c36a-5ffb-4ff4-94b7-7b21068f1bff (type: security_group_rules) to 0
2026-07-02 16:34:29.496 9 INFO neutron.api.wsgi [None req-fce74a16-f027-4d8d-adcd-e78edde3b92b a8aa24bd68aa41139e299598e80b27ac 84b441d311bc483885a13e4057a7138f - - default default] 10.0.0.144 "GET /v2.0/security-groups?tenant_id=d0e8fe5601bc4e94955c99c07159ac3a&name=default HTTP/1.1" status: 200 len: 3120 time: 0.3311718
2026-07-02 16:34:29.597 10 INFO neutron.api.wsgi [None req-ad218fa2-5e52-48ee-9c0c-beaec4a85d23 a8aa24bd68aa41139e299598e80b27ac 84b441d311bc483885a13e4057a7138f - - default default] 10.0.0.144 "DELETE /v2.0/security-groups/c2f73375-7489-49ff-af88-173460ac2d87 HTTP/1.1" status: 204 len: 168 time: 0.1898110
2026-07-02 16:34:29.651 9 WARNING neutron.scheduler.dhcp_agent_scheduler [None req-efc01990-47d6-4e54-8b4d-499c48a95361 a8aa24bd68aa41139e299598e80b27ac 84b441d311bc483885a13e4057a7138f - - default default] No more DHCP agents
2026-07-02 16:34:29.652 9 WARNING neutron.api.rpc.agentnotifiers.dhcp_rpc_agent_api [None req-efc01990-47d6-4e54-8b4d-499c48a95361 a8aa24bd68aa41139e299598e80b27ac 84b441d311bc483885a13e4057a7138f - - default default] Unable to schedule network d6fe8552-e98e-4cfa-a988-0f3c36a0eb69: no agents available; will retry on subsequent port and subnet creation events.
2026-07-02 16:34:29.792 9 INFO neutron.api.wsgi [None req-4c3e0e7a-0682-49fc-932d-3af04256a667 a8aa24bd68aa41139e299598e80b27ac 84b441d311bc483885a13e4057a7138f - - default default] 10.0.0.144 "DELETE /v2.0/security-groups/b5b46878-bbb5-4952-842c-73d4e330ad60 HTTP/1.1" status: 204 len: 168 time: 0.2892363
2026-07-02 16:34:29.793 9 INFO neutron.db.ovn_revision_numbers_db [None req-efc01990-47d6-4e54-8b4d-499c48a95361 a8aa24bd68aa41139e299598e80b27ac 84b441d311bc483885a13e4057a7138f - - default default] Successfully bumped revision number for resource 84ca129d-bb91-419a-9198-ce4081468775 (type: ports) to 1
2026-07-02 16:34:29.806 10 INFO neutron.db.ovn_revision_numbers_db [None req-26eedd45-b600-4cc3-874f-c2debeb1ef13 a8aa24bd68aa41139e299598e80b27ac 84b441d311bc483885a13e4057a7138f - - default default] Successfully bumped revision number for resource 04f5c4b2-bd02-4942-b8b9-4968af49b197 (type: security_groups) to 1
2026-07-02 16:34:29.819 10 INFO neutron.db.ovn_revision_numbers_db [None req-26eedd45-b600-4cc3-874f-c2debeb1ef13 a8aa24bd68aa41139e299598e80b27ac 84b441d311bc483885a13e4057a7138f - - default default] Successfully bumped revision number for resource 9727445c-aa35-4214-b85d-eb135c49e5fb (type: security_group_rules) to 0
2026-07-02 16:34:29.833 10 INFO neutron.db.ovn_revision_numbers_db [None req-26eedd45-b600-4cc3-874f-c2debeb1ef13 a8aa24bd68aa41139e299598e80b27ac 84b441d311bc483885a13e4057a7138f - - default default] Successfully bumped revision number for resource b85c856b-63b1-480a-8d1f-a4d0f5658bb5 (type: security_group_rules) to 0
2026-07-02 16:34:29.847 10 INFO neutron.db.ovn_revision_numbers_db [None req-26eedd45-b600-4cc3-874f-c2debeb1ef13 a8aa24bd68aa41139e299598e80b27ac 84b441d311bc483885a13e4057a7138f - - default default] Successfully bumped revision number for resource c084cef6-0042-471d-a496-4a022887ef96 (type: security_group_rules) to 0
2026-07-02 16:34:29.860 10 INFO neutron.db.ovn_revision_numbers_db [None req-26eedd45-b600-4cc3-874f-c2debeb1ef13 a8aa24bd68aa41139e299598e80b27ac 84b441d311bc483885a13e4057a7138f - - default default] Successfully bumped revision number for resource ce8ffeec-d11e-46fb-b21f-33ba4cce0256 (type: security_group_rules) to 0
2026-07-02 16:34:29.896 10 INFO neutron.api.wsgi [None req-26eedd45-b600-4cc3-874f-c2debeb1ef13 a8aa24bd68aa41139e299598e80b27ac 84b441d311bc483885a13e4057a7138f - - default default] 10.0.0.144 "GET /v2.0/security-groups?tenant_id=67babb131c1e43b7b21b4afa46af9323&name=default HTTP/1.1" status: 200 len: 3120 time: 0.2005444
2026-07-02 16:34:30.066 10 INFO neutron.db.ovn_revision_numbers_db [None req-3364b741-e160-42c5-ac87-344f35455caa a8aa24bd68aa41139e299598e80b27ac 84b441d311bc483885a13e4057a7138f - - default default] Successfully bumped revision number for resource e49fe6c8-aeb3-40c2-89fe-b85915e3fffe (type: security_groups) to 1
2026-07-02 16:34:30.083 10 INFO neutron.db.ovn_revision_numbers_db [None req-3364b741-e160-42c5-ac87-344f35455caa a8aa24bd68aa41139e299598e80b27ac 84b441d311bc483885a13e4057a7138f - - default default] Successfully bumped revision number for resource 48378d60-d90f-4452-a489-c733944f46cd (type: security_group_rules) to 0
2026-07-02 16:34:30.104 10 INFO neutron.db.ovn_revision_numbers_db [None req-3364b741-e160-42c5-ac87-344f35455caa a8aa24bd68aa41139e299598e80b27ac 84b441d311bc483885a13e4057a7138f - - default default] Successfully bumped revision number for resource 66c16ac8-801f-40d3-8b4b-383d2f5f6ad5 (type: security_group_rules) to 0
2026-07-02 16:34:30.128 10 INFO neutron.db.ovn_revision_numbers_db [None req-3364b741-e160-42c5-ac87-344f35455caa a8aa24bd68aa41139e299598e80b27ac 84b441d311bc483885a13e4057a7138f - - default default] Successfully bumped revision number for resource b1a4a576-8798-41d6-9456-17ce9951d486 (type: security_group_rules) to 0
2026-07-02 16:34:30.139 10 INFO neutron.api.wsgi [None req-5da42453-4dc3-451e-bd83-6658766cfbda a8aa24bd68aa41139e299598e80b27ac 84b441d311bc483885a13e4057a7138f - - default default] 10.0.0.144 "DELETE /v2.0/security-groups/04f5c4b2-bd02-4942-b8b9-4968af49b197 HTTP/1.1" status: 204 len: 168 time: 0.2370245
2026-07-02 16:34:30.148 10 INFO neutron.db.ovn_revision_numbers_db [None req-3364b741-e160-42c5-ac87-344f35455caa a8aa24bd68aa41139e299598e80b27ac 84b441d311bc483885a13e4057a7138f - - default default] Successfully bumped revision number for resource fd7fc187-c755-4e06-9f46-989445e20038 (type: security_group_rules) to 0
2026-07-02 16:34:30.188 10 INFO neutron.api.wsgi [None req-3364b741-e160-42c5-ac87-344f35455caa a8aa24bd68aa41139e299598e80b27ac 84b441d311bc483885a13e4057a7138f - - default default] 10.0.0.144 "GET /v2.0/security-groups?tenant_id=00e044b0efb94d04ada238c49f49301a&name=default HTTP/1.1" status: 200 len: 3120 time: 0.2443554
2026-07-02 16:34:30.394 9 INFO neutron.plugins.ml2.drivers.ovn.mech_driver.ovsdb.commands [None req-1e81cded-6de5-45a0-ab97-158b36f079fc - - - - - -] Schedule LRP lrp-84ca129d-bb91-419a-9198-ce4081468775 on gateway 71d8e3be-b7ea-442d-b832-9996de9ffa64 with priority 1
2026-07-02 16:34:30.401 9 INFO neutron.plugins.ml2.drivers.ovn.mech_driver.mech_driver [None req-0083dd33-4da3-4190-995f-3bcffbcbdd8a - - - - - -] OVN reports status up for port: 84ca129d-bb91-419a-9198-ce4081468775
2026-07-02 16:34:30.416 9 INFO neutron.plugins.ml2.drivers.ovn.mech_driver.ovsdb.ovsdb_monitor [None req-5fb072da-b127-457b-a86c-3ebbadbdaefc - - - - - -] Router 7691aac6-40ec-4992-9433-397c23fb4236 is bound to host instance
2026-07-02 16:34:30.429 9 INFO neutron.plugins.ml2.plugin [None req-0083dd33-4da3-4190-995f-3bcffbcbdd8a - - - - - -] Attempt 1 to provision port 84ca129d-bb91-419a-9198-ce4081468775
2026-07-02 16:34:30.432 10 INFO neutron.api.wsgi [None req-51c33c3b-7623-4a02-a5d8-fb8c0811d973 a8aa24bd68aa41139e299598e80b27ac 84b441d311bc483885a13e4057a7138f - - default default] 10.0.0.144 "DELETE /v2.0/security-groups/e49fe6c8-aeb3-40c2-89fe-b85915e3fffe HTTP/1.1" status: 204 len: 168 time: 0.2370937
2026-07-02 16:34:30.442 9 INFO neutron.db.ovn_revision_numbers_db [None req-efc01990-47d6-4e54-8b4d-499c48a95361 a8aa24bd68aa41139e299598e80b27ac 84b441d311bc483885a13e4057a7138f - - default default] Successfully bumped revision number for resource 84ca129d-bb91-419a-9198-ce4081468775 (type: router_ports) to 1
2026-07-02 16:34:30.524 9 INFO neutron.db.ovn_revision_numbers_db [None req-efc01990-47d6-4e54-8b4d-499c48a95361 a8aa24bd68aa41139e299598e80b27ac 84b441d311bc483885a13e4057a7138f - - default default] Successfully bumped revision number for resource 7691aac6-40ec-4992-9433-397c23fb4236 (type: routers) to 2
2026-07-02 16:34:30.541 9 INFO neutron.api.wsgi [None req-efc01990-47d6-4e54-8b4d-499c48a95361 a8aa24bd68aa41139e299598e80b27ac 84b441d311bc483885a13e4057a7138f - - default default] 10.0.0.144 "POST /v2.0/routers HTTP/1.1" status: 201 len: 1165 time: 1.3384118
2026-07-02 16:34:30.790 10 INFO neutron.db.ovn_revision_numbers_db [None req-befacb74-b95a-4b7e-b26e-c6837fcf1e4b a8aa24bd68aa41139e299598e80b27ac 84b441d311bc483885a13e4057a7138f - - default default] Successfully bumped revision number for resource 4a75a6f8-abf6-4b8c-b45e-8d9a116c7da4 (type: security_groups) to 1
2026-07-02 16:34:30.804 10 INFO neutron.db.ovn_revision_numbers_db [None req-befacb74-b95a-4b7e-b26e-c6837fcf1e4b a8aa24bd68aa41139e299598e80b27ac 84b441d311bc483885a13e4057a7138f - - default default] Successfully bumped revision number for resource 114bc9bb-287a-4b07-8002-d71f6d2ae018 (type: security_group_rules) to 0
2026-07-02 16:34:30.819 10 INFO neutron.db.ovn_revision_numbers_db [None req-befacb74-b95a-4b7e-b26e-c6837fcf1e4b a8aa24bd68aa41139e299598e80b27ac 84b441d311bc483885a13e4057a7138f - - default default] Successfully bumped revision number for resource 31d3f303-262a-4bbf-923a-b35399b3ac8a (type: security_group_rules) to 0
2026-07-02 16:34:30.833 10 INFO neutron.db.ovn_revision_numbers_db [None req-befacb74-b95a-4b7e-b26e-c6837fcf1e4b a8aa24bd68aa41139e299598e80b27ac 84b441d311bc483885a13e4057a7138f - - default default] Successfully bumped revision number for resource 4a19dba1-93ac-41d9-be57-42748f106063 (type: security_group_rules) to 0
2026-07-02 16:34:30.846 10 INFO neutron.db.ovn_revision_numbers_db [None req-befacb74-b95a-4b7e-b26e-c6837fcf1e4b a8aa24bd68aa41139e299598e80b27ac 84b441d311bc483885a13e4057a7138f - - default default] Successfully bumped revision number for resource c0a1ac05-d14e-4800-8d8a-90163f183dec (type: security_group_rules) to 0
2026-07-02 16:34:30.885 10 INFO neutron.api.wsgi [None req-befacb74-b95a-4b7e-b26e-c6837fcf1e4b a8aa24bd68aa41139e299598e80b27ac 84b441d311bc483885a13e4057a7138f - - default default] 10.0.0.144 "GET /v2.0/security-groups?tenant_id=3703d3ee30234cb6844519dfa63276cb&name=default HTTP/1.1" status: 200 len: 3120 time: 0.2559872
2026-07-02 16:34:30.923 9 INFO neutron.db.ovn_revision_numbers_db [None req-43f2b9c4-4e8f-4d33-ae6d-d71185b687bd - - - - - -] Successfully bumped revision number for resource 84ca129d-bb91-419a-9198-ce4081468775 (type: ports) to 1
2026-07-02 16:34:31.040 10 WARNING neutron.scheduler.dhcp_agent_scheduler [None req-fe435447-44dc-45bc-ab8c-41f27bce3ec5 a8aa24bd68aa41139e299598e80b27ac 84b441d311bc483885a13e4057a7138f - - default default] No more DHCP agents
2026-07-02 16:34:31.042 10 WARNING neutron.api.rpc.agentnotifiers.dhcp_rpc_agent_api [None req-fe435447-44dc-45bc-ab8c-41f27bce3ec5 a8aa24bd68aa41139e299598e80b27ac 84b441d311bc483885a13e4057a7138f - - default default] Unable to schedule network fc8b597f-43b9-4f5c-96c8-d9050939cce0: no agents available; will retry on subsequent port and subnet creation events.
2026-07-02 16:34:31.070 15 INFO neutron.plugins.ml2.drivers.ovn.mech_driver.ovsdb.maintenance [None req-c6e793eb-8983-4745-84bd-662f0933c45e - - - - - -] OVN maintenance task check_for_inconsistencies finished in 1.301 seconds
2026-07-02 16:34:31.192 10 INFO neutron.db.ovn_revision_numbers_db [None req-fe435447-44dc-45bc-ab8c-41f27bce3ec5 a8aa24bd68aa41139e299598e80b27ac 84b441d311bc483885a13e4057a7138f - - default default] Successfully bumped revision number for resource f57caef2-bd5e-4b4e-8b0a-0f42e13092b7 (type: ports) to 1
2026-07-02 16:34:31.367 9 INFO neutron.api.wsgi [None req-683ce09c-5bbe-4b49-9a6d-dae60e958854 a8aa24bd68aa41139e299598e80b27ac 84b441d311bc483885a13e4057a7138f - - default default] 10.0.0.144 "DELETE /v2.0/security-groups/4a75a6f8-abf6-4b8c-b45e-8d9a116c7da4 HTTP/1.1" status: 204 len: 168 time: 0.4763939
2026-07-02 16:34:31.501 9 INFO neutron.db.ovn_revision_numbers_db [None req-43f2b9c4-4e8f-4d33-ae6d-d71185b687bd - - - - - -] Successfully bumped revision number for resource 84ca129d-bb91-419a-9198-ce4081468775 (type: ports) to 4
2026-07-02 16:34:31.707 10 INFO neutron.plugins.ml2.drivers.ovn.mech_driver.mech_driver [None req-a491e28b-b1e6-43d3-b699-16e1995ff23a - - - - - -] OVN reports status up for port: f57caef2-bd5e-4b4e-8b0a-0f42e13092b7
2026-07-02 16:34:31.728 10 INFO neutron.plugins.ml2.plugin [None req-a491e28b-b1e6-43d3-b699-16e1995ff23a - - - - - -] Attempt 1 to provision port f57caef2-bd5e-4b4e-8b0a-0f42e13092b7
2026-07-02 16:34:31.747 10 INFO neutron.db.ovn_revision_numbers_db [None req-fe435447-44dc-45bc-ab8c-41f27bce3ec5 a8aa24bd68aa41139e299598e80b27ac 84b441d311bc483885a13e4057a7138f - - default default] Successfully bumped revision number for resource f57caef2-bd5e-4b4e-8b0a-0f42e13092b7 (type: ports) to 1
2026-07-02 16:34:31.815 9 INFO neutron.db.ovn_revision_numbers_db [None req-43f2b9c4-4e8f-4d33-ae6d-d71185b687bd - - - - - -] Successfully bumped revision number for resource 84ca129d-bb91-419a-9198-ce4081468775 (type: ports) to 5
