2026-07-02 16:33:41.281 9 INFO neutron.api.wsgi [None req-ed4b4448-f31f-43c7-bb46-7787923158f6 9827aa93a9e94ed98d5b197788b6c635 30e6562f7cba4b068c27f3a093b95377 - - default default] 10.0.0.144 "POST /v2.0/subnets HTTP/1.1" status: 201 len: 854 time: 0.2616336
2026-07-02 16:33:41.290 9 WARNING neutron_lib.context [None req-0e516781-1a97-48f3-8821-98a13c2965b7 9827aa93a9e94ed98d5b197788b6c635 30e6562f7cba4b068c27f3a093b95377 - - default default] Method 'is_advsvc' is deprecated since 2023.2 release (neutron-lib 3.8.0) and will be removed once support for the old RBAC API policies will be removed from Neutron. Please use method 'is_service_role' instead.
2026-07-02 16:33:41.300 10 INFO neutron.api.wsgi [None req-471dac43-f0d8-453e-87e2-ed1ab3730834 a87c582ce0284fdb853fcd8dc5be85d0 9d83bacc03894aa4bf14f982f2f654ac - - default default] 10.0.0.144 "GET /v2.0/security-group-rules HTTP/1.1" status: 200 len: 3755 time: 0.0528324
2026-07-02 16:33:41.404 9 INFO neutron.db.ovn_revision_numbers_db [None req-0e516781-1a97-48f3-8821-98a13c2965b7 9827aa93a9e94ed98d5b197788b6c635 30e6562f7cba4b068c27f3a093b95377 - - default default] Successfully bumped revision number for resource 8cd8004e-bf56-4cf1-8439-7e2f0c74c9ad (type: routers) to 1
2026-07-02 16:33:41.406 10 INFO neutron.db.ovn_revision_numbers_db [None req-2ed685b5-ee96-431c-b5df-39ff64ec92e1 - - - - - -] Successfully bumped revision number for resource 23dbc449-10ca-4696-b6ed-d4c966bb6fd6 (type: ports) to 2
2026-07-02 16:33:41.420 9 INFO neutron.api.wsgi [None req-0e516781-1a97-48f3-8821-98a13c2965b7 9827aa93a9e94ed98d5b197788b6c635 30e6562f7cba4b068c27f3a093b95377 - - default default] 10.0.0.144 "POST /v2.0/routers HTTP/1.1" status: 201 len: 806 time: 0.1339445
2026-07-02 16:33:41.434 10 INFO neutron.db.ovn_revision_numbers_db [None req-2ed685b5-ee96-431c-b5df-39ff64ec92e1 - - - - - -] Successfully bumped revision number for resource 2de544d5-d7da-4214-806e-398354326daf (type: subnets) to 0
2026-07-02 16:33:41.452 10 INFO neutron.api.wsgi [None req-5d57096f-b325-4d5b-8898-7faa13a42613 c55de50c25524ac4831e3b6141ffd5f6 5f9a0c0a0e1d4a079e9c1265dded7ac3 - - default default] 10.0.0.144 "POST /v2.0/subnets HTTP/1.1" status: 201 len: 825 time: 0.6563315
2026-07-02 16:33:41.454 9 INFO neutron.api.wsgi [None req-835dc642-c470-4627-a046-10297422e253 a87c582ce0284fdb853fcd8dc5be85d0 9d83bacc03894aa4bf14f982f2f654ac - - default default] 10.0.0.144 "DELETE /v2.0/security-groups/32897501-e2cd-476a-803f-e9846d59e7cf HTTP/1.1" status: 204 len: 168 time: 0.1461554
2026-07-02 16:33:41.461 9 WARNING neutron_lib.context [None req-33e14e56-d4ae-48de-a001-a0e31467952f c55de50c25524ac4831e3b6141ffd5f6 5f9a0c0a0e1d4a079e9c1265dded7ac3 - - default default] Method 'is_advsvc' is deprecated since 2023.2 release (neutron-lib 3.8.0) and will be removed once support for the old RBAC API policies will be removed from Neutron. Please use method 'is_service_role' instead.
2026-07-02 16:33:41.498 10 INFO neutron.api.wsgi [None req-f0984114-c868-48af-985e-b8981a2d19db a87c582ce0284fdb853fcd8dc5be85d0 9d83bacc03894aa4bf14f982f2f654ac - - default default] 10.0.0.144 "GET /v2.0/security-groups HTTP/1.1" status: 200 len: 3120 time: 0.0382049
2026-07-02 16:33:41.534 10 INFO neutron.api.wsgi [None req-b660d7fd-ad39-4662-a9dc-f48cd885a225 a87c582ce0284fdb853fcd8dc5be85d0 9d83bacc03894aa4bf14f982f2f654ac - - default default] 10.0.0.144 "GET /v2.0/security-groups HTTP/1.1" status: 200 len: 3120 time: 0.0295479
2026-07-02 16:33:41.596 9 INFO neutron.db.ovn_revision_numbers_db [None req-33e14e56-d4ae-48de-a001-a0e31467952f c55de50c25524ac4831e3b6141ffd5f6 5f9a0c0a0e1d4a079e9c1265dded7ac3 - - default default] Successfully bumped revision number for resource c767b3f4-92cf-4c21-9e33-9ffdfb1fa330 (type: routers) to 1
2026-07-02 16:33:41.624 9 INFO neutron.api.wsgi [None req-33e14e56-d4ae-48de-a001-a0e31467952f c55de50c25524ac4831e3b6141ffd5f6 5f9a0c0a0e1d4a079e9c1265dded7ac3 - - default default] 10.0.0.144 "POST /v2.0/routers HTTP/1.1" status: 201 len: 801 time: 0.1655552
2026-07-02 16:33:42.067 9 WARNING neutron.scheduler.dhcp_agent_scheduler [None req-86cc35ae-8f61-4688-add8-f469b7578cdb 9827aa93a9e94ed98d5b197788b6c635 30e6562f7cba4b068c27f3a093b95377 - - default default] No more DHCP agents
2026-07-02 16:33:42.069 9 WARNING neutron.api.rpc.agentnotifiers.dhcp_rpc_agent_api [None req-86cc35ae-8f61-4688-add8-f469b7578cdb 9827aa93a9e94ed98d5b197788b6c635 30e6562f7cba4b068c27f3a093b95377 - - default default] Unable to schedule network 198f2a76-e921-4498-8785-d586a3a2f166: no agents available; will retry on subsequent port and subnet creation events.
2026-07-02 16:33:42.185 9 INFO neutron.db.ovn_revision_numbers_db [None req-86cc35ae-8f61-4688-add8-f469b7578cdb 9827aa93a9e94ed98d5b197788b6c635 30e6562f7cba4b068c27f3a093b95377 - - default default] Successfully bumped revision number for resource 63415138-163c-4163-b928-e8b16cf3212c (type: ports) to 1
2026-07-02 16:33:42.197 9 WARNING neutron.scheduler.dhcp_agent_scheduler [None req-2673bc84-11bf-402f-bcba-764765e2d02e c55de50c25524ac4831e3b6141ffd5f6 5f9a0c0a0e1d4a079e9c1265dded7ac3 - - default default] No more DHCP agents
2026-07-02 16:33:42.199 9 WARNING neutron.api.rpc.agentnotifiers.dhcp_rpc_agent_api [None req-2673bc84-11bf-402f-bcba-764765e2d02e c55de50c25524ac4831e3b6141ffd5f6 5f9a0c0a0e1d4a079e9c1265dded7ac3 - - default default] Unable to schedule network 79e3cd07-3fca-48e8-9baa-578363c713f4: no agents available; will retry on subsequent port and subnet creation events.
2026-07-02 16:33:42.219 10 INFO neutron.api.wsgi [None req-37492e30-168c-43cf-90f3-b137b63cc4cf a8aa24bd68aa41139e299598e80b27ac 84b441d311bc483885a13e4057a7138f - - default default] 10.0.0.144 "GET /v2.0/security-groups?tenant_id=9d83bacc03894aa4bf14f982f2f654ac&name=default HTTP/1.1" status: 200 len: 3120 time: 0.1362121
2026-07-02 16:33:42.345 9 INFO neutron.db.ovn_revision_numbers_db [None req-2673bc84-11bf-402f-bcba-764765e2d02e c55de50c25524ac4831e3b6141ffd5f6 5f9a0c0a0e1d4a079e9c1265dded7ac3 - - default default] Successfully bumped revision number for resource eba1aac9-d342-45b8-b8c0-9ed28cbec8dd (type: ports) to 1
2026-07-02 16:33:42.424 10 INFO neutron.api.wsgi [None req-ddfbf772-1b08-4d68-a5d0-96058aefaacc a8aa24bd68aa41139e299598e80b27ac 84b441d311bc483885a13e4057a7138f - - default default] 10.0.0.144 "DELETE /v2.0/security-groups/181c8e8b-183c-4b77-816d-72b160770ac3 HTTP/1.1" status: 204 len: 168 time: 0.2007284
2026-07-02 16:33:42.655 10 INFO neutron.plugins.ml2.drivers.ovn.mech_driver.mech_driver [None req-a35df435-4ae6-49de-bc76-2c15a081c635 - - - - - -] OVN reports status up for port: 63415138-163c-4163-b928-e8b16cf3212c
2026-07-02 16:33:42.668 10 INFO neutron.plugins.ml2.plugin [None req-a35df435-4ae6-49de-bc76-2c15a081c635 - - - - - -] Attempt 1 to provision port 63415138-163c-4163-b928-e8b16cf3212c
2026-07-02 16:33:42.687 9 INFO neutron.db.ovn_revision_numbers_db [None req-86cc35ae-8f61-4688-add8-f469b7578cdb 9827aa93a9e94ed98d5b197788b6c635 30e6562f7cba4b068c27f3a093b95377 - - default default] Successfully bumped revision number for resource 63415138-163c-4163-b928-e8b16cf3212c (type: ports) to 1
2026-07-02 16:33:42.745 9 WARNING neutron.scheduler.dhcp_agent_scheduler [None req-86cc35ae-8f61-4688-add8-f469b7578cdb 9827aa93a9e94ed98d5b197788b6c635 30e6562f7cba4b068c27f3a093b95377 - - default default] No more DHCP agents
2026-07-02 16:33:42.747 9 WARNING neutron.api.rpc.agentnotifiers.dhcp_rpc_agent_api [None req-86cc35ae-8f61-4688-add8-f469b7578cdb 9827aa93a9e94ed98d5b197788b6c635 30e6562f7cba4b068c27f3a093b95377 - - default default] Unable to schedule network 198f2a76-e921-4498-8785-d586a3a2f166: no agents available; will retry on subsequent port and subnet creation events.
2026-07-02 16:33:42.851 9 INFO neutron.db.ovn_revision_numbers_db [None req-2673bc84-11bf-402f-bcba-764765e2d02e c55de50c25524ac4831e3b6141ffd5f6 5f9a0c0a0e1d4a079e9c1265dded7ac3 - - default default] Successfully bumped revision number for resource eba1aac9-d342-45b8-b8c0-9ed28cbec8dd (type: ports) to 1
2026-07-02 16:33:42.916 9 WARNING neutron.scheduler.dhcp_agent_scheduler [None req-2673bc84-11bf-402f-bcba-764765e2d02e c55de50c25524ac4831e3b6141ffd5f6 5f9a0c0a0e1d4a079e9c1265dded7ac3 - - default default] No more DHCP agents
2026-07-02 16:33:42.917 9 WARNING neutron.api.rpc.agentnotifiers.dhcp_rpc_agent_api [None req-2673bc84-11bf-402f-bcba-764765e2d02e c55de50c25524ac4831e3b6141ffd5f6 5f9a0c0a0e1d4a079e9c1265dded7ac3 - - default default] Unable to schedule network 79e3cd07-3fca-48e8-9baa-578363c713f4: no agents available; will retry on subsequent port and subnet creation events.
2026-07-02 16:33:42.919 9 INFO neutron.db.ovn_revision_numbers_db [None req-86cc35ae-8f61-4688-add8-f469b7578cdb 9827aa93a9e94ed98d5b197788b6c635 30e6562f7cba4b068c27f3a093b95377 - - default default] Successfully bumped revision number for resource 63415138-163c-4163-b928-e8b16cf3212c (type: router_ports) to 1
2026-07-02 16:33:42.930 9 INFO neutron.api.wsgi [None req-86cc35ae-8f61-4688-add8-f469b7578cdb 9827aa93a9e94ed98d5b197788b6c635 30e6562f7cba4b068c27f3a093b95377 - - default default] 10.0.0.144 "PUT /v2.0/routers/8cd8004e-bf56-4cf1-8439-7e2f0c74c9ad/add_router_interface HTTP/1.1" status: 200 len: 503 time: 1.5059450
2026-07-02 16:33:43.017 9 INFO neutron.api.wsgi [None req-fbf19eff-bbf7-4581-8b3b-c9dc9afd6f02 9827aa93a9e94ed98d5b197788b6c635 30e6562f7cba4b068c27f3a093b95377 - - default default] 10.0.0.144 "GET /v2.0/ports/63415138-163c-4163-b928-e8b16cf3212c HTTP/1.1" status: 200 len: 1141 time: 0.0822344
2026-07-02 16:33:43.032 10 INFO neutron.db.ovn_revision_numbers_db [None req-a35df435-4ae6-49de-bc76-2c15a081c635 - - - - - -] Successfully bumped revision number for resource 63415138-163c-4163-b928-e8b16cf3212c (type: ports) to 2
2026-07-02 16:33:43.113 9 INFO neutron.db.ovn_revision_numbers_db [None req-2673bc84-11bf-402f-bcba-764765e2d02e c55de50c25524ac4831e3b6141ffd5f6 5f9a0c0a0e1d4a079e9c1265dded7ac3 - - default default] Successfully bumped revision number for resource eba1aac9-d342-45b8-b8c0-9ed28cbec8dd (type: router_ports) to 1
2026-07-02 16:33:43.118 9 INFO neutron.api.wsgi [None req-2673bc84-11bf-402f-bcba-764765e2d02e c55de50c25524ac4831e3b6141ffd5f6 5f9a0c0a0e1d4a079e9c1265dded7ac3 - - default default] 10.0.0.144 "PUT /v2.0/routers/c767b3f4-92cf-4c21-9e33-9ffdfb1fa330/add_router_interface HTTP/1.1" status: 200 len: 503 time: 1.4894342
2026-07-02 16:33:43.200 9 INFO neutron.api.wsgi [None req-8b3b48c5-7669-485c-b911-ace4d1a34482 c55de50c25524ac4831e3b6141ffd5f6 5f9a0c0a0e1d4a079e9c1265dded7ac3 - - default default] 10.0.0.144 "GET /v2.0/ports/eba1aac9-d342-45b8-b8c0-9ed28cbec8dd HTTP/1.1" status: 200 len: 1135 time: 0.0773270
2026-07-02 16:33:43.425 10 INFO neutron.api.wsgi [req-16cd0902-0348-411b-b02b-9034f2a15046 req-30211a63-756b-47bd-beda-2b0cfbbd9577 01bcb6fee37248b494183e693cd5f707 6764db65cfc44094b43f5cc35746ec70 - - f8f16a84101046e0877e187cea621c44 f8f16a84101046e0877e187cea621c44] 10.0.0.181 "GET /v2.0/ports?device_id=1d3b0efb-1729-480e-820d-0ec81bab1a68 HTTP/1.1" status: 200 len: 1409 time: 0.1683586
2026-07-02 16:33:43.457 9 WARNING neutron.scheduler.dhcp_agent_scheduler [None req-7fc7ca2c-ca27-4e3a-adc6-255131d0acd3 9827aa93a9e94ed98d5b197788b6c635 30e6562f7cba4b068c27f3a093b95377 - - default default] No more DHCP agents
2026-07-02 16:33:43.459 9 WARNING neutron.api.rpc.agentnotifiers.dhcp_rpc_agent_api [None req-7fc7ca2c-ca27-4e3a-adc6-255131d0acd3 9827aa93a9e94ed98d5b197788b6c635 30e6562f7cba4b068c27f3a093b95377 - - default default] Unable to schedule network 7c469df5-dc5c-4afa-bd16-53f184763454: no agents available; will retry on subsequent port and subnet creation events.
2026-07-02 16:33:43.466 10 INFO neutron.api.wsgi [req-16cd0902-0348-411b-b02b-9034f2a15046 req-53d79d07-237c-44ed-9a4f-a7b7ac1391fb 01bcb6fee37248b494183e693cd5f707 6764db65cfc44094b43f5cc35746ec70 - - f8f16a84101046e0877e187cea621c44 f8f16a84101046e0877e187cea621c44] 10.0.0.181 "GET /v2.0/security-groups?id=4f24887d-c860-43ce-a7ad-ea8ebec32c18&fields=id&fields=name HTTP/1.1" status: 200 len: 312 time: 0.0330942
2026-07-02 16:33:43.540 9 INFO neutron.db.ovn_revision_numbers_db [None req-7fc7ca2c-ca27-4e3a-adc6-255131d0acd3 9827aa93a9e94ed98d5b197788b6c635 30e6562f7cba4b068c27f3a093b95377 - - default default] Successfully bumped revision number for resource 7f659730-2af5-4c97-b3df-e2d116beb61b (type: ports) to 1
2026-07-02 16:33:43.645 10 WARNING neutron.scheduler.dhcp_agent_scheduler [None req-7c935033-e80a-440e-a511-08cdaf5289ba c55de50c25524ac4831e3b6141ffd5f6 5f9a0c0a0e1d4a079e9c1265dded7ac3 - - default default] No more DHCP agents
2026-07-02 16:33:43.647 10 WARNING neutron.api.rpc.agentnotifiers.dhcp_rpc_agent_api [None req-7c935033-e80a-440e-a511-08cdaf5289ba c55de50c25524ac4831e3b6141ffd5f6 5f9a0c0a0e1d4a079e9c1265dded7ac3 - - default default] Unable to schedule network 2af498e2-a8fd-4305-a9a1-b044f76ff88a: no agents available; will retry on subsequent port and subnet creation events.
2026-07-02 16:33:43.766 10 INFO neutron.db.ovn_revision_numbers_db [None req-7c935033-e80a-440e-a511-08cdaf5289ba c55de50c25524ac4831e3b6141ffd5f6 5f9a0c0a0e1d4a079e9c1265dded7ac3 - - default default] Successfully bumped revision number for resource ffc446ce-383f-434b-92ef-91f0e17fa7e9 (type: ports) to 1
2026-07-02 16:33:44.088 9 INFO neutron.db.ovn_revision_numbers_db [None req-7fc7ca2c-ca27-4e3a-adc6-255131d0acd3 9827aa93a9e94ed98d5b197788b6c635 30e6562f7cba4b068c27f3a093b95377 - - default default] Successfully bumped revision number for resource 7f659730-2af5-4c97-b3df-e2d116beb61b (type: ports) to 1
2026-07-02 16:33:44.130 9 WARNING neutron.scheduler.dhcp_agent_scheduler [None req-7fc7ca2c-ca27-4e3a-adc6-255131d0acd3 9827aa93a9e94ed98d5b197788b6c635 30e6562f7cba4b068c27f3a093b95377 - - default default] No more DHCP agents
2026-07-02 16:33:44.132 9 WARNING neutron.api.rpc.agentnotifiers.dhcp_rpc_agent_api [None req-7fc7ca2c-ca27-4e3a-adc6-255131d0acd3 9827aa93a9e94ed98d5b197788b6c635 30e6562f7cba4b068c27f3a093b95377 - - default default] Unable to schedule network 7c469df5-dc5c-4afa-bd16-53f184763454: no agents available; will retry on subsequent port and subnet creation events.
2026-07-02 16:33:44.215 10 WARNING neutron_lib.context [None req-1f4aafa2-46fb-4ddb-9027-f66522859c9e 530122b3f71b4eaeab778c67ab3705a3 a1cb3e7fae4f480ba350c415fa59ce7e - - default default] Method 'is_advsvc' is deprecated since 2023.2 release (neutron-lib 3.8.0) and will be removed once support for the old RBAC API policies will be removed from Neutron. Please use method 'is_service_role' instead.
2026-07-02 16:33:44.301 9 INFO neutron.db.ovn_revision_numbers_db [None req-7fc7ca2c-ca27-4e3a-adc6-255131d0acd3 9827aa93a9e94ed98d5b197788b6c635 30e6562f7cba4b068c27f3a093b95377 - - default default] Successfully bumped revision number for resource 7f659730-2af5-4c97-b3df-e2d116beb61b (type: router_ports) to 1
2026-07-02 16:33:44.306 9 INFO neutron.api.wsgi [None req-7fc7ca2c-ca27-4e3a-adc6-255131d0acd3 9827aa93a9e94ed98d5b197788b6c635 30e6562f7cba4b068c27f3a093b95377 - - default default] 10.0.0.144 "PUT /v2.0/routers/8cd8004e-bf56-4cf1-8439-7e2f0c74c9ad/add_router_interface HTTP/1.1" status: 200 len: 503 time: 1.2841246
2026-07-02 16:33:44.311 10 INFO neutron.db.ovn_revision_numbers_db [None req-7c935033-e80a-440e-a511-08cdaf5289ba c55de50c25524ac4831e3b6141ffd5f6 5f9a0c0a0e1d4a079e9c1265dded7ac3 - - default default] Successfully bumped revision number for resource ffc446ce-383f-434b-92ef-91f0e17fa7e9 (type: ports) to 1
2026-07-02 16:33:44.342 9 INFO neutron.api.wsgi [None req-9f9d8471-10a9-4e33-8215-7653ddfe47a2 9827aa93a9e94ed98d5b197788b6c635 30e6562f7cba4b068c27f3a093b95377 - - default default] 10.0.0.144 "GET /v2.0/ports/7f659730-2af5-4c97-b3df-e2d116beb61b HTTP/1.1" status: 200 len: 1147 time: 0.0321169
2026-07-02 16:33:44.381 10 WARNING neutron.scheduler.dhcp_agent_scheduler [None req-7c935033-e80a-440e-a511-08cdaf5289ba c55de50c25524ac4831e3b6141ffd5f6 5f9a0c0a0e1d4a079e9c1265dded7ac3 - - default default] No more DHCP agents
2026-07-02 16:33:44.383 10 WARNING neutron.api.rpc.agentnotifiers.dhcp_rpc_agent_api [None req-7c935033-e80a-440e-a511-08cdaf5289ba c55de50c25524ac4831e3b6141ffd5f6 5f9a0c0a0e1d4a079e9c1265dded7ac3 - - default default] Unable to schedule network 2af498e2-a8fd-4305-a9a1-b044f76ff88a: no agents available; will retry on subsequent port and subnet creation events.
2026-07-02 16:33:44.386 9 INFO neutron.api.wsgi [None req-6459b88c-602e-4bc9-8b42-e73e67b02c0e 9827aa93a9e94ed98d5b197788b6c635 30e6562f7cba4b068c27f3a093b95377 - - default default] 10.0.0.144 "GET /v2.0/ports/7f659730-2af5-4c97-b3df-e2d116beb61b HTTP/1.1" status: 200 len: 1147 time: 0.0386288
2026-07-02 16:33:44.412 10 INFO neutron.db.ovn_revision_numbers_db [None req-1f4aafa2-46fb-4ddb-9027-f66522859c9e 530122b3f71b4eaeab778c67ab3705a3 a1cb3e7fae4f480ba350c415fa59ce7e - - default default] Successfully bumped revision number for resource a08f254b-4199-42f4-b840-4871c2a8c95c (type: security_groups) to 1
2026-07-02 16:33:44.433 10 INFO neutron.db.ovn_revision_numbers_db [None req-1f4aafa2-46fb-4ddb-9027-f66522859c9e 530122b3f71b4eaeab778c67ab3705a3 a1cb3e7fae4f480ba350c415fa59ce7e - - default default] Successfully bumped revision number for resource 20e631f7-340d-4433-b417-a43beeb208a5 (type: security_group_rules) to 0
2026-07-02 16:33:44.463 10 INFO neutron.db.ovn_revision_numbers_db [None req-1f4aafa2-46fb-4ddb-9027-f66522859c9e 530122b3f71b4eaeab778c67ab3705a3 a1cb3e7fae4f480ba350c415fa59ce7e - - default default] Successfully bumped revision number for resource 319a17b2-688d-4457-9da9-9e1ae68f17a3 (type: security_group_rules) to 0
2026-07-02 16:33:44.486 10 INFO neutron.db.ovn_revision_numbers_db [None req-1f4aafa2-46fb-4ddb-9027-f66522859c9e 530122b3f71b4eaeab778c67ab3705a3 a1cb3e7fae4f480ba350c415fa59ce7e - - default default] Successfully bumped revision number for resource b3999b04-8cf7-4da4-9be2-47987849e2f9 (type: security_group_rules) to 0
2026-07-02 16:33:44.492 10 INFO neutron.api.wsgi [req-cbc8a198-8d3b-477b-a55f-7c70e0ec0244 req-c1871bff-f536-4304-8b03-0c47eca45d06 24ae637a2b50474cb88c8a56e765ff55 b6782f70a47e447db6f9388b9765c608 - - default default] 10.0.0.135 "GET /v2.0/ports?device_id=1d3b0efb-1729-480e-820d-0ec81bab1a68 HTTP/1.1" status: 200 len: 1170 time: 0.1041164
2026-07-02 16:33:44.515 10 INFO neutron.db.ovn_revision_numbers_db [None req-1f4aafa2-46fb-4ddb-9027-f66522859c9e 530122b3f71b4eaeab778c67ab3705a3 a1cb3e7fae4f480ba350c415fa59ce7e - - default default] Successfully bumped revision number for resource d9289248-b718-4e80-888a-1397d37df146 (type: security_group_rules) to 0
2026-07-02 16:33:44.536 10 INFO neutron.api.wsgi [req-cbc8a198-8d3b-477b-a55f-7c70e0ec0244 req-d5866f2e-f2a9-467c-8187-3b1aa4ea2d39 24ae637a2b50474cb88c8a56e765ff55 b6782f70a47e447db6f9388b9765c608 - - default default] 10.0.0.135 "GET /v2.0/security-groups?id=4f24887d-c860-43ce-a7ad-ea8ebec32c18&fields=id&fields=name HTTP/1.1" status: 200 len: 312 time: 0.0393438
2026-07-02 16:33:44.645 10 INFO neutron.api.wsgi [req-f4e67d9e-3158-4f97-9eea-ebed634ccb31 req-9fa08567-6a89-4935-b903-ffc312fc111c 24ae637a2b50474cb88c8a56e765ff55 b6782f70a47e447db6f9388b9765c608 - - default default] 10.0.0.135 "GET /v2.0/ports?device_id=1d3b0efb-1729-480e-820d-0ec81bab1a68 HTTP/1.1" status: 200 len: 1170 time: 0.0380685
2026-07-02 16:33:44.665 10 INFO neutron.db.ovn_revision_numbers_db [None req-7c935033-e80a-440e-a511-08cdaf5289ba c55de50c25524ac4831e3b6141ffd5f6 5f9a0c0a0e1d4a079e9c1265dded7ac3 - - default default] Successfully bumped revision number for resource ffc446ce-383f-434b-92ef-91f0e17fa7e9 (type: router_ports) to 1
2026-07-02 16:33:44.670 10 INFO neutron.api.wsgi [None req-7c935033-e80a-440e-a511-08cdaf5289ba c55de50c25524ac4831e3b6141ffd5f6 5f9a0c0a0e1d4a079e9c1265dded7ac3 - - default default] 10.0.0.144 "PUT /v2.0/routers/c767b3f4-92cf-4c21-9e33-9ffdfb1fa330/add_router_interface HTTP/1.1" status: 200 len: 503 time: 1.4570224
2026-07-02 16:33:44.679 10 INFO neutron.db.ovn_revision_numbers_db [None req-1f4aafa2-46fb-4ddb-9027-f66522859c9e 530122b3f71b4eaeab778c67ab3705a3 a1cb3e7fae4f480ba350c415fa59ce7e - - default default] Successfully bumped revision number for resource 75760d57-4bab-4bb6-8e1a-ce802fcf3a97 (type: security_groups) to 1
2026-07-02 16:33:44.684 10 INFO neutron.api.wsgi [req-f4e67d9e-3158-4f97-9eea-ebed634ccb31 req-1c0859bc-e6b2-4ed4-a6d4-2e99de6e6dcd 24ae637a2b50474cb88c8a56e765ff55 b6782f70a47e447db6f9388b9765c608 - - default default] 10.0.0.135 "GET /v2.0/security-groups?id=4f24887d-c860-43ce-a7ad-ea8ebec32c18&fields=id&fields=name HTTP/1.1" status: 200 len: 312 time: 0.0357761
2026-07-02 16:33:44.692 10 INFO neutron.db.ovn_revision_numbers_db [None req-1f4aafa2-46fb-4ddb-9027-f66522859c9e 530122b3f71b4eaeab778c67ab3705a3 a1cb3e7fae4f480ba350c415fa59ce7e - - default default] Successfully bumped revision number for resource b70dbd99-d398-4740-9c25-fae353b5a6c3 (type: security_group_rules) to 0
2026-07-02 16:33:44.704 10 INFO neutron.db.ovn_revision_numbers_db [None req-1f4aafa2-46fb-4ddb-9027-f66522859c9e 530122b3f71b4eaeab778c67ab3705a3 a1cb3e7fae4f480ba350c415fa59ce7e - - default default] Successfully bumped revision number for resource f24f2f19-b062-4ee2-a267-022169a2cec9 (type: security_group_rules) to 0
2026-07-02 16:33:44.730 10 INFO neutron.api.wsgi [None req-1f4aafa2-46fb-4ddb-9027-f66522859c9e 530122b3f71b4eaeab778c67ab3705a3 a1cb3e7fae4f480ba350c415fa59ce7e - - default default] 10.0.0.144 "POST /v2.0/security-groups HTTP/1.1" status: 201 len: 1824 time: 0.6112094
2026-07-02 16:33:44.735 9 INFO neutron.api.wsgi [None req-924d7639-ec3e-4712-8ebf-27097f6688be c55de50c25524ac4831e3b6141ffd5f6 5f9a0c0a0e1d4a079e9c1265dded7ac3 - - default default] 10.0.0.144 "GET /v2.0/ports/ffc446ce-383f-434b-92ef-91f0e17fa7e9 HTTP/1.1" status: 200 len: 1135 time: 0.0622487
2026-07-02 16:33:44.770 10 INFO neutron.api.wsgi [None req-ed193ec2-d912-44ca-9fb6-7dd316e1c87b 530122b3f71b4eaeab778c67ab3705a3 a1cb3e7fae4f480ba350c415fa59ce7e - - default default] 10.0.0.144 "GET /v2.0/security-groups HTTP/1.1" status: 200 len: 4724 time: 0.0340509
2026-07-02 16:33:44.780 10 INFO neutron.api.wsgi [None req-f36d747f-07f8-4663-9e52-77103815e811 c55de50c25524ac4831e3b6141ffd5f6 5f9a0c0a0e1d4a079e9c1265dded7ac3 - - default default] 10.0.0.144 "GET /v2.0/ports/ffc446ce-383f-434b-92ef-91f0e17fa7e9 HTTP/1.1" status: 200 len: 1135 time: 0.0398932
2026-07-02 16:33:44.861 9 INFO neutron.db.ovn_revision_numbers_db [None req-ff1fabef-8bde-48f2-9ac3-4b04498f6dad 530122b3f71b4eaeab778c67ab3705a3 a1cb3e7fae4f480ba350c415fa59ce7e - - default default] Successfully bumped revision number for resource 75760d57-4bab-4bb6-8e1a-ce802fcf3a97 (type: security_groups) to 2
2026-07-02 16:33:44.885 9 INFO neutron.api.wsgi [None req-ff1fabef-8bde-48f2-9ac3-4b04498f6dad 530122b3f71b4eaeab778c67ab3705a3 a1cb3e7fae4f480ba350c415fa59ce7e - - default default] 10.0.0.144 "PUT /v2.0/security-groups/75760d57-4bab-4bb6-8e1a-ce802fcf3a97 HTTP/1.1" status: 200 len: 1857 time: 0.1114306
2026-07-02 16:33:44.913 9 INFO neutron.api.wsgi [None req-58f473dd-2887-4fda-956a-7be70246c133 530122b3f71b4eaeab778c67ab3705a3 a1cb3e7fae4f480ba350c415fa59ce7e - - default default] 10.0.0.144 "GET /v2.0/security-groups/75760d57-4bab-4bb6-8e1a-ce802fcf3a97 HTTP/1.1" status: 200 len: 1857 time: 0.0228834
2026-07-02 16:33:45.000 9 INFO neutron.api.wsgi [None req-167e08a8-5bbb-408f-9fac-95dc9fd08b13 530122b3f71b4eaeab778c67ab3705a3 a1cb3e7fae4f480ba350c415fa59ce7e - - default default] 10.0.0.144 "DELETE /v2.0/security-groups/75760d57-4bab-4bb6-8e1a-ce802fcf3a97 HTTP/1.1" status: 204 len: 168 time: 0.0827477
2026-07-02 16:33:45.014 10 INFO neutron.api.wsgi [req-52eb58f3-a2d2-48d8-b7f6-6891ffc05365 req-622fac6c-c27d-4286-9c31-67ce402b8683 24ae637a2b50474cb88c8a56e765ff55 b6782f70a47e447db6f9388b9765c608 - - default default] 10.0.0.135 "GET /v2.0/ports?device_id=1d3b0efb-1729-480e-820d-0ec81bab1a68 HTTP/1.1" status: 200 len: 1170 time: 0.0389953
2026-07-02 16:33:45.039 9 INFO neutron.api.wsgi [None req-089891c0-7c04-4a25-a28c-c4bcc1fd22d7 530122b3f71b4eaeab778c67ab3705a3 a1cb3e7fae4f480ba350c415fa59ce7e - - default default] 10.0.0.144 "GET /v2.0/security-groups HTTP/1.1" status: 200 len: 3120 time: 0.0330532
2026-07-02 16:33:45.055 10 INFO neutron.api.v2.resource [None req-1f78037d-e213-4588-8a28-60b69e55c692 530122b3f71b4eaeab778c67ab3705a3 a1cb3e7fae4f480ba350c415fa59ce7e - - default default] delete failed (client error): The resource could not be found.
2026-07-02 16:33:45.055 10 INFO neutron.api.wsgi [None req-1f78037d-e213-4588-8a28-60b69e55c692 530122b3f71b4eaeab778c67ab3705a3 a1cb3e7fae4f480ba350c415fa59ce7e - - default default] 10.0.0.144 "DELETE /v2.0/security-groups/75760d57-4bab-4bb6-8e1a-ce802fcf3a97 HTTP/1.1" status: 404 len: 347 time: 0.0092702
2026-07-02 16:33:45.069 10 INFO neutron.api.wsgi [req-52eb58f3-a2d2-48d8-b7f6-6891ffc05365 req-a403c751-7cc6-4545-8572-83caa8918a1d 24ae637a2b50474cb88c8a56e765ff55 b6782f70a47e447db6f9388b9765c608 - - default default] 10.0.0.135 "GET /v2.0/security-groups?id=4f24887d-c860-43ce-a7ad-ea8ebec32c18&fields=id&fields=name HTTP/1.1" status: 200 len: 312 time: 0.0472257
2026-07-02 16:33:45.075 9 WARNING neutron_lib.context [None req-13937557-88a6-403c-824d-df37c7672c7b 530122b3f71b4eaeab778c67ab3705a3 a1cb3e7fae4f480ba350c415fa59ce7e - - default default] Method 'is_advsvc' is deprecated since 2023.2 release (neutron-lib 3.8.0) and will be removed once support for the old RBAC API policies will be removed from Neutron. Please use method 'is_service_role' instead.
2026-07-02 16:33:45.186 9 INFO neutron.db.ovn_revision_numbers_db [None req-13937557-88a6-403c-824d-df37c7672c7b 530122b3f71b4eaeab778c67ab3705a3 a1cb3e7fae4f480ba350c415fa59ce7e - - default default] Successfully bumped revision number for resource 619c16f0-607e-4bea-8b11-bad5da62ca1d (type: security_groups) to 1
2026-07-02 16:33:45.198 9 INFO neutron.db.ovn_revision_numbers_db [None req-13937557-88a6-403c-824d-df37c7672c7b 530122b3f71b4eaeab778c67ab3705a3 a1cb3e7fae4f480ba350c415fa59ce7e - - default default] Successfully bumped revision number for resource 71b93b85-6c93-4d5c-be01-79530da0090b (type: security_group_rules) to 0
2026-07-02 16:33:45.210 9 INFO neutron.db.ovn_revision_numbers_db [None req-13937557-88a6-403c-824d-df37c7672c7b 530122b3f71b4eaeab778c67ab3705a3 a1cb3e7fae4f480ba350c415fa59ce7e - - default default] Successfully bumped revision number for resource b69f4ff7-8dc8-49eb-be04-e66ae7fb7c7b (type: security_group_rules) to 0
2026-07-02 16:33:45.243 9 INFO neutron.api.wsgi [None req-13937557-88a6-403c-824d-df37c7672c7b 530122b3f71b4eaeab778c67ab3705a3 a1cb3e7fae4f480ba350c415fa59ce7e - - default default] 10.0.0.144 "POST /v2.0/security-groups HTTP/1.1" status: 201 len: 1824 time: 0.1741760
2026-07-02 16:33:45.251 9 WARNING neutron_lib.context [None req-3022590d-43e2-457b-9ea9-ba1059920dc2 530122b3f71b4eaeab778c67ab3705a3 a1cb3e7fae4f480ba350c415fa59ce7e - - default default] Method 'is_advsvc' is deprecated since 2023.2 release (neutron-lib 3.8.0) and will be removed once support for the old RBAC API policies will be removed from Neutron. Please use method 'is_service_role' instead.
2026-07-02 16:33:45.354 9 INFO neutron.db.ovn_revision_numbers_db [None req-3022590d-43e2-457b-9ea9-ba1059920dc2 530122b3f71b4eaeab778c67ab3705a3 a1cb3e7fae4f480ba350c415fa59ce7e - - default default] Successfully bumped revision number for resource f67e902a-8081-4869-be58-e41b8d03c7ae (type: security_group_rules) to 0
2026-07-02 16:33:45.380 9 INFO neutron.api.wsgi [None req-3022590d-43e2-457b-9ea9-ba1059920dc2 530122b3f71b4eaeab778c67ab3705a3 a1cb3e7fae4f480ba350c415fa59ce7e - - default default] 10.0.0.144 "POST /v2.0/security-group-rules HTTP/1.1" status: 201 len: 800 time: 0.1335609
2026-07-02 16:33:45.400 9 INFO neutron.api.wsgi [None req-68ac58fe-6092-4144-bdd2-73bf76e7f1a6 530122b3f71b4eaeab778c67ab3705a3 a1cb3e7fae4f480ba350c415fa59ce7e - - default default] 10.0.0.144 "GET /v2.0/security-group-rules/f67e902a-8081-4869-be58-e41b8d03c7ae HTTP/1.1" status: 200 len: 795 time: 0.0139756
2026-07-02 16:33:45.468 9 INFO neutron.api.wsgi [None req-95ef698a-b834-4119-bc3f-e9018dadc824 530122b3f71b4eaeab778c67ab3705a3 a1cb3e7fae4f480ba350c415fa59ce7e - - default default] 10.0.0.144 "GET /v2.0/security-group-rules HTTP/1.1" status: 200 len: 4333 time: 0.0641289
2026-07-02 16:33:45.469 10 INFO neutron.api.wsgi [None req-df44cd7e-7be1-46d4-a5d7-add145fa261e 9827aa93a9e94ed98d5b197788b6c635 30e6562f7cba4b068c27f3a093b95377 - - default default] 10.0.0.144 "GET /v2.0/ports/7f659730-2af5-4c97-b3df-e2d116beb61b HTTP/1.1" status: 200 len: 1147 time: 0.0744572
2026-07-02 16:33:45.600 10 INFO neutron.api.wsgi [None req-b794e2f4-f2ee-4533-a5e0-57953b6d9e4e 530122b3f71b4eaeab778c67ab3705a3 a1cb3e7fae4f480ba350c415fa59ce7e - - default default] 10.0.0.144 "DELETE /v2.0/security-group-rules/f67e902a-8081-4869-be58-e41b8d03c7ae HTTP/1.1" status: 204 len: 168 time: 0.1266682
2026-07-02 16:33:45.660 9 INFO neutron.api.wsgi [None req-a494e354-3252-40c0-8503-e4117adb7bde 530122b3f71b4eaeab778c67ab3705a3 a1cb3e7fae4f480ba350c415fa59ce7e - - default default] 10.0.0.144 "GET /v2.0/security-group-rules HTTP/1.1" status: 200 len: 3755 time: 0.0564828
2026-07-02 16:33:45.672 9 WARNING neutron_lib.context [None req-b0751da4-bb88-4210-9e9d-34653196bb4d 530122b3f71b4eaeab778c67ab3705a3 a1cb3e7fae4f480ba350c415fa59ce7e - - default default] Method 'is_advsvc' is deprecated since 2023.2 release (neutron-lib 3.8.0) and will be removed once support for the old RBAC API policies will be removed from Neutron. Please use method 'is_service_role' instead.
2026-07-02 16:33:45.774 9 INFO neutron.db.ovn_revision_numbers_db [None req-b0751da4-bb88-4210-9e9d-34653196bb4d 530122b3f71b4eaeab778c67ab3705a3 a1cb3e7fae4f480ba350c415fa59ce7e - - default default] Successfully bumped revision number for resource 786f53e4-9265-4bb1-8cb2-6612e90be2ff (type: security_group_rules) to 0
2026-07-02 16:33:45.812 9 INFO neutron.api.wsgi [None req-b0751da4-bb88-4210-9e9d-34653196bb4d 530122b3f71b4eaeab778c67ab3705a3 a1cb3e7fae4f480ba350c415fa59ce7e - - default default] 10.0.0.144 "POST /v2.0/security-group-rules HTTP/1.1" status: 201 len: 800 time: 0.1463692
2026-07-02 16:33:45.820 9 INFO neutron.api.wsgi [None req-7d06f785-8214-4040-ac36-57469e89cb20 c55de50c25524ac4831e3b6141ffd5f6 5f9a0c0a0e1d4a079e9c1265dded7ac3 - - default default] 10.0.0.144 "GET /v2.0/ports/ffc446ce-383f-434b-92ef-91f0e17fa7e9 HTTP/1.1" status: 200 len: 1135 time: 0.0342262
2026-07-02 16:33:45.837 10 INFO neutron.api.wsgi [None req-dff7be0d-a68c-4793-9cd4-ce62a4d4b6e0 530122b3f71b4eaeab778c67ab3705a3 a1cb3e7fae4f480ba350c415fa59ce7e - - default default] 10.0.0.144 "GET /v2.0/security-group-rules/786f53e4-9265-4bb1-8cb2-6612e90be2ff HTTP/1.1" status: 200 len: 795 time: 0.0185735
2026-07-02 16:33:45.907 10 INFO neutron.api.wsgi [None req-1cb75f87-e9d4-4830-808c-72de8ea87bb4 530122b3f71b4eaeab778c67ab3705a3 a1cb3e7fae4f480ba350c415fa59ce7e - - default default] 10.0.0.144 "GET /v2.0/security-group-rules HTTP/1.1" status: 200 len: 4333 time: 0.0648932
2026-07-02 16:33:46.025 9 INFO neutron.api.wsgi [None req-73419720-62fc-4389-9e3d-00113b1f898e 530122b3f71b4eaeab778c67ab3705a3 a1cb3e7fae4f480ba350c415fa59ce7e - - default default] 10.0.0.144 "DELETE /v2.0/security-group-rules/786f53e4-9265-4bb1-8cb2-6612e90be2ff HTTP/1.1" status: 204 len: 168 time: 0.1117589
2026-07-02 16:33:46.088 9 INFO neutron.api.wsgi [None req-b2d1911b-80c6-4986-8726-93148d013dfd 530122b3f71b4eaeab778c67ab3705a3 a1cb3e7fae4f480ba350c415fa59ce7e - - default default] 10.0.0.144 "GET /v2.0/security-group-rules HTTP/1.1" status: 200 len: 3755 time: 0.0575163
2026-07-02 16:33:46.100 10 WARNING neutron_lib.context [None req-5044c98c-1ecf-40a1-be22-0c136eec0169 530122b3f71b4eaeab778c67ab3705a3 a1cb3e7fae4f480ba350c415fa59ce7e - - default default] Method 'is_advsvc' is deprecated since 2023.2 release (neutron-lib 3.8.0) and will be removed once support for the old RBAC API policies will be removed from Neutron. Please use method 'is_service_role' instead.
2026-07-02 16:33:46.163 10 INFO neutron.api.wsgi [req-116ff28e-32e0-4c7d-9ffe-67082bcee9b7 req-8103fb1a-89e6-40bc-9e25-872b5ea4ee5e 24ae637a2b50474cb88c8a56e765ff55 b6782f70a47e447db6f9388b9765c608 - - default default] 10.0.0.135 "GET /v2.0/ports?device_id=1d3b0efb-1729-480e-820d-0ec81bab1a68 HTTP/1.1" status: 200 len: 1170 time: 0.0316119
2026-07-02 16:33:46.218 10 INFO neutron.api.wsgi [req-116ff28e-32e0-4c7d-9ffe-67082bcee9b7 req-fb3b0831-efe3-4fe1-9c9f-af6ed077695f 24ae637a2b50474cb88c8a56e765ff55 b6782f70a47e447db6f9388b9765c608 - - default default] 10.0.0.135 "GET /v2.0/security-groups?id=4f24887d-c860-43ce-a7ad-ea8ebec32c18&fields=id&fields=name HTTP/1.1" status: 200 len: 312 time: 0.0458007
2026-07-02 16:33:46.230 10 INFO neutron.db.ovn_revision_numbers_db [None req-5044c98c-1ecf-40a1-be22-0c136eec0169 530122b3f71b4eaeab778c67ab3705a3 a1cb3e7fae4f480ba350c415fa59ce7e - - default default] Successfully bumped revision number for resource 51b4ee41-0e96-4577-a4bb-15a99cbc22fc (type: security_group_rules) to 0
2026-07-02 16:33:46.259 10 INFO neutron.api.wsgi [None req-5044c98c-1ecf-40a1-be22-0c136eec0169 530122b3f71b4eaeab778c67ab3705a3 a1cb3e7fae4f480ba350c415fa59ce7e - - default default] 10.0.0.144 "POST /v2.0/security-group-rules HTTP/1.1" status: 201 len: 801 time: 0.1655929
2026-07-02 16:33:46.277 10 INFO neutron.api.wsgi [None req-98665ec1-c260-4ea4-9d35-104442b781fb 530122b3f71b4eaeab778c67ab3705a3 a1cb3e7fae4f480ba350c415fa59ce7e - - default default] 10.0.0.144 "GET /v2.0/security-group-rules/51b4ee41-0e96-4577-a4bb-15a99cbc22fc HTTP/1.1" status: 200 len: 796 time: 0.0122762
2026-07-02 16:33:46.340 10 INFO neutron.api.wsgi [None req-f5351c9d-f204-4182-82d2-5a385a1f5912 530122b3f71b4eaeab778c67ab3705a3 a1cb3e7fae4f480ba350c415fa59ce7e - - default default] 10.0.0.144 "GET /v2.0/security-group-rules HTTP/1.1" status: 200 len: 4334 time: 0.0583985
2026-07-02 16:33:46.436 10 INFO neutron.api.wsgi [None req-56b6ea77-3808-43e6-804c-cbe77b19d401 530122b3f71b4eaeab778c67ab3705a3 a1cb3e7fae4f480ba350c415fa59ce7e - - default default] 10.0.0.144 "DELETE /v2.0/security-group-rules/51b4ee41-0e96-4577-a4bb-15a99cbc22fc HTTP/1.1" status: 204 len: 168 time: 0.0924966
2026-07-02 16:33:46.485 10 INFO neutron.api.wsgi [None req-5c9c5000-0faf-4f4a-94b1-9de659ac547c 530122b3f71b4eaeab778c67ab3705a3 a1cb3e7fae4f480ba350c415fa59ce7e - - default default] 10.0.0.144 "GET /v2.0/security-group-rules HTTP/1.1" status: 200 len: 3755 time: 0.0439074
2026-07-02 16:33:46.532 10 INFO neutron.api.wsgi [req-b55de02c-d334-40de-8ed6-911db32f4662 req-303033d1-61bf-4ddb-b3fb-9ad2d36dab75 01bcb6fee37248b494183e693cd5f707 6764db65cfc44094b43f5cc35746ec70 - - f8f16a84101046e0877e187cea621c44 f8f16a84101046e0877e187cea621c44] 199.19.213.23 "GET /v2.0/ports?tenant_id=b6782f70a47e447db6f9388b9765c608&device_id=1d3b0efb-1729-480e-820d-0ec81bab1a68 HTTP/1.1" status: 200 len: 1409 time: 0.0417895
2026-07-02 16:33:46.554 9 INFO neutron.api.wsgi [None req-a02ff69c-7416-4e67-b115-5ac883b0e758 9827aa93a9e94ed98d5b197788b6c635 30e6562f7cba4b068c27f3a093b95377 - - default default] 10.0.0.144 "GET /v2.0/ports/7f659730-2af5-4c97-b3df-e2d116beb61b HTTP/1.1" status: 200 len: 1147 time: 0.0781240
2026-07-02 16:33:46.592 10 INFO neutron.api.wsgi [req-b55de02c-d334-40de-8ed6-911db32f4662 req-7c3d5466-3a1c-4b38-b75a-0794598fd636 01bcb6fee37248b494183e693cd5f707 6764db65cfc44094b43f5cc35746ec70 - - f8f16a84101046e0877e187cea621c44 f8f16a84101046e0877e187cea621c44] 199.19.213.23 "GET /v2.0/networks?id=4699917f-dff3-4c21-b8f7-533efa88cd74 HTTP/1.1" status: 200 len: 973 time: 0.0517063
2026-07-02 16:33:46.640 10 INFO neutron.api.wsgi [req-b55de02c-d334-40de-8ed6-911db32f4662 req-8f87806b-6953-4c5a-9a2f-c2c915ec490b 01bcb6fee37248b494183e693cd5f707 6764db65cfc44094b43f5cc35746ec70 - - f8f16a84101046e0877e187cea621c44 f8f16a84101046e0877e187cea621c44] 199.19.213.23 "GET /v2.0/floatingips?fixed_ip_address=10.100.0.4&port_id=aed58825-b821-4327-8259-9436d4119183 HTTP/1.1" status: 200 len: 1059 time: 0.0441582
2026-07-02 16:33:46.644 10 INFO neutron.api.wsgi [None req-2dd2b3cf-4c9a-4070-8b0c-38a00324f9e6 530122b3f71b4eaeab778c67ab3705a3 a1cb3e7fae4f480ba350c415fa59ce7e - - default default] 10.0.0.144 "DELETE /v2.0/security-groups/619c16f0-607e-4bea-8b11-bad5da62ca1d HTTP/1.1" status: 204 len: 168 time: 0.1520703
2026-07-02 16:33:46.676 10 INFO neutron.api.wsgi [req-b55de02c-d334-40de-8ed6-911db32f4662 req-794057a3-541a-440a-ac67-63dfc84fef5e 01bcb6fee37248b494183e693cd5f707 6764db65cfc44094b43f5cc35746ec70 - - f8f16a84101046e0877e187cea621c44 f8f16a84101046e0877e187cea621c44] 199.19.213.23 "GET /v2.0/subnets?id=4f71daee-d73c-4aeb-8f96-321f090dbb0b HTTP/1.1" status: 200 len: 892 time: 0.0294192
2026-07-02 16:33:46.688 9 INFO neutron.api.wsgi [None req-1b179ec7-a947-4611-9f3e-0615d0731dc6 530122b3f71b4eaeab778c67ab3705a3 a1cb3e7fae4f480ba350c415fa59ce7e - - default default] 10.0.0.144 "GET /v2.0/security-groups HTTP/1.1" status: 200 len: 3120 time: 0.0403013
2026-07-02 16:33:46.701 10 INFO neutron.api.wsgi [req-b55de02c-d334-40de-8ed6-911db32f4662 req-6623b187-1200-40fa-859c-df6dc57291bf 01bcb6fee37248b494183e693cd5f707 6764db65cfc44094b43f5cc35746ec70 - - f8f16a84101046e0877e187cea621c44 f8f16a84101046e0877e187cea621c44] 199.19.213.23 "GET /v2.0/ports?network_id=4699917f-dff3-4c21-b8f7-533efa88cd74&device_owner=network%3Adhcp HTTP/1.1" status: 200 len: 210 time: 0.0193057
2026-07-02 16:33:46.729 10 INFO neutron.api.wsgi [None req-628f3c1b-8c5d-41f7-9306-17af03b32741 530122b3f71b4eaeab778c67ab3705a3 a1cb3e7fae4f480ba350c415fa59ce7e - - default default] 10.0.0.144 "GET /v2.0/security-groups HTTP/1.1" status: 200 len: 3120 time: 0.0326879
2026-07-02 16:33:46.743 10 INFO neutron.api.wsgi [req-b55de02c-d334-40de-8ed6-911db32f4662 req-850184a4-87f0-4ae0-87bb-b4e28b5fb111 01bcb6fee37248b494183e693cd5f707 6764db65cfc44094b43f5cc35746ec70 - - f8f16a84101046e0877e187cea621c44 f8f16a84101046e0877e187cea621c44] 199.19.213.23 "GET /v2.0/networks/4699917f-dff3-4c21-b8f7-533efa88cd74?fields=segments HTTP/1.1" status: 200 len: 212 time: 0.0355067
2026-07-02 16:33:46.787 10 INFO neutron.api.wsgi [req-b55de02c-d334-40de-8ed6-911db32f4662 req-5175960c-1877-4a27-9ffc-b173a3ae4be7 01bcb6fee37248b494183e693cd5f707 6764db65cfc44094b43f5cc35746ec70 - - f8f16a84101046e0877e187cea621c44 f8f16a84101046e0877e187cea621c44] 199.19.213.23 "GET /v2.0/networks/4699917f-dff3-4c21-b8f7-533efa88cd74?fields=provider%3Aphysical_network&fields=provider%3Anetwork_type HTTP/1.1" status: 200 len: 277 time: 0.0378175
2026-07-02 16:33:46.888 10 INFO neutron.api.wsgi [None req-82a062b2-bca8-4aab-8fd3-80901ce54839 c55de50c25524ac4831e3b6141ffd5f6 5f9a0c0a0e1d4a079e9c1265dded7ac3 - - default default] 10.0.0.144 "GET /v2.0/ports/ffc446ce-383f-434b-92ef-91f0e17fa7e9 HTTP/1.1" status: 200 len: 1135 time: 0.0609939
2026-07-02 16:33:47.313 10 INFO neutron.api.wsgi [req-dd66009d-284e-4e41-88c2-b3dfb5eea86f req-d191fcae-5dd5-4f8a-b475-6f8fa0a3591a 24ae637a2b50474cb88c8a56e765ff55 b6782f70a47e447db6f9388b9765c608 - - default default] 10.0.0.135 "GET /v2.0/ports?device_id=1d3b0efb-1729-480e-820d-0ec81bab1a68 HTTP/1.1" status: 200 len: 1170 time: 0.0386915
2026-07-02 16:33:47.350 10 INFO neutron.api.wsgi [None req-926aaadb-fe17-485a-ae7f-5abe05896a2e a8aa24bd68aa41139e299598e80b27ac 84b441d311bc483885a13e4057a7138f - - default default] 10.0.0.144 "GET /v2.0/security-groups?tenant_id=a1cb3e7fae4f480ba350c415fa59ce7e&name=default HTTP/1.1" status: 200 len: 3120 time: 0.1257663
2026-07-02 16:33:47.365 10 INFO neutron.api.wsgi [req-dd66009d-284e-4e41-88c2-b3dfb5eea86f req-1cc4c4d0-a026-46f1-8f69-a5b4d3854385 24ae637a2b50474cb88c8a56e765ff55 b6782f70a47e447db6f9388b9765c608 - - default default] 10.0.0.135 "GET /v2.0/security-groups?id=4f24887d-c860-43ce-a7ad-ea8ebec32c18&fields=id&fields=name HTTP/1.1" status: 200 len: 312 time: 0.0456519
2026-07-02 16:33:47.545 9 INFO neutron.api.wsgi [None req-13a60164-fd2c-41ef-aaf7-c1bedca7f5e8 a8aa24bd68aa41139e299598e80b27ac 84b441d311bc483885a13e4057a7138f - - default default] 10.0.0.144 "DELETE /v2.0/security-groups/a08f254b-4199-42f4-b840-4871c2a8c95c HTTP/1.1" status: 204 len: 168 time: 0.1889420
2026-07-02 16:33:47.596 10 INFO neutron.api.wsgi [None req-1572d705-a408-441f-b5eb-125704f07efb 9827aa93a9e94ed98d5b197788b6c635 30e6562f7cba4b068c27f3a093b95377 - - default default] 10.0.0.144 "GET /v2.0/ports/7f659730-2af5-4c97-b3df-e2d116beb61b HTTP/1.1" status: 200 len: 1147 time: 0.0366986
2026-07-02 16:33:47.927 9 INFO neutron.api.wsgi [None req-ebbe9b40-94e1-43b4-9737-7584b4325636 c55de50c25524ac4831e3b6141ffd5f6 5f9a0c0a0e1d4a079e9c1265dded7ac3 - - default default] 10.0.0.144 "GET /v2.0/ports/ffc446ce-383f-434b-92ef-91f0e17fa7e9 HTTP/1.1" status: 200 len: 1135 time: 0.0338452
2026-07-02 16:33:48.275 10 WARNING neutron.plugins.ml2.drivers.ovn.mech_driver.ovsdb.ovn_client [None req-767561c6-494d-43e4-8740-4f2641b84f46 - - - - - -] No hosting information found for port 63415138-163c-4163-b928-e8b16cf3212c: RuntimeError: No hosting information found for port 63415138-163c-4163-b928-e8b16cf3212c
2026-07-02 16:33:48.276 10 INFO neutron.plugins.ml2.drivers.ovn.mech_driver.mech_driver [None req-767561c6-494d-43e4-8740-4f2641b84f46 - - - - - -] OVN reports status up for port: eba1aac9-d342-45b8-b8c0-9ed28cbec8dd
2026-07-02 16:33:48.282 10 INFO neutron.plugins.ml2.plugin [None req-767561c6-494d-43e4-8740-4f2641b84f46 - - - - - -] Attempt 1 to provision port eba1aac9-d342-45b8-b8c0-9ed28cbec8dd
2026-07-02 16:33:48.462 10 INFO neutron.api.wsgi [req-def38660-ad35-41d1-9512-593615b1b258 req-c182878b-619f-46a5-a468-6080a13c2b85 24ae637a2b50474cb88c8a56e765ff55 b6782f70a47e447db6f9388b9765c608 - - default default] 10.0.0.135 "GET /v2.0/ports?device_id=1d3b0efb-1729-480e-820d-0ec81bab1a68 HTTP/1.1" status: 200 len: 1170 time: 0.0364830
2026-07-02 16:33:48.519 10 INFO neutron.api.wsgi [req-def38660-ad35-41d1-9512-593615b1b258 req-5905fcb1-1890-4c57-b80a-22d16961bf28 24ae637a2b50474cb88c8a56e765ff55 b6782f70a47e447db6f9388b9765c608 - - default default] 10.0.0.135 "GET /v2.0/security-groups?id=4f24887d-c860-43ce-a7ad-ea8ebec32c18&fields=id&fields=name HTTP/1.1" status: 200 len: 312 time: 0.0521591
2026-07-02 16:33:48.650 9 INFO neutron.api.wsgi [None req-fe651a8b-31f6-4665-98e8-950dd82b609e 9827aa93a9e94ed98d5b197788b6c635 30e6562f7cba4b068c27f3a093b95377 - - default default] 10.0.0.144 "GET /v2.0/ports/7f659730-2af5-4c97-b3df-e2d116beb61b HTTP/1.1" status: 200 len: 1147 time: 0.0474637
2026-07-02 16:33:48.835 10 INFO neutron.db.ovn_revision_numbers_db [None req-767561c6-494d-43e4-8740-4f2641b84f46 - - - - - -] Successfully bumped revision number for resource eba1aac9-d342-45b8-b8c0-9ed28cbec8dd (type: ports) to 2
2026-07-02 16:33:48.968 10 INFO neutron.api.wsgi [None req-f7f731b9-289e-484b-ae66-3d7fddea194f c55de50c25524ac4831e3b6141ffd5f6 5f9a0c0a0e1d4a079e9c1265dded7ac3 - - default default] 10.0.0.144 "GET /v2.0/ports/ffc446ce-383f-434b-92ef-91f0e17fa7e9 HTTP/1.1" status: 200 len: 1135 time: 0.0364063
2026-07-02 16:33:49.668 10 INFO neutron.api.wsgi [req-c40791ee-e531-486a-95a2-311199eddeff req-1029d54d-9445-4274-b2f9-83dffe47fca8 24ae637a2b50474cb88c8a56e765ff55 b6782f70a47e447db6f9388b9765c608 - - default default] 10.0.0.135 "GET /v2.0/ports?device_id=1d3b0efb-1729-480e-820d-0ec81bab1a68 HTTP/1.1" status: 200 len: 1170 time: 0.0817645
2026-07-02 16:33:49.699 10 INFO neutron.api.wsgi [None req-21b80a67-4d89-49b8-9a26-2a9d2a958eb3 9827aa93a9e94ed98d5b197788b6c635 30e6562f7cba4b068c27f3a093b95377 - - default default] 10.0.0.144 "GET /v2.0/ports/7f659730-2af5-4c97-b3df-e2d116beb61b HTTP/1.1" status: 200 len: 1147 time: 0.0432575
2026-07-02 16:33:49.723 10 INFO neutron.api.wsgi [req-c40791ee-e531-486a-95a2-311199eddeff req-12e21dd6-4e52-4a2b-8152-9b317f539eb6 24ae637a2b50474cb88c8a56e765ff55 b6782f70a47e447db6f9388b9765c608 - - default default] 10.0.0.135 "GET /v2.0/security-groups?id=4f24887d-c860-43ce-a7ad-ea8ebec32c18&fields=id&fields=name HTTP/1.1" status: 200 len: 312 time: 0.0487263
2026-07-02 16:33:49.909 10 INFO neutron.db.ovn_revision_numbers_db [None req-2b7c65d4-cfbc-4852-8699-cb58391297a0 a8aa24bd68aa41139e299598e80b27ac 84b441d311bc483885a13e4057a7138f - - default default] Successfully bumped revision number for resource 2d1d2c53-74a2-4728-99bc-3adacd8b2124 (type: security_groups) to 1
2026-07-02 16:33:49.923 10 INFO neutron.db.ovn_revision_numbers_db [None req-2b7c65d4-cfbc-4852-8699-cb58391297a0 a8aa24bd68aa41139e299598e80b27ac 84b441d311bc483885a13e4057a7138f - - default default] Successfully bumped revision number for resource 29ac4859-bcf2-41e3-946c-e25bc69b1c66 (type: security_group_rules) to 0
2026-07-02 16:33:49.936 10 INFO neutron.db.ovn_revision_numbers_db [None req-2b7c65d4-cfbc-4852-8699-cb58391297a0 a8aa24bd68aa41139e299598e80b27ac 84b441d311bc483885a13e4057a7138f - - default default] Successfully bumped revision number for resource 466fb98d-8638-4694-89f6-895f6c33bef1 (type: security_group_rules) to 0
2026-07-02 16:33:49.953 10 INFO neutron.db.ovn_revision_numbers_db [None req-2b7c65d4-cfbc-4852-8699-cb58391297a0 a8aa24bd68aa41139e299598e80b27ac 84b441d311bc483885a13e4057a7138f - - default default] Successfully bumped revision number for resource 64220f4d-706c-4d27-951d-03fe45732d74 (type: security_group_rules) to 0
2026-07-02 16:33:49.971 10 INFO neutron.db.ovn_revision_numbers_db [None req-2b7c65d4-cfbc-4852-8699-cb58391297a0 a8aa24bd68aa41139e299598e80b27ac 84b441d311bc483885a13e4057a7138f - - default default] Successfully bumped revision number for resource c58e6046-53f2-4a39-a94a-66516e08d05c (type: security_group_rules) to 0
2026-07-02 16:33:50.005 10 INFO neutron.api.wsgi [None req-2b7c65d4-cfbc-4852-8699-cb58391297a0 a8aa24bd68aa41139e299598e80b27ac 84b441d311bc483885a13e4057a7138f - - default default] 10.0.0.144 "GET /v2.0/security-groups?tenant_id=8d866ca960944a339746b7dbd8b3629c&name=default HTTP/1.1" status: 200 len: 3120 time: 0.3746245
2026-07-02 16:33:50.041 9 INFO neutron.api.wsgi [None req-9c6ceea0-8d2f-4c34-b077-96a223fcfe6d c55de50c25524ac4831e3b6141ffd5f6 5f9a0c0a0e1d4a079e9c1265dded7ac3 - - default default] 10.0.0.144 "GET /v2.0/ports/ffc446ce-383f-434b-92ef-91f0e17fa7e9 HTTP/1.1" status: 200 len: 1135 time: 0.0676436
2026-07-02 16:33:50.203 10 INFO neutron.api.wsgi [None req-c3b2c52b-3958-48da-a3c0-0f49e8396bf7 a8aa24bd68aa41139e299598e80b27ac 84b441d311bc483885a13e4057a7138f - - default default] 10.0.0.144 "DELETE /v2.0/security-groups/2d1d2c53-74a2-4728-99bc-3adacd8b2124 HTTP/1.1" status: 204 len: 168 time: 0.1929359
2026-07-02 16:33:50.733 9 INFO neutron.api.wsgi [None req-ca560b88-4869-435e-98f7-fbd77b86283c 9827aa93a9e94ed98d5b197788b6c635 30e6562f7cba4b068c27f3a093b95377 - - default default] 10.0.0.144 "GET /v2.0/ports/7f659730-2af5-4c97-b3df-e2d116beb61b HTTP/1.1" status: 200 len: 1147 time: 0.0288591
2026-07-02 16:33:50.815 10 INFO neutron.api.wsgi [req-30ad7f0e-371e-4f0d-8ed5-e16ed38585f3 req-5af8840d-92fe-4d07-94b4-e9efe65ceb10 24ae637a2b50474cb88c8a56e765ff55 b6782f70a47e447db6f9388b9765c608 - - default default] 10.0.0.135 "GET /v2.0/ports?device_id=1d3b0efb-1729-480e-820d-0ec81bab1a68 HTTP/1.1" status: 200 len: 1170 time: 0.0329177
2026-07-02 16:33:50.849 10 INFO neutron.api.wsgi [req-30ad7f0e-371e-4f0d-8ed5-e16ed38585f3 req-760545bd-074f-4a70-ab2a-4d3d02ff05d9 24ae637a2b50474cb88c8a56e765ff55 b6782f70a47e447db6f9388b9765c608 - - default default] 10.0.0.135 "GET /v2.0/security-groups?id=4f24887d-c860-43ce-a7ad-ea8ebec32c18&fields=id&fields=name HTTP/1.1" status: 200 len: 312 time: 0.0292387
2026-07-02 16:33:51.079 10 INFO neutron.api.wsgi [None req-885c22b6-b90b-4ae3-871a-02a1df5352a5 c55de50c25524ac4831e3b6141ffd5f6 5f9a0c0a0e1d4a079e9c1265dded7ac3 - - default default] 10.0.0.144 "GET /v2.0/ports/ffc446ce-383f-434b-92ef-91f0e17fa7e9 HTTP/1.1" status: 200 len: 1135 time: 0.0323551
2026-07-02 16:33:51.909 9 INFO neutron.api.wsgi [None req-d7b4f153-0833-4140-86c8-21d802a719c3 9827aa93a9e94ed98d5b197788b6c635 30e6562f7cba4b068c27f3a093b95377 - - default default] 10.0.0.144 "GET /v2.0/ports/7f659730-2af5-4c97-b3df-e2d116beb61b HTTP/1.1" status: 200 len: 1147 time: 0.1694779
2026-07-02 16:33:51.963 10 INFO neutron.api.wsgi [req-d6263b52-d2c6-47f6-9838-f4bde0f4c293 req-c994cb95-e367-4122-96f1-cae505ddc077 24ae637a2b50474cb88c8a56e765ff55 b6782f70a47e447db6f9388b9765c608 - - default default] 10.0.0.135 "GET /v2.0/ports?device_id=1d3b0efb-1729-480e-820d-0ec81bab1a68 HTTP/1.1" status: 200 len: 1170 time: 0.0444682
2026-07-02 16:33:52.007 10 INFO neutron.api.wsgi [req-d6263b52-d2c6-47f6-9838-f4bde0f4c293 req-c68a1bea-214b-4c80-8dbd-e720577fed49 24ae637a2b50474cb88c8a56e765ff55 b6782f70a47e447db6f9388b9765c608 - - default default] 10.0.0.135 "GET /v2.0/security-groups?id=4f24887d-c860-43ce-a7ad-ea8ebec32c18&fields=id&fields=name HTTP/1.1" status: 200 len: 312 time: 0.0393784
2026-07-02 16:33:52.171 10 INFO neutron.api.wsgi [None req-a86c0840-3815-4fd6-8699-08491ad498ff c55de50c25524ac4831e3b6141ffd5f6 5f9a0c0a0e1d4a079e9c1265dded7ac3 - - default default] 10.0.0.144 "GET /v2.0/ports/ffc446ce-383f-434b-92ef-91f0e17fa7e9 HTTP/1.1" status: 200 len: 1135 time: 0.0872812
2026-07-02 16:33:53.005 10 INFO neutron.api.wsgi [None req-695765b9-a1fe-4d3a-aa3c-280b0322d52b 9827aa93a9e94ed98d5b197788b6c635 30e6562f7cba4b068c27f3a093b95377 - - default default] 10.0.0.144 "GET /v2.0/ports/7f659730-2af5-4c97-b3df-e2d116beb61b HTTP/1.1" status: 200 len: 1147 time: 0.0843103
2026-07-02 16:33:53.084 10 INFO neutron.api.wsgi [req-f99b1429-bfcd-4169-ad20-60fb6a1a6c0e req-193d89b4-eb7b-4abf-9c82-773d2b5ad084 24ae637a2b50474cb88c8a56e765ff55 b6782f70a47e447db6f9388b9765c608 - - default default] 10.0.0.135 "GET /v2.0/ports?device_id=1d3b0efb-1729-480e-820d-0ec81bab1a68 HTTP/1.1" status: 200 len: 1170 time: 0.0257683
