2026-07-02 16:36:08.494 9 WARNING neutron.api.rpc.agentnotifiers.dhcp_rpc_agent_api [None req-d07f58dc-d26a-488a-8555-59fea990ebb4 a8aa24bd68aa41139e299598e80b27ac 84b441d311bc483885a13e4057a7138f - - default default] Unable to schedule network d6fe8552-e98e-4cfa-a988-0f3c36a0eb69: no agents available; will retry on subsequent port and subnet creation events.
2026-07-02 16:36:08.919 9 INFO neutron.db.ovn_revision_numbers_db [None req-d07f58dc-d26a-488a-8555-59fea990ebb4 a8aa24bd68aa41139e299598e80b27ac 84b441d311bc483885a13e4057a7138f - - default default] Successfully bumped revision number for resource 7fb1a670-fd17-4e30-b64d-25aeca3e6d25 (type: ports) to 1
2026-07-02 16:36:09.352 9 INFO neutron.plugins.ml2.drivers.ovn.mech_driver.ovsdb.commands [None req-1e81cded-6de5-45a0-ab97-158b36f079fc - - - - - -] Schedule LRP lrp-7fb1a670-fd17-4e30-b64d-25aeca3e6d25 on gateway 71d8e3be-b7ea-442d-b832-9996de9ffa64 with priority 1
2026-07-02 16:36:09.371 10 INFO neutron.plugins.ml2.drivers.ovn.mech_driver.ovsdb.ovsdb_monitor [None req-5ed8e6b3-7e2b-475f-b8ad-ef60c1b77d94 - - - - - -] Router 3534c952-5790-4025-8140-023001bac42f is bound to host instance
2026-07-02 16:36:09.376 9 INFO neutron.plugins.ml2.drivers.ovn.mech_driver.mech_driver [None req-d0d67c26-ab07-4b18-9a6b-ef85bfdd8a78 - - - - - -] OVN reports status up for port: 7fb1a670-fd17-4e30-b64d-25aeca3e6d25
2026-07-02 16:36:09.388 9 INFO neutron.plugins.ml2.plugin [None req-d0d67c26-ab07-4b18-9a6b-ef85bfdd8a78 - - - - - -] Attempt 1 to provision port 7fb1a670-fd17-4e30-b64d-25aeca3e6d25
2026-07-02 16:36:09.411 9 INFO neutron.db.ovn_revision_numbers_db [None req-d07f58dc-d26a-488a-8555-59fea990ebb4 a8aa24bd68aa41139e299598e80b27ac 84b441d311bc483885a13e4057a7138f - - default default] Successfully bumped revision number for resource 7fb1a670-fd17-4e30-b64d-25aeca3e6d25 (type: router_ports) to 1
2026-07-02 16:36:09.476 9 INFO neutron.db.ovn_revision_numbers_db [None req-d07f58dc-d26a-488a-8555-59fea990ebb4 a8aa24bd68aa41139e299598e80b27ac 84b441d311bc483885a13e4057a7138f - - default default] Successfully bumped revision number for resource 3534c952-5790-4025-8140-023001bac42f (type: routers) to 2
2026-07-02 16:36:09.491 9 INFO neutron.api.wsgi [None req-d07f58dc-d26a-488a-8555-59fea990ebb4 a8aa24bd68aa41139e299598e80b27ac 84b441d311bc483885a13e4057a7138f - - default default] 10.0.0.144 "POST /v2.0/routers HTTP/1.1" status: 201 len: 1165 time: 1.4129617
2026-07-02 16:36:09.661 9 INFO neutron.api.wsgi [-] 10.0.0.28 "GET / HTTP/1.1" status: 200 len: 245 time: 0.0016854
2026-07-02 16:36:09.663 9 INFO neutron.api.wsgi [-] 10.0.0.28 "GET / HTTP/1.1" status: 200 len: 245 time: 0.0013533
2026-07-02 16:36:09.896 10 INFO neutron.db.ovn_revision_numbers_db [None req-41ca86f4-7318-433b-8fe9-3b2d49453ab6 - - - - - -] Successfully bumped revision number for resource 7fb1a670-fd17-4e30-b64d-25aeca3e6d25 (type: ports) to 1
2026-07-02 16:36:10.043 10 WARNING neutron.scheduler.dhcp_agent_scheduler [None req-5ac10210-094b-42dc-8d3d-f5fd2622c5a3 a8aa24bd68aa41139e299598e80b27ac 84b441d311bc483885a13e4057a7138f - - default default] No more DHCP agents
2026-07-02 16:36:10.045 10 WARNING neutron.api.rpc.agentnotifiers.dhcp_rpc_agent_api [None req-5ac10210-094b-42dc-8d3d-f5fd2622c5a3 a8aa24bd68aa41139e299598e80b27ac 84b441d311bc483885a13e4057a7138f - - default default] Unable to schedule network 34e26b24-09d2-4bb7-b388-df45113a1e7b: no agents available; will retry on subsequent port and subnet creation events.
2026-07-02 16:36:10.190 10 INFO neutron.db.ovn_revision_numbers_db [None req-5ac10210-094b-42dc-8d3d-f5fd2622c5a3 a8aa24bd68aa41139e299598e80b27ac 84b441d311bc483885a13e4057a7138f - - default default] Successfully bumped revision number for resource 6d04fc72-b2dd-4a5d-9f08-ba761457bfad (type: ports) to 1
2026-07-02 16:36:10.285 10 INFO neutron.db.ovn_revision_numbers_db [None req-41ca86f4-7318-433b-8fe9-3b2d49453ab6 - - - - - -] Successfully bumped revision number for resource 7fb1a670-fd17-4e30-b64d-25aeca3e6d25 (type: ports) to 4
2026-07-02 16:36:10.409 9 WARNING neutron_lib.context [None req-63a37cc2-10cb-4403-ad2a-1b116caf667a 1f264b52789842b89b11984cb5dbdb6e e5c9ff2aa67a4ebf9b1d5b185e895ab9 - - default default] Method 'is_advsvc' is deprecated since 2023.2 release (neutron-lib 3.8.0) and will be removed once support for the old RBAC API policies will be removed from Neutron. Please use method 'is_service_role' instead.
2026-07-02 16:36:10.527 9 INFO neutron.db.ovn_revision_numbers_db [None req-63a37cc2-10cb-4403-ad2a-1b116caf667a 1f264b52789842b89b11984cb5dbdb6e e5c9ff2aa67a4ebf9b1d5b185e895ab9 - - default default] Successfully bumped revision number for resource 0e4324c0-84c6-4f0e-9a58-2b62ae105144 (type: security_groups) to 1
2026-07-02 16:36:10.539 9 INFO neutron.db.ovn_revision_numbers_db [None req-63a37cc2-10cb-4403-ad2a-1b116caf667a 1f264b52789842b89b11984cb5dbdb6e e5c9ff2aa67a4ebf9b1d5b185e895ab9 - - default default] Successfully bumped revision number for resource 5825bf17-adcf-46d1-a9f4-d5e0209f4279 (type: security_group_rules) to 0
2026-07-02 16:36:10.553 9 INFO neutron.db.ovn_revision_numbers_db [None req-63a37cc2-10cb-4403-ad2a-1b116caf667a 1f264b52789842b89b11984cb5dbdb6e e5c9ff2aa67a4ebf9b1d5b185e895ab9 - - default default] Successfully bumped revision number for resource 7822d8b1-0f5b-4fef-9e70-28503c38fd9b (type: security_group_rules) to 0
2026-07-02 16:36:10.570 9 INFO neutron.db.ovn_revision_numbers_db [None req-63a37cc2-10cb-4403-ad2a-1b116caf667a 1f264b52789842b89b11984cb5dbdb6e e5c9ff2aa67a4ebf9b1d5b185e895ab9 - - default default] Successfully bumped revision number for resource bc6d81f9-d030-43d4-bd9c-0c64edf84092 (type: security_group_rules) to 0
2026-07-02 16:36:10.585 9 INFO neutron.db.ovn_revision_numbers_db [None req-63a37cc2-10cb-4403-ad2a-1b116caf667a 1f264b52789842b89b11984cb5dbdb6e e5c9ff2aa67a4ebf9b1d5b185e895ab9 - - default default] Successfully bumped revision number for resource e4a6e9ba-48a0-4d80-b74e-8ee662b17b90 (type: security_group_rules) to 0
2026-07-02 16:36:10.661 10 INFO neutron.db.ovn_revision_numbers_db [None req-41ca86f4-7318-433b-8fe9-3b2d49453ab6 - - - - - -] Successfully bumped revision number for resource 7fb1a670-fd17-4e30-b64d-25aeca3e6d25 (type: ports) to 5
2026-07-02 16:36:10.684 9 INFO neutron.db.segments_db [None req-63a37cc2-10cb-4403-ad2a-1b116caf667a 1f264b52789842b89b11984cb5dbdb6e e5c9ff2aa67a4ebf9b1d5b185e895ab9 - - default default] Added segment 143f17fb-6a04-45d5-9275-79bd96de3868 of type geneve for network 41a747fc-dc3e-48d6-ab22-90585c29a8ce
2026-07-02 16:36:10.792 9 INFO neutron.db.ovn_revision_numbers_db [None req-63a37cc2-10cb-4403-ad2a-1b116caf667a 1f264b52789842b89b11984cb5dbdb6e e5c9ff2aa67a4ebf9b1d5b185e895ab9 - - default default] Successfully bumped revision number for resource 41a747fc-dc3e-48d6-ab22-90585c29a8ce (type: networks) to 1
2026-07-02 16:36:10.812 10 INFO neutron.plugins.ml2.drivers.ovn.mech_driver.mech_driver [None req-53fd96ec-041a-4730-a2b1-ffb4f19abf13 - - - - - -] OVN reports status up for port: 6d04fc72-b2dd-4a5d-9f08-ba761457bfad
2026-07-02 16:36:10.825 10 INFO neutron.plugins.ml2.plugin [None req-53fd96ec-041a-4730-a2b1-ffb4f19abf13 - - - - - -] Attempt 1 to provision port 6d04fc72-b2dd-4a5d-9f08-ba761457bfad
2026-07-02 16:36:10.839 10 INFO neutron.db.ovn_revision_numbers_db [None req-5ac10210-094b-42dc-8d3d-f5fd2622c5a3 a8aa24bd68aa41139e299598e80b27ac 84b441d311bc483885a13e4057a7138f - - default default] Successfully bumped revision number for resource 6d04fc72-b2dd-4a5d-9f08-ba761457bfad (type: ports) to 1
2026-07-02 16:36:10.892 10 WARNING neutron.scheduler.dhcp_agent_scheduler [None req-5ac10210-094b-42dc-8d3d-f5fd2622c5a3 a8aa24bd68aa41139e299598e80b27ac 84b441d311bc483885a13e4057a7138f - - default default] No more DHCP agents
2026-07-02 16:36:10.893 10 WARNING neutron.api.rpc.agentnotifiers.dhcp_rpc_agent_api [None req-5ac10210-094b-42dc-8d3d-f5fd2622c5a3 a8aa24bd68aa41139e299598e80b27ac 84b441d311bc483885a13e4057a7138f - - default default] Unable to schedule network 34e26b24-09d2-4bb7-b388-df45113a1e7b: no agents available; will retry on subsequent port and subnet creation events.
2026-07-02 16:36:10.935 9 WARNING neutron.scheduler.dhcp_agent_scheduler [None req-63a37cc2-10cb-4403-ad2a-1b116caf667a 1f264b52789842b89b11984cb5dbdb6e e5c9ff2aa67a4ebf9b1d5b185e895ab9 - - default default] No more DHCP agents
2026-07-02 16:36:10.937 9 WARNING neutron.api.rpc.agentnotifiers.dhcp_rpc_agent_api [None req-63a37cc2-10cb-4403-ad2a-1b116caf667a 1f264b52789842b89b11984cb5dbdb6e e5c9ff2aa67a4ebf9b1d5b185e895ab9 - - default default] Unable to schedule network 41a747fc-dc3e-48d6-ab22-90585c29a8ce: no agents available; will retry on subsequent port and subnet creation events.
2026-07-02 16:36:10.996 9 INFO neutron.db.ovn_revision_numbers_db [None req-63a37cc2-10cb-4403-ad2a-1b116caf667a 1f264b52789842b89b11984cb5dbdb6e e5c9ff2aa67a4ebf9b1d5b185e895ab9 - - default default] Successfully bumped revision number for resource e744cbf3-1cdc-4e51-bf2f-d4b6df371191 (type: ports) to 1
2026-07-02 16:36:11.023 9 INFO neutron.api.wsgi [None req-63a37cc2-10cb-4403-ad2a-1b116caf667a 1f264b52789842b89b11984cb5dbdb6e e5c9ff2aa67a4ebf9b1d5b185e895ab9 - - default default] 10.0.0.144 "POST /v2.0/networks HTTP/1.1" status: 201 len: 830 time: 0.7601092
2026-07-02 16:36:11.062 9 INFO neutron.api.wsgi [None req-77f72d58-e92f-4e06-a1c2-23e663b45393 1f264b52789842b89b11984cb5dbdb6e e5c9ff2aa67a4ebf9b1d5b185e895ab9 - - default default] 10.0.0.144 "PUT /v2.0/networks/41a747fc-dc3e-48d6-ab22-90585c29a8ce/tags HTTP/1.1" status: 200 len: 218 time: 0.0344775
2026-07-02 16:36:11.086 9 INFO neutron.api.wsgi [None req-9455d1d8-aada-4834-9e27-8a46ba535fb4 1f264b52789842b89b11984cb5dbdb6e e5c9ff2aa67a4ebf9b1d5b185e895ab9 - - default default] 10.0.0.144 "GET /v2.0/networks/41a747fc-dc3e-48d6-ab22-90585c29a8ce/tags HTTP/1.1" status: 200 len: 218 time: 0.0191476
2026-07-02 16:36:11.161 10 INFO neutron.api.wsgi [None req-dfd72078-7808-4ae3-9567-6d6e55098259 1f264b52789842b89b11984cb5dbdb6e e5c9ff2aa67a4ebf9b1d5b185e895ab9 - - default default] 10.0.0.144 "PUT /v2.0/networks/41a747fc-dc3e-48d6-ab22-90585c29a8ce/tags/green HTTP/1.1" status: 201 len: 201 time: 0.0701945
2026-07-02 16:36:11.188 9 INFO neutron.api.wsgi [None req-6612da3c-0f4b-4314-a2c3-7257868c0223 1f264b52789842b89b11984cb5dbdb6e e5c9ff2aa67a4ebf9b1d5b185e895ab9 - - default default] 10.0.0.144 "GET /v2.0/networks/41a747fc-dc3e-48d6-ab22-90585c29a8ce/tags HTTP/1.1" status: 200 len: 227 time: 0.0189571
2026-07-02 16:36:11.233 10 INFO neutron.api.wsgi [None req-fa06e546-3522-4691-b705-9eaf4068e5df 1f264b52789842b89b11984cb5dbdb6e e5c9ff2aa67a4ebf9b1d5b185e895ab9 - - default default] 10.0.0.144 "PUT /v2.0/networks/41a747fc-dc3e-48d6-ab22-90585c29a8ce/tags/red HTTP/1.1" status: 201 len: 201 time: 0.0383382
2026-07-02 16:36:11.236 10 INFO neutron.db.ovn_revision_numbers_db [None req-53fd96ec-041a-4730-a2b1-ffb4f19abf13 - - - - - -] Successfully bumped revision number for resource 6d04fc72-b2dd-4a5d-9f08-ba761457bfad (type: ports) to 2
2026-07-02 16:36:11.264 9 INFO neutron.api.wsgi [None req-bad1030f-33a1-4bc2-a603-43f753c11ce7 1f264b52789842b89b11984cb5dbdb6e e5c9ff2aa67a4ebf9b1d5b185e895ab9 - - default default] 10.0.0.144 "GET /v2.0/networks/41a747fc-dc3e-48d6-ab22-90585c29a8ce/tags HTTP/1.1" status: 200 len: 227 time: 0.0236962
2026-07-02 16:36:11.305 9 INFO neutron.api.wsgi [None req-c3096854-26e4-463d-97cc-6e895ee62fcf 1f264b52789842b89b11984cb5dbdb6e e5c9ff2aa67a4ebf9b1d5b185e895ab9 - - default default] 10.0.0.144 "PUT /v2.0/networks/41a747fc-dc3e-48d6-ab22-90585c29a8ce/tags/black.or.white HTTP/1.1" status: 201 len: 201 time: 0.0342369
2026-07-02 16:36:11.336 9 INFO neutron.api.wsgi [None req-a5f45258-b1e9-4bb3-a978-d73e63e68348 1f264b52789842b89b11984cb5dbdb6e e5c9ff2aa67a4ebf9b1d5b185e895ab9 - - default default] 10.0.0.144 "GET /v2.0/networks/41a747fc-dc3e-48d6-ab22-90585c29a8ce/tags HTTP/1.1" status: 200 len: 245 time: 0.0272908
2026-07-02 16:36:11.388 9 INFO neutron.api.wsgi [None req-541fadec-36e7-4790-8a33-01da0cf11afc 1f264b52789842b89b11984cb5dbdb6e e5c9ff2aa67a4ebf9b1d5b185e895ab9 - - default default] 10.0.0.144 "PUT /v2.0/networks/41a747fc-dc3e-48d6-ab22-90585c29a8ce/tags HTTP/1.1" status: 200 len: 230 time: 0.0474567
2026-07-02 16:36:11.414 10 INFO neutron.db.ovn_revision_numbers_db [None req-5ac10210-094b-42dc-8d3d-f5fd2622c5a3 a8aa24bd68aa41139e299598e80b27ac 84b441d311bc483885a13e4057a7138f - - default default] Successfully bumped revision number for resource 6d04fc72-b2dd-4a5d-9f08-ba761457bfad (type: router_ports) to 1
2026-07-02 16:36:11.418 9 INFO neutron.api.wsgi [None req-c6cd2d63-461c-4ea2-9ddf-3f44b8c58625 1f264b52789842b89b11984cb5dbdb6e e5c9ff2aa67a4ebf9b1d5b185e895ab9 - - default default] 10.0.0.144 "GET /v2.0/networks/41a747fc-dc3e-48d6-ab22-90585c29a8ce/tags HTTP/1.1" status: 200 len: 230 time: 0.0248384
2026-07-02 16:36:11.421 10 INFO neutron.api.wsgi [None req-5ac10210-094b-42dc-8d3d-f5fd2622c5a3 a8aa24bd68aa41139e299598e80b27ac 84b441d311bc483885a13e4057a7138f - - default default] 10.0.0.144 "PUT /v2.0/routers/3534c952-5790-4025-8140-023001bac42f/add_router_interface HTTP/1.1" status: 200 len: 503 time: 1.9242070
2026-07-02 16:36:11.446 9 INFO neutron.api.wsgi [None req-8faaeec2-4c11-47d3-ad75-c6e8de2b44e1 1f264b52789842b89b11984cb5dbdb6e e5c9ff2aa67a4ebf9b1d5b185e895ab9 - - default default] 10.0.0.144 "GET /v2.0/networks/41a747fc-dc3e-48d6-ab22-90585c29a8ce/tags/red HTTP/1.1" status: 204 len: 168 time: 0.0229630
2026-07-02 16:36:11.472 9 INFO neutron.api.v2.resource [None req-22bd6a70-536a-4a1b-926c-e4e14db0854f 1f264b52789842b89b11984cb5dbdb6e e5c9ff2aa67a4ebf9b1d5b185e895ab9 - - default default] show failed (client error): The resource could not be found.
2026-07-02 16:36:11.473 9 INFO neutron.api.wsgi [None req-22bd6a70-536a-4a1b-926c-e4e14db0854f 1f264b52789842b89b11984cb5dbdb6e e5c9ff2aa67a4ebf9b1d5b185e895ab9 - - default default] 10.0.0.144 "GET /v2.0/networks/41a747fc-dc3e-48d6-ab22-90585c29a8ce/tags/green HTTP/1.1" status: 404 len: 299 time: 0.0213542
2026-07-02 16:36:11.532 9 INFO neutron.api.wsgi [None req-28d796b2-025c-4192-87bc-e65f4699dec7 1f264b52789842b89b11984cb5dbdb6e e5c9ff2aa67a4ebf9b1d5b185e895ab9 - - default default] 10.0.0.144 "DELETE /v2.0/networks/41a747fc-dc3e-48d6-ab22-90585c29a8ce/tags/red HTTP/1.1" status: 204 len: 168 time: 0.0546134
2026-07-02 16:36:11.580 10 INFO neutron.api.wsgi [None req-1486f015-5729-40ce-a34e-75ae447fbe06 1f264b52789842b89b11984cb5dbdb6e e5c9ff2aa67a4ebf9b1d5b185e895ab9 - - default default] 10.0.0.144 "GET /v2.0/networks/41a747fc-dc3e-48d6-ab22-90585c29a8ce/tags HTTP/1.1" status: 200 len: 223 time: 0.0436289
2026-07-02 16:36:11.622 10 INFO neutron.api.v2.resource [None req-6dc4d59a-3dfb-4f6f-a959-0e0b28a41142 1f264b52789842b89b11984cb5dbdb6e e5c9ff2aa67a4ebf9b1d5b185e895ab9 - - default default] delete failed (client error): The resource could not be found.
2026-07-02 16:36:11.624 10 INFO neutron.api.wsgi [None req-6dc4d59a-3dfb-4f6f-a959-0e0b28a41142 1f264b52789842b89b11984cb5dbdb6e e5c9ff2aa67a4ebf9b1d5b185e895ab9 - - default default] 10.0.0.144 "DELETE /v2.0/networks/41a747fc-dc3e-48d6-ab22-90585c29a8ce/tags/green HTTP/1.1" status: 404 len: 299 time: 0.0365114
2026-07-02 16:36:11.683 10 INFO neutron.api.wsgi [None req-03caa19c-c187-4a4f-b16a-14d58fe071d5 1f264b52789842b89b11984cb5dbdb6e e5c9ff2aa67a4ebf9b1d5b185e895ab9 - - default default] 10.0.0.144 "DELETE /v2.0/networks/41a747fc-dc3e-48d6-ab22-90585c29a8ce/tags HTTP/1.1" status: 204 len: 168 time: 0.0510814
2026-07-02 16:36:11.726 9 INFO neutron.api.wsgi [None req-9b5b8a0f-c3f8-487b-8e76-f78c7a3c1129 1f264b52789842b89b11984cb5dbdb6e e5c9ff2aa67a4ebf9b1d5b185e895ab9 - - default default] 10.0.0.144 "GET /v2.0/networks/41a747fc-dc3e-48d6-ab22-90585c29a8ce/tags HTTP/1.1" status: 200 len: 205 time: 0.0365307
2026-07-02 16:36:11.993 10 INFO neutron.services.segments.plugin [-] Segment 143f17fb-6a04-45d5-9275-79bd96de3868 resource provider aggregate not found
2026-07-02 16:36:12.003 10 INFO neutron.services.segments.plugin [-] Segment 143f17fb-6a04-45d5-9275-79bd96de3868 resource provider aggregate not found
2026-07-02 16:36:12.008 10 INFO neutron.services.segments.plugin [-] Segment 143f17fb-6a04-45d5-9275-79bd96de3868 resource provider not found; error: Placement Client Error (4xx): {"errors": [{"status": 404, "title": "Not Found", "detail": "The resource could not be found.\n\n No resource provider with uuid 143f17fb-6a04-45d5-9275-79bd96de3868 found for delete ", "request_id": "req-2e14a4be-2693-44d0-9fa6-51e80b396ce5"}]}
2026-07-02 16:36:12.019 10 INFO neutron.services.segments.plugin [-] Segment 143f17fb-6a04-45d5-9275-79bd96de3868 resource provider not found; error: Placement Client Error (4xx): {"errors": [{"status": 404, "title": "Not Found", "detail": "The resource could not be found.\n\n No resource provider with uuid 143f17fb-6a04-45d5-9275-79bd96de3868 found for delete ", "request_id": "req-9a093312-73d5-4b5f-bc81-4a5738cc5838"}]}
2026-07-02 16:36:12.048 10 INFO neutron.api.wsgi [None req-0a59139c-c75d-4fb3-ab84-b55f7504f863 1f264b52789842b89b11984cb5dbdb6e e5c9ff2aa67a4ebf9b1d5b185e895ab9 - - default default] 10.0.0.144 "DELETE /v2.0/networks/41a747fc-dc3e-48d6-ab22-90585c29a8ce HTTP/1.1" status: 204 len: 168 time: 0.3156574
2026-07-02 16:36:12.696 9 INFO neutron.db.ovn_revision_numbers_db [None req-51a6ca45-be0b-41aa-9640-a43c61a646af a8aa24bd68aa41139e299598e80b27ac 84b441d311bc483885a13e4057a7138f - - default default] Successfully bumped revision number for resource 78a7ca48-e67b-49fb-8d90-cc7e934db12b (type: security_groups) to 1
2026-07-02 16:36:12.710 9 INFO neutron.db.ovn_revision_numbers_db [None req-51a6ca45-be0b-41aa-9640-a43c61a646af a8aa24bd68aa41139e299598e80b27ac 84b441d311bc483885a13e4057a7138f - - default default] Successfully bumped revision number for resource 0ca14415-58c6-4371-999f-e72fbe40cfed (type: security_group_rules) to 0
2026-07-02 16:36:12.725 9 INFO neutron.db.ovn_revision_numbers_db [None req-51a6ca45-be0b-41aa-9640-a43c61a646af a8aa24bd68aa41139e299598e80b27ac 84b441d311bc483885a13e4057a7138f - - default default] Successfully bumped revision number for resource 52b93acb-db30-4380-88d0-016f7e8f8656 (type: security_group_rules) to 0
2026-07-02 16:36:12.740 9 INFO neutron.db.ovn_revision_numbers_db [None req-51a6ca45-be0b-41aa-9640-a43c61a646af a8aa24bd68aa41139e299598e80b27ac 84b441d311bc483885a13e4057a7138f - - default default] Successfully bumped revision number for resource be0c080e-0cb4-4345-b64b-160b6270424d (type: security_group_rules) to 0
2026-07-02 16:36:12.753 9 INFO neutron.db.ovn_revision_numbers_db [None req-51a6ca45-be0b-41aa-9640-a43c61a646af a8aa24bd68aa41139e299598e80b27ac 84b441d311bc483885a13e4057a7138f - - default default] Successfully bumped revision number for resource d79cd3ab-721e-4123-bde3-5c0bdce2f17f (type: security_group_rules) to 0
2026-07-02 16:36:12.827 9 INFO neutron.db.segments_db [None req-51a6ca45-be0b-41aa-9640-a43c61a646af a8aa24bd68aa41139e299598e80b27ac 84b441d311bc483885a13e4057a7138f - - default default] Added segment 5f8ed204-c6d1-486d-8a95-ddc35216fef0 of type geneve for network fc124efb-50f8-4968-9517-a636d7c4784e
2026-07-02 16:36:12.934 9 INFO neutron.db.ovn_revision_numbers_db [None req-51a6ca45-be0b-41aa-9640-a43c61a646af a8aa24bd68aa41139e299598e80b27ac 84b441d311bc483885a13e4057a7138f - - default default] Successfully bumped revision number for resource fc124efb-50f8-4968-9517-a636d7c4784e (type: networks) to 1
2026-07-02 16:36:12.937 10 INFO neutron.db.ovn_revision_numbers_db [None req-80586028-2885-4cf7-ae2e-60ff6c22749d a8aa24bd68aa41139e299598e80b27ac 84b441d311bc483885a13e4057a7138f - - default default] Successfully bumped revision number for resource 24dbcfd4-97d2-4bf5-a85f-cc9ea6e8be16 (type: security_groups) to 1
2026-07-02 16:36:12.951 10 INFO neutron.db.ovn_revision_numbers_db [None req-80586028-2885-4cf7-ae2e-60ff6c22749d a8aa24bd68aa41139e299598e80b27ac 84b441d311bc483885a13e4057a7138f - - default default] Successfully bumped revision number for resource 07b3a46d-784e-449b-9e1d-fd27c19f0b0f (type: security_group_rules) to 0
2026-07-02 16:36:12.969 10 INFO neutron.db.ovn_revision_numbers_db [None req-80586028-2885-4cf7-ae2e-60ff6c22749d a8aa24bd68aa41139e299598e80b27ac 84b441d311bc483885a13e4057a7138f - - default default] Successfully bumped revision number for resource 313b4fa8-95f8-4025-808d-a601899a1840 (type: security_group_rules) to 0
2026-07-02 16:36:12.982 10 INFO neutron.db.ovn_revision_numbers_db [None req-80586028-2885-4cf7-ae2e-60ff6c22749d a8aa24bd68aa41139e299598e80b27ac 84b441d311bc483885a13e4057a7138f - - default default] Successfully bumped revision number for resource 5846758e-8acf-4d99-8c74-04b15f239230 (type: security_group_rules) to 0
2026-07-02 16:36:12.995 10 INFO neutron.db.ovn_revision_numbers_db [None req-80586028-2885-4cf7-ae2e-60ff6c22749d a8aa24bd68aa41139e299598e80b27ac 84b441d311bc483885a13e4057a7138f - - default default] Successfully bumped revision number for resource fab37a48-15d8-4783-ad2c-01b4f6232eb3 (type: security_group_rules) to 0
2026-07-02 16:36:13.031 10 INFO neutron.api.wsgi [None req-80586028-2885-4cf7-ae2e-60ff6c22749d a8aa24bd68aa41139e299598e80b27ac 84b441d311bc483885a13e4057a7138f - - default default] 10.0.0.144 "GET /v2.0/security-groups?tenant_id=90d899b5a5b84115a9bc265f432cc3bf&name=default HTTP/1.1" status: 200 len: 3124 time: 0.3796713
2026-07-02 16:36:13.085 9 WARNING neutron.scheduler.dhcp_agent_scheduler [None req-51a6ca45-be0b-41aa-9640-a43c61a646af a8aa24bd68aa41139e299598e80b27ac 84b441d311bc483885a13e4057a7138f - - default default] No more DHCP agents
2026-07-02 16:36:13.086 9 WARNING neutron.api.rpc.agentnotifiers.dhcp_rpc_agent_api [None req-51a6ca45-be0b-41aa-9640-a43c61a646af a8aa24bd68aa41139e299598e80b27ac 84b441d311bc483885a13e4057a7138f - - default default] Unable to schedule network fc124efb-50f8-4968-9517-a636d7c4784e: no agents available; will retry on subsequent port and subnet creation events.
2026-07-02 16:36:13.146 9 INFO neutron.db.ovn_revision_numbers_db [None req-51a6ca45-be0b-41aa-9640-a43c61a646af a8aa24bd68aa41139e299598e80b27ac 84b441d311bc483885a13e4057a7138f - - default default] Successfully bumped revision number for resource 19f6d529-a617-4c29-a9f0-6bdb38ecaba3 (type: ports) to 1
2026-07-02 16:36:13.176 9 INFO neutron.api.wsgi [None req-51a6ca45-be0b-41aa-9640-a43c61a646af a8aa24bd68aa41139e299598e80b27ac 84b441d311bc483885a13e4057a7138f - - default default] 10.0.0.144 "POST /v2.0/networks HTTP/1.1" status: 201 len: 942 time: 0.6240964
2026-07-02 16:36:13.281 10 INFO neutron.api.wsgi [None req-3f4c4c2f-428f-4975-be77-cf5cd0ded6d2 a8aa24bd68aa41139e299598e80b27ac 84b441d311bc483885a13e4057a7138f - - default default] 10.0.0.144 "DELETE /v2.0/security-groups/24dbcfd4-97d2-4bf5-a85f-cc9ea6e8be16 HTTP/1.1" status: 204 len: 168 time: 0.2443664
2026-07-02 16:36:13.339 10 WARNING neutron.scheduler.dhcp_agent_scheduler [None req-5873ad67-dfd8-413f-8652-d6921174d625 a8aa24bd68aa41139e299598e80b27ac 84b441d311bc483885a13e4057a7138f - - default default] No more DHCP agents
2026-07-02 16:36:13.341 10 WARNING neutron.api.rpc.agentnotifiers.dhcp_rpc_agent_api [None req-5873ad67-dfd8-413f-8652-d6921174d625 a8aa24bd68aa41139e299598e80b27ac 84b441d311bc483885a13e4057a7138f - - default default] Unable to schedule network fc124efb-50f8-4968-9517-a636d7c4784e: no agents available; will retry on subsequent port and subnet creation events.
2026-07-02 16:36:13.413 9 INFO neutron.api.wsgi [None req-974d051f-ff0d-4973-b8af-3319dcae86f0 a8aa24bd68aa41139e299598e80b27ac 84b441d311bc483885a13e4057a7138f - - default default] 10.0.0.144 "GET /v2.0/security-groups?tenant_id=e5c9ff2aa67a4ebf9b1d5b185e895ab9&name=default HTTP/1.1" status: 200 len: 3124 time: 0.0276470
2026-07-02 16:36:13.635 9 INFO neutron.api.wsgi [None req-6d03f504-7036-42e8-8997-3b553765aa3e a8aa24bd68aa41139e299598e80b27ac 84b441d311bc483885a13e4057a7138f - - default default] 10.0.0.144 "DELETE /v2.0/security-groups/0e4324c0-84c6-4f0e-9a58-2b62ae105144 HTTP/1.1" status: 204 len: 168 time: 0.2171853
2026-07-02 16:36:13.798 10 INFO neutron.db.ovn_revision_numbers_db [None req-fcc7f76a-2e6c-4319-a0e4-d82fb7d20b6f - - - - - -] Successfully bumped revision number for resource 19f6d529-a617-4c29-a9f0-6bdb38ecaba3 (type: ports) to 2
2026-07-02 16:36:13.826 10 INFO neutron.db.ovn_revision_numbers_db [None req-fcc7f76a-2e6c-4319-a0e4-d82fb7d20b6f - - - - - -] Successfully bumped revision number for resource 762895d2-3461-43b9-be67-f637274d88c5 (type: subnets) to 0
2026-07-02 16:36:13.841 10 INFO neutron.api.wsgi [None req-5873ad67-dfd8-413f-8652-d6921174d625 a8aa24bd68aa41139e299598e80b27ac 84b441d311bc483885a13e4057a7138f - - default default] 10.0.0.144 "POST /v2.0/subnets HTTP/1.1" status: 201 len: 886 time: 0.6593995
2026-07-02 16:36:14.216 10 WARNING neutron.scheduler.dhcp_agent_scheduler [None req-85292b6b-5803-481c-8d99-8f8c3685f574 a8aa24bd68aa41139e299598e80b27ac 84b441d311bc483885a13e4057a7138f - - default default] No more DHCP agents
2026-07-02 16:36:14.217 10 WARNING neutron.api.rpc.agentnotifiers.dhcp_rpc_agent_api [None req-85292b6b-5803-481c-8d99-8f8c3685f574 a8aa24bd68aa41139e299598e80b27ac 84b441d311bc483885a13e4057a7138f - - default default] Unable to schedule network d6fe8552-e98e-4cfa-a988-0f3c36a0eb69: no agents available; will retry on subsequent port and subnet creation events.
2026-07-02 16:36:14.336 10 INFO neutron.db.ovn_revision_numbers_db [None req-85292b6b-5803-481c-8d99-8f8c3685f574 a8aa24bd68aa41139e299598e80b27ac 84b441d311bc483885a13e4057a7138f - - default default] Successfully bumped revision number for resource 238d7502-061f-4b82-b6a6-fd42c6ce1d50 (type: ports) to 1
2026-07-02 16:36:15.246 10 INFO neutron.plugins.ml2.drivers.ovn.mech_driver.ovsdb.commands [None req-d5926892-c53d-4330-9623-2442f20b8e01 - - - - - -] Schedule LRP lrp-238d7502-061f-4b82-b6a6-fd42c6ce1d50 on gateway 71d8e3be-b7ea-442d-b832-9996de9ffa64 with priority 1
2026-07-02 16:36:15.276 9 INFO neutron.plugins.ml2.drivers.ovn.mech_driver.ovsdb.ovsdb_monitor [None req-43f2b9c4-4e8f-4d33-ae6d-d71185b687bd - - - - - -] Router 8ec80bf2-84d1-4a94-b1e8-cddc3feb560d is bound to host instance
2026-07-02 16:36:15.289 10 INFO neutron.db.ovn_revision_numbers_db [None req-85292b6b-5803-481c-8d99-8f8c3685f574 a8aa24bd68aa41139e299598e80b27ac 84b441d311bc483885a13e4057a7138f - - default default] Successfully bumped revision number for resource 238d7502-061f-4b82-b6a6-fd42c6ce1d50 (type: router_ports) to 1
2026-07-02 16:36:15.364 10 INFO neutron.db.ovn_revision_numbers_db [None req-85292b6b-5803-481c-8d99-8f8c3685f574 a8aa24bd68aa41139e299598e80b27ac 84b441d311bc483885a13e4057a7138f - - default default] Successfully bumped revision number for resource 8ec80bf2-84d1-4a94-b1e8-cddc3feb560d (type: routers) to 2
2026-07-02 16:36:15.380 10 INFO neutron.api.wsgi [None req-85292b6b-5803-481c-8d99-8f8c3685f574 a8aa24bd68aa41139e299598e80b27ac 84b441d311bc483885a13e4057a7138f - - default default] 10.0.0.144 "POST /v2.0/routers HTTP/1.1" status: 201 len: 1164 time: 1.5342238
2026-07-02 16:36:15.779 9 INFO neutron.db.ovn_revision_numbers_db [None req-9b1314db-8982-475f-8c9c-dc59a5741233 - - - - - -] Successfully bumped revision number for resource 238d7502-061f-4b82-b6a6-fd42c6ce1d50 (type: ports) to 1
2026-07-02 16:36:15.849 10 WARNING neutron.scheduler.dhcp_agent_scheduler [None req-25233149-47e4-4fe8-87ae-11b656569728 a8aa24bd68aa41139e299598e80b27ac 84b441d311bc483885a13e4057a7138f - - default default] No more DHCP agents
2026-07-02 16:36:15.850 10 WARNING neutron.api.rpc.agentnotifiers.dhcp_rpc_agent_api [None req-25233149-47e4-4fe8-87ae-11b656569728 a8aa24bd68aa41139e299598e80b27ac 84b441d311bc483885a13e4057a7138f - - default default] Unable to schedule network fc124efb-50f8-4968-9517-a636d7c4784e: no agents available; will retry on subsequent port and subnet creation events.
2026-07-02 16:36:15.952 10 INFO neutron.db.ovn_revision_numbers_db [None req-25233149-47e4-4fe8-87ae-11b656569728 a8aa24bd68aa41139e299598e80b27ac 84b441d311bc483885a13e4057a7138f - - default default] Successfully bumped revision number for resource a97e2e52-ebbb-44cb-86fc-d3c79f5785fe (type: ports) to 1
2026-07-02 16:36:16.035 9 INFO neutron.db.ovn_revision_numbers_db [None req-9b1314db-8982-475f-8c9c-dc59a5741233 - - - - - -] Successfully bumped revision number for resource 238d7502-061f-4b82-b6a6-fd42c6ce1d50 (type: ports) to 4
2026-07-02 16:36:16.273 10 WARNING neutron.plugins.ml2.drivers.ovn.mech_driver.ovsdb.ovn_client [None req-77ddc75e-1d10-4074-a0f0-cfae8a3e0fde - - - - - -] No hosting information found for port 6d04fc72-b2dd-4a5d-9f08-ba761457bfad: RuntimeError: No hosting information found for port 6d04fc72-b2dd-4a5d-9f08-ba761457bfad
2026-07-02 16:36:16.279 9 INFO neutron.db.ovn_revision_numbers_db [None req-9b1314db-8982-475f-8c9c-dc59a5741233 - - - - - -] Successfully bumped revision number for resource 238d7502-061f-4b82-b6a6-fd42c6ce1d50 (type: ports) to 5
2026-07-02 16:36:16.344 10 INFO neutron.db.ovn_revision_numbers_db [None req-77ddc75e-1d10-4074-a0f0-cfae8a3e0fde - - - - - -] Successfully bumped revision number for resource 6d04fc72-b2dd-4a5d-9f08-ba761457bfad (type: router_ports) to 2
2026-07-02 16:36:16.344 10 INFO neutron.plugins.ml2.drivers.ovn.mech_driver.mech_driver [None req-77ddc75e-1d10-4074-a0f0-cfae8a3e0fde - - - - - -] OVN reports status up for port: 238d7502-061f-4b82-b6a6-fd42c6ce1d50
2026-07-02 16:36:16.359 10 INFO neutron.plugins.ml2.plugin [None req-77ddc75e-1d10-4074-a0f0-cfae8a3e0fde - - - - - -] Attempt 1 to provision port 238d7502-061f-4b82-b6a6-fd42c6ce1d50
2026-07-02 16:36:16.434 9 INFO neutron.plugins.ml2.drivers.ovn.mech_driver.mech_driver [None req-d0d67c26-ab07-4b18-9a6b-ef85bfdd8a78 - - - - - -] OVN reports status up for port: a97e2e52-ebbb-44cb-86fc-d3c79f5785fe
2026-07-02 16:36:16.440 9 INFO neutron.plugins.ml2.plugin [None req-d0d67c26-ab07-4b18-9a6b-ef85bfdd8a78 - - - - - -] Attempt 1 to provision port a97e2e52-ebbb-44cb-86fc-d3c79f5785fe
2026-07-02 16:36:16.456 10 INFO neutron.db.ovn_revision_numbers_db [None req-25233149-47e4-4fe8-87ae-11b656569728 a8aa24bd68aa41139e299598e80b27ac 84b441d311bc483885a13e4057a7138f - - default default] Successfully bumped revision number for resource a97e2e52-ebbb-44cb-86fc-d3c79f5785fe (type: ports) to 1
2026-07-02 16:36:16.506 10 WARNING neutron.scheduler.dhcp_agent_scheduler [None req-25233149-47e4-4fe8-87ae-11b656569728 a8aa24bd68aa41139e299598e80b27ac 84b441d311bc483885a13e4057a7138f - - default default] No more DHCP agents
2026-07-02 16:36:16.507 10 WARNING neutron.api.rpc.agentnotifiers.dhcp_rpc_agent_api [None req-25233149-47e4-4fe8-87ae-11b656569728 a8aa24bd68aa41139e299598e80b27ac 84b441d311bc483885a13e4057a7138f - - default default] Unable to schedule network fc124efb-50f8-4968-9517-a636d7c4784e: no agents available; will retry on subsequent port and subnet creation events.
2026-07-02 16:36:16.773 9 INFO neutron.db.ovn_revision_numbers_db [None req-d0d67c26-ab07-4b18-9a6b-ef85bfdd8a78 - - - - - -] Successfully bumped revision number for resource a97e2e52-ebbb-44cb-86fc-d3c79f5785fe (type: ports) to 2
2026-07-02 16:36:16.881 9 WARNING neutron_lib.context [None req-06f3e3ba-443e-4cd1-8853-26177cc6a9bc 4b10b55a2e7f491b85721c0b0248fa71 d28739afb6244437b81b7e7b2ad07c75 - - default default] Method 'is_advsvc' is deprecated since 2023.2 release (neutron-lib 3.8.0) and will be removed once support for the old RBAC API policies will be removed from Neutron. Please use method 'is_service_role' instead.
2026-07-02 16:36:16.991 10 INFO neutron.db.ovn_revision_numbers_db [None req-25233149-47e4-4fe8-87ae-11b656569728 a8aa24bd68aa41139e299598e80b27ac 84b441d311bc483885a13e4057a7138f - - default default] Successfully bumped revision number for resource a97e2e52-ebbb-44cb-86fc-d3c79f5785fe (type: router_ports) to 1
2026-07-02 16:36:16.996 10 INFO neutron.api.wsgi [None req-25233149-47e4-4fe8-87ae-11b656569728 a8aa24bd68aa41139e299598e80b27ac 84b441d311bc483885a13e4057a7138f - - default default] 10.0.0.144 "PUT /v2.0/routers/8ec80bf2-84d1-4a94-b1e8-cddc3feb560d/add_router_interface HTTP/1.1" status: 200 len: 503 time: 1.6111667
2026-07-02 16:36:17.053 9 INFO neutron.db.ovn_revision_numbers_db [None req-06f3e3ba-443e-4cd1-8853-26177cc6a9bc 4b10b55a2e7f491b85721c0b0248fa71 d28739afb6244437b81b7e7b2ad07c75 - - default default] Successfully bumped revision number for resource 8005f77f-80d4-4011-99ce-35dc1f19f3cd (type: security_groups) to 1
2026-07-02 16:36:17.065 9 INFO neutron.db.ovn_revision_numbers_db [None req-06f3e3ba-443e-4cd1-8853-26177cc6a9bc 4b10b55a2e7f491b85721c0b0248fa71 d28739afb6244437b81b7e7b2ad07c75 - - default default] Successfully bumped revision number for resource 44523a34-5a20-431b-a9b8-6a086b21c4c7 (type: security_group_rules) to 0
2026-07-02 16:36:17.077 9 INFO neutron.db.ovn_revision_numbers_db [None req-06f3e3ba-443e-4cd1-8853-26177cc6a9bc 4b10b55a2e7f491b85721c0b0248fa71 d28739afb6244437b81b7e7b2ad07c75 - - default default] Successfully bumped revision number for resource 4da2dc7f-8704-4778-8a63-88377fe97053 (type: security_group_rules) to 0
2026-07-02 16:36:17.090 9 INFO neutron.db.ovn_revision_numbers_db [None req-06f3e3ba-443e-4cd1-8853-26177cc6a9bc 4b10b55a2e7f491b85721c0b0248fa71 d28739afb6244437b81b7e7b2ad07c75 - - default default] Successfully bumped revision number for resource 74f47d41-a518-4d6f-bd1d-2c734eb1fe87 (type: security_group_rules) to 0
2026-07-02 16:36:17.101 9 INFO neutron.db.ovn_revision_numbers_db [None req-06f3e3ba-443e-4cd1-8853-26177cc6a9bc 4b10b55a2e7f491b85721c0b0248fa71 d28739afb6244437b81b7e7b2ad07c75 - - default default] Successfully bumped revision number for resource 83ac9b3d-b828-4ec9-b5ba-24a51a4f6ae8 (type: security_group_rules) to 0
2026-07-02 16:36:17.164 9 INFO neutron.db.segments_db [None req-06f3e3ba-443e-4cd1-8853-26177cc6a9bc 4b10b55a2e7f491b85721c0b0248fa71 d28739afb6244437b81b7e7b2ad07c75 - - default default] Added segment 9f2d3c4a-b5f6-43a3-95a7-80aff2426665 of type geneve for network 6b5ac9f7-2661-4a19-8770-c7212288204c
2026-07-02 16:36:17.268 9 INFO neutron.db.ovn_revision_numbers_db [None req-06f3e3ba-443e-4cd1-8853-26177cc6a9bc 4b10b55a2e7f491b85721c0b0248fa71 d28739afb6244437b81b7e7b2ad07c75 - - default default] Successfully bumped revision number for resource 6b5ac9f7-2661-4a19-8770-c7212288204c (type: networks) to 1
2026-07-02 16:36:17.413 9 WARNING neutron.scheduler.dhcp_agent_scheduler [None req-06f3e3ba-443e-4cd1-8853-26177cc6a9bc 4b10b55a2e7f491b85721c0b0248fa71 d28739afb6244437b81b7e7b2ad07c75 - - default default] No more DHCP agents
2026-07-02 16:36:17.415 9 WARNING neutron.api.rpc.agentnotifiers.dhcp_rpc_agent_api [None req-06f3e3ba-443e-4cd1-8853-26177cc6a9bc 4b10b55a2e7f491b85721c0b0248fa71 d28739afb6244437b81b7e7b2ad07c75 - - default default] Unable to schedule network 6b5ac9f7-2661-4a19-8770-c7212288204c: no agents available; will retry on subsequent port and subnet creation events.
2026-07-02 16:36:17.473 9 INFO neutron.db.ovn_revision_numbers_db [None req-06f3e3ba-443e-4cd1-8853-26177cc6a9bc 4b10b55a2e7f491b85721c0b0248fa71 d28739afb6244437b81b7e7b2ad07c75 - - default default] Successfully bumped revision number for resource e6757561-1561-457f-8148-c36d7e4889c8 (type: ports) to 1
2026-07-02 16:36:17.493 9 INFO neutron.api.wsgi [None req-06f3e3ba-443e-4cd1-8853-26177cc6a9bc 4b10b55a2e7f491b85721c0b0248fa71 d28739afb6244437b81b7e7b2ad07c75 - - default default] 10.0.0.144 "POST /v2.0/networks HTTP/1.1" status: 201 len: 830 time: 0.7774100
2026-07-02 16:36:17.502 9 WARNING neutron_lib.context [None req-e6707ede-16ac-4476-abb2-2ee003830890 4b10b55a2e7f491b85721c0b0248fa71 d28739afb6244437b81b7e7b2ad07c75 - - default default] Method 'is_advsvc' is deprecated since 2023.2 release (neutron-lib 3.8.0) and will be removed once support for the old RBAC API policies will be removed from Neutron. Please use method 'is_service_role' instead.
2026-07-02 16:36:17.597 10 WARNING neutron_lib.context [None req-14e62618-49b1-4018-82ce-d96866e6e178 f0396f10eaea40cf95fd9d689063a3a6 48793530a93945a78c29e56aa99675d2 - - default default] Method 'is_advsvc' is deprecated since 2023.2 release (neutron-lib 3.8.0) and will be removed once support for the old RBAC API policies will be removed from Neutron. Please use method 'is_service_role' instead.
2026-07-02 16:36:17.710 9 WARNING neutron.scheduler.dhcp_agent_scheduler [None req-e6707ede-16ac-4476-abb2-2ee003830890 4b10b55a2e7f491b85721c0b0248fa71 d28739afb6244437b81b7e7b2ad07c75 - - default default] No more DHCP agents
2026-07-02 16:36:17.712 9 WARNING neutron.api.rpc.agentnotifiers.dhcp_rpc_agent_api [None req-e6707ede-16ac-4476-abb2-2ee003830890 4b10b55a2e7f491b85721c0b0248fa71 d28739afb6244437b81b7e7b2ad07c75 - - default default] Unable to schedule network 6b5ac9f7-2661-4a19-8770-c7212288204c: no agents available; will retry on subsequent port and subnet creation events.
2026-07-02 16:36:17.716 10 INFO neutron.db.ovn_revision_numbers_db [None req-14e62618-49b1-4018-82ce-d96866e6e178 f0396f10eaea40cf95fd9d689063a3a6 48793530a93945a78c29e56aa99675d2 - - default default] Successfully bumped revision number for resource 6b7a9e41-0571-4387-89b8-c5f09e2728a5 (type: security_groups) to 1
2026-07-02 16:36:17.728 10 INFO neutron.db.ovn_revision_numbers_db [None req-14e62618-49b1-4018-82ce-d96866e6e178 f0396f10eaea40cf95fd9d689063a3a6 48793530a93945a78c29e56aa99675d2 - - default default] Successfully bumped revision number for resource 4fc64b59-a406-4f9a-b5ef-36c930eb2c54 (type: security_group_rules) to 0
2026-07-02 16:36:17.740 10 INFO neutron.db.ovn_revision_numbers_db [None req-14e62618-49b1-4018-82ce-d96866e6e178 f0396f10eaea40cf95fd9d689063a3a6 48793530a93945a78c29e56aa99675d2 - - default default] Successfully bumped revision number for resource 4fd4de32-1e10-4a2e-b72d-23fb5fc459bd (type: security_group_rules) to 0
2026-07-02 16:36:17.770 10 INFO neutron.api.wsgi [None req-14e62618-49b1-4018-82ce-d96866e6e178 f0396f10eaea40cf95fd9d689063a3a6 48793530a93945a78c29e56aa99675d2 - - default default] 10.0.0.144 "POST /v2.0/security-groups HTTP/1.1" status: 201 len: 1877 time: 0.1790085
2026-07-02 16:36:17.779 10 WARNING neutron_lib.context [None req-cfa245c9-ce9f-4c57-9721-bd3f70b40461 f0396f10eaea40cf95fd9d689063a3a6 48793530a93945a78c29e56aa99675d2 - - default default] Method 'is_advsvc' is deprecated since 2023.2 release (neutron-lib 3.8.0) and will be removed once support for the old RBAC API policies will be removed from Neutron. Please use method 'is_service_role' instead.
2026-07-02 16:36:17.906 10 INFO neutron.db.ovn_revision_numbers_db [None req-cfa245c9-ce9f-4c57-9721-bd3f70b40461 f0396f10eaea40cf95fd9d689063a3a6 48793530a93945a78c29e56aa99675d2 - - default default] Successfully bumped revision number for resource fc4fcd6a-9d44-443d-a367-b36c0383f96c (type: security_group_rules) to 0
2026-07-02 16:36:17.937 10 INFO neutron.api.wsgi [None req-cfa245c9-ce9f-4c57-9721-bd3f70b40461 f0396f10eaea40cf95fd9d689063a3a6 48793530a93945a78c29e56aa99675d2 - - default default] 10.0.0.144 "POST /v2.0/security-group-rules HTTP/1.1" status: 201 len: 796 time: 0.1615818
2026-07-02 16:36:17.945 10 WARNING neutron_lib.context [None req-9bbbfef2-b2ac-4d1e-a2bc-d228319356f9 f0396f10eaea40cf95fd9d689063a3a6 48793530a93945a78c29e56aa99675d2 - - default default] Method 'is_advsvc' is deprecated since 2023.2 release (neutron-lib 3.8.0) and will be removed once support for the old RBAC API policies will be removed from Neutron. Please use method 'is_service_role' instead.
2026-07-02 16:36:18.051 10 INFO neutron.db.ovn_revision_numbers_db [None req-9bbbfef2-b2ac-4d1e-a2bc-d228319356f9 f0396f10eaea40cf95fd9d689063a3a6 48793530a93945a78c29e56aa99675d2 - - default default] Successfully bumped revision number for resource 6cd673c9-fe28-449e-8a73-d20dc24e081b (type: security_group_rules) to 0
2026-07-02 16:36:18.078 10 INFO neutron.api.wsgi [None req-9bbbfef2-b2ac-4d1e-a2bc-d228319356f9 f0396f10eaea40cf95fd9d689063a3a6 48793530a93945a78c29e56aa99675d2 - - default default] 10.0.0.144 "POST /v2.0/security-group-rules HTTP/1.1" status: 201 len: 795 time: 0.1365056
2026-07-02 16:36:18.092 10 WARNING neutron_lib.context [None req-4583aec8-33aa-4e73-a880-3887f5f70a15 f0396f10eaea40cf95fd9d689063a3a6 48793530a93945a78c29e56aa99675d2 - - default default] Method 'is_advsvc' is deprecated since 2023.2 release (neutron-lib 3.8.0) and will be removed once support for the old RBAC API policies will be removed from Neutron. Please use method 'is_service_role' instead.
2026-07-02 16:36:18.105 9 INFO neutron.db.ovn_revision_numbers_db [None req-23391c0c-0517-4e45-913f-62c3cfffa84f - - - - - -] Successfully bumped revision number for resource e6757561-1561-457f-8148-c36d7e4889c8 (type: ports) to 2
2026-07-02 16:36:18.135 9 INFO neutron.db.ovn_revision_numbers_db [None req-23391c0c-0517-4e45-913f-62c3cfffa84f - - - - - -] Successfully bumped revision number for resource 8ed42116-cf6a-4530-815f-9efddd65bb81 (type: subnets) to 0
2026-07-02 16:36:18.151 9 INFO neutron.api.wsgi [None req-e6707ede-16ac-4476-abb2-2ee003830890 4b10b55a2e7f491b85721c0b0248fa71 d28739afb6244437b81b7e7b2ad07c75 - - default default] 10.0.0.144 "POST /v2.0/subnets HTTP/1.1" status: 201 len: 825 time: 0.6524389
2026-07-02 16:36:18.204 10 INFO neutron.db.ovn_revision_numbers_db [None req-4583aec8-33aa-4e73-a880-3887f5f70a15 f0396f10eaea40cf95fd9d689063a3a6 48793530a93945a78c29e56aa99675d2 - - default default] Successfully bumped revision number for resource d6bea3ae-87ac-4667-9574-4285ea1a9128 (type: security_group_rules) to 0
2026-07-02 16:36:18.204 9 INFO neutron.api.wsgi [None req-e36ffffd-3f5f-44e3-baf3-62c42bf75b34 4b10b55a2e7f491b85721c0b0248fa71 d28739afb6244437b81b7e7b2ad07c75 - - default default] 10.0.0.144 "PUT /v2.0/subnets/8ed42116-cf6a-4530-815f-9efddd65bb81/tags HTTP/1.1" status: 200 len: 218 time: 0.0467434
2026-07-02 16:36:18.231 10 INFO neutron.api.wsgi [None req-4583aec8-33aa-4e73-a880-3887f5f70a15 f0396f10eaea40cf95fd9d689063a3a6 48793530a93945a78c29e56aa99675d2 - - default default] 10.0.0.144 "POST /v2.0/security-group-rules HTTP/1.1" status: 201 len: 801 time: 0.1460369
2026-07-02 16:36:18.233 9 INFO neutron.api.wsgi [None req-04904ff4-45b3-419f-8264-21d28418ce7b 4b10b55a2e7f491b85721c0b0248fa71 d28739afb6244437b81b7e7b2ad07c75 - - default default] 10.0.0.144 "GET /v2.0/subnets/8ed42116-cf6a-4530-815f-9efddd65bb81/tags HTTP/1.1" status: 200 len: 218 time: 0.0244794
2026-07-02 16:36:18.243 9 WARNING neutron_lib.context [None req-19bde7c1-ae64-452a-b36c-67d2c0801364 f0396f10eaea40cf95fd9d689063a3a6 48793530a93945a78c29e56aa99675d2 - - default default] Method 'is_advsvc' is deprecated since 2023.2 release (neutron-lib 3.8.0) and will be removed once support for the old RBAC API policies will be removed from Neutron. Please use method 'is_service_role' instead.
2026-07-02 16:36:18.284 10 INFO neutron.api.wsgi [None req-92bb9c46-3056-4dba-ad9f-2d1d26897998 4b10b55a2e7f491b85721c0b0248fa71 d28739afb6244437b81b7e7b2ad07c75 - - default default] 10.0.0.144 "PUT /v2.0/subnets/8ed42116-cf6a-4530-815f-9efddd65bb81/tags/green HTTP/1.1" status: 201 len: 201 time: 0.0445454
2026-07-02 16:36:18.315 10 INFO neutron.api.wsgi [None req-9695b03d-365e-442c-ae59-7d49879eec14 4b10b55a2e7f491b85721c0b0248fa71 d28739afb6244437b81b7e7b2ad07c75 - - default default] 10.0.0.144 "GET /v2.0/subnets/8ed42116-cf6a-4530-815f-9efddd65bb81/tags HTTP/1.1" status: 200 len: 227 time: 0.0251377
2026-07-02 16:36:18.348 10 INFO neutron.api.wsgi [None req-c19397b8-11d5-4a26-8ae0-7a17ec58f0fc 4b10b55a2e7f491b85721c0b0248fa71 d28739afb6244437b81b7e7b2ad07c75 - - default default] 10.0.0.144 "PUT /v2.0/subnets/8ed42116-cf6a-4530-815f-9efddd65bb81/tags/red HTTP/1.1" status: 201 len: 201 time: 0.0267940
2026-07-02 16:36:18.369 9 INFO neutron.db.ovn_revision_numbers_db [None req-19bde7c1-ae64-452a-b36c-67d2c0801364 f0396f10eaea40cf95fd9d689063a3a6 48793530a93945a78c29e56aa99675d2 - - default default] Successfully bumped revision number for resource 30f1dbe3-9939-4031-ac36-c4863385a7c0 (type: security_group_rules) to 0
2026-07-02 16:36:18.378 10 INFO neutron.api.wsgi [None req-0ec50a3b-c855-46b8-a9f0-4ea12febdf89 4b10b55a2e7f491b85721c0b0248fa71 d28739afb6244437b81b7e7b2ad07c75 - - default default] 10.0.0.144 "GET /v2.0/subnets/8ed42116-cf6a-4530-815f-9efddd65bb81/tags HTTP/1.1" status: 200 len: 227 time: 0.0247309
2026-07-02 16:36:18.403 9 INFO neutron.api.wsgi [None req-19bde7c1-ae64-452a-b36c-67d2c0801364 f0396f10eaea40cf95fd9d689063a3a6 48793530a93945a78c29e56aa99675d2 - - default default] 10.0.0.144 "POST /v2.0/security-group-rules HTTP/1.1" status: 201 len: 800 time: 0.1675692
2026-07-02 16:36:18.413 9 WARNING neutron_lib.context [None req-b0496535-f2bd-4556-941e-33e3651a5518 f0396f10eaea40cf95fd9d689063a3a6 48793530a93945a78c29e56aa99675d2 - - default default] Method 'is_advsvc' is deprecated since 2023.2 release (neutron-lib 3.8.0) and will be removed once support for the old RBAC API policies will be removed from Neutron. Please use method 'is_service_role' instead.
2026-07-02 16:36:18.420 10 INFO neutron.api.wsgi [None req-c50965c9-7203-496a-ba0a-63f0c4a6be9d 4b10b55a2e7f491b85721c0b0248fa71 d28739afb6244437b81b7e7b2ad07c75 - - default default] 10.0.0.144 "PUT /v2.0/subnets/8ed42116-cf6a-4530-815f-9efddd65bb81/tags/black.or.white HTTP/1.1" status: 201 len: 201 time: 0.0348551
2026-07-02 16:36:18.452 9 INFO neutron.api.wsgi [None req-5491c31c-0833-4b1b-9c62-2c6768b1eba8 4b10b55a2e7f491b85721c0b0248fa71 d28739afb6244437b81b7e7b2ad07c75 - - default default] 10.0.0.144 "GET /v2.0/subnets/8ed42116-cf6a-4530-815f-9efddd65bb81/tags HTTP/1.1" status: 200 len: 245 time: 0.0253885
2026-07-02 16:36:18.453 9 INFO neutron.db.securitygroups_db [None req-b0496535-f2bd-4556-941e-33e3651a5518 f0396f10eaea40cf95fd9d689063a3a6 48793530a93945a78c29e56aa99675d2 - - default default] Project 48793530a93945a78c29e56aa99675d2 added a security group rule with legacy IPv6 ICMP protocol name icmp, ipv6-icmp should be used instead. It was automatically converted.
2026-07-02 16:36:18.528 9 INFO neutron.api.wsgi [None req-1757b56f-3e64-46c1-aa82-80721f0c39f9 4b10b55a2e7f491b85721c0b0248fa71 d28739afb6244437b81b7e7b2ad07c75 - - default default] 10.0.0.144 "PUT /v2.0/subnets/8ed42116-cf6a-4530-815f-9efddd65bb81/tags HTTP/1.1" status: 200 len: 230 time: 0.0701318
2026-07-02 16:36:18.576 10 INFO neutron.api.wsgi [None req-e77818d2-fbf7-4e34-a444-28579639f433 4b10b55a2e7f491b85721c0b0248fa71 d28739afb6244437b81b7e7b2ad07c75 - - default default] 10.0.0.144 "GET /v2.0/subnets/8ed42116-cf6a-4530-815f-9efddd65bb81/tags HTTP/1.1" status: 200 len: 230 time: 0.0416298
2026-07-02 16:36:18.576 9 INFO neutron.db.ovn_revision_numbers_db [None req-b0496535-f2bd-4556-941e-33e3651a5518 f0396f10eaea40cf95fd9d689063a3a6 48793530a93945a78c29e56aa99675d2 - - default default] Successfully bumped revision number for resource 33d7a9e2-bd1c-46e6-b226-e2349ad684af (type: security_group_rules) to 0
2026-07-02 16:36:18.615 10 INFO neutron.api.wsgi [None req-f1d03efc-fb1f-4e40-923f-7969c3801282 4b10b55a2e7f491b85721c0b0248fa71 d28739afb6244437b81b7e7b2ad07c75 - - default default] 10.0.0.144 "GET /v2.0/subnets/8ed42116-cf6a-4530-815f-9efddd65bb81/tags/red HTTP/1.1" status: 204 len: 168 time: 0.0333283
2026-07-02 16:36:18.622 9 INFO neutron.api.wsgi [None req-b0496535-f2bd-4556-941e-33e3651a5518 f0396f10eaea40cf95fd9d689063a3a6 48793530a93945a78c29e56aa99675d2 - - default default] 10.0.0.144 "POST /v2.0/security-group-rules HTTP/1.1" status: 201 len: 806 time: 0.2135069
2026-07-02 16:36:18.631 9 WARNING neutron_lib.context [None req-a412ed86-3d07-4fe4-90b6-0e725447a37e f0396f10eaea40cf95fd9d689063a3a6 48793530a93945a78c29e56aa99675d2 - - default default] Method 'is_advsvc' is deprecated since 2023.2 release (neutron-lib 3.8.0) and will be removed once support for the old RBAC API policies will be removed from Neutron. Please use method 'is_service_role' instead.
2026-07-02 16:36:18.645 10 INFO neutron.api.v2.resource [None req-ac8f16fe-f0e0-4573-b59b-07c29ba3028e 4b10b55a2e7f491b85721c0b0248fa71 d28739afb6244437b81b7e7b2ad07c75 - - default default] show failed (client error): The resource could not be found.
2026-07-02 16:36:18.648 10 INFO neutron.api.wsgi [None req-ac8f16fe-f0e0-4573-b59b-07c29ba3028e 4b10b55a2e7f491b85721c0b0248fa71 d28739afb6244437b81b7e7b2ad07c75 - - default default] 10.0.0.144 "GET /v2.0/subnets/8ed42116-cf6a-4530-815f-9efddd65bb81/tags/green HTTP/1.1" status: 404 len: 299 time: 0.0291617
2026-07-02 16:36:18.663 9 INFO neutron.db.securitygroups_db [None req-a412ed86-3d07-4fe4-90b6-0e725447a37e f0396f10eaea40cf95fd9d689063a3a6 48793530a93945a78c29e56aa99675d2 - - default default] Project 48793530a93945a78c29e56aa99675d2 added a security group rule with legacy IPv6 ICMP protocol name icmp, ipv6-icmp should be used instead. It was automatically converted.
2026-07-02 16:36:18.697 10 INFO neutron.api.wsgi [None req-67ddbd61-4d06-4802-b5b0-83c9ba0106cf 4b10b55a2e7f491b85721c0b0248fa71 d28739afb6244437b81b7e7b2ad07c75 - - default default] 10.0.0.144 "DELETE /v2.0/subnets/8ed42116-cf6a-4530-815f-9efddd65bb81/tags/red HTTP/1.1" status: 204 len: 168 time: 0.0442798
2026-07-02 16:36:18.734 9 INFO neutron.api.wsgi [None req-a83fe72d-e5c7-48a0-b9fe-03efd467e405 4b10b55a2e7f491b85721c0b0248fa71 d28739afb6244437b81b7e7b2ad07c75 - - default default] 10.0.0.144 "GET /v2.0/subnets/8ed42116-cf6a-4530-815f-9efddd65bb81/tags HTTP/1.1" status: 200 len: 223 time: 0.0329497
2026-07-02 16:36:18.752 9 INFO neutron.db.ovn_revision_numbers_db [None req-a412ed86-3d07-4fe4-90b6-0e725447a37e f0396f10eaea40cf95fd9d689063a3a6 48793530a93945a78c29e56aa99675d2 - - default default] Successfully bumped revision number for resource f637eb17-c3d9-45f2-b2cc-e6b132756b97 (type: security_group_rules) to 0
