2026-07-02 16:32:46.132 10 INFO neutron.db.l3_db [None req-abea01a0-c3fe-421a-898c-871861ff963e 07f8d3e7089b4cd296051b3c59210b68 843813e757fe4e859e63f5ee1b88fab9 - - default default] Floating IP 14ee5e2c-c00c-4402-b683-56bab51cd5a3 associated. External IP: 10.96.250.219, port: 00aa4879-1917-47b9-9453-f0a4e8566c98.
2026-07-02 16:32:46.152 10 INFO neutron.api.wsgi [None req-abea01a0-c3fe-421a-898c-871861ff963e 07f8d3e7089b4cd296051b3c59210b68 843813e757fe4e859e63f5ee1b88fab9 - - default default] 10.0.0.144 "PUT /v2.0/floatingips/14ee5e2c-c00c-4402-b683-56bab51cd5a3 HTTP/1.1" status: 200 len: 1050 time: 0.6984770 /var/lib/openstack/lib/python3.12/site-packages/pycadf/identifier.py:71: UserWarning: Invalid uuid: neutron. To ensure interoperability, identifiers should be a valid uuid. warnings.warn(('Invalid uuid: %s. To ensure interoperability, '
2026-07-02 16:32:46.232 10 INFO neutron.api.wsgi [req-d17efefa-4d74-4187-b7cc-c2ca2ce68e2e req-baa3e1bc-1d13-4ffb-91d6-94cc8a4f1250 07f8d3e7089b4cd296051b3c59210b68 843813e757fe4e859e63f5ee1b88fab9 - - default default] 10.0.0.135 "GET /v2.0/ports?device_id=4c3f96b8-827c-44aa-b7e5-6f265a77c101 HTTP/1.1" status: 200 len: 1174 time: 0.0400352
2026-07-02 16:32:46.268 10 INFO neutron.api.wsgi [req-d17efefa-4d74-4187-b7cc-c2ca2ce68e2e req-76888fbe-0258-46c8-bf88-f21554c84caf 07f8d3e7089b4cd296051b3c59210b68 843813e757fe4e859e63f5ee1b88fab9 - - default default] 10.0.0.135 "GET /v2.0/security-groups?id=fe5588ba-61a1-4d13-a9dc-56f8b850021a&fields=id&fields=name HTTP/1.1" status: 200 len: 313 time: 0.0293615
2026-07-02 16:32:46.290 9 INFO neutron.api.wsgi [req-d2f3ad3d-4df0-4a37-b16e-139704fda472 req-2b9c2aef-bac8-48c2-8330-630ea23bf1ff 8c38b219c4c64fa1ac22bc93f4f13ef3 836fe9ddd1c94e529cd14fec51510735 - - default default] 199.19.213.23 "GET /v2.0/ports?device_id=4bce2142-2ae0-4cbe-b8f6-591578d709cf HTTP/1.1" status: 200 len: 1172 time: 0.0832582
2026-07-02 16:32:46.640 10 INFO neutron.api.wsgi [req-b7742d68-27e8-4082-bba5-d6dfd049b8cc req-6e63f2bd-9362-4a7b-9892-347b1b2f777d 07f8d3e7089b4cd296051b3c59210b68 843813e757fe4e859e63f5ee1b88fab9 - - default default] 10.0.0.135 "GET /v2.0/ports?device_id=4c3f96b8-827c-44aa-b7e5-6f265a77c101 HTTP/1.1" status: 200 len: 1174 time: 0.0625892
2026-07-02 16:32:46.648 10 INFO neutron.notifiers.nova [-] Nova event matching ['req-e30fb921-5c41-4a36-93b8-6c00d49e09bb'] response: {'name': 'network-changed', 'server_uuid': '4c3f96b8-827c-44aa-b7e5-6f265a77c101', 'tag': '00aa4879-1917-47b9-9453-f0a4e8566c98', 'status': 'completed', 'code': 200}
2026-07-02 16:32:46.679 10 INFO neutron.api.wsgi [req-b7742d68-27e8-4082-bba5-d6dfd049b8cc req-17346689-e997-4a53-b7e7-6bc951c4d627 07f8d3e7089b4cd296051b3c59210b68 843813e757fe4e859e63f5ee1b88fab9 - - default default] 10.0.0.135 "GET /v2.0/security-groups?id=fe5588ba-61a1-4d13-a9dc-56f8b850021a&fields=id&fields=name HTTP/1.1" status: 200 len: 313 time: 0.0317383
2026-07-02 16:32:46.747 9 INFO neutron.db.l3_db [req-d2f3ad3d-4df0-4a37-b16e-139704fda472 req-b451bc94-0191-4e54-aa85-c7b94d048a86 8c38b219c4c64fa1ac22bc93f4f13ef3 836fe9ddd1c94e529cd14fec51510735 - - default default] Floating IP bbc11967-91e0-4b92-89c1-de8779096d55 disassociated. External IP: 10.96.250.212, port: 54cb146e-4a7c-4b1e-9526-44534fcfd85a.
2026-07-02 16:32:46.910 9 INFO neutron.api.wsgi [req-d2f3ad3d-4df0-4a37-b16e-139704fda472 req-b451bc94-0191-4e54-aa85-c7b94d048a86 8c38b219c4c64fa1ac22bc93f4f13ef3 836fe9ddd1c94e529cd14fec51510735 - - default default] 199.19.213.23 "DELETE /v2.0/ports/54cb146e-4a7c-4b1e-9526-44534fcfd85a HTTP/1.1" status: 204 len: 173 time: 0.6145248
2026-07-02 16:32:46.966 10 INFO neutron.api.wsgi [req-8d08ff4a-4b0b-472c-8c8d-f9dab17ee682 req-4e00439b-6e6d-4148-83ae-0e6373fcc499 8c38b219c4c64fa1ac22bc93f4f13ef3 836fe9ddd1c94e529cd14fec51510735 - - default default] 10.0.0.135 "GET /v2.0/ports?device_id=4bce2142-2ae0-4cbe-b8f6-591578d709cf HTTP/1.1" status: 200 len: 210 time: 0.0185783
2026-07-02 16:32:47.073 10 INFO neutron.plugins.ml2.drivers.ovn.mech_driver.mech_driver [None req-d9a8a741-589a-476a-9006-3ecc0bf7c571 - - - - - -] OVN reports status down for port: 00aa4879-1917-47b9-9453-f0a4e8566c98 /var/lib/openstack/lib/python3.12/site-packages/pycadf/identifier.py:71: UserWarning: Invalid uuid: neutron. To ensure interoperability, identifiers should be a valid uuid. warnings.warn(('Invalid uuid: %s. To ensure interoperability, '
2026-07-02 16:32:47.187 9 INFO neutron.api.wsgi [None req-c5e3ff24-9fe1-439a-892c-ccdddc77f5b6 a8aa24bd68aa41139e299598e80b27ac 84b441d311bc483885a13e4057a7138f - - default default] 10.0.0.144 "PUT /v2.0/routers/adf2b2dc-9b3a-4edc-ba96-54ad15259daf/remove_router_interface HTTP/1.1" status: 200 len: 503 time: 1.3500426
2026-07-02 16:32:47.217 9 INFO neutron.api.wsgi [req-bac8966e-6c9a-4b90-8ccf-4e262a3bcbb4 req-5a461f43-a5c7-4251-ba27-e4db9302bb0d 01bcb6fee37248b494183e693cd5f707 6764db65cfc44094b43f5cc35746ec70 - - f8f16a84101046e0877e187cea621c44 f8f16a84101046e0877e187cea621c44] 199.19.213.23 "GET /v2.0/ports?tenant_id=843813e757fe4e859e63f5ee1b88fab9&device_id=4c3f96b8-827c-44aa-b7e5-6f265a77c101 HTTP/1.1" status: 200 len: 1411 time: 0.0526307
2026-07-02 16:32:47.270 9 INFO neutron.api.wsgi [req-bac8966e-6c9a-4b90-8ccf-4e262a3bcbb4 req-670e37cb-3c7f-4082-9d75-66a25c4b277b 01bcb6fee37248b494183e693cd5f707 6764db65cfc44094b43f5cc35746ec70 - - f8f16a84101046e0877e187cea621c44 f8f16a84101046e0877e187cea621c44] 199.19.213.23 "GET /v2.0/networks?id=e0476655-cf74-41ba-bef5-3e6206e8ca52 HTTP/1.1" status: 200 len: 968 time: 0.0471933
2026-07-02 16:32:47.304 9 INFO neutron.api.wsgi [req-bac8966e-6c9a-4b90-8ccf-4e262a3bcbb4 req-105fa07a-6c17-4d2f-a559-c7a62b7fd20b 01bcb6fee37248b494183e693cd5f707 6764db65cfc44094b43f5cc35746ec70 - - f8f16a84101046e0877e187cea621c44 f8f16a84101046e0877e187cea621c44] 199.19.213.23 "GET /v2.0/floatingips?fixed_ip_address=10.100.0.14&port_id=00aa4879-1917-47b9-9453-f0a4e8566c98 HTTP/1.1" status: 200 len: 1058 time: 0.0308056
2026-07-02 16:32:47.333 9 INFO neutron.api.wsgi [req-bac8966e-6c9a-4b90-8ccf-4e262a3bcbb4 req-1d830f4e-f0a6-4a2c-a4dd-558f262cd3f3 01bcb6fee37248b494183e693cd5f707 6764db65cfc44094b43f5cc35746ec70 - - f8f16a84101046e0877e187cea621c44 f8f16a84101046e0877e187cea621c44] 199.19.213.23 "GET /v2.0/subnets?id=ef58d2a9-daf9-4c1f-8a1a-6b8109af6a0e HTTP/1.1" status: 200 len: 887 time: 0.0231974
2026-07-02 16:32:47.350 10 INFO neutron.db.ovn_revision_numbers_db [None req-d9a8a741-589a-476a-9006-3ecc0bf7c571 - - - - - -] Successfully bumped revision number for resource 00aa4879-1917-47b9-9453-f0a4e8566c98 (type: ports) to 6
2026-07-02 16:32:47.358 9 INFO neutron.api.wsgi [req-bac8966e-6c9a-4b90-8ccf-4e262a3bcbb4 req-f6dd82d3-98c6-41ef-9de6-d427e382bad1 01bcb6fee37248b494183e693cd5f707 6764db65cfc44094b43f5cc35746ec70 - - f8f16a84101046e0877e187cea621c44 f8f16a84101046e0877e187cea621c44] 199.19.213.23 "GET /v2.0/ports?network_id=e0476655-cf74-41ba-bef5-3e6206e8ca52&device_owner=network%3Adhcp HTTP/1.1" status: 200 len: 210 time: 0.0218976
2026-07-02 16:32:47.394 9 INFO neutron.api.wsgi [req-bac8966e-6c9a-4b90-8ccf-4e262a3bcbb4 req-88f0c75c-bd27-4f61-9e22-0997cc134a54 01bcb6fee37248b494183e693cd5f707 6764db65cfc44094b43f5cc35746ec70 - - f8f16a84101046e0877e187cea621c44 f8f16a84101046e0877e187cea621c44] 199.19.213.23 "GET /v2.0/networks/e0476655-cf74-41ba-bef5-3e6206e8ca52?fields=segments HTTP/1.1" status: 200 len: 212 time: 0.0296888
2026-07-02 16:32:47.443 9 INFO neutron.api.wsgi [req-bac8966e-6c9a-4b90-8ccf-4e262a3bcbb4 req-316485ee-dcb5-4962-bade-b7013ad774e9 01bcb6fee37248b494183e693cd5f707 6764db65cfc44094b43f5cc35746ec70 - - f8f16a84101046e0877e187cea621c44 f8f16a84101046e0877e187cea621c44] 199.19.213.23 "GET /v2.0/networks/e0476655-cf74-41ba-bef5-3e6206e8ca52?fields=provider%3Aphysical_network&fields=provider%3Anetwork_type HTTP/1.1" status: 200 len: 277 time: 0.0431852
2026-07-02 16:32:47.444 9 INFO neutron.notifiers.nova [-] Nova event matching ['req-ee43d35e-3f9e-4483-84a5-1978a53cdc51'] response: {'server_uuid': '4bce2142-2ae0-4cbe-b8f6-591578d709cf', 'name': 'network-vif-unplugged', 'status': 'completed', 'tag': '54cb146e-4a7c-4b1e-9526-44534fcfd85a', 'code': 200}
2026-07-02 16:32:47.444 9 INFO neutron.notifiers.nova [-] Nova event matching ['req-ee43d35e-3f9e-4483-84a5-1978a53cdc51'] response: {'server_uuid': '4bce2142-2ae0-4cbe-b8f6-591578d709cf', 'name': 'network-vif-deleted', 'tag': '54cb146e-4a7c-4b1e-9526-44534fcfd85a', 'status': 'completed', 'code': 200} /var/lib/openstack/lib/python3.12/site-packages/pycadf/identifier.py:71: UserWarning: Invalid uuid: neutron. To ensure interoperability, identifiers should be a valid uuid. warnings.warn(('Invalid uuid: %s. To ensure interoperability, '
2026-07-02 16:32:47.782 10 INFO neutron.api.wsgi [req-b89a0e79-6feb-46f6-b144-f8a11186b65e req-8aeb3ecd-e6d9-499c-bfe1-dab256d2f667 07f8d3e7089b4cd296051b3c59210b68 843813e757fe4e859e63f5ee1b88fab9 - - default default] 10.0.0.135 "GET /v2.0/ports?device_id=4c3f96b8-827c-44aa-b7e5-6f265a77c101 HTTP/1.1" status: 200 len: 1172 time: 0.0441389
2026-07-02 16:32:47.824 10 INFO neutron.api.wsgi [req-b89a0e79-6feb-46f6-b144-f8a11186b65e req-b75b2ca8-3588-4254-a599-4c514d86182a 07f8d3e7089b4cd296051b3c59210b68 843813e757fe4e859e63f5ee1b88fab9 - - default default] 10.0.0.135 "GET /v2.0/security-groups?id=fe5588ba-61a1-4d13-a9dc-56f8b850021a&fields=id&fields=name HTTP/1.1" status: 200 len: 313 time: 0.0333900
2026-07-02 16:32:47.833 10 INFO neutron.api.wsgi [None req-6a3d1e05-6a53-4aa3-893a-e1bba1809ae1 a8aa24bd68aa41139e299598e80b27ac 84b441d311bc483885a13e4057a7138f - - default default] 10.0.0.144 "DELETE /v2.0/routers/adf2b2dc-9b3a-4edc-ba96-54ad15259daf HTTP/1.1" status: 204 len: 168 time: 0.6387217
2026-07-02 16:32:47.968 10 INFO neutron.api.wsgi [None req-73337fe6-431d-4ea5-97ac-3b63ad728fc5 a8aa24bd68aa41139e299598e80b27ac 84b441d311bc483885a13e4057a7138f - - default default] 10.0.0.144 "DELETE /v2.0/subnets/45dd12e9-829f-49bd-ad79-d333747a3151 HTTP/1.1" status: 204 len: 168 time: 0.1306081
2026-07-02 16:32:48.193 10 INFO neutron.api.wsgi [req-a1396bc5-d0e5-4289-996b-6cc6dea92f2b req-38ac0c65-fe72-4681-84a6-584f196b1c7b 8c38b219c4c64fa1ac22bc93f4f13ef3 836fe9ddd1c94e529cd14fec51510735 - - default default] 10.0.0.135 "GET /v2.0/ports?device_id=4bce2142-2ae0-4cbe-b8f6-591578d709cf HTTP/1.1" status: 200 len: 210 time: 0.0175838
2026-07-02 16:32:48.240 10 INFO neutron.services.segments.plugin [-] Segment 389094fc-ab9e-4155-81ab-bc80a869383a resource provider aggregate not found
2026-07-02 16:32:48.245 10 INFO neutron.services.segments.plugin [-] Segment 389094fc-ab9e-4155-81ab-bc80a869383a resource provider aggregate not found
2026-07-02 16:32:48.250 10 INFO neutron.services.segments.plugin [-] Segment 389094fc-ab9e-4155-81ab-bc80a869383a resource provider not found; error: Placement Client Error (4xx): {"errors": [{"status": 404, "title": "Not Found", "detail": "The resource could not be found.\n\n No resource provider with uuid 389094fc-ab9e-4155-81ab-bc80a869383a found for delete ", "request_id": "req-f67ba63d-e477-427c-9cd3-9a5a9a9718aa"}]}
2026-07-02 16:32:48.261 10 INFO neutron.services.segments.plugin [-] Segment 389094fc-ab9e-4155-81ab-bc80a869383a resource provider not found; error: Placement Client Error (4xx): {"errors": [{"status": 404, "title": "Not Found", "detail": "The resource could not be found.\n\n No resource provider with uuid 389094fc-ab9e-4155-81ab-bc80a869383a found for delete ", "request_id": "req-9fe73ee5-ba3d-4cde-9310-925b570d5324"}]}
2026-07-02 16:32:48.277 10 INFO neutron.api.wsgi [None req-4d210400-07f2-47c0-936c-b5bc6166650f a8aa24bd68aa41139e299598e80b27ac 84b441d311bc483885a13e4057a7138f - - default default] 10.0.0.144 "DELETE /v2.0/networks/95756ace-d42a-4764-98a1-f171a3dea857 HTTP/1.1" status: 204 len: 168 time: 0.3043549
2026-07-02 16:32:48.343 9 INFO neutron.api.wsgi [req-6f56acab-7e7d-41a7-bbbb-ad0947965a59 req-4b9ca5c3-1dc3-437c-b969-1a32eadcc543 07f8d3e7089b4cd296051b3c59210b68 843813e757fe4e859e63f5ee1b88fab9 - - default default] 199.19.213.23 "GET /v2.0/ports?device_id=4c3f96b8-827c-44aa-b7e5-6f265a77c101 HTTP/1.1" status: 200 len: 1172 time: 0.0694425
2026-07-02 16:32:48.413 9 INFO neutron.api.wsgi [None req-30a8234e-f9bc-45b4-b4a3-0b593856a3ff a8aa24bd68aa41139e299598e80b27ac 84b441d311bc483885a13e4057a7138f - - default default] 10.0.0.144 "GET /v2.0/security-groups?tenant_id=796e5389d8c744fabfdefc16b2a54524&name=default HTTP/1.1" status: 200 len: 3116 time: 0.0349538
2026-07-02 16:32:48.616 10 INFO neutron.api.wsgi [None req-361b6a59-01c9-4192-8011-b583cc143633 a8aa24bd68aa41139e299598e80b27ac 84b441d311bc483885a13e4057a7138f - - default default] 10.0.0.144 "DELETE /v2.0/security-groups/ca89ed4e-2cd7-491e-8336-abe00438683b HTTP/1.1" status: 204 len: 168 time: 0.1967232
2026-07-02 16:32:48.679 9 INFO neutron.db.l3_db [req-6f56acab-7e7d-41a7-bbbb-ad0947965a59 req-4dd06437-1734-4ab6-9c7b-10886250bf63 07f8d3e7089b4cd296051b3c59210b68 843813e757fe4e859e63f5ee1b88fab9 - - default default] Floating IP 14ee5e2c-c00c-4402-b683-56bab51cd5a3 disassociated. External IP: 10.96.250.219, port: 00aa4879-1917-47b9-9453-f0a4e8566c98.
2026-07-02 16:32:48.699 10 INFO neutron.notifiers.nova [-] Nova event matching ['req-e2693a91-172b-4b63-a76e-103ab067a9a8'] response: {'server_uuid': '4c3f96b8-827c-44aa-b7e5-6f265a77c101', 'name': 'network-vif-unplugged', 'status': 'completed', 'tag': '00aa4879-1917-47b9-9453-f0a4e8566c98', 'code': 200}
2026-07-02 16:32:48.700 10 INFO neutron.notifiers.nova [-] Nova event matching ['req-e2693a91-172b-4b63-a76e-103ab067a9a8'] response: {'server_uuid': '4c3f96b8-827c-44aa-b7e5-6f265a77c101', 'name': 'network-vif-unplugged', 'status': 'completed', 'tag': '00aa4879-1917-47b9-9453-f0a4e8566c98', 'code': 200}
2026-07-02 16:32:48.795 9 INFO neutron.api.wsgi [req-6f56acab-7e7d-41a7-bbbb-ad0947965a59 req-4dd06437-1734-4ab6-9c7b-10886250bf63 07f8d3e7089b4cd296051b3c59210b68 843813e757fe4e859e63f5ee1b88fab9 - - default default] 199.19.213.23 "DELETE /v2.0/ports/00aa4879-1917-47b9-9453-f0a4e8566c98 HTTP/1.1" status: 204 len: 173 time: 0.4473276 /var/lib/openstack/lib/python3.12/site-packages/pycadf/identifier.py:71: UserWarning: Invalid uuid: neutron. To ensure interoperability, identifiers should be a valid uuid. warnings.warn(('Invalid uuid: %s. To ensure interoperability, '
2026-07-02 16:32:48.902 10 INFO neutron.api.wsgi [req-258f3c61-ea6a-4a4d-a0c7-35d4a4c5fda1 req-77cb6be8-a623-4bbc-9320-78d9596139ad 07f8d3e7089b4cd296051b3c59210b68 843813e757fe4e859e63f5ee1b88fab9 - - default default] 10.0.0.135 "GET /v2.0/ports?device_id=4c3f96b8-827c-44aa-b7e5-6f265a77c101 HTTP/1.1" status: 200 len: 210 time: 0.0202463
2026-07-02 16:32:49.272 10 INFO neutron.api.wsgi [req-0b306034-524d-424c-a3c7-5569b11f8c95 req-398abf54-0a0d-4109-91d5-277f9be1ac17 8c38b219c4c64fa1ac22bc93f4f13ef3 836fe9ddd1c94e529cd14fec51510735 - - default default] 10.0.0.135 "GET /v2.0/ports?device_id=4bce2142-2ae0-4cbe-b8f6-591578d709cf HTTP/1.1" status: 200 len: 210 time: 0.0151727
2026-07-02 16:32:49.475 9 INFO neutron.notifiers.nova [-] Nova event matching ['req-e4ede33e-77e6-43ca-be1d-78804ebeb8f0'] response: {'server_uuid': '4c3f96b8-827c-44aa-b7e5-6f265a77c101', 'name': 'network-vif-deleted', 'tag': '00aa4879-1917-47b9-9453-f0a4e8566c98', 'status': 'completed', 'code': 200}
2026-07-02 16:32:50.148 10 INFO neutron.api.wsgi [req-40fee699-05a0-47d5-8668-8c25d3ff72ef req-2d111a67-6560-43d5-aa33-e65a5d492171 07f8d3e7089b4cd296051b3c59210b68 843813e757fe4e859e63f5ee1b88fab9 - - default default] 10.0.0.135 "GET /v2.0/ports?device_id=4c3f96b8-827c-44aa-b7e5-6f265a77c101 HTTP/1.1" status: 200 len: 210 time: 0.0208092
2026-07-02 16:32:50.461 10 INFO neutron.api.wsgi [None req-28d66025-690c-4dff-9326-460c6b3552a0 8c38b219c4c64fa1ac22bc93f4f13ef3 836fe9ddd1c94e529cd14fec51510735 - - default default] 10.0.0.144 "DELETE /v2.0/security-groups/d23806e8-7667-4974-9148-7e4b027acec4 HTTP/1.1" status: 204 len: 168 time: 0.1050897
2026-07-02 16:32:50.477 10 INFO neutron.api.v2.resource [None req-328851b1-1c0d-4770-9953-c0ef0bb01651 8c38b219c4c64fa1ac22bc93f4f13ef3 836fe9ddd1c94e529cd14fec51510735 - - default default] show failed (client error): The resource could not be found.
2026-07-02 16:32:50.478 10 INFO neutron.api.wsgi [None req-328851b1-1c0d-4770-9953-c0ef0bb01651 8c38b219c4c64fa1ac22bc93f4f13ef3 836fe9ddd1c94e529cd14fec51510735 - - default default] 10.0.0.144 "GET /v2.0/security-groups/d23806e8-7667-4974-9148-7e4b027acec4 HTTP/1.1" status: 404 len: 347 time: 0.0091209
2026-07-02 16:32:50.508 9 INFO neutron.db.ovn_revision_numbers_db [None req-7d3c15e0-e82a-4eef-ab93-2b8c3d1f3668 a8aa24bd68aa41139e299598e80b27ac 84b441d311bc483885a13e4057a7138f - - default default] Successfully bumped revision number for resource f839853b-d102-4e7a-879c-09c96b37feb7 (type: security_groups) to 1
2026-07-02 16:32:50.518 9 INFO neutron.db.ovn_revision_numbers_db [None req-7d3c15e0-e82a-4eef-ab93-2b8c3d1f3668 a8aa24bd68aa41139e299598e80b27ac 84b441d311bc483885a13e4057a7138f - - default default] Successfully bumped revision number for resource 855198c3-d78c-4864-a79d-5c858aafd8d0 (type: security_group_rules) to 0
2026-07-02 16:32:50.528 9 INFO neutron.db.ovn_revision_numbers_db [None req-7d3c15e0-e82a-4eef-ab93-2b8c3d1f3668 a8aa24bd68aa41139e299598e80b27ac 84b441d311bc483885a13e4057a7138f - - default default] Successfully bumped revision number for resource 8ac2c6b1-9091-417f-9980-57e5c8233ef1 (type: security_group_rules) to 0
2026-07-02 16:32:50.546 9 INFO neutron.db.ovn_revision_numbers_db [None req-7d3c15e0-e82a-4eef-ab93-2b8c3d1f3668 a8aa24bd68aa41139e299598e80b27ac 84b441d311bc483885a13e4057a7138f - - default default] Successfully bumped revision number for resource 8c10e40c-7283-4b4f-93fd-2f127ee95162 (type: security_group_rules) to 0
2026-07-02 16:32:50.563 9 INFO neutron.db.ovn_revision_numbers_db [None req-7d3c15e0-e82a-4eef-ab93-2b8c3d1f3668 a8aa24bd68aa41139e299598e80b27ac 84b441d311bc483885a13e4057a7138f - - default default] Successfully bumped revision number for resource 8e79a8bd-5236-4291-b708-d650bad0d371 (type: security_group_rules) to 0
2026-07-02 16:32:50.636 9 INFO neutron.db.segments_db [None req-7d3c15e0-e82a-4eef-ab93-2b8c3d1f3668 a8aa24bd68aa41139e299598e80b27ac 84b441d311bc483885a13e4057a7138f - - default default] Added segment 7cc5cbd0-f9bc-4492-a72f-f3d537f614b3 of type geneve for network 416b4df1-a69c-4c0a-a6a1-3fd07b423ccd
2026-07-02 16:32:50.735 9 INFO neutron.db.ovn_revision_numbers_db [None req-7d3c15e0-e82a-4eef-ab93-2b8c3d1f3668 a8aa24bd68aa41139e299598e80b27ac 84b441d311bc483885a13e4057a7138f - - default default] Successfully bumped revision number for resource 416b4df1-a69c-4c0a-a6a1-3fd07b423ccd (type: networks) to 1
2026-07-02 16:32:50.755 10 INFO neutron.api.wsgi [None req-aa8a3276-0723-4c1d-9486-109af17c4a76 8c38b219c4c64fa1ac22bc93f4f13ef3 836fe9ddd1c94e529cd14fec51510735 - - default default] 10.0.0.144 "DELETE /v2.0/floatingips/bbc11967-91e0-4b92-89c1-de8779096d55 HTTP/1.1" status: 204 len: 168 time: 0.2729070
2026-07-02 16:32:50.877 9 WARNING neutron.scheduler.dhcp_agent_scheduler [None req-7d3c15e0-e82a-4eef-ab93-2b8c3d1f3668 a8aa24bd68aa41139e299598e80b27ac 84b441d311bc483885a13e4057a7138f - - default default] No more DHCP agents
2026-07-02 16:32:50.878 9 WARNING neutron.api.rpc.agentnotifiers.dhcp_rpc_agent_api [None req-7d3c15e0-e82a-4eef-ab93-2b8c3d1f3668 a8aa24bd68aa41139e299598e80b27ac 84b441d311bc483885a13e4057a7138f - - default default] Unable to schedule network 416b4df1-a69c-4c0a-a6a1-3fd07b423ccd: no agents available; will retry on subsequent port and subnet creation events.
2026-07-02 16:32:50.930 9 INFO neutron.db.ovn_revision_numbers_db [None req-7d3c15e0-e82a-4eef-ab93-2b8c3d1f3668 a8aa24bd68aa41139e299598e80b27ac 84b441d311bc483885a13e4057a7138f - - default default] Successfully bumped revision number for resource 8af6be43-a2e6-4b16-b0e7-da3b11da22aa (type: ports) to 1
2026-07-02 16:32:50.948 9 INFO neutron.api.wsgi [None req-7d3c15e0-e82a-4eef-ab93-2b8c3d1f3668 a8aa24bd68aa41139e299598e80b27ac 84b441d311bc483885a13e4057a7138f - - default default] 10.0.0.144 "POST /v2.0/networks HTTP/1.1" status: 201 len: 948 time: 0.7208648
2026-07-02 16:32:51.050 9 WARNING neutron.scheduler.dhcp_agent_scheduler [None req-79ef7f6d-1e09-403e-91f8-aa1d30b3ff3a a8aa24bd68aa41139e299598e80b27ac 84b441d311bc483885a13e4057a7138f - - default default] No more DHCP agents
2026-07-02 16:32:51.051 9 WARNING neutron.api.rpc.agentnotifiers.dhcp_rpc_agent_api [None req-79ef7f6d-1e09-403e-91f8-aa1d30b3ff3a a8aa24bd68aa41139e299598e80b27ac 84b441d311bc483885a13e4057a7138f - - default default] Unable to schedule network 416b4df1-a69c-4c0a-a6a1-3fd07b423ccd: no agents available; will retry on subsequent port and subnet creation events.
2026-07-02 16:32:51.240 10 INFO neutron.api.wsgi [req-91a922d1-4644-4976-aae5-48afc383b4ae req-9760a64e-01ee-4af3-910d-a7f44efbe21a 07f8d3e7089b4cd296051b3c59210b68 843813e757fe4e859e63f5ee1b88fab9 - - default default] 10.0.0.135 "GET /v2.0/ports?device_id=4c3f96b8-827c-44aa-b7e5-6f265a77c101 HTTP/1.1" status: 200 len: 210 time: 0.0188293
2026-07-02 16:32:51.440 9 INFO neutron.db.ovn_revision_numbers_db [None req-238c0319-ab92-4a75-8c43-a4dfef00f4a5 - - - - - -] Successfully bumped revision number for resource 8af6be43-a2e6-4b16-b0e7-da3b11da22aa (type: ports) to 2
2026-07-02 16:32:51.469 9 INFO neutron.db.ovn_revision_numbers_db [None req-238c0319-ab92-4a75-8c43-a4dfef00f4a5 - - - - - -] Successfully bumped revision number for resource 9b745dd7-7465-4984-b389-1359041553aa (type: subnets) to 0
2026-07-02 16:32:51.485 9 INFO neutron.api.wsgi [None req-79ef7f6d-1e09-403e-91f8-aa1d30b3ff3a a8aa24bd68aa41139e299598e80b27ac 84b441d311bc483885a13e4057a7138f - - default default] 10.0.0.144 "POST /v2.0/subnets HTTP/1.1" status: 201 len: 892 time: 0.5328808
2026-07-02 16:32:51.824 10 INFO neutron.api.wsgi [None req-70e5b016-d8b2-4fef-b1c4-9445dcdfa880 a8aa24bd68aa41139e299598e80b27ac 84b441d311bc483885a13e4057a7138f - - default default] 10.0.0.144 "PUT /v2.0/routers/8a0fa1c1-9ce2-4881-a5ac-b249b7939f37/remove_router_interface HTTP/1.1" status: 200 len: 503 time: 1.0634484 /var/lib/openstack/lib/python3.12/site-packages/pycadf/identifier.py:71: UserWarning: Invalid uuid: neutron. To ensure interoperability, identifiers should be a valid uuid. warnings.warn(('Invalid uuid: %s. To ensure interoperability, '
2026-07-02 16:32:51.875 9 WARNING neutron.scheduler.dhcp_agent_scheduler [None req-06da7fc8-e9cb-489a-8c24-68a31e7cdf2c a8aa24bd68aa41139e299598e80b27ac 84b441d311bc483885a13e4057a7138f - - default default] No more DHCP agents
2026-07-02 16:32:51.877 9 WARNING neutron.api.rpc.agentnotifiers.dhcp_rpc_agent_api [None req-06da7fc8-e9cb-489a-8c24-68a31e7cdf2c a8aa24bd68aa41139e299598e80b27ac 84b441d311bc483885a13e4057a7138f - - default default] Unable to schedule network d6fe8552-e98e-4cfa-a988-0f3c36a0eb69: no agents available; will retry on subsequent port and subnet creation events.
2026-07-02 16:32:51.992 9 INFO neutron.db.ovn_revision_numbers_db [None req-06da7fc8-e9cb-489a-8c24-68a31e7cdf2c a8aa24bd68aa41139e299598e80b27ac 84b441d311bc483885a13e4057a7138f - - default default] Successfully bumped revision number for resource 1b17df93-02b4-4d1d-aea6-65de1c61d285 (type: ports) to 1
2026-07-02 16:32:52.309 10 INFO neutron.api.wsgi [req-8a4a8362-d5bf-42e9-a58b-3f618de11377 req-8e1139e8-596a-4521-b323-e9c98d6d4c7f 01bcb6fee37248b494183e693cd5f707 6764db65cfc44094b43f5cc35746ec70 - - f8f16a84101046e0877e187cea621c44 f8f16a84101046e0877e187cea621c44] 10.0.0.181 "GET /v2.0/ports?device_id=970fc030-a8c5-4293-903a-779b7740423f HTTP/1.1" status: 200 len: 1409 time: 0.1246796
2026-07-02 16:32:52.375 10 INFO neutron.api.wsgi [req-8a4a8362-d5bf-42e9-a58b-3f618de11377 req-62eef5bc-7cb1-45a3-af9a-21382e831394 01bcb6fee37248b494183e693cd5f707 6764db65cfc44094b43f5cc35746ec70 - - f8f16a84101046e0877e187cea621c44 f8f16a84101046e0877e187cea621c44] 10.0.0.181 "GET /v2.0/security-groups?id=72478295-8012-403a-aa7e-6e982412a366&fields=id&fields=name HTTP/1.1" status: 200 len: 312 time: 0.0591106
2026-07-02 16:32:52.501 10 INFO neutron.api.wsgi [None req-23929038-2bd9-45f8-9104-c2181b296f74 07f8d3e7089b4cd296051b3c59210b68 843813e757fe4e859e63f5ee1b88fab9 - - default default] 10.0.0.144 "DELETE /v2.0/security-groups/fe5588ba-61a1-4d13-a9dc-56f8b850021a HTTP/1.1" status: 204 len: 168 time: 0.1896677
2026-07-02 16:32:52.520 10 INFO neutron.api.v2.resource [None req-26245449-0c9b-4c7a-8b09-664d43765ee3 07f8d3e7089b4cd296051b3c59210b68 843813e757fe4e859e63f5ee1b88fab9 - - default default] show failed (client error): The resource could not be found.
2026-07-02 16:32:52.521 10 INFO neutron.api.wsgi [None req-26245449-0c9b-4c7a-8b09-664d43765ee3 07f8d3e7089b4cd296051b3c59210b68 843813e757fe4e859e63f5ee1b88fab9 - - default default] 10.0.0.144 "GET /v2.0/security-groups/fe5588ba-61a1-4d13-a9dc-56f8b850021a HTTP/1.1" status: 404 len: 347 time: 0.0142424
2026-07-02 16:32:52.576 10 INFO neutron.api.wsgi [None req-c9e50dff-261d-4bdf-b511-ff7e05cecc1b a8aa24bd68aa41139e299598e80b27ac 84b441d311bc483885a13e4057a7138f - - default default] 10.0.0.144 "DELETE /v2.0/routers/8a0fa1c1-9ce2-4881-a5ac-b249b7939f37 HTTP/1.1" status: 204 len: 168 time: 0.7462955
2026-07-02 16:32:52.650 9 INFO neutron.plugins.ml2.drivers.ovn.mech_driver.ovsdb.commands [None req-1e81cded-6de5-45a0-ab97-158b36f079fc - - - - - -] Schedule LRP lrp-1b17df93-02b4-4d1d-aea6-65de1c61d285 on gateway 71d8e3be-b7ea-442d-b832-9996de9ffa64 with priority 1
2026-07-02 16:32:52.661 9 INFO neutron.plugins.ml2.drivers.ovn.mech_driver.mech_driver [None req-c1d63356-1824-46f3-a4d8-2dc5bc951a5c - - - - - -] OVN reports status up for port: 1b17df93-02b4-4d1d-aea6-65de1c61d285
2026-07-02 16:32:52.678 9 INFO neutron.plugins.ml2.drivers.ovn.mech_driver.ovsdb.ovsdb_monitor [None req-516987da-5261-49cd-bde6-9b22d0ffe188 - - - - - -] Router e88d82ea-bfb3-4bbc-ab2a-e52375c24767 is bound to host instance
2026-07-02 16:32:52.686 9 INFO neutron.plugins.ml2.plugin [None req-c1d63356-1824-46f3-a4d8-2dc5bc951a5c - - - - - -] Attempt 1 to provision port 1b17df93-02b4-4d1d-aea6-65de1c61d285
2026-07-02 16:32:52.725 9 INFO neutron.db.ovn_revision_numbers_db [None req-06da7fc8-e9cb-489a-8c24-68a31e7cdf2c a8aa24bd68aa41139e299598e80b27ac 84b441d311bc483885a13e4057a7138f - - default default] Successfully bumped revision number for resource 1b17df93-02b4-4d1d-aea6-65de1c61d285 (type: router_ports) to 1
2026-07-02 16:32:52.783 10 INFO neutron.api.wsgi [None req-41a0fa7d-17bd-4022-ac8f-49e9bbec6153 a8aa24bd68aa41139e299598e80b27ac 84b441d311bc483885a13e4057a7138f - - default default] 10.0.0.144 "DELETE /v2.0/subnets/66ed27af-4477-42b9-a552-50f9a013c132 HTTP/1.1" status: 204 len: 168 time: 0.1916139
2026-07-02 16:32:52.839 9 INFO neutron.db.ovn_revision_numbers_db [None req-06da7fc8-e9cb-489a-8c24-68a31e7cdf2c a8aa24bd68aa41139e299598e80b27ac 84b441d311bc483885a13e4057a7138f - - default default] Successfully bumped revision number for resource e88d82ea-bfb3-4bbc-ab2a-e52375c24767 (type: routers) to 2
2026-07-02 16:32:52.881 9 INFO neutron.api.wsgi [None req-06da7fc8-e9cb-489a-8c24-68a31e7cdf2c a8aa24bd68aa41139e299598e80b27ac 84b441d311bc483885a13e4057a7138f - - default default] 10.0.0.144 "POST /v2.0/routers HTTP/1.1" status: 201 len: 1170 time: 1.3898039
2026-07-02 16:32:53.022 9 INFO neutron.api.wsgi [None req-bdeaa86f-9710-4814-b0d3-7e9307bb9dd0 07f8d3e7089b4cd296051b3c59210b68 843813e757fe4e859e63f5ee1b88fab9 - - default default] 10.0.0.144 "DELETE /v2.0/floatingips/14ee5e2c-c00c-4402-b683-56bab51cd5a3 HTTP/1.1" status: 204 len: 168 time: 0.4956923
2026-07-02 16:32:53.159 10 INFO neutron.services.segments.plugin [-] Segment 25f8c7df-9de2-4c45-8d37-ab084e991fff resource provider aggregate not found
2026-07-02 16:32:53.166 10 INFO neutron.services.segments.plugin [-] Segment 25f8c7df-9de2-4c45-8d37-ab084e991fff resource provider aggregate not found
2026-07-02 16:32:53.172 10 INFO neutron.services.segments.plugin [-] Segment 25f8c7df-9de2-4c45-8d37-ab084e991fff resource provider not found; error: Placement Client Error (4xx): {"errors": [{"status": 404, "title": "Not Found", "detail": "The resource could not be found.\n\n No resource provider with uuid 25f8c7df-9de2-4c45-8d37-ab084e991fff found for delete ", "request_id": "req-a2bedf80-3458-40a1-a443-f2dec5be0e8a"}]}
2026-07-02 16:32:53.185 10 INFO neutron.services.segments.plugin [-] Segment 25f8c7df-9de2-4c45-8d37-ab084e991fff resource provider not found; error: Placement Client Error (4xx): {"errors": [{"status": 404, "title": "Not Found", "detail": "The resource could not be found.\n\n No resource provider with uuid 25f8c7df-9de2-4c45-8d37-ab084e991fff found for delete ", "request_id": "req-274a80e6-f4cb-480f-94cc-6d8177e8e8d1"}]}
2026-07-02 16:32:53.194 10 INFO neutron.api.wsgi [None req-54fd26dc-685b-47db-bda9-53f06f0fb3fb a8aa24bd68aa41139e299598e80b27ac 84b441d311bc483885a13e4057a7138f - - default default] 10.0.0.144 "DELETE /v2.0/networks/d5c1da18-cc1b-4a69-a300-ff4afe43c0a4 HTTP/1.1" status: 204 len: 168 time: 0.3967550
2026-07-02 16:32:53.250 9 INFO neutron.db.ovn_revision_numbers_db [None req-24fb8d8e-3971-4ab4-970c-1017f57d1bc0 - - - - - -] Successfully bumped revision number for resource 1b17df93-02b4-4d1d-aea6-65de1c61d285 (type: ports) to 1
2026-07-02 16:32:53.354 9 INFO neutron.api.wsgi [None req-786f54ec-6e3f-4d6e-96e9-3c1f9404efe7 a8aa24bd68aa41139e299598e80b27ac 84b441d311bc483885a13e4057a7138f - - default default] 10.0.0.144 "GET /v2.0/security-groups?tenant_id=836fe9ddd1c94e529cd14fec51510735&name=default HTTP/1.1" status: 200 len: 3120 time: 0.0647702
2026-07-02 16:32:53.375 10 WARNING neutron.scheduler.dhcp_agent_scheduler [None req-9bc7c723-d8df-464a-86d6-72ae2fd280a6 a8aa24bd68aa41139e299598e80b27ac 84b441d311bc483885a13e4057a7138f - - default default] No more DHCP agents
2026-07-02 16:32:53.376 10 WARNING neutron.api.rpc.agentnotifiers.dhcp_rpc_agent_api [None req-9bc7c723-d8df-464a-86d6-72ae2fd280a6 a8aa24bd68aa41139e299598e80b27ac 84b441d311bc483885a13e4057a7138f - - default default] Unable to schedule network 416b4df1-a69c-4c0a-a6a1-3fd07b423ccd: no agents available; will retry on subsequent port and subnet creation events.
2026-07-02 16:32:53.487 10 INFO neutron.db.ovn_revision_numbers_db [None req-9bc7c723-d8df-464a-86d6-72ae2fd280a6 a8aa24bd68aa41139e299598e80b27ac 84b441d311bc483885a13e4057a7138f - - default default] Successfully bumped revision number for resource 1833ed25-3f2a-4837-9abc-38339610f3ba (type: ports) to 1
2026-07-02 16:32:53.881 9 INFO neutron.api.wsgi [None req-fb227e39-a8d1-4afe-bf60-03bf7f113c06 a8aa24bd68aa41139e299598e80b27ac 84b441d311bc483885a13e4057a7138f - - default default] 10.0.0.144 "DELETE /v2.0/security-groups/04349200-369f-4412-8c04-b699a7ab1cdb HTTP/1.1" status: 204 len: 168 time: 0.5216348
2026-07-02 16:32:53.898 9 INFO neutron.db.ovn_revision_numbers_db [None req-24fb8d8e-3971-4ab4-970c-1017f57d1bc0 - - - - - -] Successfully bumped revision number for resource 1b17df93-02b4-4d1d-aea6-65de1c61d285 (type: ports) to 4
2026-07-02 16:32:54.022 10 INFO neutron.db.ovn_revision_numbers_db [None req-9bc7c723-d8df-464a-86d6-72ae2fd280a6 a8aa24bd68aa41139e299598e80b27ac 84b441d311bc483885a13e4057a7138f - - default default] Successfully bumped revision number for resource 1833ed25-3f2a-4837-9abc-38339610f3ba (type: ports) to 1
2026-07-02 16:32:54.090 10 WARNING neutron.scheduler.dhcp_agent_scheduler [None req-9bc7c723-d8df-464a-86d6-72ae2fd280a6 a8aa24bd68aa41139e299598e80b27ac 84b441d311bc483885a13e4057a7138f - - default default] No more DHCP agents
2026-07-02 16:32:54.091 10 WARNING neutron.api.rpc.agentnotifiers.dhcp_rpc_agent_api [None req-9bc7c723-d8df-464a-86d6-72ae2fd280a6 a8aa24bd68aa41139e299598e80b27ac 84b441d311bc483885a13e4057a7138f - - default default] Unable to schedule network 416b4df1-a69c-4c0a-a6a1-3fd07b423ccd: no agents available; will retry on subsequent port and subnet creation events.
2026-07-02 16:32:54.211 9 INFO neutron.db.ovn_revision_numbers_db [None req-24fb8d8e-3971-4ab4-970c-1017f57d1bc0 - - - - - -] Successfully bumped revision number for resource 1b17df93-02b4-4d1d-aea6-65de1c61d285 (type: ports) to 5
2026-07-02 16:32:54.397 9 INFO neutron.api.wsgi [None req-89dfc287-cffa-4a2d-adeb-f06c2a5672fb a8aa24bd68aa41139e299598e80b27ac 84b441d311bc483885a13e4057a7138f - - default default] 10.0.0.144 "PUT /v2.0/routers/d679a652-2e83-4123-8fba-392677e70de3/remove_router_interface HTTP/1.1" status: 200 len: 503 time: 1.3683407 /var/lib/openstack/lib/python3.12/site-packages/pycadf/identifier.py:71: UserWarning: Invalid uuid: neutron. To ensure interoperability, identifiers should be a valid uuid. warnings.warn(('Invalid uuid: %s. To ensure interoperability, '
2026-07-02 16:32:54.661 10 INFO neutron.api.wsgi [-] 10.0.0.28 "GET / HTTP/1.1" status: 200 len: 245 time: 0.0017872
2026-07-02 16:32:54.664 10 INFO neutron.api.wsgi [-] 10.0.0.28 "GET / HTTP/1.1" status: 200 len: 245 time: 0.0025635
2026-07-02 16:32:54.667 10 INFO neutron.db.ovn_revision_numbers_db [None req-9bc7c723-d8df-464a-86d6-72ae2fd280a6 a8aa24bd68aa41139e299598e80b27ac 84b441d311bc483885a13e4057a7138f - - default default] Successfully bumped revision number for resource 1833ed25-3f2a-4837-9abc-38339610f3ba (type: router_ports) to 1
2026-07-02 16:32:54.672 10 INFO neutron.api.wsgi [None req-9bc7c723-d8df-464a-86d6-72ae2fd280a6 a8aa24bd68aa41139e299598e80b27ac 84b441d311bc483885a13e4057a7138f - - default default] 10.0.0.144 "PUT /v2.0/routers/e88d82ea-bfb3-4bbc-ab2a-e52375c24767/add_router_interface HTTP/1.1" status: 200 len: 503 time: 1.7833722
2026-07-02 16:32:55.075 9 INFO neutron.api.wsgi [None req-a1722605-3de9-405c-9916-86b38027f857 a8aa24bd68aa41139e299598e80b27ac 84b441d311bc483885a13e4057a7138f - - default default] 10.0.0.144 "DELETE /v2.0/routers/d679a652-2e83-4123-8fba-392677e70de3 HTTP/1.1" status: 204 len: 168 time: 0.6736770
2026-07-02 16:32:55.253 9 INFO neutron.api.wsgi [None req-c3dfb93e-603f-4d8a-9b5b-193ded76ad51 a8aa24bd68aa41139e299598e80b27ac 84b441d311bc483885a13e4057a7138f - - default default] 10.0.0.144 "DELETE /v2.0/subnets/ef58d2a9-daf9-4c1f-8a1a-6b8109af6a0e HTTP/1.1" status: 204 len: 168 time: 0.1723804
2026-07-02 16:32:55.532 9 INFO neutron.services.segments.plugin [-] Segment be3bbbff-e02b-41d9-b037-5d4685ddfa91 resource provider aggregate not found
2026-07-02 16:32:55.536 9 INFO neutron.services.segments.plugin [-] Segment be3bbbff-e02b-41d9-b037-5d4685ddfa91 resource provider aggregate not found
2026-07-02 16:32:55.551 9 INFO neutron.services.segments.plugin [-] Segment be3bbbff-e02b-41d9-b037-5d4685ddfa91 resource provider not found; error: Placement Client Error (4xx): {"errors": [{"status": 404, "title": "Not Found", "detail": "The resource could not be found.\n\n No resource provider with uuid be3bbbff-e02b-41d9-b037-5d4685ddfa91 found for delete ", "request_id": "req-12f311a8-33c3-4503-b9af-cfdc7363c659"}]}
2026-07-02 16:32:55.552 9 INFO neutron.services.segments.plugin [-] Segment be3bbbff-e02b-41d9-b037-5d4685ddfa91 resource provider not found; error: Placement Client Error (4xx): {"errors": [{"status": 404, "title": "Not Found", "detail": "The resource could not be found.\n\n No resource provider with uuid be3bbbff-e02b-41d9-b037-5d4685ddfa91 found for delete ", "request_id": "req-f6afd2e0-4add-4d4e-8372-b0a17d32a4cd"}]}
2026-07-02 16:32:55.556 9 INFO neutron.api.wsgi [None req-35f2a9c9-e805-483b-91be-3869eea70592 a8aa24bd68aa41139e299598e80b27ac 84b441d311bc483885a13e4057a7138f - - default default] 10.0.0.144 "DELETE /v2.0/networks/e0476655-cf74-41ba-bef5-3e6206e8ca52 HTTP/1.1" status: 204 len: 168 time: 0.2980821
2026-07-02 16:32:55.664 9 INFO neutron.plugins.ml2.drivers.ovn.mech_driver.mech_driver [None req-c1d63356-1824-46f3-a4d8-2dc5bc951a5c - - - - - -] OVN reports status up for port: 1833ed25-3f2a-4837-9abc-38339610f3ba
2026-07-02 16:32:55.674 9 INFO neutron.plugins.ml2.plugin [None req-c1d63356-1824-46f3-a4d8-2dc5bc951a5c - - - - - -] Attempt 1 to provision port 1833ed25-3f2a-4837-9abc-38339610f3ba
2026-07-02 16:32:55.683 10 INFO neutron.api.wsgi [req-c85eb091-ab94-426a-b2b3-98277eba7efd req-3a1cd958-4df2-4a42-be9c-8cac25ada282 5fb6fc33ae7a4132b41c39dc86a06eec 4a748014af814de19f2655fc824f9572 - - default default] 10.0.0.135 "GET /v2.0/networks?id=416b4df1-a69c-4c0a-a6a1-3fd07b423ccd HTTP/1.1" status: 200 len: 877 time: 0.0420957
2026-07-02 16:32:55.695 10 INFO neutron.api.wsgi [req-c85eb091-ab94-426a-b2b3-98277eba7efd req-cbe2703d-81ba-4436-b439-82374ef3b0e7 5fb6fc33ae7a4132b41c39dc86a06eec 4a748014af814de19f2655fc824f9572 - - default default] 10.0.0.135 "GET /v2.0/quotas/4a748014af814de19f2655fc824f9572 HTTP/1.1" status: 200 len: 491 time: 0.0079410
2026-07-02 16:32:55.739 9 INFO neutron.api.wsgi [None req-e44ae99a-83f3-4030-acee-eef8a529e5f4 a8aa24bd68aa41139e299598e80b27ac 84b441d311bc483885a13e4057a7138f - - default default] 10.0.0.144 "GET /v2.0/security-groups?tenant_id=843813e757fe4e859e63f5ee1b88fab9&name=default HTTP/1.1" status: 200 len: 3120 time: 0.0306184
2026-07-02 16:32:55.772 10 INFO neutron.api.wsgi [req-c85eb091-ab94-426a-b2b3-98277eba7efd req-8ef03e57-c373-420c-b1ee-e1537718c016 5fb6fc33ae7a4132b41c39dc86a06eec 4a748014af814de19f2655fc824f9572 - - default default] 10.0.0.135 "GET /v2.0/ports?tenant_id=4a748014af814de19f2655fc824f9572&fields=id HTTP/1.1" status: 200 len: 302 time: 0.0695205
2026-07-02 16:32:55.820 10 INFO neutron.api.wsgi [req-c85eb091-ab94-426a-b2b3-98277eba7efd req-362498ee-b0c4-4787-98a9-2c72d648e16a 01bcb6fee37248b494183e693cd5f707 6764db65cfc44094b43f5cc35746ec70 - - f8f16a84101046e0877e187cea621c44 f8f16a84101046e0877e187cea621c44] 10.0.0.135 "GET /v2.0/networks/416b4df1-a69c-4c0a-a6a1-3fd07b423ccd?fields=segments HTTP/1.1" status: 200 len: 212 time: 0.0414016
2026-07-02 16:32:55.867 10 INFO neutron.api.wsgi [req-c85eb091-ab94-426a-b2b3-98277eba7efd req-ccf2d627-4bdf-4e8d-b198-a2578788007e 01bcb6fee37248b494183e693cd5f707 6764db65cfc44094b43f5cc35746ec70 - - f8f16a84101046e0877e187cea621c44 f8f16a84101046e0877e187cea621c44] 10.0.0.135 "GET /v2.0/networks/416b4df1-a69c-4c0a-a6a1-3fd07b423ccd?fields=provider%3Aphysical_network&fields=provider%3Anetwork_type HTTP/1.1" status: 200 len: 277 time: 0.0391192
2026-07-02 16:32:55.979 10 INFO neutron.api.wsgi [req-50962a45-f3f4-428e-bc78-ba4e3bae2f4a req-1b026b54-84f5-4854-bf5c-036d8fdd6d8b 5fb6fc33ae7a4132b41c39dc86a06eec 4a748014af814de19f2655fc824f9572 - - default default] 10.0.0.135 "GET /v2.0/ports?device_id=a16fcd16-7477-4e4e-ae73-cd877a0705be HTTP/1.1" status: 200 len: 210 time: 0.0187187
2026-07-02 16:32:55.983 9 INFO neutron.api.wsgi [None req-d81535b7-6334-4cb6-a696-1ff18007f4ea a8aa24bd68aa41139e299598e80b27ac 84b441d311bc483885a13e4057a7138f - - default default] 10.0.0.144 "DELETE /v2.0/security-groups/21563a3d-6215-4942-9b8b-972388ff706e HTTP/1.1" status: 204 len: 168 time: 0.2373719
2026-07-02 16:32:56.063 9 INFO neutron.db.ovn_revision_numbers_db [None req-c1d63356-1824-46f3-a4d8-2dc5bc951a5c - - - - - -] Successfully bumped revision number for resource 1833ed25-3f2a-4837-9abc-38339610f3ba (type: ports) to 2
2026-07-02 16:32:56.709 10 INFO neutron.db.ovn_revision_numbers_db [None req-3c4c7d48-1b62-4d16-a862-5d982c22a33a a8aa24bd68aa41139e299598e80b27ac 84b441d311bc483885a13e4057a7138f - - default default] Successfully bumped revision number for resource 03a01331-9d94-4fe6-af4b-accfc0d6e22f (type: security_groups) to 1
2026-07-02 16:32:56.721 10 INFO neutron.db.ovn_revision_numbers_db [None req-3c4c7d48-1b62-4d16-a862-5d982c22a33a a8aa24bd68aa41139e299598e80b27ac 84b441d311bc483885a13e4057a7138f - - default default] Successfully bumped revision number for resource 55d01a12-5b4b-4927-8e07-8ed84f2acabc (type: security_group_rules) to 0
2026-07-02 16:32:56.734 10 INFO neutron.db.ovn_revision_numbers_db [None req-3c4c7d48-1b62-4d16-a862-5d982c22a33a a8aa24bd68aa41139e299598e80b27ac 84b441d311bc483885a13e4057a7138f - - default default] Successfully bumped revision number for resource ad32b7fd-0a83-483b-88b2-8364531694cd (type: security_group_rules) to 0
2026-07-02 16:32:56.747 10 INFO neutron.db.ovn_revision_numbers_db [None req-3c4c7d48-1b62-4d16-a862-5d982c22a33a a8aa24bd68aa41139e299598e80b27ac 84b441d311bc483885a13e4057a7138f - - default default] Successfully bumped revision number for resource e28d6f4d-328d-4daf-b7a6-2aefd9ab94b4 (type: security_group_rules) to 0
2026-07-02 16:32:56.757 10 INFO neutron.db.ovn_revision_numbers_db [None req-3c4c7d48-1b62-4d16-a862-5d982c22a33a a8aa24bd68aa41139e299598e80b27ac 84b441d311bc483885a13e4057a7138f - - default default] Successfully bumped revision number for resource f6fd384b-bb81-40d5-b2d5-2a0db2cd2b74 (type: security_group_rules) to 0
2026-07-02 16:32:56.793 10 INFO neutron.api.wsgi [None req-3c4c7d48-1b62-4d16-a862-5d982c22a33a a8aa24bd68aa41139e299598e80b27ac 84b441d311bc483885a13e4057a7138f - - default default] 10.0.0.144 "GET /v2.0/security-groups?tenant_id=f96b74e3d47a42ceabee9d030291eebe&name=default HTTP/1.1" status: 200 len: 3120 time: 0.3057566
2026-07-02 16:32:56.993 10 INFO neutron.api.wsgi [None req-c0a4b5c1-f464-4fb2-a440-cf484df60cca a8aa24bd68aa41139e299598e80b27ac 84b441d311bc483885a13e4057a7138f - - default default] 10.0.0.144 "DELETE /v2.0/security-groups/03a01331-9d94-4fe6-af4b-accfc0d6e22f HTTP/1.1" status: 204 len: 168 time: 0.1948113
2026-07-02 16:32:57.051 10 INFO neutron.api.wsgi [req-7d657d9e-1866-4bce-ad32-eb4994c97172 req-9da7fa9c-60ff-4a4b-8b87-dc99372f7396 5fb6fc33ae7a4132b41c39dc86a06eec 4a748014af814de19f2655fc824f9572 - - default default] 10.0.0.135 "GET /v2.0/ports?device_id=a16fcd16-7477-4e4e-ae73-cd877a0705be HTTP/1.1" status: 200 len: 210 time: 0.0148549
2026-07-02 16:32:57.726 10 INFO neutron.api.wsgi [req-2277ae7b-ccd2-49a0-8300-1593ddf1cdb1 req-b2308480-6068-41bb-b225-7f057d655c5a b61f5f860ed4482d90743bc9cc04ccca e46c7b485d8748219f362182ccae6143 - - default default] 10.0.0.135 "GET /v2.0/ports?device_id=970fc030-a8c5-4293-903a-779b7740423f HTTP/1.1" status: 200 len: 1170 time: 0.1083748
2026-07-02 16:32:57.803 10 INFO neutron.api.wsgi [req-556e180e-e6be-49ca-b682-89be1ccac196 req-e9a94654-7c0d-4049-ae2c-4a63966632ba b61f5f860ed4482d90743bc9cc04ccca e46c7b485d8748219f362182ccae6143 - - default default] 10.0.0.135 "GET /v2.0/ports/43309374-5d14-47d6-9778-fe22d88ea663 HTTP/1.1" status: 200 len: 1167 time: 0.0270345
2026-07-02 16:32:58.122 10 INFO neutron.api.wsgi [req-bde82a35-e24b-4db4-8493-4b4f2514ecf8 req-2a4f047c-c5ee-402f-a8db-99df32aff4d5 5fb6fc33ae7a4132b41c39dc86a06eec 4a748014af814de19f2655fc824f9572 - - default default] 10.0.0.135 "GET /v2.0/ports?device_id=a16fcd16-7477-4e4e-ae73-cd877a0705be HTTP/1.1" status: 200 len: 210 time: 0.0185812
2026-07-02 16:32:58.449 9 INFO neutron.api.wsgi [req-333b1d42-50de-4e56-ac25-608c5ebb9c2d req-663e02d9-f351-4103-830c-61d52587223d b61f5f860ed4482d90743bc9cc04ccca e46c7b485d8748219f362182ccae6143 - - default default] 199.19.213.23 "GET /v2.0/subnets?network_id=4430ac17-54ff-49ad-9124-c41d75e5d621 HTTP/1.1" status: 200 len: 882 time: 0.0614984
2026-07-02 16:32:58.539 9 INFO neutron.api.wsgi [req-333b1d42-50de-4e56-ac25-608c5ebb9c2d req-65ed1498-4f90-48c8-9078-e3c5f72b608a b61f5f860ed4482d90743bc9cc04ccca e46c7b485d8748219f362182ccae6143 - - default default] 199.19.213.23 "GET /v2.0/ports?device_id=970fc030-a8c5-4293-903a-779b7740423f&device_owner=compute%3Anova&network_id=4430ac17-54ff-49ad-9124-c41d75e5d621 HTTP/1.1" status: 200 len: 1170 time: 0.0853992
2026-07-02 16:32:59.092 9 INFO neutron.db.ovn_revision_numbers_db [req-333b1d42-50de-4e56-ac25-608c5ebb9c2d req-f24a116c-9396-4413-bb4a-203fc503c748 b61f5f860ed4482d90743bc9cc04ccca e46c7b485d8748219f362182ccae6143 - - default default] Successfully bumped revision number for resource 43309374-5d14-47d6-9778-fe22d88ea663 (type: ports) to 6
2026-07-02 16:32:59.103 9 INFO neutron.api.wsgi [req-333b1d42-50de-4e56-ac25-608c5ebb9c2d req-f24a116c-9396-4413-bb4a-203fc503c748 b61f5f860ed4482d90743bc9cc04ccca e46c7b485d8748219f362182ccae6143 - - default default] 199.19.213.23 "PUT /v2.0/ports/43309374-5d14-47d6-9778-fe22d88ea663 HTTP/1.1" status: 200 len: 1345 time: 0.5594156
2026-07-02 16:32:59.139 9 INFO neutron.notifiers.nova [-] Nova event matching ['req-ddf5f6a9-8afc-4a19-86df-aae8a923b920'] response: {'name': 'network-changed', 'server_uuid': '970fc030-a8c5-4293-903a-779b7740423f', 'tag': '43309374-5d14-47d6-9778-fe22d88ea663', 'status': 'completed', 'code': 200}
2026-07-02 16:32:59.213 10 INFO neutron.api.wsgi [req-3e5cad50-115e-4353-88e8-c069af631a95 req-69a1014f-f59c-4423-995c-4e8e79f06ef9 5fb6fc33ae7a4132b41c39dc86a06eec 4a748014af814de19f2655fc824f9572 - - default default] 10.0.0.135 "GET /v2.0/ports?device_id=a16fcd16-7477-4e4e-ae73-cd877a0705be HTTP/1.1" status: 200 len: 210 time: 0.0205276 /var/lib/openstack/lib/python3.12/site-packages/pycadf/identifier.py:71: UserWarning: Invalid uuid: neutron. To ensure interoperability, identifiers should be a valid uuid. warnings.warn(('Invalid uuid: %s. To ensure interoperability, '
2026-07-02 16:32:59.661 9 INFO neutron.api.wsgi [req-333b1d42-50de-4e56-ac25-608c5ebb9c2d req-025d267b-71e8-4db2-a558-9d0cd8e5d315 01bcb6fee37248b494183e693cd5f707 6764db65cfc44094b43f5cc35746ec70 - - f8f16a84101046e0877e187cea621c44 f8f16a84101046e0877e187cea621c44] 199.19.213.23 "GET /v2.0/ports?tenant_id=e46c7b485d8748219f362182ccae6143&device_id=970fc030-a8c5-4293-903a-779b7740423f HTTP/1.1" status: 200 len: 1586 time: 0.0443671
2026-07-02 16:32:59.709 9 INFO neutron.api.wsgi [req-333b1d42-50de-4e56-ac25-608c5ebb9c2d req-d1413daa-6134-421f-aa48-513f7b99c52c 01bcb6fee37248b494183e693cd5f707 6764db65cfc44094b43f5cc35746ec70 - - f8f16a84101046e0877e187cea621c44 f8f16a84101046e0877e187cea621c44] 199.19.213.23 "GET /v2.0/networks?id=4430ac17-54ff-49ad-9124-c41d75e5d621 HTTP/1.1" status: 200 len: 980 time: 0.0414755
2026-07-02 16:32:59.766 9 INFO neutron.api.wsgi [req-333b1d42-50de-4e56-ac25-608c5ebb9c2d req-e201e389-9c5e-422d-ab7a-0bb1454e10fb 01bcb6fee37248b494183e693cd5f707 6764db65cfc44094b43f5cc35746ec70 - - f8f16a84101046e0877e187cea621c44 f8f16a84101046e0877e187cea621c44] 199.19.213.23 "GET /v2.0/floatingips?fixed_ip_address=10.100.0.4&port_id=43309374-5d14-47d6-9778-fe22d88ea663 HTTP/1.1" status: 200 len: 1059 time: 0.0532577
2026-07-02 16:32:59.787 9 INFO neutron.api.wsgi [req-333b1d42-50de-4e56-ac25-608c5ebb9c2d req-5102ec89-6e72-4b2b-8dff-746bed55cf75 01bcb6fee37248b494183e693cd5f707 6764db65cfc44094b43f5cc35746ec70 - - f8f16a84101046e0877e187cea621c44 f8f16a84101046e0877e187cea621c44] 199.19.213.23 "GET /v2.0/floatingips?fixed_ip_address=10.100.0.5&port_id=43309374-5d14-47d6-9778-fe22d88ea663 HTTP/1.1" status: 200 len: 217 time: 0.0166645
2026-07-02 16:32:59.824 9 INFO neutron.api.wsgi [req-333b1d42-50de-4e56-ac25-608c5ebb9c2d req-a7b595d0-297b-4f40-aa96-897a8bb6aaf1 01bcb6fee37248b494183e693cd5f707 6764db65cfc44094b43f5cc35746ec70 - - f8f16a84101046e0877e187cea621c44 f8f16a84101046e0877e187cea621c44] 199.19.213.23 "GET /v2.0/subnets?id=b2940682-8384-402c-98bc-d033bc8b469e HTTP/1.1" status: 200 len: 900 time: 0.0324023
2026-07-02 16:32:59.844 9 INFO neutron.api.wsgi [req-333b1d42-50de-4e56-ac25-608c5ebb9c2d req-cba45a65-df06-4062-b208-ce0ee7c7c0a7 01bcb6fee37248b494183e693cd5f707 6764db65cfc44094b43f5cc35746ec70 - - f8f16a84101046e0877e187cea621c44 f8f16a84101046e0877e187cea621c44] 199.19.213.23 "GET /v2.0/ports?network_id=4430ac17-54ff-49ad-9124-c41d75e5d621&device_owner=network%3Adhcp HTTP/1.1" status: 200 len: 210 time: 0.0143471
2026-07-02 16:32:59.890 9 INFO neutron.api.wsgi [req-333b1d42-50de-4e56-ac25-608c5ebb9c2d req-1d291988-5055-4a66-80e9-b811bbc326c0 01bcb6fee37248b494183e693cd5f707 6764db65cfc44094b43f5cc35746ec70 - - f8f16a84101046e0877e187cea621c44 f8f16a84101046e0877e187cea621c44] 199.19.213.23 "GET /v2.0/networks/4430ac17-54ff-49ad-9124-c41d75e5d621?fields=segments HTTP/1.1" status: 200 len: 212 time: 0.0381896
2026-07-02 16:32:59.940 9 INFO neutron.api.wsgi [req-333b1d42-50de-4e56-ac25-608c5ebb9c2d req-097554f8-3f56-4193-9d49-397e5c2cac52 01bcb6fee37248b494183e693cd5f707 6764db65cfc44094b43f5cc35746ec70 - - f8f16a84101046e0877e187cea621c44 f8f16a84101046e0877e187cea621c44] 199.19.213.23 "GET /v2.0/networks/4430ac17-54ff-49ad-9124-c41d75e5d621?fields=provider%3Aphysical_network&fields=provider%3Anetwork_type HTTP/1.1" status: 200 len: 277 time: 0.0423462
2026-07-02 16:33:00.083 10 INFO neutron.api.wsgi [req-0ea416ee-7b20-4c44-a5e4-e759844e9852 req-ce1a5e8c-fd25-4069-bd23-4a4422479d1c b61f5f860ed4482d90743bc9cc04ccca e46c7b485d8748219f362182ccae6143 - - default default] 10.0.0.135 "GET /v2.0/ports?device_id=970fc030-a8c5-4293-903a-779b7740423f HTTP/1.1" status: 200 len: 1348 time: 0.0457397
2026-07-02 16:33:00.144 10 INFO neutron.api.wsgi [req-0ea416ee-7b20-4c44-a5e4-e759844e9852 req-27709577-5907-4f17-a3a3-217534733631 b61f5f860ed4482d90743bc9cc04ccca e46c7b485d8748219f362182ccae6143 - - default default] 10.0.0.135 "GET /v2.0/security-groups?id=72478295-8012-403a-aa7e-6e982412a366&fields=id&fields=name HTTP/1.1" status: 200 len: 312 time: 0.0524452
2026-07-02 16:33:00.153 10 INFO neutron.db.ovn_revision_numbers_db [None req-95378f74-6ec4-4370-9d55-9d4805f781e3 a8aa24bd68aa41139e299598e80b27ac 84b441d311bc483885a13e4057a7138f - - default default] Successfully bumped revision number for resource 63fba58d-795b-4c08-ac17-fb0411411dd4 (type: security_groups) to 1
2026-07-02 16:33:00.167 10 INFO neutron.db.ovn_revision_numbers_db [None req-95378f74-6ec4-4370-9d55-9d4805f781e3 a8aa24bd68aa41139e299598e80b27ac 84b441d311bc483885a13e4057a7138f - - default default] Successfully bumped revision number for resource 14ba7c0b-1a90-4dfb-b694-45dbe06a33a5 (type: security_group_rules) to 0
