File "/var/lib/openstack/lib/python3.12/site-packages/neutron_lib/db/api.py", line 135, in wrapped
2026-06-22 03:06:03.782 11 ERROR neutron.plugins.ml2.managers return f(*args, **kwargs)
2026-06-22 03:06:03.782 11 ERROR neutron.plugins.ml2.managers ^^^^^^^^^^^^^^^^^^
2026-06-22 03:06:03.782 11 ERROR neutron.plugins.ml2.managers
File "/var/lib/openstack/lib/python3.12/site-packages/oslo_db/api.py", line 144, in wrapper
2026-06-22 03:06:03.782 11 ERROR neutron.plugins.ml2.managers with excutils.save_and_reraise_exception() as ectxt:
2026-06-22 03:06:03.782 11 ERROR neutron.plugins.ml2.managers
File "/var/lib/openstack/lib/python3.12/site-packages/oslo_utils/excutils.py", line 227, in __exit__
2026-06-22 03:06:03.782 11 ERROR neutron.plugins.ml2.managers self.force_reraise()
2026-06-22 03:06:03.782 11 ERROR neutron.plugins.ml2.managers
File "/var/lib/openstack/lib/python3.12/site-packages/oslo_utils/excutils.py", line 200, in force_reraise
2026-06-22 03:06:03.782 11 ERROR neutron.plugins.ml2.managers raise self.value
2026-06-22 03:06:03.782 11 ERROR neutron.plugins.ml2.managers
File "/var/lib/openstack/lib/python3.12/site-packages/oslo_db/api.py", line 142, in wrapper
2026-06-22 03:06:03.782 11 ERROR neutron.plugins.ml2.managers return f(*args, **kwargs)
2026-06-22 03:06:03.782 11 ERROR neutron.plugins.ml2.managers ^^^^^^^^^^^^^^^^^^
2026-06-22 03:06:03.782 11 ERROR neutron.plugins.ml2.managers
File "/var/lib/openstack/lib/python3.12/site-packages/neutron_lib/db/api.py", line 183, in wrapped
2026-06-22 03:06:03.782 11 ERROR neutron.plugins.ml2.managers with excutils.save_and_reraise_exception():
2026-06-22 03:06:03.782 11 ERROR neutron.plugins.ml2.managers
File "/var/lib/openstack/lib/python3.12/site-packages/oslo_utils/excutils.py", line 227, in __exit__
2026-06-22 03:06:03.782 11 ERROR neutron.plugins.ml2.managers self.force_reraise()
2026-06-22 03:06:03.782 11 ERROR neutron.plugins.ml2.managers
File "/var/lib/openstack/lib/python3.12/site-packages/oslo_utils/excutils.py", line 200, in force_reraise
2026-06-22 03:06:03.782 11 ERROR neutron.plugins.ml2.managers raise self.value
2026-06-22 03:06:03.782 11 ERROR neutron.plugins.ml2.managers
File "/var/lib/openstack/lib/python3.12/site-packages/neutron_lib/db/api.py", line 181, in wrapped
2026-06-22 03:06:03.782 11 ERROR neutron.plugins.ml2.managers return f(*dup_args, **dup_kwargs)
2026-06-22 03:06:03.782 11 ERROR neutron.plugins.ml2.managers ^^^^^^^^^^^^^^^^^^^^^^^^^^
2026-06-22 03:06:03.782 11 ERROR neutron.plugins.ml2.managers
File "/var/lib/openstack/lib/python3.12/site-packages/neutron/db/db_base_plugin_v2.py", line 1204, in get_subnet
2026-06-22 03:06:03.782 11 ERROR neutron.plugins.ml2.managers subnet_obj = self._get_subnet_object(context, id)
2026-06-22 03:06:03.782 11 ERROR neutron.plugins.ml2.managers ^^^^^^^^^^^^^^^^^^^^^^^^^^^^^^^^^^^^
2026-06-22 03:06:03.782 11 ERROR neutron.plugins.ml2.managers
File "/var/lib/openstack/lib/python3.12/site-packages/neutron/db/db_base_plugin_common.py", line 279, in _get_subnet_object
2026-06-22 03:06:03.782 11 ERROR neutron.plugins.ml2.managers raise exceptions.SubnetNotFound(subnet_id=id)
2026-06-22 03:06:03.782 11 ERROR neutron.plugins.ml2.managers neutron_lib.exceptions.SubnetNotFound: Subnet eefa80b6-1547-4905-ab0f-e538dac849ec could not be found.
2026-06-22 03:06:03.782 11 ERROR neutron.plugins.ml2.managers
2026-06-22 03:06:03.785 11 ERROR neutron.plugins.ml2.managers [None req-88014af1-f1da-4b89-9276-1b7708ff5c78 - - - - - -] Failed to bind port 03046e3d-3b46-40c9-b9b2-c17f89c8bfcc on host instance for vnic_type normal using segments [{'id': '84899cb7-4d2c-4172-86f9-e41e21a02178', 'network_type': 'vxlan', 'physical_network': None, 'segmentation_id': 355, 'network_id': 'ed1b0652-c43e-42f4-9692-9dd5572a8efa'}]
2026-06-22 03:06:04.053 11 INFO neutron.plugins.ml2.plugin [None req-8689efb5-f865-460c-929f-b0cb9e06360f - - - - - -] Attempt 1 to provision port cf13ce2f-27cd-408d-890b-c6fa8f6421b1
2026-06-22 03:06:04.295 11 INFO neutron.plugins.ml2.plugin [None req-8689efb5-f865-460c-929f-b0cb9e06360f - - - - - -] Attempt 1 to provision port 1121d8f2-c31e-4f1b-ba96-e412c2925290
2026-06-22 03:06:06.100 11 INFO neutron.plugins.ml2.plugin [None req-8689efb5-f865-460c-929f-b0cb9e06360f - - - - - -] Attempt 1 to provision port cf13ce2f-27cd-408d-890b-c6fa8f6421b1
2026-06-22 03:06:06.254 11 INFO neutron.plugins.ml2.plugin [None req-8689efb5-f865-460c-929f-b0cb9e06360f - - - - - -] Attempt 1 to provision port 1121d8f2-c31e-4f1b-ba96-e412c2925290
2026-06-22 03:06:34.053 12 INFO neutron.plugins.ml2.plugin [None req-8689efb5-f865-460c-929f-b0cb9e06360f - - - - - -] Attempt 1 to provision port 85ff60bd-a4f8-4c7f-bf5a-7dd3023c23f7
2026-06-22 03:06:34.720 11 INFO neutron.plugins.ml2.plugin [None req-70661ea8-4d43-486f-9796-b1c60c8df8c8 - - - - - -] Attempt 1 to provision port 85ff60bd-a4f8-4c7f-bf5a-7dd3023c23f7
2026-06-22 03:06:36.061 12 INFO neutron.plugins.ml2.plugin [None req-8689efb5-f865-460c-929f-b0cb9e06360f - - - - - -] Attempt 1 to provision port 85ff60bd-a4f8-4c7f-bf5a-7dd3023c23f7
2026-06-22 03:06:38.147 12 INFO neutron.plugins.ml2.plugin [None req-8689efb5-f865-460c-929f-b0cb9e06360f - - - - - -] Attempt 1 to provision port 8eb7530a-e17e-4083-9ac6-bc2faeafd676
2026-06-22 03:06:38.543 12 INFO neutron.plugins.ml2.plugin [None req-8689efb5-f865-460c-929f-b0cb9e06360f - - - - - -] Attempt 1 to provision port c38cdba8-67ee-4bcb-a117-d8da0982bc59
2026-06-22 03:06:40.278 12 INFO neutron.plugins.ml2.plugin [None req-8689efb5-f865-460c-929f-b0cb9e06360f - - - - - -] Attempt 1 to provision port c38cdba8-67ee-4bcb-a117-d8da0982bc59
2026-06-22 03:06:40.585 12 INFO neutron.plugins.ml2.plugin [None req-8689efb5-f865-460c-929f-b0cb9e06360f - - - - - -] Attempt 1 to provision port d111bca8-226c-4d55-9f7f-aee549111315
2026-06-22 03:06:40.886 12 INFO neutron.plugins.ml2.plugin [None req-8689efb5-f865-460c-929f-b0cb9e06360f - - - - - -] Attempt 1 to provision port 8eb7530a-e17e-4083-9ac6-bc2faeafd676
2026-06-22 03:06:42.042 12 INFO neutron.plugins.ml2.plugin [None req-8689efb5-f865-460c-929f-b0cb9e06360f - - - - - -] Attempt 1 to provision port d111bca8-226c-4d55-9f7f-aee549111315
2026-06-22 03:06:44.134 12 INFO neutron.plugins.ml2.plugin [None req-8689efb5-f865-460c-929f-b0cb9e06360f - - - - - -] Attempt 1 to provision port 85ff60bd-a4f8-4c7f-bf5a-7dd3023c23f7
2026-06-22 03:06:46.543 11 INFO neutron.plugins.ml2.plugin [None req-75a60884-b44c-451e-8ac1-e8c7253d4388 - - - - - -] Attempt 1 to provision port c875abdb-175b-4bca-9b2f-458d01cb2688
2026-06-22 03:06:46.573 11 INFO neutron.plugins.ml2.plugin [None req-75a60884-b44c-451e-8ac1-e8c7253d4388 - - - - - -] Attempt 1 to provision port 85ff60bd-a4f8-4c7f-bf5a-7dd3023c23f7
2026-06-22 03:06:46.626 11 INFO neutron.plugins.ml2.plugin [None req-75a60884-b44c-451e-8ac1-e8c7253d4388 - - - - - -] Attempt 1 to provision port 8eb7530a-e17e-4083-9ac6-bc2faeafd676
2026-06-22 03:06:46.670 11 INFO neutron.plugins.ml2.plugin [None req-75a60884-b44c-451e-8ac1-e8c7253d4388 - - - - - -] Attempt 1 to provision port d111bca8-226c-4d55-9f7f-aee549111315
2026-06-22 03:06:46.733 11 INFO neutron.plugins.ml2.plugin [None req-75a60884-b44c-451e-8ac1-e8c7253d4388 - - - - - -] Attempt 1 to provision port b24c36d3-c71b-48a3-b59a-aa172255c767
2026-06-22 03:06:52.634 12 INFO neutron.plugins.ml2.plugin [None req-8689efb5-f865-460c-929f-b0cb9e06360f - - - - - -] Attempt 1 to provision port 67b2b50d-4508-4e33-90aa-c49408412050
2026-06-22 03:06:52.759 12 INFO neutron.notifiers.nova [None req-8689efb5-f865-460c-929f-b0cb9e06360f - - - - - -] Nova event matching ['req-81101654-9974-4c81-b185-a480b5db80da'] response: {'server_uuid': '519a7a0f-6811-43d6-a3b8-4be16a6f14bc', 'name': 'network-vif-plugged', 'status': 'completed', 'tag': '67b2b50d-4508-4e33-90aa-c49408412050', 'code': 200}
2026-06-22 03:06:53.082 11 INFO neutron.plugins.ml2.plugin [None req-738701dc-2945-4c63-a43d-1577744d1efa - - - - - -] Attempt 1 to provision port 9c7fb926-2c10-4147-8276-3ac0c23aebd2
2026-06-22 03:06:53.106 11 INFO neutron.plugins.ml2.plugin [None req-738701dc-2945-4c63-a43d-1577744d1efa - - - - - -] Attempt 1 to provision port 85ff60bd-a4f8-4c7f-bf5a-7dd3023c23f7
2026-06-22 03:06:53.185 11 INFO neutron.plugins.ml2.plugin [None req-738701dc-2945-4c63-a43d-1577744d1efa - - - - - -] Attempt 1 to provision port 8eb7530a-e17e-4083-9ac6-bc2faeafd676
2026-06-22 03:06:53.261 11 INFO neutron.plugins.ml2.plugin [None req-738701dc-2945-4c63-a43d-1577744d1efa - - - - - -] Attempt 1 to provision port d111bca8-226c-4d55-9f7f-aee549111315
2026-06-22 03:06:53.316 11 INFO neutron.plugins.ml2.plugin [None req-738701dc-2945-4c63-a43d-1577744d1efa - - - - - -] Attempt 1 to provision port 342f4f21-f876-4cc3-a85a-1c9edde64998
2026-06-22 03:06:53.335 11 INFO neutron.plugins.ml2.plugin [None req-738701dc-2945-4c63-a43d-1577744d1efa - - - - - -] Attempt 1 to provision port b24c36d3-c71b-48a3-b59a-aa172255c767
2026-06-22 03:06:54.099 11 INFO neutron.plugins.ml2.plugin [None req-8689efb5-f865-460c-929f-b0cb9e06360f - - - - - -] Attempt 1 to provision port 67b2b50d-4508-4e33-90aa-c49408412050
2026-06-22 03:06:56.117 12 INFO neutron.plugins.ml2.plugin [None req-8689efb5-f865-460c-929f-b0cb9e06360f - - - - - -] Attempt 1 to provision port 9c7fb926-2c10-4147-8276-3ac0c23aebd2
2026-06-22 03:06:56.411 12 INFO neutron.plugins.ml2.plugin [None req-8ddbdc89-a0e2-4024-b293-9420fae31f90 - - - - - -] Attempt 1 to provision port 342f4f21-f876-4cc3-a85a-1c9edde64998
2026-06-22 03:06:58.110 12 INFO neutron.plugins.ml2.plugin [None req-8689efb5-f865-460c-929f-b0cb9e06360f - - - - - -] Attempt 1 to provision port 9c7fb926-2c10-4147-8276-3ac0c23aebd2
2026-06-22 03:06:58.346 12 INFO neutron.plugins.ml2.plugin [None req-8689efb5-f865-460c-929f-b0cb9e06360f - - - - - -] Attempt 1 to provision port 342f4f21-f876-4cc3-a85a-1c9edde64998
2026-06-22 03:06:58.562 12 INFO neutron.plugins.ml2.plugin [None req-8689efb5-f865-460c-929f-b0cb9e06360f - - - - - -] Attempt 1 to provision port c875abdb-175b-4bca-9b2f-458d01cb2688
2026-06-22 03:06:58.690 12 INFO neutron.plugins.ml2.plugin [None req-939f640c-643b-4967-a645-9ba6df1f3823 - - - - - -] Attempt 1 to provision port 9c7fb926-2c10-4147-8276-3ac0c23aebd2
2026-06-22 03:06:58.763 12 INFO neutron.plugins.ml2.plugin [None req-8689efb5-f865-460c-929f-b0cb9e06360f - - - - - -] Attempt 1 to provision port 8eb7530a-e17e-4083-9ac6-bc2faeafd676
2026-06-22 03:06:58.824 12 INFO neutron.plugins.ml2.plugin [None req-8689efb5-f865-460c-929f-b0cb9e06360f - - - - - -] Attempt 1 to provision port 67b2b50d-4508-4e33-90aa-c49408412050
2026-06-22 03:06:58.886 12 INFO neutron.plugins.ml2.plugin [None req-8689efb5-f865-460c-929f-b0cb9e06360f - - - - - -] Attempt 1 to provision port d111bca8-226c-4d55-9f7f-aee549111315
2026-06-22 03:06:58.888 12 INFO neutron.plugins.ml2.plugin [None req-8689efb5-f865-460c-929f-b0cb9e06360f - - - - - -] Attempt 1 to provision port b24c36d3-c71b-48a3-b59a-aa172255c767
2026-06-22 03:06:58.945 12 INFO neutron.plugins.ml2.plugin [None req-8689efb5-f865-460c-929f-b0cb9e06360f - - - - - -] Attempt 1 to provision port 342f4f21-f876-4cc3-a85a-1c9edde64998
2026-06-22 03:06:59.001 12 INFO neutron.plugins.ml2.plugin [None req-8689efb5-f865-460c-929f-b0cb9e06360f - - - - - -] Attempt 1 to provision port b24c36d3-c71b-48a3-b59a-aa172255c767
2026-06-22 03:07:00.093 11 INFO neutron.plugins.ml2.plugin [None req-8689efb5-f865-460c-929f-b0cb9e06360f - - - - - -] Attempt 1 to provision port c875abdb-175b-4bca-9b2f-458d01cb2688
2026-06-22 03:07:00.234 11 INFO neutron.plugins.ml2.plugin [None req-8689efb5-f865-460c-929f-b0cb9e06360f - - - - - -] Attempt 1 to provision port b24c36d3-c71b-48a3-b59a-aa172255c767
2026-06-22 03:07:01.374 11 INFO neutron.plugins.ml2.plugin [None req-58a363d3-801f-495d-b92d-76a083a8d837 - - - - - -] Attempt 1 to provision port 9c7fb926-2c10-4147-8276-3ac0c23aebd2
2026-06-22 03:07:01.441 11 INFO neutron.plugins.ml2.plugin [None req-8689efb5-f865-460c-929f-b0cb9e06360f - - - - - -] Attempt 1 to provision port b24c36d3-c71b-48a3-b59a-aa172255c767
2026-06-22 03:07:04.117 11 INFO neutron.plugins.ml2.plugin [None req-3adb7c17-5f17-4894-a548-7395a6cd607b - - - - - -] Attempt 1 to provision port 9c7fb926-2c10-4147-8276-3ac0c23aebd2
2026-06-22 03:07:04.163 11 INFO neutron.plugins.ml2.plugin [None req-3adb7c17-5f17-4894-a548-7395a6cd607b - - - - - -] Attempt 1 to provision port 342f4f21-f876-4cc3-a85a-1c9edde64998
2026-06-22 03:07:06.928 12 INFO neutron.plugins.ml2.plugin [None req-754877fb-7f65-4c3a-bb78-bd068aa40ccb - - - - - -] Attempt 1 to provision port 342f4f21-f876-4cc3-a85a-1c9edde64998
2026-06-22 03:07:06.976 12 INFO neutron.plugins.ml2.plugin [None req-754877fb-7f65-4c3a-bb78-bd068aa40ccb - - - - - -] Attempt 1 to provision port 67b2b50d-4508-4e33-90aa-c49408412050
2026-06-22 03:07:10.120 11 INFO neutron.plugins.ml2.plugin [None req-8689efb5-f865-460c-929f-b0cb9e06360f - - - - - -] Attempt 1 to provision port 8b32cfec-1cc9-47d5-bbe2-82006ceec122
2026-06-22 03:07:10.232 11 INFO neutron.notifiers.nova [None req-8689efb5-f865-460c-929f-b0cb9e06360f - - - - - -] Nova event matching ['req-1bb72164-792c-4d8c-b195-e29a9a189111'] response: {'server_uuid': 'd7b5a103-e258-4c17-9afc-3ab64e78b176', 'name': 'network-vif-plugged', 'status': 'completed', 'tag': '8b32cfec-1cc9-47d5-bbe2-82006ceec122', 'code': 200}
2026-06-22 03:07:12.092 12 INFO neutron.plugins.ml2.plugin [None req-8689efb5-f865-460c-929f-b0cb9e06360f - - - - - -] Attempt 1 to provision port 8b32cfec-1cc9-47d5-bbe2-82006ceec122
2026-06-22 03:07:38.061 11 INFO neutron.plugins.ml2.plugin [None req-81feacd7-b21a-4ac6-9dc3-4df864a77f53 - - - - - -] Attempt 1 to provision port 8ebe992c-0125-434d-b2f6-00d6a13fbdab
2026-06-22 03:07:54.397 11 INFO neutron.plugins.ml2.plugin [None req-9e88ece1-e565-4ff4-8ddd-8bdb056aeca5 - - - - - -] Attempt 1 to provision port 8fa012d9-c07a-4fe4-b32b-fa76e1498ac7
2026-06-22 03:08:00.685 11 INFO neutron.plugins.ml2.plugin [None req-8689efb5-f865-460c-929f-b0cb9e06360f - - - - - -] Attempt 1 to provision port 8fa012d9-c07a-4fe4-b32b-fa76e1498ac7
2026-06-22 03:08:00.860 11 INFO neutron.notifiers.nova [None req-8689efb5-f865-460c-929f-b0cb9e06360f - - - - - -] Nova event matching ['req-481cf1fb-58a3-4bd4-82a2-6f407306ebec'] response: {'server_uuid': '2720456e-1580-47a6-93e4-6ab865eca990', 'name': 'network-vif-plugged', 'status': 'completed', 'tag': '8fa012d9-c07a-4fe4-b32b-fa76e1498ac7', 'code': 200}
2026-06-22 03:08:02.158 12 INFO neutron.plugins.ml2.plugin [None req-8689efb5-f865-460c-929f-b0cb9e06360f - - - - - -] Attempt 1 to provision port 8fa012d9-c07a-4fe4-b32b-fa76e1498ac7
2026-06-22 03:08:40.468 12 INFO neutron.plugins.ml2.plugin [None req-8814c0c7-799b-44dc-a84f-e1f8368d6a43 - - - - - -] Attempt 1 to provision port cde25f6c-8b3e-4938-adfb-067845e06bda
2026-06-22 03:08:46.176 11 INFO neutron.plugins.ml2.plugin [None req-8689efb5-f865-460c-929f-b0cb9e06360f - - - - - -] Attempt 1 to provision port cde25f6c-8b3e-4938-adfb-067845e06bda
2026-06-22 03:08:46.281 11 INFO neutron.notifiers.nova [None req-8689efb5-f865-460c-929f-b0cb9e06360f - - - - - -] Nova event matching ['req-24572941-8591-49b1-b24a-410757a67951'] response: {'server_uuid': '2720456e-1580-47a6-93e4-6ab865eca990', 'name': 'network-vif-plugged', 'status': 'completed', 'tag': 'cde25f6c-8b3e-4938-adfb-067845e06bda', 'code': 200}
2026-06-22 03:08:48.194 12 INFO neutron.plugins.ml2.plugin [None req-8689efb5-f865-460c-929f-b0cb9e06360f - - - - - -] Attempt 1 to provision port cde25f6c-8b3e-4938-adfb-067845e06bda
2026-06-22 03:08:50.694 12 INFO neutron.plugins.ml2.plugin [None req-8689efb5-f865-460c-929f-b0cb9e06360f - - - - - -] Attempt 1 to provision port cde25f6c-8b3e-4938-adfb-067845e06bda
2026-06-22 03:09:14.085 12 INFO neutron.plugins.ml2.plugin [None req-42eff8e9-e5d7-4867-b3d5-b81dc7972674 - - - - - -] Attempt 1 to provision port 9f79a59b-ae00-4868-ad7d-b998dd0dd9b3
2026-06-22 03:09:21.776 12 INFO neutron.plugins.ml2.plugin [None req-8689efb5-f865-460c-929f-b0cb9e06360f - - - - - -] Attempt 1 to provision port 9f79a59b-ae00-4868-ad7d-b998dd0dd9b3
2026-06-22 03:09:21.918 12 INFO neutron.notifiers.nova [None req-8689efb5-f865-460c-929f-b0cb9e06360f - - - - - -] Nova event matching ['req-b1f1d1b7-58b0-4088-a744-45a72eb4b625'] response: {'server_uuid': '2720456e-1580-47a6-93e4-6ab865eca990', 'name': 'network-vif-plugged', 'status': 'completed', 'tag': '9f79a59b-ae00-4868-ad7d-b998dd0dd9b3', 'code': 200}
2026-06-22 03:09:22.359 11 INFO neutron.plugins.ml2.plugin [None req-8689efb5-f865-460c-929f-b0cb9e06360f - - - - - -] Attempt 1 to provision port 9f79a59b-ae00-4868-ad7d-b998dd0dd9b3
2026-06-22 03:09:36.695 11 INFO neutron.plugins.ml2.plugin [None req-764c39da-6267-4846-b0f8-964338fc81a0 - - - - - -] Attempt 1 to provision port 936d0bd7-c154-42b3-ab97-347c1b02b976
2026-06-22 03:09:42.423 12 INFO neutron.plugins.ml2.plugin [None req-8689efb5-f865-460c-929f-b0cb9e06360f - - - - - -] Attempt 1 to provision port 936d0bd7-c154-42b3-ab97-347c1b02b976
2026-06-22 03:09:42.520 12 INFO neutron.notifiers.nova [None req-8531ee67-b3f0-4fcb-98bb-19f1e0a8e10e - - - - - -] Nova event matching ['req-e7c35ab6-90bc-4677-b89f-a67a09ca9ad5'] response: {'server_uuid': '2720456e-1580-47a6-93e4-6ab865eca990', 'name': 'network-vif-plugged', 'status': 'completed', 'tag': '936d0bd7-c154-42b3-ab97-347c1b02b976', 'code': 200}
2026-06-22 03:09:44.372 11 INFO neutron.plugins.ml2.plugin [None req-8689efb5-f865-460c-929f-b0cb9e06360f - - - - - -] Attempt 1 to provision port 936d0bd7-c154-42b3-ab97-347c1b02b976
2026-06-22 03:09:46.843 12 INFO neutron.plugins.ml2.plugin [None req-5fd45dbc-450d-405f-b45c-468140b79fae - - - - - -] Attempt 1 to provision port 9f79a59b-ae00-4868-ad7d-b998dd0dd9b3
2026-06-22 03:09:58.324 12 INFO neutron.plugins.ml2.plugin [None req-2ae64c66-f40b-4198-88c3-d18ceeda0ac4 - - - - - -] Attempt 1 to provision port 936d0bd7-c154-42b3-ab97-347c1b02b976
2026-06-22 03:09:58.475 11 INFO neutron.plugins.ml2.plugin [None req-8689efb5-f865-460c-929f-b0cb9e06360f - - - - - -] Attempt 1 to provision port 936d0bd7-c154-42b3-ab97-347c1b02b976
2026-06-22 03:09:59.676 11 INFO neutron.plugins.ml2.plugin [None req-d141b552-6206-4c33-89bf-02103e9315d7 - - - - - -] Attempt 1 to provision port 936d0bd7-c154-42b3-ab97-347c1b02b976
2026-06-22 03:10:08.570 11 INFO neutron.plugins.ml2.plugin [None req-8689efb5-f865-460c-929f-b0cb9e06360f - - - - - -] Attempt 1 to provision port 9f79a59b-ae00-4868-ad7d-b998dd0dd9b3
2026-06-22 03:10:09.122 12 INFO neutron.plugins.ml2.plugin [None req-5c0f6eb7-b2d4-461b-8005-381d760c05c2 - - - - - -] Attempt 1 to provision port 9f79a59b-ae00-4868-ad7d-b998dd0dd9b3