2026-06-03 01:01:06.761 10 INFO neutron.wsgi [req-4c59c3a3-6aac-4d10-940b-e9ad7039be1b req-a711a2ee-a6f6-4de0-a3a8-775d85940529 1570a35705614f4f8f795ac752ad42f4 bc8c60e4954741d996e3be0691de3a9d - - default default] 10.0.0.125 "GET /v2.0/security-groups?id=4b30439f-6ffc-4859-b2ef-b5f5e591c1fb&fields=id&fields=name HTTP/1.1" status: 200 len: 286 time: 0.0814021
2026-06-03 01:01:06.771 10 INFO neutron.wsgi [req-56f13e1a-ce7c-40d5-af54-d68eb9bbf03b req-cb2ca5b1-d4ca-4c66-b3f9-667e61fef9e6 e4f9f50b079d4b2fa968f05ba0d51db1 f1cfac412872484cb275d703c4221d42 - - 03dce30708164263aa0c6e51f940dfa2 03dce30708164263aa0c6e51f940dfa2] 199.204.45.229 "GET /v2.0/ports?tenant_id=bc8c60e4954741d996e3be0691de3a9d&device_id=88d1d864-44ae-4d1f-b262-79191d9615c2 HTTP/1.1" status: 200 len: 1407 time: 0.0442972
2026-06-03 01:01:06.861 10 INFO neutron.wsgi [req-56f13e1a-ce7c-40d5-af54-d68eb9bbf03b req-7219b896-13ff-490d-b0df-71fd2ebbbb9f e4f9f50b079d4b2fa968f05ba0d51db1 f1cfac412872484cb275d703c4221d42 - - 03dce30708164263aa0c6e51f940dfa2 03dce30708164263aa0c6e51f940dfa2] 199.204.45.229 "GET /v2.0/networks?id=c6ab0ca5-07a1-4e0e-831b-0f6497e745a3 HTTP/1.1" status: 200 len: 975 time: 0.0754294
2026-06-03 01:01:06.942 10 INFO neutron.wsgi [req-56f13e1a-ce7c-40d5-af54-d68eb9bbf03b req-35115ab3-dfab-4c4c-ae5c-94d16d01fc55 e4f9f50b079d4b2fa968f05ba0d51db1 f1cfac412872484cb275d703c4221d42 - - 03dce30708164263aa0c6e51f940dfa2 03dce30708164263aa0c6e51f940dfa2] 199.204.45.229 "GET /v2.0/floatingips?fixed_ip_address=10.100.0.7&port_id=fd255e15-3f67-4171-ac88-8122796147ae HTTP/1.1" status: 200 len: 217 time: 0.0655584
2026-06-03 01:01:07.029 9 INFO neutron.wsgi [None req-54847d0b-cd8b-4182-b7c1-9949a054352a a607a8cc56ee4a918facbb451c0e3831 16b608c7e5a0466292a36f2607bd47a5 - - default default] 10.0.0.147 "GET /v2.0/security-groups?tenant_id=304e52865f914657a3c30cdcf97f825c&name=default HTTP/1.1" status: 200 len: 2992 time: 0.0517688
2026-06-03 01:01:07.358 9 INFO neutron.wsgi [None req-6fb4dd0a-f391-4ef7-84a4-977bbdb2059e a607a8cc56ee4a918facbb451c0e3831 16b608c7e5a0466292a36f2607bd47a5 - - default default] 10.0.0.147 "DELETE /v2.0/security-groups/23db8bc2-7acf-4e4d-a760-b298ec4a4b94 HTTP/1.1" status: 204 len: 168 time: 0.3239944
2026-06-03 01:01:07.385 10 INFO neutron.wsgi [req-56f13e1a-ce7c-40d5-af54-d68eb9bbf03b req-a3c6c9f7-db0d-4430-92fb-34cd2f72dfc2 e4f9f50b079d4b2fa968f05ba0d51db1 f1cfac412872484cb275d703c4221d42 - - 03dce30708164263aa0c6e51f940dfa2 03dce30708164263aa0c6e51f940dfa2] 199.204.45.229 "GET /v2.0/subnets?id=341e454f-d31b-4ebb-9f63-1be9d09a4a05 HTTP/1.1" status: 200 len: 870 time: 0.4268222
2026-06-03 01:01:07.440 10 INFO neutron.wsgi [req-56f13e1a-ce7c-40d5-af54-d68eb9bbf03b req-f86a152a-9098-42c0-9cf6-82cf6b863974 e4f9f50b079d4b2fa968f05ba0d51db1 f1cfac412872484cb275d703c4221d42 - - 03dce30708164263aa0c6e51f940dfa2 03dce30708164263aa0c6e51f940dfa2] 199.204.45.229 "GET /v2.0/ports?network_id=c6ab0ca5-07a1-4e0e-831b-0f6497e745a3&device_owner=network%3Adhcp HTTP/1.1" status: 200 len: 210 time: 0.0466602
2026-06-03 01:01:07.530 10 INFO neutron.wsgi [req-56f13e1a-ce7c-40d5-af54-d68eb9bbf03b req-81c1e982-e1ca-4e6a-8bbc-4cdd1e53b2a7 e4f9f50b079d4b2fa968f05ba0d51db1 f1cfac412872484cb275d703c4221d42 - - 03dce30708164263aa0c6e51f940dfa2 03dce30708164263aa0c6e51f940dfa2] 199.204.45.229 "GET /v2.0/networks/c6ab0ca5-07a1-4e0e-831b-0f6497e745a3?fields=segments HTTP/1.1" status: 200 len: 212 time: 0.0791285
2026-06-03 01:01:07.637 10 INFO neutron.wsgi [req-56f13e1a-ce7c-40d5-af54-d68eb9bbf03b req-3fc808c3-a06e-4b76-8601-54b7b40bea2f e4f9f50b079d4b2fa968f05ba0d51db1 f1cfac412872484cb275d703c4221d42 - - 03dce30708164263aa0c6e51f940dfa2 03dce30708164263aa0c6e51f940dfa2] 199.204.45.229 "GET /v2.0/networks/c6ab0ca5-07a1-4e0e-831b-0f6497e745a3?fields=provider%3Aphysical_network&fields=provider%3Anetwork_type HTTP/1.1" status: 200 len: 277 time: 0.0980737
2026-06-03 01:01:07.771 10 INFO neutron.db.l3_db [None req-3047ba35-116e-4adf-a97a-a6535eef5049 f418ab43de9e4181bbf902d4fedc102c 3e51eafdb9f04039b2a84eeb25e0f0c6 - - default default] Floating IP f0db3c77-1400-4662-8e68-710dba43ed82 associated. External IP: 10.96.250.207, port: 098c0c02-d280-45ba-8744-0ae231bacd28.
2026-06-03 01:01:07.979 10 INFO neutron.wsgi [req-5f94b935-3bc7-4fe1-9288-0cf919b583d7 req-5f24be71-0caa-405e-a679-e0436549dda7 1570a35705614f4f8f795ac752ad42f4 bc8c60e4954741d996e3be0691de3a9d - - default default] 10.0.0.125 "GET /v2.0/ports?device_id=88d1d864-44ae-4d1f-b262-79191d9615c2 HTTP/1.1" status: 200 len: 1168 time: 0.1322985
2026-06-03 01:01:08.054 10 INFO neutron.wsgi [req-5f94b935-3bc7-4fe1-9288-0cf919b583d7 req-2c57a57f-6be5-4f26-b8b1-1d6fd720761e 1570a35705614f4f8f795ac752ad42f4 bc8c60e4954741d996e3be0691de3a9d - - default default] 10.0.0.125 "GET /v2.0/security-groups?id=4b30439f-6ffc-4859-b2ef-b5f5e591c1fb&fields=id&fields=name HTTP/1.1" status: 200 len: 286 time: 0.0655446
2026-06-03 01:01:08.074 10 INFO neutron.db.ovn_revision_numbers_db [None req-3047ba35-116e-4adf-a97a-a6535eef5049 f418ab43de9e4181bbf902d4fedc102c 3e51eafdb9f04039b2a84eeb25e0f0c6 - - default default] Successfully bumped revision number for resource f0db3c77-1400-4662-8e68-710dba43ed82 (type: floatingips) to 0
2026-06-03 01:01:08.226 10 INFO neutron.db.ovn_revision_numbers_db [None req-3047ba35-116e-4adf-a97a-a6535eef5049 f418ab43de9e4181bbf902d4fedc102c 3e51eafdb9f04039b2a84eeb25e0f0c6 - - default default] Successfully bumped revision number for resource f0db3c77-1400-4662-8e68-710dba43ed82 (type: floatingips) to 1
2026-06-03 01:01:08.285 10 INFO neutron.wsgi [None req-3047ba35-116e-4adf-a97a-a6535eef5049 f418ab43de9e4181bbf902d4fedc102c 3e51eafdb9f04039b2a84eeb25e0f0c6 - - default default] 10.0.0.147 "POST /v2.0/floatingips HTTP/1.1" status: 201 len: 1040 time: 2.2885039
2026-06-03 01:01:08.340 10 INFO neutron.wsgi [None req-242a9276-61cf-4a64-b349-c9a9610ced99 f418ab43de9e4181bbf902d4fedc102c 3e51eafdb9f04039b2a84eeb25e0f0c6 - - default default] 10.0.0.147 "GET /v2.0/floatingips/f0db3c77-1400-4662-8e68-710dba43ed82 HTTP/1.1" status: 200 len: 1037 time: 0.0485191
2026-06-03 01:01:08.420 10 INFO neutron.wsgi [None req-1849b4ca-51aa-4f73-ba3c-a40195335007 f418ab43de9e4181bbf902d4fedc102c 3e51eafdb9f04039b2a84eeb25e0f0c6 - - default default] 10.0.0.147 "GET /v2.0/floatingips HTTP/1.1" status: 200 len: 1040 time: 0.0743477
2026-06-03 01:01:08.753 10 INFO neutron.db.l3_db [None req-3811352b-e137-4048-a2fd-9accbe55efd1 f418ab43de9e4181bbf902d4fedc102c 3e51eafdb9f04039b2a84eeb25e0f0c6 - - default default] Floating IP f0db3c77-1400-4662-8e68-710dba43ed82 associated. External IP: 10.96.250.207, port: 098c0c02-d280-45ba-8744-0ae231bacd28.
2026-06-03 01:01:08.993 10 INFO neutron.db.ovn_revision_numbers_db [None req-3811352b-e137-4048-a2fd-9accbe55efd1 f418ab43de9e4181bbf902d4fedc102c 3e51eafdb9f04039b2a84eeb25e0f0c6 - - default default] Successfully bumped revision number for resource f0db3c77-1400-4662-8e68-710dba43ed82 (type: floatingips) to 2
2026-06-03 01:01:09.142 10 INFO neutron.db.ovn_revision_numbers_db [None req-3811352b-e137-4048-a2fd-9accbe55efd1 f418ab43de9e4181bbf902d4fedc102c 3e51eafdb9f04039b2a84eeb25e0f0c6 - - default default] Successfully bumped revision number for resource f0db3c77-1400-4662-8e68-710dba43ed82 (type: floatingips) to 2
2026-06-03 01:01:09.184 10 INFO neutron.wsgi [req-18cadb40-b2e3-4a0d-b8dc-61619c11440e req-7a7276ec-4043-4209-84c1-8cf19cdc5e4b 1570a35705614f4f8f795ac752ad42f4 bc8c60e4954741d996e3be0691de3a9d - - default default] 10.0.0.125 "GET /v2.0/ports?device_id=88d1d864-44ae-4d1f-b262-79191d9615c2 HTTP/1.1" status: 200 len: 1168 time: 0.0524540
2026-06-03 01:01:09.219 10 INFO neutron.wsgi [None req-3811352b-e137-4048-a2fd-9accbe55efd1 f418ab43de9e4181bbf902d4fedc102c 3e51eafdb9f04039b2a84eeb25e0f0c6 - - default default] 10.0.0.147 "PUT /v2.0/floatingips/f0db3c77-1400-4662-8e68-710dba43ed82 HTTP/1.1" status: 200 len: 1039 time: 0.7933412
2026-06-03 01:01:09.254 10 INFO neutron.wsgi [req-18cadb40-b2e3-4a0d-b8dc-61619c11440e req-8c085d6c-db93-4673-8819-a8160da4c469 1570a35705614f4f8f795ac752ad42f4 bc8c60e4954741d996e3be0691de3a9d - - default default] 10.0.0.125 "GET /v2.0/security-groups?id=4b30439f-6ffc-4859-b2ef-b5f5e591c1fb&fields=id&fields=name HTTP/1.1" status: 200 len: 286 time: 0.0600839
2026-06-03 01:01:09.401 9 INFO neutron.db.l3_db [None req-fb0011dd-c6ea-482a-ad41-2eb3219c583e f418ab43de9e4181bbf902d4fedc102c 3e51eafdb9f04039b2a84eeb25e0f0c6 - - default default] Floating IP f0db3c77-1400-4662-8e68-710dba43ed82 disassociated. External IP: 10.96.250.207, port: 3ed92a29-194c-4a6a-9bb5-4a339844986e.
2026-06-03 01:01:09.454 9 INFO neutron.db.ovn_revision_numbers_db [None req-fb0011dd-c6ea-482a-ad41-2eb3219c583e f418ab43de9e4181bbf902d4fedc102c 3e51eafdb9f04039b2a84eeb25e0f0c6 - - default default] Successfully bumped revision number for resource f0db3c77-1400-4662-8e68-710dba43ed82 (type: floatingips) to 3
2026-06-03 01:01:09.502 9 INFO neutron.db.ovn_revision_numbers_db [None req-ef9e0f1b-0244-42fe-a61e-9aa1570644d0 a607a8cc56ee4a918facbb451c0e3831 16b608c7e5a0466292a36f2607bd47a5 - - default default] Successfully bumped revision number for resource ffc48f88-1630-4b92-8e69-4bb161cb0e60 (type: security_groups) to 1
2026-06-03 01:01:09.529 9 INFO neutron.db.ovn_revision_numbers_db [None req-ef9e0f1b-0244-42fe-a61e-9aa1570644d0 a607a8cc56ee4a918facbb451c0e3831 16b608c7e5a0466292a36f2607bd47a5 - - default default] Successfully bumped revision number for resource 2b2bb6d5-1372-4d7a-bc5a-fefa05b98b26 (type: security_group_rules) to 0
2026-06-03 01:01:09.533 9 INFO neutron.wsgi [None req-fb0011dd-c6ea-482a-ad41-2eb3219c583e f418ab43de9e4181bbf902d4fedc102c 3e51eafdb9f04039b2a84eeb25e0f0c6 - - default default] 10.0.0.147 "PUT /v2.0/floatingips/f0db3c77-1400-4662-8e68-710dba43ed82 HTTP/1.1" status: 200 len: 748 time: 0.3090396
2026-06-03 01:01:09.559 9 INFO neutron.db.ovn_revision_numbers_db [None req-ef9e0f1b-0244-42fe-a61e-9aa1570644d0 a607a8cc56ee4a918facbb451c0e3831 16b608c7e5a0466292a36f2607bd47a5 - - default default] Successfully bumped revision number for resource 5972ff0d-2edf-44b2-9e0e-9c0b8511e928 (type: security_group_rules) to 0
2026-06-03 01:01:09.588 9 INFO neutron.db.ovn_revision_numbers_db [None req-ef9e0f1b-0244-42fe-a61e-9aa1570644d0 a607a8cc56ee4a918facbb451c0e3831 16b608c7e5a0466292a36f2607bd47a5 - - default default] Successfully bumped revision number for resource b4ea5b15-446e-4217-98e7-7f331b07cfeb (type: security_group_rules) to 0
2026-06-03 01:01:09.610 9 INFO neutron.db.ovn_revision_numbers_db [None req-ef9e0f1b-0244-42fe-a61e-9aa1570644d0 a607a8cc56ee4a918facbb451c0e3831 16b608c7e5a0466292a36f2607bd47a5 - - default default] Successfully bumped revision number for resource e2f4fa3d-1bd9-42c1-a9f4-e695a29b780b (type: security_group_rules) to 0
2026-06-03 01:01:09.651 9 INFO neutron.wsgi [None req-ef9e0f1b-0244-42fe-a61e-9aa1570644d0 a607a8cc56ee4a918facbb451c0e3831 16b608c7e5a0466292a36f2607bd47a5 - - default default] 10.0.0.147 "GET /v2.0/security-groups?tenant_id=7f2bd77d56354e1b82fc69d3e30d4741&name=default HTTP/1.1" status: 200 len: 2996 time: 0.6127317
2026-06-03 01:01:09.694 10 INFO neutron.db.ovn_revision_numbers_db [None req-f2416ae9-9ce3-418d-ac7a-45f681277769 a607a8cc56ee4a918facbb451c0e3831 16b608c7e5a0466292a36f2607bd47a5 - - default default] Successfully bumped revision number for resource dd1a64ee-c94e-4480-99fc-a48346468e81 (type: security_groups) to 1
2026-06-03 01:01:09.713 10 INFO neutron.db.ovn_revision_numbers_db [None req-f2416ae9-9ce3-418d-ac7a-45f681277769 a607a8cc56ee4a918facbb451c0e3831 16b608c7e5a0466292a36f2607bd47a5 - - default default] Successfully bumped revision number for resource 68694063-55fd-4512-83fa-865e037cbdd5 (type: security_group_rules) to 0
2026-06-03 01:01:09.739 10 INFO neutron.db.ovn_revision_numbers_db [None req-f2416ae9-9ce3-418d-ac7a-45f681277769 a607a8cc56ee4a918facbb451c0e3831 16b608c7e5a0466292a36f2607bd47a5 - - default default] Successfully bumped revision number for resource 7d620de5-79e0-416e-b511-57355aca892a (type: security_group_rules) to 0
2026-06-03 01:01:09.753 10 INFO neutron.db.ovn_revision_numbers_db [None req-f2416ae9-9ce3-418d-ac7a-45f681277769 a607a8cc56ee4a918facbb451c0e3831 16b608c7e5a0466292a36f2607bd47a5 - - default default] Successfully bumped revision number for resource 8acb635c-1061-4759-b8c3-9dcff447bfd5 (type: security_group_rules) to 0
2026-06-03 01:01:09.767 10 INFO neutron.db.ovn_revision_numbers_db [None req-f2416ae9-9ce3-418d-ac7a-45f681277769 a607a8cc56ee4a918facbb451c0e3831 16b608c7e5a0466292a36f2607bd47a5 - - default default] Successfully bumped revision number for resource e0641dfa-3e74-4de8-87fd-e744bc988872 (type: security_group_rules) to 0
2026-06-03 01:01:09.817 10 INFO neutron.db.segments_db [None req-f2416ae9-9ce3-418d-ac7a-45f681277769 a607a8cc56ee4a918facbb451c0e3831 16b608c7e5a0466292a36f2607bd47a5 - - default default] Added segment 32ba4c3d-488c-492a-98d8-532e08cbbc6f of type geneve for network ad95e34c-be56-4391-9881-29e72a355023
2026-06-03 01:01:09.997 9 INFO neutron.wsgi [None req-4f57c249-09f6-400b-8bbe-62a7b3a9e26e a607a8cc56ee4a918facbb451c0e3831 16b608c7e5a0466292a36f2607bd47a5 - - default default] 10.0.0.147 "DELETE /v2.0/security-groups/ffc48f88-1630-4b92-8e69-4bb161cb0e60 HTTP/1.1" status: 204 len: 168 time: 0.3372707
2026-06-03 01:01:10.009 9 INFO neutron.wsgi [None req-3c73fcbe-25d1-48d0-9504-3c590f97d0ec f418ab43de9e4181bbf902d4fedc102c 3e51eafdb9f04039b2a84eeb25e0f0c6 - - default default] 10.0.0.147 "DELETE /v2.0/floatingips/f0db3c77-1400-4662-8e68-710dba43ed82 HTTP/1.1" status: 204 len: 168 time: 0.4699969
2026-06-03 01:01:10.009 10 INFO neutron.db.ovn_revision_numbers_db [None req-f2416ae9-9ce3-418d-ac7a-45f681277769 a607a8cc56ee4a918facbb451c0e3831 16b608c7e5a0466292a36f2607bd47a5 - - default default] Successfully bumped revision number for resource ad95e34c-be56-4391-9881-29e72a355023 (type: networks) to 1
2026-06-03 01:01:10.050 10 INFO neutron.api.v2.resource [None req-b37cde0a-15fc-4382-9bef-7658e6cc717b f418ab43de9e4181bbf902d4fedc102c 3e51eafdb9f04039b2a84eeb25e0f0c6 - - default default] delete failed (client error): The resource could not be found.
2026-06-03 01:01:10.052 10 INFO neutron.wsgi [None req-b37cde0a-15fc-4382-9bef-7658e6cc717b f418ab43de9e4181bbf902d4fedc102c 3e51eafdb9f04039b2a84eeb25e0f0c6 - - default default] 10.0.0.147 "DELETE /v2.0/floatingips/f0db3c77-1400-4662-8e68-710dba43ed82 HTTP/1.1" status: 404 len: 345 time: 0.0383794
2026-06-03 01:01:10.209 10 WARNING neutron.scheduler.dhcp_agent_scheduler [None req-f2416ae9-9ce3-418d-ac7a-45f681277769 a607a8cc56ee4a918facbb451c0e3831 16b608c7e5a0466292a36f2607bd47a5 - - default default] No more DHCP agents
2026-06-03 01:01:10.212 10 WARNING neutron.api.rpc.agentnotifiers.dhcp_rpc_agent_api [None req-f2416ae9-9ce3-418d-ac7a-45f681277769 a607a8cc56ee4a918facbb451c0e3831 16b608c7e5a0466292a36f2607bd47a5 - - default default] Unable to schedule network ad95e34c-be56-4391-9881-29e72a355023: no agents available; will retry on subsequent port and subnet creation events.
2026-06-03 01:01:10.318 9 INFO neutron.db.ovn_revision_numbers_db [None req-7a093fbf-3e81-4df3-a52f-210c0064a32c a607a8cc56ee4a918facbb451c0e3831 16b608c7e5a0466292a36f2607bd47a5 - - default default] Successfully bumped revision number for resource f79da029-d48c-4096-a536-3b6acc6b8766 (type: security_groups) to 1
2026-06-03 01:01:10.325 10 INFO neutron.db.ovn_revision_numbers_db [None req-f2416ae9-9ce3-418d-ac7a-45f681277769 a607a8cc56ee4a918facbb451c0e3831 16b608c7e5a0466292a36f2607bd47a5 - - default default] Successfully bumped revision number for resource acee741d-a22f-4a81-948a-13626e3780e2 (type: ports) to 1
2026-06-03 01:01:10.347 9 INFO neutron.db.ovn_revision_numbers_db [None req-7a093fbf-3e81-4df3-a52f-210c0064a32c a607a8cc56ee4a918facbb451c0e3831 16b608c7e5a0466292a36f2607bd47a5 - - default default] Successfully bumped revision number for resource 1f30d9ae-1b47-46f2-a27e-e429a8dca493 (type: security_group_rules) to 0
2026-06-03 01:01:10.366 10 INFO neutron.wsgi [None req-f2416ae9-9ce3-418d-ac7a-45f681277769 a607a8cc56ee4a918facbb451c0e3831 16b608c7e5a0466292a36f2607bd47a5 - - default default] 10.0.0.147 "POST /v2.0/networks HTTP/1.1" status: 201 len: 945 time: 0.9702506
2026-06-03 01:01:10.372 9 INFO neutron.db.ovn_revision_numbers_db [None req-7a093fbf-3e81-4df3-a52f-210c0064a32c a607a8cc56ee4a918facbb451c0e3831 16b608c7e5a0466292a36f2607bd47a5 - - default default] Successfully bumped revision number for resource 4c0f7ff8-145e-4729-8356-83b8d2d07739 (type: security_group_rules) to 0
2026-06-03 01:01:10.384 10 INFO neutron.wsgi [req-00ba7481-b7ab-45c5-9d53-56ae6db4b44f req-1b344c34-54d1-45be-80c5-c26a02be5576 1570a35705614f4f8f795ac752ad42f4 bc8c60e4954741d996e3be0691de3a9d - - default default] 10.0.0.125 "GET /v2.0/ports?device_id=88d1d864-44ae-4d1f-b262-79191d9615c2 HTTP/1.1" status: 200 len: 1168 time: 0.0485339
2026-06-03 01:01:10.414 9 INFO neutron.db.ovn_revision_numbers_db [None req-7a093fbf-3e81-4df3-a52f-210c0064a32c a607a8cc56ee4a918facbb451c0e3831 16b608c7e5a0466292a36f2607bd47a5 - - default default] Successfully bumped revision number for resource 81bad663-840f-4d80-8978-a3934d32249a (type: security_group_rules) to 0
2026-06-03 01:01:10.442 9 INFO neutron.db.ovn_revision_numbers_db [None req-7a093fbf-3e81-4df3-a52f-210c0064a32c a607a8cc56ee4a918facbb451c0e3831 16b608c7e5a0466292a36f2607bd47a5 - - default default] Successfully bumped revision number for resource ec51f2dd-48b9-43d5-be76-9276b110980c (type: security_group_rules) to 0
2026-06-03 01:01:10.472 10 INFO neutron.wsgi [req-00ba7481-b7ab-45c5-9d53-56ae6db4b44f req-e7a95af4-7f3b-46f2-b0e5-d0083ab79635 1570a35705614f4f8f795ac752ad42f4 bc8c60e4954741d996e3be0691de3a9d - - default default] 10.0.0.125 "GET /v2.0/security-groups?id=4b30439f-6ffc-4859-b2ef-b5f5e591c1fb&fields=id&fields=name HTTP/1.1" status: 200 len: 286 time: 0.0785012
2026-06-03 01:01:10.473 9 INFO neutron.wsgi [None req-7a093fbf-3e81-4df3-a52f-210c0064a32c a607a8cc56ee4a918facbb451c0e3831 16b608c7e5a0466292a36f2607bd47a5 - - default default] 10.0.0.147 "GET /v2.0/security-groups?tenant_id=f21ab32c17d64a618d2d0b29b2afb352&name=default HTTP/1.1" status: 200 len: 2996 time: 0.3515041
2026-06-03 01:01:10.507 9 INFO neutron.wsgi [None req-00e05c78-2bda-4ce4-bc83-97ea84620d55 f418ab43de9e4181bbf902d4fedc102c 3e51eafdb9f04039b2a84eeb25e0f0c6 - - default default] 10.0.0.147 "DELETE /v2.0/ports/3ed92a29-194c-4a6a-9bb5-4a339844986e HTTP/1.1" status: 204 len: 168 time: 0.4460340
2026-06-03 01:01:10.680 10 WARNING neutron.scheduler.dhcp_agent_scheduler [None req-0e01532b-1903-45a9-991d-6ed031b79bc3 a607a8cc56ee4a918facbb451c0e3831 16b608c7e5a0466292a36f2607bd47a5 - - default default] No more DHCP agents
2026-06-03 01:01:10.686 10 WARNING neutron.api.rpc.agentnotifiers.dhcp_rpc_agent_api [None req-0e01532b-1903-45a9-991d-6ed031b79bc3 a607a8cc56ee4a918facbb451c0e3831 16b608c7e5a0466292a36f2607bd47a5 - - default default] Unable to schedule network ad95e34c-be56-4391-9881-29e72a355023: no agents available; will retry on subsequent port and subnet creation events.
2026-06-03 01:01:10.753 9 INFO neutron.wsgi [None req-ba994c5e-9586-4044-ac62-4fbd677ab8bf a607a8cc56ee4a918facbb451c0e3831 16b608c7e5a0466292a36f2607bd47a5 - - default default] 10.0.0.147 "DELETE /v2.0/security-groups/f79da029-d48c-4096-a536-3b6acc6b8766 HTTP/1.1" status: 204 len: 168 time: 0.2732003
2026-06-03 01:01:10.963 9 WARNING neutron.plugins.ml2.drivers.ovn.mech_driver.ovsdb.ovn_client [None req-2eeaa632-5493-44e3-a71c-72f4eb284b18 - - - - - -] No hosting information found for port 1878cc49-59d2-4958-9d61-489b865b4d74: RuntimeError: No hosting information found for port 1878cc49-59d2-4958-9d61-489b865b4d74
2026-06-03 01:01:11.015 9 INFO neutron.plugins.ml2.drivers.ovn.mech_driver.mech_driver [None req-2eeaa632-5493-44e3-a71c-72f4eb284b18 - - - - - -] OVN reports status up for port: fd255e15-3f67-4171-ac88-8122796147ae
2026-06-03 01:01:11.043 9 INFO neutron.plugins.ml2.plugin [None req-2eeaa632-5493-44e3-a71c-72f4eb284b18 - - - - - -] Attempt 1 to provision port fd255e15-3f67-4171-ac88-8122796147ae
2026-06-03 01:01:11.195 9 INFO neutron.notifiers.nova [-] Nova event matching ['req-644b68d3-4dac-422f-ade2-7790b251c287'] response: {'server_uuid': '88d1d864-44ae-4d1f-b262-79191d9615c2', 'name': 'network-vif-plugged', 'status': 'completed', 'tag': 'fd255e15-3f67-4171-ac88-8122796147ae', 'code': 200}
2026-06-03 01:01:11.389 9 INFO neutron.db.ovn_revision_numbers_db [None req-2eeaa632-5493-44e3-a71c-72f4eb284b18 - - - - - -] Successfully bumped revision number for resource fd255e15-3f67-4171-ac88-8122796147ae (type: ports) to 4
2026-06-03 01:01:11.495 10 INFO neutron.wsgi [-] 10.0.0.209 "GET / HTTP/1.1" status: 200 len: 247 time: 0.0015044
2026-06-03 01:01:11.497 10 INFO neutron.wsgi [-] 10.0.0.209 "GET / HTTP/1.1" status: 200 len: 247 time: 0.0009403
2026-06-03 01:01:11.508 10 INFO neutron.wsgi [None req-e9fe7814-b5a1-407a-ac30-bac83441ea2b f418ab43de9e4181bbf902d4fedc102c 3e51eafdb9f04039b2a84eeb25e0f0c6 - - default default] 10.0.0.147 "DELETE /v2.0/ports/098c0c02-d280-45ba-8744-0ae231bacd28 HTTP/1.1" status: 204 len: 168 time: 0.9943640
2026-06-03 01:01:11.657 10 INFO neutron.wsgi [req-5b0afb86-9ade-4a5f-bd10-86d247a100e0 req-215bdadc-4d21-4ef4-b5cf-b8ff8ede3544 1570a35705614f4f8f795ac752ad42f4 bc8c60e4954741d996e3be0691de3a9d - - default default] 10.0.0.125 "GET /v2.0/ports?device_id=88d1d864-44ae-4d1f-b262-79191d9615c2 HTTP/1.1" status: 200 len: 1170 time: 0.0912108
2026-06-03 01:01:11.700 10 INFO neutron.wsgi [None req-7dae5b68-cfdc-4126-93fa-078203ac186d f418ab43de9e4181bbf902d4fedc102c 3e51eafdb9f04039b2a84eeb25e0f0c6 - - default default] 10.0.0.147 "GET /v2.0/ports?device_id=abea0418-b0bf-4af7-87bb-8131fe0c14b9 HTTP/1.1" status: 200 len: 1140 time: 0.1862147 /var/lib/openstack/lib/python3.10/site-packages/pycadf/identifier.py:71: UserWarning: Invalid uuid: neutron. To ensure interoperability, identifiers should be a valid uuid. warnings.warn(('Invalid uuid: %s. To ensure interoperability, '
2026-06-03 01:01:11.758 10 INFO neutron.wsgi [req-5b0afb86-9ade-4a5f-bd10-86d247a100e0 req-b5087e89-f7d5-41bd-8021-04da96c9986b 1570a35705614f4f8f795ac752ad42f4 bc8c60e4954741d996e3be0691de3a9d - - default default] 10.0.0.125 "GET /v2.0/security-groups?id=4b30439f-6ffc-4859-b2ef-b5f5e591c1fb&fields=id&fields=name HTTP/1.1" status: 200 len: 286 time: 0.0914540
2026-06-03 01:01:12.003 10 INFO neutron.db.ovn_revision_numbers_db [None req-0e01532b-1903-45a9-991d-6ed031b79bc3 a607a8cc56ee4a918facbb451c0e3831 16b608c7e5a0466292a36f2607bd47a5 - - default default] Successfully bumped revision number for resource acee741d-a22f-4a81-948a-13626e3780e2 (type: ports) to 2
2026-06-03 01:01:12.051 10 INFO neutron.db.ovn_revision_numbers_db [None req-0e01532b-1903-45a9-991d-6ed031b79bc3 a607a8cc56ee4a918facbb451c0e3831 16b608c7e5a0466292a36f2607bd47a5 - - default default] Successfully bumped revision number for resource 1228c0b0-601f-4498-b89e-17d8aaa2fc4e (type: subnets) to 0
2026-06-03 01:01:12.071 10 INFO neutron.wsgi [None req-0e01532b-1903-45a9-991d-6ed031b79bc3 a607a8cc56ee4a918facbb451c0e3831 16b608c7e5a0466292a36f2607bd47a5 - - default default] 10.0.0.147 "POST /v2.0/subnets HTTP/1.1" status: 201 len: 866 time: 1.6988323
2026-06-03 01:01:12.145 10 INFO neutron.wsgi [req-f4211520-a552-46a4-91e8-a9d997b16b7f req-59a9266a-e1a7-479f-8169-6ecad0f9dba3 1570a35705614f4f8f795ac752ad42f4 bc8c60e4954741d996e3be0691de3a9d - - default default] 10.0.0.125 "GET /v2.0/ports?device_id=88d1d864-44ae-4d1f-b262-79191d9615c2 HTTP/1.1" status: 200 len: 1170 time: 0.0433528
2026-06-03 01:01:12.153 9 INFO neutron.plugins.ml2.drivers.ovn.mech_driver.mech_driver [None req-2eeaa632-5493-44e3-a71c-72f4eb284b18 - - - - - -] OVN reports status down for port: fd255e15-3f67-4171-ac88-8122796147ae
2026-06-03 01:01:12.199 10 INFO neutron.wsgi [req-f4211520-a552-46a4-91e8-a9d997b16b7f req-8807e63b-7e1b-4a9f-a605-b9067308a88a 1570a35705614f4f8f795ac752ad42f4 bc8c60e4954741d996e3be0691de3a9d - - default default] 10.0.0.125 "GET /v2.0/security-groups?id=4b30439f-6ffc-4859-b2ef-b5f5e591c1fb&fields=id&fields=name HTTP/1.1" status: 200 len: 286 time: 0.0453961
2026-06-03 01:01:12.503 10 INFO neutron.wsgi [req-69e3c47d-a8fe-435d-91b7-c3e220cd8ed9 req-91ed848d-1c0e-43cb-8dc1-76610bc797e0 1570a35705614f4f8f795ac752ad42f4 bc8c60e4954741d996e3be0691de3a9d - - default default] 199.204.45.229 "GET /v2.0/ports?device_id=88d1d864-44ae-4d1f-b262-79191d9615c2 HTTP/1.1" status: 200 len: 1170 time: 0.0420940
2026-06-03 01:01:12.851 10 INFO neutron.wsgi [req-69e3c47d-a8fe-435d-91b7-c3e220cd8ed9 req-feb7dd9d-5703-43e4-a501-c0d5e50f88f5 1570a35705614f4f8f795ac752ad42f4 bc8c60e4954741d996e3be0691de3a9d - - default default] 199.204.45.229 "DELETE /v2.0/ports/fd255e15-3f67-4171-ac88-8122796147ae HTTP/1.1" status: 204 len: 173 time: 0.3414321
2026-06-03 01:01:12.908 10 INFO neutron.notifiers.nova [-] Nova event matching ['req-51f9b7ca-ded0-4e24-8ff5-2aa5c2a77a7e'] response: {'server_uuid': '88d1d864-44ae-4d1f-b262-79191d9615c2', 'name': 'network-vif-deleted', 'tag': 'fd255e15-3f67-4171-ac88-8122796147ae', 'status': 'completed', 'code': 200}
2026-06-03 01:01:13.100 9 ERROR neutron.plugins.ml2.managers [None req-2eeaa632-5493-44e3-a71c-72f4eb284b18 - - - - - -] Mechanism driver 'ovn' failed in update_port_postcommit: ovsdbapp.backend.ovs_idl.idlutils.RowNotFound: Cannot find Logical_Switch_Port with name=fd255e15-3f67-4171-ac88-8122796147ae
2026-06-03 01:01:13.100 9 ERROR neutron.plugins.ml2.managers
Traceback (most recent call last):
2026-06-03 01:01:13.100 9 ERROR neutron.plugins.ml2.managers
File "/var/lib/openstack/lib/python3.10/site-packages/neutron/plugins/ml2/managers.py", line 497, in _call_on_drivers
2026-06-03 01:01:13.100 9 ERROR neutron.plugins.ml2.managers getattr(driver.obj, method_name)(context)
2026-06-03 01:01:13.100 9 ERROR neutron.plugins.ml2.managers
File "/var/lib/openstack/lib/python3.10/site-packages/neutron/plugins/ml2/drivers/ovn/mech_driver/mech_driver.py", line 896, in update_port_postcommit
2026-06-03 01:01:13.100 9 ERROR neutron.plugins.ml2.managers self._ovn_update_port(context.plugin_context, port, original_port,
2026-06-03 01:01:13.100 9 ERROR neutron.plugins.ml2.managers
File "/var/lib/openstack/lib/python3.10/site-packages/neutron/plugins/ml2/drivers/ovn/mech_driver/mech_driver.py", line 777, in _ovn_update_port
2026-06-03 01:01:13.100 9 ERROR neutron.plugins.ml2.managers self._ovn_client.update_port(plugin_context, port,
2026-06-03 01:01:13.100 9 ERROR neutron.plugins.ml2.managers
File "/var/lib/openstack/lib/python3.10/site-packages/neutron/plugins/ml2/drivers/ovn/mech_driver/ovsdb/ovn_client.py", line 724, in update_port
2026-06-03 01:01:13.100 9 ERROR neutron.plugins.ml2.managers ovn_port = self._nb_idl.lookup('Logical_Switch_Port', port['id'])
2026-06-03 01:01:13.100 9 ERROR neutron.plugins.ml2.managers
File "/var/lib/openstack/lib/python3.10/site-packages/ovsdbapp/backend/ovs_idl/__init__.py", line 184, in lookup
2026-06-03 01:01:13.100 9 ERROR neutron.plugins.ml2.managers return self._lookup(table, record)
2026-06-03 01:01:13.100 9 ERROR neutron.plugins.ml2.managers
File "/var/lib/openstack/lib/python3.10/site-packages/ovsdbapp/backend/ovs_idl/__init__.py", line 235, in _lookup
2026-06-03 01:01:13.100 9 ERROR neutron.plugins.ml2.managers row = idlutils.row_by_value(self, rl.table, rl.column, record)
2026-06-03 01:01:13.100 9 ERROR neutron.plugins.ml2.managers
File "/var/lib/openstack/lib/python3.10/site-packages/ovsdbapp/backend/ovs_idl/idlutils.py", line 114, in row_by_value
2026-06-03 01:01:13.100 9 ERROR neutron.plugins.ml2.managers raise RowNotFound(table=table, col=column, match=match)
2026-06-03 01:01:13.100 9 ERROR neutron.plugins.ml2.managers ovsdbapp.backend.ovs_idl.idlutils.RowNotFound: Cannot find Logical_Switch_Port with name=fd255e15-3f67-4171-ac88-8122796147ae
2026-06-03 01:01:13.100 9 ERROR neutron.plugins.ml2.managers 
2026-06-03 01:01:13.119 9 ERROR ovsdbapp.backend.ovs_idl.command [None req-2eeaa632-5493-44e3-a71c-72f4eb284b18 - - - - - -] Error executing command (LspGetUpCommand): ovsdbapp.backend.ovs_idl.idlutils.RowNotFound: Cannot find Logical_Switch_Port with name=fd255e15-3f67-4171-ac88-8122796147ae
2026-06-03 01:01:13.119 9 ERROR ovsdbapp.backend.ovs_idl.command
Traceback (most recent call last):
2026-06-03 01:01:13.119 9 ERROR ovsdbapp.backend.ovs_idl.command
File "/var/lib/openstack/lib/python3.10/site-packages/ovsdbapp/backend/ovs_idl/command.py", line 47, in execute
2026-06-03 01:01:13.119 9 ERROR ovsdbapp.backend.ovs_idl.command self.run_idl(None)
2026-06-03 01:01:13.119 9 ERROR ovsdbapp.backend.ovs_idl.command
File "/var/lib/openstack/lib/python3.10/site-packages/ovsdbapp/schema/ovn_northbound/commands.py", line 672, in run_idl
2026-06-03 01:01:13.119 9 ERROR ovsdbapp.backend.ovs_idl.command lsp = self.api.lookup('Logical_Switch_Port', self.port)
2026-06-03 01:01:13.119 9 ERROR ovsdbapp.backend.ovs_idl.command
File "/var/lib/openstack/lib/python3.10/site-packages/ovsdbapp/backend/ovs_idl/__init__.py", line 184, in lookup
2026-06-03 01:01:13.119 9 ERROR ovsdbapp.backend.ovs_idl.command return self._lookup(table, record)
2026-06-03 01:01:13.119 9 ERROR ovsdbapp.backend.ovs_idl.command
File "/var/lib/openstack/lib/python3.10/site-packages/ovsdbapp/backend/ovs_idl/__init__.py", line 235, in _lookup
2026-06-03 01:01:13.119 9 ERROR ovsdbapp.backend.ovs_idl.command row = idlutils.row_by_value(self, rl.table, rl.column, record)
2026-06-03 01:01:13.119 9 ERROR ovsdbapp.backend.ovs_idl.command
File "/var/lib/openstack/lib/python3.10/site-packages/ovsdbapp/backend/ovs_idl/idlutils.py", line 114, in row_by_value
2026-06-03 01:01:13.119 9 ERROR ovsdbapp.backend.ovs_idl.command raise RowNotFound(table=table, col=column, match=match)
2026-06-03 01:01:13.119 9 ERROR ovsdbapp.backend.ovs_idl.command ovsdbapp.backend.ovs_idl.idlutils.RowNotFound: Cannot find Logical_Switch_Port with name=fd255e15-3f67-4171-ac88-8122796147ae
2026-06-03 01:01:13.119 9 ERROR ovsdbapp.backend.ovs_idl.command 
2026-06-03 01:01:13.120 9 ERROR ovsdbapp.event [None req-2eeaa632-5493-44e3-a71c-72f4eb284b18 - - - - - -] Unexpected exception in notify_loop: ovsdbapp.backend.ovs_idl.idlutils.RowNotFound: Cannot find Logical_Switch_Port with name=fd255e15-3f67-4171-ac88-8122796147ae
2026-06-03 01:01:13.120 9 ERROR ovsdbapp.event
Traceback (most recent call last):
2026-06-03 01:01:13.120 9 ERROR ovsdbapp.event
File "/var/lib/openstack/lib/python3.10/site-packages/ovsdbapp/event.py", line 177, in notify_loop
2026-06-03 01:01:13.120 9 ERROR ovsdbapp.event match.run(event, row, updates)
2026-06-03 01:01:13.120 9 ERROR ovsdbapp.event
File "/var/lib/openstack/lib/python3.10/site-packages/neutron/plugins/ml2/drivers/ovn/mech_driver/ovsdb/ovsdb_monitor.py", line 543, in run
2026-06-03 01:01:13.120 9 ERROR ovsdbapp.event self.driver.set_port_status_down(row.name)
2026-06-03 01:01:13.120 9 ERROR ovsdbapp.event
File "/var/lib/openstack/lib/python3.10/site-packages/neutron/plugins/ml2/drivers/ovn/mech_driver/mech_driver.py", line 1241, in set_port_status_down
2026-06-03 01:01:13.120 9 ERROR ovsdbapp.event self._ovn_client.update_lsp_host_info(
2026-06-03 01:01:13.120 9 ERROR ovsdbapp.event
File "/var/lib/openstack/lib/python3.10/site-packages/neutron/plugins/ml2/drivers/ovn/mech_driver/ovsdb/ovn_client.py", line 297, in update_lsp_host_info
2026-06-03 01:01:13.120 9 ERROR ovsdbapp.event port_up = self._nb_idl.lsp_get_up(db_port.id).execute(
2026-06-03 01:01:13.120 9 ERROR ovsdbapp.event
File "/var/lib/openstack/lib/python3.10/site-packages/ovsdbapp/backend/ovs_idl/command.py", line 47, in execute
2026-06-03 01:01:13.120 9 ERROR ovsdbapp.event self.run_idl(None)
2026-06-03 01:01:13.120 9 ERROR ovsdbapp.event
File "/var/lib/openstack/lib/python3.10/site-packages/ovsdbapp/schema/ovn_northbound/commands.py", line 672, in run_idl
2026-06-03 01:01:13.120 9 ERROR ovsdbapp.event lsp = self.api.lookup('Logical_Switch_Port', self.port)
2026-06-03 01:01:13.120 9 ERROR ovsdbapp.event
File "/var/lib/openstack/lib/python3.10/site-packages/ovsdbapp/backend/ovs_idl/__init__.py", line 184, in lookup
2026-06-03 01:01:13.120 9 ERROR ovsdbapp.event return self._lookup(table, record)
2026-06-03 01:01:13.120 9 ERROR ovsdbapp.event
File "/var/lib/openstack/lib/python3.10/site-packages/ovsdbapp/backend/ovs_idl/__init__.py", line 235, in _lookup
2026-06-03 01:01:13.120 9 ERROR ovsdbapp.event row = idlutils.row_by_value(self, rl.table, rl.column, record)
2026-06-03 01:01:13.120 9 ERROR ovsdbapp.event
File "/var/lib/openstack/lib/python3.10/site-packages/ovsdbapp/backend/ovs_idl/idlutils.py", line 114, in row_by_value
2026-06-03 01:01:13.120 9 ERROR ovsdbapp.event raise RowNotFound(table=table, col=column, match=match)
2026-06-03 01:01:13.120 9 ERROR ovsdbapp.event ovsdbapp.backend.ovs_idl.idlutils.RowNotFound: Cannot find Logical_Switch_Port with name=fd255e15-3f67-4171-ac88-8122796147ae
2026-06-03 01:01:13.120 9 ERROR ovsdbapp.event 
2026-06-03 01:01:13.236 9 INFO neutron.notifiers.nova [-] Nova event matching ['req-bd2cbda2-5965-4005-bcef-431e82a40724'] response: {'server_uuid': '88d1d864-44ae-4d1f-b262-79191d9615c2', 'name': 'network-vif-plugged', 'status': 'completed', 'tag': 'fd255e15-3f67-4171-ac88-8122796147ae', 'code': 200}
2026-06-03 01:01:13.236 9 INFO neutron.notifiers.nova [-] Nova event matching ['req-bd2cbda2-5965-4005-bcef-431e82a40724'] response: {'server_uuid': '88d1d864-44ae-4d1f-b262-79191d9615c2', 'name': 'network-vif-unplugged', 'status': 'completed', 'tag': 'fd255e15-3f67-4171-ac88-8122796147ae', 'code': 200}
2026-06-03 01:01:13.236 9 INFO neutron.notifiers.nova [-] Nova event matching ['req-bd2cbda2-5965-4005-bcef-431e82a40724'] response: {'server_uuid': '88d1d864-44ae-4d1f-b262-79191d9615c2', 'name': 'network-vif-plugged', 'status': 'completed', 'tag': 'fd255e15-3f67-4171-ac88-8122796147ae', 'code': 200}
2026-06-03 01:01:13.278 9 WARNING neutron.scheduler.dhcp_agent_scheduler [None req-6bc77c5b-0b61-457a-8d66-3797724c0347 a607a8cc56ee4a918facbb451c0e3831 16b608c7e5a0466292a36f2607bd47a5 - - default default] No more DHCP agents
2026-06-03 01:01:13.285 9 WARNING neutron.api.rpc.agentnotifiers.dhcp_rpc_agent_api [None req-6bc77c5b-0b61-457a-8d66-3797724c0347 a607a8cc56ee4a918facbb451c0e3831 16b608c7e5a0466292a36f2607bd47a5 - - default default] Unable to schedule network 9750bfc4-d3f9-417e-855f-d6a046f2fe34: no agents available; will retry on subsequent port and subnet creation events.
2026-06-03 01:01:13.525 9 INFO neutron.wsgi [None req-9cca0647-23ab-413b-8bca-cd69fca14311 f418ab43de9e4181bbf902d4fedc102c 3e51eafdb9f04039b2a84eeb25e0f0c6 - - default default] 10.0.0.147 "PUT /v2.0/routers/abea0418-b0bf-4af7-87bb-8131fe0c14b9/remove_router_interface HTTP/1.1" status: 200 len: 503 time: 1.8164492
2026-06-03 01:01:13.542 9 INFO neutron.db.ovn_revision_numbers_db [None req-6bc77c5b-0b61-457a-8d66-3797724c0347 a607a8cc56ee4a918facbb451c0e3831 16b608c7e5a0466292a36f2607bd47a5 - - default default] Successfully bumped revision number for resource c13b5f20-009a-4e8d-8898-15de87c2be6a (type: ports) to 1
2026-06-03 01:01:14.175 9 INFO neutron.plugins.ml2.drivers.ovn.mech_driver.mech_driver [None req-2eeaa632-5493-44e3-a71c-72f4eb284b18 - - - - - -] OVN reports status up for port: c13b5f20-009a-4e8d-8898-15de87c2be6a
2026-06-03 01:01:14.189 10 INFO neutron.plugins.ml2.drivers.ovn.mech_driver.ovsdb.ovsdb_monitor [None req-61c6ba5a-8345-4a45-b0c6-9109ca661750 - - - - - -] Router eedade00-2498-4d70-8b30-af7e16599849 is bound to host instance
2026-06-03 01:01:14.194 9 INFO neutron.plugins.ml2.plugin [None req-2eeaa632-5493-44e3-a71c-72f4eb284b18 - - - - - -] Attempt 1 to provision port c13b5f20-009a-4e8d-8898-15de87c2be6a
2026-06-03 01:01:14.231 9 INFO neutron.db.ovn_revision_numbers_db [None req-6bc77c5b-0b61-457a-8d66-3797724c0347 a607a8cc56ee4a918facbb451c0e3831 16b608c7e5a0466292a36f2607bd47a5 - - default default] Successfully bumped revision number for resource c13b5f20-009a-4e8d-8898-15de87c2be6a (type: router_ports) to 1
2026-06-03 01:01:14.326 9 INFO neutron.db.ovn_revision_numbers_db [None req-6bc77c5b-0b61-457a-8d66-3797724c0347 a607a8cc56ee4a918facbb451c0e3831 16b608c7e5a0466292a36f2607bd47a5 - - default default] Successfully bumped revision number for resource eedade00-2498-4d70-8b30-af7e16599849 (type: routers) to 2
2026-06-03 01:01:14.353 9 INFO neutron.wsgi [None req-6bc77c5b-0b61-457a-8d66-3797724c0347 a607a8cc56ee4a918facbb451c0e3831 16b608c7e5a0466292a36f2607bd47a5 - - default default] 10.0.0.147 "POST /v2.0/routers HTTP/1.1" status: 201 len: 877 time: 2.2709987 /var/lib/openstack/lib/python3.10/site-packages/pycadf/identifier.py:71: UserWarning: Invalid uuid: neutron. To ensure interoperability, identifiers should be a valid uuid. warnings.warn(('Invalid uuid: %s. To ensure interoperability, '
2026-06-03 01:01:14.948 9 WARNING neutron.scheduler.dhcp_agent_scheduler [None req-9fc2deec-05c8-41b6-b252-a0d7254bc2c3 a607a8cc56ee4a918facbb451c0e3831 16b608c7e5a0466292a36f2607bd47a5 - - default default] No more DHCP agents
2026-06-03 01:01:14.950 9 WARNING neutron.api.rpc.agentnotifiers.dhcp_rpc_agent_api [None req-9fc2deec-05c8-41b6-b252-a0d7254bc2c3 a607a8cc56ee4a918facbb451c0e3831 16b608c7e5a0466292a36f2607bd47a5 - - default default] Unable to schedule network ad95e34c-be56-4391-9881-29e72a355023: no agents available; will retry on subsequent port and subnet creation events.
2026-06-03 01:01:15.160 9 INFO neutron.db.ovn_revision_numbers_db [None req-9fc2deec-05c8-41b6-b252-a0d7254bc2c3 a607a8cc56ee4a918facbb451c0e3831 16b608c7e5a0466292a36f2607bd47a5 - - default default] Successfully bumped revision number for resource 16e80cb6-762a-4386-ad12-ac86f651701a (type: ports) to 1
2026-06-03 01:01:15.600 10 INFO neutron.wsgi [None req-2d2f9680-9ccc-4fc2-b5d4-16ab2456995c a607a8cc56ee4a918facbb451c0e3831 16b608c7e5a0466292a36f2607bd47a5 - - default default] 10.0.0.147 "PUT /v2.0/routers/2939c1a6-2c42-4221-a471-19c45f798ed9/remove_router_interface HTTP/1.1" status: 200 len: 503 time: 2.3302572
2026-06-03 01:01:15.608 10 INFO neutron.wsgi [None req-9c90fc72-6b1e-4a6f-8cac-50216f7fc315 f418ab43de9e4181bbf902d4fedc102c 3e51eafdb9f04039b2a84eeb25e0f0c6 - - default default] 10.0.0.147 "DELETE /v2.0/routers/abea0418-b0bf-4af7-87bb-8131fe0c14b9 HTTP/1.1" status: 204 len: 168 time: 2.0760078 /var/lib/openstack/lib/python3.10/site-packages/pycadf/identifier.py:71: UserWarning: Invalid uuid: neutron. To ensure interoperability, identifiers should be a valid uuid. warnings.warn(('Invalid uuid: %s. To ensure interoperability, '
2026-06-03 01:01:15.698 9 INFO neutron.db.ovn_revision_numbers_db [None req-9fc2deec-05c8-41b6-b252-a0d7254bc2c3 a607a8cc56ee4a918facbb451c0e3831 16b608c7e5a0466292a36f2607bd47a5 - - default default] Successfully bumped revision number for resource 16e80cb6-762a-4386-ad12-ac86f651701a (type: router_ports) to 1
2026-06-03 01:01:15.893 9 INFO neutron.db.ovn_revision_numbers_db [None req-9fc2deec-05c8-41b6-b252-a0d7254bc2c3 a607a8cc56ee4a918facbb451c0e3831 16b608c7e5a0466292a36f2607bd47a5 - - default default] Successfully bumped revision number for resource 16e80cb6-762a-4386-ad12-ac86f651701a (type: ports) to 1
2026-06-03 01:01:15.976 9 WARNING neutron.scheduler.dhcp_agent_scheduler [None req-9fc2deec-05c8-41b6-b252-a0d7254bc2c3 a607a8cc56ee4a918facbb451c0e3831 16b608c7e5a0466292a36f2607bd47a5 - - default default] No more DHCP agents
2026-06-03 01:01:15.977 9 WARNING neutron.api.rpc.agentnotifiers.dhcp_rpc_agent_api [None req-9fc2deec-05c8-41b6-b252-a0d7254bc2c3 a607a8cc56ee4a918facbb451c0e3831 16b608c7e5a0466292a36f2607bd47a5 - - default default] Unable to schedule network ad95e34c-be56-4391-9881-29e72a355023: no agents available; will retry on subsequent port and subnet creation events.
2026-06-03 01:01:16.021 10 INFO neutron.db.ovn_revision_numbers_db [None req-61c6ba5a-8345-4a45-b0c6-9109ca661750 - - - - - -] Successfully bumped revision number for resource c13b5f20-009a-4e8d-8898-15de87c2be6a (type: ports) to 1
2026-06-03 01:01:16.039 10 INFO neutron.wsgi [None req-2d32fb22-8973-42ba-ad84-8169f66872b6 f418ab43de9e4181bbf902d4fedc102c 3e51eafdb9f04039b2a84eeb25e0f0c6 - - default default] 10.0.0.147 "DELETE /v2.0/subnets/5ded64e6-d92f-4db7-83ab-a5bdc0027653 HTTP/1.1" status: 204 len: 168 time: 0.4166417
2026-06-03 01:01:16.810 10 INFO neutron.db.ovn_revision_numbers_db [None req-23cc2032-7f85-4083-96cd-4ec2c4f82545 a607a8cc56ee4a918facbb451c0e3831 16b608c7e5a0466292a36f2607bd47a5 - - default default] Successfully bumped revision number for resource 870afb7e-03bb-4a4a-acec-23b3002b0b20 (type: security_groups) to 1
2026-06-03 01:01:16.821 9 INFO neutron.db.ovn_revision_numbers_db [None req-9fc2deec-05c8-41b6-b252-a0d7254bc2c3 a607a8cc56ee4a918facbb451c0e3831 16b608c7e5a0466292a36f2607bd47a5 - - default default] Successfully bumped revision number for resource 16e80cb6-762a-4386-ad12-ac86f651701a (type: router_ports) to 1
2026-06-03 01:01:16.824 9 INFO neutron.wsgi [None req-9fc2deec-05c8-41b6-b252-a0d7254bc2c3 a607a8cc56ee4a918facbb451c0e3831 16b608c7e5a0466292a36f2607bd47a5 - - default default] 10.0.0.147 "PUT /v2.0/routers/eedade00-2498-4d70-8b30-af7e16599849/add_router_interface HTTP/1.1" status: 200 len: 503 time: 2.4646792
2026-06-03 01:01:16.865 10 INFO neutron.db.ovn_revision_numbers_db [None req-23cc2032-7f85-4083-96cd-4ec2c4f82545 a607a8cc56ee4a918facbb451c0e3831 16b608c7e5a0466292a36f2607bd47a5 - - default default] Successfully bumped revision number for resource 4562e25d-41bf-4578-a6a9-d6f3aeecdf09 (type: security_group_rules) to 0
2026-06-03 01:01:16.911 10 INFO neutron.db.ovn_revision_numbers_db [None req-23cc2032-7f85-4083-96cd-4ec2c4f82545 a607a8cc56ee4a918facbb451c0e3831 16b608c7e5a0466292a36f2607bd47a5 - - default default] Successfully bumped revision number for resource 8eccd57a-03d3-4e69-9e31-b6352fa4498f (type: security_group_rules) to 0
2026-06-03 01:01:16.985 10 INFO neutron.db.ovn_revision_numbers_db [None req-23cc2032-7f85-4083-96cd-4ec2c4f82545 a607a8cc56ee4a918facbb451c0e3831 16b608c7e5a0466292a36f2607bd47a5 - - default default] Successfully bumped revision number for resource 9ade81e9-6d77-46c2-b685-2dde2e6921a5 (type: security_group_rules) to 0
2026-06-03 01:01:17.040 10 INFO neutron.db.ovn_revision_numbers_db [None req-23cc2032-7f85-4083-96cd-4ec2c4f82545 a607a8cc56ee4a918facbb451c0e3831 16b608c7e5a0466292a36f2607bd47a5 - - default default] Successfully bumped revision number for resource b80c9f16-dd1b-4367-8291-70eb016864d7 (type: security_group_rules) to 0
2026-06-03 01:01:17.063 9 INFO neutron.plugins.ml2.drivers.ovn.mech_driver.mech_driver [None req-2eeaa632-5493-44e3-a71c-72f4eb284b18 - - - - - -] OVN reports status up for port: 16e80cb6-762a-4386-ad12-ac86f651701a
2026-06-03 01:01:17.078 9 INFO neutron.plugins.ml2.plugin [None req-2eeaa632-5493-44e3-a71c-72f4eb284b18 - - - - - -] Attempt 1 to provision port 16e80cb6-762a-4386-ad12-ac86f651701a
2026-06-03 01:01:17.088 10 INFO neutron.db.ovn_revision_numbers_db [None req-61c6ba5a-8345-4a45-b0c6-9109ca661750 - - - - - -] Successfully bumped revision number for resource c13b5f20-009a-4e8d-8898-15de87c2be6a (type: router_ports) to 3
2026-06-03 01:01:17.096 10 INFO neutron.wsgi [None req-23cc2032-7f85-4083-96cd-4ec2c4f82545 a607a8cc56ee4a918facbb451c0e3831 16b608c7e5a0466292a36f2607bd47a5 - - default default] 10.0.0.147 "GET /v2.0/security-groups?tenant_id=eff3a39e1e214bedb435973aba58009c&name=default HTTP/1.1" status: 200 len: 2996 time: 1.0185442
2026-06-03 01:01:17.295 10 INFO neutron.services.segments.plugin [-] Segment 298c2b8b-5185-4c0b-819a-84a4033f5a3d resource provider aggregate not found
2026-06-03 01:01:17.300 10 INFO neutron.services.segments.plugin [-] Segment 298c2b8b-5185-4c0b-819a-84a4033f5a3d resource provider aggregate not found
2026-06-03 01:01:17.329 10 INFO neutron.services.segments.plugin [-] Segment 298c2b8b-5185-4c0b-819a-84a4033f5a3d resource provider not found; error: Placement Client Error (4xx): {"errors": [{"status": 404, "title": "Not Found", "detail": "The resource could not be found.\n\n No resource provider with uuid 298c2b8b-5185-4c0b-819a-84a4033f5a3d found for delete ", "request_id": "req-95093678-658a-413c-b865-661a6cef0e9f"}]}
2026-06-03 01:01:17.333 10 INFO neutron.services.segments.plugin [-] Segment 298c2b8b-5185-4c0b-819a-84a4033f5a3d resource provider not found; error: Placement Client Error (4xx): {"errors": [{"status": 404, "title": "Not Found", "detail": "The resource could not be found.\n\n No resource provider with uuid 298c2b8b-5185-4c0b-819a-84a4033f5a3d found for delete ", "request_id": "req-c25282e1-aca1-4729-a77e-06e2f56cef35"}]}
2026-06-03 01:01:17.395 10 INFO neutron.wsgi [None req-b798640d-7847-48dc-9220-5dadbea2e41d f418ab43de9e4181bbf902d4fedc102c 3e51eafdb9f04039b2a84eeb25e0f0c6 - - default default] 10.0.0.147 "DELETE /v2.0/networks/ef00732c-3e43-4b0b-abaf-8c2242a17da0 HTTP/1.1" status: 204 len: 168 time: 1.3366561
2026-06-03 01:01:17.431 9 INFO neutron.db.ovn_revision_numbers_db [None req-2eeaa632-5493-44e3-a71c-72f4eb284b18 - - - - - -] Successfully bumped revision number for resource 16e80cb6-762a-4386-ad12-ac86f651701a (type: ports) to 2
2026-06-03 01:01:17.435 9 INFO neutron.wsgi [None req-cc28b05b-9bba-4f8e-9ac0-67126289bcb7 a607a8cc56ee4a918facbb451c0e3831 16b608c7e5a0466292a36f2607bd47a5 - - default default] 10.0.0.147 "DELETE /v2.0/security-groups/870afb7e-03bb-4a4a-acec-23b3002b0b20 HTTP/1.1" status: 204 len: 168 time: 0.3256097
2026-06-03 01:01:17.445 9 WARNING neutron_lib.context [None req-c6016b04-b511-4bab-82e6-90cc97259482 fa918ed7ace2437db8570fbbdf40c397 b43441db3ca64efa8363f64b68301136 - - default default] Method 'is_advsvc' is deprecated since 2023.2 release (neutron-lib 3.8.0) and will be removed once support for the old RBAC API policies will be removed from Neutron. Please use method 'is_service_role' instead.
2026-06-03 01:01:17.476 10 INFO neutron.db.ovn_revision_numbers_db [None req-61c6ba5a-8345-4a45-b0c6-9109ca661750 - - - - - -] Successfully bumped revision number for resource c13b5f20-009a-4e8d-8898-15de87c2be6a (type: ports) to 2
2026-06-03 01:01:17.547 9 INFO neutron.db.ovn_revision_numbers_db [None req-2eeaa632-5493-44e3-a71c-72f4eb284b18 - - - - - -] Successfully bumped revision number for resource 16e80cb6-762a-4386-ad12-ac86f651701a (type: router_ports) to 2
2026-06-03 01:01:17.639 9 INFO neutron.db.ovn_revision_numbers_db [None req-c6016b04-b511-4bab-82e6-90cc97259482 fa918ed7ace2437db8570fbbdf40c397 b43441db3ca64efa8363f64b68301136 - - default default] Successfully bumped revision number for resource 7ddd7f40-b5e2-4b89-b86d-9be39788178a (type: security_groups) to 1
2026-06-03 01:01:17.667 9 INFO neutron.db.ovn_revision_numbers_db [None req-c6016b04-b511-4bab-82e6-90cc97259482 fa918ed7ace2437db8570fbbdf40c397 b43441db3ca64efa8363f64b68301136 - - default default] Successfully bumped revision number for resource 48fbfd15-dbd9-43b3-b2dd-3e561fd938e4 (type: security_group_rules) to 0
2026-06-03 01:01:17.689 9 INFO neutron.db.ovn_revision_numbers_db [None req-c6016b04-b511-4bab-82e6-90cc97259482 fa918ed7ace2437db8570fbbdf40c397 b43441db3ca64efa8363f64b68301136 - - default default] Successfully bumped revision number for resource 9d635a68-6a0e-47dd-b6d3-b04f5ed34179 (type: security_group_rules) to 0
2026-06-03 01:01:17.714 9 INFO neutron.wsgi [None req-c6016b04-b511-4bab-82e6-90cc97259482 fa918ed7ace2437db8570fbbdf40c397 b43441db3ca64efa8363f64b68301136 - - default default] 10.0.0.147 "POST /v2.0/security-groups HTTP/1.1" status: 201 len: 1795 time: 0.2748733
2026-06-03 01:01:17.719 9 INFO neutron.db.ovn_revision_numbers_db [None req-ccd8dc49-0e48-4bb6-900a-f4d725b8058c a607a8cc56ee4a918facbb451c0e3831 16b608c7e5a0466292a36f2607bd47a5 - - default default] Successfully bumped revision number for resource 5a5f5a62-a084-4164-80c7-cdf2ecee6bf8 (type: security_groups) to 1
2026-06-03 01:01:17.732 9 WARNING neutron_lib.context [None req-e2aa46ac-6eec-484e-bd4d-2590da6ecc9c fa918ed7ace2437db8570fbbdf40c397 b43441db3ca64efa8363f64b68301136 - - default default] Method 'is_advsvc' is deprecated since 2023.2 release (neutron-lib 3.8.0) and will be removed once support for the old RBAC API policies will be removed from Neutron. Please use method 'is_service_role' instead.
2026-06-03 01:01:17.745 9 INFO neutron.db.ovn_revision_numbers_db [None req-ccd8dc49-0e48-4bb6-900a-f4d725b8058c a607a8cc56ee4a918facbb451c0e3831 16b608c7e5a0466292a36f2607bd47a5 - - default default] Successfully bumped revision number for resource 688729ac-62d2-4acd-9480-ff8b1c3a161e (type: security_group_rules) to 0
2026-06-03 01:01:17.760 9 INFO neutron.db.ovn_revision_numbers_db [None req-ccd8dc49-0e48-4bb6-900a-f4d725b8058c a607a8cc56ee4a918facbb451c0e3831 16b608c7e5a0466292a36f2607bd47a5 - - default default] Successfully bumped revision number for resource 84e5521e-2d2c-40b6-8ab9-a32e7c221b66 (type: security_group_rules) to 0
2026-06-03 01:01:17.777 9 INFO neutron.db.ovn_revision_numbers_db [None req-ccd8dc49-0e48-4bb6-900a-f4d725b8058c a607a8cc56ee4a918facbb451c0e3831 16b608c7e5a0466292a36f2607bd47a5 - - default default] Successfully bumped revision number for resource a966e56b-a96d-4ef4-a8bf-2465d60946c2 (type: security_group_rules) to 0
2026-06-03 01:01:17.798 10 INFO neutron.wsgi [None req-b6dfb515-4ddb-4d3f-97d4-f8c6a59e99bd a607a8cc56ee4a918facbb451c0e3831 16b608c7e5a0466292a36f2607bd47a5 - - default default] 10.0.0.147 "DELETE /v2.0/routers/2939c1a6-2c42-4221-a471-19c45f798ed9 HTTP/1.1" status: 204 len: 168 time: 2.1849556
2026-06-03 01:01:17.807 9 INFO neutron.db.ovn_revision_numbers_db [None req-ccd8dc49-0e48-4bb6-900a-f4d725b8058c a607a8cc56ee4a918facbb451c0e3831 16b608c7e5a0466292a36f2607bd47a5 - - default default] Successfully bumped revision number for resource a9b5b98a-bf0e-431f-9f67-2a476a987da8 (type: security_group_rules) to 0
