2026-06-03 01:00:39.229 10 INFO neutron.wsgi [req-e1d173e5-b6a5-4e7a-b91b-fd8e15c25aeb req-dba02a65-b4c4-4322-96a3-fb3bca6f5886 e4f9f50b079d4b2fa968f05ba0d51db1 f1cfac412872484cb275d703c4221d42 - - 03dce30708164263aa0c6e51f940dfa2 03dce30708164263aa0c6e51f940dfa2] 199.204.45.229 "GET /v2.0/ports?tenant_id=18323e95affa4d4d9b60b55614de54d8&device_id=1df785b4-6177-4c4a-a86e-cf74b8bf033e HTTP/1.1" status: 200 len: 1407 time: 0.0517840
2026-06-03 01:00:39.270 9 INFO neutron.db.ovn_revision_numbers_db [None req-1a62879d-fb63-4d8c-b16a-bac97484045e 16c3b4fc2c204c4696993f7a2bdbad42 807872d1e2434c9da1a7c5d754a34acb - - default default] Successfully bumped revision number for resource 619c743a-1de0-4eb1-a69f-ffaf25481874 (type: networks) to 1
2026-06-03 01:00:39.304 10 INFO neutron.wsgi [req-e1d173e5-b6a5-4e7a-b91b-fd8e15c25aeb req-139f7455-abb4-4e3f-ae44-656c0a9072ef e4f9f50b079d4b2fa968f05ba0d51db1 f1cfac412872484cb275d703c4221d42 - - 03dce30708164263aa0c6e51f940dfa2 03dce30708164263aa0c6e51f940dfa2] 199.204.45.229 "GET /v2.0/networks?id=290a65a3-e1a1-4758-83e5-5dbf3b38043b HTTP/1.1" status: 200 len: 976 time: 0.0660374
2026-06-03 01:00:39.323 9 INFO neutron.db.ovn_revision_numbers_db [None req-6c9da13f-d84b-479d-91e7-b952af10d31a 8db5ea2f5b464c8c9ef968617bbae641 a88c5011e1e64c10b1ac4d6f767003e9 - - default default] Successfully bumped revision number for resource 4fae4637-d9d1-4350-9200-67e49244a09d (type: floatingips) to 2
2026-06-03 01:00:39.338 10 INFO neutron.wsgi [req-e1d173e5-b6a5-4e7a-b91b-fd8e15c25aeb req-9f1e8241-8125-4cb6-835b-f6f5eba63d53 e4f9f50b079d4b2fa968f05ba0d51db1 f1cfac412872484cb275d703c4221d42 - - 03dce30708164263aa0c6e51f940dfa2 03dce30708164263aa0c6e51f940dfa2] 199.204.45.229 "GET /v2.0/floatingips?fixed_ip_address=10.100.0.6&port_id=d6d7c31b-68cc-4bc0-9883-703ee6d81e45 HTTP/1.1" status: 200 len: 217 time: 0.0266178
2026-06-03 01:00:39.380 9 INFO neutron.wsgi [None req-6c9da13f-d84b-479d-91e7-b952af10d31a 8db5ea2f5b464c8c9ef968617bbae641 a88c5011e1e64c10b1ac4d6f767003e9 - - default default] 10.0.0.147 "PUT /v2.0/floatingips/4fae4637-d9d1-4350-9200-67e49244a09d HTTP/1.1" status: 200 len: 1050 time: 1.3779151
2026-06-03 01:00:39.383 10 INFO neutron.wsgi [req-e1d173e5-b6a5-4e7a-b91b-fd8e15c25aeb req-11970949-7f41-4e8f-bffb-8e26f7d180d1 e4f9f50b079d4b2fa968f05ba0d51db1 f1cfac412872484cb275d703c4221d42 - - 03dce30708164263aa0c6e51f940dfa2 03dce30708164263aa0c6e51f940dfa2] 199.204.45.229 "GET /v2.0/subnets?id=36378f23-a2f6-482c-b776-f6909ee9a47f HTTP/1.1" status: 200 len: 871 time: 0.0361071
2026-06-03 01:00:39.420 10 INFO neutron.wsgi [req-e1d173e5-b6a5-4e7a-b91b-fd8e15c25aeb req-238ab1e7-c1fb-4fe8-ad70-b0686e0fc00a e4f9f50b079d4b2fa968f05ba0d51db1 f1cfac412872484cb275d703c4221d42 - - 03dce30708164263aa0c6e51f940dfa2 03dce30708164263aa0c6e51f940dfa2] 199.204.45.229 "GET /v2.0/ports?network_id=290a65a3-e1a1-4758-83e5-5dbf3b38043b&device_owner=network%3Adhcp HTTP/1.1" status: 200 len: 210 time: 0.0294082
2026-06-03 01:00:39.428 9 INFO neutron.notifiers.nova [-] Nova event matching ['req-e8a7e200-ba63-492f-be39-bd47ce01d311'] response: {'name': 'network-changed', 'server_uuid': 'c326da9f-8573-4b8e-bf34-c86e06f0f9ec', 'tag': '5f5d9a4e-549b-468e-babc-6fc044a6e4b6', 'status': 'completed', 'code': 200}
2026-06-03 01:00:39.510 10 INFO neutron.wsgi [req-55d93cff-a7ed-4516-a4de-9600876d0852 req-6cef9512-3402-4a9b-8e2f-731b1702427d 8db5ea2f5b464c8c9ef968617bbae641 a88c5011e1e64c10b1ac4d6f767003e9 - - default default] 10.0.0.125 "GET /v2.0/ports?device_id=c326da9f-8573-4b8e-bf34-c86e06f0f9ec HTTP/1.1" status: 200 len: 1174 time: 0.0813954
2026-06-03 01:00:39.523 10 INFO neutron.wsgi [req-cf88be6b-6369-4b13-adab-141756896d6b req-22c19c42-7b8c-4969-b5bd-a1cefeaa89ad e4f9f50b079d4b2fa968f05ba0d51db1 f1cfac412872484cb275d703c4221d42 - - 03dce30708164263aa0c6e51f940dfa2 03dce30708164263aa0c6e51f940dfa2] 199.204.45.229 "GET /v2.0/ports?tenant_id=a88c5011e1e64c10b1ac4d6f767003e9&device_id=c326da9f-8573-4b8e-bf34-c86e06f0f9ec HTTP/1.1" status: 200 len: 1413 time: 0.0618627
2026-06-03 01:00:39.548 10 INFO neutron.wsgi [req-e1d173e5-b6a5-4e7a-b91b-fd8e15c25aeb req-d58f35ce-0d1d-4bfc-9760-0579d15bd0c5 e4f9f50b079d4b2fa968f05ba0d51db1 f1cfac412872484cb275d703c4221d42 - - 03dce30708164263aa0c6e51f940dfa2 03dce30708164263aa0c6e51f940dfa2] 199.204.45.229 "GET /v2.0/networks/290a65a3-e1a1-4758-83e5-5dbf3b38043b?fields=segments HTTP/1.1" status: 200 len: 212 time: 0.1092057
2026-06-03 01:00:39.572 9 WARNING neutron.scheduler.dhcp_agent_scheduler [None req-1a62879d-fb63-4d8c-b16a-bac97484045e 16c3b4fc2c204c4696993f7a2bdbad42 807872d1e2434c9da1a7c5d754a34acb - - default default] No more DHCP agents
2026-06-03 01:00:39.578 9 WARNING neutron.api.rpc.agentnotifiers.dhcp_rpc_agent_api [None req-1a62879d-fb63-4d8c-b16a-bac97484045e 16c3b4fc2c204c4696993f7a2bdbad42 807872d1e2434c9da1a7c5d754a34acb - - default default] Unable to schedule network 619c743a-1de0-4eb1-a69f-ffaf25481874: no agents available; will retry on subsequent port and subnet creation events.
2026-06-03 01:00:39.599 10 INFO neutron.wsgi [req-55d93cff-a7ed-4516-a4de-9600876d0852 req-596ac7cf-71fe-472c-95ad-f1e4399d2e9d 8db5ea2f5b464c8c9ef968617bbae641 a88c5011e1e64c10b1ac4d6f767003e9 - - default default] 10.0.0.125 "GET /v2.0/security-groups?id=88385a0f-5a54-4e4e-b622-acd893dc19da&fields=id&fields=name HTTP/1.1" status: 200 len: 313 time: 0.0811548
2026-06-03 01:00:39.633 10 INFO neutron.wsgi [req-cf88be6b-6369-4b13-adab-141756896d6b req-096e09d7-2c42-4ab3-9602-44601acff424 e4f9f50b079d4b2fa968f05ba0d51db1 f1cfac412872484cb275d703c4221d42 - - 03dce30708164263aa0c6e51f940dfa2 03dce30708164263aa0c6e51f940dfa2] 199.204.45.229 "GET /v2.0/networks?id=7237910f-81f6-41ab-bb76-5d85656f9da4 HTTP/1.1" status: 200 len: 968 time: 0.0993059
2026-06-03 01:00:39.645 10 INFO neutron.wsgi [req-e1d173e5-b6a5-4e7a-b91b-fd8e15c25aeb req-4bc23b22-2467-4798-913a-745596820de5 e4f9f50b079d4b2fa968f05ba0d51db1 f1cfac412872484cb275d703c4221d42 - - 03dce30708164263aa0c6e51f940dfa2 03dce30708164263aa0c6e51f940dfa2] 199.204.45.229 "GET /v2.0/networks/290a65a3-e1a1-4758-83e5-5dbf3b38043b?fields=provider%3Aphysical_network&fields=provider%3Anetwork_type HTTP/1.1" status: 200 len: 277 time: 0.0855455
2026-06-03 01:00:39.707 10 INFO neutron.wsgi [req-cf88be6b-6369-4b13-adab-141756896d6b req-3f89fe5f-5f21-4ff8-b131-62b86dc6ea0b e4f9f50b079d4b2fa968f05ba0d51db1 f1cfac412872484cb275d703c4221d42 - - 03dce30708164263aa0c6e51f940dfa2 03dce30708164263aa0c6e51f940dfa2] 199.204.45.229 "GET /v2.0/floatingips?fixed_ip_address=10.100.0.14&port_id=5f5d9a4e-549b-468e-babc-6fc044a6e4b6 HTTP/1.1" status: 200 len: 1060 time: 0.0655224
2026-06-03 01:00:39.714 9 INFO neutron.db.ovn_revision_numbers_db [None req-1a62879d-fb63-4d8c-b16a-bac97484045e 16c3b4fc2c204c4696993f7a2bdbad42 807872d1e2434c9da1a7c5d754a34acb - - default default] Successfully bumped revision number for resource 1451dcf7-9bab-4f11-b396-11eedcec88f8 (type: ports) to 1
2026-06-03 01:00:39.752 10 INFO neutron.wsgi [req-cf88be6b-6369-4b13-adab-141756896d6b req-3be7a967-40eb-4198-9022-b59e6ee13324 e4f9f50b079d4b2fa968f05ba0d51db1 f1cfac412872484cb275d703c4221d42 - - 03dce30708164263aa0c6e51f940dfa2 03dce30708164263aa0c6e51f940dfa2] 199.204.45.229 "GET /v2.0/subnets?id=47424c24-a7e7-40f1-b85e-0738e707fd53 HTTP/1.1" status: 200 len: 863 time: 0.0384018
2026-06-03 01:00:39.781 10 INFO neutron.wsgi [req-cf88be6b-6369-4b13-adab-141756896d6b req-da7c883e-a4f5-4466-89e8-d319a04c3fb7 e4f9f50b079d4b2fa968f05ba0d51db1 f1cfac412872484cb275d703c4221d42 - - 03dce30708164263aa0c6e51f940dfa2 03dce30708164263aa0c6e51f940dfa2] 199.204.45.229 "GET /v2.0/ports?network_id=7237910f-81f6-41ab-bb76-5d85656f9da4&device_owner=network%3Adhcp HTTP/1.1" status: 200 len: 210 time: 0.0228310
2026-06-03 01:00:39.830 9 INFO neutron.db.ovn_revision_numbers_db [None req-1a62879d-fb63-4d8c-b16a-bac97484045e 16c3b4fc2c204c4696993f7a2bdbad42 807872d1e2434c9da1a7c5d754a34acb - - default default] Successfully bumped revision number for resource 28e4039b-bc16-45be-af66-91ab44fc9320 (type: networks) to 1
2026-06-03 01:00:39.857 10 INFO neutron.plugins.ml2.drivers.ovn.mech_driver.mech_driver [None req-bf352f2c-453a-4c5c-b334-3aa067612f32 - - - - - -] OVN reports status up for port: d6d7c31b-68cc-4bc0-9883-703ee6d81e45
2026-06-03 01:00:39.898 10 INFO neutron.plugins.ml2.plugin [None req-bf352f2c-453a-4c5c-b334-3aa067612f32 - - - - - -] Attempt 1 to provision port d6d7c31b-68cc-4bc0-9883-703ee6d81e45
2026-06-03 01:00:39.962 10 INFO neutron.wsgi [req-cf88be6b-6369-4b13-adab-141756896d6b req-0947c4b4-89c2-4452-b9ab-b1baeb23c312 e4f9f50b079d4b2fa968f05ba0d51db1 f1cfac412872484cb275d703c4221d42 - - 03dce30708164263aa0c6e51f940dfa2 03dce30708164263aa0c6e51f940dfa2] 199.204.45.229 "GET /v2.0/networks/7237910f-81f6-41ab-bb76-5d85656f9da4?fields=segments HTTP/1.1" status: 200 len: 212 time: 0.1673317
2026-06-03 01:00:40.121 9 INFO neutron.plugins.ml2.drivers.ovn.mech_driver.mech_driver [None req-2eeaa632-5493-44e3-a71c-72f4eb284b18 - - - - - -] OVN reports status down for port: 5f5d9a4e-549b-468e-babc-6fc044a6e4b6
2026-06-03 01:00:40.124 9 WARNING neutron.scheduler.dhcp_agent_scheduler [None req-1a62879d-fb63-4d8c-b16a-bac97484045e 16c3b4fc2c204c4696993f7a2bdbad42 807872d1e2434c9da1a7c5d754a34acb - - default default] No more DHCP agents
2026-06-03 01:00:40.126 9 WARNING neutron.api.rpc.agentnotifiers.dhcp_rpc_agent_api [None req-1a62879d-fb63-4d8c-b16a-bac97484045e 16c3b4fc2c204c4696993f7a2bdbad42 807872d1e2434c9da1a7c5d754a34acb - - default default] Unable to schedule network 28e4039b-bc16-45be-af66-91ab44fc9320: no agents available; will retry on subsequent port and subnet creation events.
2026-06-03 01:00:40.148 10 INFO neutron.wsgi [req-cf88be6b-6369-4b13-adab-141756896d6b req-01b5db90-08be-4405-beb5-9510fdf2170b e4f9f50b079d4b2fa968f05ba0d51db1 f1cfac412872484cb275d703c4221d42 - - 03dce30708164263aa0c6e51f940dfa2 03dce30708164263aa0c6e51f940dfa2] 199.204.45.229 "GET /v2.0/networks/7237910f-81f6-41ab-bb76-5d85656f9da4?fields=provider%3Aphysical_network&fields=provider%3Anetwork_type HTTP/1.1" status: 200 len: 277 time: 0.1784990
2026-06-03 01:00:40.193 10 INFO neutron.wsgi [req-c0145ead-c9e0-4420-92ca-60cb0f2a9674 req-5f0e5021-480c-4619-880f-104b0195fdb0 8db5ea2f5b464c8c9ef968617bbae641 a88c5011e1e64c10b1ac4d6f767003e9 - - default default] 10.0.0.125 "GET /v2.0/ports?device_id=c326da9f-8573-4b8e-bf34-c86e06f0f9ec HTTP/1.1" status: 200 len: 1174 time: 0.0984466
2026-06-03 01:00:40.284 10 INFO neutron.wsgi [req-df598e58-4327-43e8-94d5-15cc353fd851 req-f6af8f75-9a50-4bc1-9ca8-ce9b2b808ab6 45c78d03df534be79210ec9198352924 18323e95affa4d4d9b60b55614de54d8 - - default default] 10.0.0.125 "GET /v2.0/ports?device_id=1df785b4-6177-4c4a-a86e-cf74b8bf033e HTTP/1.1" status: 200 len: 1168 time: 0.2591317
2026-06-03 01:00:40.289 10 INFO neutron.wsgi [req-c0145ead-c9e0-4420-92ca-60cb0f2a9674 req-9d748d3d-ad05-4de4-a709-38626db62f9a 8db5ea2f5b464c8c9ef968617bbae641 a88c5011e1e64c10b1ac4d6f767003e9 - - default default] 10.0.0.125 "GET /v2.0/security-groups?id=88385a0f-5a54-4e4e-b622-acd893dc19da&fields=id&fields=name HTTP/1.1" status: 200 len: 313 time: 0.0850000
2026-06-03 01:00:40.309 9 INFO neutron.db.ovn_revision_numbers_db [None req-1a62879d-fb63-4d8c-b16a-bac97484045e 16c3b4fc2c204c4696993f7a2bdbad42 807872d1e2434c9da1a7c5d754a34acb - - default default] Successfully bumped revision number for resource b99ca33d-e6e6-4300-8827-4beac3e073ba (type: ports) to 1
2026-06-03 01:00:40.372 9 INFO neutron.wsgi [None req-1a62879d-fb63-4d8c-b16a-bac97484045e 16c3b4fc2c204c4696993f7a2bdbad42 807872d1e2434c9da1a7c5d754a34acb - - default default] 10.0.0.147 "POST /v2.0/networks HTTP/1.1" status: 201 len: 1445 time: 2.6398535
2026-06-03 01:00:40.391 10 INFO neutron.wsgi [req-df598e58-4327-43e8-94d5-15cc353fd851 req-525cdba9-442d-418f-9cda-78909ec4dbc6 45c78d03df534be79210ec9198352924 18323e95affa4d4d9b60b55614de54d8 - - default default] 10.0.0.125 "GET /v2.0/security-groups?id=78335987-616f-4474-a629-a7bc066dc29a&fields=id&fields=name HTTP/1.1" status: 200 len: 312 time: 0.0979257
2026-06-03 01:00:40.501 10 INFO neutron.db.ovn_revision_numbers_db [None req-bf352f2c-453a-4c5c-b334-3aa067612f32 - - - - - -] Successfully bumped revision number for resource d6d7c31b-68cc-4bc0-9883-703ee6d81e45 (type: ports) to 4
2026-06-03 01:00:40.561 9 INFO neutron.wsgi [None req-0f34ef49-8c6b-4cb5-89a7-4992039a1c6f 16c3b4fc2c204c4696993f7a2bdbad42 807872d1e2434c9da1a7c5d754a34acb - - default default] 10.0.0.147 "GET /v2.0/networks HTTP/1.1" status: 200 len: 2051 time: 0.1804936
2026-06-03 01:00:40.608 10 INFO neutron.wsgi [req-61a192f4-c5f4-4841-95fa-6c3009c24339 req-f3ca3b3c-af47-45c9-b438-ebbe5733c400 8db5ea2f5b464c8c9ef968617bbae641 a88c5011e1e64c10b1ac4d6f767003e9 - - default default] 199.204.45.229 "GET /v2.0/ports?device_id=c326da9f-8573-4b8e-bf34-c86e06f0f9ec HTTP/1.1" status: 200 len: 1172 time: 0.0655079 /var/lib/openstack/lib/python3.10/site-packages/pycadf/identifier.py:71: UserWarning: Invalid uuid: neutron. To ensure interoperability, identifiers should be a valid uuid. warnings.warn(('Invalid uuid: %s. To ensure interoperability, '
2026-06-03 01:00:40.737 9 INFO neutron.db.ovn_revision_numbers_db [None req-2eeaa632-5493-44e3-a71c-72f4eb284b18 - - - - - -] Successfully bumped revision number for resource 5f5d9a4e-549b-468e-babc-6fc044a6e4b6 (type: ports) to 5
2026-06-03 01:00:40.832 10 INFO neutron.notifiers.nova [-] Nova event matching ['req-b6b38587-1044-4b0a-9837-1c1767363264'] response: {'server_uuid': '1df785b4-6177-4c4a-a86e-cf74b8bf033e', 'name': 'network-vif-plugged', 'status': 'completed', 'tag': 'd6d7c31b-68cc-4bc0-9883-703ee6d81e45', 'code': 200}
2026-06-03 01:00:40.832 10 INFO neutron.notifiers.nova [-] Nova event matching ['req-b6b38587-1044-4b0a-9837-1c1767363264'] response: {'server_uuid': '1df785b4-6177-4c4a-a86e-cf74b8bf033e', 'name': 'network-vif-plugged', 'status': 'completed', 'tag': 'd6d7c31b-68cc-4bc0-9883-703ee6d81e45', 'code': 200}
2026-06-03 01:00:41.342 9 INFO neutron.services.segments.plugin [-] Segment 4c7db007-1ec4-42a0-9133-5385acd8f0b6 resource provider aggregate not found
2026-06-03 01:00:41.348 9 INFO neutron.services.segments.plugin [-] Segment 4c7db007-1ec4-42a0-9133-5385acd8f0b6 resource provider aggregate not found
2026-06-03 01:00:41.365 9 INFO neutron.services.segments.plugin [-] Segment 4c7db007-1ec4-42a0-9133-5385acd8f0b6 resource provider not found; error: Placement Client Error (4xx): {"errors": [{"status": 404, "title": "Not Found", "detail": "The resource could not be found.\n\n No resource provider with uuid 4c7db007-1ec4-42a0-9133-5385acd8f0b6 found for delete ", "request_id": "req-3d4d52ce-5cad-4e0d-88d9-e6acaf39dd31"}]}
2026-06-03 01:00:41.378 9 INFO neutron.services.segments.plugin [-] Segment 4c7db007-1ec4-42a0-9133-5385acd8f0b6 resource provider not found; error: Placement Client Error (4xx): {"errors": [{"status": 404, "title": "Not Found", "detail": "The resource could not be found.\n\n No resource provider with uuid 4c7db007-1ec4-42a0-9133-5385acd8f0b6 found for delete ", "request_id": "req-90d05dfb-6984-41a9-9877-8f8177782df0"}]}
2026-06-03 01:00:41.406 9 INFO neutron.wsgi [None req-0ae63f93-7248-4b79-90b9-efa45435af69 16c3b4fc2c204c4696993f7a2bdbad42 807872d1e2434c9da1a7c5d754a34acb - - default default] 10.0.0.147 "DELETE /v2.0/networks/619c743a-1de0-4eb1-a69f-ffaf25481874 HTTP/1.1" status: 204 len: 168 time: 0.8389909 /var/lib/openstack/lib/python3.10/site-packages/pycadf/identifier.py:71: UserWarning: Invalid uuid: neutron. To ensure interoperability, identifiers should be a valid uuid. warnings.warn(('Invalid uuid: %s. To ensure interoperability, '
2026-06-03 01:00:41.450 10 INFO neutron.wsgi [req-34df6bd4-f17e-4d31-b5ae-f6dadf95624a req-d7bb393e-9d53-4899-a7cf-156da57d9e29 8db5ea2f5b464c8c9ef968617bbae641 a88c5011e1e64c10b1ac4d6f767003e9 - - default default] 10.0.0.125 "GET /v2.0/ports?device_id=c326da9f-8573-4b8e-bf34-c86e06f0f9ec HTTP/1.1" status: 200 len: 1172 time: 0.0513396
2026-06-03 01:00:41.495 10 INFO neutron.wsgi [-] 10.0.0.209 "GET / HTTP/1.1" status: 200 len: 247 time: 0.0014310
2026-06-03 01:00:41.498 10 INFO neutron.wsgi [-] 10.0.0.209 "GET / HTTP/1.1" status: 200 len: 247 time: 0.0010033
2026-06-03 01:00:41.509 10 INFO neutron.db.l3_db [req-61a192f4-c5f4-4841-95fa-6c3009c24339 req-a58be74e-da43-42dc-967a-56cf43981104 8db5ea2f5b464c8c9ef968617bbae641 a88c5011e1e64c10b1ac4d6f767003e9 - - default default] Floating IP 4fae4637-d9d1-4350-9200-67e49244a09d disassociated. External IP: 10.96.250.205, port: 5f5d9a4e-549b-468e-babc-6fc044a6e4b6. /var/lib/openstack/lib/python3.10/site-packages/pycadf/identifier.py:71: UserWarning: Invalid uuid: neutron. To ensure interoperability, identifiers should be a valid uuid. warnings.warn(('Invalid uuid: %s. To ensure interoperability, '
2026-06-03 01:00:41.633 10 INFO neutron.wsgi [req-34df6bd4-f17e-4d31-b5ae-f6dadf95624a req-1da12c0b-15ce-41b3-b5b8-4b926369f2a1 8db5ea2f5b464c8c9ef968617bbae641 a88c5011e1e64c10b1ac4d6f767003e9 - - default default] 10.0.0.125 "GET /v2.0/security-groups?id=88385a0f-5a54-4e4e-b622-acd893dc19da&fields=id&fields=name HTTP/1.1" status: 200 len: 313 time: 0.1750271
2026-06-03 01:00:41.640 10 INFO neutron.wsgi [req-c5ed9081-146d-4dc5-856a-00d8098ad603 req-1ddeaebf-3906-4495-92af-7361f790648b 45c78d03df534be79210ec9198352924 18323e95affa4d4d9b60b55614de54d8 - - default default] 10.0.0.125 "GET /v2.0/ports?device_id=1df785b4-6177-4c4a-a86e-cf74b8bf033e HTTP/1.1" status: 200 len: 1170 time: 0.0974259
2026-06-03 01:00:41.682 9 INFO neutron.notifiers.nova [-] Nova event matching ['req-f5ca4794-2e4b-4bf1-8e00-777dd54b31ad'] response: {'server_uuid': 'c326da9f-8573-4b8e-bf34-c86e06f0f9ec', 'name': 'network-vif-unplugged', 'status': 'completed', 'tag': '5f5d9a4e-549b-468e-babc-6fc044a6e4b6', 'code': 200}
2026-06-03 01:00:41.682 9 INFO neutron.notifiers.nova [-] Nova event matching ['req-f5ca4794-2e4b-4bf1-8e00-777dd54b31ad'] response: {'server_uuid': 'c326da9f-8573-4b8e-bf34-c86e06f0f9ec', 'name': 'network-vif-plugged', 'status': 'completed', 'tag': '5f5d9a4e-549b-468e-babc-6fc044a6e4b6', 'code': 200}
2026-06-03 01:00:41.716 10 INFO neutron.wsgi [req-c5ed9081-146d-4dc5-856a-00d8098ad603 req-cdec4fd2-3f1d-487e-9321-99d7eeca9859 45c78d03df534be79210ec9198352924 18323e95affa4d4d9b60b55614de54d8 - - default default] 10.0.0.125 "GET /v2.0/security-groups?id=78335987-616f-4474-a629-a7bc066dc29a&fields=id&fields=name HTTP/1.1" status: 200 len: 312 time: 0.0670285
2026-06-03 01:00:41.835 10 INFO neutron.wsgi [req-61a192f4-c5f4-4841-95fa-6c3009c24339 req-a58be74e-da43-42dc-967a-56cf43981104 8db5ea2f5b464c8c9ef968617bbae641 a88c5011e1e64c10b1ac4d6f767003e9 - - default default] 199.204.45.229 "DELETE /v2.0/ports/5f5d9a4e-549b-468e-babc-6fc044a6e4b6 HTTP/1.1" status: 204 len: 173 time: 1.2225804
2026-06-03 01:00:41.841 10 INFO neutron.wsgi [req-819aba26-6e90-462a-b93e-92c4bcad6709 req-5113342e-8f6c-4618-b91f-004832a924a8 45c78d03df534be79210ec9198352924 18323e95affa4d4d9b60b55614de54d8 - - default default] 10.0.0.125 "GET /v2.0/ports?device_id=1df785b4-6177-4c4a-a86e-cf74b8bf033e HTTP/1.1" status: 200 len: 1170 time: 0.0491457
2026-06-03 01:00:41.896 9 INFO neutron.wsgi [None req-f5ed7d92-f95b-415a-9fc1-855ff7d4f4cd 16c3b4fc2c204c4696993f7a2bdbad42 807872d1e2434c9da1a7c5d754a34acb - - default default] 10.0.0.147 "DELETE /v2.0/networks/28e4039b-bc16-45be-af66-91ab44fc9320 HTTP/1.1" status: 204 len: 168 time: 0.4833419
2026-06-03 01:00:42.027 10 INFO neutron.wsgi [None req-6625da04-b82b-4d4f-b7af-b7f311646c0b 16c3b4fc2c204c4696993f7a2bdbad42 807872d1e2434c9da1a7c5d754a34acb - - default default] 10.0.0.147 "GET /v2.0/networks HTTP/1.1" status: 200 len: 845 time: 0.1218982
2026-06-03 01:00:42.042 10 WARNING neutron_lib.context [None req-bab3badc-f459-40be-a26f-b9de371b5231 16c3b4fc2c204c4696993f7a2bdbad42 807872d1e2434c9da1a7c5d754a34acb - - default default] Method 'is_advsvc' is deprecated since 2023.2 release (neutron-lib 3.8.0) and will be removed once support for the old RBAC API policies will be removed from Neutron. Please use method 'is_service_role' instead.
2026-06-03 01:00:42.152 10 INFO neutron.db.segments_db [None req-bab3badc-f459-40be-a26f-b9de371b5231 16c3b4fc2c204c4696993f7a2bdbad42 807872d1e2434c9da1a7c5d754a34acb - - default default] Added segment 5ff3b8e3-369b-4ae4-b082-92506f399e42 of type geneve for network 882530e1-23be-4204-a435-772b122a42ba
2026-06-03 01:00:42.168 9 INFO neutron.db.l3_db [None req-6c54f45b-39b7-404b-a67d-c37f382e7861 45c78d03df534be79210ec9198352924 18323e95affa4d4d9b60b55614de54d8 - - default default] Floating IP f5c6df4f-c547-4446-9cb1-790972a2dfc7 associated. External IP: 10.96.250.210, port: d6d7c31b-68cc-4bc0-9883-703ee6d81e45.
2026-06-03 01:00:42.355 10 INFO neutron.db.ovn_revision_numbers_db [None req-bab3badc-f459-40be-a26f-b9de371b5231 16c3b4fc2c204c4696993f7a2bdbad42 807872d1e2434c9da1a7c5d754a34acb - - default default] Successfully bumped revision number for resource 882530e1-23be-4204-a435-772b122a42ba (type: networks) to 1
2026-06-03 01:00:42.475 9 INFO neutron.db.ovn_revision_numbers_db [None req-6c54f45b-39b7-404b-a67d-c37f382e7861 45c78d03df534be79210ec9198352924 18323e95affa4d4d9b60b55614de54d8 - - default default] Successfully bumped revision number for resource f5c6df4f-c547-4446-9cb1-790972a2dfc7 (type: floatingips) to 1
2026-06-03 01:00:42.614 10 WARNING neutron.scheduler.dhcp_agent_scheduler [None req-bab3badc-f459-40be-a26f-b9de371b5231 16c3b4fc2c204c4696993f7a2bdbad42 807872d1e2434c9da1a7c5d754a34acb - - default default] No more DHCP agents
2026-06-03 01:00:42.617 10 WARNING neutron.api.rpc.agentnotifiers.dhcp_rpc_agent_api [None req-bab3badc-f459-40be-a26f-b9de371b5231 16c3b4fc2c204c4696993f7a2bdbad42 807872d1e2434c9da1a7c5d754a34acb - - default default] Unable to schedule network 882530e1-23be-4204-a435-772b122a42ba: no agents available; will retry on subsequent port and subnet creation events.
2026-06-03 01:00:42.640 9 INFO neutron.db.ovn_revision_numbers_db [None req-6c54f45b-39b7-404b-a67d-c37f382e7861 45c78d03df534be79210ec9198352924 18323e95affa4d4d9b60b55614de54d8 - - default default] Successfully bumped revision number for resource f5c6df4f-c547-4446-9cb1-790972a2dfc7 (type: floatingips) to 2
2026-06-03 01:00:42.680 9 INFO neutron.wsgi [None req-6c54f45b-39b7-404b-a67d-c37f382e7861 45c78d03df534be79210ec9198352924 18323e95affa4d4d9b60b55614de54d8 - - default default] 10.0.0.147 "PUT /v2.0/floatingips/f5c6df4f-c547-4446-9cb1-790972a2dfc7 HTTP/1.1" status: 200 len: 1049 time: 0.8273313
2026-06-03 01:00:42.713 10 INFO neutron.db.ovn_revision_numbers_db [None req-bab3badc-f459-40be-a26f-b9de371b5231 16c3b4fc2c204c4696993f7a2bdbad42 807872d1e2434c9da1a7c5d754a34acb - - default default] Successfully bumped revision number for resource 143c575d-bc96-44bf-9413-949621c7bcd5 (type: ports) to 1
2026-06-03 01:00:42.738 10 INFO neutron.wsgi [None req-bab3badc-f459-40be-a26f-b9de371b5231 16c3b4fc2c204c4696993f7a2bdbad42 807872d1e2434c9da1a7c5d754a34acb - - default default] 10.0.0.147 "POST /v2.0/networks HTTP/1.1" status: 201 len: 848 time: 0.7016690
2026-06-03 01:00:42.753 10 WARNING neutron_lib.context [None req-c2fc6f0b-29eb-4e1f-b758-c1c0192e047a 16c3b4fc2c204c4696993f7a2bdbad42 807872d1e2434c9da1a7c5d754a34acb - - default default] Method 'is_advsvc' is deprecated since 2023.2 release (neutron-lib 3.8.0) and will be removed once support for the old RBAC API policies will be removed from Neutron. Please use method 'is_service_role' instead.
2026-06-03 01:00:42.796 10 INFO neutron.wsgi [req-2ed47e34-04ca-4ad2-8732-bdeb64ff253d req-67e493c3-a303-439e-95a3-fb7b30fbc322 8db5ea2f5b464c8c9ef968617bbae641 a88c5011e1e64c10b1ac4d6f767003e9 - - default default] 10.0.0.125 "GET /v2.0/ports?device_id=c326da9f-8573-4b8e-bf34-c86e06f0f9ec HTTP/1.1" status: 200 len: 210 time: 0.0506558
2026-06-03 01:00:42.813 10 INFO neutron.wsgi [req-0bfbed5c-1554-44f4-aa42-27b9ea5ce7ce req-46f06a5c-7a61-40ac-9053-25617b53b6ad 45c78d03df534be79210ec9198352924 18323e95affa4d4d9b60b55614de54d8 - - default default] 10.0.0.125 "GET /v2.0/ports?device_id=1df785b4-6177-4c4a-a86e-cf74b8bf033e HTTP/1.1" status: 200 len: 1170 time: 0.0677650
2026-06-03 01:00:42.905 10 INFO neutron.notifiers.nova [-] Nova event matching ['req-ff706f75-00b3-44c7-8a0a-d3e11793f33e'] response: {'server_uuid': 'c326da9f-8573-4b8e-bf34-c86e06f0f9ec', 'name': 'network-vif-deleted', 'tag': '5f5d9a4e-549b-468e-babc-6fc044a6e4b6', 'status': 'completed', 'code': 200}
2026-06-03 01:00:42.911 10 INFO neutron.wsgi [req-0bfbed5c-1554-44f4-aa42-27b9ea5ce7ce req-92f2a521-cc90-4eed-85ec-938e9d8d51bf 45c78d03df534be79210ec9198352924 18323e95affa4d4d9b60b55614de54d8 - - default default] 10.0.0.125 "GET /v2.0/security-groups?id=78335987-616f-4474-a629-a7bc066dc29a&fields=id&fields=name HTTP/1.1" status: 200 len: 312 time: 0.0821490
2026-06-03 01:00:42.913 10 INFO neutron.db.segments_db [None req-c2fc6f0b-29eb-4e1f-b758-c1c0192e047a 16c3b4fc2c204c4696993f7a2bdbad42 807872d1e2434c9da1a7c5d754a34acb - - default default] Added segment 51c4d2d8-fb8a-446c-ae0c-9b18607cd1a0 of type geneve for network fd4e3f15-4a48-4f96-a662-f52fab47784d
2026-06-03 01:00:43.098 10 INFO neutron.db.ovn_revision_numbers_db [None req-c2fc6f0b-29eb-4e1f-b758-c1c0192e047a 16c3b4fc2c204c4696993f7a2bdbad42 807872d1e2434c9da1a7c5d754a34acb - - default default] Successfully bumped revision number for resource fd4e3f15-4a48-4f96-a662-f52fab47784d (type: networks) to 1
2026-06-03 01:00:43.321 10 INFO neutron.plugins.ml2.drivers.ovn.mech_driver.mech_driver [None req-bf352f2c-453a-4c5c-b334-3aa067612f32 - - - - - -] OVN reports status down for port: d6d7c31b-68cc-4bc0-9883-703ee6d81e45
2026-06-03 01:00:43.339 10 WARNING neutron.scheduler.dhcp_agent_scheduler [None req-c2fc6f0b-29eb-4e1f-b758-c1c0192e047a 16c3b4fc2c204c4696993f7a2bdbad42 807872d1e2434c9da1a7c5d754a34acb - - default default] No more DHCP agents
2026-06-03 01:00:43.346 10 WARNING neutron.api.rpc.agentnotifiers.dhcp_rpc_agent_api [None req-c2fc6f0b-29eb-4e1f-b758-c1c0192e047a 16c3b4fc2c204c4696993f7a2bdbad42 807872d1e2434c9da1a7c5d754a34acb - - default default] Unable to schedule network fd4e3f15-4a48-4f96-a662-f52fab47784d: no agents available; will retry on subsequent port and subnet creation events.
2026-06-03 01:00:43.365 10 INFO neutron.wsgi [req-188a771d-e398-43cb-8d6d-311cd0ceaf1a req-16b94f8c-87cb-4d77-898a-f5432b8d8a0b 45c78d03df534be79210ec9198352924 18323e95affa4d4d9b60b55614de54d8 - - default default] 10.0.0.125 "GET /v2.0/ports?device_id=1df785b4-6177-4c4a-a86e-cf74b8bf033e HTTP/1.1" status: 200 len: 1170 time: 0.0831857
2026-06-03 01:00:43.414 9 INFO neutron.services.segments.plugin [-] Segment 6fcf63f2-8f29-4783-8087-5226901b9005 resource provider aggregate not found
2026-06-03 01:00:43.422 9 INFO neutron.services.segments.plugin [-] Segment 6fcf63f2-8f29-4783-8087-5226901b9005 resource provider aggregate not found
2026-06-03 01:00:43.433 9 INFO neutron.services.segments.plugin [-] Segment 6fcf63f2-8f29-4783-8087-5226901b9005 resource provider not found; error: Placement Client Error (4xx): {"errors": [{"status": 404, "title": "Not Found", "detail": "The resource could not be found.\n\n No resource provider with uuid 6fcf63f2-8f29-4783-8087-5226901b9005 found for delete ", "request_id": "req-6bf29f5e-074e-452a-bab9-ea5700a74624"}]}
2026-06-03 01:00:43.434 9 INFO neutron.services.segments.plugin [-] Segment 6fcf63f2-8f29-4783-8087-5226901b9005 resource provider not found; error: Placement Client Error (4xx): {"errors": [{"status": 404, "title": "Not Found", "detail": "The resource could not be found.\n\n No resource provider with uuid 6fcf63f2-8f29-4783-8087-5226901b9005 found for delete ", "request_id": "req-e44678ed-6305-47a1-8f76-0b8ce86959b1"}]}
2026-06-03 01:00:43.531 10 INFO neutron.wsgi [req-188a771d-e398-43cb-8d6d-311cd0ceaf1a req-eb8501a8-2b09-4b25-8af5-c9312304e83d 45c78d03df534be79210ec9198352924 18323e95affa4d4d9b60b55614de54d8 - - default default] 10.0.0.125 "GET /v2.0/security-groups?id=78335987-616f-4474-a629-a7bc066dc29a&fields=id&fields=name HTTP/1.1" status: 200 len: 312 time: 0.1585946
2026-06-03 01:00:43.538 10 INFO neutron.wsgi [req-c61f5fec-4e7d-42f4-91d0-95fcba7d1335 req-69f6592e-ba73-49b2-a1b9-a88f052b7586 e4f9f50b079d4b2fa968f05ba0d51db1 f1cfac412872484cb275d703c4221d42 - - 03dce30708164263aa0c6e51f940dfa2 03dce30708164263aa0c6e51f940dfa2] 199.204.45.229 "GET /v2.0/ports?device_id=f28f7a3b-6f8f-4b2e-a7a2-d730ff44e297&fields=binding%3Ahost_id&fields=binding%3Avif_type HTTP/1.1" status: 200 len: 265 time: 0.1363955
2026-06-03 01:00:43.584 10 INFO neutron.db.ovn_revision_numbers_db [None req-c2fc6f0b-29eb-4e1f-b758-c1c0192e047a 16c3b4fc2c204c4696993f7a2bdbad42 807872d1e2434c9da1a7c5d754a34acb - - default default] Successfully bumped revision number for resource 5bdb5632-7ef9-4a7b-a48d-74407d16ef0c (type: ports) to 1
2026-06-03 01:00:43.630 10 INFO neutron.wsgi [None req-c2fc6f0b-29eb-4e1f-b758-c1c0192e047a 16c3b4fc2c204c4696993f7a2bdbad42 807872d1e2434c9da1a7c5d754a34acb - - default default] 10.0.0.147 "POST /v2.0/networks HTTP/1.1" status: 201 len: 849 time: 0.8863373 /var/lib/openstack/lib/python3.10/site-packages/pycadf/identifier.py:71: UserWarning: Invalid uuid: neutron. To ensure interoperability, identifiers should be a valid uuid. warnings.warn(('Invalid uuid: %s. To ensure interoperability, '
2026-06-03 01:00:43.647 9 WARNING neutron_lib.context [None req-bee2ca24-c963-4330-9571-26b5e609a5f1 16c3b4fc2c204c4696993f7a2bdbad42 807872d1e2434c9da1a7c5d754a34acb - - default default] Method 'is_advsvc' is deprecated since 2023.2 release (neutron-lib 3.8.0) and will be removed once support for the old RBAC API policies will be removed from Neutron. Please use method 'is_service_role' instead.
2026-06-03 01:00:43.692 10 INFO neutron.wsgi [req-c61f5fec-4e7d-42f4-91d0-95fcba7d1335 req-53e21506-ad69-4dbb-a275-56c6b006e831 e4f9f50b079d4b2fa968f05ba0d51db1 f1cfac412872484cb275d703c4221d42 - - 03dce30708164263aa0c6e51f940dfa2 03dce30708164263aa0c6e51f940dfa2] 199.204.45.229 "GET /v2.0/ports?tenant_id=304e52865f914657a3c30cdcf97f825c&device_id=f28f7a3b-6f8f-4b2e-a7a2-d730ff44e297 HTTP/1.1" status: 200 len: 1409 time: 0.0796814
2026-06-03 01:00:43.715 10 INFO neutron.wsgi [req-6abe6541-da75-45ce-b4ea-cef3eeaabc9f req-24fe7610-404b-4755-88f6-e4edd70d0b96 45c78d03df534be79210ec9198352924 18323e95affa4d4d9b60b55614de54d8 - - default default] 199.204.45.229 "GET /v2.0/ports?device_id=1df785b4-6177-4c4a-a86e-cf74b8bf033e HTTP/1.1" status: 200 len: 1168 time: 0.0714622
2026-06-03 01:00:43.719 9 WARNING neutron_lib.context [None req-bee2ca24-c963-4330-9571-26b5e609a5f1 16c3b4fc2c204c4696993f7a2bdbad42 807872d1e2434c9da1a7c5d754a34acb - - default default] Method 'is_advsvc' is deprecated since 2023.2 release (neutron-lib 3.8.0) and will be removed once support for the old RBAC API policies will be removed from Neutron. Please use method 'is_service_role' instead.
2026-06-03 01:00:43.732 9 INFO neutron.notifiers.nova [-] Nova event matching ['req-c1eaafaa-1937-42ff-a766-3872b372e045'] response: {'name': 'network-changed', 'server_uuid': '1df785b4-6177-4c4a-a86e-cf74b8bf033e', 'tag': 'd6d7c31b-68cc-4bc0-9883-703ee6d81e45', 'status': 'completed', 'code': 200}
2026-06-03 01:00:43.827 9 INFO neutron.wsgi [req-e646f618-4145-49cb-8509-348f90a1152d req-70795066-e19e-46fc-ad29-a4de07b2e53b e4f9f50b079d4b2fa968f05ba0d51db1 f1cfac412872484cb275d703c4221d42 - - 03dce30708164263aa0c6e51f940dfa2 03dce30708164263aa0c6e51f940dfa2] 199.204.45.229 "GET /v2.0/ports?tenant_id=18323e95affa4d4d9b60b55614de54d8&device_id=1df785b4-6177-4c4a-a86e-cf74b8bf033e HTTP/1.1" status: 200 len: 1407 time: 0.0694618
2026-06-03 01:00:43.851 10 INFO neutron.wsgi [req-c61f5fec-4e7d-42f4-91d0-95fcba7d1335 req-498a04d7-01e3-4be9-a738-ef269ea66ae0 e4f9f50b079d4b2fa968f05ba0d51db1 f1cfac412872484cb275d703c4221d42 - - 03dce30708164263aa0c6e51f940dfa2 03dce30708164263aa0c6e51f940dfa2] 199.204.45.229 "GET /v2.0/networks?id=aa3aa18c-7a67-408d-ada2-2d0b491442f1 HTTP/1.1" status: 200 len: 982 time: 0.1265655
2026-06-03 01:00:43.927 10 INFO neutron.wsgi [req-c61f5fec-4e7d-42f4-91d0-95fcba7d1335 req-47ece2fe-7674-4815-96c8-69017922e851 e4f9f50b079d4b2fa968f05ba0d51db1 f1cfac412872484cb275d703c4221d42 - - 03dce30708164263aa0c6e51f940dfa2 03dce30708164263aa0c6e51f940dfa2] 199.204.45.229 "GET /v2.0/floatingips?fixed_ip_address=10.100.0.7&port_id=46002350-f1e5-4a10-b0b4-6d56c5cc14e1 HTTP/1.1" status: 200 len: 1059 time: 0.0696256
2026-06-03 01:00:43.927 9 INFO neutron.wsgi [req-e646f618-4145-49cb-8509-348f90a1152d req-9578cf59-088b-4612-9f9a-b2ec315d5e91 e4f9f50b079d4b2fa968f05ba0d51db1 f1cfac412872484cb275d703c4221d42 - - 03dce30708164263aa0c6e51f940dfa2 03dce30708164263aa0c6e51f940dfa2] 199.204.45.229 "GET /v2.0/networks?id=290a65a3-e1a1-4758-83e5-5dbf3b38043b HTTP/1.1" status: 200 len: 976 time: 0.0934634
2026-06-03 01:00:43.935 10 INFO neutron.db.ovn_revision_numbers_db [None req-bf352f2c-453a-4c5c-b334-3aa067612f32 - - - - - -] Successfully bumped revision number for resource d6d7c31b-68cc-4bc0-9883-703ee6d81e45 (type: ports) to 5
2026-06-03 01:00:44.014 10 INFO neutron.wsgi [req-c61f5fec-4e7d-42f4-91d0-95fcba7d1335 req-c3c9b27d-27ec-40af-8f6d-3f17cf96231a e4f9f50b079d4b2fa968f05ba0d51db1 f1cfac412872484cb275d703c4221d42 - - 03dce30708164263aa0c6e51f940dfa2 03dce30708164263aa0c6e51f940dfa2] 199.204.45.229 "GET /v2.0/subnets?id=c01f6522-f302-4511-be08-7408069c7f25 HTTP/1.1" status: 200 len: 877 time: 0.0748293
2026-06-03 01:00:44.039 9 INFO neutron.wsgi [req-e646f618-4145-49cb-8509-348f90a1152d req-7f2c6272-d126-424e-8210-509cd7e7daea e4f9f50b079d4b2fa968f05ba0d51db1 f1cfac412872484cb275d703c4221d42 - - 03dce30708164263aa0c6e51f940dfa2 03dce30708164263aa0c6e51f940dfa2] 199.204.45.229 "GET /v2.0/floatingips?fixed_ip_address=10.100.0.6&port_id=d6d7c31b-68cc-4bc0-9883-703ee6d81e45 HTTP/1.1" status: 200 len: 1057 time: 0.0962036 /var/lib/openstack/lib/python3.10/site-packages/pycadf/identifier.py:71: UserWarning: Invalid uuid: neutron. To ensure interoperability, identifiers should be a valid uuid. warnings.warn(('Invalid uuid: %s. To ensure interoperability, '
2026-06-03 01:00:44.059 10 INFO neutron.wsgi [req-c61f5fec-4e7d-42f4-91d0-95fcba7d1335 req-62626fa9-70e2-40c7-894d-a3973b3e539d e4f9f50b079d4b2fa968f05ba0d51db1 f1cfac412872484cb275d703c4221d42 - - 03dce30708164263aa0c6e51f940dfa2 03dce30708164263aa0c6e51f940dfa2] 199.204.45.229 "GET /v2.0/ports?network_id=aa3aa18c-7a67-408d-ada2-2d0b491442f1&device_owner=network%3Adhcp HTTP/1.1" status: 200 len: 210 time: 0.0260918
2026-06-03 01:00:44.116 9 INFO neutron.wsgi [req-e646f618-4145-49cb-8509-348f90a1152d req-9e0b47a6-923f-4391-aed1-0516358bac05 e4f9f50b079d4b2fa968f05ba0d51db1 f1cfac412872484cb275d703c4221d42 - - 03dce30708164263aa0c6e51f940dfa2 03dce30708164263aa0c6e51f940dfa2] 199.204.45.229 "GET /v2.0/subnets?id=36378f23-a2f6-482c-b776-f6909ee9a47f HTTP/1.1" status: 200 len: 871 time: 0.0654349
2026-06-03 01:00:44.158 9 INFO neutron.wsgi [req-e646f618-4145-49cb-8509-348f90a1152d req-ef799880-693e-4aca-bf45-b9f42e51d79b e4f9f50b079d4b2fa968f05ba0d51db1 f1cfac412872484cb275d703c4221d42 - - 03dce30708164263aa0c6e51f940dfa2 03dce30708164263aa0c6e51f940dfa2] 199.204.45.229 "GET /v2.0/ports?network_id=290a65a3-e1a1-4758-83e5-5dbf3b38043b&device_owner=network%3Adhcp HTTP/1.1" status: 200 len: 210 time: 0.0331953
2026-06-03 01:00:44.187 9 INFO neutron.wsgi [None req-dae1228f-0f30-4ce9-9ae5-1a9fff9a84d7 8db5ea2f5b464c8c9ef968617bbae641 a88c5011e1e64c10b1ac4d6f767003e9 - - default default] 10.0.0.147 "DELETE /v2.0/security-groups/88385a0f-5a54-4e4e-b622-acd893dc19da HTTP/1.1" status: 204 len: 168 time: 0.2888956
2026-06-03 01:00:44.218 9 INFO neutron.api.v2.resource [None req-cc354c18-3f10-4ca7-8edb-607faee284e5 8db5ea2f5b464c8c9ef968617bbae641 a88c5011e1e64c10b1ac4d6f767003e9 - - default default] show failed (client error): The resource could not be found.
2026-06-03 01:00:44.219 9 INFO neutron.wsgi [None req-cc354c18-3f10-4ca7-8edb-607faee284e5 8db5ea2f5b464c8c9ef968617bbae641 a88c5011e1e64c10b1ac4d6f767003e9 - - default default] 10.0.0.147 "GET /v2.0/security-groups/88385a0f-5a54-4e4e-b622-acd893dc19da HTTP/1.1" status: 404 len: 347 time: 0.0237918
2026-06-03 01:00:44.294 9 INFO neutron.wsgi [req-e646f618-4145-49cb-8509-348f90a1152d req-83cc8fb4-3dcd-4b4b-9a31-532e3e503fdb e4f9f50b079d4b2fa968f05ba0d51db1 f1cfac412872484cb275d703c4221d42 - - 03dce30708164263aa0c6e51f940dfa2 03dce30708164263aa0c6e51f940dfa2] 199.204.45.229 "GET /v2.0/networks/290a65a3-e1a1-4758-83e5-5dbf3b38043b?fields=segments HTTP/1.1" status: 200 len: 212 time: 0.1279993
2026-06-03 01:00:44.405 9 INFO neutron.wsgi [req-e646f618-4145-49cb-8509-348f90a1152d req-25377463-fead-45b0-8adf-f1e38a5891f5 e4f9f50b079d4b2fa968f05ba0d51db1 f1cfac412872484cb275d703c4221d42 - - 03dce30708164263aa0c6e51f940dfa2 03dce30708164263aa0c6e51f940dfa2] 199.204.45.229 "GET /v2.0/networks/290a65a3-e1a1-4758-83e5-5dbf3b38043b?fields=provider%3Aphysical_network&fields=provider%3Anetwork_type HTTP/1.1" status: 200 len: 277 time: 0.1022785
2026-06-03 01:00:44.448 10 INFO neutron.wsgi [req-c61f5fec-4e7d-42f4-91d0-95fcba7d1335 req-39d246b9-290b-40d3-aeb0-c89d9cfc6e94 e4f9f50b079d4b2fa968f05ba0d51db1 f1cfac412872484cb275d703c4221d42 - - 03dce30708164263aa0c6e51f940dfa2 03dce30708164263aa0c6e51f940dfa2] 199.204.45.229 "GET /v2.0/networks/aa3aa18c-7a67-408d-ada2-2d0b491442f1?fields=segments HTTP/1.1" status: 200 len: 212 time: 0.3809593
2026-06-03 01:00:44.546 10 INFO neutron.db.l3_db [req-6abe6541-da75-45ce-b4ea-cef3eeaabc9f req-2b986ac0-1172-4e40-8a91-771db4aeb0aa 45c78d03df534be79210ec9198352924 18323e95affa4d4d9b60b55614de54d8 - - default default] Floating IP f5c6df4f-c547-4446-9cb1-790972a2dfc7 disassociated. External IP: 10.96.250.210, port: d6d7c31b-68cc-4bc0-9883-703ee6d81e45.
2026-06-03 01:00:44.551 10 INFO neutron.wsgi [req-c61f5fec-4e7d-42f4-91d0-95fcba7d1335 req-a6243e14-c2ff-4909-80a8-61744c9f3c0d e4f9f50b079d4b2fa968f05ba0d51db1 f1cfac412872484cb275d703c4221d42 - - 03dce30708164263aa0c6e51f940dfa2 03dce30708164263aa0c6e51f940dfa2] 199.204.45.229 "GET /v2.0/networks/aa3aa18c-7a67-408d-ada2-2d0b491442f1?fields=provider%3Aphysical_network&fields=provider%3Anetwork_type HTTP/1.1" status: 200 len: 277 time: 0.0850701
2026-06-03 01:00:44.605 9 WARNING neutron.scheduler.dhcp_agent_scheduler [None req-bee2ca24-c963-4330-9571-26b5e609a5f1 16c3b4fc2c204c4696993f7a2bdbad42 807872d1e2434c9da1a7c5d754a34acb - - default default] No more DHCP agents
2026-06-03 01:00:44.607 9 WARNING neutron.api.rpc.agentnotifiers.dhcp_rpc_agent_api [None req-bee2ca24-c963-4330-9571-26b5e609a5f1 16c3b4fc2c204c4696993f7a2bdbad42 807872d1e2434c9da1a7c5d754a34acb - - default default] Unable to schedule network 882530e1-23be-4204-a435-772b122a42ba: no agents available; will retry on subsequent port and subnet creation events.
2026-06-03 01:00:44.676 10 INFO neutron.wsgi [req-423dc1f4-158a-4f4f-bd13-0b53172d7aad req-cf41ef8b-eee0-4962-9e69-844f26ba1267 45c78d03df534be79210ec9198352924 18323e95affa4d4d9b60b55614de54d8 - - default default] 10.0.0.125 "GET /v2.0/ports?device_id=1df785b4-6177-4c4a-a86e-cf74b8bf033e HTTP/1.1" status: 200 len: 1168 time: 0.0513201
2026-06-03 01:00:44.731 9 INFO neutron.db.ovn_revision_numbers_db [None req-bee2ca24-c963-4330-9571-26b5e609a5f1 16c3b4fc2c204c4696993f7a2bdbad42 807872d1e2434c9da1a7c5d754a34acb - - default default] Successfully bumped revision number for resource f93654fc-ec6b-4ece-9330-d58cfadc0963 (type: ports) to 1
2026-06-03 01:00:44.743 10 INFO neutron.wsgi [req-423dc1f4-158a-4f4f-bd13-0b53172d7aad req-e10f2c43-0f5a-4d68-aec0-b7dc92735b14 45c78d03df534be79210ec9198352924 18323e95affa4d4d9b60b55614de54d8 - - default default] 10.0.0.125 "GET /v2.0/security-groups?id=78335987-616f-4474-a629-a7bc066dc29a&fields=id&fields=name HTTP/1.1" status: 200 len: 312 time: 0.0607595
2026-06-03 01:00:44.788 10 INFO neutron.wsgi [req-6abe6541-da75-45ce-b4ea-cef3eeaabc9f req-2b986ac0-1172-4e40-8a91-771db4aeb0aa 45c78d03df534be79210ec9198352924 18323e95affa4d4d9b60b55614de54d8 - - default default] 199.204.45.229 "DELETE /v2.0/ports/d6d7c31b-68cc-4bc0-9883-703ee6d81e45 HTTP/1.1" status: 204 len: 173 time: 1.0568821
2026-06-03 01:00:44.968 10 INFO neutron.notifiers.nova [-] Nova event matching ['req-f3000b88-aff9-4788-8ebd-de5e8783a92f'] response: {'server_uuid': '1df785b4-6177-4c4a-a86e-cf74b8bf033e', 'name': 'network-vif-unplugged', 'status': 'completed', 'tag': 'd6d7c31b-68cc-4bc0-9883-703ee6d81e45', 'code': 200}
2026-06-03 01:00:44.968 10 INFO neutron.notifiers.nova [-] Nova event matching ['req-f3000b88-aff9-4788-8ebd-de5e8783a92f'] response: {'server_uuid': '1df785b4-6177-4c4a-a86e-cf74b8bf033e', 'name': 'network-vif-plugged', 'status': 'completed', 'tag': 'd6d7c31b-68cc-4bc0-9883-703ee6d81e45', 'code': 200}
2026-06-03 01:00:44.969 10 INFO neutron.notifiers.nova [-] Nova event matching ['req-f3000b88-aff9-4788-8ebd-de5e8783a92f'] response: {'server_uuid': '1df785b4-6177-4c4a-a86e-cf74b8bf033e', 'name': 'network-vif-deleted', 'tag': 'd6d7c31b-68cc-4bc0-9883-703ee6d81e45', 'status': 'completed', 'code': 200}
2026-06-03 01:00:45.033 9 WARNING neutron.scheduler.dhcp_agent_scheduler [None req-bee2ca24-c963-4330-9571-26b5e609a5f1 16c3b4fc2c204c4696993f7a2bdbad42 807872d1e2434c9da1a7c5d754a34acb - - default default] No more DHCP agents
2026-06-03 01:00:45.038 9 WARNING neutron.api.rpc.agentnotifiers.dhcp_rpc_agent_api [None req-bee2ca24-c963-4330-9571-26b5e609a5f1 16c3b4fc2c204c4696993f7a2bdbad42 807872d1e2434c9da1a7c5d754a34acb - - default default] Unable to schedule network fd4e3f15-4a48-4f96-a662-f52fab47784d: no agents available; will retry on subsequent port and subnet creation events.
2026-06-03 01:00:45.077 9 INFO neutron.wsgi [None req-a39d5076-840b-4454-b2cc-5d1b46a3c534 8db5ea2f5b464c8c9ef968617bbae641 a88c5011e1e64c10b1ac4d6f767003e9 - - default default] 10.0.0.147 "DELETE /v2.0/floatingips/4fae4637-d9d1-4350-9200-67e49244a09d HTTP/1.1" status: 204 len: 168 time: 0.8520539 /var/lib/openstack/lib/python3.10/site-packages/pycadf/identifier.py:71: UserWarning: Invalid uuid: neutron. To ensure interoperability, identifiers should be a valid uuid. warnings.warn(('Invalid uuid: %s. To ensure interoperability, '
2026-06-03 01:00:45.181 9 INFO neutron.db.ovn_revision_numbers_db [None req-bee2ca24-c963-4330-9571-26b5e609a5f1 16c3b4fc2c204c4696993f7a2bdbad42 807872d1e2434c9da1a7c5d754a34acb - - default default] Successfully bumped revision number for resource 63ad363d-62e9-4181-9a57-9b2aee1e1ff6 (type: ports) to 1
2026-06-03 01:00:45.220 9 INFO neutron.wsgi [None req-bee2ca24-c963-4330-9571-26b5e609a5f1 16c3b4fc2c204c4696993f7a2bdbad42 807872d1e2434c9da1a7c5d754a34acb - - default default] 10.0.0.147 "POST /v2.0/ports HTTP/1.1" status: 201 len: 1705 time: 1.5822744
2026-06-03 01:00:45.415 9 INFO neutron.wsgi [None req-03eb32ec-353f-449d-9643-9328a0a327d3 16c3b4fc2c204c4696993f7a2bdbad42 807872d1e2434c9da1a7c5d754a34acb - - default default] 10.0.0.147 "GET /v2.0/ports HTTP/1.1" status: 200 len: 3212 time: 0.1881552
2026-06-03 01:00:45.686 10 INFO neutron.wsgi [None req-340bded3-1d7d-4c4e-9df5-5468cf413482 16c3b4fc2c204c4696993f7a2bdbad42 807872d1e2434c9da1a7c5d754a34acb - - default default] 10.0.0.147 "DELETE /v2.0/ports/f93654fc-ec6b-4ece-9330-d58cfadc0963 HTTP/1.1" status: 204 len: 168 time: 0.2635882
2026-06-03 01:00:46.002 10 INFO neutron.wsgi [None req-698ae684-bc1c-48da-9976-c345b53ae205 16c3b4fc2c204c4696993f7a2bdbad42 807872d1e2434c9da1a7c5d754a34acb - - default default] 10.0.0.147 "DELETE /v2.0/ports/63ad363d-62e9-4181-9a57-9b2aee1e1ff6 HTTP/1.1" status: 204 len: 168 time: 0.3096590
2026-06-03 01:00:46.068 10 INFO neutron.wsgi [None req-ce964754-9761-4c9b-985c-2ccac5c49798 45c78d03df534be79210ec9198352924 18323e95affa4d4d9b60b55614de54d8 - - default default] 10.0.0.147 "DELETE /v2.0/security-groups/78335987-616f-4474-a629-a7bc066dc29a HTTP/1.1" status: 204 len: 168 time: 0.2311797
2026-06-03 01:00:46.092 10 INFO neutron.api.v2.resource [None req-41df8aa3-f367-4c9b-84ef-b44c51567452 45c78d03df534be79210ec9198352924 18323e95affa4d4d9b60b55614de54d8 - - default default] show failed (client error): The resource could not be found.
2026-06-03 01:00:46.094 10 INFO neutron.wsgi [None req-41df8aa3-f367-4c9b-84ef-b44c51567452 45c78d03df534be79210ec9198352924 18323e95affa4d4d9b60b55614de54d8 - - default default] 10.0.0.147 "GET /v2.0/security-groups/78335987-616f-4474-a629-a7bc066dc29a HTTP/1.1" status: 404 len: 347 time: 0.0184402
2026-06-03 01:00:46.180 10 INFO neutron.wsgi [None req-e583cd3c-a3d8-4907-80ed-8e5c20321f0a 16c3b4fc2c204c4696993f7a2bdbad42 807872d1e2434c9da1a7c5d754a34acb - - default default] 10.0.0.147 "GET /v2.0/ports HTTP/1.1" status: 200 len: 1718 time: 0.1682720
2026-06-03 01:00:46.196 10 WARNING neutron_lib.context [None req-f2695127-6a64-4138-9408-cc3530b37667 16c3b4fc2c204c4696993f7a2bdbad42 807872d1e2434c9da1a7c5d754a34acb - - default default] Method 'is_advsvc' is deprecated since 2023.2 release (neutron-lib 3.8.0) and will be removed once support for the old RBAC API policies will be removed from Neutron. Please use method 'is_service_role' instead.
2026-06-03 01:00:46.296 10 INFO neutron.db.segments_db [None req-f2695127-6a64-4138-9408-cc3530b37667 16c3b4fc2c204c4696993f7a2bdbad42 807872d1e2434c9da1a7c5d754a34acb - - default default] Added segment cc0638bf-07fb-47aa-a8ec-11aa0df359dc of type geneve for network 129e7d69-7730-4b6b-a124-75d63800408a
2026-06-03 01:00:46.461 10 INFO neutron.db.ovn_revision_numbers_db [None req-f2695127-6a64-4138-9408-cc3530b37667 16c3b4fc2c204c4696993f7a2bdbad42 807872d1e2434c9da1a7c5d754a34acb - - default default] Successfully bumped revision number for resource 129e7d69-7730-4b6b-a124-75d63800408a (type: networks) to 1
2026-06-03 01:00:46.613 9 INFO neutron.wsgi [None req-99d627bc-979d-4580-b911-d79ec2b699fe a607a8cc56ee4a918facbb451c0e3831 16b608c7e5a0466292a36f2607bd47a5 - - default default] 10.0.0.147 "PUT /v2.0/routers/02839f7a-b746-4983-b2b4-5965ea30f69f/remove_router_interface HTTP/1.1" status: 200 len: 503 time: 1.5308979
2026-06-03 01:00:46.640 9 INFO neutron.wsgi [None req-c682706a-0e77-4f3a-94e1-ccc5ae3d90d8 45c78d03df534be79210ec9198352924 18323e95affa4d4d9b60b55614de54d8 - - default default] 10.0.0.147 "DELETE /v2.0/floatingips/f5c6df4f-c547-4446-9cb1-790972a2dfc7 HTTP/1.1" status: 204 len: 168 time: 0.5390930 /var/lib/openstack/lib/python3.10/site-packages/pycadf/identifier.py:71: UserWarning: Invalid uuid: neutron. To ensure interoperability, identifiers should be a valid uuid. warnings.warn(('Invalid uuid: %s. To ensure interoperability, '
2026-06-03 01:00:46.718 10 WARNING neutron.scheduler.dhcp_agent_scheduler [None req-f2695127-6a64-4138-9408-cc3530b37667 16c3b4fc2c204c4696993f7a2bdbad42 807872d1e2434c9da1a7c5d754a34acb - - default default] No more DHCP agents
2026-06-03 01:00:46.722 10 WARNING neutron.api.rpc.agentnotifiers.dhcp_rpc_agent_api [None req-f2695127-6a64-4138-9408-cc3530b37667 16c3b4fc2c204c4696993f7a2bdbad42 807872d1e2434c9da1a7c5d754a34acb - - default default] Unable to schedule network 129e7d69-7730-4b6b-a124-75d63800408a: no agents available; will retry on subsequent port and subnet creation events.
2026-06-03 01:00:46.864 10 INFO neutron.db.ovn_revision_numbers_db [None req-f2695127-6a64-4138-9408-cc3530b37667 16c3b4fc2c204c4696993f7a2bdbad42 807872d1e2434c9da1a7c5d754a34acb - - default default] Successfully bumped revision number for resource caabbb08-4a35-4d92-b3b7-6672cc38ffe4 (type: ports) to 1
2026-06-03 01:00:46.910 10 INFO neutron.wsgi [None req-f2695127-6a64-4138-9408-cc3530b37667 16c3b4fc2c204c4696993f7a2bdbad42 807872d1e2434c9da1a7c5d754a34acb - - default default] 10.0.0.147 "POST /v2.0/networks HTTP/1.1" status: 201 len: 849 time: 0.7213624
2026-06-03 01:00:46.923 10 WARNING neutron_lib.context [None req-0a21f8ee-8df6-4950-abb1-477311e1fcfc 16c3b4fc2c204c4696993f7a2bdbad42 807872d1e2434c9da1a7c5d754a34acb - - default default] Method 'is_advsvc' is deprecated since 2023.2 release (neutron-lib 3.8.0) and will be removed once support for the old RBAC API policies will be removed from Neutron. Please use method 'is_service_role' instead.
2026-06-03 01:00:47.062 10 INFO neutron.db.segments_db [None req-0a21f8ee-8df6-4950-abb1-477311e1fcfc 16c3b4fc2c204c4696993f7a2bdbad42 807872d1e2434c9da1a7c5d754a34acb - - default default] Added segment ebbc4bf5-c5db-4f29-a692-822b1f0f42c9 of type geneve for network 29a51135-ee3f-42fb-83a0-2967b173dafc
2026-06-03 01:00:47.290 10 INFO neutron.db.ovn_revision_numbers_db [None req-0a21f8ee-8df6-4950-abb1-477311e1fcfc 16c3b4fc2c204c4696993f7a2bdbad42 807872d1e2434c9da1a7c5d754a34acb - - default default] Successfully bumped revision number for resource 29a51135-ee3f-42fb-83a0-2967b173dafc (type: networks) to 1
2026-06-03 01:00:47.569 10 WARNING neutron.scheduler.dhcp_agent_scheduler [None req-0a21f8ee-8df6-4950-abb1-477311e1fcfc 16c3b4fc2c204c4696993f7a2bdbad42 807872d1e2434c9da1a7c5d754a34acb - - default default] No more DHCP agents
2026-06-03 01:00:47.575 10 WARNING neutron.api.rpc.agentnotifiers.dhcp_rpc_agent_api [None req-0a21f8ee-8df6-4950-abb1-477311e1fcfc 16c3b4fc2c204c4696993f7a2bdbad42 807872d1e2434c9da1a7c5d754a34acb - - default default] Unable to schedule network 29a51135-ee3f-42fb-83a0-2967b173dafc: no agents available; will retry on subsequent port and subnet creation events.
2026-06-03 01:00:48.087 10 INFO neutron.db.ovn_revision_numbers_db [None req-0a21f8ee-8df6-4950-abb1-477311e1fcfc 16c3b4fc2c204c4696993f7a2bdbad42 807872d1e2434c9da1a7c5d754a34acb - - default default] Successfully bumped revision number for resource 7a631a27-2e3a-4b6e-8e5b-b80b2f62fb3c (type: ports) to 1
