2026-06-03 01:00:09.492 10 WARNING neutron_lib.context [req-329fa5bd-3f4a-427e-8ad1-a2b885ca96b6 req-7602122e-6073-4e13-88b8-cc5c43a3b374 4f30fb760edd48549c51fcf9d0f71cde 39663869720f4b8cb7e5e275fa7c0486 - - default default] Method 'is_advsvc' is deprecated since 2023.2 release (neutron-lib 3.8.0) and will be removed once support for the old RBAC API policies will be removed from Neutron. Please use method 'is_service_role' instead.
2026-06-03 01:00:09.501 9 INFO neutron.wsgi [None req-01962b77-252b-4267-978b-ee326f74392f a607a8cc56ee4a918facbb451c0e3831 16b608c7e5a0466292a36f2607bd47a5 - - default default] 10.0.0.147 "DELETE /v2.0/security-groups/c5bee165-7095-4bd4-ac8f-7803d8d05d6b HTTP/1.1" status: 204 len: 168 time: 0.3992164
2026-06-03 01:00:09.524 10 WARNING neutron_lib.context [req-8021e11d-0364-4265-b37a-a6a3d931cf44 req-5eb1e7b3-aa30-4953-875b-2b4fb13812c6 634f71823fdb4384bae19a5650f57e12 23c5a0b085164a8a877d6b5e37448316 - - default default] Method 'is_advsvc' is deprecated since 2023.2 release (neutron-lib 3.8.0) and will be removed once support for the old RBAC API policies will be removed from Neutron. Please use method 'is_service_role' instead.
2026-06-03 01:00:09.535 9 INFO neutron.db.ovn_revision_numbers_db [None req-ffd18076-244b-4281-8aaa-e6e28af3b70a a607a8cc56ee4a918facbb451c0e3831 16b608c7e5a0466292a36f2607bd47a5 - - default default] Successfully bumped revision number for resource 7f81a771-cb04-43ca-9fca-72e515a1b0f9 (type: routers) to 2
2026-06-03 01:00:09.553 9 INFO neutron.wsgi [None req-ffd18076-244b-4281-8aaa-e6e28af3b70a a607a8cc56ee4a918facbb451c0e3831 16b608c7e5a0466292a36f2607bd47a5 - - default default] 10.0.0.147 "POST /v2.0/routers HTTP/1.1" status: 201 len: 885 time: 1.8639920
2026-06-03 01:00:09.723 10 INFO neutron.db.ovn_revision_numbers_db [req-329fa5bd-3f4a-427e-8ad1-a2b885ca96b6 req-7602122e-6073-4e13-88b8-cc5c43a3b374 4f30fb760edd48549c51fcf9d0f71cde 39663869720f4b8cb7e5e275fa7c0486 - - default default] Successfully bumped revision number for resource 18b0ec26-489c-42bd-84ca-5c26850cfeaf (type: security_groups) to 1
2026-06-03 01:00:09.761 10 INFO neutron.db.ovn_revision_numbers_db [req-329fa5bd-3f4a-427e-8ad1-a2b885ca96b6 req-7602122e-6073-4e13-88b8-cc5c43a3b374 4f30fb760edd48549c51fcf9d0f71cde 39663869720f4b8cb7e5e275fa7c0486 - - default default] Successfully bumped revision number for resource c6309961-34d3-4706-bfa1-b3dcf6fd8ae6 (type: security_group_rules) to 0
2026-06-03 01:00:09.762 10 INFO neutron.db.ovn_revision_numbers_db [req-8021e11d-0364-4265-b37a-a6a3d931cf44 req-5eb1e7b3-aa30-4953-875b-2b4fb13812c6 634f71823fdb4384bae19a5650f57e12 23c5a0b085164a8a877d6b5e37448316 - - default default] Successfully bumped revision number for resource a9b47d63-8596-4691-a2c8-5244af844ff8 (type: security_groups) to 1
2026-06-03 01:00:09.787 10 INFO neutron.db.ovn_revision_numbers_db [req-329fa5bd-3f4a-427e-8ad1-a2b885ca96b6 req-7602122e-6073-4e13-88b8-cc5c43a3b374 4f30fb760edd48549c51fcf9d0f71cde 39663869720f4b8cb7e5e275fa7c0486 - - default default] Successfully bumped revision number for resource c8e521f9-f01a-4ea7-a57a-7b3e9c4ce4d6 (type: security_group_rules) to 0
2026-06-03 01:00:09.797 10 INFO neutron.db.ovn_revision_numbers_db [req-8021e11d-0364-4265-b37a-a6a3d931cf44 req-5eb1e7b3-aa30-4953-875b-2b4fb13812c6 634f71823fdb4384bae19a5650f57e12 23c5a0b085164a8a877d6b5e37448316 - - default default] Successfully bumped revision number for resource 26d4ed05-4395-4823-a92b-dfff25f97d1a (type: security_group_rules) to 0
2026-06-03 01:00:09.839 10 INFO neutron.wsgi [req-329fa5bd-3f4a-427e-8ad1-a2b885ca96b6 req-7602122e-6073-4e13-88b8-cc5c43a3b374 4f30fb760edd48549c51fcf9d0f71cde 39663869720f4b8cb7e5e275fa7c0486 - - default default] 10.0.0.125 "POST /v2.0/security-groups HTTP/1.1" status: 201 len: 1826 time: 0.3535433
2026-06-03 01:00:09.856 10 INFO neutron.db.ovn_revision_numbers_db [req-8021e11d-0364-4265-b37a-a6a3d931cf44 req-5eb1e7b3-aa30-4953-875b-2b4fb13812c6 634f71823fdb4384bae19a5650f57e12 23c5a0b085164a8a877d6b5e37448316 - - default default] Successfully bumped revision number for resource f1223724-babc-4078-b70d-aa55063f940e (type: security_group_rules) to 0
2026-06-03 01:00:09.912 10 INFO neutron.wsgi [req-8021e11d-0364-4265-b37a-a6a3d931cf44 req-5eb1e7b3-aa30-4953-875b-2b4fb13812c6 634f71823fdb4384bae19a5650f57e12 23c5a0b085164a8a877d6b5e37448316 - - default default] 10.0.0.125 "POST /v2.0/security-groups HTTP/1.1" status: 201 len: 1823 time: 0.4041097
2026-06-03 01:00:09.980 10 INFO neutron.wsgi [req-c316e463-49ed-48a1-a449-ea27dc13e6e9 req-de2233d3-7062-43fa-92bc-2f10000aeb6b 4f30fb760edd48549c51fcf9d0f71cde 39663869720f4b8cb7e5e275fa7c0486 - - default default] 10.0.0.125 "GET /v2.0/security-groups/18b0ec26-489c-42bd-84ca-5c26850cfeaf HTTP/1.1" status: 200 len: 1821 time: 0.1061213
2026-06-03 01:00:10.001 10 WARNING neutron_lib.context [req-c316e463-49ed-48a1-a449-ea27dc13e6e9 req-7e18e419-4810-4342-9756-5fe0c3c92a18 4f30fb760edd48549c51fcf9d0f71cde 39663869720f4b8cb7e5e275fa7c0486 - - default default] Method 'is_advsvc' is deprecated since 2023.2 release (neutron-lib 3.8.0) and will be removed once support for the old RBAC API policies will be removed from Neutron. Please use method 'is_service_role' instead.
2026-06-03 01:00:10.077 10 INFO neutron.wsgi [req-23de62b1-5356-43aa-89b0-e2d88f4be822 req-f5a28a99-ce22-4478-944f-719d90a1380c 634f71823fdb4384bae19a5650f57e12 23c5a0b085164a8a877d6b5e37448316 - - default default] 10.0.0.125 "GET /v2.0/security-groups?tenant_id=23c5a0b085164a8a877d6b5e37448316 HTTP/1.1" status: 200 len: 7795 time: 0.1313968
2026-06-03 01:00:10.182 9 WARNING neutron.scheduler.dhcp_agent_scheduler [None req-a1df2564-0706-408c-b328-2703c36b9585 a607a8cc56ee4a918facbb451c0e3831 16b608c7e5a0466292a36f2607bd47a5 - - default default] No more DHCP agents
2026-06-03 01:00:10.187 9 WARNING neutron.api.rpc.agentnotifiers.dhcp_rpc_agent_api [None req-a1df2564-0706-408c-b328-2703c36b9585 a607a8cc56ee4a918facbb451c0e3831 16b608c7e5a0466292a36f2607bd47a5 - - default default] Unable to schedule network aa3aa18c-7a67-408d-ada2-2d0b491442f1: no agents available; will retry on subsequent port and subnet creation events.
2026-06-03 01:00:10.198 10 INFO neutron.wsgi [req-23de62b1-5356-43aa-89b0-e2d88f4be822 req-8dc62581-f6a1-4237-86ba-2fca84c260a7 634f71823fdb4384bae19a5650f57e12 23c5a0b085164a8a877d6b5e37448316 - - default default] 10.0.0.125 "GET /v2.0/security-groups/466cf57b-a7f5-4eee-9654-496dc526ee76 HTTP/1.1" status: 200 len: 2994 time: 0.1104908
2026-06-03 01:00:10.307 10 INFO neutron.wsgi [req-23de62b1-5356-43aa-89b0-e2d88f4be822 req-f5f01870-ea4f-42c2-9bbf-0ad8fc4ba797 634f71823fdb4384bae19a5650f57e12 23c5a0b085164a8a877d6b5e37448316 - - default default] 10.0.0.125 "GET /v2.0/security-groups/466cf57b-a7f5-4eee-9654-496dc526ee76 HTTP/1.1" status: 200 len: 2994 time: 0.0976329
2026-06-03 01:00:10.417 9 INFO neutron.db.ovn_revision_numbers_db [None req-a1df2564-0706-408c-b328-2703c36b9585 a607a8cc56ee4a918facbb451c0e3831 16b608c7e5a0466292a36f2607bd47a5 - - default default] Successfully bumped revision number for resource 6bf21b2f-981d-4da8-95d8-cd74e637220f (type: ports) to 1
2026-06-03 01:00:10.597 10 INFO neutron.db.ovn_revision_numbers_db [None req-61c6ba5a-8345-4a45-b0c6-9109ca661750 - - - - - -] Successfully bumped revision number for resource deb9ec3c-000b-41f0-bc67-5d262f3cd13e (type: ports) to 1
2026-06-03 01:00:10.615 10 INFO neutron.wsgi [req-e828b34d-0bbd-42aa-bb31-e3bcb4948a70 req-2f81b383-4535-4e35-8f33-110ff5c058f3 634f71823fdb4384bae19a5650f57e12 23c5a0b085164a8a877d6b5e37448316 - - default default] 10.0.0.125 "GET /v2.0/security-groups/ba7c8f42-f91a-43d8-9a1b-c97dbc208776 HTTP/1.1" status: 200 len: 1816 time: 0.0837157
2026-06-03 01:00:10.622 10 INFO neutron.db.ovn_revision_numbers_db [req-c316e463-49ed-48a1-a449-ea27dc13e6e9 req-7e18e419-4810-4342-9756-5fe0c3c92a18 4f30fb760edd48549c51fcf9d0f71cde 39663869720f4b8cb7e5e275fa7c0486 - - default default] Successfully bumped revision number for resource 7156e84d-9bbf-4a89-ab9e-7357702b0ee1 (type: security_group_rules) to 0
2026-06-03 01:00:10.687 10 INFO neutron.wsgi [req-c316e463-49ed-48a1-a449-ea27dc13e6e9 req-7e18e419-4810-4342-9756-5fe0c3c92a18 4f30fb760edd48549c51fcf9d0f71cde 39663869720f4b8cb7e5e275fa7c0486 - - default default] 10.0.0.125 "POST /v2.0/security-group-rules HTTP/1.1" status: 201 len: 786 time: 0.6962893
2026-06-03 01:00:10.862 10 INFO neutron.wsgi [req-dc76019a-2886-4017-a989-cb265a1f43e5 req-9cdc1420-be69-40d2-84ac-e28e28583152 4f30fb760edd48549c51fcf9d0f71cde 39663869720f4b8cb7e5e275fa7c0486 - - default default] 10.0.0.125 "GET /v2.0/security-groups/18b0ec26-489c-42bd-84ca-5c26850cfeaf HTTP/1.1" status: 200 len: 2414 time: 0.1444764
2026-06-03 01:00:10.882 10 WARNING neutron_lib.context [req-dc76019a-2886-4017-a989-cb265a1f43e5 req-7587c5f8-9a22-458d-8341-e1fe756662f3 4f30fb760edd48549c51fcf9d0f71cde 39663869720f4b8cb7e5e275fa7c0486 - - default default] Method 'is_advsvc' is deprecated since 2023.2 release (neutron-lib 3.8.0) and will be removed once support for the old RBAC API policies will be removed from Neutron. Please use method 'is_service_role' instead.
2026-06-03 01:00:10.955 9 INFO neutron.db.ovn_revision_numbers_db [None req-a1df2564-0706-408c-b328-2703c36b9585 a607a8cc56ee4a918facbb451c0e3831 16b608c7e5a0466292a36f2607bd47a5 - - default default] Successfully bumped revision number for resource 6bf21b2f-981d-4da8-95d8-cd74e637220f (type: router_ports) to 1
2026-06-03 01:00:10.976 10 INFO neutron.wsgi [req-e828b34d-0bbd-42aa-bb31-e3bcb4948a70 req-beb4b85e-1fef-40be-8b62-54fe2c65d213 634f71823fdb4384bae19a5650f57e12 23c5a0b085164a8a877d6b5e37448316 - - default default] 10.0.0.125 "DELETE /v2.0/security-groups/ba7c8f42-f91a-43d8-9a1b-c97dbc208776 HTTP/1.1" status: 204 len: 173 time: 0.3486581
2026-06-03 01:00:11.050 10 INFO neutron.api.v2.resource [req-e8fc69e1-c3c2-4a02-a789-bb5ff6ca2fc3 req-c529d060-e7e7-4e3f-8912-ad0d193e93b3 634f71823fdb4384bae19a5650f57e12 23c5a0b085164a8a877d6b5e37448316 - - default default] show failed (client error): The resource could not be found.
2026-06-03 01:00:11.052 10 INFO neutron.wsgi [req-e8fc69e1-c3c2-4a02-a789-bb5ff6ca2fc3 req-c529d060-e7e7-4e3f-8912-ad0d193e93b3 634f71823fdb4384bae19a5650f57e12 23c5a0b085164a8a877d6b5e37448316 - - default default] 10.0.0.125 "GET /v2.0/security-groups/ba7c8f42-f91a-43d8-9a1b-c97dbc208776 HTTP/1.1" status: 404 len: 352 time: 0.0465086
2026-06-03 01:00:11.157 9 INFO neutron.db.ovn_revision_numbers_db [None req-a1df2564-0706-408c-b328-2703c36b9585 a607a8cc56ee4a918facbb451c0e3831 16b608c7e5a0466292a36f2607bd47a5 - - default default] Successfully bumped revision number for resource 6bf21b2f-981d-4da8-95d8-cd74e637220f (type: ports) to 1
2026-06-03 01:00:11.179 10 INFO neutron.wsgi [req-8786d819-8350-4b9f-b0e0-13406201e3ab req-78ef4af7-df26-4e6a-9da8-6691df40fc12 634f71823fdb4384bae19a5650f57e12 23c5a0b085164a8a877d6b5e37448316 - - default default] 10.0.0.125 "GET /v2.0/security-groups/b028c6a0-dca8-4522-a2f7-0a98216f074d HTTP/1.1" status: 200 len: 1818 time: 0.1046658
2026-06-03 01:00:11.267 10 INFO neutron.db.ovn_revision_numbers_db [None req-61c6ba5a-8345-4a45-b0c6-9109ca661750 - - - - - -] Successfully bumped revision number for resource deb9ec3c-000b-41f0-bc67-5d262f3cd13e (type: router_ports) to 3
2026-06-03 01:00:11.318 10 INFO neutron.db.ovn_revision_numbers_db [req-dc76019a-2886-4017-a989-cb265a1f43e5 req-7587c5f8-9a22-458d-8341-e1fe756662f3 4f30fb760edd48549c51fcf9d0f71cde 39663869720f4b8cb7e5e275fa7c0486 - - default default] Successfully bumped revision number for resource 2c24abcc-9779-4727-b139-9b2f996f2cd7 (type: security_group_rules) to 0
2026-06-03 01:00:11.388 10 INFO neutron.wsgi [req-dc76019a-2886-4017-a989-cb265a1f43e5 req-7587c5f8-9a22-458d-8341-e1fe756662f3 4f30fb760edd48549c51fcf9d0f71cde 39663869720f4b8cb7e5e275fa7c0486 - - default default] 10.0.0.125 "POST /v2.0/security-group-rules HTTP/1.1" status: 201 len: 791 time: 0.5143716
2026-06-03 01:00:11.464 9 WARNING neutron.scheduler.dhcp_agent_scheduler [None req-a1df2564-0706-408c-b328-2703c36b9585 a607a8cc56ee4a918facbb451c0e3831 16b608c7e5a0466292a36f2607bd47a5 - - default default] No more DHCP agents
2026-06-03 01:00:11.468 9 WARNING neutron.api.rpc.agentnotifiers.dhcp_rpc_agent_api [None req-a1df2564-0706-408c-b328-2703c36b9585 a607a8cc56ee4a918facbb451c0e3831 16b608c7e5a0466292a36f2607bd47a5 - - default default] Unable to schedule network aa3aa18c-7a67-408d-ada2-2d0b491442f1: no agents available; will retry on subsequent port and subnet creation events.
2026-06-03 01:00:11.492 10 INFO neutron.wsgi [req-8786d819-8350-4b9f-b0e0-13406201e3ab req-a1dd8d34-b6f1-436f-bf86-ba9372fb47d1 634f71823fdb4384bae19a5650f57e12 23c5a0b085164a8a877d6b5e37448316 - - default default] 10.0.0.125 "DELETE /v2.0/security-groups/b028c6a0-dca8-4522-a2f7-0a98216f074d HTTP/1.1" status: 204 len: 173 time: 0.2947605
2026-06-03 01:00:11.497 10 INFO neutron.wsgi [-] 10.0.0.209 "GET / HTTP/1.1" status: 200 len: 247 time: 0.0012834
2026-06-03 01:00:11.499 10 INFO neutron.wsgi [-] 10.0.0.209 "GET / HTTP/1.1" status: 200 len: 247 time: 0.0009444
2026-06-03 01:00:11.518 10 INFO neutron.wsgi [req-cdafcbe7-0367-4c80-b4e0-d30f12021c2f req-c706bfa4-35d1-451b-b2c1-c06e9e100657 4f30fb760edd48549c51fcf9d0f71cde 39663869720f4b8cb7e5e275fa7c0486 - - default default] 10.0.0.125 "GET /v2.0/security-groups/18b0ec26-489c-42bd-84ca-5c26850cfeaf HTTP/1.1" status: 200 len: 3012 time: 0.0732446
2026-06-03 01:00:11.534 10 INFO neutron.api.v2.resource [req-196a823c-dc7e-4898-935a-b66b81839171 req-13c0829c-877f-42b5-aa1e-a8f9322c08de 634f71823fdb4384bae19a5650f57e12 23c5a0b085164a8a877d6b5e37448316 - - default default] show failed (client error): The resource could not be found.
2026-06-03 01:00:11.535 10 INFO neutron.wsgi [req-196a823c-dc7e-4898-935a-b66b81839171 req-13c0829c-877f-42b5-aa1e-a8f9322c08de 634f71823fdb4384bae19a5650f57e12 23c5a0b085164a8a877d6b5e37448316 - - default default] 10.0.0.125 "GET /v2.0/security-groups/b028c6a0-dca8-4522-a2f7-0a98216f074d HTTP/1.1" status: 404 len: 352 time: 0.0155203
2026-06-03 01:00:11.542 10 INFO neutron.db.ovn_revision_numbers_db [None req-61c6ba5a-8345-4a45-b0c6-9109ca661750 - - - - - -] Successfully bumped revision number for resource deb9ec3c-000b-41f0-bc67-5d262f3cd13e (type: ports) to 2
2026-06-03 01:00:11.586 10 INFO neutron.wsgi [req-0465a1df-58c5-41d8-83cc-9a32fac06bcc req-6184575c-a9be-42eb-89d1-49602c59ec90 4f30fb760edd48549c51fcf9d0f71cde 39663869720f4b8cb7e5e275fa7c0486 - - default default] 10.0.0.125 "GET /v2.0/security-group-rules/2c24abcc-9779-4727-b139-9b2f996f2cd7 HTTP/1.1" status: 200 len: 783 time: 0.0275385
2026-06-03 01:00:11.623 10 INFO neutron.wsgi [req-f70f2082-d17b-4448-a804-deedfffbdbe5 req-bb27729d-e061-4006-ac10-706078f59dc1 634f71823fdb4384bae19a5650f57e12 23c5a0b085164a8a877d6b5e37448316 - - default default] 10.0.0.125 "GET /v2.0/security-groups/a9b47d63-8596-4691-a2c8-5244af844ff8 HTTP/1.1" status: 200 len: 1818 time: 0.0557458
2026-06-03 01:00:11.659 10 INFO neutron.wsgi [req-0465a1df-58c5-41d8-83cc-9a32fac06bcc req-f8648578-7b38-4b66-917e-a5908133ac35 4f30fb760edd48549c51fcf9d0f71cde 39663869720f4b8cb7e5e275fa7c0486 - - default default] 10.0.0.125 "GET /v2.0/security-groups/18b0ec26-489c-42bd-84ca-5c26850cfeaf HTTP/1.1" status: 200 len: 3012 time: 0.0627232
2026-06-03 01:00:11.830 10 INFO neutron.wsgi [req-f70f2082-d17b-4448-a804-deedfffbdbe5 req-5cc6fa8d-697b-45ab-8e9a-4c1ec335d9b9 634f71823fdb4384bae19a5650f57e12 23c5a0b085164a8a877d6b5e37448316 - - default default] 10.0.0.125 "DELETE /v2.0/security-groups/a9b47d63-8596-4691-a2c8-5244af844ff8 HTTP/1.1" status: 204 len: 173 time: 0.2005291
2026-06-03 01:00:11.875 10 INFO neutron.api.v2.resource [req-14abec5a-c523-45b2-a9db-3bb9ce79d8a4 req-16ff3180-0348-4652-a165-5d46f652a0f6 634f71823fdb4384bae19a5650f57e12 23c5a0b085164a8a877d6b5e37448316 - - default default] show failed (client error): The resource could not be found.
2026-06-03 01:00:11.877 10 INFO neutron.wsgi [req-14abec5a-c523-45b2-a9db-3bb9ce79d8a4 req-16ff3180-0348-4652-a165-5d46f652a0f6 634f71823fdb4384bae19a5650f57e12 23c5a0b085164a8a877d6b5e37448316 - - default default] 10.0.0.125 "GET /v2.0/security-groups/a9b47d63-8596-4691-a2c8-5244af844ff8 HTTP/1.1" status: 404 len: 352 time: 0.0235083
2026-06-03 01:00:11.887 10 INFO neutron.wsgi [req-0465a1df-58c5-41d8-83cc-9a32fac06bcc req-d40a3b74-274f-46dc-b9b5-3275396ffe80 4f30fb760edd48549c51fcf9d0f71cde 39663869720f4b8cb7e5e275fa7c0486 - - default default] 10.0.0.125 "DELETE /v2.0/security-group-rules/2c24abcc-9779-4727-b139-9b2f996f2cd7 HTTP/1.1" status: 204 len: 173 time: 0.2175050
2026-06-03 01:00:11.987 10 INFO neutron.wsgi [req-71835bb0-630c-4f39-ba2c-6d79d65d0fdc req-128d66a2-4263-489e-9ab0-c186fa018116 4f30fb760edd48549c51fcf9d0f71cde 39663869720f4b8cb7e5e275fa7c0486 - - default default] 10.0.0.125 "GET /v2.0/security-groups/18b0ec26-489c-42bd-84ca-5c26850cfeaf HTTP/1.1" status: 200 len: 2414 time: 0.0696990
2026-06-03 01:00:11.988 10 INFO neutron.db.ovn_revision_numbers_db [None req-61c6ba5a-8345-4a45-b0c6-9109ca661750 - - - - - -] Successfully bumped revision number for resource deb9ec3c-000b-41f0-bc67-5d262f3cd13e (type: ports) to 4
2026-06-03 01:00:11.992 10 INFO neutron.wsgi [req-2ace0a8b-890e-4929-9d5e-7b10488eec6e req-b3a024bb-5117-4372-945b-30b810e5b6f0 634f71823fdb4384bae19a5650f57e12 23c5a0b085164a8a877d6b5e37448316 - - default default] 10.0.0.125 "GET /v2.0/security-groups?tenant_id=23c5a0b085164a8a877d6b5e37448316 HTTP/1.1" status: 200 len: 2997 time: 0.0860863
2026-06-03 01:00:12.122 10 INFO neutron.wsgi [req-2ace0a8b-890e-4929-9d5e-7b10488eec6e req-220ac347-c274-4f1b-9499-e5e5b277ff1e 634f71823fdb4384bae19a5650f57e12 23c5a0b085164a8a877d6b5e37448316 - - default default] 10.0.0.125 "GET /v2.0/security-groups/466cf57b-a7f5-4eee-9654-496dc526ee76 HTTP/1.1" status: 200 len: 2994 time: 0.1185744
2026-06-03 01:00:12.154 9 WARNING neutron.plugins.ml2.drivers.ovn.mech_driver.ovsdb.ovn_client [None req-2eeaa632-5493-44e3-a71c-72f4eb284b18 - - - - - -] No hosting information found for port b2e2cedf-b07d-4cb9-adb9-17c5655f475c: RuntimeError: No hosting information found for port b2e2cedf-b07d-4cb9-adb9-17c5655f475c
2026-06-03 01:00:12.221 10 INFO neutron.wsgi [req-2ace0a8b-890e-4929-9d5e-7b10488eec6e req-ba7f1b6d-5080-4ea3-83a5-2288fabaded4 634f71823fdb4384bae19a5650f57e12 23c5a0b085164a8a877d6b5e37448316 - - default default] 10.0.0.125 "GET /v2.0/security-groups/466cf57b-a7f5-4eee-9654-496dc526ee76 HTTP/1.1" status: 200 len: 2994 time: 0.0773008
2026-06-03 01:00:12.247 9 INFO neutron.db.ovn_revision_numbers_db [None req-a1df2564-0706-408c-b328-2703c36b9585 a607a8cc56ee4a918facbb451c0e3831 16b608c7e5a0466292a36f2607bd47a5 - - default default] Successfully bumped revision number for resource 6bf21b2f-981d-4da8-95d8-cd74e637220f (type: router_ports) to 1
2026-06-03 01:00:12.250 9 INFO neutron.wsgi [None req-a1df2564-0706-408c-b328-2703c36b9585 a607a8cc56ee4a918facbb451c0e3831 16b608c7e5a0466292a36f2607bd47a5 - - default default] 10.0.0.147 "PUT /v2.0/routers/7f81a771-cb04-43ca-9fca-72e515a1b0f9/add_router_interface HTTP/1.1" status: 200 len: 503 time: 2.6916232
2026-06-03 01:00:12.296 10 INFO neutron.wsgi [req-71835bb0-630c-4f39-ba2c-6d79d65d0fdc req-26079d38-e9c2-45be-bb95-70915f824e4b 4f30fb760edd48549c51fcf9d0f71cde 39663869720f4b8cb7e5e275fa7c0486 - - default default] 10.0.0.125 "DELETE /v2.0/security-groups/18b0ec26-489c-42bd-84ca-5c26850cfeaf HTTP/1.1" status: 204 len: 173 time: 0.3003676
2026-06-03 01:00:12.335 10 INFO neutron.api.v2.resource [req-d7249c09-0a58-45cd-9f81-4e9e9b8177be req-b39b1c27-399e-4af7-925a-8519a7be12e5 634f71823fdb4384bae19a5650f57e12 23c5a0b085164a8a877d6b5e37448316 - - default default] show failed (client error): The resource could not be found.
2026-06-03 01:00:12.337 10 INFO neutron.wsgi [req-d7249c09-0a58-45cd-9f81-4e9e9b8177be req-b39b1c27-399e-4af7-925a-8519a7be12e5 634f71823fdb4384bae19a5650f57e12 23c5a0b085164a8a877d6b5e37448316 - - default default] 10.0.0.125 "GET /v2.0/security-groups/a9b47d63-8596-4691-a2c8-5244af844ff8 HTTP/1.1" status: 404 len: 352 time: 0.0138438
2026-06-03 01:00:12.350 10 INFO neutron.db.ovn_revision_numbers_db [None req-61c6ba5a-8345-4a45-b0c6-9109ca661750 - - - - - -] Successfully bumped revision number for resource deb9ec3c-000b-41f0-bc67-5d262f3cd13e (type: router_ports) to 4
2026-06-03 01:00:12.407 10 INFO neutron.api.v2.resource [req-c22afdcb-4e11-49e3-a5f4-507eddb26d05 req-d0a8ad72-9f9d-4c37-9602-d46059df23ae 634f71823fdb4384bae19a5650f57e12 23c5a0b085164a8a877d6b5e37448316 - - default default] show failed (client error): The resource could not be found.
2026-06-03 01:00:12.409 10 INFO neutron.wsgi [req-c22afdcb-4e11-49e3-a5f4-507eddb26d05 req-d0a8ad72-9f9d-4c37-9602-d46059df23ae 634f71823fdb4384bae19a5650f57e12 23c5a0b085164a8a877d6b5e37448316 - - default default] 10.0.0.125 "GET /v2.0/security-groups/b028c6a0-dca8-4522-a2f7-0a98216f074d HTTP/1.1" status: 404 len: 352 time: 0.0271082
2026-06-03 01:00:12.427 10 INFO neutron.wsgi [req-30a5c095-83b2-4920-bb85-46350ade5590 req-70e1e4d8-52cb-4d2b-97be-b5f4b7c6eea4 4f30fb760edd48549c51fcf9d0f71cde 39663869720f4b8cb7e5e275fa7c0486 - - default default] 10.0.0.125 "GET /v2.0/security-groups/b00c16e4-6a60-4f9f-9c95-d503f6b5a7c3 HTTP/1.1" status: 200 len: 2414 time: 0.0739052
2026-06-03 01:00:12.451 10 INFO neutron.api.v2.resource [req-a7ee85ae-b5d6-4f0e-9835-285229cc0fc0 req-6e987d8e-0149-4ed9-9539-802d354dc5d9 634f71823fdb4384bae19a5650f57e12 23c5a0b085164a8a877d6b5e37448316 - - default default] show failed (client error): The resource could not be found.
2026-06-03 01:00:12.453 10 INFO neutron.wsgi [req-a7ee85ae-b5d6-4f0e-9835-285229cc0fc0 req-6e987d8e-0149-4ed9-9539-802d354dc5d9 634f71823fdb4384bae19a5650f57e12 23c5a0b085164a8a877d6b5e37448316 - - default default] 10.0.0.125 "GET /v2.0/security-groups/ba7c8f42-f91a-43d8-9a1b-c97dbc208776 HTTP/1.1" status: 404 len: 352 time: 0.0205564
2026-06-03 01:00:12.653 10 INFO neutron.wsgi [req-30a5c095-83b2-4920-bb85-46350ade5590 req-ccda0382-f037-42dd-91ce-e778270d6e94 4f30fb760edd48549c51fcf9d0f71cde 39663869720f4b8cb7e5e275fa7c0486 - - default default] 10.0.0.125 "DELETE /v2.0/security-groups/b00c16e4-6a60-4f9f-9c95-d503f6b5a7c3 HTTP/1.1" status: 204 len: 173 time: 0.2135942
2026-06-03 01:00:12.963 9 WARNING neutron_lib.context [None req-e19b63a2-5050-4693-ad66-8ecce8874553 7bff080c17054699b5e48d2f79d62079 304e52865f914657a3c30cdcf97f825c - - default default] Method 'is_advsvc' is deprecated since 2023.2 release (neutron-lib 3.8.0) and will be removed once support for the old RBAC API policies will be removed from Neutron. Please use method 'is_service_role' instead.
2026-06-03 01:00:13.363 10 WARNING neutron.plugins.ml2.drivers.ovn.mech_driver.ovsdb.ovn_client [None req-bf352f2c-453a-4c5c-b334-3aa067612f32 - - - - - -] No port found with ID c14b9699-d75e-471f-91c9-1870492f52bb: RuntimeError: No port found with ID c14b9699-d75e-471f-91c9-1870492f52bb
2026-06-03 01:00:13.363 10 INFO neutron.plugins.ml2.drivers.ovn.mech_driver.mech_driver [None req-bf352f2c-453a-4c5c-b334-3aa067612f32 - - - - - -] OVN reports status up for port: deb9ec3c-000b-41f0-bc67-5d262f3cd13e
2026-06-03 01:00:13.386 10 INFO neutron.plugins.ml2.plugin [None req-bf352f2c-453a-4c5c-b334-3aa067612f32 - - - - - -] Attempt 1 to provision port deb9ec3c-000b-41f0-bc67-5d262f3cd13e
2026-06-03 01:00:13.425 9 INFO neutron.db.ovn_revision_numbers_db [None req-e19b63a2-5050-4693-ad66-8ecce8874553 7bff080c17054699b5e48d2f79d62079 304e52865f914657a3c30cdcf97f825c - - default default] Successfully bumped revision number for resource cbc13d33-0b37-46f1-989a-08f57982cf11 (type: security_groups) to 1
2026-06-03 01:00:13.443 9 INFO neutron.db.ovn_revision_numbers_db [None req-e19b63a2-5050-4693-ad66-8ecce8874553 7bff080c17054699b5e48d2f79d62079 304e52865f914657a3c30cdcf97f825c - - default default] Successfully bumped revision number for resource 2f1ff972-2ad4-4bed-9f85-ac29b34e9d75 (type: security_group_rules) to 0
2026-06-03 01:00:13.473 9 INFO neutron.db.ovn_revision_numbers_db [None req-e19b63a2-5050-4693-ad66-8ecce8874553 7bff080c17054699b5e48d2f79d62079 304e52865f914657a3c30cdcf97f825c - - default default] Successfully bumped revision number for resource d2797263-91cc-411c-b7c2-1e6b6be4230e (type: security_group_rules) to 0
2026-06-03 01:00:13.501 9 INFO neutron.wsgi [None req-e19b63a2-5050-4693-ad66-8ecce8874553 7bff080c17054699b5e48d2f79d62079 304e52865f914657a3c30cdcf97f825c - - default default] 10.0.0.147 "POST /v2.0/security-groups HTTP/1.1" status: 201 len: 1797 time: 0.5432515
2026-06-03 01:00:13.520 9 WARNING neutron_lib.context [None req-b6a796df-5cba-4eb0-b6fc-623b79625305 7bff080c17054699b5e48d2f79d62079 304e52865f914657a3c30cdcf97f825c - - default default] Method 'is_advsvc' is deprecated since 2023.2 release (neutron-lib 3.8.0) and will be removed once support for the old RBAC API policies will be removed from Neutron. Please use method 'is_service_role' instead.
2026-06-03 01:00:13.553 10 INFO neutron.plugins.ml2.drivers.ovn.mech_driver.mech_driver [None req-bf352f2c-453a-4c5c-b334-3aa067612f32 - - - - - -] OVN reports status up for port: 6bf21b2f-981d-4da8-95d8-cd74e637220f
2026-06-03 01:00:13.562 10 INFO neutron.plugins.ml2.plugin [None req-bf352f2c-453a-4c5c-b334-3aa067612f32 - - - - - -] Attempt 1 to provision port 6bf21b2f-981d-4da8-95d8-cd74e637220f
2026-06-03 01:00:13.729 9 INFO neutron.db.ovn_revision_numbers_db [None req-b6a796df-5cba-4eb0-b6fc-623b79625305 7bff080c17054699b5e48d2f79d62079 304e52865f914657a3c30cdcf97f825c - - default default] Successfully bumped revision number for resource 8686ab34-58c0-4194-b11d-afbfe198216f (type: security_group_rules) to 0
2026-06-03 01:00:13.760 9 INFO neutron.wsgi [None req-b6a796df-5cba-4eb0-b6fc-623b79625305 7bff080c17054699b5e48d2f79d62079 304e52865f914657a3c30cdcf97f825c - - default default] 10.0.0.147 "POST /v2.0/security-group-rules HTTP/1.1" status: 201 len: 764 time: 0.2450488
2026-06-03 01:00:13.787 9 WARNING neutron_lib.context [None req-c08fcdf6-3dcb-43f4-98f4-926256589c03 7bff080c17054699b5e48d2f79d62079 304e52865f914657a3c30cdcf97f825c - - default default] Method 'is_advsvc' is deprecated since 2023.2 release (neutron-lib 3.8.0) and will be removed once support for the old RBAC API policies will be removed from Neutron. Please use method 'is_service_role' instead.
2026-06-03 01:00:13.958 9 INFO neutron.db.ovn_revision_numbers_db [None req-c08fcdf6-3dcb-43f4-98f4-926256589c03 7bff080c17054699b5e48d2f79d62079 304e52865f914657a3c30cdcf97f825c - - default default] Successfully bumped revision number for resource 94b91c9d-37fc-4f32-8157-16a77187d680 (type: security_group_rules) to 0
2026-06-03 01:00:14.006 9 INFO neutron.wsgi [None req-c08fcdf6-3dcb-43f4-98f4-926256589c03 7bff080c17054699b5e48d2f79d62079 304e52865f914657a3c30cdcf97f825c - - default default] 10.0.0.147 "POST /v2.0/security-group-rules HTTP/1.1" status: 201 len: 769 time: 0.2383943
2026-06-03 01:00:14.016 9 WARNING neutron_lib.context [None req-b234c6bc-be50-42d9-84c2-79970f4d443a 7bff080c17054699b5e48d2f79d62079 304e52865f914657a3c30cdcf97f825c - - default default] Method 'is_advsvc' is deprecated since 2023.2 release (neutron-lib 3.8.0) and will be removed once support for the old RBAC API policies will be removed from Neutron. Please use method 'is_service_role' instead.
2026-06-03 01:00:14.019 10 INFO neutron.db.ovn_revision_numbers_db [None req-bf352f2c-453a-4c5c-b334-3aa067612f32 - - - - - -] Successfully bumped revision number for resource 6bf21b2f-981d-4da8-95d8-cd74e637220f (type: ports) to 2
2026-06-03 01:00:14.154 10 INFO neutron.db.ovn_revision_numbers_db [None req-bf352f2c-453a-4c5c-b334-3aa067612f32 - - - - - -] Successfully bumped revision number for resource 6bf21b2f-981d-4da8-95d8-cd74e637220f (type: router_ports) to 2
2026-06-03 01:00:14.289 10 INFO neutron.wsgi [None req-e00648bb-ada2-4bcd-b133-a63216490110 a607a8cc56ee4a918facbb451c0e3831 16b608c7e5a0466292a36f2607bd47a5 - - default default] 10.0.0.147 "PUT /v2.0/routers/a0e6e4d0-e3af-49c8-a2e3-94e5909bfb27/remove_router_interface HTTP/1.1" status: 200 len: 503 time: 1.8239789 /var/lib/openstack/lib/python3.10/site-packages/pycadf/identifier.py:71: UserWarning: Invalid uuid: neutron. To ensure interoperability, identifiers should be a valid uuid. warnings.warn(('Invalid uuid: %s. To ensure interoperability, '
2026-06-03 01:00:14.371 9 INFO neutron.db.ovn_revision_numbers_db [None req-f5a438fe-68cf-44c5-a30d-90616c7d1504 a607a8cc56ee4a918facbb451c0e3831 16b608c7e5a0466292a36f2607bd47a5 - - default default] Successfully bumped revision number for resource fd4a94ce-df52-4fe9-9d52-1de95f11c4d4 (type: security_groups) to 1
2026-06-03 01:00:14.413 9 INFO neutron.db.ovn_revision_numbers_db [None req-f5a438fe-68cf-44c5-a30d-90616c7d1504 a607a8cc56ee4a918facbb451c0e3831 16b608c7e5a0466292a36f2607bd47a5 - - default default] Successfully bumped revision number for resource 3d53b71f-d3f6-4fdb-b493-fd025c149662 (type: security_group_rules) to 0
2026-06-03 01:00:14.459 9 INFO neutron.db.ovn_revision_numbers_db [None req-f5a438fe-68cf-44c5-a30d-90616c7d1504 a607a8cc56ee4a918facbb451c0e3831 16b608c7e5a0466292a36f2607bd47a5 - - default default] Successfully bumped revision number for resource a599b4ce-cc0b-4853-a2bd-0bcd92c60511 (type: security_group_rules) to 0
2026-06-03 01:00:14.673 9 WARNING neutron.scheduler.dhcp_agent_scheduler [None req-b234c6bc-be50-42d9-84c2-79970f4d443a 7bff080c17054699b5e48d2f79d62079 304e52865f914657a3c30cdcf97f825c - - default default] No more DHCP agents
2026-06-03 01:00:14.679 9 WARNING neutron.api.rpc.agentnotifiers.dhcp_rpc_agent_api [None req-b234c6bc-be50-42d9-84c2-79970f4d443a 7bff080c17054699b5e48d2f79d62079 304e52865f914657a3c30cdcf97f825c - - default default] Unable to schedule network 9750bfc4-d3f9-417e-855f-d6a046f2fe34: no agents available; will retry on subsequent port and subnet creation events.
2026-06-03 01:00:14.690 9 INFO neutron.db.ovn_revision_numbers_db [None req-f5a438fe-68cf-44c5-a30d-90616c7d1504 a607a8cc56ee4a918facbb451c0e3831 16b608c7e5a0466292a36f2607bd47a5 - - default default] Successfully bumped revision number for resource e621f66f-1729-4d87-a1c5-9304aba8f888 (type: security_group_rules) to 0
2026-06-03 01:00:14.756 9 INFO neutron.db.ovn_revision_numbers_db [None req-f5a438fe-68cf-44c5-a30d-90616c7d1504 a607a8cc56ee4a918facbb451c0e3831 16b608c7e5a0466292a36f2607bd47a5 - - default default] Successfully bumped revision number for resource eb9da4e6-9c53-4626-93cf-cdeb3c624249 (type: security_group_rules) to 0
2026-06-03 01:00:14.769 9 INFO neutron.wsgi [None req-e6da75e0-dc8e-4599-a085-a67d76e8964e a607a8cc56ee4a918facbb451c0e3831 16b608c7e5a0466292a36f2607bd47a5 - - default default] 10.0.0.147 "PUT /v2.0/routers/9270f0dd-4d8b-4797-a3f0-fc7fff374bab/remove_router_interface HTTP/1.1" status: 200 len: 503 time: 2.1050923 /var/lib/openstack/lib/python3.10/site-packages/pycadf/identifier.py:71: UserWarning: Invalid uuid: neutron. To ensure interoperability, identifiers should be a valid uuid. warnings.warn(('Invalid uuid: %s. To ensure interoperability, '
2026-06-03 01:00:14.798 9 INFO neutron.wsgi [None req-f5a438fe-68cf-44c5-a30d-90616c7d1504 a607a8cc56ee4a918facbb451c0e3831 16b608c7e5a0466292a36f2607bd47a5 - - default default] 10.0.0.147 "GET /v2.0/security-groups?tenant_id=961281b59d034cd1bf9b6b3b5bef166b&name=default HTTP/1.1" status: 200 len: 2996 time: 0.9341748
2026-06-03 01:00:15.088 10 INFO neutron.wsgi [None req-e51df178-5511-4621-81b1-6fe1560b47e7 a607a8cc56ee4a918facbb451c0e3831 16b608c7e5a0466292a36f2607bd47a5 - - default default] 10.0.0.147 "DELETE /v2.0/security-groups/fd4a94ce-df52-4fe9-9d52-1de95f11c4d4 HTTP/1.1" status: 204 len: 168 time: 0.2735026
2026-06-03 01:00:15.266 9 INFO neutron.db.ovn_revision_numbers_db [None req-b234c6bc-be50-42d9-84c2-79970f4d443a 7bff080c17054699b5e48d2f79d62079 304e52865f914657a3c30cdcf97f825c - - default default] Successfully bumped revision number for resource c4527c4d-8c5b-49cb-982a-bc5d276297d6 (type: floatingips) to 0
2026-06-03 01:00:15.282 9 INFO neutron.wsgi [None req-b234c6bc-be50-42d9-84c2-79970f4d443a 7bff080c17054699b5e48d2f79d62079 304e52865f914657a3c30cdcf97f825c - - default default] 10.0.0.147 "POST /v2.0/floatingips HTTP/1.1" status: 201 len: 751 time: 1.2697356
2026-06-03 01:00:15.461 10 INFO neutron.db.ovn_revision_numbers_db [None req-828e651a-88ed-46cd-8c28-b6cb28a4bf64 a607a8cc56ee4a918facbb451c0e3831 16b608c7e5a0466292a36f2607bd47a5 - - default default] Successfully bumped revision number for resource dedf033a-b95b-4dc6-9381-f6b2da9c1c17 (type: security_groups) to 1
2026-06-03 01:00:15.511 10 INFO neutron.db.ovn_revision_numbers_db [None req-828e651a-88ed-46cd-8c28-b6cb28a4bf64 a607a8cc56ee4a918facbb451c0e3831 16b608c7e5a0466292a36f2607bd47a5 - - default default] Successfully bumped revision number for resource 648c72f6-e43c-4c8d-921d-5536228d5f2f (type: security_group_rules) to 0
2026-06-03 01:00:15.528 10 INFO neutron.db.ovn_revision_numbers_db [None req-828e651a-88ed-46cd-8c28-b6cb28a4bf64 a607a8cc56ee4a918facbb451c0e3831 16b608c7e5a0466292a36f2607bd47a5 - - default default] Successfully bumped revision number for resource 73a22c94-df02-4e43-86f4-412b719b180b (type: security_group_rules) to 0
2026-06-03 01:00:15.553 10 INFO neutron.wsgi [None req-e03e50ce-d897-43cf-a849-54d7bac3fe5a a607a8cc56ee4a918facbb451c0e3831 16b608c7e5a0466292a36f2607bd47a5 - - default default] 10.0.0.147 "DELETE /v2.0/routers/a0e6e4d0-e3af-49c8-a2e3-94e5909bfb27 HTTP/1.1" status: 204 len: 168 time: 1.2564318
2026-06-03 01:00:15.554 10 INFO neutron.db.ovn_revision_numbers_db [None req-828e651a-88ed-46cd-8c28-b6cb28a4bf64 a607a8cc56ee4a918facbb451c0e3831 16b608c7e5a0466292a36f2607bd47a5 - - default default] Successfully bumped revision number for resource 8ed0418b-b635-4dcd-8698-f9fd4686e8e4 (type: security_group_rules) to 0
2026-06-03 01:00:15.572 10 INFO neutron.db.ovn_revision_numbers_db [None req-828e651a-88ed-46cd-8c28-b6cb28a4bf64 a607a8cc56ee4a918facbb451c0e3831 16b608c7e5a0466292a36f2607bd47a5 - - default default] Successfully bumped revision number for resource f0279e06-d97c-47ff-a8a6-7890fca37374 (type: security_group_rules) to 0
2026-06-03 01:00:15.598 10 INFO neutron.wsgi [None req-828e651a-88ed-46cd-8c28-b6cb28a4bf64 a607a8cc56ee4a918facbb451c0e3831 16b608c7e5a0466292a36f2607bd47a5 - - default default] 10.0.0.147 "GET /v2.0/security-groups?tenant_id=1a11927c1cf44baf8365b18940cad839&name=default HTTP/1.1" status: 200 len: 2996 time: 0.3727717
2026-06-03 01:00:15.830 10 INFO neutron.wsgi [req-266c6f0e-be8e-4b1f-bc6d-dbc0fff61902 req-3e7af579-9eca-4d90-a5a6-5e65354795ce 7bff080c17054699b5e48d2f79d62079 304e52865f914657a3c30cdcf97f825c - - default default] 10.0.0.125 "GET /v2.0/security-groups?name=tempest-securitygroup--1624044242&fields=id&tenant_id=304e52865f914657a3c30cdcf97f825c HTTP/1.1" status: 200 len: 267 time: 0.0584028
2026-06-03 01:00:15.954 10 INFO neutron.wsgi [None req-bb867960-9950-4983-9e67-56276ff2657d a607a8cc56ee4a918facbb451c0e3831 16b608c7e5a0466292a36f2607bd47a5 - - default default] 10.0.0.147 "DELETE /v2.0/security-groups/dedf033a-b95b-4dc6-9381-f6b2da9c1c17 HTTP/1.1" status: 204 len: 168 time: 0.3503881
2026-06-03 01:00:15.964 10 INFO neutron.wsgi [req-266c6f0e-be8e-4b1f-bc6d-dbc0fff61902 req-52ffc7c1-17dc-472f-89ba-b7cfe38baf82 7bff080c17054699b5e48d2f79d62079 304e52865f914657a3c30cdcf97f825c - - default default] 10.0.0.125 "GET /v2.0/networks?id=aa3aa18c-7a67-408d-ada2-2d0b491442f1 HTTP/1.1" status: 200 len: 883 time: 0.1274359
2026-06-03 01:00:15.983 10 INFO neutron.wsgi [req-266c6f0e-be8e-4b1f-bc6d-dbc0fff61902 req-30db3afb-17b5-4d6a-ad78-086ad8b2d210 7bff080c17054699b5e48d2f79d62079 304e52865f914657a3c30cdcf97f825c - - default default] 10.0.0.125 "GET /v2.0/quotas/304e52865f914657a3c30cdcf97f825c HTTP/1.1" status: 200 len: 386 time: 0.0110996
2026-06-03 01:00:16.123 10 INFO neutron.wsgi [req-266c6f0e-be8e-4b1f-bc6d-dbc0fff61902 req-4e1b3742-658a-44b6-a3a2-ab2cefed4cf5 7bff080c17054699b5e48d2f79d62079 304e52865f914657a3c30cdcf97f825c - - default default] 10.0.0.125 "GET /v2.0/ports?tenant_id=304e52865f914657a3c30cdcf97f825c&fields=id HTTP/1.1" status: 200 len: 302 time: 0.1313124
2026-06-03 01:00:16.153 9 INFO neutron.wsgi [None req-a812c954-6804-495e-b023-ac1c1b8108f3 a607a8cc56ee4a918facbb451c0e3831 16b608c7e5a0466292a36f2607bd47a5 - - default default] 10.0.0.147 "DELETE /v2.0/subnets/ba2c7c41-a76d-4a03-b5eb-83290c9b7d78 HTTP/1.1" status: 204 len: 168 time: 0.5938041
2026-06-03 01:00:16.225 9 INFO neutron.wsgi [None req-98baa5cd-f402-4036-a511-006285b3e76b a607a8cc56ee4a918facbb451c0e3831 16b608c7e5a0466292a36f2607bd47a5 - - default default] 10.0.0.147 "DELETE /v2.0/routers/9270f0dd-4d8b-4797-a3f0-fc7fff374bab HTTP/1.1" status: 204 len: 168 time: 1.4461379
2026-06-03 01:00:16.443 9 INFO neutron.wsgi [None req-6d2f3efd-c8b8-49f6-9067-e4d831278147 a607a8cc56ee4a918facbb451c0e3831 16b608c7e5a0466292a36f2607bd47a5 - - default default] 10.0.0.147 "DELETE /v2.0/subnets/82940868-d5e5-4b6c-abb3-2214c6cfc183 HTTP/1.1" status: 204 len: 168 time: 0.2135355
2026-06-03 01:00:16.664 10 INFO neutron.wsgi [req-266c6f0e-be8e-4b1f-bc6d-dbc0fff61902 req-f447ff1a-c27a-4ecc-a4e3-678021cf1fef e4f9f50b079d4b2fa968f05ba0d51db1 f1cfac412872484cb275d703c4221d42 - - 03dce30708164263aa0c6e51f940dfa2 03dce30708164263aa0c6e51f940dfa2] 10.0.0.125 "GET /v2.0/extensions HTTP/1.1" status: 200 len: 16980 time: 0.0834458
2026-06-03 01:00:16.740 10 INFO neutron.wsgi [None req-6773da46-684b-405c-8513-e8cf6c6e76c0 a607a8cc56ee4a918facbb451c0e3831 16b608c7e5a0466292a36f2607bd47a5 - - default default] 10.0.0.147 "DELETE /v2.0/networks/de284a51-c4df-4fc7-8ddf-b8941405bf78 HTTP/1.1" status: 204 len: 168 time: 0.5739727
2026-06-03 01:00:16.754 10 INFO neutron.wsgi [req-266c6f0e-be8e-4b1f-bc6d-dbc0fff61902 req-7d46fdac-6aac-4d5c-a68c-e53e1186eb18 e4f9f50b079d4b2fa968f05ba0d51db1 f1cfac412872484cb275d703c4221d42 - - 03dce30708164263aa0c6e51f940dfa2 03dce30708164263aa0c6e51f940dfa2] 10.0.0.125 "GET /v2.0/networks/aa3aa18c-7a67-408d-ada2-2d0b491442f1?fields=segments HTTP/1.1" status: 200 len: 212 time: 0.0778439
2026-06-03 01:00:16.829 10 INFO neutron.wsgi [req-266c6f0e-be8e-4b1f-bc6d-dbc0fff61902 req-d500f4f8-68ff-410c-9608-5b752b0c033c e4f9f50b079d4b2fa968f05ba0d51db1 f1cfac412872484cb275d703c4221d42 - - 03dce30708164263aa0c6e51f940dfa2 03dce30708164263aa0c6e51f940dfa2] 10.0.0.125 "GET /v2.0/networks/aa3aa18c-7a67-408d-ada2-2d0b491442f1?fields=provider%3Aphysical_network&fields=provider%3Anetwork_type HTTP/1.1" status: 200 len: 277 time: 0.0639732
2026-06-03 01:00:16.939 9 INFO neutron.wsgi [None req-0a903531-efad-4a83-9ce6-8445c47a9464 a607a8cc56ee4a918facbb451c0e3831 16b608c7e5a0466292a36f2607bd47a5 - - default default] 10.0.0.147 "DELETE /v2.0/networks/82c678c4-6a78-4bd3-b35a-c58d1e419df1 HTTP/1.1" status: 204 len: 168 time: 0.4887781
2026-06-03 01:00:16.989 10 INFO neutron.wsgi [None req-4ff49c7a-0171-4722-98b0-0178e949ae1f a607a8cc56ee4a918facbb451c0e3831 16b608c7e5a0466292a36f2607bd47a5 - - default default] 10.0.0.147 "GET /v2.0/security-groups?tenant_id=23c5a0b085164a8a877d6b5e37448316&name=default HTTP/1.1" status: 200 len: 2992 time: 0.0424356
2026-06-03 01:00:17.076 10 INFO neutron.wsgi [req-7d01467e-2663-4156-bc39-494bfa15822a req-f37e4664-1ca4-4012-ba39-b22c98aee3e2 7bff080c17054699b5e48d2f79d62079 304e52865f914657a3c30cdcf97f825c - - default default] 10.0.0.125 "GET /v2.0/ports?device_id=f28f7a3b-6f8f-4b2e-a7a2-d730ff44e297 HTTP/1.1" status: 200 len: 210 time: 0.0363345
2026-06-03 01:00:17.244 9 INFO neutron.wsgi [None req-3f513d91-38b6-46f0-b792-c35246bb0a87 a607a8cc56ee4a918facbb451c0e3831 16b608c7e5a0466292a36f2607bd47a5 - - default default] 10.0.0.147 "GET /v2.0/security-groups?tenant_id=39663869720f4b8cb7e5e275fa7c0486&name=default HTTP/1.1" status: 200 len: 2992 time: 0.0548000
2026-06-03 01:00:17.304 10 INFO neutron.wsgi [None req-b264506d-ce0b-46ea-a24b-a813b4e924b8 a607a8cc56ee4a918facbb451c0e3831 16b608c7e5a0466292a36f2607bd47a5 - - default default] 10.0.0.147 "DELETE /v2.0/security-groups/466cf57b-a7f5-4eee-9654-496dc526ee76 HTTP/1.1" status: 204 len: 168 time: 0.3102541
2026-06-03 01:00:17.441 10 INFO neutron.services.segments.plugin [-] Segment 436613c2-a647-4f9b-9656-ff786c9de2c6 resource provider aggregate not found
2026-06-03 01:00:17.529 10 INFO neutron.services.segments.plugin [-] Segment 436613c2-a647-4f9b-9656-ff786c9de2c6 resource provider aggregate not found
2026-06-03 01:00:17.538 9 INFO neutron.services.segments.plugin [-] Segment 93f39864-577e-4749-84ec-a1ca188b6b42 resource provider aggregate not found
2026-06-03 01:00:17.547 10 INFO neutron.services.segments.plugin [-] Segment 436613c2-a647-4f9b-9656-ff786c9de2c6 resource provider not found; error: Placement Client Error (4xx): {"errors": [{"status": 404, "title": "Not Found", "detail": "The resource could not be found.\n\n No resource provider with uuid 436613c2-a647-4f9b-9656-ff786c9de2c6 found for delete ", "request_id": "req-2c1c1e47-12f8-437e-998c-c2637875fd79"}]}
2026-06-03 01:00:17.562 10 INFO neutron.wsgi [None req-9cbe4959-1d96-4648-9c4a-8e7d36474336 a607a8cc56ee4a918facbb451c0e3831 16b608c7e5a0466292a36f2607bd47a5 - - default default] 10.0.0.147 "DELETE /v2.0/security-groups/16cc9879-d7ea-4085-a2d5-48fd76c58b4a HTTP/1.1" status: 204 len: 168 time: 0.3105028
2026-06-03 01:00:17.574 10 INFO neutron.services.segments.plugin [-] Segment 436613c2-a647-4f9b-9656-ff786c9de2c6 resource provider not found; error: Placement Client Error (4xx): {"errors": [{"status": 404, "title": "Not Found", "detail": "The resource could not be found.\n\n No resource provider with uuid 436613c2-a647-4f9b-9656-ff786c9de2c6 found for delete ", "request_id": "req-41147873-0093-4ddb-814b-b12a2ed19294"}]}
2026-06-03 01:00:17.585 9 INFO neutron.services.segments.plugin [-] Segment 93f39864-577e-4749-84ec-a1ca188b6b42 resource provider not found; error: Placement Client Error (4xx): {"errors": [{"status": 404, "title": "Not Found", "detail": "The resource could not be found.\n\n No resource provider with uuid 93f39864-577e-4749-84ec-a1ca188b6b42 found for delete ", "request_id": "req-fb4f71a8-de46-4146-aa88-dae255f2445f"}]}
2026-06-03 01:00:17.593 9 INFO neutron.services.segments.plugin [-] Segment 93f39864-577e-4749-84ec-a1ca188b6b42 resource provider aggregate not found
2026-06-03 01:00:17.627 9 INFO neutron.services.segments.plugin [-] Segment 93f39864-577e-4749-84ec-a1ca188b6b42 resource provider not found; error: Placement Client Error (4xx): {"errors": [{"status": 404, "title": "Not Found", "detail": "The resource could not be found.\n\n No resource provider with uuid 93f39864-577e-4749-84ec-a1ca188b6b42 found for delete ", "request_id": "req-0eee4592-7e70-4b07-af85-d7e7398bc96a"}]}
2026-06-03 01:00:18.556 10 INFO neutron.wsgi [req-87d158a3-8567-4b3d-a86f-8f1a9870ff84 req-d8edb883-1696-4a4d-b7c2-be9a10b88bda 7bff080c17054699b5e48d2f79d62079 304e52865f914657a3c30cdcf97f825c - - default default] 10.0.0.125 "GET /v2.0/ports?device_id=f28f7a3b-6f8f-4b2e-a7a2-d730ff44e297 HTTP/1.1" status: 200 len: 210 time: 0.0312183
2026-06-03 01:00:19.132 10 WARNING neutron.plugins.ml2.drivers.ovn.mech_driver.ovsdb.ovn_client [None req-bf352f2c-453a-4c5c-b334-3aa067612f32 - - - - - -] No hosting information found for port 6bf21b2f-981d-4da8-95d8-cd74e637220f: RuntimeError: No hosting information found for port 6bf21b2f-981d-4da8-95d8-cd74e637220f
2026-06-03 01:00:19.325 10 INFO neutron.wsgi [req-266c6f0e-be8e-4b1f-bc6d-dbc0fff61902 req-1458545e-d22a-44e3-aef1-ec84d9079a10 7bff080c17054699b5e48d2f79d62079 304e52865f914657a3c30cdcf97f825c - - default default] 199.204.45.229 "GET /v2.0/networks?id=aa3aa18c-7a67-408d-ada2-2d0b491442f1 HTTP/1.1" status: 200 len: 883 time: 0.3033693
2026-06-03 01:00:19.404 10 INFO neutron.wsgi [req-266c6f0e-be8e-4b1f-bc6d-dbc0fff61902 req-1b055d46-4773-40af-84d4-8c5150576c8a 7bff080c17054699b5e48d2f79d62079 304e52865f914657a3c30cdcf97f825c - - default default] 199.204.45.229 "GET /v2.0/security-groups?fields=id&fields=name&tenant_id=304e52865f914657a3c30cdcf97f825c HTTP/1.1" status: 200 len: 380 time: 0.0472620
2026-06-03 01:00:19.414 10 WARNING neutron_lib.context [req-266c6f0e-be8e-4b1f-bc6d-dbc0fff61902 req-37751a98-3092-4808-b3fe-5ed59fa0c366 7bff080c17054699b5e48d2f79d62079 304e52865f914657a3c30cdcf97f825c - - default default] Method 'is_advsvc' is deprecated since 2023.2 release (neutron-lib 3.8.0) and will be removed once support for the old RBAC API policies will be removed from Neutron. Please use method 'is_service_role' instead.
2026-06-03 01:00:19.734 10 INFO neutron.wsgi [req-7e70407f-9fe4-43ea-9bc0-d3c458ce4232 req-c5d48664-f7ce-4fab-8261-4245ee5bea37 7bff080c17054699b5e48d2f79d62079 304e52865f914657a3c30cdcf97f825c - - default default] 10.0.0.125 "GET /v2.0/ports?device_id=f28f7a3b-6f8f-4b2e-a7a2-d730ff44e297 HTTP/1.1" status: 200 len: 210 time: 0.0242739
2026-06-03 01:00:19.954 9 INFO neutron.db.ovn_revision_numbers_db [None req-c24e874e-e5f5-43b7-a569-ffb1255e13d8 a607a8cc56ee4a918facbb451c0e3831 16b608c7e5a0466292a36f2607bd47a5 - - default default] Successfully bumped revision number for resource 0f35ecba-2286-47da-b802-bd9369f382b9 (type: security_groups) to 1
2026-06-03 01:00:19.979 9 INFO neutron.db.ovn_revision_numbers_db [None req-c24e874e-e5f5-43b7-a569-ffb1255e13d8 a607a8cc56ee4a918facbb451c0e3831 16b608c7e5a0466292a36f2607bd47a5 - - default default] Successfully bumped revision number for resource 22b69202-ff22-4bda-85b4-e1f3824c908a (type: security_group_rules) to 0
2026-06-03 01:00:20.011 9 INFO neutron.db.ovn_revision_numbers_db [None req-c24e874e-e5f5-43b7-a569-ffb1255e13d8 a607a8cc56ee4a918facbb451c0e3831 16b608c7e5a0466292a36f2607bd47a5 - - default default] Successfully bumped revision number for resource 51c4faf4-d0cc-4380-ae52-e187556f4502 (type: security_group_rules) to 0
2026-06-03 01:00:20.019 9 INFO neutron.db.ovn_revision_numbers_db [None req-8854653a-e518-4b23-bae7-b42ad6721d53 a607a8cc56ee4a918facbb451c0e3831 16b608c7e5a0466292a36f2607bd47a5 - - default default] Successfully bumped revision number for resource 9efbe690-2c70-43b7-b00f-0617bd688f18 (type: security_groups) to 1
2026-06-03 01:00:20.032 9 INFO neutron.db.ovn_revision_numbers_db [None req-c24e874e-e5f5-43b7-a569-ffb1255e13d8 a607a8cc56ee4a918facbb451c0e3831 16b608c7e5a0466292a36f2607bd47a5 - - default default] Successfully bumped revision number for resource 6ab9c8b8-28b2-47ab-931e-c860b434279a (type: security_group_rules) to 0
2026-06-03 01:00:20.042 9 INFO neutron.db.ovn_revision_numbers_db [None req-8854653a-e518-4b23-bae7-b42ad6721d53 a607a8cc56ee4a918facbb451c0e3831 16b608c7e5a0466292a36f2607bd47a5 - - default default] Successfully bumped revision number for resource 1dab170d-caa4-4c91-a4ae-34efec505202 (type: security_group_rules) to 0
2026-06-03 01:00:20.060 9 INFO neutron.db.ovn_revision_numbers_db [None req-c24e874e-e5f5-43b7-a569-ffb1255e13d8 a607a8cc56ee4a918facbb451c0e3831 16b608c7e5a0466292a36f2607bd47a5 - - default default] Successfully bumped revision number for resource 7486200f-1f50-46de-b612-2a1a0e9d4813 (type: security_group_rules) to 0
2026-06-03 01:00:20.064 9 INFO neutron.db.ovn_revision_numbers_db [None req-8854653a-e518-4b23-bae7-b42ad6721d53 a607a8cc56ee4a918facbb451c0e3831 16b608c7e5a0466292a36f2607bd47a5 - - default default] Successfully bumped revision number for resource 7d8ff735-f9f8-46c2-8ee2-790499b7c1d3 (type: security_group_rules) to 0
2026-06-03 01:00:20.091 9 INFO neutron.db.ovn_revision_numbers_db [None req-8854653a-e518-4b23-bae7-b42ad6721d53 a607a8cc56ee4a918facbb451c0e3831 16b608c7e5a0466292a36f2607bd47a5 - - default default] Successfully bumped revision number for resource bcc4830d-17af-4d75-8316-704c7a9d50b8 (type: security_group_rules) to 0
2026-06-03 01:00:20.107 9 INFO neutron.db.ovn_revision_numbers_db [None req-8854653a-e518-4b23-bae7-b42ad6721d53 a607a8cc56ee4a918facbb451c0e3831 16b608c7e5a0466292a36f2607bd47a5 - - default default] Successfully bumped revision number for resource d7917132-2b6e-4884-a98a-18c5a33c69ab (type: security_group_rules) to 0
2026-06-03 01:00:20.129 9 INFO neutron.db.segments_db [None req-c24e874e-e5f5-43b7-a569-ffb1255e13d8 a607a8cc56ee4a918facbb451c0e3831 16b608c7e5a0466292a36f2607bd47a5 - - default default] Added segment b4a87af9-cfaa-4dfe-a71a-f36797c8fd5b of type geneve for network 7237910f-81f6-41ab-bb76-5d85656f9da4
2026-06-03 01:00:20.133 10 WARNING neutron.scheduler.dhcp_agent_scheduler [req-266c6f0e-be8e-4b1f-bc6d-dbc0fff61902 req-37751a98-3092-4808-b3fe-5ed59fa0c366 7bff080c17054699b5e48d2f79d62079 304e52865f914657a3c30cdcf97f825c - - default default] No more DHCP agents
2026-06-03 01:00:20.135 10 WARNING neutron.api.rpc.agentnotifiers.dhcp_rpc_agent_api [req-266c6f0e-be8e-4b1f-bc6d-dbc0fff61902 req-37751a98-3092-4808-b3fe-5ed59fa0c366 7bff080c17054699b5e48d2f79d62079 304e52865f914657a3c30cdcf97f825c - - default default] Unable to schedule network aa3aa18c-7a67-408d-ada2-2d0b491442f1: no agents available; will retry on subsequent port and subnet creation events.
2026-06-03 01:00:20.196 9 INFO neutron.db.segments_db [None req-8854653a-e518-4b23-bae7-b42ad6721d53 a607a8cc56ee4a918facbb451c0e3831 16b608c7e5a0466292a36f2607bd47a5 - - default default] Added segment 542d9a3d-e535-4d0b-8a46-f95dc5f4d18d of type geneve for network 290a65a3-e1a1-4758-83e5-5dbf3b38043b
2026-06-03 01:00:20.365 10 INFO neutron.db.ovn_revision_numbers_db [req-266c6f0e-be8e-4b1f-bc6d-dbc0fff61902 req-37751a98-3092-4808-b3fe-5ed59fa0c366 7bff080c17054699b5e48d2f79d62079 304e52865f914657a3c30cdcf97f825c - - default default] Successfully bumped revision number for resource 46002350-f1e5-4a10-b0b4-6d56c5cc14e1 (type: ports) to 1
