2026-06-03 01:05:33.198 10 INFO neutron.api.v2.resource [None req-74a3e7a2-ca95-46b5-bb78-7d82e8cf768e a607a8cc56ee4a918facbb451c0e3831 16b608c7e5a0466292a36f2607bd47a5 - - default default] show failed (client error): The resource could not be found.
2026-06-03 01:05:33.199 10 INFO neutron.wsgi [None req-74a3e7a2-ca95-46b5-bb78-7d82e8cf768e a607a8cc56ee4a918facbb451c0e3831 16b608c7e5a0466292a36f2607bd47a5 - - default default] 199.204.45.229 "GET /v2.0/security-groups/lb-b5fdae0e-8b1f-4b26-8be1-d7e1517936c9 HTTP/1.1" status: 404 len: 355 time: 0.0141394
2026-06-03 01:05:33.244 10 INFO neutron.wsgi [None req-d725390d-0e6d-4c86-8c2b-162507a75e94 a607a8cc56ee4a918facbb451c0e3831 16b608c7e5a0466292a36f2607bd47a5 - - default default] 199.204.45.229 "GET /v2.0/security-groups?name=lb-b5fdae0e-8b1f-4b26-8be1-d7e1517936c9 HTTP/1.1" status: 200 len: 1775 time: 0.0408587
2026-06-03 01:05:33.292 10 INFO neutron.wsgi [None req-501d4b77-fd2e-4759-b623-ad93a9a09955 a607a8cc56ee4a918facbb451c0e3831 16b608c7e5a0466292a36f2607bd47a5 - - default default] 199.204.45.229 "GET /v2.0/ports/5754547d-bee2-4fe4-969b-f1d265f9a698 HTTP/1.1" status: 200 len: 1332 time: 0.0387375
2026-06-03 01:05:33.684 10 INFO neutron.db.ovn_revision_numbers_db [None req-1c8ec2f4-10c4-40b9-83c0-a621508d76ef a607a8cc56ee4a918facbb451c0e3831 16b608c7e5a0466292a36f2607bd47a5 - - default default] Successfully bumped revision number for resource 5754547d-bee2-4fe4-969b-f1d265f9a698 (type: ports) to 9
2026-06-03 01:05:33.705 10 INFO neutron.wsgi [None req-1c8ec2f4-10c4-40b9-83c0-a621508d76ef a607a8cc56ee4a918facbb451c0e3831 16b608c7e5a0466292a36f2607bd47a5 - - default default] 199.204.45.229 "PUT /v2.0/ports/5754547d-bee2-4fe4-969b-f1d265f9a698 HTTP/1.1" status: 200 len: 1294 time: 0.4035280
2026-06-03 01:05:33.846 10 INFO neutron.wsgi [None req-bbfc4cf5-1f07-4eda-843b-0868426894df a607a8cc56ee4a918facbb451c0e3831 16b608c7e5a0466292a36f2607bd47a5 - - default default] 199.204.45.229 "DELETE /v2.0/security-groups/7feaea03-acc5-45bc-980a-faa3c45c8a26 HTTP/1.1" status: 204 len: 173 time: 0.1330373
2026-06-03 01:05:34.218 10 INFO neutron.wsgi [None req-b8b86bc4-83f1-49a1-8268-54c0819501b8 a607a8cc56ee4a918facbb451c0e3831 16b608c7e5a0466292a36f2607bd47a5 - - default default] 199.204.45.229 "DELETE /v2.0/ports/5754547d-bee2-4fe4-969b-f1d265f9a698 HTTP/1.1" status: 204 len: 173 time: 0.3642085
2026-06-03 01:05:34.580 9 INFO neutron.plugins.ml2.drivers.ovn.mech_driver.mech_driver [None req-2eeaa632-5493-44e3-a71c-72f4eb284b18 - - - - - -] OVN reports status down for port: 4fc03d14-a361-48e2-a4dd-93f17c24ce16
2026-06-03 01:05:34.871 10 INFO neutron.wsgi [req-616249d9-c39b-41e3-b6ee-9bb9639ac6bf req-14b5ae66-f441-4313-83c9-4e8e2d48c597 a607a8cc56ee4a918facbb451c0e3831 16b608c7e5a0466292a36f2607bd47a5 - - default default] 199.204.45.229 "GET /v2.0/ports?device_id=9ea65fcb-2b95-4404-ac4d-4c6af000999a HTTP/1.1" status: 200 len: 1415 time: 0.0406141
2026-06-03 01:05:34.906 9 INFO neutron.db.ovn_revision_numbers_db [None req-2eeaa632-5493-44e3-a71c-72f4eb284b18 - - - - - -] Successfully bumped revision number for resource 4fc03d14-a361-48e2-a4dd-93f17c24ce16 (type: ports) to 5
2026-06-03 01:05:34.945 9 INFO neutron.notifiers.nova [-] Nova event matching ['req-eb8fb963-e193-4211-a889-7de17e7cd4e0'] response: {'server_uuid': '9ea65fcb-2b95-4404-ac4d-4c6af000999a', 'name': 'network-vif-unplugged', 'status': 'completed', 'tag': '4fc03d14-a361-48e2-a4dd-93f17c24ce16', 'code': 200}
2026-06-03 01:05:35.196 10 INFO neutron.wsgi [req-616249d9-c39b-41e3-b6ee-9bb9639ac6bf req-db332297-e756-4251-85e2-e5459a4e1a1b a607a8cc56ee4a918facbb451c0e3831 16b608c7e5a0466292a36f2607bd47a5 - - default default] 199.204.45.229 "DELETE /v2.0/ports/4fc03d14-a361-48e2-a4dd-93f17c24ce16 HTTP/1.1" status: 204 len: 173 time: 0.3186984
2026-06-03 01:05:35.247 10 INFO neutron.notifiers.nova [-] Nova event matching ['req-5be90ffc-b327-4a31-b4bc-2a8d228ab35c'] response: {'server_uuid': '9ea65fcb-2b95-4404-ac4d-4c6af000999a', 'name': 'network-vif-deleted', 'tag': '4fc03d14-a361-48e2-a4dd-93f17c24ce16', 'status': 'completed', 'code': 200} /var/lib/openstack/lib/python3.10/site-packages/pycadf/identifier.py:71: UserWarning: Invalid uuid: neutron. To ensure interoperability, identifiers should be a valid uuid. warnings.warn(('Invalid uuid: %s. To ensure interoperability, '
2026-06-03 01:05:36.212 9 WARNING neutron_lib.context [None req-eae07730-c62f-4534-a0fb-defb247f5653 7beed5ac743540feb29e9b22375908fb 900fb99e58294ac0b8e8ebfb3b3c9cef - - default default] Method 'is_advsvc' is deprecated since 2023.2 release (neutron-lib 3.8.0) and will be removed once support for the old RBAC API policies will be removed from Neutron. Please use method 'is_service_role' instead.
2026-06-03 01:05:36.364 9 INFO neutron.db.ovn_revision_numbers_db [None req-eae07730-c62f-4534-a0fb-defb247f5653 7beed5ac743540feb29e9b22375908fb 900fb99e58294ac0b8e8ebfb3b3c9cef - - default default] Successfully bumped revision number for resource acee092b-1fe6-4640-a9d7-6f3a6a5f20c6 (type: security_groups) to 1
2026-06-03 01:05:36.384 9 INFO neutron.db.ovn_revision_numbers_db [None req-eae07730-c62f-4534-a0fb-defb247f5653 7beed5ac743540feb29e9b22375908fb 900fb99e58294ac0b8e8ebfb3b3c9cef - - default default] Successfully bumped revision number for resource 282b7265-a3b3-4b4f-ad4c-35b65a885428 (type: security_group_rules) to 0
2026-06-03 01:05:36.401 9 INFO neutron.db.ovn_revision_numbers_db [None req-eae07730-c62f-4534-a0fb-defb247f5653 7beed5ac743540feb29e9b22375908fb 900fb99e58294ac0b8e8ebfb3b3c9cef - - default default] Successfully bumped revision number for resource 30e0b750-a8cd-415d-97f1-333012ad971f (type: security_group_rules) to 0
2026-06-03 01:05:36.426 9 INFO neutron.db.ovn_revision_numbers_db [None req-eae07730-c62f-4534-a0fb-defb247f5653 7beed5ac743540feb29e9b22375908fb 900fb99e58294ac0b8e8ebfb3b3c9cef - - default default] Successfully bumped revision number for resource 8c0f7d9f-4642-489c-aea7-5ecd82e2139e (type: security_group_rules) to 0
2026-06-03 01:05:36.443 9 INFO neutron.db.ovn_revision_numbers_db [None req-eae07730-c62f-4534-a0fb-defb247f5653 7beed5ac743540feb29e9b22375908fb 900fb99e58294ac0b8e8ebfb3b3c9cef - - default default] Successfully bumped revision number for resource a159ae54-ecb0-40f0-92d1-93ff15163217 (type: security_group_rules) to 0
2026-06-03 01:05:36.497 9 INFO neutron.db.segments_db [None req-eae07730-c62f-4534-a0fb-defb247f5653 7beed5ac743540feb29e9b22375908fb 900fb99e58294ac0b8e8ebfb3b3c9cef - - default default] Added segment 392ec0d2-6f62-4113-a26f-d6df3cf99a30 of type geneve for network 6f6ab72f-a451-47f5-b59b-f34b82b87396
2026-06-03 01:05:36.660 9 INFO neutron.db.ovn_revision_numbers_db [None req-eae07730-c62f-4534-a0fb-defb247f5653 7beed5ac743540feb29e9b22375908fb 900fb99e58294ac0b8e8ebfb3b3c9cef - - default default] Successfully bumped revision number for resource 6f6ab72f-a451-47f5-b59b-f34b82b87396 (type: networks) to 1
2026-06-03 01:05:36.877 9 WARNING neutron.scheduler.dhcp_agent_scheduler [None req-eae07730-c62f-4534-a0fb-defb247f5653 7beed5ac743540feb29e9b22375908fb 900fb99e58294ac0b8e8ebfb3b3c9cef - - default default] No more DHCP agents
2026-06-03 01:05:36.878 9 WARNING neutron.api.rpc.agentnotifiers.dhcp_rpc_agent_api [None req-eae07730-c62f-4534-a0fb-defb247f5653 7beed5ac743540feb29e9b22375908fb 900fb99e58294ac0b8e8ebfb3b3c9cef - - default default] Unable to schedule network 6f6ab72f-a451-47f5-b59b-f34b82b87396: no agents available; will retry on subsequent port and subnet creation events.
2026-06-03 01:05:36.979 9 INFO neutron.notifiers.nova [-] Nova event matching ['req-8a525f16-5326-4191-a707-c48b6b3a25e3'] response: {'server_uuid': '9ea65fcb-2b95-4404-ac4d-4c6af000999a', 'name': 'network-vif-plugged', 'status': 'completed', 'tag': '4fc03d14-a361-48e2-a4dd-93f17c24ce16', 'code': 200}
2026-06-03 01:05:36.986 9 INFO neutron.db.ovn_revision_numbers_db [None req-eae07730-c62f-4534-a0fb-defb247f5653 7beed5ac743540feb29e9b22375908fb 900fb99e58294ac0b8e8ebfb3b3c9cef - - default default] Successfully bumped revision number for resource 589fb7e4-cb2e-4dbf-98ac-b74c0319a2c1 (type: ports) to 1
2026-06-03 01:05:37.014 9 INFO neutron.wsgi [None req-eae07730-c62f-4534-a0fb-defb247f5653 7beed5ac743540feb29e9b22375908fb 900fb99e58294ac0b8e8ebfb3b3c9cef - - default default] 10.0.0.147 "POST /v2.0/networks HTTP/1.1" status: 201 len: 831 time: 1.0034146
2026-06-03 01:05:37.026 9 WARNING neutron_lib.context [None req-63f2c2d6-832c-470e-83ae-977cd8133f2c 7beed5ac743540feb29e9b22375908fb 900fb99e58294ac0b8e8ebfb3b3c9cef - - default default] Method 'is_advsvc' is deprecated since 2023.2 release (neutron-lib 3.8.0) and will be removed once support for the old RBAC API policies will be removed from Neutron. Please use method 'is_service_role' instead.
2026-06-03 01:05:37.117 9 INFO neutron.db.segments_db [None req-63f2c2d6-832c-470e-83ae-977cd8133f2c 7beed5ac743540feb29e9b22375908fb 900fb99e58294ac0b8e8ebfb3b3c9cef - - default default] Added segment 9fbd8b60-d21c-45bf-81d5-8fc2b7308fb2 of type geneve for network 7bb6b6f1-e1c3-4fa4-b5a3-83c0fe549912
2026-06-03 01:05:37.301 9 INFO neutron.db.ovn_revision_numbers_db [None req-63f2c2d6-832c-470e-83ae-977cd8133f2c 7beed5ac743540feb29e9b22375908fb 900fb99e58294ac0b8e8ebfb3b3c9cef - - default default] Successfully bumped revision number for resource 7bb6b6f1-e1c3-4fa4-b5a3-83c0fe549912 (type: networks) to 1
2026-06-03 01:05:37.512 9 WARNING neutron.scheduler.dhcp_agent_scheduler [None req-63f2c2d6-832c-470e-83ae-977cd8133f2c 7beed5ac743540feb29e9b22375908fb 900fb99e58294ac0b8e8ebfb3b3c9cef - - default default] No more DHCP agents
2026-06-03 01:05:37.514 9 WARNING neutron.api.rpc.agentnotifiers.dhcp_rpc_agent_api [None req-63f2c2d6-832c-470e-83ae-977cd8133f2c 7beed5ac743540feb29e9b22375908fb 900fb99e58294ac0b8e8ebfb3b3c9cef - - default default] Unable to schedule network 7bb6b6f1-e1c3-4fa4-b5a3-83c0fe549912: no agents available; will retry on subsequent port and subnet creation events.
2026-06-03 01:05:37.592 9 INFO neutron.db.ovn_revision_numbers_db [None req-63f2c2d6-832c-470e-83ae-977cd8133f2c 7beed5ac743540feb29e9b22375908fb 900fb99e58294ac0b8e8ebfb3b3c9cef - - default default] Successfully bumped revision number for resource a9c79b29-987f-44d4-9462-92eb7c4b74a0 (type: ports) to 1
2026-06-03 01:05:37.617 9 INFO neutron.wsgi [None req-63f2c2d6-832c-470e-83ae-977cd8133f2c 7beed5ac743540feb29e9b22375908fb 900fb99e58294ac0b8e8ebfb3b3c9cef - - default default] 10.0.0.147 "POST /v2.0/networks HTTP/1.1" status: 201 len: 831 time: 0.5963604
2026-06-03 01:05:37.627 9 WARNING neutron_lib.context [None req-222f1812-ca3a-4212-a92a-1e860849159e 7beed5ac743540feb29e9b22375908fb 900fb99e58294ac0b8e8ebfb3b3c9cef - - default default] Method 'is_advsvc' is deprecated since 2023.2 release (neutron-lib 3.8.0) and will be removed once support for the old RBAC API policies will be removed from Neutron. Please use method 'is_service_role' instead.
2026-06-03 01:05:38.083 9 INFO neutron.db.segments_db [None req-222f1812-ca3a-4212-a92a-1e860849159e 7beed5ac743540feb29e9b22375908fb 900fb99e58294ac0b8e8ebfb3b3c9cef - - default default] Added segment f2261cc1-c349-4ae8-bf57-8c3220d7fc09 of type geneve for network 4cad1ed7-3313-4f89-9cf8-5431ade9baa0
2026-06-03 01:05:38.270 10 INFO neutron.db.l3_db [None req-e6079463-3b8b-46a1-a91e-3058918a8628 a4e26a8eccc84c0e99b9714950b6853e fba0f68591344b598979f4d03399f3c5 - - default default] Floating IP 1d104fc5-cd71-42e6-9858-9981d3205021 disassociated (deleted). External IP: 10.96.250.218, port: 61731b0f-c6d6-4e4f-aafe-deae4c415580.
2026-06-03 01:05:38.306 10 INFO neutron.wsgi [None req-e6079463-3b8b-46a1-a91e-3058918a8628 a4e26a8eccc84c0e99b9714950b6853e fba0f68591344b598979f4d03399f3c5 - - default default] 10.0.0.147 "DELETE /v2.0/floatingips/1d104fc5-cd71-42e6-9858-9981d3205021 HTTP/1.1" status: 204 len: 168 time: 0.4667232 /var/lib/openstack/lib/python3.10/site-packages/pycadf/identifier.py:71: UserWarning: Invalid uuid: neutron. To ensure interoperability, identifiers should be a valid uuid. warnings.warn(('Invalid uuid: %s. To ensure interoperability, '
2026-06-03 01:05:38.328 9 INFO neutron.db.ovn_revision_numbers_db [None req-222f1812-ca3a-4212-a92a-1e860849159e 7beed5ac743540feb29e9b22375908fb 900fb99e58294ac0b8e8ebfb3b3c9cef - - default default] Successfully bumped revision number for resource 4cad1ed7-3313-4f89-9cf8-5431ade9baa0 (type: networks) to 1
2026-06-03 01:05:38.358 10 INFO neutron.notifiers.nova [-] Nova event matching ['req-c20d3ab8-49c5-42b2-8a13-0dd7f03e152f'] response: {'name': 'network-changed', 'server_uuid': '5196310e-d74f-4a67-85a5-632cde24f3f1', 'tag': '61731b0f-c6d6-4e4f-aafe-deae4c415580', 'status': 'completed', 'code': 200}
2026-06-03 01:05:38.358 9 INFO neutron.api.v2.resource [None req-57ab9dd3-89ff-4ccd-a452-c71208d0d705 a4e26a8eccc84c0e99b9714950b6853e fba0f68591344b598979f4d03399f3c5 - - default default] show failed (client error): The resource could not be found.
2026-06-03 01:05:38.360 9 INFO neutron.wsgi [None req-57ab9dd3-89ff-4ccd-a452-c71208d0d705 a4e26a8eccc84c0e99b9714950b6853e fba0f68591344b598979f4d03399f3c5 - - default default] 10.0.0.147 "GET /v2.0/floatingips/1d104fc5-cd71-42e6-9858-9981d3205021 HTTP/1.1" status: 404 len: 345 time: 0.0441525
2026-06-03 01:05:38.449 10 INFO neutron.wsgi [req-971084a7-e42e-4c76-b45e-135f495bbd8b req-d898d9bc-a334-46c8-b7b4-ef71b6520e98 e4f9f50b079d4b2fa968f05ba0d51db1 f1cfac412872484cb275d703c4221d42 - - 03dce30708164263aa0c6e51f940dfa2 03dce30708164263aa0c6e51f940dfa2] 199.204.45.229 "GET /v2.0/ports?tenant_id=fba0f68591344b598979f4d03399f3c5&device_id=5196310e-d74f-4a67-85a5-632cde24f3f1 HTTP/1.1" status: 200 len: 1642 time: 0.0536616
2026-06-03 01:05:38.564 10 INFO neutron.wsgi [req-971084a7-e42e-4c76-b45e-135f495bbd8b req-2eb4a267-7f17-4c89-8492-3669d84cdeb2 e4f9f50b079d4b2fa968f05ba0d51db1 f1cfac412872484cb275d703c4221d42 - - 03dce30708164263aa0c6e51f940dfa2 03dce30708164263aa0c6e51f940dfa2] 199.204.45.229 "GET /v2.0/networks?id=30446712-b575-455f-b856-89a97031c87b HTTP/1.1" status: 200 len: 1001 time: 0.1049209
2026-06-03 01:05:38.584 9 WARNING neutron.scheduler.dhcp_agent_scheduler [None req-222f1812-ca3a-4212-a92a-1e860849159e 7beed5ac743540feb29e9b22375908fb 900fb99e58294ac0b8e8ebfb3b3c9cef - - default default] No more DHCP agents
2026-06-03 01:05:38.591 9 WARNING neutron.api.rpc.agentnotifiers.dhcp_rpc_agent_api [None req-222f1812-ca3a-4212-a92a-1e860849159e 7beed5ac743540feb29e9b22375908fb 900fb99e58294ac0b8e8ebfb3b3c9cef - - default default] Unable to schedule network 4cad1ed7-3313-4f89-9cf8-5431ade9baa0: no agents available; will retry on subsequent port and subnet creation events.
2026-06-03 01:05:38.594 10 INFO neutron.wsgi [req-971084a7-e42e-4c76-b45e-135f495bbd8b req-83e03c91-634d-4c7c-a951-ee4a502dcd5b e4f9f50b079d4b2fa968f05ba0d51db1 f1cfac412872484cb275d703c4221d42 - - 03dce30708164263aa0c6e51f940dfa2 03dce30708164263aa0c6e51f940dfa2] 199.204.45.229 "GET /v2.0/floatingips?fixed_ip_address=10.2.2.188&port_id=61731b0f-c6d6-4e4f-aafe-deae4c415580 HTTP/1.1" status: 200 len: 217 time: 0.0220850
2026-06-03 01:05:38.624 10 INFO neutron.wsgi [req-971084a7-e42e-4c76-b45e-135f495bbd8b req-ed86a3ff-95de-4f70-9abb-1bcf3645ea05 e4f9f50b079d4b2fa968f05ba0d51db1 f1cfac412872484cb275d703c4221d42 - - 03dce30708164263aa0c6e51f940dfa2 03dce30708164263aa0c6e51f940dfa2] 199.204.45.229 "GET /v2.0/floatingips?fixed_ip_address=fd77%3A1457%3A4cf0%3A26a8%3A%3A23a&port_id=61731b0f-c6d6-4e4f-aafe-deae4c415580 HTTP/1.1" status: 200 len: 217 time: 0.0234919
2026-06-03 01:05:38.657 10 INFO neutron.plugins.ml2.drivers.ovn.mech_driver.mech_driver [None req-bf352f2c-453a-4c5c-b334-3aa067612f32 - - - - - -] OVN reports status down for port: 61731b0f-c6d6-4e4f-aafe-deae4c415580
2026-06-03 01:05:38.717 9 INFO neutron.db.ovn_revision_numbers_db [None req-222f1812-ca3a-4212-a92a-1e860849159e 7beed5ac743540feb29e9b22375908fb 900fb99e58294ac0b8e8ebfb3b3c9cef - - default default] Successfully bumped revision number for resource b0a26a40-4142-447c-8530-e54f2dc6bc85 (type: ports) to 1
2026-06-03 01:05:38.721 10 INFO neutron.wsgi [req-971084a7-e42e-4c76-b45e-135f495bbd8b req-9b4031c6-ea52-4eaa-9668-260be7dcec67 e4f9f50b079d4b2fa968f05ba0d51db1 f1cfac412872484cb275d703c4221d42 - - 03dce30708164263aa0c6e51f940dfa2 03dce30708164263aa0c6e51f940dfa2] 199.204.45.229 "GET /v2.0/subnets?id=09ff1623-a1a9-4019-855b-f193fac49bd3&id=a7f118d7-ca71-4467-90e5-94936060ebb0 HTTP/1.1" status: 200 len: 1566 time: 0.0838027
2026-06-03 01:05:38.745 9 INFO neutron.wsgi [None req-222f1812-ca3a-4212-a92a-1e860849159e 7beed5ac743540feb29e9b22375908fb 900fb99e58294ac0b8e8ebfb3b3c9cef - - default default] 10.0.0.147 "POST /v2.0/networks HTTP/1.1" status: 201 len: 831 time: 1.1225252
2026-06-03 01:05:38.754 10 INFO neutron.wsgi [req-971084a7-e42e-4c76-b45e-135f495bbd8b req-b0bce796-7068-4013-97bb-6c077799b289 e4f9f50b079d4b2fa968f05ba0d51db1 f1cfac412872484cb275d703c4221d42 - - 03dce30708164263aa0c6e51f940dfa2 03dce30708164263aa0c6e51f940dfa2] 199.204.45.229 "GET /v2.0/ports?network_id=30446712-b575-455f-b856-89a97031c87b&device_owner=network%3Adhcp HTTP/1.1" status: 200 len: 210 time: 0.0247564
2026-06-03 01:05:38.758 9 WARNING neutron_lib.context [None req-f30d0adb-7694-4968-8474-1f5e46da3c36 7beed5ac743540feb29e9b22375908fb 900fb99e58294ac0b8e8ebfb3b3c9cef - - default default] Method 'is_advsvc' is deprecated since 2023.2 release (neutron-lib 3.8.0) and will be removed once support for the old RBAC API policies will be removed from Neutron. Please use method 'is_service_role' instead.
2026-06-03 01:05:38.783 10 INFO neutron.wsgi [req-971084a7-e42e-4c76-b45e-135f495bbd8b req-d4b57988-2fd1-451c-9e05-db6fbb85f76f e4f9f50b079d4b2fa968f05ba0d51db1 f1cfac412872484cb275d703c4221d42 - - 03dce30708164263aa0c6e51f940dfa2 03dce30708164263aa0c6e51f940dfa2] 199.204.45.229 "GET /v2.0/ports?network_id=30446712-b575-455f-b856-89a97031c87b&device_owner=network%3Adhcp HTTP/1.1" status: 200 len: 210 time: 0.0220680
2026-06-03 01:05:38.794 10 INFO neutron.wsgi [req-aa27e734-780e-4101-8371-da5419df923c req-f24f60eb-fb24-43cd-a9c0-364623d9ae2d a4e26a8eccc84c0e99b9714950b6853e fba0f68591344b598979f4d03399f3c5 - - default default] 10.0.0.125 "GET /v2.0/ports?device_id=5196310e-d74f-4a67-85a5-632cde24f3f1 HTTP/1.1" status: 200 len: 1404 time: 0.1689153
2026-06-03 01:05:38.858 9 INFO neutron.db.segments_db [None req-f30d0adb-7694-4968-8474-1f5e46da3c36 7beed5ac743540feb29e9b22375908fb 900fb99e58294ac0b8e8ebfb3b3c9cef - - default default] Added segment b9be17a1-63ac-4947-9c33-eca91995b132 of type geneve for network 1e720b04-cb04-487f-a65c-7a4f2e2d4737
2026-06-03 01:05:38.869 10 INFO neutron.wsgi [req-aa27e734-780e-4101-8371-da5419df923c req-a809ce0d-397a-425e-9ff6-c3e88bbdb164 a4e26a8eccc84c0e99b9714950b6853e fba0f68591344b598979f4d03399f3c5 - - default default] 10.0.0.125 "GET /v2.0/security-groups?id=b6ffc89a-69d9-4e03-be51-10b4b4a522f1&fields=id&fields=name HTTP/1.1" status: 200 len: 311 time: 0.0680032
2026-06-03 01:05:38.898 10 INFO neutron.wsgi [req-971084a7-e42e-4c76-b45e-135f495bbd8b req-283d31b5-46c3-4f33-a87b-a1179650ea09 e4f9f50b079d4b2fa968f05ba0d51db1 f1cfac412872484cb275d703c4221d42 - - 03dce30708164263aa0c6e51f940dfa2 03dce30708164263aa0c6e51f940dfa2] 199.204.45.229 "GET /v2.0/networks/30446712-b575-455f-b856-89a97031c87b?fields=segments HTTP/1.1" status: 200 len: 212 time: 0.1084168
2026-06-03 01:05:38.979 10 INFO neutron.wsgi [req-7bd033d7-601c-4a73-ac68-5fc5331e9b00 req-fba270b1-2b77-4435-9a0c-d7ff46db0977 a4e26a8eccc84c0e99b9714950b6853e fba0f68591344b598979f4d03399f3c5 - - default default] 199.204.45.229 "GET /v2.0/ports?device_id=5196310e-d74f-4a67-85a5-632cde24f3f1 HTTP/1.1" status: 200 len: 1402 time: 0.0476935
2026-06-03 01:05:39.021 10 INFO neutron.wsgi [req-971084a7-e42e-4c76-b45e-135f495bbd8b req-c413da27-cd31-4625-a094-531da671db39 e4f9f50b079d4b2fa968f05ba0d51db1 f1cfac412872484cb275d703c4221d42 - - 03dce30708164263aa0c6e51f940dfa2 03dce30708164263aa0c6e51f940dfa2] 199.204.45.229 "GET /v2.0/networks/30446712-b575-455f-b856-89a97031c87b?fields=provider%3Aphysical_network&fields=provider%3Anetwork_type HTTP/1.1" status: 200 len: 277 time: 0.1142883
2026-06-03 01:05:39.054 9 INFO neutron.db.ovn_revision_numbers_db [None req-f30d0adb-7694-4968-8474-1f5e46da3c36 7beed5ac743540feb29e9b22375908fb 900fb99e58294ac0b8e8ebfb3b3c9cef - - default default] Successfully bumped revision number for resource 1e720b04-cb04-487f-a65c-7a4f2e2d4737 (type: networks) to 1
2026-06-03 01:05:39.152 10 INFO neutron.db.ovn_revision_numbers_db [None req-bf352f2c-453a-4c5c-b334-3aa067612f32 - - - - - -] Successfully bumped revision number for resource 61731b0f-c6d6-4e4f-aafe-deae4c415580 (type: ports) to 5
2026-06-03 01:05:39.308 9 WARNING neutron.scheduler.dhcp_agent_scheduler [None req-f30d0adb-7694-4968-8474-1f5e46da3c36 7beed5ac743540feb29e9b22375908fb 900fb99e58294ac0b8e8ebfb3b3c9cef - - default default] No more DHCP agents
2026-06-03 01:05:39.311 9 WARNING neutron.api.rpc.agentnotifiers.dhcp_rpc_agent_api [None req-f30d0adb-7694-4968-8474-1f5e46da3c36 7beed5ac743540feb29e9b22375908fb 900fb99e58294ac0b8e8ebfb3b3c9cef - - default default] Unable to schedule network 1e720b04-cb04-487f-a65c-7a4f2e2d4737: no agents available; will retry on subsequent port and subnet creation events.
2026-06-03 01:05:39.359 10 INFO neutron.wsgi [req-7bd033d7-601c-4a73-ac68-5fc5331e9b00 req-0079f194-94b1-404d-aea7-5d9672dc95cd a4e26a8eccc84c0e99b9714950b6853e fba0f68591344b598979f4d03399f3c5 - - default default] 199.204.45.229 "DELETE /v2.0/ports/61731b0f-c6d6-4e4f-aafe-deae4c415580 HTTP/1.1" status: 204 len: 173 time: 0.3737886
2026-06-03 01:05:39.424 9 INFO neutron.db.ovn_revision_numbers_db [None req-f30d0adb-7694-4968-8474-1f5e46da3c36 7beed5ac743540feb29e9b22375908fb 900fb99e58294ac0b8e8ebfb3b3c9cef - - default default] Successfully bumped revision number for resource 422ee14b-c5d2-4fd9-b719-283b058bcb33 (type: ports) to 1
2026-06-03 01:05:39.451 9 INFO neutron.wsgi [None req-f30d0adb-7694-4968-8474-1f5e46da3c36 7beed5ac743540feb29e9b22375908fb 900fb99e58294ac0b8e8ebfb3b3c9cef - - default default] 10.0.0.147 "POST /v2.0/networks HTTP/1.1" status: 201 len: 831 time: 0.6986840
2026-06-03 01:05:39.463 9 WARNING neutron_lib.context [None req-f9495258-b1be-4aee-af9b-60980b18f306 7beed5ac743540feb29e9b22375908fb 900fb99e58294ac0b8e8ebfb3b3c9cef - - default default] Method 'is_advsvc' is deprecated since 2023.2 release (neutron-lib 3.8.0) and will be removed once support for the old RBAC API policies will be removed from Neutron. Please use method 'is_service_role' instead.
2026-06-03 01:05:39.547 9 INFO neutron.db.segments_db [None req-f9495258-b1be-4aee-af9b-60980b18f306 7beed5ac743540feb29e9b22375908fb 900fb99e58294ac0b8e8ebfb3b3c9cef - - default default] Added segment 6c399d9c-1154-40b8-a33e-dac4ca4759b9 of type geneve for network e018802e-a0c8-4153-bdcf-1e70a11b5940
2026-06-03 01:05:39.707 9 INFO neutron.db.ovn_revision_numbers_db [None req-f9495258-b1be-4aee-af9b-60980b18f306 7beed5ac743540feb29e9b22375908fb 900fb99e58294ac0b8e8ebfb3b3c9cef - - default default] Successfully bumped revision number for resource e018802e-a0c8-4153-bdcf-1e70a11b5940 (type: networks) to 1
2026-06-03 01:05:39.884 9 WARNING neutron.scheduler.dhcp_agent_scheduler [None req-f9495258-b1be-4aee-af9b-60980b18f306 7beed5ac743540feb29e9b22375908fb 900fb99e58294ac0b8e8ebfb3b3c9cef - - default default] No more DHCP agents
2026-06-03 01:05:39.891 9 WARNING neutron.api.rpc.agentnotifiers.dhcp_rpc_agent_api [None req-f9495258-b1be-4aee-af9b-60980b18f306 7beed5ac743540feb29e9b22375908fb 900fb99e58294ac0b8e8ebfb3b3c9cef - - default default] Unable to schedule network e018802e-a0c8-4153-bdcf-1e70a11b5940: no agents available; will retry on subsequent port and subnet creation events.
2026-06-03 01:05:39.969 9 INFO neutron.db.ovn_revision_numbers_db [None req-f9495258-b1be-4aee-af9b-60980b18f306 7beed5ac743540feb29e9b22375908fb 900fb99e58294ac0b8e8ebfb3b3c9cef - - default default] Successfully bumped revision number for resource e3cd82a8-80ff-41f8-b46c-4cd1dad12835 (type: ports) to 1
2026-06-03 01:05:39.988 9 INFO neutron.wsgi [None req-f9495258-b1be-4aee-af9b-60980b18f306 7beed5ac743540feb29e9b22375908fb 900fb99e58294ac0b8e8ebfb3b3c9cef - - default default] 10.0.0.147 "POST /v2.0/networks HTTP/1.1" status: 201 len: 830 time: 0.5320337
2026-06-03 01:05:40.038 9 INFO neutron.wsgi [None req-5dde1778-6561-4d2b-ad2a-5b1e9a57c8a1 7beed5ac743540feb29e9b22375908fb 900fb99e58294ac0b8e8ebfb3b3c9cef - - default default] 10.0.0.147 "PUT /v2.0/networks/6f6ab72f-a451-47f5-b59b-f34b82b87396/tags HTTP/1.1" status: 200 len: 210 time: 0.0444105
2026-06-03 01:05:40.087 9 INFO neutron.wsgi [None req-717b0e5a-3c4f-4ac7-92a0-282e8f028a88 7beed5ac743540feb29e9b22375908fb 900fb99e58294ac0b8e8ebfb3b3c9cef - - default default] 10.0.0.147 "PUT /v2.0/networks/7bb6b6f1-e1c3-4fa4-b5a3-83c0fe549912/tags HTTP/1.1" status: 200 len: 218 time: 0.0428309
2026-06-03 01:05:40.149 9 INFO neutron.wsgi [None req-bd52987e-023d-4cad-a4a4-c913ef27cb80 7beed5ac743540feb29e9b22375908fb 900fb99e58294ac0b8e8ebfb3b3c9cef - - default default] 10.0.0.147 "PUT /v2.0/networks/4cad1ed7-3313-4f89-9cf8-5431ade9baa0/tags HTTP/1.1" status: 200 len: 227 time: 0.0571282
2026-06-03 01:05:40.213 9 INFO neutron.wsgi [None req-ba1638c0-cdd6-4b18-ae8d-8b7e76a464e6 7beed5ac743540feb29e9b22375908fb 900fb99e58294ac0b8e8ebfb3b3c9cef - - default default] 10.0.0.147 "PUT /v2.0/networks/1e720b04-cb04-487f-a65c-7a4f2e2d4737/tags HTTP/1.1" status: 200 len: 212 time: 0.0582414
2026-06-03 01:05:40.311 9 INFO neutron.wsgi [None req-7ca64829-776b-4f45-a177-3740783e7efd 7beed5ac743540feb29e9b22375908fb 900fb99e58294ac0b8e8ebfb3b3c9cef - - default default] 10.0.0.147 "GET /v2.0/networks?tags=red HTTP/1.1" status: 200 len: 2070 time: 0.0913057
2026-06-03 01:05:40.381 9 INFO neutron.wsgi [None req-e6611143-9f57-4a56-b83f-55f0237b037a 7beed5ac743540feb29e9b22375908fb 900fb99e58294ac0b8e8ebfb3b3c9cef - - default default] 10.0.0.147 "GET /v2.0/networks?tags=red%2Cblue HTTP/1.1" status: 200 len: 1457 time: 0.0661306
2026-06-03 01:05:40.417 10 INFO neutron.notifiers.nova [-] Nova event matching ['req-7d36f108-3980-4927-b1ba-c539b920021b'] response: {'server_uuid': '5196310e-d74f-4a67-85a5-632cde24f3f1', 'name': 'network-vif-unplugged', 'status': 'completed', 'tag': '61731b0f-c6d6-4e4f-aafe-deae4c415580', 'code': 200}
2026-06-03 01:05:40.417 10 INFO neutron.notifiers.nova [-] Nova event matching ['req-7d36f108-3980-4927-b1ba-c539b920021b'] response: {'server_uuid': '5196310e-d74f-4a67-85a5-632cde24f3f1', 'name': 'network-vif-plugged', 'status': 'completed', 'tag': '61731b0f-c6d6-4e4f-aafe-deae4c415580', 'code': 200}
2026-06-03 01:05:40.418 10 INFO neutron.notifiers.nova [-] Nova event matching ['req-7d36f108-3980-4927-b1ba-c539b920021b'] response: {'server_uuid': '5196310e-d74f-4a67-85a5-632cde24f3f1', 'name': 'network-vif-deleted', 'tag': '61731b0f-c6d6-4e4f-aafe-deae4c415580', 'status': 'completed', 'code': 200}
2026-06-03 01:05:40.449 9 INFO neutron.wsgi [None req-6f09f7b9-29e0-4375-a6e9-fedf467b3e8b 7beed5ac743540feb29e9b22375908fb 900fb99e58294ac0b8e8ebfb3b3c9cef - - default default] 10.0.0.147 "GET /v2.0/networks?tags-any=blue HTTP/1.1" status: 200 len: 1457 time: 0.0636373
2026-06-03 01:05:40.531 9 INFO neutron.wsgi [None req-cc16b940-bbdd-465b-81fd-7dd342541abd 7beed5ac743540feb29e9b22375908fb 900fb99e58294ac0b8e8ebfb3b3c9cef - - default default] 10.0.0.147 "GET /v2.0/networks?tags-any=red%2Cblue HTTP/1.1" status: 200 len: 2070 time: 0.0758934 /var/lib/openstack/lib/python3.10/site-packages/pycadf/identifier.py:71: UserWarning: Invalid uuid: neutron. To ensure interoperability, identifiers should be a valid uuid. warnings.warn(('Invalid uuid: %s. To ensure interoperability, '
2026-06-03 01:05:40.685 10 INFO neutron.wsgi [None req-c484046f-1436-4381-a144-4d47333ac716 7beed5ac743540feb29e9b22375908fb 900fb99e58294ac0b8e8ebfb3b3c9cef - - default default] 10.0.0.147 "GET /v2.0/networks?not-tags=red HTTP/1.1" status: 200 len: 2068 time: 0.1495144
2026-06-03 01:05:40.841 10 INFO neutron.wsgi [None req-e843faf1-45a2-477f-9ecb-3d95de36b4f9 7beed5ac743540feb29e9b22375908fb 900fb99e58294ac0b8e8ebfb3b3c9cef - - default default] 10.0.0.147 "GET /v2.0/networks?not-tags=red%2Cblue HTTP/1.1" status: 200 len: 2681 time: 0.1488094
2026-06-03 01:05:40.971 10 INFO neutron.wsgi [None req-95a20230-c5f2-4f78-b1b9-71d49508bc03 7beed5ac743540feb29e9b22375908fb 900fb99e58294ac0b8e8ebfb3b3c9cef - - default default] 10.0.0.147 "GET /v2.0/networks?not-tags-any=blue HTTP/1.1" status: 200 len: 2681 time: 0.1234233
2026-06-03 01:05:41.059 10 INFO neutron.wsgi [None req-6e65727c-214a-430b-b537-cfd43838429e 7beed5ac743540feb29e9b22375908fb 900fb99e58294ac0b8e8ebfb3b3c9cef - - default default] 10.0.0.147 "GET /v2.0/networks?not-tags-any=red%2Cblue HTTP/1.1" status: 200 len: 2068 time: 0.0818901
2026-06-03 01:05:41.480 10 INFO neutron.services.segments.plugin [-] Segment 392ec0d2-6f62-4113-a26f-d6df3cf99a30 resource provider aggregate not found
2026-06-03 01:05:41.491 10 INFO neutron.services.segments.plugin [-] Segment 392ec0d2-6f62-4113-a26f-d6df3cf99a30 resource provider aggregate not found
2026-06-03 01:05:41.498 9 INFO neutron.wsgi [-] 10.0.0.209 "GET / HTTP/1.1" status: 200 len: 247 time: 0.0036340
2026-06-03 01:05:41.501 9 INFO neutron.wsgi [-] 10.0.0.209 "GET / HTTP/1.1" status: 200 len: 247 time: 0.0016303
2026-06-03 01:05:41.508 10 INFO neutron.services.segments.plugin [-] Segment 392ec0d2-6f62-4113-a26f-d6df3cf99a30 resource provider not found; error: Placement Client Error (4xx): {"errors": [{"status": 404, "title": "Not Found", "detail": "The resource could not be found.\n\n No resource provider with uuid 392ec0d2-6f62-4113-a26f-d6df3cf99a30 found for delete ", "request_id": "req-711a12da-62f2-4110-a662-aff160c469dc"}]}
2026-06-03 01:05:41.513 10 INFO neutron.services.segments.plugin [-] Segment 392ec0d2-6f62-4113-a26f-d6df3cf99a30 resource provider not found; error: Placement Client Error (4xx): {"errors": [{"status": 404, "title": "Not Found", "detail": "The resource could not be found.\n\n No resource provider with uuid 392ec0d2-6f62-4113-a26f-d6df3cf99a30 found for delete ", "request_id": "req-54fc6933-6236-4042-af93-bb9a6418d499"}]}
2026-06-03 01:05:41.547 10 INFO neutron.wsgi [None req-6ce68300-d7b8-4214-b686-78a3f5bdd29d 7beed5ac743540feb29e9b22375908fb 900fb99e58294ac0b8e8ebfb3b3c9cef - - default default] 10.0.0.147 "DELETE /v2.0/networks/6f6ab72f-a451-47f5-b59b-f34b82b87396 HTTP/1.1" status: 204 len: 168 time: 0.4813180
2026-06-03 01:05:41.979 9 INFO neutron.wsgi [None req-aa33929e-2fad-4a29-862d-45cb1684db65 7beed5ac743540feb29e9b22375908fb 900fb99e58294ac0b8e8ebfb3b3c9cef - - default default] 10.0.0.147 "DELETE /v2.0/networks/7bb6b6f1-e1c3-4fa4-b5a3-83c0fe549912 HTTP/1.1" status: 204 len: 168 time: 0.4258482
2026-06-03 01:05:42.057 9 INFO neutron.services.segments.plugin [-] Segment 9fbd8b60-d21c-45bf-81d5-8fc2b7308fb2 resource provider aggregate not found
2026-06-03 01:05:42.066 9 INFO neutron.services.segments.plugin [-] Segment 9fbd8b60-d21c-45bf-81d5-8fc2b7308fb2 resource provider aggregate not found
2026-06-03 01:05:42.085 9 INFO neutron.services.segments.plugin [-] Segment 9fbd8b60-d21c-45bf-81d5-8fc2b7308fb2 resource provider not found; error: Placement Client Error (4xx): {"errors": [{"status": 404, "title": "Not Found", "detail": "The resource could not be found.\n\n No resource provider with uuid 9fbd8b60-d21c-45bf-81d5-8fc2b7308fb2 found for delete ", "request_id": "req-4cfbf35a-5115-47e5-995a-948d0a016e6f"}]}
2026-06-03 01:05:42.087 9 INFO neutron.services.segments.plugin [-] Segment 9fbd8b60-d21c-45bf-81d5-8fc2b7308fb2 resource provider not found; error: Placement Client Error (4xx): {"errors": [{"status": 404, "title": "Not Found", "detail": "The resource could not be found.\n\n No resource provider with uuid 9fbd8b60-d21c-45bf-81d5-8fc2b7308fb2 found for delete ", "request_id": "req-1c859629-fd0a-47e8-8292-8b17b9e4fe51"}]}
2026-06-03 01:05:42.755 10 INFO neutron.wsgi [None req-b01a5466-aa6c-4b18-b137-667f87f88f2d 7beed5ac743540feb29e9b22375908fb 900fb99e58294ac0b8e8ebfb3b3c9cef - - default default] 10.0.0.147 "DELETE /v2.0/networks/4cad1ed7-3313-4f89-9cf8-5431ade9baa0 HTTP/1.1" status: 204 len: 168 time: 0.7687416
2026-06-03 01:05:43.198 9 INFO neutron.wsgi [None req-f7e0f4d9-49d6-46c8-bb42-da0ba7f4f9d6 7beed5ac743540feb29e9b22375908fb 900fb99e58294ac0b8e8ebfb3b3c9cef - - default default] 10.0.0.147 "DELETE /v2.0/networks/1e720b04-cb04-487f-a65c-7a4f2e2d4737 HTTP/1.1" status: 204 len: 168 time: 0.4357803
2026-06-03 01:05:43.534 10 INFO neutron.services.segments.plugin [-] Segment f2261cc1-c349-4ae8-bf57-8c3220d7fc09 resource provider aggregate not found
2026-06-03 01:05:43.542 10 INFO neutron.services.segments.plugin [-] Segment f2261cc1-c349-4ae8-bf57-8c3220d7fc09 resource provider aggregate not found
2026-06-03 01:05:43.563 10 INFO neutron.services.segments.plugin [-] Segment f2261cc1-c349-4ae8-bf57-8c3220d7fc09 resource provider not found; error: Placement Client Error (4xx): {"errors": [{"status": 404, "title": "Not Found", "detail": "The resource could not be found.\n\n No resource provider with uuid f2261cc1-c349-4ae8-bf57-8c3220d7fc09 found for delete ", "request_id": "req-25fec692-90d3-4874-8296-0c5c63062ba5"}]}
2026-06-03 01:05:43.564 10 INFO neutron.services.segments.plugin [-] Segment f2261cc1-c349-4ae8-bf57-8c3220d7fc09 resource provider not found; error: Placement Client Error (4xx): {"errors": [{"status": 404, "title": "Not Found", "detail": "The resource could not be found.\n\n No resource provider with uuid f2261cc1-c349-4ae8-bf57-8c3220d7fc09 found for delete ", "request_id": "req-f8aa4704-f82c-4d87-bdac-24897b677c83"}]}
2026-06-03 01:05:43.703 10 INFO neutron.wsgi [None req-70234135-5995-4019-929c-78d839d2033e 7beed5ac743540feb29e9b22375908fb 900fb99e58294ac0b8e8ebfb3b3c9cef - - default default] 10.0.0.147 "DELETE /v2.0/networks/e018802e-a0c8-4153-bdcf-1e70a11b5940 HTTP/1.1" status: 204 len: 168 time: 0.4984860
2026-06-03 01:05:44.110 9 INFO neutron.services.segments.plugin [-] Segment b9be17a1-63ac-4947-9c33-eca91995b132 resource provider aggregate not found
2026-06-03 01:05:44.122 9 INFO neutron.services.segments.plugin [-] Segment b9be17a1-63ac-4947-9c33-eca91995b132 resource provider aggregate not found
2026-06-03 01:05:44.139 9 INFO neutron.services.segments.plugin [-] Segment b9be17a1-63ac-4947-9c33-eca91995b132 resource provider not found; error: Placement Client Error (4xx): {"errors": [{"status": 404, "title": "Not Found", "detail": "The resource could not be found.\n\n No resource provider with uuid b9be17a1-63ac-4947-9c33-eca91995b132 found for delete ", "request_id": "req-667ad3b6-f1a4-4154-896e-fe3d878154c8"}]}
2026-06-03 01:05:44.142 9 INFO neutron.services.segments.plugin [-] Segment b9be17a1-63ac-4947-9c33-eca91995b132 resource provider not found; error: Placement Client Error (4xx): {"errors": [{"status": 404, "title": "Not Found", "detail": "The resource could not be found.\n\n No resource provider with uuid b9be17a1-63ac-4947-9c33-eca91995b132 found for delete ", "request_id": "req-9e76b4ba-7596-4335-86a1-d17492ebe9c3"}]}
2026-06-03 01:05:44.380 10 INFO neutron.db.l3_db [None req-43595bda-ccba-411f-a7b9-8053f46066ad a4e26a8eccc84c0e99b9714950b6853e fba0f68591344b598979f4d03399f3c5 - - default default] Floating IP 7b1e0604-58f1-46bd-9102-781b938f00de disassociated (deleted). External IP: 10.96.250.203, port: 01bda432-4b8e-495f-a45e-c61840349253.
2026-06-03 01:05:44.478 10 INFO neutron.wsgi [None req-43595bda-ccba-411f-a7b9-8053f46066ad a4e26a8eccc84c0e99b9714950b6853e fba0f68591344b598979f4d03399f3c5 - - default default] 10.0.0.147 "DELETE /v2.0/floatingips/7b1e0604-58f1-46bd-9102-781b938f00de HTTP/1.1" status: 204 len: 168 time: 0.5388482
2026-06-03 01:05:44.519 10 INFO neutron.notifiers.nova [-] Nova event matching ['req-9c39d2df-3dff-4517-a0f4-d40217b55e93'] response: {'name': 'network-changed', 'server_uuid': '692e2c8a-e4ce-4f92-a4ff-2a8cabd82889', 'tag': '01bda432-4b8e-495f-a45e-c61840349253', 'status': 'completed', 'code': 200}
2026-06-03 01:05:44.537 9 INFO neutron.api.v2.resource [None req-62db3f19-2b24-4d1a-9521-7f92e0ea459b a4e26a8eccc84c0e99b9714950b6853e fba0f68591344b598979f4d03399f3c5 - - default default] show failed (client error): The resource could not be found.
2026-06-03 01:05:44.539 9 INFO neutron.wsgi [None req-62db3f19-2b24-4d1a-9521-7f92e0ea459b a4e26a8eccc84c0e99b9714950b6853e fba0f68591344b598979f4d03399f3c5 - - default default] 10.0.0.147 "GET /v2.0/floatingips/7b1e0604-58f1-46bd-9102-781b938f00de HTTP/1.1" status: 404 len: 345 time: 0.0403047 /var/lib/openstack/lib/python3.10/site-packages/pycadf/identifier.py:71: UserWarning: Invalid uuid: neutron. To ensure interoperability, identifiers should be a valid uuid. warnings.warn(('Invalid uuid: %s. To ensure interoperability, '
2026-06-03 01:05:44.600 10 INFO neutron.wsgi [req-ec5874ff-1824-42d4-90f7-4cb9d00a531b req-642bf6c4-16e1-4945-aa98-4055ffba5336 e4f9f50b079d4b2fa968f05ba0d51db1 f1cfac412872484cb275d703c4221d42 - - 03dce30708164263aa0c6e51f940dfa2 03dce30708164263aa0c6e51f940dfa2] 199.204.45.229 "GET /v2.0/ports?tenant_id=fba0f68591344b598979f4d03399f3c5&device_id=692e2c8a-e4ce-4f92-a4ff-2a8cabd82889 HTTP/1.1" status: 200 len: 1638 time: 0.0533392
2026-06-03 01:05:44.683 10 INFO neutron.wsgi [req-ec5874ff-1824-42d4-90f7-4cb9d00a531b req-390f0c12-f961-40b9-a8a7-40717eec1c53 e4f9f50b079d4b2fa968f05ba0d51db1 f1cfac412872484cb275d703c4221d42 - - 03dce30708164263aa0c6e51f940dfa2 03dce30708164263aa0c6e51f940dfa2] 199.204.45.229 "GET /v2.0/networks?id=591db22d-bc12-4ad9-8d87-ff5e4dd3d91b HTTP/1.1" status: 200 len: 1002 time: 0.0758622
2026-06-03 01:05:44.737 10 INFO neutron.wsgi [req-ec5874ff-1824-42d4-90f7-4cb9d00a531b req-ec0a03fa-02e4-4719-9203-ebec8091dc80 e4f9f50b079d4b2fa968f05ba0d51db1 f1cfac412872484cb275d703c4221d42 - - 03dce30708164263aa0c6e51f940dfa2 03dce30708164263aa0c6e51f940dfa2] 199.204.45.229 "GET /v2.0/floatingips?fixed_ip_address=10.2.1.224&port_id=01bda432-4b8e-495f-a45e-c61840349253 HTTP/1.1" status: 200 len: 217 time: 0.0466084
2026-06-03 01:05:44.794 10 INFO neutron.plugins.ml2.drivers.ovn.mech_driver.mech_driver [None req-bf352f2c-453a-4c5c-b334-3aa067612f32 - - - - - -] OVN reports status down for port: 01bda432-4b8e-495f-a45e-c61840349253
2026-06-03 01:05:44.800 10 INFO neutron.wsgi [req-ec5874ff-1824-42d4-90f7-4cb9d00a531b req-c9232bc1-5fb4-4214-a8b9-cf2cd26ed7f1 e4f9f50b079d4b2fa968f05ba0d51db1 f1cfac412872484cb275d703c4221d42 - - 03dce30708164263aa0c6e51f940dfa2 03dce30708164263aa0c6e51f940dfa2] 199.204.45.229 "GET /v2.0/floatingips?fixed_ip_address=fd7b%3Af9f7%3Afff%3A4eca%3A%3A29b&port_id=01bda432-4b8e-495f-a45e-c61840349253 HTTP/1.1" status: 200 len: 217 time: 0.0435717
2026-06-03 01:05:44.863 9 INFO neutron.db.ovn_revision_numbers_db [None req-d1ffac48-8b98-4e05-ba88-ae2c61e33396 a607a8cc56ee4a918facbb451c0e3831 16b608c7e5a0466292a36f2607bd47a5 - - default default] Successfully bumped revision number for resource 6a736048-9ac5-47bc-86b6-5240952a99de (type: security_groups) to 1
2026-06-03 01:05:44.875 9 INFO neutron.db.ovn_revision_numbers_db [None req-d1ffac48-8b98-4e05-ba88-ae2c61e33396 a607a8cc56ee4a918facbb451c0e3831 16b608c7e5a0466292a36f2607bd47a5 - - default default] Successfully bumped revision number for resource 365033ab-7d65-486a-81e2-ab8decdf1929 (type: security_group_rules) to 0
2026-06-03 01:05:44.888 9 INFO neutron.db.ovn_revision_numbers_db [None req-d1ffac48-8b98-4e05-ba88-ae2c61e33396 a607a8cc56ee4a918facbb451c0e3831 16b608c7e5a0466292a36f2607bd47a5 - - default default] Successfully bumped revision number for resource 516cb7b9-a826-450e-9878-1f292f27b602 (type: security_group_rules) to 0
2026-06-03 01:05:44.896 10 INFO neutron.wsgi [req-ec5874ff-1824-42d4-90f7-4cb9d00a531b req-e11bd292-bddd-455e-9648-e48e4ff18d70 e4f9f50b079d4b2fa968f05ba0d51db1 f1cfac412872484cb275d703c4221d42 - - 03dce30708164263aa0c6e51f940dfa2 03dce30708164263aa0c6e51f940dfa2] 199.204.45.229 "GET /v2.0/subnets?id=240d6df0-674c-46ba-9876-93a03e425060&id=7cd527df-9d4d-4969-bf10-555fcbaf1d8b HTTP/1.1" status: 200 len: 1562 time: 0.0802221
2026-06-03 01:05:44.906 9 INFO neutron.db.ovn_revision_numbers_db [None req-d1ffac48-8b98-4e05-ba88-ae2c61e33396 a607a8cc56ee4a918facbb451c0e3831 16b608c7e5a0466292a36f2607bd47a5 - - default default] Successfully bumped revision number for resource 8f96fc0c-0c79-43e3-a678-867665fd6a99 (type: security_group_rules) to 0
2026-06-03 01:05:44.934 10 INFO neutron.wsgi [req-ec5874ff-1824-42d4-90f7-4cb9d00a531b req-cf0e2b69-0ba2-4aec-9ebc-6b3afb7071eb e4f9f50b079d4b2fa968f05ba0d51db1 f1cfac412872484cb275d703c4221d42 - - 03dce30708164263aa0c6e51f940dfa2 03dce30708164263aa0c6e51f940dfa2] 199.204.45.229 "GET /v2.0/ports?network_id=591db22d-bc12-4ad9-8d87-ff5e4dd3d91b&device_owner=network%3Adhcp HTTP/1.1" status: 200 len: 210 time: 0.0273352
2026-06-03 01:05:44.935 9 INFO neutron.db.ovn_revision_numbers_db [None req-d1ffac48-8b98-4e05-ba88-ae2c61e33396 a607a8cc56ee4a918facbb451c0e3831 16b608c7e5a0466292a36f2607bd47a5 - - default default] Successfully bumped revision number for resource c3b44145-58f9-4a2a-a0c6-c32ea600258d (type: security_group_rules) to 0
2026-06-03 01:05:44.951 10 INFO neutron.wsgi [req-f976796a-2bf2-4566-993b-ac42776d3f60 req-82316703-d717-4fb4-b593-ec0795928e70 a4e26a8eccc84c0e99b9714950b6853e fba0f68591344b598979f4d03399f3c5 - - default default] 10.0.0.125 "GET /v2.0/ports?device_id=692e2c8a-e4ce-4f92-a4ff-2a8cabd82889 HTTP/1.1" status: 200 len: 1400 time: 0.2255902
2026-06-03 01:05:44.967 9 INFO neutron.wsgi [None req-d1ffac48-8b98-4e05-ba88-ae2c61e33396 a607a8cc56ee4a918facbb451c0e3831 16b608c7e5a0466292a36f2607bd47a5 - - default default] 10.0.0.147 "GET /v2.0/security-groups?tenant_id=2a102cb56aab40abbdc094c9c51d0fba&name=default HTTP/1.1" status: 200 len: 3000 time: 0.3735368
2026-06-03 01:05:44.983 10 INFO neutron.wsgi [req-ec5874ff-1824-42d4-90f7-4cb9d00a531b req-c63c12ad-a35b-424b-a2a3-6ae2958a00fc e4f9f50b079d4b2fa968f05ba0d51db1 f1cfac412872484cb275d703c4221d42 - - 03dce30708164263aa0c6e51f940dfa2 03dce30708164263aa0c6e51f940dfa2] 199.204.45.229 "GET /v2.0/ports?network_id=591db22d-bc12-4ad9-8d87-ff5e4dd3d91b&device_owner=network%3Adhcp HTTP/1.1" status: 200 len: 210 time: 0.0310559
2026-06-03 01:05:45.030 10 INFO neutron.wsgi [req-f976796a-2bf2-4566-993b-ac42776d3f60 req-0a7c254c-25b1-47be-bbc4-c042e95e384c a4e26a8eccc84c0e99b9714950b6853e fba0f68591344b598979f4d03399f3c5 - - default default] 10.0.0.125 "GET /v2.0/security-groups?id=b6ffc89a-69d9-4e03-be51-10b4b4a522f1&fields=id&fields=name HTTP/1.1" status: 200 len: 311 time: 0.0694687
2026-06-03 01:05:45.095 10 INFO neutron.wsgi [req-ec5874ff-1824-42d4-90f7-4cb9d00a531b req-3d3c13d1-8695-480f-a11f-2b0cf1978b08 e4f9f50b079d4b2fa968f05ba0d51db1 f1cfac412872484cb275d703c4221d42 - - 03dce30708164263aa0c6e51f940dfa2 03dce30708164263aa0c6e51f940dfa2] 199.204.45.229 "GET /v2.0/networks/591db22d-bc12-4ad9-8d87-ff5e4dd3d91b?fields=segments HTTP/1.1" status: 200 len: 212 time: 0.1004479
2026-06-03 01:05:45.168 10 INFO neutron.wsgi [req-9dd30463-5296-452a-bdbc-8ce0f53e8202 req-bf8cdbff-9fbe-4d93-99c7-83a9f6888ce7 a4e26a8eccc84c0e99b9714950b6853e fba0f68591344b598979f4d03399f3c5 - - default default] 199.204.45.229 "GET /v2.0/ports?device_id=692e2c8a-e4ce-4f92-a4ff-2a8cabd82889 HTTP/1.1" status: 200 len: 1398 time: 0.0877066
2026-06-03 01:05:45.177 9 INFO neutron.wsgi [None req-fb23e5d2-c0c2-4d86-a1bc-17a7e8fa936f a607a8cc56ee4a918facbb451c0e3831 16b608c7e5a0466292a36f2607bd47a5 - - default default] 10.0.0.147 "DELETE /v2.0/security-groups/6a736048-9ac5-47bc-86b6-5240952a99de HTTP/1.1" status: 204 len: 168 time: 0.2051399
2026-06-03 01:05:45.240 10 INFO neutron.wsgi [req-ec5874ff-1824-42d4-90f7-4cb9d00a531b req-f20e0d31-90f5-4d78-a2b7-26e14f5e52de e4f9f50b079d4b2fa968f05ba0d51db1 f1cfac412872484cb275d703c4221d42 - - 03dce30708164263aa0c6e51f940dfa2 03dce30708164263aa0c6e51f940dfa2] 199.204.45.229 "GET /v2.0/networks/591db22d-bc12-4ad9-8d87-ff5e4dd3d91b?fields=provider%3Aphysical_network&fields=provider%3Anetwork_type HTTP/1.1" status: 200 len: 277 time: 0.1365583
2026-06-03 01:05:45.308 9 INFO neutron.wsgi [None req-6b871fe0-d4d1-4d79-84ab-e2b524b729fc a607a8cc56ee4a918facbb451c0e3831 16b608c7e5a0466292a36f2607bd47a5 - - default default] 10.0.0.147 "GET /v2.0/security-groups?tenant_id=900fb99e58294ac0b8e8ebfb3b3c9cef&name=default HTTP/1.1" status: 200 len: 2996 time: 0.0385911
2026-06-03 01:05:45.410 10 INFO neutron.db.ovn_revision_numbers_db [None req-bf352f2c-453a-4c5c-b334-3aa067612f32 - - - - - -] Successfully bumped revision number for resource 01bda432-4b8e-495f-a45e-c61840349253 (type: ports) to 5
2026-06-03 01:05:45.565 9 INFO neutron.wsgi [None req-41bee97f-101b-4303-9de2-fc86edf6e3c2 a607a8cc56ee4a918facbb451c0e3831 16b608c7e5a0466292a36f2607bd47a5 - - default default] 10.0.0.147 "DELETE /v2.0/security-groups/acee092b-1fe6-4640-a9d7-6f3a6a5f20c6 HTTP/1.1" status: 204 len: 168 time: 0.2512684
2026-06-03 01:05:45.583 10 INFO neutron.wsgi [req-9dd30463-5296-452a-bdbc-8ce0f53e8202 req-50fcef8b-7e08-4e95-a960-d50064daef0e a4e26a8eccc84c0e99b9714950b6853e fba0f68591344b598979f4d03399f3c5 - - default default] 199.204.45.229 "DELETE /v2.0/ports/01bda432-4b8e-495f-a45e-c61840349253 HTTP/1.1" status: 204 len: 173 time: 0.4054632
2026-06-03 01:05:45.584 10 INFO neutron.services.segments.plugin [-] Segment 6c399d9c-1154-40b8-a33e-dac4ca4759b9 resource provider aggregate not found
2026-06-03 01:05:45.590 10 INFO neutron.services.segments.plugin [-] Segment 6c399d9c-1154-40b8-a33e-dac4ca4759b9 resource provider aggregate not found
2026-06-03 01:05:45.606 10 INFO neutron.services.segments.plugin [-] Segment 6c399d9c-1154-40b8-a33e-dac4ca4759b9 resource provider not found; error: Placement Client Error (4xx): {"errors": [{"status": 404, "title": "Not Found", "detail": "The resource could not be found.\n\n No resource provider with uuid 6c399d9c-1154-40b8-a33e-dac4ca4759b9 found for delete ", "request_id": "req-66de563f-dd8c-4e1b-8e8c-54f21d4606fb"}]}
2026-06-03 01:05:45.607 10 INFO neutron.services.segments.plugin [-] Segment 6c399d9c-1154-40b8-a33e-dac4ca4759b9 resource provider not found; error: Placement Client Error (4xx): {"errors": [{"status": 404, "title": "Not Found", "detail": "The resource could not be found.\n\n No resource provider with uuid 6c399d9c-1154-40b8-a33e-dac4ca4759b9 found for delete ", "request_id": "req-eca5a4ef-f3db-4c6e-92dc-ebbe2824ebd9"}]} /var/lib/openstack/lib/python3.10/site-packages/pycadf/identifier.py:71: UserWarning: Invalid uuid: neutron. To ensure interoperability, identifiers should be a valid uuid. warnings.warn(('Invalid uuid: %s. To ensure interoperability, '
2026-06-03 01:05:45.899 10 INFO neutron.db.ovn_revision_numbers_db [None req-c56c5b34-3e84-4b46-8f93-913f927b7c5c a607a8cc56ee4a918facbb451c0e3831 16b608c7e5a0466292a36f2607bd47a5 - - default default] Successfully bumped revision number for resource 35d8219e-2055-431b-93e8-ef14986f708f (type: security_groups) to 1
2026-06-03 01:05:45.927 10 INFO neutron.db.ovn_revision_numbers_db [None req-c56c5b34-3e84-4b46-8f93-913f927b7c5c a607a8cc56ee4a918facbb451c0e3831 16b608c7e5a0466292a36f2607bd47a5 - - default default] Successfully bumped revision number for resource 1888821a-326d-4c9c-af83-05d6d2a854c2 (type: security_group_rules) to 0
2026-06-03 01:05:45.946 10 INFO neutron.db.ovn_revision_numbers_db [None req-c56c5b34-3e84-4b46-8f93-913f927b7c5c a607a8cc56ee4a918facbb451c0e3831 16b608c7e5a0466292a36f2607bd47a5 - - default default] Successfully bumped revision number for resource 63e69a2b-e2af-4162-a0d1-6405d55980fb (type: security_group_rules) to 0
2026-06-03 01:05:45.973 10 INFO neutron.db.ovn_revision_numbers_db [None req-c56c5b34-3e84-4b46-8f93-913f927b7c5c a607a8cc56ee4a918facbb451c0e3831 16b608c7e5a0466292a36f2607bd47a5 - - default default] Successfully bumped revision number for resource b8f3eaca-61ff-410e-baee-89e19eda81d5 (type: security_group_rules) to 0
2026-06-03 01:05:45.994 10 INFO neutron.db.ovn_revision_numbers_db [None req-c56c5b34-3e84-4b46-8f93-913f927b7c5c a607a8cc56ee4a918facbb451c0e3831 16b608c7e5a0466292a36f2607bd47a5 - - default default] Successfully bumped revision number for resource d858b4d9-145b-4e5b-865c-75352e525738 (type: security_group_rules) to 0
2026-06-03 01:05:46.025 10 INFO neutron.wsgi [None req-c56c5b34-3e84-4b46-8f93-913f927b7c5c a607a8cc56ee4a918facbb451c0e3831 16b608c7e5a0466292a36f2607bd47a5 - - default default] 10.0.0.147 "GET /v2.0/security-groups?tenant_id=260934472c59433ea0ed650e2a5e1ed4&name=default HTTP/1.1" status: 200 len: 3000 time: 0.2790127
2026-06-03 01:05:46.293 10 INFO neutron.wsgi [None req-8477b055-35d1-46b6-8673-8b9c9ad67e03 a607a8cc56ee4a918facbb451c0e3831 16b608c7e5a0466292a36f2607bd47a5 - - default default] 10.0.0.147 "DELETE /v2.0/security-groups/35d8219e-2055-431b-93e8-ef14986f708f HTTP/1.1" status: 204 len: 168 time: 0.2607765
2026-06-03 01:05:46.563 10 INFO neutron.notifiers.nova [-] Nova event matching ['req-b98a3184-f11c-466b-ab59-020d4afc062c'] response: {'server_uuid': '692e2c8a-e4ce-4f92-a4ff-2a8cabd82889', 'name': 'network-vif-unplugged', 'status': 'completed', 'tag': '01bda432-4b8e-495f-a45e-c61840349253', 'code': 200}
2026-06-03 01:05:46.564 10 INFO neutron.notifiers.nova [-] Nova event matching ['req-b98a3184-f11c-466b-ab59-020d4afc062c'] response: {'server_uuid': '692e2c8a-e4ce-4f92-a4ff-2a8cabd82889', 'name': 'network-vif-plugged', 'status': 'completed', 'tag': '01bda432-4b8e-495f-a45e-c61840349253', 'code': 200}
2026-06-03 01:05:46.564 10 INFO neutron.notifiers.nova [-] Nova event matching ['req-b98a3184-f11c-466b-ab59-020d4afc062c'] response: {'server_uuid': '692e2c8a-e4ce-4f92-a4ff-2a8cabd82889', 'name': 'network-vif-deleted', 'tag': '01bda432-4b8e-495f-a45e-c61840349253', 'status': 'completed', 'code': 200}
