2026-06-03 01:01:39.127 10 INFO neutron.db.ovn_revision_numbers_db [None req-2290b246-d2c4-4268-9ab2-79f9ec975239 f01b19d573db4e609ae8edc4739a73fb 54ae06235bee4cb2979f196ba2e7d485 - - default default] Successfully bumped revision number for resource 6b76c0c0-763e-4764-9902-ba95cf42c2d8 (type: ports) to 1
2026-06-03 01:01:39.166 10 INFO neutron.wsgi [None req-2290b246-d2c4-4268-9ab2-79f9ec975239 f01b19d573db4e609ae8edc4739a73fb 54ae06235bee4cb2979f196ba2e7d485 - - default default] 10.0.0.147 "POST /v2.0/networks HTTP/1.1" status: 201 len: 828 time: 0.5827973
2026-06-03 01:01:39.180 10 WARNING neutron_lib.context [None req-6711572e-a000-4914-9e0f-889b9c0aa158 f01b19d573db4e609ae8edc4739a73fb 54ae06235bee4cb2979f196ba2e7d485 - - default default] Method 'is_advsvc' is deprecated since 2023.2 release (neutron-lib 3.8.0) and will be removed once support for the old RBAC API policies will be removed from Neutron. Please use method 'is_service_role' instead.
2026-06-03 01:01:39.373 9 INFO neutron.wsgi [None req-541fc25c-620f-4856-9504-ed624eec6b03 a607a8cc56ee4a918facbb451c0e3831 16b608c7e5a0466292a36f2607bd47a5 - - default default] 10.0.0.147 "DELETE /v2.0/security-groups/c3a18774-6dd2-4f72-8fdc-67e2727b51a9 HTTP/1.1" status: 204 len: 168 time: 0.3353443
2026-06-03 01:01:39.439 10 WARNING neutron.scheduler.dhcp_agent_scheduler [None req-6711572e-a000-4914-9e0f-889b9c0aa158 f01b19d573db4e609ae8edc4739a73fb 54ae06235bee4cb2979f196ba2e7d485 - - default default] No more DHCP agents
2026-06-03 01:01:39.443 10 WARNING neutron.api.rpc.agentnotifiers.dhcp_rpc_agent_api [None req-6711572e-a000-4914-9e0f-889b9c0aa158 f01b19d573db4e609ae8edc4739a73fb 54ae06235bee4cb2979f196ba2e7d485 - - default default] Unable to schedule network 0ffc7c22-d76b-4df6-85b2-ce394319398e: no agents available; will retry on subsequent port and subnet creation events.
2026-06-03 01:01:39.619 9 WARNING neutron.scheduler.dhcp_agent_scheduler [None req-d2e9060f-6760-4e12-8e02-c29a27847e89 a607a8cc56ee4a918facbb451c0e3831 16b608c7e5a0466292a36f2607bd47a5 - - default default] No more DHCP agents
2026-06-03 01:01:39.620 9 WARNING neutron.api.rpc.agentnotifiers.dhcp_rpc_agent_api [None req-d2e9060f-6760-4e12-8e02-c29a27847e89 a607a8cc56ee4a918facbb451c0e3831 16b608c7e5a0466292a36f2607bd47a5 - - default default] Unable to schedule network 9750bfc4-d3f9-417e-855f-d6a046f2fe34: no agents available; will retry on subsequent port and subnet creation events.
2026-06-03 01:01:39.813 9 INFO neutron.db.ovn_revision_numbers_db [None req-d2e9060f-6760-4e12-8e02-c29a27847e89 a607a8cc56ee4a918facbb451c0e3831 16b608c7e5a0466292a36f2607bd47a5 - - default default] Successfully bumped revision number for resource 84a9e314-a99b-43d3-afc8-4d289615f4e5 (type: ports) to 1
2026-06-03 01:01:40.234 9 INFO neutron.db.ovn_revision_numbers_db [None req-0127336c-0c07-4985-8f56-0329871e1171 a607a8cc56ee4a918facbb451c0e3831 16b608c7e5a0466292a36f2607bd47a5 - - default default] Successfully bumped revision number for resource c20301bd-ca25-4c06-ad5f-ec9eb0941b8e (type: security_groups) to 1
2026-06-03 01:01:40.272 9 INFO neutron.db.ovn_revision_numbers_db [None req-0127336c-0c07-4985-8f56-0329871e1171 a607a8cc56ee4a918facbb451c0e3831 16b608c7e5a0466292a36f2607bd47a5 - - default default] Successfully bumped revision number for resource 688d01b4-b748-4fd4-93e5-d878a35a8edb (type: security_group_rules) to 0
2026-06-03 01:01:40.292 9 INFO neutron.db.ovn_revision_numbers_db [None req-0127336c-0c07-4985-8f56-0329871e1171 a607a8cc56ee4a918facbb451c0e3831 16b608c7e5a0466292a36f2607bd47a5 - - default default] Successfully bumped revision number for resource fa5edb80-51ff-4303-a4b1-21b7c0194f40 (type: security_group_rules) to 0
2026-06-03 01:01:40.343 9 INFO neutron.db.ovn_revision_numbers_db [None req-0127336c-0c07-4985-8f56-0329871e1171 a607a8cc56ee4a918facbb451c0e3831 16b608c7e5a0466292a36f2607bd47a5 - - default default] Successfully bumped revision number for resource fb232c91-6710-440d-8f6c-934645dfef29 (type: security_group_rules) to 0
2026-06-03 01:01:40.396 9 INFO neutron.db.ovn_revision_numbers_db [None req-0127336c-0c07-4985-8f56-0329871e1171 a607a8cc56ee4a918facbb451c0e3831 16b608c7e5a0466292a36f2607bd47a5 - - default default] Successfully bumped revision number for resource fb75534c-86d7-410a-aae3-a5768e09d0a7 (type: security_group_rules) to 0
2026-06-03 01:01:40.441 9 INFO neutron.wsgi [None req-0127336c-0c07-4985-8f56-0329871e1171 a607a8cc56ee4a918facbb451c0e3831 16b608c7e5a0466292a36f2607bd47a5 - - default default] 10.0.0.147 "GET /v2.0/security-groups?tenant_id=29f91835d60145ff95fc5e6640035577&name=default HTTP/1.1" status: 200 len: 2996 time: 0.6362596
2026-06-03 01:01:40.525 10 INFO neutron.db.ovn_revision_numbers_db [None req-6711572e-a000-4914-9e0f-889b9c0aa158 f01b19d573db4e609ae8edc4739a73fb 54ae06235bee4cb2979f196ba2e7d485 - - default default] Successfully bumped revision number for resource 1b8963e8-37b0-4b55-a994-b21e7f2caff2 (type: ports) to 2
2026-06-03 01:01:40.571 10 INFO neutron.db.ovn_revision_numbers_db [None req-6711572e-a000-4914-9e0f-889b9c0aa158 f01b19d573db4e609ae8edc4739a73fb 54ae06235bee4cb2979f196ba2e7d485 - - default default] Successfully bumped revision number for resource d6714e8a-21f1-4afd-afbb-de9c8f656ade (type: subnets) to 0
2026-06-03 01:01:40.592 10 INFO neutron.wsgi [None req-6711572e-a000-4914-9e0f-889b9c0aa158 f01b19d573db4e609ae8edc4739a73fb 54ae06235bee4cb2979f196ba2e7d485 - - default default] 10.0.0.147 "POST /v2.0/subnets HTTP/1.1" status: 201 len: 801 time: 1.4196038
2026-06-03 01:01:40.611 10 WARNING neutron_lib.context [None req-5f424097-a8e4-4534-a1d5-105be8b713b1 f01b19d573db4e609ae8edc4739a73fb 54ae06235bee4cb2979f196ba2e7d485 - - default default] Method 'is_advsvc' is deprecated since 2023.2 release (neutron-lib 3.8.0) and will be removed once support for the old RBAC API policies will be removed from Neutron. Please use method 'is_service_role' instead.
2026-06-03 01:01:40.674 9 INFO neutron.plugins.ml2.drivers.ovn.mech_driver.mech_driver [None req-2eeaa632-5493-44e3-a71c-72f4eb284b18 - - - - - -] OVN reports status up for port: 84a9e314-a99b-43d3-afc8-4d289615f4e5
2026-06-03 01:01:40.692 10 INFO neutron.plugins.ml2.drivers.ovn.mech_driver.ovsdb.ovsdb_monitor [None req-61c6ba5a-8345-4a45-b0c6-9109ca661750 - - - - - -] Router ff06e959-1fc9-433f-9058-0f3762679670 is bound to host instance
2026-06-03 01:01:40.701 9 INFO neutron.plugins.ml2.plugin [None req-2eeaa632-5493-44e3-a71c-72f4eb284b18 - - - - - -] Attempt 1 to provision port 84a9e314-a99b-43d3-afc8-4d289615f4e5
2026-06-03 01:01:40.736 9 INFO neutron.db.ovn_revision_numbers_db [None req-d2e9060f-6760-4e12-8e02-c29a27847e89 a607a8cc56ee4a918facbb451c0e3831 16b608c7e5a0466292a36f2607bd47a5 - - default default] Successfully bumped revision number for resource 84a9e314-a99b-43d3-afc8-4d289615f4e5 (type: router_ports) to 1
2026-06-03 01:01:41.024 10 WARNING neutron.scheduler.dhcp_agent_scheduler [None req-5f424097-a8e4-4534-a1d5-105be8b713b1 f01b19d573db4e609ae8edc4739a73fb 54ae06235bee4cb2979f196ba2e7d485 - - default default] No more DHCP agents
2026-06-03 01:01:41.030 10 WARNING neutron.api.rpc.agentnotifiers.dhcp_rpc_agent_api [None req-5f424097-a8e4-4534-a1d5-105be8b713b1 f01b19d573db4e609ae8edc4739a73fb 54ae06235bee4cb2979f196ba2e7d485 - - default default] Unable to schedule network 8b0a01d6-67f6-4f3b-9d7d-37eee2a3258d: no agents available; will retry on subsequent port and subnet creation events.
2026-06-03 01:01:41.132 9 INFO neutron.db.ovn_revision_numbers_db [None req-d2e9060f-6760-4e12-8e02-c29a27847e89 a607a8cc56ee4a918facbb451c0e3831 16b608c7e5a0466292a36f2607bd47a5 - - default default] Successfully bumped revision number for resource ff06e959-1fc9-433f-9058-0f3762679670 (type: routers) to 2
2026-06-03 01:01:41.148 9 INFO neutron.wsgi [None req-ab26c409-cd1c-45a9-af06-3987db9f5f58 a607a8cc56ee4a918facbb451c0e3831 16b608c7e5a0466292a36f2607bd47a5 - - default default] 10.0.0.147 "DELETE /v2.0/security-groups/c20301bd-ca25-4c06-ad5f-ec9eb0941b8e HTTP/1.1" status: 204 len: 168 time: 0.7018776
2026-06-03 01:01:41.152 9 INFO neutron.wsgi [None req-d2e9060f-6760-4e12-8e02-c29a27847e89 a607a8cc56ee4a918facbb451c0e3831 16b608c7e5a0466292a36f2607bd47a5 - - default default] 10.0.0.147 "POST /v2.0/routers HTTP/1.1" status: 201 len: 877 time: 2.0825193
2026-06-03 01:01:41.496 9 INFO neutron.wsgi [-] 10.0.0.209 "GET / HTTP/1.1" status: 200 len: 247 time: 0.0021107
2026-06-03 01:01:41.498 9 INFO neutron.wsgi [-] 10.0.0.209 "GET / HTTP/1.1" status: 200 len: 247 time: 0.0013866
2026-06-03 01:01:41.624 10 INFO neutron.db.ovn_revision_numbers_db [None req-61c6ba5a-8345-4a45-b0c6-9109ca661750 - - - - - -] Successfully bumped revision number for resource 84a9e314-a99b-43d3-afc8-4d289615f4e5 (type: ports) to 1
2026-06-03 01:01:41.772 9 WARNING neutron.scheduler.dhcp_agent_scheduler [None req-64a96f68-8e15-4de0-8c99-26662dd9f79d a607a8cc56ee4a918facbb451c0e3831 16b608c7e5a0466292a36f2607bd47a5 - - default default] No more DHCP agents
2026-06-03 01:01:41.775 9 WARNING neutron.api.rpc.agentnotifiers.dhcp_rpc_agent_api [None req-64a96f68-8e15-4de0-8c99-26662dd9f79d a607a8cc56ee4a918facbb451c0e3831 16b608c7e5a0466292a36f2607bd47a5 - - default default] Unable to schedule network 964b7241-df2c-4bd7-a13f-47e372bf12cd: no agents available; will retry on subsequent port and subnet creation events.
2026-06-03 01:01:41.913 10 INFO neutron.db.ovn_revision_numbers_db [None req-5f424097-a8e4-4534-a1d5-105be8b713b1 f01b19d573db4e609ae8edc4739a73fb 54ae06235bee4cb2979f196ba2e7d485 - - default default] Successfully bumped revision number for resource 6b76c0c0-763e-4764-9902-ba95cf42c2d8 (type: ports) to 2
2026-06-03 01:01:41.976 10 INFO neutron.db.ovn_revision_numbers_db [None req-5f424097-a8e4-4534-a1d5-105be8b713b1 f01b19d573db4e609ae8edc4739a73fb 54ae06235bee4cb2979f196ba2e7d485 - - default default] Successfully bumped revision number for resource 6bb4a5fc-0b3e-40bf-95b7-7f6be7737a51 (type: subnets) to 0
2026-06-03 01:01:42.001 10 INFO neutron.wsgi [None req-5f424097-a8e4-4534-a1d5-105be8b713b1 f01b19d573db4e609ae8edc4739a73fb 54ae06235bee4cb2979f196ba2e7d485 - - default default] 10.0.0.147 "POST /v2.0/subnets HTTP/1.1" status: 201 len: 801 time: 1.3952265
2026-06-03 01:01:42.002 10 INFO neutron.db.ovn_revision_numbers_db [None req-61c6ba5a-8345-4a45-b0c6-9109ca661750 - - - - - -] Successfully bumped revision number for resource 84a9e314-a99b-43d3-afc8-4d289615f4e5 (type: router_ports) to 3
2026-06-03 01:01:42.006 9 INFO neutron.db.ovn_revision_numbers_db [None req-64a96f68-8e15-4de0-8c99-26662dd9f79d a607a8cc56ee4a918facbb451c0e3831 16b608c7e5a0466292a36f2607bd47a5 - - default default] Successfully bumped revision number for resource 298f7fc7-f9a4-43e7-b629-78ac60c01006 (type: ports) to 1
2026-06-03 01:01:42.019 10 WARNING neutron_lib.context [None req-84140e93-0a18-4c8c-bb68-7b23779f6446 f01b19d573db4e609ae8edc4739a73fb 54ae06235bee4cb2979f196ba2e7d485 - - default default] Method 'is_advsvc' is deprecated since 2023.2 release (neutron-lib 3.8.0) and will be removed once support for the old RBAC API policies will be removed from Neutron. Please use method 'is_service_role' instead.
2026-06-03 01:01:42.233 10 INFO neutron.db.ovn_revision_numbers_db [None req-84140e93-0a18-4c8c-bb68-7b23779f6446 f01b19d573db4e609ae8edc4739a73fb 54ae06235bee4cb2979f196ba2e7d485 - - default default] Successfully bumped revision number for resource 11a5a86e-4dcf-4aa9-b55f-74dcf81fe587 (type: routers) to 1
2026-06-03 01:01:42.267 10 INFO neutron.wsgi [None req-84140e93-0a18-4c8c-bb68-7b23779f6446 f01b19d573db4e609ae8edc4739a73fb 54ae06235bee4cb2979f196ba2e7d485 - - default default] 10.0.0.147 "POST /v2.0/routers HTTP/1.1" status: 201 len: 687 time: 0.2607486
2026-06-03 01:01:42.268 10 INFO neutron.db.ovn_revision_numbers_db [None req-61c6ba5a-8345-4a45-b0c6-9109ca661750 - - - - - -] Successfully bumped revision number for resource 84a9e314-a99b-43d3-afc8-4d289615f4e5 (type: ports) to 2
2026-06-03 01:01:42.459 10 INFO neutron.db.ovn_revision_numbers_db [None req-c2803cd8-17ae-4ccb-96b9-aa52e752f3fa a607a8cc56ee4a918facbb451c0e3831 16b608c7e5a0466292a36f2607bd47a5 - - default default] Successfully bumped revision number for resource ef41fc3d-63b4-4d10-aecb-967e657bd1d0 (type: security_groups) to 1
2026-06-03 01:01:42.488 10 INFO neutron.db.ovn_revision_numbers_db [None req-c2803cd8-17ae-4ccb-96b9-aa52e752f3fa a607a8cc56ee4a918facbb451c0e3831 16b608c7e5a0466292a36f2607bd47a5 - - default default] Successfully bumped revision number for resource 6206b6c2-470f-4a55-8910-9f53073c82a1 (type: security_group_rules) to 0
2026-06-03 01:01:42.506 10 INFO neutron.db.ovn_revision_numbers_db [None req-c2803cd8-17ae-4ccb-96b9-aa52e752f3fa a607a8cc56ee4a918facbb451c0e3831 16b608c7e5a0466292a36f2607bd47a5 - - default default] Successfully bumped revision number for resource 961d4f1f-fed6-496d-af44-f696db7e83d1 (type: security_group_rules) to 0
2026-06-03 01:01:42.541 10 INFO neutron.db.ovn_revision_numbers_db [None req-c2803cd8-17ae-4ccb-96b9-aa52e752f3fa a607a8cc56ee4a918facbb451c0e3831 16b608c7e5a0466292a36f2607bd47a5 - - default default] Successfully bumped revision number for resource 97843737-1e14-435a-97b6-dba91c67ff80 (type: security_group_rules) to 0
2026-06-03 01:01:42.559 10 INFO neutron.db.ovn_revision_numbers_db [None req-c2803cd8-17ae-4ccb-96b9-aa52e752f3fa a607a8cc56ee4a918facbb451c0e3831 16b608c7e5a0466292a36f2607bd47a5 - - default default] Successfully bumped revision number for resource f61508c6-22c9-4b03-bb6b-45758b2adc52 (type: security_group_rules) to 0
2026-06-03 01:01:42.597 10 INFO neutron.wsgi [None req-c2803cd8-17ae-4ccb-96b9-aa52e752f3fa a607a8cc56ee4a918facbb451c0e3831 16b608c7e5a0466292a36f2607bd47a5 - - default default] 10.0.0.147 "GET /v2.0/security-groups?tenant_id=44f68c26379040a3b517de3d6610d624&name=default HTTP/1.1" status: 200 len: 2996 time: 0.4963155
2026-06-03 01:01:42.635 10 INFO neutron.db.ovn_revision_numbers_db [None req-61c6ba5a-8345-4a45-b0c6-9109ca661750 - - - - - -] Successfully bumped revision number for resource 84a9e314-a99b-43d3-afc8-4d289615f4e5 (type: ports) to 4
2026-06-03 01:01:42.704 9 INFO neutron.db.ovn_revision_numbers_db [None req-64a96f68-8e15-4de0-8c99-26662dd9f79d a607a8cc56ee4a918facbb451c0e3831 16b608c7e5a0466292a36f2607bd47a5 - - default default] Successfully bumped revision number for resource 298f7fc7-f9a4-43e7-b629-78ac60c01006 (type: router_ports) to 1
2026-06-03 01:01:42.833 9 WARNING neutron.scheduler.dhcp_agent_scheduler [None req-bc3bcbb0-a5f5-46da-955e-ebea603f5f47 f01b19d573db4e609ae8edc4739a73fb 54ae06235bee4cb2979f196ba2e7d485 - - default default] No more DHCP agents
2026-06-03 01:01:42.844 9 WARNING neutron.api.rpc.agentnotifiers.dhcp_rpc_agent_api [None req-bc3bcbb0-a5f5-46da-955e-ebea603f5f47 f01b19d573db4e609ae8edc4739a73fb 54ae06235bee4cb2979f196ba2e7d485 - - default default] Unable to schedule network 0ffc7c22-d76b-4df6-85b2-ce394319398e: no agents available; will retry on subsequent port and subnet creation events.
2026-06-03 01:01:42.940 10 INFO neutron.wsgi [None req-467663d9-c6d6-4c48-ab65-6e1b50065e40 a607a8cc56ee4a918facbb451c0e3831 16b608c7e5a0466292a36f2607bd47a5 - - default default] 10.0.0.147 "DELETE /v2.0/security-groups/ef41fc3d-63b4-4d10-aecb-967e657bd1d0 HTTP/1.1" status: 204 len: 168 time: 0.3334451
2026-06-03 01:01:42.942 9 INFO neutron.db.ovn_revision_numbers_db [None req-64a96f68-8e15-4de0-8c99-26662dd9f79d a607a8cc56ee4a918facbb451c0e3831 16b608c7e5a0466292a36f2607bd47a5 - - default default] Successfully bumped revision number for resource 298f7fc7-f9a4-43e7-b629-78ac60c01006 (type: ports) to 1
2026-06-03 01:01:42.947 10 INFO neutron.db.ovn_revision_numbers_db [None req-61c6ba5a-8345-4a45-b0c6-9109ca661750 - - - - - -] Successfully bumped revision number for resource 84a9e314-a99b-43d3-afc8-4d289615f4e5 (type: router_ports) to 4
2026-06-03 01:01:43.058 9 WARNING neutron.scheduler.dhcp_agent_scheduler [None req-64a96f68-8e15-4de0-8c99-26662dd9f79d a607a8cc56ee4a918facbb451c0e3831 16b608c7e5a0466292a36f2607bd47a5 - - default default] No more DHCP agents
2026-06-03 01:01:43.067 9 WARNING neutron.api.rpc.agentnotifiers.dhcp_rpc_agent_api [None req-64a96f68-8e15-4de0-8c99-26662dd9f79d a607a8cc56ee4a918facbb451c0e3831 16b608c7e5a0466292a36f2607bd47a5 - - default default] Unable to schedule network 964b7241-df2c-4bd7-a13f-47e372bf12cd: no agents available; will retry on subsequent port and subnet creation events.
2026-06-03 01:01:43.095 9 INFO neutron.db.ovn_revision_numbers_db [None req-bc3bcbb0-a5f5-46da-955e-ebea603f5f47 f01b19d573db4e609ae8edc4739a73fb 54ae06235bee4cb2979f196ba2e7d485 - - default default] Successfully bumped revision number for resource 7f9d772f-551e-44c6-8b98-752994ad871c (type: ports) to 1
2026-06-03 01:01:43.574 10 INFO neutron.plugins.ml2.drivers.ovn.mech_driver.mech_driver [None req-bf352f2c-453a-4c5c-b334-3aa067612f32 - - - - - -] OVN reports status up for port: 7f9d772f-551e-44c6-8b98-752994ad871c
2026-06-03 01:01:43.586 10 INFO neutron.plugins.ml2.plugin [None req-bf352f2c-453a-4c5c-b334-3aa067612f32 - - - - - -] Attempt 1 to provision port 7f9d772f-551e-44c6-8b98-752994ad871c
2026-06-03 01:01:43.596 9 INFO neutron.db.ovn_revision_numbers_db [None req-bc3bcbb0-a5f5-46da-955e-ebea603f5f47 f01b19d573db4e609ae8edc4739a73fb 54ae06235bee4cb2979f196ba2e7d485 - - default default] Successfully bumped revision number for resource 7f9d772f-551e-44c6-8b98-752994ad871c (type: router_ports) to 1
2026-06-03 01:01:43.643 9 INFO neutron.db.ovn_revision_numbers_db [None req-64a96f68-8e15-4de0-8c99-26662dd9f79d a607a8cc56ee4a918facbb451c0e3831 16b608c7e5a0466292a36f2607bd47a5 - - default default] Successfully bumped revision number for resource 298f7fc7-f9a4-43e7-b629-78ac60c01006 (type: router_ports) to 1
2026-06-03 01:01:43.645 9 INFO neutron.wsgi [None req-64a96f68-8e15-4de0-8c99-26662dd9f79d a607a8cc56ee4a918facbb451c0e3831 16b608c7e5a0466292a36f2607bd47a5 - - default default] 10.0.0.147 "PUT /v2.0/routers/ff06e959-1fc9-433f-9058-0f3762679670/add_router_interface HTTP/1.1" status: 200 len: 503 time: 2.4790065
2026-06-03 01:01:43.807 9 INFO neutron.db.ovn_revision_numbers_db [None req-bc3bcbb0-a5f5-46da-955e-ebea603f5f47 f01b19d573db4e609ae8edc4739a73fb 54ae06235bee4cb2979f196ba2e7d485 - - default default] Successfully bumped revision number for resource 7f9d772f-551e-44c6-8b98-752994ad871c (type: ports) to 1
2026-06-03 01:01:43.881 9 WARNING neutron.scheduler.dhcp_agent_scheduler [None req-bc3bcbb0-a5f5-46da-955e-ebea603f5f47 f01b19d573db4e609ae8edc4739a73fb 54ae06235bee4cb2979f196ba2e7d485 - - default default] No more DHCP agents
2026-06-03 01:01:43.882 9 WARNING neutron.api.rpc.agentnotifiers.dhcp_rpc_agent_api [None req-bc3bcbb0-a5f5-46da-955e-ebea603f5f47 f01b19d573db4e609ae8edc4739a73fb 54ae06235bee4cb2979f196ba2e7d485 - - default default] Unable to schedule network 0ffc7c22-d76b-4df6-85b2-ce394319398e: no agents available; will retry on subsequent port and subnet creation events.
2026-06-03 01:01:43.916 10 INFO neutron.db.ovn_revision_numbers_db [None req-bf352f2c-453a-4c5c-b334-3aa067612f32 - - - - - -] Successfully bumped revision number for resource 7f9d772f-551e-44c6-8b98-752994ad871c (type: ports) to 2
2026-06-03 01:01:44.002 10 INFO neutron.db.ovn_revision_numbers_db [None req-bf352f2c-453a-4c5c-b334-3aa067612f32 - - - - - -] Successfully bumped revision number for resource 7f9d772f-551e-44c6-8b98-752994ad871c (type: router_ports) to 2
2026-06-03 01:01:44.014 9 INFO neutron.plugins.ml2.drivers.ovn.mech_driver.mech_driver [None req-2eeaa632-5493-44e3-a71c-72f4eb284b18 - - - - - -] OVN reports status up for port: 298f7fc7-f9a4-43e7-b629-78ac60c01006
2026-06-03 01:01:44.358 10 WARNING neutron_lib.context [None req-510c761b-a64d-436e-a08a-23dcd409ed5f 1c21e9eae913430cad60c23e6e003afb d4c8a4330faf44a887d0875ec4e99a03 - - default default] Method 'is_advsvc' is deprecated since 2023.2 release (neutron-lib 3.8.0) and will be removed once support for the old RBAC API policies will be removed from Neutron. Please use method 'is_service_role' instead.
2026-06-03 01:01:44.369 9 INFO neutron.plugins.ml2.plugin [None req-2eeaa632-5493-44e3-a71c-72f4eb284b18 - - - - - -] Attempt 1 to provision port 298f7fc7-f9a4-43e7-b629-78ac60c01006
2026-06-03 01:01:44.429 9 INFO neutron.db.ovn_revision_numbers_db [None req-bc3bcbb0-a5f5-46da-955e-ebea603f5f47 f01b19d573db4e609ae8edc4739a73fb 54ae06235bee4cb2979f196ba2e7d485 - - default default] Successfully bumped revision number for resource 7f9d772f-551e-44c6-8b98-752994ad871c (type: router_ports) to 2
2026-06-03 01:01:44.432 9 INFO neutron.wsgi [None req-bc3bcbb0-a5f5-46da-955e-ebea603f5f47 f01b19d573db4e609ae8edc4739a73fb 54ae06235bee4cb2979f196ba2e7d485 - - default default] 10.0.0.147 "PUT /v2.0/routers/11a5a86e-4dcf-4aa9-b55f-74dcf81fe587/add_router_interface HTTP/1.1" status: 200 len: 503 time: 2.1580780
2026-06-03 01:01:44.473 10 INFO neutron.db.ovn_revision_numbers_db [None req-510c761b-a64d-436e-a08a-23dcd409ed5f 1c21e9eae913430cad60c23e6e003afb d4c8a4330faf44a887d0875ec4e99a03 - - default default] Successfully bumped revision number for resource c9278984-b32d-4a45-88cb-bcbcf6c1d77e (type: security_groups) to 1
2026-06-03 01:01:44.486 10 INFO neutron.db.ovn_revision_numbers_db [None req-510c761b-a64d-436e-a08a-23dcd409ed5f 1c21e9eae913430cad60c23e6e003afb d4c8a4330faf44a887d0875ec4e99a03 - - default default] Successfully bumped revision number for resource 04af46e4-7d4f-4068-a521-ca57feb2ccb8 (type: security_group_rules) to 0
2026-06-03 01:01:44.500 10 INFO neutron.db.ovn_revision_numbers_db [None req-510c761b-a64d-436e-a08a-23dcd409ed5f 1c21e9eae913430cad60c23e6e003afb d4c8a4330faf44a887d0875ec4e99a03 - - default default] Successfully bumped revision number for resource 7d406e06-54bc-4486-b2a9-a61472138222 (type: security_group_rules) to 0
2026-06-03 01:01:44.532 10 INFO neutron.wsgi [None req-510c761b-a64d-436e-a08a-23dcd409ed5f 1c21e9eae913430cad60c23e6e003afb d4c8a4330faf44a887d0875ec4e99a03 - - default default] 10.0.0.147 "POST /v2.0/security-groups HTTP/1.1" status: 201 len: 1796 time: 0.1793225
2026-06-03 01:01:44.541 10 WARNING neutron_lib.context [None req-256600a7-b4b6-40e2-99f8-e3b6a58064f7 1c21e9eae913430cad60c23e6e003afb d4c8a4330faf44a887d0875ec4e99a03 - - default default] Method 'is_advsvc' is deprecated since 2023.2 release (neutron-lib 3.8.0) and will be removed once support for the old RBAC API policies will be removed from Neutron. Please use method 'is_service_role' instead.
2026-06-03 01:01:44.559 9 INFO neutron.wsgi [None req-8966cb63-8d00-48b7-bd25-1b6550a122d6 f01b19d573db4e609ae8edc4739a73fb 54ae06235bee4cb2979f196ba2e7d485 - - default default] 10.0.0.147 "GET /v2.0/ports/7f9d772f-551e-44c6-8b98-752994ad871c HTTP/1.1" status: 200 len: 1137 time: 0.1213470
2026-06-03 01:01:44.716 9 INFO neutron.db.ovn_revision_numbers_db [None req-2eeaa632-5493-44e3-a71c-72f4eb284b18 - - - - - -] Successfully bumped revision number for resource 298f7fc7-f9a4-43e7-b629-78ac60c01006 (type: ports) to 2
2026-06-03 01:01:44.758 10 INFO neutron.db.ovn_revision_numbers_db [None req-256600a7-b4b6-40e2-99f8-e3b6a58064f7 1c21e9eae913430cad60c23e6e003afb d4c8a4330faf44a887d0875ec4e99a03 - - default default] Successfully bumped revision number for resource f07e6a7c-38cb-41e8-b676-b95600c08895 (type: security_group_rules) to 0
2026-06-03 01:01:44.796 9 INFO neutron.db.ovn_revision_numbers_db [None req-2eeaa632-5493-44e3-a71c-72f4eb284b18 - - - - - -] Successfully bumped revision number for resource 298f7fc7-f9a4-43e7-b629-78ac60c01006 (type: router_ports) to 2
2026-06-03 01:01:44.808 10 INFO neutron.wsgi [None req-256600a7-b4b6-40e2-99f8-e3b6a58064f7 1c21e9eae913430cad60c23e6e003afb d4c8a4330faf44a887d0875ec4e99a03 - - default default] 10.0.0.147 "POST /v2.0/security-group-rules HTTP/1.1" status: 201 len: 764 time: 0.2703714
2026-06-03 01:01:44.819 9 WARNING neutron_lib.context [None req-ac43dd94-2e4e-43d4-a524-2ac68829b8ae 1c21e9eae913430cad60c23e6e003afb d4c8a4330faf44a887d0875ec4e99a03 - - default default] Method 'is_advsvc' is deprecated since 2023.2 release (neutron-lib 3.8.0) and will be removed once support for the old RBAC API policies will be removed from Neutron. Please use method 'is_service_role' instead.
2026-06-03 01:01:44.968 9 INFO neutron.db.ovn_revision_numbers_db [None req-ac43dd94-2e4e-43d4-a524-2ac68829b8ae 1c21e9eae913430cad60c23e6e003afb d4c8a4330faf44a887d0875ec4e99a03 - - default default] Successfully bumped revision number for resource 084b049a-0879-441c-965c-1f65512509ba (type: security_group_rules) to 0
2026-06-03 01:01:45.000 9 INFO neutron.wsgi [None req-ac43dd94-2e4e-43d4-a524-2ac68829b8ae 1c21e9eae913430cad60c23e6e003afb d4c8a4330faf44a887d0875ec4e99a03 - - default default] 10.0.0.147 "POST /v2.0/security-group-rules HTTP/1.1" status: 201 len: 769 time: 0.1865313
2026-06-03 01:01:45.013 9 WARNING neutron_lib.context [None req-2350f91e-ebc6-464d-b18d-45d14e844f63 1c21e9eae913430cad60c23e6e003afb d4c8a4330faf44a887d0875ec4e99a03 - - default default] Method 'is_advsvc' is deprecated since 2023.2 release (neutron-lib 3.8.0) and will be removed once support for the old RBAC API policies will be removed from Neutron. Please use method 'is_service_role' instead.
2026-06-03 01:01:45.185 9 INFO neutron.wsgi [None req-b1356bcc-927e-4d52-989c-f4c0377d79a3 850929713fe54f6d94379cc5567d8e44 3879a0d72fc84c6787e4886dc917d8d4 - - default default] 10.0.0.147 "GET /v2.0/extensions HTTP/1.1" status: 200 len: 16975 time: 0.1830552
2026-06-03 01:01:45.200 9 INFO neutron.wsgi [None req-681306a9-89d5-4395-a957-b80869aaedd3 850929713fe54f6d94379cc5567d8e44 3879a0d72fc84c6787e4886dc917d8d4 - - default default] 10.0.0.147 "GET /v2.0/extensions/address-group HTTP/1.1" status: 200 len: 353 time: 0.0051043
2026-06-03 01:01:45.208 9 INFO neutron.wsgi [None req-cd33c336-8ffe-4c70-a9f5-5bc6821a0350 850929713fe54f6d94379cc5567d8e44 3879a0d72fc84c6787e4886dc917d8d4 - - default default] 10.0.0.147 "GET /v2.0/extensions/address-scope HTTP/1.1" status: 200 len: 357 time: 0.0043378
2026-06-03 01:01:45.228 9 INFO neutron.wsgi [None req-1815085f-7f58-4809-87fd-0fd52e461b94 850929713fe54f6d94379cc5567d8e44 3879a0d72fc84c6787e4886dc917d8d4 - - default default] 10.0.0.147 "GET /v2.0/extensions/agent HTTP/1.1" status: 200 len: 347 time: 0.0073376
2026-06-03 01:01:45.245 9 INFO neutron.wsgi [None req-d0277fe1-3259-4df7-90f9-96e60e4dd950 850929713fe54f6d94379cc5567d8e44 3879a0d72fc84c6787e4886dc917d8d4 - - default default] 10.0.0.147 "GET /v2.0/extensions/allowed-address-pairs HTTP/1.1" status: 200 len: 378 time: 0.0117881
2026-06-03 01:01:45.258 9 INFO neutron.wsgi [None req-387a2375-6a3a-4070-8a02-477411ec0142 850929713fe54f6d94379cc5567d8e44 3879a0d72fc84c6787e4886dc917d8d4 - - default default] 10.0.0.147 "GET /v2.0/extensions/auto-allocated-topology HTTP/1.1" status: 200 len: 394 time: 0.0066187
2026-06-03 01:01:45.276 9 INFO neutron.wsgi [None req-5eb6d5ed-0e0a-48c1-9651-3b713b6ab5d2 850929713fe54f6d94379cc5567d8e44 3879a0d72fc84c6787e4886dc917d8d4 - - default default] 10.0.0.147 "GET /v2.0/extensions/availability_zone HTTP/1.1" status: 200 len: 372 time: 0.0104899
2026-06-03 01:01:45.283 9 INFO neutron.wsgi [None req-e50874c1-d4f1-4de6-bf5f-1d407e77ced0 850929713fe54f6d94379cc5567d8e44 3879a0d72fc84c6787e4886dc917d8d4 - - default default] 10.0.0.147 "GET /v2.0/extensions/default-subnetpools HTTP/1.1" status: 200 len: 405 time: 0.0034075
2026-06-03 01:01:45.297 9 INFO neutron.wsgi [None req-9e462eb5-5b60-405e-8fbe-60372dce1a4e 850929713fe54f6d94379cc5567d8e44 3879a0d72fc84c6787e4886dc917d8d4 - - default default] 10.0.0.147 "GET /v2.0/extensions/dhcp_agent_scheduler HTTP/1.1" status: 200 len: 381 time: 0.0085406
2026-06-03 01:01:45.305 9 INFO neutron.wsgi [None req-31d39aeb-94aa-4485-8c9b-0c02f715aaa6 850929713fe54f6d94379cc5567d8e44 3879a0d72fc84c6787e4886dc917d8d4 - - default default] 10.0.0.147 "GET /v2.0/extensions/dns-integration HTTP/1.1" status: 200 len: 366 time: 0.0038772
2026-06-03 01:01:45.315 9 INFO neutron.wsgi [None req-c86458f0-7830-4570-adc0-12ccfd6705dc 850929713fe54f6d94379cc5567d8e44 3879a0d72fc84c6787e4886dc917d8d4 - - default default] 10.0.0.147 "GET /v2.0/extensions/dns-domain-ports HTTP/1.1" status: 200 len: 399 time: 0.0044672
2026-06-03 01:01:45.328 9 INFO neutron.wsgi [None req-e3616790-675c-4cd5-95b0-0d44b18341ec 850929713fe54f6d94379cc5567d8e44 3879a0d72fc84c6787e4886dc917d8d4 - - default default] 10.0.0.147 "GET /v2.0/extensions/dns-integration-domain-keywords HTTP/1.1" status: 200 len: 477 time: 0.0042698
2026-06-03 01:01:45.336 9 INFO neutron.wsgi [None req-4fe507d9-d6bf-4abc-b796-fcae03cdc71f 850929713fe54f6d94379cc5567d8e44 3879a0d72fc84c6787e4886dc917d8d4 - - default default] 10.0.0.147 "GET /v2.0/extensions/empty-string-filtering HTTP/1.1" status: 200 len: 413 time: 0.0040672
2026-06-03 01:01:45.348 9 INFO neutron.wsgi [None req-109c0d04-852b-4a8d-b8ef-adc449a06863 850929713fe54f6d94379cc5567d8e44 3879a0d72fc84c6787e4886dc917d8d4 - - default default] 10.0.0.147 "GET /v2.0/extensions/external-net HTTP/1.1" status: 200 len: 394 time: 0.0069530
2026-06-03 01:01:45.356 9 INFO neutron.wsgi [None req-1ebe3b31-4aac-4d13-8bbb-02abf387c2de 850929713fe54f6d94379cc5567d8e44 3879a0d72fc84c6787e4886dc917d8d4 - - default default] 10.0.0.147 "GET /v2.0/extensions/extra_dhcp_opt HTTP/1.1" status: 200 len: 498 time: 0.0034139
2026-06-03 01:01:45.370 9 INFO neutron.wsgi [None req-98b336e1-a0f1-49de-a03b-4c7eb21b2b32 850929713fe54f6d94379cc5567d8e44 3879a0d72fc84c6787e4886dc917d8d4 - - default default] 10.0.0.147 "GET /v2.0/extensions/extraroute HTTP/1.1" status: 200 len: 375 time: 0.0077052
2026-06-03 01:01:45.386 10 INFO neutron.wsgi [None req-e02a505c-fd00-4cf5-bb48-70c5ee945784 850929713fe54f6d94379cc5567d8e44 3879a0d72fc84c6787e4886dc917d8d4 - - default default] 10.0.0.147 "GET /v2.0/extensions/filter-validation HTTP/1.1" status: 200 len: 392 time: 0.0069098
2026-06-03 01:01:45.389 9 WARNING neutron.scheduler.dhcp_agent_scheduler [None req-2350f91e-ebc6-464d-b18d-45d14e844f63 1c21e9eae913430cad60c23e6e003afb d4c8a4330faf44a887d0875ec4e99a03 - - default default] No more DHCP agents
2026-06-03 01:01:45.394 9 WARNING neutron.api.rpc.agentnotifiers.dhcp_rpc_agent_api [None req-2350f91e-ebc6-464d-b18d-45d14e844f63 1c21e9eae913430cad60c23e6e003afb d4c8a4330faf44a887d0875ec4e99a03 - - default default] Unable to schedule network 9750bfc4-d3f9-417e-855f-d6a046f2fe34: no agents available; will retry on subsequent port and subnet creation events.
2026-06-03 01:01:45.397 10 INFO neutron.wsgi [None req-269277dd-9bee-4dd7-bb4a-3953bbefe9f8 850929713fe54f6d94379cc5567d8e44 3879a0d72fc84c6787e4886dc917d8d4 - - default default] 10.0.0.147 "GET /v2.0/extensions/floating-ip-port-forwarding-detail HTTP/1.1" status: 200 len: 465 time: 0.0058231
2026-06-03 01:01:45.410 10 INFO neutron.wsgi [None req-8254ed6c-aa7a-41f1-b770-ee430dd53bbf 850929713fe54f6d94379cc5567d8e44 3879a0d72fc84c6787e4886dc917d8d4 - - default default] 10.0.0.147 "GET /v2.0/extensions/fip-port-details HTTP/1.1" status: 200 len: 406 time: 0.0075481
2026-06-03 01:01:45.422 9 INFO neutron.wsgi [None req-864dc777-6478-4b8a-8bb7-49e37740b1d7 850929713fe54f6d94379cc5567d8e44 3879a0d72fc84c6787e4886dc917d8d4 - - default default] 10.0.0.147 "GET /v2.0/extensions/flavors HTTP/1.1" status: 200 len: 387 time: 0.0073063
2026-06-03 01:01:45.434 10 INFO neutron.wsgi [None req-0af96b6e-55ff-47b3-8651-6b84151cc8f8 850929713fe54f6d94379cc5567d8e44 3879a0d72fc84c6787e4886dc917d8d4 - - default default] 10.0.0.147 "GET /v2.0/extensions/floatingip-pools HTTP/1.1" status: 200 len: 382 time: 0.0065587
2026-06-03 01:01:45.449 10 INFO neutron.wsgi [None req-edb739f9-a460-401a-8474-f23b77fe4a56 850929713fe54f6d94379cc5567d8e44 3879a0d72fc84c6787e4886dc917d8d4 - - default default] 10.0.0.147 "GET /v2.0/extensions/ip_allocation HTTP/1.1" status: 200 len: 356 time: 0.0084784
2026-06-03 01:01:45.459 9 INFO neutron.wsgi [None req-e7668626-6db5-4f7c-902b-5ee0dee9f833 850929713fe54f6d94379cc5567d8e44 3879a0d72fc84c6787e4886dc917d8d4 - - default default] 10.0.0.147 "GET /v2.0/extensions/l2_adjacency HTTP/1.1" status: 200 len: 372 time: 0.0062089
2026-06-03 01:01:45.469 9 INFO neutron.wsgi [None req-5a25226c-19bd-403f-8d10-45fa0ea64810 850929713fe54f6d94379cc5567d8e44 3879a0d72fc84c6787e4886dc917d8d4 - - default default] 10.0.0.147 "GET /v2.0/extensions/router HTTP/1.1" status: 200 len: 450 time: 0.0041521
2026-06-03 01:01:45.486 9 INFO neutron.wsgi [None req-88fd07a5-46a1-410a-b9ce-d30875e692b4 850929713fe54f6d94379cc5567d8e44 3879a0d72fc84c6787e4886dc917d8d4 - - default default] 10.0.0.147 "GET /v2.0/extensions/ext-gw-mode HTTP/1.1" status: 200 len: 462 time: 0.0123160
2026-06-03 01:01:45.498 10 INFO neutron.wsgi [None req-2790605e-2116-4a69-a363-82c99de7d13b 850929713fe54f6d94379cc5567d8e44 3879a0d72fc84c6787e4886dc917d8d4 - - default default] 10.0.0.147 "GET /v2.0/extensions/logging HTTP/1.1" status: 200 len: 407 time: 0.0059297
2026-06-03 01:01:45.508 9 INFO neutron.wsgi [None req-73a03881-7f8d-4566-bb7d-e4d8e852ea38 850929713fe54f6d94379cc5567d8e44 3879a0d72fc84c6787e4886dc917d8d4 - - default default] 10.0.0.147 "GET /v2.0/extensions/multi-provider HTTP/1.1" status: 200 len: 406 time: 0.0060763
2026-06-03 01:01:45.517 9 INFO neutron.wsgi [None req-eeadf162-441b-4cd4-90d2-fde1f3b88d43 850929713fe54f6d94379cc5567d8e44 3879a0d72fc84c6787e4886dc917d8d4 - - default default] 10.0.0.147 "GET /v2.0/extensions/net-mtu HTTP/1.1" status: 200 len: 370 time: 0.0038667
2026-06-03 01:01:45.530 10 INFO neutron.wsgi [None req-a720a6cc-0645-41c2-9063-dc4acfe2aec9 850929713fe54f6d94379cc5567d8e44 3879a0d72fc84c6787e4886dc917d8d4 - - default default] 10.0.0.147 "GET /v2.0/extensions/net-mtu-writable HTTP/1.1" status: 200 len: 401 time: 0.0092270
2026-06-03 01:01:45.539 10 INFO neutron.wsgi [None req-51695b04-d61f-475a-9e6b-418d812a5656 850929713fe54f6d94379cc5567d8e44 3879a0d72fc84c6787e4886dc917d8d4 - - default default] 10.0.0.147 "GET /v2.0/extensions/network_availability_zone HTTP/1.1" status: 200 len: 394 time: 0.0057068
2026-06-03 01:01:45.549 9 INFO neutron.wsgi [None req-8c0c3614-81b2-40e1-850d-e5144a86f6eb 850929713fe54f6d94379cc5567d8e44 3879a0d72fc84c6787e4886dc917d8d4 - - default default] 10.0.0.147 "GET /v2.0/extensions/network-ip-availability HTTP/1.1" status: 200 len: 410 time: 0.0053668
2026-06-03 01:01:45.556 9 INFO neutron.wsgi [None req-34645263-0926-49fc-a6e8-0605972be669 850929713fe54f6d94379cc5567d8e44 3879a0d72fc84c6787e4886dc917d8d4 - - default default] 10.0.0.147 "GET /v2.0/extensions/pagination HTTP/1.1" status: 200 len: 386 time: 0.0030103
2026-06-03 01:01:45.567 10 INFO neutron.wsgi [None req-b861b8a6-86b7-4b1a-a8d4-94a661264b8b 850929713fe54f6d94379cc5567d8e44 3879a0d72fc84c6787e4886dc917d8d4 - - default default] 10.0.0.147 "GET /v2.0/extensions/port-device-profile HTTP/1.1" status: 200 len: 383 time: 0.0053751
2026-06-03 01:01:45.578 10 INFO neutron.wsgi [None req-7ea11d40-dff0-44de-a71b-37c237fa24ac 850929713fe54f6d94379cc5567d8e44 3879a0d72fc84c6787e4886dc917d8d4 - - default default] 10.0.0.147 "GET /v2.0/extensions/port-mac-address-regenerate HTTP/1.1" status: 200 len: 403 time: 0.0050850
2026-06-03 01:01:45.587 9 INFO neutron.wsgi [None req-e5331624-c83c-4289-a774-d1b1dadf78ca 850929713fe54f6d94379cc5567d8e44 3879a0d72fc84c6787e4886dc917d8d4 - - default default] 10.0.0.147 "GET /v2.0/extensions/port-numa-affinity-policy HTTP/1.1" status: 200 len: 392 time: 0.0051539
2026-06-03 01:01:45.598 9 INFO neutron.wsgi [None req-f5829a72-5490-415e-aed2-b4604c2070d2 850929713fe54f6d94379cc5567d8e44 3879a0d72fc84c6787e4886dc917d8d4 - - default default] 10.0.0.147 "GET /v2.0/extensions/port-resource-request HTTP/1.1" status: 200 len: 379 time: 0.0068228
2026-06-03 01:01:45.608 9 INFO neutron.wsgi [None req-a6689f8d-8d51-4563-9be5-22f99c857218 850929713fe54f6d94379cc5567d8e44 3879a0d72fc84c6787e4886dc917d8d4 - - default default] 10.0.0.147 "GET /v2.0/extensions/port-resource-request-groups HTTP/1.1" status: 200 len: 465 time: 0.0030766
2026-06-03 01:01:45.618 10 INFO neutron.wsgi [None req-6357bd9a-2703-490a-a577-2b8091277182 850929713fe54f6d94379cc5567d8e44 3879a0d72fc84c6787e4886dc917d8d4 - - default default] 10.0.0.147 "GET /v2.0/extensions/binding HTTP/1.1" status: 200 len: 387 time: 0.0057483
2026-06-03 01:01:45.625 10 WARNING neutron.scheduler.dhcp_agent_scheduler [None req-17c6e7d9-cf24-4705-9f12-b99c57e4fd6e f01b19d573db4e609ae8edc4739a73fb 54ae06235bee4cb2979f196ba2e7d485 - - default default] No more DHCP agents
2026-06-03 01:01:45.626 9 INFO neutron.wsgi [None req-1b5cd67a-ae24-4405-b00c-de3c1260d467 850929713fe54f6d94379cc5567d8e44 3879a0d72fc84c6787e4886dc917d8d4 - - default default] 10.0.0.147 "GET /v2.0/extensions/binding-extended HTTP/1.1" status: 200 len: 406 time: 0.0037737
2026-06-03 01:01:45.629 10 WARNING neutron.api.rpc.agentnotifiers.dhcp_rpc_agent_api [None req-17c6e7d9-cf24-4705-9f12-b99c57e4fd6e f01b19d573db4e609ae8edc4739a73fb 54ae06235bee4cb2979f196ba2e7d485 - - default default] Unable to schedule network 8b0a01d6-67f6-4f3b-9d7d-37eee2a3258d: no agents available; will retry on subsequent port and subnet creation events.
2026-06-03 01:01:45.635 10 INFO neutron.wsgi [None req-5884c733-875b-4f0f-b3d2-3a43b8035fd0 850929713fe54f6d94379cc5567d8e44 3879a0d72fc84c6787e4886dc917d8d4 - - default default] 10.0.0.147 "GET /v2.0/extensions/port-security HTTP/1.1" status: 200 len: 354 time: 0.0046623
2026-06-03 01:01:45.649 9 INFO neutron.wsgi [None req-b59759e5-7f3c-4968-a980-690981c027f5 850929713fe54f6d94379cc5567d8e44 3879a0d72fc84c6787e4886dc917d8d4 - - default default] 10.0.0.147 "GET /v2.0/extensions/project-id HTTP/1.1" status: 200 len: 398 time: 0.0079484
2026-06-03 01:01:45.657 9 INFO neutron.wsgi [None req-d8360702-206a-451d-9520-e0bfb42a24d1 850929713fe54f6d94379cc5567d8e44 3879a0d72fc84c6787e4886dc917d8d4 - - default default] 10.0.0.147 "GET /v2.0/extensions/provider HTTP/1.1" status: 200 len: 385 time: 0.0048566
2026-06-03 01:01:45.674 10 INFO neutron.wsgi [None req-f91839dc-0e74-4c09-8963-b778cd968504 850929713fe54f6d94379cc5567d8e44 3879a0d72fc84c6787e4886dc917d8d4 - - default default] 10.0.0.147 "GET /v2.0/extensions/qos HTTP/1.1" status: 200 len: 360 time: 0.0125573
2026-06-03 01:01:45.691 10 INFO neutron.wsgi [None req-c3ea45d8-74a7-4833-8b5a-77dded924d5e 850929713fe54f6d94379cc5567d8e44 3879a0d72fc84c6787e4886dc917d8d4 - - default default] 10.0.0.147 "GET /v2.0/extensions/qos-bw-limit-direction HTTP/1.1" status: 200 len: 452 time: 0.0106633
2026-06-03 01:01:45.703 10 INFO neutron.wsgi [None req-af637acc-19d0-4fba-9c29-4015c4deaf93 850929713fe54f6d94379cc5567d8e44 3879a0d72fc84c6787e4886dc917d8d4 - - default default] 10.0.0.147 "GET /v2.0/extensions/qos-bw-minimum-ingress HTTP/1.1" status: 200 len: 445 time: 0.0053229
2026-06-03 01:01:45.712 10 INFO neutron.wsgi [None req-a2b28a30-c91e-4476-9f89-9da11847be69 850929713fe54f6d94379cc5567d8e44 3879a0d72fc84c6787e4886dc917d8d4 - - default default] 10.0.0.147 "GET /v2.0/extensions/qos-default HTTP/1.1" status: 200 len: 377 time: 0.0043273
2026-06-03 01:01:45.721 10 INFO neutron.wsgi [None req-082dc19a-787a-43f5-a36d-2ba40708274c 850929713fe54f6d94379cc5567d8e44 3879a0d72fc84c6787e4886dc917d8d4 - - default default] 10.0.0.147 "GET /v2.0/extensions/qos-fip HTTP/1.1" status: 200 len: 372 time: 0.0045505
2026-06-03 01:01:45.735 9 INFO neutron.wsgi [None req-b23ab99b-7138-44bc-b3ab-e552c7f8e5f7 850929713fe54f6d94379cc5567d8e44 3879a0d72fc84c6787e4886dc917d8d4 - - default default] 10.0.0.147 "GET /v2.0/extensions/qos-gateway-ip HTTP/1.1" status: 200 len: 391 time: 0.0071146
2026-06-03 01:01:45.743 9 INFO neutron.wsgi [None req-90265685-df43-4b21-b939-32d6cdbd18ae 850929713fe54f6d94379cc5567d8e44 3879a0d72fc84c6787e4886dc917d8d4 - - default default] 10.0.0.147 "GET /v2.0/extensions/qos-port-network-policy HTTP/1.1" status: 200 len: 403 time: 0.0039947
2026-06-03 01:01:45.755 10 INFO neutron.wsgi [None req-6af0350a-4aab-4f14-a79c-8f921dcea0da 850929713fe54f6d94379cc5567d8e44 3879a0d72fc84c6787e4886dc917d8d4 - - default default] 10.0.0.147 "GET /v2.0/extensions/qos-pps-minimum HTTP/1.1" status: 200 len: 397 time: 0.0059724
2026-06-03 01:01:45.768 9 INFO neutron.wsgi [None req-b2b7d6c0-521c-4529-a685-f09a3f7ff3d5 850929713fe54f6d94379cc5567d8e44 3879a0d72fc84c6787e4886dc917d8d4 - - default default] 10.0.0.147 "GET /v2.0/extensions/qos-pps-minimum-rule-alias HTTP/1.1" status: 200 len: 471 time: 0.0048859
2026-06-03 01:01:45.775 9 INFO neutron.wsgi [None req-8297a522-ea58-423b-b57f-c457610e5329 850929713fe54f6d94379cc5567d8e44 3879a0d72fc84c6787e4886dc917d8d4 - - default default] 10.0.0.147 "GET /v2.0/extensions/qos-pps HTTP/1.1" status: 200 len: 389 time: 0.0042906
2026-06-03 01:01:45.784 9 INFO neutron.wsgi [None req-534c0aaf-cb36-4ea2-9e63-0a1d9f1def54 850929713fe54f6d94379cc5567d8e44 3879a0d72fc84c6787e4886dc917d8d4 - - default default] 10.0.0.147 "GET /v2.0/extensions/qos-rule-type-details HTTP/1.1" status: 200 len: 423 time: 0.0043352
2026-06-03 01:01:45.796 10 INFO neutron.wsgi [None req-44ec9954-e851-4d91-9eb8-489e95f81e9a 850929713fe54f6d94379cc5567d8e44 3879a0d72fc84c6787e4886dc917d8d4 - - default default] 10.0.0.147 "GET /v2.0/extensions/qos-rule-type-filter HTTP/1.1" status: 200 len: 567 time: 0.0069463
2026-06-03 01:01:45.805 10 INFO neutron.wsgi [None req-4d3bce1d-6b56-4845-a4ed-bd6cba55e8ba 850929713fe54f6d94379cc5567d8e44 3879a0d72fc84c6787e4886dc917d8d4 - - default default] 10.0.0.147 "GET /v2.0/extensions/qos-rules-alias HTTP/1.1" status: 200 len: 448 time: 0.0044568
2026-06-03 01:01:45.815 10 INFO neutron.wsgi [None req-c6a6b19b-65ce-4661-bb2e-3f352c85de4d 850929713fe54f6d94379cc5567d8e44 3879a0d72fc84c6787e4886dc917d8d4 - - default default] 10.0.0.147 "GET /v2.0/extensions/quota-check-limit HTTP/1.1" status: 200 len: 420 time: 0.0039413
2026-06-03 01:01:45.824 9 INFO neutron.wsgi [None req-615e996d-63e9-431a-82fa-a46f3dcf1752 850929713fe54f6d94379cc5567d8e44 3879a0d72fc84c6787e4886dc917d8d4 - - default default] 10.0.0.147 "GET /v2.0/extensions/quotas HTTP/1.1" status: 200 len: 386 time: 0.0048716
2026-06-03 01:01:45.825 9 INFO neutron.db.ovn_revision_numbers_db [None req-2350f91e-ebc6-464d-b18d-45d14e844f63 1c21e9eae913430cad60c23e6e003afb d4c8a4330faf44a887d0875ec4e99a03 - - default default] Successfully bumped revision number for resource 9671eb53-77d8-4c9f-ac61-ff072357bae6 (type: floatingips) to 0
2026-06-03 01:01:45.833 9 INFO neutron.wsgi [None req-fadca481-d7a9-4b7b-8f74-220792e2fafb 850929713fe54f6d94379cc5567d8e44 3879a0d72fc84c6787e4886dc917d8d4 - - default default] 10.0.0.147 "GET /v2.0/extensions/quota_details HTTP/1.1" status: 200 len: 407 time: 0.0050602
2026-06-03 01:01:45.843 10 INFO neutron.wsgi [None req-3aa661b6-9c14-4060-bff0-1ee2f16d1f30 850929713fe54f6d94379cc5567d8e44 3879a0d72fc84c6787e4886dc917d8d4 - - default default] 10.0.0.147 "GET /v2.0/extensions/rbac-policies HTTP/1.1" status: 200 len: 417 time: 0.0056300
2026-06-03 01:01:45.845 9 INFO neutron.wsgi [None req-2350f91e-ebc6-464d-b18d-45d14e844f63 1c21e9eae913430cad60c23e6e003afb d4c8a4330faf44a887d0875ec4e99a03 - - default default] 10.0.0.147 "POST /v2.0/floatingips HTTP/1.1" status: 201 len: 751 time: 0.8382163
2026-06-03 01:01:45.852 9 INFO neutron.wsgi [None req-28fa2a1b-c65a-44ff-96f3-e935a67ebaae 850929713fe54f6d94379cc5567d8e44 3879a0d72fc84c6787e4886dc917d8d4 - - default default] 10.0.0.147 "GET /v2.0/extensions/rbac-address-scope HTTP/1.1" status: 200 len: 384 time: 0.0049984
2026-06-03 01:01:45.859 10 INFO neutron.db.ovn_revision_numbers_db [None req-17c6e7d9-cf24-4705-9f12-b99c57e4fd6e f01b19d573db4e609ae8edc4739a73fb 54ae06235bee4cb2979f196ba2e7d485 - - default default] Successfully bumped revision number for resource b78f7abe-f028-4086-8cdd-5b322e6a3012 (type: ports) to 1
2026-06-03 01:01:45.865 9 INFO neutron.wsgi [None req-77b87631-db2f-49cf-a4c0-b88fb1252717 850929713fe54f6d94379cc5567d8e44 3879a0d72fc84c6787e4886dc917d8d4 - - default default] 10.0.0.147 "GET /v2.0/extensions/rbac-security-groups HTTP/1.1" status: 200 len: 404 time: 0.0068829
2026-06-03 01:01:45.880 9 INFO neutron.wsgi [None req-011d44f7-89fb-47d3-a2e4-c157e2814cfe 850929713fe54f6d94379cc5567d8e44 3879a0d72fc84c6787e4886dc917d8d4 - - default default] 10.0.0.147 "GET /v2.0/extensions/revision-if-match HTTP/1.1" status: 200 len: 441 time: 0.0096807
2026-06-03 01:01:45.889 9 INFO neutron.wsgi [None req-e3574ec9-d044-477d-ac2c-b0338b8a0533 850929713fe54f6d94379cc5567d8e44 3879a0d72fc84c6787e4886dc917d8d4 - - default default] 10.0.0.147 "GET /v2.0/extensions/standard-attr-revisions HTTP/1.1" status: 200 len: 423 time: 0.0047650
2026-06-03 01:01:45.898 9 INFO neutron.wsgi [None req-53d668af-8b2c-492b-bd38-c32ae16cee5e 850929713fe54f6d94379cc5567d8e44 3879a0d72fc84c6787e4886dc917d8d4 - - default default] 10.0.0.147 "GET /v2.0/extensions/router_availability_zone HTTP/1.1" status: 200 len: 391 time: 0.0055494
2026-06-03 01:01:45.906 9 INFO neutron.wsgi [None req-09cd40e1-fef3-4656-b5d9-2073c7229053 850929713fe54f6d94379cc5567d8e44 3879a0d72fc84c6787e4886dc917d8d4 - - default default] 10.0.0.147 "GET /v2.0/extensions/security-groups-default-rules HTTP/1.1" status: 200 len: 456 time: 0.0047512
2026-06-03 01:01:45.920 9 INFO neutron.wsgi [None req-7872b1b6-d809-467f-9876-6a2c32f231b7 850929713fe54f6d94379cc5567d8e44 3879a0d72fc84c6787e4886dc917d8d4 - - default default] 10.0.0.147 "GET /v2.0/extensions/security-groups-normalized-cidr HTTP/1.1" status: 200 len: 445 time: 0.0096571
2026-06-03 01:01:45.929 10 INFO neutron.wsgi [None req-ed004147-a6ed-46fe-a7dc-f931b247981f 850929713fe54f6d94379cc5567d8e44 3879a0d72fc84c6787e4886dc917d8d4 - - default default] 10.0.0.147 "GET /v2.0/extensions/security-groups-remote-address-group HTTP/1.1" status: 200 len: 448 time: 0.0054116
2026-06-03 01:01:45.941 9 INFO neutron.wsgi [None req-73f5c97a-d3af-4dbf-9fae-d2cbf58e2fd8 850929713fe54f6d94379cc5567d8e44 3879a0d72fc84c6787e4886dc917d8d4 - - default default] 10.0.0.147 "GET /v2.0/extensions/security-groups-shared-filtering HTTP/1.1" status: 200 len: 435 time: 0.0089409
2026-06-03 01:01:45.956 10 INFO neutron.wsgi [None req-34e6a163-3325-4b6b-ba66-7f00727cb141 850929713fe54f6d94379cc5567d8e44 3879a0d72fc84c6787e4886dc917d8d4 - - default default] 10.0.0.147 "GET /v2.0/extensions/security-group HTTP/1.1" status: 200 len: 364 time: 0.0108590
2026-06-03 01:01:45.969 10 INFO neutron.wsgi [None req-05a56164-f392-41da-b0a3-bbefe4f42a75 850929713fe54f6d94379cc5567d8e44 3879a0d72fc84c6787e4886dc917d8d4 - - default default] 10.0.0.147 "GET /v2.0/extensions/segment HTTP/1.1" status: 200 len: 339 time: 0.0064344
2026-06-03 01:01:45.982 9 INFO neutron.wsgi [None req-ea2c3ae8-66a9-4e51-a9b3-d735717fef74 850929713fe54f6d94379cc5567d8e44 3879a0d72fc84c6787e4886dc917d8d4 - - default default] 10.0.0.147 "GET /v2.0/extensions/segments-peer-subnet-host-routes HTTP/1.1" status: 200 len: 427 time: 0.0074642
2026-06-03 01:01:45.988 9 INFO neutron.wsgi [None req-c3518de0-9e88-4140-86a1-ba2f9fc988a0 850929713fe54f6d94379cc5567d8e44 3879a0d72fc84c6787e4886dc917d8d4 - - default default] 10.0.0.147 "GET /v2.0/extensions/service-type HTTP/1.1" status: 200 len: 415 time: 0.0031040
2026-06-03 01:01:45.997 9 INFO neutron.wsgi [None req-abab8d76-92fb-4965-aa52-0cab45d9b530 850929713fe54f6d94379cc5567d8e44 3879a0d72fc84c6787e4886dc917d8d4 - - default default] 10.0.0.147 "GET /v2.0/extensions/sorting HTTP/1.1" status: 200 len: 377 time: 0.0048759
2026-06-03 01:01:46.006 9 INFO neutron.wsgi [None req-f6b56b13-497d-484f-a792-827f6d5d67c7 850929713fe54f6d94379cc5567d8e44 3879a0d72fc84c6787e4886dc917d8d4 - - default default] 10.0.0.147 "GET /v2.0/extensions/standard-attr-segment HTTP/1.1" status: 200 len: 406 time: 0.0041392
2026-06-03 01:01:46.014 9 INFO neutron.wsgi [None req-e91a7b0c-f91a-45e7-aac8-f0872ec84e74 850929713fe54f6d94379cc5567d8e44 3879a0d72fc84c6787e4886dc917d8d4 - - default default] 10.0.0.147 "GET /v2.0/extensions/standard-attr-description HTTP/1.1" status: 200 len: 408 time: 0.0044818
2026-06-03 01:01:46.022 9 INFO neutron.wsgi [None req-fd0ad1e2-17e9-4767-baed-d9bb4a0859c9 850929713fe54f6d94379cc5567d8e44 3879a0d72fc84c6787e4886dc917d8d4 - - default default] 10.0.0.147 "GET /v2.0/extensions/stateful-security-group HTTP/1.1" status: 200 len: 402 time: 0.0042946
2026-06-03 01:01:46.030 9 INFO neutron.wsgi [None req-629d8fd9-d5b9-4427-8e9b-710ec234615d 850929713fe54f6d94379cc5567d8e44 3879a0d72fc84c6787e4886dc917d8d4 - - default default] 10.0.0.147 "GET /v2.0/extensions/subnet-dns-publish-fixed-ip HTTP/1.1" status: 200 len: 421 time: 0.0046210
2026-06-03 01:01:46.039 9 INFO neutron.wsgi [None req-96533bd7-c378-4188-a8d3-3b267507b61e 850929713fe54f6d94379cc5567d8e44 3879a0d72fc84c6787e4886dc917d8d4 - - default default] 10.0.0.147 "GET /v2.0/extensions/subnet-segmentid-writable HTTP/1.1" status: 200 len: 421 time: 0.0046737
2026-06-03 01:01:46.048 9 INFO neutron.wsgi [None req-02f4c3c6-6d34-4833-b9b7-18311508daf2 850929713fe54f6d94379cc5567d8e44 3879a0d72fc84c6787e4886dc917d8d4 - - default default] 10.0.0.147 "GET /v2.0/extensions/subnet-service-types HTTP/1.1" status: 200 len: 400 time: 0.0041480
2026-06-03 01:01:46.058 9 INFO neutron.wsgi [None req-1155f960-7ac6-4a73-8f98-f41979b8404e 850929713fe54f6d94379cc5567d8e44 3879a0d72fc84c6787e4886dc917d8d4 - - default default] 10.0.0.147 "GET /v2.0/extensions/subnet_allocation HTTP/1.1" status: 200 len: 388 time: 0.0047393
2026-06-03 01:01:46.066 9 INFO neutron.wsgi [None req-9f97ded6-258a-4183-b997-2b7dfa40d282 850929713fe54f6d94379cc5567d8e44 3879a0d72fc84c6787e4886dc917d8d4 - - default default] 10.0.0.147 "GET /v2.0/extensions/subnetpool-prefix-ops HTTP/1.1" status: 200 len: 418 time: 0.0043678
