2026-06-03 01:03:56.590 10 INFO neutron.wsgi [req-fbfdc11c-5c0d-4d51-a801-97ee5a880312 req-27b564f5-c5c9-4ce1-a0f9-97c507f8f880 b8cc157f82754095a020ee957367ab15 9134f727aae54209977f58e9ea76239b - - default default] 10.0.0.125 "GET /v2.0/ports?device_id=e0e85dce-5fb1-4bb1-99e6-c567502dd3ce HTTP/1.1" status: 200 len: 210 time: 0.0406137
2026-06-03 01:03:56.626 9 INFO neutron.db.ovn_revision_numbers_db [None req-507fe034-27c6-47e5-9e63-dfedd9fe6e76 701c67c22e764006bfb2c5631194fcb1 1369a38f3d044568b4758fea5c624a49 - - default default] Successfully bumped revision number for resource 113e82e9-8b47-4f59-9ede-dfcfbf922eb3 (type: ports) to 1
2026-06-03 01:03:56.653 10 INFO neutron.wsgi [req-5c96fc0c-50ca-4cc6-9c6d-52b6507ceda3 req-31cebe96-829d-407d-9e2b-8fb19a0111e9 e4f9f50b079d4b2fa968f05ba0d51db1 f1cfac412872484cb275d703c4221d42 - - 03dce30708164263aa0c6e51f940dfa2 03dce30708164263aa0c6e51f940dfa2] 199.204.45.229 "GET /v2.0/networks/b3127d8f-18be-4f6e-919d-62391e1c62f4?fields=segments HTTP/1.1" status: 200 len: 212 time: 0.1100750
2026-06-03 01:03:56.664 9 INFO neutron.wsgi [None req-507fe034-27c6-47e5-9e63-dfedd9fe6e76 701c67c22e764006bfb2c5631194fcb1 1369a38f3d044568b4758fea5c624a49 - - default default] 10.0.0.147 "POST /v2.0/networks HTTP/1.1" status: 201 len: 830 time: 0.8973694
2026-06-03 01:03:56.676 10 WARNING neutron_lib.context [None req-578f2247-f807-49c9-86d2-6fdbf1a0df21 701c67c22e764006bfb2c5631194fcb1 1369a38f3d044568b4758fea5c624a49 - - default default] Method 'is_advsvc' is deprecated since 2023.2 release (neutron-lib 3.8.0) and will be removed once support for the old RBAC API policies will be removed from Neutron. Please use method 'is_service_role' instead.
2026-06-03 01:03:56.750 9 INFO neutron.db.ovn_revision_numbers_db [None req-7cca8a18-de5a-4dcc-9589-71700c27fed0 88136f3af5e940ea8f0dfe6a08a9e0e3 18a8222bcf954efa8b3a54cf874bbb43 - - default default] Successfully bumped revision number for resource dc4dad91-aa24-4959-abee-a5e156a331f5 (type: floatingips) to 0
2026-06-03 01:03:56.769 9 INFO neutron.wsgi [None req-7cca8a18-de5a-4dcc-9589-71700c27fed0 88136f3af5e940ea8f0dfe6a08a9e0e3 18a8222bcf954efa8b3a54cf874bbb43 - - default default] 10.0.0.147 "POST /v2.0/floatingips HTTP/1.1" status: 201 len: 751 time: 1.2770538
2026-06-03 01:03:56.786 9 WARNING neutron_lib.context [None req-a3895ec8-2bfe-48a2-a30a-a0acd33d065b 88136f3af5e940ea8f0dfe6a08a9e0e3 18a8222bcf954efa8b3a54cf874bbb43 - - default default] Method 'is_advsvc' is deprecated since 2023.2 release (neutron-lib 3.8.0) and will be removed once support for the old RBAC API policies will be removed from Neutron. Please use method 'is_service_role' instead.
2026-06-03 01:03:56.802 10 INFO neutron.wsgi [req-5c96fc0c-50ca-4cc6-9c6d-52b6507ceda3 req-99c3e203-bbbf-45f8-af43-49b3b851d2d2 e4f9f50b079d4b2fa968f05ba0d51db1 f1cfac412872484cb275d703c4221d42 - - 03dce30708164263aa0c6e51f940dfa2 03dce30708164263aa0c6e51f940dfa2] 199.204.45.229 "GET /v2.0/networks/b3127d8f-18be-4f6e-919d-62391e1c62f4?fields=provider%3Aphysical_network&fields=provider%3Anetwork_type HTTP/1.1" status: 200 len: 277 time: 0.1210332
2026-06-03 01:03:56.851 10 INFO neutron.wsgi [req-5c96fc0c-50ca-4cc6-9c6d-52b6507ceda3 req-be5a1614-977c-4b29-b563-c37b893de413 e4f9f50b079d4b2fa968f05ba0d51db1 f1cfac412872484cb275d703c4221d42 - - 03dce30708164263aa0c6e51f940dfa2 03dce30708164263aa0c6e51f940dfa2] 199.204.45.229 "GET /v2.0/floatingips?fixed_ip_address=10.1.1.103&port_id=a13b0255-3425-47e0-b0e5-7bc382d705ac HTTP/1.1" status: 200 len: 217 time: 0.0306590
2026-06-03 01:03:56.932 10 INFO neutron.wsgi [req-5c96fc0c-50ca-4cc6-9c6d-52b6507ceda3 req-9b268899-4360-4b2f-9399-805d7c1f41d4 e4f9f50b079d4b2fa968f05ba0d51db1 f1cfac412872484cb275d703c4221d42 - - 03dce30708164263aa0c6e51f940dfa2 03dce30708164263aa0c6e51f940dfa2] 199.204.45.229 "GET /v2.0/subnets?id=bfb797e3-3d03-49fe-b177-618c2b73f9bf HTTP/1.1" status: 200 len: 854 time: 0.0712986
2026-06-03 01:03:56.996 10 INFO neutron.wsgi [req-5c96fc0c-50ca-4cc6-9c6d-52b6507ceda3 req-cc715449-94c3-4cce-a94d-b2bceb97aa79 e4f9f50b079d4b2fa968f05ba0d51db1 f1cfac412872484cb275d703c4221d42 - - 03dce30708164263aa0c6e51f940dfa2 03dce30708164263aa0c6e51f940dfa2] 199.204.45.229 "GET /v2.0/ports?network_id=209848ca-3311-45e4-b001-a705994c61c9&device_owner=network%3Adhcp HTTP/1.1" status: 200 len: 210 time: 0.0570161
2026-06-03 01:03:57.160 9 WARNING neutron.scheduler.dhcp_agent_scheduler [None req-a3895ec8-2bfe-48a2-a30a-a0acd33d065b 88136f3af5e940ea8f0dfe6a08a9e0e3 18a8222bcf954efa8b3a54cf874bbb43 - - default default] No more DHCP agents
2026-06-03 01:03:57.163 9 WARNING neutron.api.rpc.agentnotifiers.dhcp_rpc_agent_api [None req-a3895ec8-2bfe-48a2-a30a-a0acd33d065b 88136f3af5e940ea8f0dfe6a08a9e0e3 18a8222bcf954efa8b3a54cf874bbb43 - - default default] Unable to schedule network 9750bfc4-d3f9-417e-855f-d6a046f2fe34: no agents available; will retry on subsequent port and subnet creation events.
2026-06-03 01:03:57.218 10 INFO neutron.wsgi [req-5c96fc0c-50ca-4cc6-9c6d-52b6507ceda3 req-cf3fb358-40f9-453f-963d-719de7cdc445 e4f9f50b079d4b2fa968f05ba0d51db1 f1cfac412872484cb275d703c4221d42 - - 03dce30708164263aa0c6e51f940dfa2 03dce30708164263aa0c6e51f940dfa2] 199.204.45.229 "GET /v2.0/networks/209848ca-3311-45e4-b001-a705994c61c9?fields=segments HTTP/1.1" status: 200 len: 212 time: 0.1990869 /var/lib/openstack/lib/python3.10/site-packages/pycadf/identifier.py:71: UserWarning: Invalid uuid: neutron. To ensure interoperability, identifiers should be a valid uuid. warnings.warn(('Invalid uuid: %s. To ensure interoperability, '
2026-06-03 01:03:57.287 10 WARNING neutron.scheduler.dhcp_agent_scheduler [None req-578f2247-f807-49c9-86d2-6fdbf1a0df21 701c67c22e764006bfb2c5631194fcb1 1369a38f3d044568b4758fea5c624a49 - - default default] No more DHCP agents
2026-06-03 01:03:57.290 10 WARNING neutron.scheduler.dhcp_agent_scheduler [req-c5c5944c-3726-47a0-892e-fcff58aa8ec5 req-cf082c0f-0e9a-467a-a24f-25ec120de7c4 b8cc157f82754095a020ee957367ab15 9134f727aae54209977f58e9ea76239b - - default default] No more DHCP agents
2026-06-03 01:03:57.292 10 WARNING neutron.api.rpc.agentnotifiers.dhcp_rpc_agent_api [None req-578f2247-f807-49c9-86d2-6fdbf1a0df21 701c67c22e764006bfb2c5631194fcb1 1369a38f3d044568b4758fea5c624a49 - - default default] Unable to schedule network 14c2b0ed-5a6e-44b4-9729-5d0b4389ff5f: no agents available; will retry on subsequent port and subnet creation events.
2026-06-03 01:03:57.298 10 WARNING neutron.api.rpc.agentnotifiers.dhcp_rpc_agent_api [req-c5c5944c-3726-47a0-892e-fcff58aa8ec5 req-cf082c0f-0e9a-467a-a24f-25ec120de7c4 b8cc157f82754095a020ee957367ab15 9134f727aae54209977f58e9ea76239b - - default default] Unable to schedule network 5ed9c635-08a7-414e-9693-71cc89b3d635: no agents available; will retry on subsequent port and subnet creation events.
2026-06-03 01:03:57.374 10 INFO neutron.wsgi [req-5c96fc0c-50ca-4cc6-9c6d-52b6507ceda3 req-2ae261a9-d9e4-4547-9365-3e73b3aa6ba9 e4f9f50b079d4b2fa968f05ba0d51db1 f1cfac412872484cb275d703c4221d42 - - 03dce30708164263aa0c6e51f940dfa2 03dce30708164263aa0c6e51f940dfa2] 199.204.45.229 "GET /v2.0/networks/209848ca-3311-45e4-b001-a705994c61c9?fields=provider%3Aphysical_network&fields=provider%3Anetwork_type HTTP/1.1" status: 200 len: 277 time: 0.1486983 /var/lib/openstack/lib/python3.10/site-packages/pycadf/identifier.py:71: UserWarning: Invalid uuid: neutron. To ensure interoperability, identifiers should be a valid uuid. warnings.warn(('Invalid uuid: %s. To ensure interoperability, '
2026-06-03 01:03:57.460 10 INFO neutron.db.ovn_revision_numbers_db [None req-578f2247-f807-49c9-86d2-6fdbf1a0df21 701c67c22e764006bfb2c5631194fcb1 1369a38f3d044568b4758fea5c624a49 - - default default] Successfully bumped revision number for resource f7c120c5-f863-4b9d-8856-fc8bc01d2120 (type: ports) to 1
2026-06-03 01:03:57.531 10 INFO neutron.plugins.ml2.drivers.ovn.mech_driver.mech_driver [None req-bf352f2c-453a-4c5c-b334-3aa067612f32 - - - - - -] OVN reports status up for port: a13b0255-3425-47e0-b0e5-7bc382d705ac
2026-06-03 01:03:57.548 10 INFO neutron.wsgi [req-a3a86373-1280-468d-9567-fd527b536491 req-bce0a9bc-486e-43b8-8e64-506d8e69dcfb e4f9f50b079d4b2fa968f05ba0d51db1 f1cfac412872484cb275d703c4221d42 - - 03dce30708164263aa0c6e51f940dfa2 03dce30708164263aa0c6e51f940dfa2] 199.204.45.229 "GET /v2.0/ports?tenant_id=16b608c7e5a0466292a36f2607bd47a5&device_id=9ea65fcb-2b95-4404-ac4d-4c6af000999a HTTP/1.1" status: 200 len: 2665 time: 0.1001172
2026-06-03 01:03:57.573 10 INFO neutron.wsgi [None req-578f2247-f807-49c9-86d2-6fdbf1a0df21 701c67c22e764006bfb2c5631194fcb1 1369a38f3d044568b4758fea5c624a49 - - default default] 10.0.0.147 "POST /v2.0/ports HTTP/1.1" status: 201 len: 942 time: 0.9018512
2026-06-03 01:03:57.584 10 INFO neutron.plugins.ml2.plugin [None req-bf352f2c-453a-4c5c-b334-3aa067612f32 - - - - - -] Attempt 1 to provision port a13b0255-3425-47e0-b0e5-7bc382d705ac
2026-06-03 01:03:57.592 9 WARNING neutron_lib.context [None req-317cd151-ca27-4678-ac44-639de7f952a2 701c67c22e764006bfb2c5631194fcb1 1369a38f3d044568b4758fea5c624a49 - - default default] Method 'is_advsvc' is deprecated since 2023.2 release (neutron-lib 3.8.0) and will be removed once support for the old RBAC API policies will be removed from Neutron. Please use method 'is_service_role' instead.
2026-06-03 01:03:57.641 9 INFO neutron.db.ovn_revision_numbers_db [None req-a3895ec8-2bfe-48a2-a30a-a0acd33d065b 88136f3af5e940ea8f0dfe6a08a9e0e3 18a8222bcf954efa8b3a54cf874bbb43 - - default default] Successfully bumped revision number for resource ea39a857-068e-49fc-8942-184a04c97253 (type: floatingips) to 0
2026-06-03 01:03:57.665 9 INFO neutron.wsgi [None req-a3895ec8-2bfe-48a2-a30a-a0acd33d065b 88136f3af5e940ea8f0dfe6a08a9e0e3 18a8222bcf954efa8b3a54cf874bbb43 - - default default] 10.0.0.147 "POST /v2.0/floatingips HTTP/1.1" status: 201 len: 751 time: 0.8859222
2026-06-03 01:03:57.667 10 INFO neutron.wsgi [req-a3a86373-1280-468d-9567-fd527b536491 req-244aceaa-3df2-46db-a01d-bc1ba4256825 e4f9f50b079d4b2fa968f05ba0d51db1 f1cfac412872484cb275d703c4221d42 - - 03dce30708164263aa0c6e51f940dfa2 03dce30708164263aa0c6e51f940dfa2] 199.204.45.229 "GET /v2.0/networks?id=209848ca-3311-45e4-b001-a705994c61c9 HTTP/1.1" status: 200 len: 1005 time: 0.1109905
2026-06-03 01:03:57.687 10 WARNING neutron_lib.context [None req-21a05185-db4a-4a52-8d1b-42d171d63205 88136f3af5e940ea8f0dfe6a08a9e0e3 18a8222bcf954efa8b3a54cf874bbb43 - - default default] Method 'is_advsvc' is deprecated since 2023.2 release (neutron-lib 3.8.0) and will be removed once support for the old RBAC API policies will be removed from Neutron. Please use method 'is_service_role' instead.
2026-06-03 01:03:57.719 10 INFO neutron.db.ovn_revision_numbers_db [req-c5c5944c-3726-47a0-892e-fcff58aa8ec5 req-cf082c0f-0e9a-467a-a24f-25ec120de7c4 b8cc157f82754095a020ee957367ab15 9134f727aae54209977f58e9ea76239b - - default default] Successfully bumped revision number for resource 6dd66f47-a71c-4393-ac05-bf4aca26fdd1 (type: ports) to 1
2026-06-03 01:03:57.770 10 INFO neutron.wsgi [req-a3a86373-1280-468d-9567-fd527b536491 req-761e0261-a682-45b8-b801-b62db64b9133 e4f9f50b079d4b2fa968f05ba0d51db1 f1cfac412872484cb275d703c4221d42 - - 03dce30708164263aa0c6e51f940dfa2 03dce30708164263aa0c6e51f940dfa2] 199.204.45.229 "GET /v2.0/floatingips?fixed_ip_address=10.1.1.103&port_id=a13b0255-3425-47e0-b0e5-7bc382d705ac HTTP/1.1" status: 200 len: 217 time: 0.0934050
2026-06-03 01:03:57.813 10 INFO neutron.wsgi [req-68f605bc-7dba-44ae-8f27-6c5925e81f87 req-35cc3a0f-d304-4ebc-81eb-aeec6613033a b8cc157f82754095a020ee957367ab15 9134f727aae54209977f58e9ea76239b - - default default] 10.0.0.125 "GET /v2.0/ports?device_id=e0e85dce-5fb1-4bb1-99e6-c567502dd3ce HTTP/1.1" status: 200 len: 1156 time: 0.1417704
2026-06-03 01:03:57.844 10 INFO neutron.wsgi [req-c5c5944c-3726-47a0-892e-fcff58aa8ec5 req-cf082c0f-0e9a-467a-a24f-25ec120de7c4 b8cc157f82754095a020ee957367ab15 9134f727aae54209977f58e9ea76239b - - default default] 199.204.45.229 "POST /v2.0/ports HTTP/1.1" status: 201 len: 1158 time: 1.3134680
2026-06-03 01:03:57.893 9 INFO neutron.wsgi [None req-317cd151-ca27-4678-ac44-639de7f952a2 701c67c22e764006bfb2c5631194fcb1 1369a38f3d044568b4758fea5c624a49 - - default default] 10.0.0.147 "POST /v2.0/trunks HTTP/1.1" status: 201 len: 608 time: 0.3082671
2026-06-03 01:03:57.905 9 WARNING neutron_lib.context [None req-4e241b5e-1f39-47af-840b-fca6af86bbad 701c67c22e764006bfb2c5631194fcb1 1369a38f3d044568b4758fea5c624a49 - - default default] Method 'is_advsvc' is deprecated since 2023.2 release (neutron-lib 3.8.0) and will be removed once support for the old RBAC API policies will be removed from Neutron. Please use method 'is_service_role' instead.
2026-06-03 01:03:57.927 10 INFO neutron.wsgi [req-a3a86373-1280-468d-9567-fd527b536491 req-b6613293-0255-4136-999a-a5cc583563d6 e4f9f50b079d4b2fa968f05ba0d51db1 f1cfac412872484cb275d703c4221d42 - - 03dce30708164263aa0c6e51f940dfa2 03dce30708164263aa0c6e51f940dfa2] 199.204.45.229 "GET /v2.0/subnets?id=bfb797e3-3d03-49fe-b177-618c2b73f9bf HTTP/1.1" status: 200 len: 854 time: 0.1339903
2026-06-03 01:03:57.942 10 INFO neutron.wsgi [req-5c96fc0c-50ca-4cc6-9c6d-52b6507ceda3 req-d8f674aa-6f4c-4f83-b19f-2bcb1398874a a607a8cc56ee4a918facbb451c0e3831 16b608c7e5a0466292a36f2607bd47a5 - - default default] 10.0.0.125 "GET /v2.0/ports/a13b0255-3425-47e0-b0e5-7bc382d705ac HTTP/1.1" status: 200 len: 1456 time: 0.2345572
2026-06-03 01:03:57.999 9 INFO neutron.db.segments_db [None req-4e241b5e-1f39-47af-840b-fca6af86bbad 701c67c22e764006bfb2c5631194fcb1 1369a38f3d044568b4758fea5c624a49 - - default default] Added segment bb0f1f53-b0ce-4ec6-83ba-7c19f3763ee7 of type geneve for network 247d28cd-d126-4c1e-bed2-80829dec88fe
2026-06-03 01:03:58.007 10 INFO neutron.wsgi [req-a3a86373-1280-468d-9567-fd527b536491 req-39ca614e-4433-4709-96f5-f76b51c99680 e4f9f50b079d4b2fa968f05ba0d51db1 f1cfac412872484cb275d703c4221d42 - - 03dce30708164263aa0c6e51f940dfa2 03dce30708164263aa0c6e51f940dfa2] 199.204.45.229 "GET /v2.0/ports?network_id=209848ca-3311-45e4-b001-a705994c61c9&device_owner=network%3Adhcp HTTP/1.1" status: 200 len: 210 time: 0.0573158
2026-06-03 01:03:58.030 10 INFO neutron.wsgi [req-68f605bc-7dba-44ae-8f27-6c5925e81f87 req-c67c2cf4-ca5e-49e3-ad00-b38e169dc034 b8cc157f82754095a020ee957367ab15 9134f727aae54209977f58e9ea76239b - - default default] 10.0.0.125 "GET /v2.0/security-groups?id=d55b5d43-7800-41e5-bfdf-11988d16ca1f&fields=id&fields=name HTTP/1.1" status: 200 len: 312 time: 0.2071509
2026-06-03 01:03:58.172 9 INFO neutron.db.ovn_revision_numbers_db [None req-4e241b5e-1f39-47af-840b-fca6af86bbad 701c67c22e764006bfb2c5631194fcb1 1369a38f3d044568b4758fea5c624a49 - - default default] Successfully bumped revision number for resource 247d28cd-d126-4c1e-bed2-80829dec88fe (type: networks) to 1
2026-06-03 01:03:58.377 9 WARNING neutron.scheduler.dhcp_agent_scheduler [None req-4e241b5e-1f39-47af-840b-fca6af86bbad 701c67c22e764006bfb2c5631194fcb1 1369a38f3d044568b4758fea5c624a49 - - default default] No more DHCP agents
2026-06-03 01:03:58.380 9 WARNING neutron.api.rpc.agentnotifiers.dhcp_rpc_agent_api [None req-4e241b5e-1f39-47af-840b-fca6af86bbad 701c67c22e764006bfb2c5631194fcb1 1369a38f3d044568b4758fea5c624a49 - - default default] Unable to schedule network 247d28cd-d126-4c1e-bed2-80829dec88fe: no agents available; will retry on subsequent port and subnet creation events.
2026-06-03 01:03:58.406 10 INFO neutron.notifiers.nova [-] Nova event matching ['req-ce636214-c2ee-4e65-b451-ea7eef35cd62'] response: {'server_uuid': '9ea65fcb-2b95-4404-ac4d-4c6af000999a', 'name': 'network-vif-plugged', 'status': 'completed', 'tag': 'a13b0255-3425-47e0-b0e5-7bc382d705ac', 'code': 200}
2026-06-03 01:03:58.478 9 INFO neutron.db.ovn_revision_numbers_db [None req-4e241b5e-1f39-47af-840b-fca6af86bbad 701c67c22e764006bfb2c5631194fcb1 1369a38f3d044568b4758fea5c624a49 - - default default] Successfully bumped revision number for resource d13a05fb-bc01-451c-a177-7b4204da2bd9 (type: ports) to 1
2026-06-03 01:03:58.493 10 INFO neutron.wsgi [req-a3a86373-1280-468d-9567-fd527b536491 req-3b23fe3a-8e34-44af-b86c-353792fb3598 e4f9f50b079d4b2fa968f05ba0d51db1 f1cfac412872484cb275d703c4221d42 - - 03dce30708164263aa0c6e51f940dfa2 03dce30708164263aa0c6e51f940dfa2] 199.204.45.229 "GET /v2.0/networks/209848ca-3311-45e4-b001-a705994c61c9?fields=segments HTTP/1.1" status: 200 len: 212 time: 0.4760964
2026-06-03 01:03:58.510 9 INFO neutron.wsgi [None req-4e241b5e-1f39-47af-840b-fca6af86bbad 701c67c22e764006bfb2c5631194fcb1 1369a38f3d044568b4758fea5c624a49 - - default default] 10.0.0.147 "POST /v2.0/networks HTTP/1.1" status: 201 len: 831 time: 0.6104598
2026-06-03 01:03:58.523 9 WARNING neutron_lib.context [None req-e73720b2-d6ab-4ecd-807d-1bf7e8d2df3b 701c67c22e764006bfb2c5631194fcb1 1369a38f3d044568b4758fea5c624a49 - - default default] Method 'is_advsvc' is deprecated since 2023.2 release (neutron-lib 3.8.0) and will be removed once support for the old RBAC API policies will be removed from Neutron. Please use method 'is_service_role' instead.
2026-06-03 01:03:58.752 10 INFO neutron.wsgi [req-a3a86373-1280-468d-9567-fd527b536491 req-e89e695b-8a1e-492f-83b7-1d30e9143830 e4f9f50b079d4b2fa968f05ba0d51db1 f1cfac412872484cb275d703c4221d42 - - 03dce30708164263aa0c6e51f940dfa2 03dce30708164263aa0c6e51f940dfa2] 199.204.45.229 "GET /v2.0/networks/209848ca-3311-45e4-b001-a705994c61c9?fields=provider%3Aphysical_network&fields=provider%3Anetwork_type HTTP/1.1" status: 200 len: 277 time: 0.2492807
2026-06-03 01:03:58.789 9 WARNING neutron.scheduler.dhcp_agent_scheduler [None req-e73720b2-d6ab-4ecd-807d-1bf7e8d2df3b 701c67c22e764006bfb2c5631194fcb1 1369a38f3d044568b4758fea5c624a49 - - default default] No more DHCP agents
2026-06-03 01:03:58.793 9 WARNING neutron.api.rpc.agentnotifiers.dhcp_rpc_agent_api [None req-e73720b2-d6ab-4ecd-807d-1bf7e8d2df3b 701c67c22e764006bfb2c5631194fcb1 1369a38f3d044568b4758fea5c624a49 - - default default] Unable to schedule network 247d28cd-d126-4c1e-bed2-80829dec88fe: no agents available; will retry on subsequent port and subnet creation events.
2026-06-03 01:03:58.909 9 INFO neutron.db.ovn_revision_numbers_db [None req-e73720b2-d6ab-4ecd-807d-1bf7e8d2df3b 701c67c22e764006bfb2c5631194fcb1 1369a38f3d044568b4758fea5c624a49 - - default default] Successfully bumped revision number for resource 336cc9c8-a2de-4dba-8137-9364fc681f95 (type: ports) to 1
2026-06-03 01:03:58.925 10 WARNING neutron.scheduler.dhcp_agent_scheduler [None req-21a05185-db4a-4a52-8d1b-42d171d63205 88136f3af5e940ea8f0dfe6a08a9e0e3 18a8222bcf954efa8b3a54cf874bbb43 - - default default] No more DHCP agents
2026-06-03 01:03:58.932 10 WARNING neutron.api.rpc.agentnotifiers.dhcp_rpc_agent_api [None req-21a05185-db4a-4a52-8d1b-42d171d63205 88136f3af5e940ea8f0dfe6a08a9e0e3 18a8222bcf954efa8b3a54cf874bbb43 - - default default] Unable to schedule network 9750bfc4-d3f9-417e-855f-d6a046f2fe34: no agents available; will retry on subsequent port and subnet creation events.
2026-06-03 01:03:58.939 9 INFO neutron.wsgi [None req-e73720b2-d6ab-4ecd-807d-1bf7e8d2df3b 701c67c22e764006bfb2c5631194fcb1 1369a38f3d044568b4758fea5c624a49 - - default default] 10.0.0.147 "POST /v2.0/ports HTTP/1.1" status: 201 len: 942 time: 0.4216573
2026-06-03 01:03:58.945 10 INFO neutron.db.ovn_revision_numbers_db [None req-bf352f2c-453a-4c5c-b334-3aa067612f32 - - - - - -] Successfully bumped revision number for resource a13b0255-3425-47e0-b0e5-7bc382d705ac (type: ports) to 4 /var/lib/openstack/lib/python3.10/site-packages/pycadf/identifier.py:71: UserWarning: Invalid uuid: neutron. To ensure interoperability, identifiers should be a valid uuid. warnings.warn(('Invalid uuid: %s. To ensure interoperability, '
2026-06-03 01:03:58.954 9 WARNING neutron_lib.context [None req-fa571675-e452-48cb-96ff-8a8415a9b5c8 701c67c22e764006bfb2c5631194fcb1 1369a38f3d044568b4758fea5c624a49 - - default default] Method 'is_advsvc' is deprecated since 2023.2 release (neutron-lib 3.8.0) and will be removed once support for the old RBAC API policies will be removed from Neutron. Please use method 'is_service_role' instead. /var/lib/openstack/lib/python3.10/site-packages/pycadf/identifier.py:71: UserWarning: Invalid uuid: neutron. To ensure interoperability, identifiers should be a valid uuid. warnings.warn(('Invalid uuid: %s. To ensure interoperability, '
2026-06-03 01:03:59.237 10 INFO neutron.wsgi [req-6d70d643-cb86-4668-b65d-d9ebd1e6eb97 req-ee7218cd-02fe-49d6-8ec2-c9e14f503bd9 b8cc157f82754095a020ee957367ab15 9134f727aae54209977f58e9ea76239b - - default default] 10.0.0.125 "GET /v2.0/ports?device_id=e0e85dce-5fb1-4bb1-99e6-c567502dd3ce HTTP/1.1" status: 200 len: 1168 time: 0.1245906
2026-06-03 01:03:59.240 9 INFO neutron.wsgi [None req-fa571675-e452-48cb-96ff-8a8415a9b5c8 701c67c22e764006bfb2c5631194fcb1 1369a38f3d044568b4758fea5c624a49 - - default default] 10.0.0.147 "POST /v2.0/trunks HTTP/1.1" status: 201 len: 608 time: 0.2919211
2026-06-03 01:03:59.251 9 WARNING neutron_lib.context [None req-28b5bd25-dbd7-4f78-bc48-e9eb4d49b86b 701c67c22e764006bfb2c5631194fcb1 1369a38f3d044568b4758fea5c624a49 - - default default] Method 'is_advsvc' is deprecated since 2023.2 release (neutron-lib 3.8.0) and will be removed once support for the old RBAC API policies will be removed from Neutron. Please use method 'is_service_role' instead.
2026-06-03 01:03:59.332 10 INFO neutron.db.ovn_revision_numbers_db [None req-0e7ba6ec-0912-4112-a9e8-1fc2537c1b63 a607a8cc56ee4a918facbb451c0e3831 16b608c7e5a0466292a36f2607bd47a5 - - default default] Successfully bumped revision number for resource a13b0255-3425-47e0-b0e5-7bc382d705ac (type: ports) to 5
2026-06-03 01:03:59.348 9 INFO neutron.db.segments_db [None req-28b5bd25-dbd7-4f78-bc48-e9eb4d49b86b 701c67c22e764006bfb2c5631194fcb1 1369a38f3d044568b4758fea5c624a49 - - default default] Added segment 86d4f862-e46f-478d-b47c-464f897b4f88 of type geneve for network 215529e2-1b08-4833-b77d-e7bee1dfe4b4
2026-06-03 01:03:59.356 10 INFO neutron.wsgi [req-6d70d643-cb86-4668-b65d-d9ebd1e6eb97 req-5cc45046-3228-4877-93d7-7d3993318f62 b8cc157f82754095a020ee957367ab15 9134f727aae54209977f58e9ea76239b - - default default] 10.0.0.125 "GET /v2.0/security-groups?id=d55b5d43-7800-41e5-bfdf-11988d16ca1f&fields=id&fields=name HTTP/1.1" status: 200 len: 312 time: 0.1087449
2026-06-03 01:03:59.367 10 INFO neutron.wsgi [None req-0e7ba6ec-0912-4112-a9e8-1fc2537c1b63 a607a8cc56ee4a918facbb451c0e3831 16b608c7e5a0466292a36f2607bd47a5 - - default default] 199.204.45.229 "PUT /v2.0/ports/a13b0255-3425-47e0-b0e5-7bc382d705ac HTTP/1.1" status: 200 len: 1491 time: 1.4091849 /var/lib/openstack/lib/python3.10/site-packages/pycadf/identifier.py:71: UserWarning: Invalid uuid: neutron. To ensure interoperability, identifiers should be a valid uuid. warnings.warn(('Invalid uuid: %s. To ensure interoperability, '
2026-06-03 01:03:59.398 10 INFO neutron.api.v2.resource [None req-f7e26877-762c-4f46-bf46-9c15f1bba495 a607a8cc56ee4a918facbb451c0e3831 16b608c7e5a0466292a36f2607bd47a5 - - default default] show failed (client error): The resource could not be found.
2026-06-03 01:03:59.400 10 INFO neutron.wsgi [None req-f7e26877-762c-4f46-bf46-9c15f1bba495 a607a8cc56ee4a918facbb451c0e3831 16b608c7e5a0466292a36f2607bd47a5 - - default default] 199.204.45.229 "GET /v2.0/security-groups/lb-b5fdae0e-8b1f-4b26-8be1-d7e1517936c9 HTTP/1.1" status: 404 len: 355 time: 0.0167150
2026-06-03 01:03:59.464 10 INFO neutron.db.ovn_revision_numbers_db [req-c5c5944c-3726-47a0-892e-fcff58aa8ec5 req-4b182696-0a62-4582-bf4d-dc6c350aa796 e4f9f50b079d4b2fa968f05ba0d51db1 f1cfac412872484cb275d703c4221d42 - - 03dce30708164263aa0c6e51f940dfa2 03dce30708164263aa0c6e51f940dfa2] Successfully bumped revision number for resource 6dd66f47-a71c-4393-ac05-bf4aca26fdd1 (type: ports) to 2
2026-06-03 01:03:59.487 10 INFO neutron.wsgi [None req-0c5e89da-a753-45db-a300-c9cf0222b2c8 a607a8cc56ee4a918facbb451c0e3831 16b608c7e5a0466292a36f2607bd47a5 - - default default] 199.204.45.229 "GET /v2.0/security-groups?name=lb-b5fdae0e-8b1f-4b26-8be1-d7e1517936c9 HTTP/1.1" status: 200 len: 1775 time: 0.0741713
2026-06-03 01:03:59.539 9 INFO neutron.db.ovn_revision_numbers_db [None req-28b5bd25-dbd7-4f78-bc48-e9eb4d49b86b 701c67c22e764006bfb2c5631194fcb1 1369a38f3d044568b4758fea5c624a49 - - default default] Successfully bumped revision number for resource 215529e2-1b08-4833-b77d-e7bee1dfe4b4 (type: networks) to 1
2026-06-03 01:03:59.794 9 WARNING neutron.scheduler.dhcp_agent_scheduler [None req-28b5bd25-dbd7-4f78-bc48-e9eb4d49b86b 701c67c22e764006bfb2c5631194fcb1 1369a38f3d044568b4758fea5c624a49 - - default default] No more DHCP agents
2026-06-03 01:03:59.796 9 WARNING neutron.api.rpc.agentnotifiers.dhcp_rpc_agent_api [None req-28b5bd25-dbd7-4f78-bc48-e9eb4d49b86b 701c67c22e764006bfb2c5631194fcb1 1369a38f3d044568b4758fea5c624a49 - - default default] Unable to schedule network 215529e2-1b08-4833-b77d-e7bee1dfe4b4: no agents available; will retry on subsequent port and subnet creation events.
2026-06-03 01:03:59.895 9 INFO neutron.db.ovn_revision_numbers_db [None req-28b5bd25-dbd7-4f78-bc48-e9eb4d49b86b 701c67c22e764006bfb2c5631194fcb1 1369a38f3d044568b4758fea5c624a49 - - default default] Successfully bumped revision number for resource 50324e2d-b892-447d-a749-6834a9f9d74a (type: ports) to 1
2026-06-03 01:03:59.926 9 INFO neutron.wsgi [None req-28b5bd25-dbd7-4f78-bc48-e9eb4d49b86b 701c67c22e764006bfb2c5631194fcb1 1369a38f3d044568b4758fea5c624a49 - - default default] 10.0.0.147 "POST /v2.0/networks HTTP/1.1" status: 201 len: 831 time: 0.6803262
2026-06-03 01:03:59.938 9 WARNING neutron_lib.context [None req-4e667d4d-7d80-4221-b3c7-a6c0915e0b4a 701c67c22e764006bfb2c5631194fcb1 1369a38f3d044568b4758fea5c624a49 - - default default] Method 'is_advsvc' is deprecated since 2023.2 release (neutron-lib 3.8.0) and will be removed once support for the old RBAC API policies will be removed from Neutron. Please use method 'is_service_role' instead.
2026-06-03 01:04:00.048 10 INFO neutron.db.ovn_revision_numbers_db [None req-21a05185-db4a-4a52-8d1b-42d171d63205 88136f3af5e940ea8f0dfe6a08a9e0e3 18a8222bcf954efa8b3a54cf874bbb43 - - default default] Successfully bumped revision number for resource c3c05875-b110-4945-93a3-4098f572f9db (type: floatingips) to 0
2026-06-03 01:04:00.089 10 INFO neutron.wsgi [None req-21a05185-db4a-4a52-8d1b-42d171d63205 88136f3af5e940ea8f0dfe6a08a9e0e3 18a8222bcf954efa8b3a54cf874bbb43 - - default default] 10.0.0.147 "POST /v2.0/floatingips HTTP/1.1" status: 201 len: 751 time: 2.4143302
2026-06-03 01:04:00.102 9 WARNING neutron_lib.context [None req-785edf6a-99cc-4df8-b031-7ac091b8bd7a 88136f3af5e940ea8f0dfe6a08a9e0e3 18a8222bcf954efa8b3a54cf874bbb43 - - default default] Method 'is_advsvc' is deprecated since 2023.2 release (neutron-lib 3.8.0) and will be removed once support for the old RBAC API policies will be removed from Neutron. Please use method 'is_service_role' instead.
2026-06-03 01:04:00.170 10 INFO neutron.db.ovn_revision_numbers_db [req-c5c5944c-3726-47a0-892e-fcff58aa8ec5 req-4b182696-0a62-4582-bf4d-dc6c350aa796 e4f9f50b079d4b2fa968f05ba0d51db1 f1cfac412872484cb275d703c4221d42 - - 03dce30708164263aa0c6e51f940dfa2 03dce30708164263aa0c6e51f940dfa2] Successfully bumped revision number for resource 6dd66f47-a71c-4393-ac05-bf4aca26fdd1 (type: ports) to 2
2026-06-03 01:04:00.228 10 INFO neutron.wsgi [req-c5c5944c-3726-47a0-892e-fcff58aa8ec5 req-4b182696-0a62-4582-bf4d-dc6c350aa796 e4f9f50b079d4b2fa968f05ba0d51db1 f1cfac412872484cb275d703c4221d42 - - 03dce30708164263aa0c6e51f940dfa2 03dce30708164263aa0c6e51f940dfa2] 199.204.45.229 "PUT /v2.0/ports/6dd66f47-a71c-4393-ac05-bf4aca26fdd1 HTTP/1.1" status: 200 len: 1376 time: 2.3731134 /var/lib/openstack/lib/python3.10/site-packages/pycadf/identifier.py:71: UserWarning: Invalid uuid: neutron. To ensure interoperability, identifiers should be a valid uuid. warnings.warn(('Invalid uuid: %s. To ensure interoperability, '
2026-06-03 01:04:00.350 10 INFO neutron.wsgi [req-c5c5944c-3726-47a0-892e-fcff58aa8ec5 req-cd40c3d3-3279-4af9-8dfc-8c24d4b4da99 e4f9f50b079d4b2fa968f05ba0d51db1 f1cfac412872484cb275d703c4221d42 - - 03dce30708164263aa0c6e51f940dfa2 03dce30708164263aa0c6e51f940dfa2] 199.204.45.229 "GET /v2.0/ports?tenant_id=9134f727aae54209977f58e9ea76239b&device_id=e0e85dce-5fb1-4bb1-99e6-c567502dd3ce HTTP/1.1" status: 200 len: 1407 time: 0.0718031
2026-06-03 01:04:00.385 10 INFO neutron.db.ovn_revision_numbers_db [None req-01e1f17f-20fb-45db-8300-4f12b394e1b9 a607a8cc56ee4a918facbb451c0e3831 16b608c7e5a0466292a36f2607bd47a5 - - default default] Successfully bumped revision number for resource a13b0255-3425-47e0-b0e5-7bc382d705ac (type: ports) to 6
2026-06-03 01:04:00.389 10 INFO neutron.wsgi [req-c5c5944c-3726-47a0-892e-fcff58aa8ec5 req-63508a07-0de5-46e0-b1e0-b8904db6702f e4f9f50b079d4b2fa968f05ba0d51db1 f1cfac412872484cb275d703c4221d42 - - 03dce30708164263aa0c6e51f940dfa2 03dce30708164263aa0c6e51f940dfa2] 199.204.45.229 "GET /v2.0/floatingips?fixed_ip_address=10.100.0.8&port_id=6dd66f47-a71c-4393-ac05-bf4aca26fdd1 HTTP/1.1" status: 200 len: 217 time: 0.0323806
2026-06-03 01:04:00.403 10 INFO neutron.wsgi [None req-01e1f17f-20fb-45db-8300-4f12b394e1b9 a607a8cc56ee4a918facbb451c0e3831 16b608c7e5a0466292a36f2607bd47a5 - - default default] 199.204.45.229 "PUT /v2.0/ports/a13b0255-3425-47e0-b0e5-7bc382d705ac HTTP/1.1" status: 200 len: 1491 time: 0.9086668
2026-06-03 01:04:00.445 10 INFO neutron.wsgi [req-c5c5944c-3726-47a0-892e-fcff58aa8ec5 req-666d9e93-15ba-441a-9933-13c2ca41b4dc e4f9f50b079d4b2fa968f05ba0d51db1 f1cfac412872484cb275d703c4221d42 - - 03dce30708164263aa0c6e51f940dfa2 03dce30708164263aa0c6e51f940dfa2] 199.204.45.229 "GET /v2.0/subnets?id=56b2a7a4-0cd0-4466-b259-2e4fee9ed33c HTTP/1.1" status: 200 len: 853 time: 0.0489166
2026-06-03 01:04:00.469 10 INFO neutron.notifiers.nova [-] Nova event matching ['req-cde936d4-5636-440b-88be-9ca384b38649'] response: {'server_uuid': '9ea65fcb-2b95-4404-ac4d-4c6af000999a', 'name': 'network-vif-plugged', 'status': 'completed', 'tag': 'a13b0255-3425-47e0-b0e5-7bc382d705ac', 'code': 200}
2026-06-03 01:04:00.469 10 INFO neutron.notifiers.nova [-] Nova event matching ['req-cde936d4-5636-440b-88be-9ca384b38649'] response: {'name': 'network-changed', 'server_uuid': '9ea65fcb-2b95-4404-ac4d-4c6af000999a', 'tag': 'a13b0255-3425-47e0-b0e5-7bc382d705ac', 'status': 'completed', 'code': 200}
2026-06-03 01:04:00.469 10 INFO neutron.notifiers.nova [-] Nova event matching ['req-cde936d4-5636-440b-88be-9ca384b38649'] response: {'name': 'network-changed', 'server_uuid': 'e0e85dce-5fb1-4bb1-99e6-c567502dd3ce', 'tag': '6dd66f47-a71c-4393-ac05-bf4aca26fdd1', 'status': 'completed', 'code': 200}
2026-06-03 01:04:00.469 10 INFO neutron.notifiers.nova [-] Nova event matching ['req-cde936d4-5636-440b-88be-9ca384b38649'] response: {'name': 'network-changed', 'server_uuid': '9ea65fcb-2b95-4404-ac4d-4c6af000999a', 'tag': 'a13b0255-3425-47e0-b0e5-7bc382d705ac', 'status': 'completed', 'code': 200}
2026-06-03 01:04:00.493 10 INFO neutron.wsgi [req-c5c5944c-3726-47a0-892e-fcff58aa8ec5 req-0b2fb427-e138-42ce-97fd-6fffb1572ad4 e4f9f50b079d4b2fa968f05ba0d51db1 f1cfac412872484cb275d703c4221d42 - - 03dce30708164263aa0c6e51f940dfa2 03dce30708164263aa0c6e51f940dfa2] 199.204.45.229 "GET /v2.0/ports?network_id=5ed9c635-08a7-414e-9693-71cc89b3d635&device_owner=network%3Adhcp HTTP/1.1" status: 200 len: 210 time: 0.0340409
2026-06-03 01:04:00.572 10 INFO neutron.wsgi [req-cc1dd266-6af9-46b8-9d05-3f0f17527e81 req-b6b7964c-b68f-48a1-8d9b-0bd3f2252473 e4f9f50b079d4b2fa968f05ba0d51db1 f1cfac412872484cb275d703c4221d42 - - 03dce30708164263aa0c6e51f940dfa2 03dce30708164263aa0c6e51f940dfa2] 199.204.45.229 "GET /v2.0/ports?tenant_id=16b608c7e5a0466292a36f2607bd47a5&device_id=9ea65fcb-2b95-4404-ac4d-4c6af000999a HTTP/1.1" status: 200 len: 2728 time: 0.0838506
2026-06-03 01:04:00.613 9 WARNING neutron.scheduler.dhcp_agent_scheduler [None req-4e667d4d-7d80-4221-b3c7-a6c0915e0b4a 701c67c22e764006bfb2c5631194fcb1 1369a38f3d044568b4758fea5c624a49 - - default default] No more DHCP agents
2026-06-03 01:04:00.615 9 WARNING neutron.api.rpc.agentnotifiers.dhcp_rpc_agent_api [None req-4e667d4d-7d80-4221-b3c7-a6c0915e0b4a 701c67c22e764006bfb2c5631194fcb1 1369a38f3d044568b4758fea5c624a49 - - default default] Unable to schedule network 215529e2-1b08-4833-b77d-e7bee1dfe4b4: no agents available; will retry on subsequent port and subnet creation events.
2026-06-03 01:04:00.642 10 INFO neutron.wsgi [None req-97328cd9-2f4c-4a82-bf6b-3f2d7da41956 a607a8cc56ee4a918facbb451c0e3831 16b608c7e5a0466292a36f2607bd47a5 - - default default] 199.204.45.229 "GET /v2.0/extensions/security-group HTTP/1.1" status: 200 len: 369 time: 0.0089333
2026-06-03 01:04:00.650 10 INFO neutron.wsgi [req-c5c5944c-3726-47a0-892e-fcff58aa8ec5 req-e9843542-cd9f-4cf8-8f5d-0efff63ac97a e4f9f50b079d4b2fa968f05ba0d51db1 f1cfac412872484cb275d703c4221d42 - - 03dce30708164263aa0c6e51f940dfa2 03dce30708164263aa0c6e51f940dfa2] 199.204.45.229 "GET /v2.0/networks/5ed9c635-08a7-414e-9693-71cc89b3d635?fields=segments HTTP/1.1" status: 200 len: 212 time: 0.1502483
2026-06-03 01:04:00.657 10 INFO neutron.wsgi [None req-2add7032-cb33-4343-9d32-3c4517f25ce8 a607a8cc56ee4a918facbb451c0e3831 16b608c7e5a0466292a36f2607bd47a5 - - default default] 199.204.45.229 "GET /v2.0/extensions/dns-integration HTTP/1.1" status: 200 len: 371 time: 0.0053282
2026-06-03 01:04:00.666 10 INFO neutron.wsgi [req-ad84dd8b-503c-42d0-92bf-ca024583d3c8 req-e82dfc72-510f-469b-a3e6-04924ae0f0a9 b8cc157f82754095a020ee957367ab15 9134f727aae54209977f58e9ea76239b - - default default] 10.0.0.125 "GET /v2.0/ports?device_id=e0e85dce-5fb1-4bb1-99e6-c567502dd3ce HTTP/1.1" status: 200 len: 1168 time: 0.2179477
2026-06-03 01:04:00.669 10 INFO neutron.wsgi [None req-f89673a9-4c71-4847-b90d-bab97af18bf1 a607a8cc56ee4a918facbb451c0e3831 16b608c7e5a0466292a36f2607bd47a5 - - default default] 199.204.45.229 "GET /v2.0/extensions/qos HTTP/1.1" status: 200 len: 365 time: 0.0077977
2026-06-03 01:04:00.690 10 INFO neutron.wsgi [None req-eaef6d13-fa8d-4d22-a457-fd9395705766 a607a8cc56ee4a918facbb451c0e3831 16b608c7e5a0466292a36f2607bd47a5 - - default default] 199.204.45.229 "GET /v2.0/extensions/allowed-address-pairs HTTP/1.1" status: 200 len: 383 time: 0.0083048
2026-06-03 01:04:00.746 10 INFO neutron.wsgi [req-cc1dd266-6af9-46b8-9d05-3f0f17527e81 req-dfb24881-72c3-4e21-81d1-3d36591091bb e4f9f50b079d4b2fa968f05ba0d51db1 f1cfac412872484cb275d703c4221d42 - - 03dce30708164263aa0c6e51f940dfa2 03dce30708164263aa0c6e51f940dfa2] 199.204.45.229 "GET /v2.0/networks?id=209848ca-3311-45e4-b001-a705994c61c9 HTTP/1.1" status: 200 len: 1005 time: 0.1604178
2026-06-03 01:04:00.774 10 INFO neutron.wsgi [None req-e49d35d1-3296-43d7-ac46-8c4b9c8a7f96 a607a8cc56ee4a918facbb451c0e3831 16b608c7e5a0466292a36f2607bd47a5 - - default default] 199.204.45.229 "GET /v2.0/subnets/bfb797e3-3d03-49fe-b177-618c2b73f9bf HTTP/1.1" status: 200 len: 851 time: 0.0726790
2026-06-03 01:04:00.780 9 INFO neutron.db.ovn_revision_numbers_db [None req-4e667d4d-7d80-4221-b3c7-a6c0915e0b4a 701c67c22e764006bfb2c5631194fcb1 1369a38f3d044568b4758fea5c624a49 - - default default] Successfully bumped revision number for resource 5864a5fb-88bd-4bda-b7de-991adfdf6146 (type: ports) to 1
2026-06-03 01:04:00.800 10 INFO neutron.wsgi [req-cc1dd266-6af9-46b8-9d05-3f0f17527e81 req-d79b40e2-4bda-4872-99e6-34efb0426f3e e4f9f50b079d4b2fa968f05ba0d51db1 f1cfac412872484cb275d703c4221d42 - - 03dce30708164263aa0c6e51f940dfa2 03dce30708164263aa0c6e51f940dfa2] 199.204.45.229 "GET /v2.0/floatingips?fixed_ip_address=10.1.1.103&port_id=a13b0255-3425-47e0-b0e5-7bc382d705ac HTTP/1.1" status: 200 len: 217 time: 0.0437462
2026-06-03 01:04:00.805 10 INFO neutron.wsgi [req-ad84dd8b-503c-42d0-92bf-ca024583d3c8 req-82916963-7123-46c9-93e7-4a10783cacf7 b8cc157f82754095a020ee957367ab15 9134f727aae54209977f58e9ea76239b - - default default] 10.0.0.125 "GET /v2.0/security-groups?id=d55b5d43-7800-41e5-bfdf-11988d16ca1f&fields=id&fields=name HTTP/1.1" status: 200 len: 312 time: 0.1267765
2026-06-03 01:04:00.824 10 INFO neutron.wsgi [req-c5c5944c-3726-47a0-892e-fcff58aa8ec5 req-dad6bd1b-e122-4a6a-987f-62253cafa3c2 e4f9f50b079d4b2fa968f05ba0d51db1 f1cfac412872484cb275d703c4221d42 - - 03dce30708164263aa0c6e51f940dfa2 03dce30708164263aa0c6e51f940dfa2] 199.204.45.229 "GET /v2.0/networks/5ed9c635-08a7-414e-9693-71cc89b3d635?fields=provider%3Aphysical_network&fields=provider%3Anetwork_type HTTP/1.1" status: 200 len: 277 time: 0.1646619
2026-06-03 01:04:00.832 9 INFO neutron.wsgi [None req-4e667d4d-7d80-4221-b3c7-a6c0915e0b4a 701c67c22e764006bfb2c5631194fcb1 1369a38f3d044568b4758fea5c624a49 - - default default] 10.0.0.147 "POST /v2.0/ports HTTP/1.1" status: 201 len: 942 time: 0.9003496 /var/lib/openstack/lib/python3.10/site-packages/pycadf/identifier.py:71: UserWarning: Invalid uuid: neutron. To ensure interoperability, identifiers should be a valid uuid. warnings.warn(('Invalid uuid: %s. To ensure interoperability, '
2026-06-03 01:04:00.845 10 INFO neutron.wsgi [None req-2e698105-002f-4ac9-b564-09fb7e8798ff a607a8cc56ee4a918facbb451c0e3831 16b608c7e5a0466292a36f2607bd47a5 - - default default] 199.204.45.229 "GET /v2.0/ports/5754547d-bee2-4fe4-969b-f1d265f9a698 HTTP/1.1" status: 200 len: 1332 time: 0.0527980
2026-06-03 01:04:00.845 9 WARNING neutron_lib.context [None req-f8fd8062-4d4d-489c-bd90-3f1048ecd213 701c67c22e764006bfb2c5631194fcb1 1369a38f3d044568b4758fea5c624a49 - - default default] Method 'is_advsvc' is deprecated since 2023.2 release (neutron-lib 3.8.0) and will be removed once support for the old RBAC API policies will be removed from Neutron. Please use method 'is_service_role' instead.
2026-06-03 01:04:00.856 10 INFO neutron.wsgi [req-cc1dd266-6af9-46b8-9d05-3f0f17527e81 req-4c9a0af6-d2b3-4d72-955a-23b0d87b8c00 e4f9f50b079d4b2fa968f05ba0d51db1 f1cfac412872484cb275d703c4221d42 - - 03dce30708164263aa0c6e51f940dfa2 03dce30708164263aa0c6e51f940dfa2] 199.204.45.229 "GET /v2.0/subnets?id=bfb797e3-3d03-49fe-b177-618c2b73f9bf HTTP/1.1" status: 200 len: 854 time: 0.0434797
2026-06-03 01:04:00.902 10 INFO neutron.wsgi [req-cc1dd266-6af9-46b8-9d05-3f0f17527e81 req-47fa6c60-8201-4d28-aef1-0ba378148393 e4f9f50b079d4b2fa968f05ba0d51db1 f1cfac412872484cb275d703c4221d42 - - 03dce30708164263aa0c6e51f940dfa2 03dce30708164263aa0c6e51f940dfa2] 199.204.45.229 "GET /v2.0/ports?network_id=209848ca-3311-45e4-b001-a705994c61c9&device_owner=network%3Adhcp HTTP/1.1" status: 200 len: 210 time: 0.0324216
2026-06-03 01:04:00.912 10 INFO neutron.wsgi [None req-92c74904-39fe-42e1-972b-79b017a4faec a607a8cc56ee4a918facbb451c0e3831 16b608c7e5a0466292a36f2607bd47a5 - - default default] 199.204.45.229 "GET /v2.0/ports/a13b0255-3425-47e0-b0e5-7bc382d705ac HTTP/1.1" status: 200 len: 1519 time: 0.0549986
2026-06-03 01:04:00.960 9 WARNING neutron.scheduler.dhcp_agent_scheduler [None req-785edf6a-99cc-4df8-b031-7ac091b8bd7a 88136f3af5e940ea8f0dfe6a08a9e0e3 18a8222bcf954efa8b3a54cf874bbb43 - - default default] No more DHCP agents
2026-06-03 01:04:00.969 9 WARNING neutron.api.rpc.agentnotifiers.dhcp_rpc_agent_api [None req-785edf6a-99cc-4df8-b031-7ac091b8bd7a 88136f3af5e940ea8f0dfe6a08a9e0e3 18a8222bcf954efa8b3a54cf874bbb43 - - default default] Unable to schedule network 9750bfc4-d3f9-417e-855f-d6a046f2fe34: no agents available; will retry on subsequent port and subnet creation events.
2026-06-03 01:04:00.977 10 INFO neutron.wsgi [None req-1d872880-5b5e-4d55-af90-eea1dfbf7f42 a607a8cc56ee4a918facbb451c0e3831 16b608c7e5a0466292a36f2607bd47a5 - - default default] 199.204.45.229 "GET /v2.0/subnets/bfb797e3-3d03-49fe-b177-618c2b73f9bf HTTP/1.1" status: 200 len: 851 time: 0.0483563
2026-06-03 01:04:01.007 10 INFO neutron.wsgi [req-cc1dd266-6af9-46b8-9d05-3f0f17527e81 req-93a7a2dd-401c-4587-baf5-6ce7d2148305 e4f9f50b079d4b2fa968f05ba0d51db1 f1cfac412872484cb275d703c4221d42 - - 03dce30708164263aa0c6e51f940dfa2 03dce30708164263aa0c6e51f940dfa2] 199.204.45.229 "GET /v2.0/networks/209848ca-3311-45e4-b001-a705994c61c9?fields=segments HTTP/1.1" status: 200 len: 212 time: 0.0876038
2026-06-03 01:04:01.064 9 INFO neutron.plugins.ml2.drivers.ovn.mech_driver.mech_driver [None req-2eeaa632-5493-44e3-a71c-72f4eb284b18 - - - - - -] OVN reports status up for port: 6dd66f47-a71c-4393-ac05-bf4aca26fdd1
2026-06-03 01:04:01.097 10 INFO neutron.wsgi [None req-84996b7f-97f9-4a29-90c1-d585dd050655 a607a8cc56ee4a918facbb451c0e3831 16b608c7e5a0466292a36f2607bd47a5 - - default default] 199.204.45.229 "GET /v2.0/networks/209848ca-3311-45e4-b001-a705994c61c9 HTTP/1.1" status: 200 len: 1002 time: 0.1113267
2026-06-03 01:04:01.098 9 INFO neutron.plugins.ml2.plugin [None req-2eeaa632-5493-44e3-a71c-72f4eb284b18 - - - - - -] Attempt 1 to provision port 6dd66f47-a71c-4393-ac05-bf4aca26fdd1
2026-06-03 01:04:01.129 10 INFO neutron.wsgi [req-cc1dd266-6af9-46b8-9d05-3f0f17527e81 req-76935f2e-5603-417d-8295-dc9225ac18e6 e4f9f50b079d4b2fa968f05ba0d51db1 f1cfac412872484cb275d703c4221d42 - - 03dce30708164263aa0c6e51f940dfa2 03dce30708164263aa0c6e51f940dfa2] 199.204.45.229 "GET /v2.0/networks/209848ca-3311-45e4-b001-a705994c61c9?fields=provider%3Aphysical_network&fields=provider%3Anetwork_type HTTP/1.1" status: 200 len: 277 time: 0.1074188
2026-06-03 01:04:01.144 10 INFO neutron.wsgi [None req-f07f9a1f-e088-44aa-b1d7-e98852ce93ed a607a8cc56ee4a918facbb451c0e3831 16b608c7e5a0466292a36f2607bd47a5 - - default default] 199.204.45.229 "GET /v2.0/ports/5754547d-bee2-4fe4-969b-f1d265f9a698 HTTP/1.1" status: 200 len: 1332 time: 0.0401952
2026-06-03 01:04:01.221 9 INFO neutron.wsgi [None req-f8fd8062-4d4d-489c-bd90-3f1048ecd213 701c67c22e764006bfb2c5631194fcb1 1369a38f3d044568b4758fea5c624a49 - - default default] 10.0.0.147 "POST /v2.0/trunks HTTP/1.1" status: 201 len: 608 time: 0.3830662
2026-06-03 01:04:01.222 10 INFO neutron.wsgi [None req-efa20b72-8ec5-402b-8dba-1f3a47f1aad8 a607a8cc56ee4a918facbb451c0e3831 16b608c7e5a0466292a36f2607bd47a5 - - default default] 199.204.45.229 "GET /v2.0/subnets/bfb797e3-3d03-49fe-b177-618c2b73f9bf HTTP/1.1" status: 200 len: 851 time: 0.0582354
2026-06-03 01:04:01.235 9 WARNING neutron_lib.context [None req-7cd2a4ae-74a5-41f1-bde6-2a18c1d80b2a 701c67c22e764006bfb2c5631194fcb1 1369a38f3d044568b4758fea5c624a49 - - default default] Method 'is_advsvc' is deprecated since 2023.2 release (neutron-lib 3.8.0) and will be removed once support for the old RBAC API policies will be removed from Neutron. Please use method 'is_service_role' instead.
2026-06-03 01:04:01.249 10 INFO neutron.wsgi [req-cc1dd266-6af9-46b8-9d05-3f0f17527e81 req-2dee7b1d-69ff-45c6-b825-169f780a5b50 e4f9f50b079d4b2fa968f05ba0d51db1 f1cfac412872484cb275d703c4221d42 - - 03dce30708164263aa0c6e51f940dfa2 03dce30708164263aa0c6e51f940dfa2] 199.204.45.229 "GET /v2.0/ports?tenant_id=9134f727aae54209977f58e9ea76239b&device_id=e0e85dce-5fb1-4bb1-99e6-c567502dd3ce HTTP/1.1" status: 200 len: 1407 time: 0.0519791
2026-06-03 01:04:01.325 9 INFO neutron.notifiers.nova [-] Nova event matching ['req-f901820c-30b1-4ffe-9972-dabf0eea4134'] response: {'server_uuid': 'e0e85dce-5fb1-4bb1-99e6-c567502dd3ce', 'name': 'network-vif-plugged', 'status': 'completed', 'tag': '6dd66f47-a71c-4393-ac05-bf4aca26fdd1', 'code': 200}
2026-06-03 01:04:01.335 10 INFO neutron.wsgi [req-cc1dd266-6af9-46b8-9d05-3f0f17527e81 req-e383ea0c-59f4-4d80-a07a-5febe93f71eb e4f9f50b079d4b2fa968f05ba0d51db1 f1cfac412872484cb275d703c4221d42 - - 03dce30708164263aa0c6e51f940dfa2 03dce30708164263aa0c6e51f940dfa2] 199.204.45.229 "GET /v2.0/networks?id=5ed9c635-08a7-414e-9693-71cc89b3d635 HTTP/1.1" status: 200 len: 959 time: 0.0792456
2026-06-03 01:04:01.372 10 INFO neutron.wsgi [req-cc1dd266-6af9-46b8-9d05-3f0f17527e81 req-d2ceaeb7-6c0e-45ed-bc50-9ff1fb5d2a36 e4f9f50b079d4b2fa968f05ba0d51db1 f1cfac412872484cb275d703c4221d42 - - 03dce30708164263aa0c6e51f940dfa2 03dce30708164263aa0c6e51f940dfa2] 199.204.45.229 "GET /v2.0/floatingips?fixed_ip_address=10.100.0.8&port_id=6dd66f47-a71c-4393-ac05-bf4aca26fdd1 HTTP/1.1" status: 200 len: 217 time: 0.0294559
2026-06-03 01:04:01.397 9 INFO neutron.db.segments_db [None req-7cd2a4ae-74a5-41f1-bde6-2a18c1d80b2a 701c67c22e764006bfb2c5631194fcb1 1369a38f3d044568b4758fea5c624a49 - - default default] Added segment b1517c26-dde6-4bcf-9597-84943a1c12eb of type geneve for network 7c9a90cc-4db1-4947-93b2-94df1fcddda2
2026-06-03 01:04:01.427 10 INFO neutron.wsgi [req-cc1dd266-6af9-46b8-9d05-3f0f17527e81 req-9af411d6-f0b8-4f84-ba8f-f0c94d833d0a e4f9f50b079d4b2fa968f05ba0d51db1 f1cfac412872484cb275d703c4221d42 - - 03dce30708164263aa0c6e51f940dfa2 03dce30708164263aa0c6e51f940dfa2] 199.204.45.229 "GET /v2.0/subnets?id=56b2a7a4-0cd0-4466-b259-2e4fee9ed33c HTTP/1.1" status: 200 len: 853 time: 0.0478499
2026-06-03 01:04:01.470 10 INFO neutron.wsgi [req-cc1dd266-6af9-46b8-9d05-3f0f17527e81 req-e540e459-1eb0-4d17-ad24-e9708d55b475 e4f9f50b079d4b2fa968f05ba0d51db1 f1cfac412872484cb275d703c4221d42 - - 03dce30708164263aa0c6e51f940dfa2 03dce30708164263aa0c6e51f940dfa2] 199.204.45.229 "GET /v2.0/ports?network_id=5ed9c635-08a7-414e-9693-71cc89b3d635&device_owner=network%3Adhcp HTTP/1.1" status: 200 len: 210 time: 0.0249567
2026-06-03 01:04:01.567 10 INFO neutron.wsgi [req-cc1dd266-6af9-46b8-9d05-3f0f17527e81 req-eef839ac-3464-4f42-8788-97a63e0547d4 e4f9f50b079d4b2fa968f05ba0d51db1 f1cfac412872484cb275d703c4221d42 - - 03dce30708164263aa0c6e51f940dfa2 03dce30708164263aa0c6e51f940dfa2] 199.204.45.229 "GET /v2.0/networks/5ed9c635-08a7-414e-9693-71cc89b3d635?fields=segments HTTP/1.1" status: 200 len: 212 time: 0.0836000
2026-06-03 01:04:01.673 10 INFO neutron.wsgi [req-cc1dd266-6af9-46b8-9d05-3f0f17527e81 req-7a5c6cd0-61f9-4ee6-9d15-e466450a074c e4f9f50b079d4b2fa968f05ba0d51db1 f1cfac412872484cb275d703c4221d42 - - 03dce30708164263aa0c6e51f940dfa2 03dce30708164263aa0c6e51f940dfa2] 199.204.45.229 "GET /v2.0/networks/5ed9c635-08a7-414e-9693-71cc89b3d635?fields=provider%3Aphysical_network&fields=provider%3Anetwork_type HTTP/1.1" status: 200 len: 277 time: 0.1000023
2026-06-03 01:04:01.706 9 INFO neutron.db.ovn_revision_numbers_db [None req-785edf6a-99cc-4df8-b031-7ac091b8bd7a 88136f3af5e940ea8f0dfe6a08a9e0e3 18a8222bcf954efa8b3a54cf874bbb43 - - default default] Successfully bumped revision number for resource bd00ba4d-c068-4397-b1c1-381c82894b42 (type: floatingips) to 0
2026-06-03 01:04:01.710 9 INFO neutron.db.ovn_revision_numbers_db [None req-7cd2a4ae-74a5-41f1-bde6-2a18c1d80b2a 701c67c22e764006bfb2c5631194fcb1 1369a38f3d044568b4758fea5c624a49 - - default default] Successfully bumped revision number for resource 7c9a90cc-4db1-4947-93b2-94df1fcddda2 (type: networks) to 1
2026-06-03 01:04:01.739 9 INFO neutron.wsgi [None req-785edf6a-99cc-4df8-b031-7ac091b8bd7a 88136f3af5e940ea8f0dfe6a08a9e0e3 18a8222bcf954efa8b3a54cf874bbb43 - - default default] 10.0.0.147 "POST /v2.0/floatingips HTTP/1.1" status: 201 len: 751 time: 1.6433520
2026-06-03 01:04:01.747 9 INFO neutron.db.ovn_revision_numbers_db [None req-2eeaa632-5493-44e3-a71c-72f4eb284b18 - - - - - -] Successfully bumped revision number for resource 6dd66f47-a71c-4393-ac05-bf4aca26fdd1 (type: ports) to 4
2026-06-03 01:04:01.753 9 WARNING neutron_lib.context [None req-1b74de56-10aa-4993-acf1-ad31d5c8cd66 88136f3af5e940ea8f0dfe6a08a9e0e3 18a8222bcf954efa8b3a54cf874bbb43 - - default default] Method 'is_advsvc' is deprecated since 2023.2 release (neutron-lib 3.8.0) and will be removed once support for the old RBAC API policies will be removed from Neutron. Please use method 'is_service_role' instead.
2026-06-03 01:04:01.771 10 INFO neutron.wsgi [req-cc1dd266-6af9-46b8-9d05-3f0f17527e81 req-f410ca7a-8fe1-4c82-902f-62100aae0c51 e4f9f50b079d4b2fa968f05ba0d51db1 f1cfac412872484cb275d703c4221d42 - - 03dce30708164263aa0c6e51f940dfa2 03dce30708164263aa0c6e51f940dfa2] 199.204.45.229 "GET /v2.0/ports?tenant_id=16b608c7e5a0466292a36f2607bd47a5&device_id=9ea65fcb-2b95-4404-ac4d-4c6af000999a HTTP/1.1" status: 200 len: 2728 time: 0.0560408
2026-06-03 01:04:01.883 10 INFO neutron.wsgi [req-cc1dd266-6af9-46b8-9d05-3f0f17527e81 req-b52c89ee-ae5c-46ff-adc0-9ab1e5f5c524 e4f9f50b079d4b2fa968f05ba0d51db1 f1cfac412872484cb275d703c4221d42 - - 03dce30708164263aa0c6e51f940dfa2 03dce30708164263aa0c6e51f940dfa2] 199.204.45.229 "GET /v2.0/networks?id=209848ca-3311-45e4-b001-a705994c61c9 HTTP/1.1" status: 200 len: 1005 time: 0.1033988
2026-06-03 01:04:01.935 10 INFO neutron.wsgi [req-cc1dd266-6af9-46b8-9d05-3f0f17527e81 req-a67e4fa4-2469-435b-b698-21b4c7424bbe e4f9f50b079d4b2fa968f05ba0d51db1 f1cfac412872484cb275d703c4221d42 - - 03dce30708164263aa0c6e51f940dfa2 03dce30708164263aa0c6e51f940dfa2] 199.204.45.229 "GET /v2.0/floatingips?fixed_ip_address=10.1.1.103&port_id=a13b0255-3425-47e0-b0e5-7bc382d705ac HTTP/1.1" status: 200 len: 217 time: 0.0418775
2026-06-03 01:04:01.963 10 INFO neutron.wsgi [req-5aa7ebf7-e13e-48c4-b120-775eea868bcb req-66e53c84-3b83-4a2a-b9d4-64f91d6d5eeb b8cc157f82754095a020ee957367ab15 9134f727aae54209977f58e9ea76239b - - default default] 10.0.0.125 "GET /v2.0/ports?device_id=e0e85dce-5fb1-4bb1-99e6-c567502dd3ce HTTP/1.1" status: 200 len: 1170 time: 0.0660226
2026-06-03 01:04:01.992 9 WARNING neutron.scheduler.dhcp_agent_scheduler [None req-7cd2a4ae-74a5-41f1-bde6-2a18c1d80b2a 701c67c22e764006bfb2c5631194fcb1 1369a38f3d044568b4758fea5c624a49 - - default default] No more DHCP agents
2026-06-03 01:04:01.998 9 WARNING neutron.api.rpc.agentnotifiers.dhcp_rpc_agent_api [None req-7cd2a4ae-74a5-41f1-bde6-2a18c1d80b2a 701c67c22e764006bfb2c5631194fcb1 1369a38f3d044568b4758fea5c624a49 - - default default] Unable to schedule network 7c9a90cc-4db1-4947-93b2-94df1fcddda2: no agents available; will retry on subsequent port and subnet creation events.
