2026-06-03 01:00:29.956 10 WARNING neutron.api.rpc.agentnotifiers.dhcp_rpc_agent_api [None req-035eee1c-eef5-4113-a549-bc4e632f6bb9 8db5ea2f5b464c8c9ef968617bbae641 a88c5011e1e64c10b1ac4d6f767003e9 - - default default] Unable to schedule network 9750bfc4-d3f9-417e-855f-d6a046f2fe34: no agents available; will retry on subsequent port and subnet creation events.
2026-06-03 01:00:30.028 10 INFO neutron.wsgi [req-4d1ace25-f7c6-49e9-b15c-e1268e680805 req-9103628d-b5a9-424b-9cd2-932030bb810f 7bff080c17054699b5e48d2f79d62079 304e52865f914657a3c30cdcf97f825c - - default default] 10.0.0.125 "GET /v2.0/security-groups?id=cbc13d33-0b37-46f1-989a-08f57982cf11&fields=id&fields=name HTTP/1.1" status: 200 len: 313 time: 0.0689576
2026-06-03 01:00:30.421 10 INFO neutron.db.ovn_revision_numbers_db [None req-035eee1c-eef5-4113-a549-bc4e632f6bb9 8db5ea2f5b464c8c9ef968617bbae641 a88c5011e1e64c10b1ac4d6f767003e9 - - default default] Successfully bumped revision number for resource 4fae4637-d9d1-4350-9200-67e49244a09d (type: floatingips) to 0
2026-06-03 01:00:30.441 10 INFO neutron.wsgi [None req-035eee1c-eef5-4113-a549-bc4e632f6bb9 8db5ea2f5b464c8c9ef968617bbae641 a88c5011e1e64c10b1ac4d6f767003e9 - - default default] 10.0.0.147 "POST /v2.0/floatingips HTTP/1.1" status: 201 len: 751 time: 0.8493681
2026-06-03 01:00:30.974 10 INFO neutron.wsgi [req-3ac5ac9a-8da9-43f2-839c-70b889ac1307 req-b3d645d8-be44-4980-85e2-d653d7158467 8db5ea2f5b464c8c9ef968617bbae641 a88c5011e1e64c10b1ac4d6f767003e9 - - default default] 10.0.0.125 "GET /v2.0/security-groups?name=tempest-securitygroup--2035317339&fields=id&tenant_id=a88c5011e1e64c10b1ac4d6f767003e9 HTTP/1.1" status: 200 len: 267 time: 0.0427933
2026-06-03 01:00:31.066 10 INFO neutron.wsgi [req-3ac5ac9a-8da9-43f2-839c-70b889ac1307 req-562a0a7e-5737-43c3-84f2-bcbc054fca32 8db5ea2f5b464c8c9ef968617bbae641 a88c5011e1e64c10b1ac4d6f767003e9 - - default default] 10.0.0.125 "GET /v2.0/networks?id=7237910f-81f6-41ab-bb76-5d85656f9da4 HTTP/1.1" status: 200 len: 869 time: 0.0824404
2026-06-03 01:00:31.085 10 INFO neutron.wsgi [req-3ac5ac9a-8da9-43f2-839c-70b889ac1307 req-90d03eac-4569-4aed-a6ad-c4bc1acc8199 8db5ea2f5b464c8c9ef968617bbae641 a88c5011e1e64c10b1ac4d6f767003e9 - - default default] 10.0.0.125 "GET /v2.0/quotas/a88c5011e1e64c10b1ac4d6f767003e9 HTTP/1.1" status: 200 len: 386 time: 0.0113564
2026-06-03 01:00:31.155 10 INFO neutron.wsgi [req-c0ebcac7-ea48-467b-890f-906ddf4893ed req-6a528dc2-11bb-4941-acbe-e86c783d7ac0 7bff080c17054699b5e48d2f79d62079 304e52865f914657a3c30cdcf97f825c - - default default] 10.0.0.125 "GET /v2.0/ports?device_id=f28f7a3b-6f8f-4b2e-a7a2-d730ff44e297 HTTP/1.1" status: 200 len: 1168 time: 0.0415404
2026-06-03 01:00:31.219 10 INFO neutron.wsgi [req-3ac5ac9a-8da9-43f2-839c-70b889ac1307 req-ee490910-6d0e-42f4-8503-294b5059d648 8db5ea2f5b464c8c9ef968617bbae641 a88c5011e1e64c10b1ac4d6f767003e9 - - default default] 10.0.0.125 "GET /v2.0/ports?tenant_id=a88c5011e1e64c10b1ac4d6f767003e9&fields=id HTTP/1.1" status: 200 len: 302 time: 0.1275361
2026-06-03 01:00:31.227 10 INFO neutron.wsgi [req-c0ebcac7-ea48-467b-890f-906ddf4893ed req-8ce3ea67-b3f9-4810-8b6a-451e381ef7a7 7bff080c17054699b5e48d2f79d62079 304e52865f914657a3c30cdcf97f825c - - default default] 10.0.0.125 "GET /v2.0/security-groups?id=cbc13d33-0b37-46f1-989a-08f57982cf11&fields=id&fields=name HTTP/1.1" status: 200 len: 313 time: 0.0624049
2026-06-03 01:00:31.303 10 INFO neutron.wsgi [req-3ac5ac9a-8da9-43f2-839c-70b889ac1307 req-a27d5371-c2de-421c-bc26-c162c6df93c2 e4f9f50b079d4b2fa968f05ba0d51db1 f1cfac412872484cb275d703c4221d42 - - 03dce30708164263aa0c6e51f940dfa2 03dce30708164263aa0c6e51f940dfa2] 10.0.0.125 "GET /v2.0/networks/7237910f-81f6-41ab-bb76-5d85656f9da4?fields=segments HTTP/1.1" status: 200 len: 212 time: 0.0599039
2026-06-03 01:00:31.386 10 INFO neutron.wsgi [req-3ac5ac9a-8da9-43f2-839c-70b889ac1307 req-717aceda-214f-4926-9502-58d7d92a5f71 e4f9f50b079d4b2fa968f05ba0d51db1 f1cfac412872484cb275d703c4221d42 - - 03dce30708164263aa0c6e51f940dfa2 03dce30708164263aa0c6e51f940dfa2] 10.0.0.125 "GET /v2.0/networks/7237910f-81f6-41ab-bb76-5d85656f9da4?fields=provider%3Aphysical_network&fields=provider%3Anetwork_type HTTP/1.1" status: 200 len: 277 time: 0.0748880
2026-06-03 01:00:31.568 10 INFO neutron.wsgi [req-e00f5eeb-1d0a-463a-85dc-2f64931c02a8 req-14c66d37-d67f-4b84-a158-53dbd5ad3259 8db5ea2f5b464c8c9ef968617bbae641 a88c5011e1e64c10b1ac4d6f767003e9 - - default default] 10.0.0.125 "GET /v2.0/ports?device_id=c326da9f-8573-4b8e-bf34-c86e06f0f9ec HTTP/1.1" status: 200 len: 210 time: 0.0244222
2026-06-03 01:00:31.639 10 INFO neutron.wsgi [None req-9f52bb1f-44d3-474d-b852-d6f89c6772ff a607a8cc56ee4a918facbb451c0e3831 16b608c7e5a0466292a36f2607bd47a5 - - default default] 10.0.0.46 "GET /v2.0/floatingips HTTP/1.1" status: 200 len: 1807 time: 0.2047567
2026-06-03 01:00:31.656 10 INFO neutron.wsgi [None req-87bdfebf-f8c8-4099-a9c9-25881d9ae914 a607a8cc56ee4a918facbb451c0e3831 16b608c7e5a0466292a36f2607bd47a5 - - default default] 10.0.0.46 "GET /v2.0/agents HTTP/1.1" status: 200 len: 997 time: 0.0159724
2026-06-03 01:00:31.679 10 INFO neutron.wsgi [None req-bce99314-6009-4ab1-b547-adad267e59ee a607a8cc56ee4a918facbb451c0e3831 16b608c7e5a0466292a36f2607bd47a5 - - default default] 10.0.0.46 "GET /v2.0/network-ip-availabilities HTTP/1.1" status: 200 len: 2722 time: 0.0199108
2026-06-03 01:00:31.765 10 INFO neutron.wsgi [None req-8c4b4382-5a90-4c95-9abd-d271ea09a912 a607a8cc56ee4a918facbb451c0e3831 16b608c7e5a0466292a36f2607bd47a5 - - default default] 10.0.0.46 "GET /v2.0/ports HTTP/1.1" status: 200 len: 19201 time: 0.0841689
2026-06-03 01:00:32.210 10 INFO neutron.wsgi [None req-bad2c174-6a82-407f-b333-38bac8bbe85b a607a8cc56ee4a918facbb451c0e3831 16b608c7e5a0466292a36f2607bd47a5 - - default default] 10.0.0.46 "GET /v2.0/routers HTTP/1.1" status: 200 len: 2215 time: 0.4351592
2026-06-03 01:00:32.221 10 INFO neutron.wsgi [None req-8907d3a4-3b98-4bb0-b7e7-85227af65058 a607a8cc56ee4a918facbb451c0e3831 16b608c7e5a0466292a36f2607bd47a5 - - default default] 10.0.0.46 "GET /v2.0/agents?binary=ovn-controller HTTP/1.1" status: 200 len: 591 time: 0.0095494
2026-06-03 01:00:32.261 10 INFO neutron.wsgi [None req-611774f0-86d0-4ca9-bc4e-6e2dced44b03 a607a8cc56ee4a918facbb451c0e3831 16b608c7e5a0466292a36f2607bd47a5 - - default default] 10.0.0.46 "GET /v2.0/subnets HTTP/1.1" status: 200 len: 3412 time: 0.0394318
2026-06-03 01:00:32.277 10 INFO neutron.wsgi [None req-c4edee60-1c6c-4ef7-a0fe-2064cca478b5 a607a8cc56ee4a918facbb451c0e3831 16b608c7e5a0466292a36f2607bd47a5 - - default default] 10.0.0.46 "GET /v2.0/subnetpools HTTP/1.1" status: 200 len: 193 time: 0.0128765
2026-06-03 01:00:32.318 10 INFO neutron.wsgi [None req-bd0d4412-8331-4d62-85e6-97095413ba73 a607a8cc56ee4a918facbb451c0e3831 16b608c7e5a0466292a36f2607bd47a5 - - default default] 10.0.0.46 "GET /v2.0/subnets HTTP/1.1" status: 200 len: 3412 time: 0.0410137
2026-06-03 01:00:32.374 10 INFO neutron.wsgi [req-e9e1c0b6-3758-4245-8501-2ad802b71de9 req-d410a45a-ade9-4c7d-b69f-d545e9cff72d 7bff080c17054699b5e48d2f79d62079 304e52865f914657a3c30cdcf97f825c - - default default] 10.0.0.125 "GET /v2.0/ports?device_id=f28f7a3b-6f8f-4b2e-a7a2-d730ff44e297 HTTP/1.1" status: 200 len: 1168 time: 0.0552995
2026-06-03 01:00:32.428 10 INFO neutron.wsgi [None req-dfd20dbb-0756-44e0-bbed-e1f6a77d1f4e a607a8cc56ee4a918facbb451c0e3831 16b608c7e5a0466292a36f2607bd47a5 - - default default] 10.0.0.46 "GET /v2.0/networks HTTP/1.1" status: 200 len: 4635 time: 0.0985527
2026-06-03 01:00:32.466 10 INFO neutron.wsgi [req-e9e1c0b6-3758-4245-8501-2ad802b71de9 req-b237a26e-cdf2-4047-98c0-a54aa0701771 7bff080c17054699b5e48d2f79d62079 304e52865f914657a3c30cdcf97f825c - - default default] 10.0.0.125 "GET /v2.0/security-groups?id=cbc13d33-0b37-46f1-989a-08f57982cf11&fields=id&fields=name HTTP/1.1" status: 200 len: 313 time: 0.0823438
2026-06-03 01:00:32.528 10 INFO neutron.wsgi [req-3ac5ac9a-8da9-43f2-839c-70b889ac1307 req-eaeac065-9f33-4179-871b-646f706f0db6 8db5ea2f5b464c8c9ef968617bbae641 a88c5011e1e64c10b1ac4d6f767003e9 - - default default] 199.204.45.229 "GET /v2.0/networks?id=7237910f-81f6-41ab-bb76-5d85656f9da4 HTTP/1.1" status: 200 len: 869 time: 0.1133039
2026-06-03 01:00:32.540 10 INFO neutron.wsgi [None req-f64ba9c3-f405-425e-b0d5-46930eb46701 a607a8cc56ee4a918facbb451c0e3831 16b608c7e5a0466292a36f2607bd47a5 - - default default] 10.0.0.46 "GET /v2.0/security-groups HTTP/1.1" status: 200 len: 33360 time: 0.1009078
2026-06-03 01:00:32.581 10 INFO neutron.wsgi [req-3ac5ac9a-8da9-43f2-839c-70b889ac1307 req-876cd774-e5e2-4a16-852e-46c7ee1d743a 8db5ea2f5b464c8c9ef968617bbae641 a88c5011e1e64c10b1ac4d6f767003e9 - - default default] 199.204.45.229 "GET /v2.0/security-groups?fields=id&fields=name&tenant_id=a88c5011e1e64c10b1ac4d6f767003e9 HTTP/1.1" status: 200 len: 380 time: 0.0411587
2026-06-03 01:00:32.595 10 WARNING neutron_lib.context [req-3ac5ac9a-8da9-43f2-839c-70b889ac1307 req-eb85389a-3f2e-473e-ad75-b7396b65d2ec 8db5ea2f5b464c8c9ef968617bbae641 a88c5011e1e64c10b1ac4d6f767003e9 - - default default] Method 'is_advsvc' is deprecated since 2023.2 release (neutron-lib 3.8.0) and will be removed once support for the old RBAC API policies will be removed from Neutron. Please use method 'is_service_role' instead.
2026-06-03 01:00:32.682 10 INFO neutron.wsgi [req-f134c1a3-c7fc-4fb6-9e56-1368736a70ef req-d4d192a9-85a1-4830-a817-158384b88331 8db5ea2f5b464c8c9ef968617bbae641 a88c5011e1e64c10b1ac4d6f767003e9 - - default default] 10.0.0.125 "GET /v2.0/ports?device_id=c326da9f-8573-4b8e-bf34-c86e06f0f9ec HTTP/1.1" status: 200 len: 210 time: 0.0272260
2026-06-03 01:00:32.925 10 WARNING neutron.scheduler.dhcp_agent_scheduler [req-3ac5ac9a-8da9-43f2-839c-70b889ac1307 req-eb85389a-3f2e-473e-ad75-b7396b65d2ec 8db5ea2f5b464c8c9ef968617bbae641 a88c5011e1e64c10b1ac4d6f767003e9 - - default default] No more DHCP agents
2026-06-03 01:00:32.929 10 WARNING neutron.api.rpc.agentnotifiers.dhcp_rpc_agent_api [req-3ac5ac9a-8da9-43f2-839c-70b889ac1307 req-eb85389a-3f2e-473e-ad75-b7396b65d2ec 8db5ea2f5b464c8c9ef968617bbae641 a88c5011e1e64c10b1ac4d6f767003e9 - - default default] Unable to schedule network 7237910f-81f6-41ab-bb76-5d85656f9da4: no agents available; will retry on subsequent port and subnet creation events.
2026-06-03 01:00:33.013 10 WARNING neutron.plugins.ml2.drivers.ovn.mech_driver.ovsdb.ovn_client [None req-bf352f2c-453a-4c5c-b334-3aa067612f32 - - - - - -] No hosting information found for port 992f9bd3-6a16-4474-b3fa-aa012fd2128d: RuntimeError: No hosting information found for port 992f9bd3-6a16-4474-b3fa-aa012fd2128d
2026-06-03 01:00:33.143 10 INFO neutron.db.ovn_revision_numbers_db [req-3ac5ac9a-8da9-43f2-839c-70b889ac1307 req-eb85389a-3f2e-473e-ad75-b7396b65d2ec 8db5ea2f5b464c8c9ef968617bbae641 a88c5011e1e64c10b1ac4d6f767003e9 - - default default] Successfully bumped revision number for resource 5f5d9a4e-549b-468e-babc-6fc044a6e4b6 (type: ports) to 1
2026-06-03 01:00:33.169 10 INFO neutron.wsgi [req-3ac5ac9a-8da9-43f2-839c-70b889ac1307 req-eb85389a-3f2e-473e-ad75-b7396b65d2ec 8db5ea2f5b464c8c9ef968617bbae641 a88c5011e1e64c10b1ac4d6f767003e9 - - default default] 199.204.45.229 "POST /v2.0/ports HTTP/1.1" status: 201 len: 1162 time: 0.5824230 /var/lib/openstack/lib/python3.10/site-packages/pycadf/identifier.py:71: UserWarning: Invalid uuid: neutron. To ensure interoperability, identifiers should be a valid uuid. warnings.warn(('Invalid uuid: %s. To ensure interoperability, ' /var/lib/openstack/lib/python3.10/site-packages/pycadf/identifier.py:71: UserWarning: Invalid uuid: neutron. To ensure interoperability, identifiers should be a valid uuid. warnings.warn(('Invalid uuid: %s. To ensure interoperability, '
2026-06-03 01:00:33.695 10 INFO neutron.wsgi [req-b8e652d0-8a97-4f22-ad47-109d65d1a532 req-82d3cd95-9719-4f3c-98f6-f21a85e30da5 7bff080c17054699b5e48d2f79d62079 304e52865f914657a3c30cdcf97f825c - - default default] 10.0.0.125 "GET /v2.0/ports?device_id=f28f7a3b-6f8f-4b2e-a7a2-d730ff44e297 HTTP/1.1" status: 200 len: 1168 time: 0.1533782
2026-06-03 01:00:33.754 10 INFO neutron.db.ovn_revision_numbers_db [req-3ac5ac9a-8da9-43f2-839c-70b889ac1307 req-7fe4dde2-b27a-40aa-a98a-47c8ad364ea6 e4f9f50b079d4b2fa968f05ba0d51db1 f1cfac412872484cb275d703c4221d42 - - 03dce30708164263aa0c6e51f940dfa2 03dce30708164263aa0c6e51f940dfa2] Successfully bumped revision number for resource 5f5d9a4e-549b-468e-babc-6fc044a6e4b6 (type: ports) to 2
2026-06-03 01:00:33.759 10 INFO neutron.wsgi [req-b8e652d0-8a97-4f22-ad47-109d65d1a532 req-4b5e2ca2-45eb-4b63-907f-17989ace9bb5 7bff080c17054699b5e48d2f79d62079 304e52865f914657a3c30cdcf97f825c - - default default] 10.0.0.125 "GET /v2.0/security-groups?id=cbc13d33-0b37-46f1-989a-08f57982cf11&fields=id&fields=name HTTP/1.1" status: 200 len: 313 time: 0.0559552
2026-06-03 01:00:33.822 9 WARNING neutron.plugins.ml2.drivers.ovn.mech_driver.ovsdb.ovn_client [None req-2eeaa632-5493-44e3-a71c-72f4eb284b18 - - - - - -] No hosting information found for port 5320aaec-5357-4fae-a180-7dac699cf0d2: RuntimeError: No hosting information found for port 5320aaec-5357-4fae-a180-7dac699cf0d2
2026-06-03 01:00:33.823 9 INFO neutron.plugins.ml2.drivers.ovn.mech_driver.mech_driver [None req-2eeaa632-5493-44e3-a71c-72f4eb284b18 - - - - - -] OVN reports status up for port: 46002350-f1e5-4a10-b0b4-6d56c5cc14e1
2026-06-03 01:00:33.825 10 INFO neutron.wsgi [req-12da685d-3563-41a6-b376-b7f3f89cfba9 req-add19ff1-7665-42ab-a55e-12c1d0065cb3 8db5ea2f5b464c8c9ef968617bbae641 a88c5011e1e64c10b1ac4d6f767003e9 - - default default] 10.0.0.125 "GET /v2.0/ports?device_id=c326da9f-8573-4b8e-bf34-c86e06f0f9ec HTTP/1.1" status: 200 len: 1172 time: 0.0540907
2026-06-03 01:00:33.839 9 INFO neutron.plugins.ml2.plugin [None req-2eeaa632-5493-44e3-a71c-72f4eb284b18 - - - - - -] Attempt 1 to provision port 46002350-f1e5-4a10-b0b4-6d56c5cc14e1
2026-06-03 01:00:33.886 10 INFO neutron.wsgi [req-12da685d-3563-41a6-b376-b7f3f89cfba9 req-1cdd2068-095b-4835-918c-6131f1ddc6b0 8db5ea2f5b464c8c9ef968617bbae641 a88c5011e1e64c10b1ac4d6f767003e9 - - default default] 10.0.0.125 "GET /v2.0/security-groups?id=88385a0f-5a54-4e4e-b622-acd893dc19da&fields=id&fields=name HTTP/1.1" status: 200 len: 313 time: 0.0493872
2026-06-03 01:00:34.058 10 INFO neutron.db.ovn_revision_numbers_db [req-3ac5ac9a-8da9-43f2-839c-70b889ac1307 req-7fe4dde2-b27a-40aa-a98a-47c8ad364ea6 e4f9f50b079d4b2fa968f05ba0d51db1 f1cfac412872484cb275d703c4221d42 - - 03dce30708164263aa0c6e51f940dfa2 03dce30708164263aa0c6e51f940dfa2] Successfully bumped revision number for resource 5f5d9a4e-549b-468e-babc-6fc044a6e4b6 (type: ports) to 2
2026-06-03 01:00:34.081 10 INFO neutron.wsgi [req-3ac5ac9a-8da9-43f2-839c-70b889ac1307 req-7fe4dde2-b27a-40aa-a98a-47c8ad364ea6 e4f9f50b079d4b2fa968f05ba0d51db1 f1cfac412872484cb275d703c4221d42 - - 03dce30708164263aa0c6e51f940dfa2 03dce30708164263aa0c6e51f940dfa2] 199.204.45.229 "PUT /v2.0/ports/5f5d9a4e-549b-468e-babc-6fc044a6e4b6 HTTP/1.1" status: 200 len: 1380 time: 0.9013655 /var/lib/openstack/lib/python3.10/site-packages/pycadf/identifier.py:71: UserWarning: Invalid uuid: neutron. To ensure interoperability, identifiers should be a valid uuid. warnings.warn(('Invalid uuid: %s. To ensure interoperability, '
2026-06-03 01:00:34.168 10 INFO neutron.wsgi [req-f629f6e3-0ca2-4bc9-85bb-936d57664033 req-85dad79e-0196-4f6e-acb2-6c4446576ef7 45c78d03df534be79210ec9198352924 18323e95affa4d4d9b60b55614de54d8 - - default default] 10.0.0.125 "GET /v2.0/security-groups?name=tempest-securitygroup--700520691&fields=id&tenant_id=18323e95affa4d4d9b60b55614de54d8 HTTP/1.1" status: 200 len: 267 time: 0.0622618
2026-06-03 01:00:34.178 10 INFO neutron.notifiers.nova [-] Nova event matching ['req-acd25906-bf25-406a-a99a-3532fc6219fd'] response: {'name': 'network-changed', 'server_uuid': 'c326da9f-8573-4b8e-bf34-c86e06f0f9ec', 'tag': '5f5d9a4e-549b-468e-babc-6fc044a6e4b6', 'status': 'completed', 'code': 200}
2026-06-03 01:00:34.184 9 INFO neutron.db.ovn_revision_numbers_db [None req-2eeaa632-5493-44e3-a71c-72f4eb284b18 - - - - - -] Successfully bumped revision number for resource 46002350-f1e5-4a10-b0b4-6d56c5cc14e1 (type: ports) to 4
2026-06-03 01:00:34.205 10 INFO neutron.wsgi [req-3ac5ac9a-8da9-43f2-839c-70b889ac1307 req-436978a1-521e-455b-9ee1-59fd5ae10157 e4f9f50b079d4b2fa968f05ba0d51db1 f1cfac412872484cb275d703c4221d42 - - 03dce30708164263aa0c6e51f940dfa2 03dce30708164263aa0c6e51f940dfa2] 199.204.45.229 "GET /v2.0/ports?tenant_id=a88c5011e1e64c10b1ac4d6f767003e9&device_id=c326da9f-8573-4b8e-bf34-c86e06f0f9ec HTTP/1.1" status: 200 len: 1411 time: 0.0761411
2026-06-03 01:00:34.247 10 INFO neutron.wsgi [req-3ac5ac9a-8da9-43f2-839c-70b889ac1307 req-bd09a092-c64d-4794-a8d0-d911ef1b3c97 e4f9f50b079d4b2fa968f05ba0d51db1 f1cfac412872484cb275d703c4221d42 - - 03dce30708164263aa0c6e51f940dfa2 03dce30708164263aa0c6e51f940dfa2] 199.204.45.229 "GET /v2.0/floatingips?fixed_ip_address=10.100.0.14&port_id=5f5d9a4e-549b-468e-babc-6fc044a6e4b6 HTTP/1.1" status: 200 len: 217 time: 0.0323229
2026-06-03 01:00:34.280 10 INFO neutron.wsgi [req-f629f6e3-0ca2-4bc9-85bb-936d57664033 req-f5aaf016-519b-4b7c-8be1-711771428140 45c78d03df534be79210ec9198352924 18323e95affa4d4d9b60b55614de54d8 - - default default] 10.0.0.125 "GET /v2.0/networks?id=290a65a3-e1a1-4758-83e5-5dbf3b38043b HTTP/1.1" status: 200 len: 877 time: 0.1005182
2026-06-03 01:00:34.300 10 INFO neutron.wsgi [req-3ac5ac9a-8da9-43f2-839c-70b889ac1307 req-a461ea58-fc8e-4fa4-8649-6dcbf4c73fd0 e4f9f50b079d4b2fa968f05ba0d51db1 f1cfac412872484cb275d703c4221d42 - - 03dce30708164263aa0c6e51f940dfa2 03dce30708164263aa0c6e51f940dfa2] 199.204.45.229 "GET /v2.0/subnets?id=47424c24-a7e7-40f1-b85e-0738e707fd53 HTTP/1.1" status: 200 len: 863 time: 0.0445671
2026-06-03 01:00:34.304 10 INFO neutron.wsgi [req-f629f6e3-0ca2-4bc9-85bb-936d57664033 req-864f5984-7382-460e-a0a1-3c1c22e5763c 45c78d03df534be79210ec9198352924 18323e95affa4d4d9b60b55614de54d8 - - default default] 10.0.0.125 "GET /v2.0/quotas/18323e95affa4d4d9b60b55614de54d8 HTTP/1.1" status: 200 len: 386 time: 0.0160680
2026-06-03 01:00:34.338 10 INFO neutron.wsgi [req-3ac5ac9a-8da9-43f2-839c-70b889ac1307 req-1e14a392-00be-4d71-8e2f-9048d0cdb37f e4f9f50b079d4b2fa968f05ba0d51db1 f1cfac412872484cb275d703c4221d42 - - 03dce30708164263aa0c6e51f940dfa2 03dce30708164263aa0c6e51f940dfa2] 199.204.45.229 "GET /v2.0/ports?network_id=7237910f-81f6-41ab-bb76-5d85656f9da4&device_owner=network%3Adhcp HTTP/1.1" status: 200 len: 210 time: 0.0293434
2026-06-03 01:00:34.432 10 INFO neutron.wsgi [req-3ac5ac9a-8da9-43f2-839c-70b889ac1307 req-e299244a-2f7b-4ca2-b4a8-565110a1f189 e4f9f50b079d4b2fa968f05ba0d51db1 f1cfac412872484cb275d703c4221d42 - - 03dce30708164263aa0c6e51f940dfa2 03dce30708164263aa0c6e51f940dfa2] 199.204.45.229 "GET /v2.0/networks/7237910f-81f6-41ab-bb76-5d85656f9da4?fields=segments HTTP/1.1" status: 200 len: 212 time: 0.0826781
2026-06-03 01:00:34.436 10 INFO neutron.wsgi [req-f629f6e3-0ca2-4bc9-85bb-936d57664033 req-158808f0-4a18-4c21-b2f5-ff204f02aa6a 45c78d03df534be79210ec9198352924 18323e95affa4d4d9b60b55614de54d8 - - default default] 10.0.0.125 "GET /v2.0/ports?tenant_id=18323e95affa4d4d9b60b55614de54d8&fields=id HTTP/1.1" status: 200 len: 302 time: 0.1193876
2026-06-03 01:00:34.462 9 INFO neutron.notifiers.nova [-] Nova event matching ['req-5ceae3a6-af9a-4254-b82e-82fb5210fdd3'] response: {'server_uuid': 'f28f7a3b-6f8f-4b2e-a7a2-d730ff44e297', 'name': 'network-vif-plugged', 'status': 'completed', 'tag': '46002350-f1e5-4a10-b0b4-6d56c5cc14e1', 'code': 200}
2026-06-03 01:00:34.532 10 INFO neutron.wsgi [req-3ac5ac9a-8da9-43f2-839c-70b889ac1307 req-961f8002-f89f-469d-8b05-18be9d48d69c e4f9f50b079d4b2fa968f05ba0d51db1 f1cfac412872484cb275d703c4221d42 - - 03dce30708164263aa0c6e51f940dfa2 03dce30708164263aa0c6e51f940dfa2] 199.204.45.229 "GET /v2.0/networks/7237910f-81f6-41ab-bb76-5d85656f9da4?fields=provider%3Aphysical_network&fields=provider%3Anetwork_type HTTP/1.1" status: 200 len: 277 time: 0.0927157
2026-06-03 01:00:34.547 10 INFO neutron.wsgi [req-f629f6e3-0ca2-4bc9-85bb-936d57664033 req-ed749ebe-049c-4a2f-89ee-535d3321218c e4f9f50b079d4b2fa968f05ba0d51db1 f1cfac412872484cb275d703c4221d42 - - 03dce30708164263aa0c6e51f940dfa2 03dce30708164263aa0c6e51f940dfa2] 10.0.0.125 "GET /v2.0/networks/290a65a3-e1a1-4758-83e5-5dbf3b38043b?fields=segments HTTP/1.1" status: 200 len: 212 time: 0.0993314 /var/lib/openstack/lib/python3.10/site-packages/pycadf/identifier.py:71: UserWarning: Invalid uuid: neutron. To ensure interoperability, identifiers should be a valid uuid. warnings.warn(('Invalid uuid: %s. To ensure interoperability, '
2026-06-03 01:00:34.670 10 INFO neutron.wsgi [req-36640c91-fac1-468a-b092-fc9919ba0837 req-15eb8d30-ca9e-426f-9141-83451536750c e4f9f50b079d4b2fa968f05ba0d51db1 f1cfac412872484cb275d703c4221d42 - - 03dce30708164263aa0c6e51f940dfa2 03dce30708164263aa0c6e51f940dfa2] 199.204.45.229 "GET /v2.0/ports?tenant_id=a88c5011e1e64c10b1ac4d6f767003e9&device_id=c326da9f-8573-4b8e-bf34-c86e06f0f9ec HTTP/1.1" status: 200 len: 1411 time: 0.0649326
2026-06-03 01:00:34.674 10 INFO neutron.wsgi [req-f629f6e3-0ca2-4bc9-85bb-936d57664033 req-987c2c62-b902-47bc-b3a0-0a08501b2559 e4f9f50b079d4b2fa968f05ba0d51db1 f1cfac412872484cb275d703c4221d42 - - 03dce30708164263aa0c6e51f940dfa2 03dce30708164263aa0c6e51f940dfa2] 10.0.0.125 "GET /v2.0/networks/290a65a3-e1a1-4758-83e5-5dbf3b38043b?fields=provider%3Aphysical_network&fields=provider%3Anetwork_type HTTP/1.1" status: 200 len: 277 time: 0.1203411
2026-06-03 01:00:34.740 10 INFO neutron.wsgi [req-36640c91-fac1-468a-b092-fc9919ba0837 req-f8d82017-f28b-4bd3-930f-58f4a7a4b27f e4f9f50b079d4b2fa968f05ba0d51db1 f1cfac412872484cb275d703c4221d42 - - 03dce30708164263aa0c6e51f940dfa2 03dce30708164263aa0c6e51f940dfa2] 199.204.45.229 "GET /v2.0/networks?id=7237910f-81f6-41ab-bb76-5d85656f9da4 HTTP/1.1" status: 200 len: 968 time: 0.0611477
2026-06-03 01:00:34.788 10 INFO neutron.wsgi [req-36640c91-fac1-468a-b092-fc9919ba0837 req-5348680b-5f01-4fa5-a0d7-0458af2a2fe0 e4f9f50b079d4b2fa968f05ba0d51db1 f1cfac412872484cb275d703c4221d42 - - 03dce30708164263aa0c6e51f940dfa2 03dce30708164263aa0c6e51f940dfa2] 199.204.45.229 "GET /v2.0/floatingips?fixed_ip_address=10.100.0.14&port_id=5f5d9a4e-549b-468e-babc-6fc044a6e4b6 HTTP/1.1" status: 200 len: 217 time: 0.0402510
2026-06-03 01:00:34.818 9 INFO neutron.plugins.ml2.drivers.ovn.mech_driver.mech_driver [None req-2eeaa632-5493-44e3-a71c-72f4eb284b18 - - - - - -] OVN reports status up for port: 5f5d9a4e-549b-468e-babc-6fc044a6e4b6
2026-06-03 01:00:34.821 9 INFO neutron.db.ovn_revision_numbers_db [None req-d592215d-8385-4931-9455-f084d6f5d0f1 a607a8cc56ee4a918facbb451c0e3831 16b608c7e5a0466292a36f2607bd47a5 - - default default] Successfully bumped revision number for resource 13bd1bd3-e1e0-4b99-a4be-137a829eb24b (type: security_groups) to 1
2026-06-03 01:00:34.841 9 INFO neutron.plugins.ml2.plugin [None req-2eeaa632-5493-44e3-a71c-72f4eb284b18 - - - - - -] Attempt 1 to provision port 5f5d9a4e-549b-468e-babc-6fc044a6e4b6
2026-06-03 01:00:34.843 9 INFO neutron.db.ovn_revision_numbers_db [None req-d592215d-8385-4931-9455-f084d6f5d0f1 a607a8cc56ee4a918facbb451c0e3831 16b608c7e5a0466292a36f2607bd47a5 - - default default] Successfully bumped revision number for resource 24b63fc0-cbce-4873-b031-ad3ce42a4c5e (type: security_group_rules) to 0
2026-06-03 01:00:34.851 10 INFO neutron.wsgi [req-36640c91-fac1-468a-b092-fc9919ba0837 req-76a93f7d-8ee9-4eb6-8386-0c2bffc3db0f e4f9f50b079d4b2fa968f05ba0d51db1 f1cfac412872484cb275d703c4221d42 - - 03dce30708164263aa0c6e51f940dfa2 03dce30708164263aa0c6e51f940dfa2] 199.204.45.229 "GET /v2.0/subnets?id=47424c24-a7e7-40f1-b85e-0738e707fd53 HTTP/1.1" status: 200 len: 863 time: 0.0555353
2026-06-03 01:00:34.876 9 INFO neutron.db.ovn_revision_numbers_db [None req-d592215d-8385-4931-9455-f084d6f5d0f1 a607a8cc56ee4a918facbb451c0e3831 16b608c7e5a0466292a36f2607bd47a5 - - default default] Successfully bumped revision number for resource 5b1f2970-3339-4f22-8a6e-8eb460c1f535 (type: security_group_rules) to 0
2026-06-03 01:00:34.903 10 INFO neutron.wsgi [req-36640c91-fac1-468a-b092-fc9919ba0837 req-1420880b-1628-48c2-beda-6448ae78200d e4f9f50b079d4b2fa968f05ba0d51db1 f1cfac412872484cb275d703c4221d42 - - 03dce30708164263aa0c6e51f940dfa2 03dce30708164263aa0c6e51f940dfa2] 199.204.45.229 "GET /v2.0/ports?network_id=7237910f-81f6-41ab-bb76-5d85656f9da4&device_owner=network%3Adhcp HTTP/1.1" status: 200 len: 210 time: 0.0446553
2026-06-03 01:00:34.925 10 INFO neutron.wsgi [req-a6776296-af49-46ab-b6e8-2cee01d66b32 req-d19e6764-32e3-4e9b-97ad-8158e3eead1d 7bff080c17054699b5e48d2f79d62079 304e52865f914657a3c30cdcf97f825c - - default default] 10.0.0.125 "GET /v2.0/ports?device_id=f28f7a3b-6f8f-4b2e-a7a2-d730ff44e297 HTTP/1.1" status: 200 len: 1170 time: 0.0676579
2026-06-03 01:00:34.926 9 INFO neutron.db.ovn_revision_numbers_db [None req-d592215d-8385-4931-9455-f084d6f5d0f1 a607a8cc56ee4a918facbb451c0e3831 16b608c7e5a0466292a36f2607bd47a5 - - default default] Successfully bumped revision number for resource 8b07eca7-99b1-4dc0-9171-321ac4b471f6 (type: security_group_rules) to 0
2026-06-03 01:00:34.950 9 INFO neutron.db.ovn_revision_numbers_db [None req-d592215d-8385-4931-9455-f084d6f5d0f1 a607a8cc56ee4a918facbb451c0e3831 16b608c7e5a0466292a36f2607bd47a5 - - default default] Successfully bumped revision number for resource 9e727746-6b9e-48ef-9500-7c0e91bff41e (type: security_group_rules) to 0
2026-06-03 01:00:34.985 9 INFO neutron.wsgi [None req-d592215d-8385-4931-9455-f084d6f5d0f1 a607a8cc56ee4a918facbb451c0e3831 16b608c7e5a0466292a36f2607bd47a5 - - default default] 10.0.0.147 "GET /v2.0/security-groups?tenant_id=92f18b339a394b15a0259867b29e843d&name=default HTTP/1.1" status: 200 len: 2996 time: 0.5090055
2026-06-03 01:00:35.004 10 INFO neutron.wsgi [req-36640c91-fac1-468a-b092-fc9919ba0837 req-2853f453-2fdc-471d-a2f7-43d03c0fc182 e4f9f50b079d4b2fa968f05ba0d51db1 f1cfac412872484cb275d703c4221d42 - - 03dce30708164263aa0c6e51f940dfa2 03dce30708164263aa0c6e51f940dfa2] 199.204.45.229 "GET /v2.0/networks/7237910f-81f6-41ab-bb76-5d85656f9da4?fields=segments HTTP/1.1" status: 200 len: 212 time: 0.0933180
2026-06-03 01:00:35.007 10 INFO neutron.wsgi [req-a6776296-af49-46ab-b6e8-2cee01d66b32 req-855a0d78-064e-4341-9db1-8bfa4eb32f17 7bff080c17054699b5e48d2f79d62079 304e52865f914657a3c30cdcf97f825c - - default default] 10.0.0.125 "GET /v2.0/security-groups?id=cbc13d33-0b37-46f1-989a-08f57982cf11&fields=id&fields=name HTTP/1.1" status: 200 len: 313 time: 0.0747533
2026-06-03 01:00:35.120 10 INFO neutron.wsgi [req-e6961718-d944-4f91-8f5e-3c16c85e6805 req-09392351-b025-4e41-8609-37b451d3d017 45c78d03df534be79210ec9198352924 18323e95affa4d4d9b60b55614de54d8 - - default default] 10.0.0.125 "GET /v2.0/ports?device_id=1df785b4-6177-4c4a-a86e-cf74b8bf033e HTTP/1.1" status: 200 len: 210 time: 0.0507412
2026-06-03 01:00:35.131 10 INFO neutron.wsgi [req-8806b70c-e12b-462c-b591-0ffe8c35de90 req-07853398-7a23-4cb8-8b62-1d3a4ca6b9fa 8db5ea2f5b464c8c9ef968617bbae641 a88c5011e1e64c10b1ac4d6f767003e9 - - default default] 10.0.0.125 "GET /v2.0/ports?device_id=c326da9f-8573-4b8e-bf34-c86e06f0f9ec HTTP/1.1" status: 200 len: 1174 time: 0.0727937
2026-06-03 01:00:35.140 10 INFO neutron.wsgi [req-36640c91-fac1-468a-b092-fc9919ba0837 req-24b5f6b3-47a9-40d9-9391-35ec2a047aa5 e4f9f50b079d4b2fa968f05ba0d51db1 f1cfac412872484cb275d703c4221d42 - - 03dce30708164263aa0c6e51f940dfa2 03dce30708164263aa0c6e51f940dfa2] 199.204.45.229 "GET /v2.0/networks/7237910f-81f6-41ab-bb76-5d85656f9da4?fields=provider%3Aphysical_network&fields=provider%3Anetwork_type HTTP/1.1" status: 200 len: 277 time: 0.1290820
2026-06-03 01:00:35.225 10 INFO neutron.wsgi [req-8806b70c-e12b-462c-b591-0ffe8c35de90 req-b977cfa8-86a8-45a4-8173-70083599d2ba 8db5ea2f5b464c8c9ef968617bbae641 a88c5011e1e64c10b1ac4d6f767003e9 - - default default] 10.0.0.125 "GET /v2.0/security-groups?id=88385a0f-5a54-4e4e-b622-acd893dc19da&fields=id&fields=name HTTP/1.1" status: 200 len: 313 time: 0.0817015
2026-06-03 01:00:35.250 9 INFO neutron.db.ovn_revision_numbers_db [None req-2eeaa632-5493-44e3-a71c-72f4eb284b18 - - - - - -] Successfully bumped revision number for resource 5f5d9a4e-549b-468e-babc-6fc044a6e4b6 (type: ports) to 4
2026-06-03 01:00:35.251 10 INFO neutron.wsgi [req-1f009c81-4f3f-42f7-b397-94ff9e8e0669 req-18009018-5cf6-4b0a-b0d3-4010f97ee8e1 7bff080c17054699b5e48d2f79d62079 304e52865f914657a3c30cdcf97f825c - - default default] 10.0.0.125 "GET /v2.0/ports?device_id=f28f7a3b-6f8f-4b2e-a7a2-d730ff44e297 HTTP/1.1" status: 200 len: 1170 time: 0.0594897
2026-06-03 01:00:35.780 10 INFO neutron.wsgi [None req-d014de7e-6424-4d33-b1ac-89d7245ff6c8 a607a8cc56ee4a918facbb451c0e3831 16b608c7e5a0466292a36f2607bd47a5 - - default default] 10.0.0.147 "DELETE /v2.0/security-groups/13bd1bd3-e1e0-4b99-a4be-137a829eb24b HTTP/1.1" status: 204 len: 168 time: 0.7874098
2026-06-03 01:00:35.927 10 INFO neutron.db.l3_db [None req-932c4c8d-bee9-4b53-a3b4-37ad949738cb 7bff080c17054699b5e48d2f79d62079 304e52865f914657a3c30cdcf97f825c - - default default] Floating IP c4527c4d-8c5b-49cb-982a-bc5d276297d6 associated. External IP: 10.96.250.208, port: 46002350-f1e5-4a10-b0b4-6d56c5cc14e1.
2026-06-03 01:00:36.072 10 INFO neutron.wsgi [req-f629f6e3-0ca2-4bc9-85bb-936d57664033 req-39f4d3d6-b239-4fc2-a0e1-d58572e40e81 45c78d03df534be79210ec9198352924 18323e95affa4d4d9b60b55614de54d8 - - default default] 199.204.45.229 "GET /v2.0/networks?id=290a65a3-e1a1-4758-83e5-5dbf3b38043b HTTP/1.1" status: 200 len: 877 time: 0.1102593
2026-06-03 01:00:36.176 10 INFO neutron.wsgi [req-f629f6e3-0ca2-4bc9-85bb-936d57664033 req-3b61345f-e186-4a8a-bb6c-7e486c5dfc9d 45c78d03df534be79210ec9198352924 18323e95affa4d4d9b60b55614de54d8 - - default default] 199.204.45.229 "GET /v2.0/security-groups?fields=id&fields=name&tenant_id=18323e95affa4d4d9b60b55614de54d8 HTTP/1.1" status: 200 len: 379 time: 0.0616934
2026-06-03 01:00:36.189 10 WARNING neutron_lib.context [req-f629f6e3-0ca2-4bc9-85bb-936d57664033 req-4cc9eeab-7312-47a4-ae63-ac124c07467b 45c78d03df534be79210ec9198352924 18323e95affa4d4d9b60b55614de54d8 - - default default] Method 'is_advsvc' is deprecated since 2023.2 release (neutron-lib 3.8.0) and will be removed once support for the old RBAC API policies will be removed from Neutron. Please use method 'is_service_role' instead. /var/lib/openstack/lib/python3.10/site-packages/pycadf/identifier.py:71: UserWarning: Invalid uuid: neutron. To ensure interoperability, identifiers should be a valid uuid. warnings.warn(('Invalid uuid: %s. To ensure interoperability, '
2026-06-03 01:00:36.303 10 INFO neutron.wsgi [req-39450696-8cfb-48a2-8cb3-e9f98bc10f34 req-5907a826-9484-49aa-99ea-626781b5788e 45c78d03df534be79210ec9198352924 18323e95affa4d4d9b60b55614de54d8 - - default default] 10.0.0.125 "GET /v2.0/ports?device_id=1df785b4-6177-4c4a-a86e-cf74b8bf033e HTTP/1.1" status: 200 len: 210 time: 0.0650814
2026-06-03 01:00:36.379 10 INFO neutron.db.ovn_revision_numbers_db [None req-932c4c8d-bee9-4b53-a3b4-37ad949738cb 7bff080c17054699b5e48d2f79d62079 304e52865f914657a3c30cdcf97f825c - - default default] Successfully bumped revision number for resource c4527c4d-8c5b-49cb-982a-bc5d276297d6 (type: floatingips) to 1
2026-06-03 01:00:36.503 10 INFO neutron.wsgi [req-6bd65cb6-71eb-4bf5-beef-26cbde930e22 req-27614599-2a42-49ad-81de-0afb20be2a2a 8db5ea2f5b464c8c9ef968617bbae641 a88c5011e1e64c10b1ac4d6f767003e9 - - default default] 10.0.0.125 "GET /v2.0/ports?device_id=c326da9f-8573-4b8e-bf34-c86e06f0f9ec HTTP/1.1" status: 200 len: 1174 time: 0.1846497
2026-06-03 01:00:36.521 9 INFO neutron.notifiers.nova [-] Nova event matching ['req-076fe6eb-1027-402b-be1e-c9d587a18a93'] response: {'server_uuid': 'f28f7a3b-6f8f-4b2e-a7a2-d730ff44e297', 'name': 'network-vif-plugged', 'status': 'completed', 'tag': '46002350-f1e5-4a10-b0b4-6d56c5cc14e1', 'code': 200}
2026-06-03 01:00:36.522 9 INFO neutron.notifiers.nova [-] Nova event matching ['req-076fe6eb-1027-402b-be1e-c9d587a18a93'] response: {'server_uuid': 'c326da9f-8573-4b8e-bf34-c86e06f0f9ec', 'name': 'network-vif-plugged', 'status': 'completed', 'tag': '5f5d9a4e-549b-468e-babc-6fc044a6e4b6', 'code': 200}
2026-06-03 01:00:36.522 9 INFO neutron.notifiers.nova [-] Nova event matching ['req-076fe6eb-1027-402b-be1e-c9d587a18a93'] response: {'server_uuid': 'c326da9f-8573-4b8e-bf34-c86e06f0f9ec', 'name': 'network-vif-plugged', 'status': 'completed', 'tag': '5f5d9a4e-549b-468e-babc-6fc044a6e4b6', 'code': 200}
2026-06-03 01:00:36.622 10 INFO neutron.wsgi [req-6bd65cb6-71eb-4bf5-beef-26cbde930e22 req-3980130b-c5fb-4182-927c-25814890da29 8db5ea2f5b464c8c9ef968617bbae641 a88c5011e1e64c10b1ac4d6f767003e9 - - default default] 10.0.0.125 "GET /v2.0/security-groups?id=88385a0f-5a54-4e4e-b622-acd893dc19da&fields=id&fields=name HTTP/1.1" status: 200 len: 313 time: 0.1004388
2026-06-03 01:00:36.633 10 INFO neutron.db.ovn_revision_numbers_db [None req-932c4c8d-bee9-4b53-a3b4-37ad949738cb 7bff080c17054699b5e48d2f79d62079 304e52865f914657a3c30cdcf97f825c - - default default] Successfully bumped revision number for resource c4527c4d-8c5b-49cb-982a-bc5d276297d6 (type: floatingips) to 2
2026-06-03 01:00:36.669 10 INFO neutron.wsgi [None req-932c4c8d-bee9-4b53-a3b4-37ad949738cb 7bff080c17054699b5e48d2f79d62079 304e52865f914657a3c30cdcf97f825c - - default default] 10.0.0.147 "PUT /v2.0/floatingips/c4527c4d-8c5b-49cb-982a-bc5d276297d6 HTTP/1.1" status: 200 len: 1049 time: 1.4063573
2026-06-03 01:00:36.713 10 INFO neutron.notifiers.nova [-] Nova event matching ['req-153c9a24-2245-4b1d-b45c-ad38e8d725d9'] response: {'name': 'network-changed', 'server_uuid': 'f28f7a3b-6f8f-4b2e-a7a2-d730ff44e297', 'tag': '46002350-f1e5-4a10-b0b4-6d56c5cc14e1', 'status': 'completed', 'code': 200}
2026-06-03 01:00:36.827 10 INFO neutron.wsgi [req-82f130f6-b376-475e-a7df-fe43c2d34407 req-dbb34563-9d9d-4b10-ba71-f2ec2971b1d6 7bff080c17054699b5e48d2f79d62079 304e52865f914657a3c30cdcf97f825c - - default default] 10.0.0.125 "GET /v2.0/ports?device_id=f28f7a3b-6f8f-4b2e-a7a2-d730ff44e297 HTTP/1.1" status: 200 len: 1170 time: 0.0817776
2026-06-03 01:00:36.835 10 INFO neutron.wsgi [req-1095213f-c949-4ac2-b7e6-6ae3abca6df0 req-b22ca766-dbf0-469e-931c-b845b0d7a83a e4f9f50b079d4b2fa968f05ba0d51db1 f1cfac412872484cb275d703c4221d42 - - 03dce30708164263aa0c6e51f940dfa2 03dce30708164263aa0c6e51f940dfa2] 199.204.45.229 "GET /v2.0/ports?tenant_id=304e52865f914657a3c30cdcf97f825c&device_id=f28f7a3b-6f8f-4b2e-a7a2-d730ff44e297 HTTP/1.1" status: 200 len: 1409 time: 0.0904028
2026-06-03 01:00:36.947 10 INFO neutron.wsgi [req-82f130f6-b376-475e-a7df-fe43c2d34407 req-3f4ec964-82fe-41c5-9b44-991f3cd26ee9 7bff080c17054699b5e48d2f79d62079 304e52865f914657a3c30cdcf97f825c - - default default] 10.0.0.125 "GET /v2.0/security-groups?id=cbc13d33-0b37-46f1-989a-08f57982cf11&fields=id&fields=name HTTP/1.1" status: 200 len: 313 time: 0.1111495
2026-06-03 01:00:37.007 10 INFO neutron.wsgi [req-1095213f-c949-4ac2-b7e6-6ae3abca6df0 req-f257f75b-2bcd-495d-8683-ee8263b16918 e4f9f50b079d4b2fa968f05ba0d51db1 f1cfac412872484cb275d703c4221d42 - - 03dce30708164263aa0c6e51f940dfa2 03dce30708164263aa0c6e51f940dfa2] 199.204.45.229 "GET /v2.0/networks?id=aa3aa18c-7a67-408d-ada2-2d0b491442f1 HTTP/1.1" status: 200 len: 982 time: 0.1604090
2026-06-03 01:00:37.010 10 WARNING neutron.scheduler.dhcp_agent_scheduler [req-f629f6e3-0ca2-4bc9-85bb-936d57664033 req-4cc9eeab-7312-47a4-ae63-ac124c07467b 45c78d03df534be79210ec9198352924 18323e95affa4d4d9b60b55614de54d8 - - default default] No more DHCP agents /var/lib/openstack/lib/python3.10/site-packages/pycadf/identifier.py:71: UserWarning: Invalid uuid: neutron. To ensure interoperability, identifiers should be a valid uuid. warnings.warn(('Invalid uuid: %s. To ensure interoperability, '
2026-06-03 01:00:37.027 10 WARNING neutron.api.rpc.agentnotifiers.dhcp_rpc_agent_api [req-f629f6e3-0ca2-4bc9-85bb-936d57664033 req-4cc9eeab-7312-47a4-ae63-ac124c07467b 45c78d03df534be79210ec9198352924 18323e95affa4d4d9b60b55614de54d8 - - default default] Unable to schedule network 290a65a3-e1a1-4758-83e5-5dbf3b38043b: no agents available; will retry on subsequent port and subnet creation events.
2026-06-03 01:00:37.134 10 INFO neutron.wsgi [req-1095213f-c949-4ac2-b7e6-6ae3abca6df0 req-1effda04-775c-462f-9259-a6cca19bf780 e4f9f50b079d4b2fa968f05ba0d51db1 f1cfac412872484cb275d703c4221d42 - - 03dce30708164263aa0c6e51f940dfa2 03dce30708164263aa0c6e51f940dfa2] 199.204.45.229 "GET /v2.0/floatingips?fixed_ip_address=10.100.0.7&port_id=46002350-f1e5-4a10-b0b4-6d56c5cc14e1 HTTP/1.1" status: 200 len: 1059 time: 0.1194866 /var/lib/openstack/lib/python3.10/site-packages/pycadf/identifier.py:71: UserWarning: Invalid uuid: neutron. To ensure interoperability, identifiers should be a valid uuid. warnings.warn(('Invalid uuid: %s. To ensure interoperability, '
2026-06-03 01:00:37.189 10 INFO neutron.wsgi [req-1095213f-c949-4ac2-b7e6-6ae3abca6df0 req-7f4ab736-9a4e-45d6-a3a3-f44c4d0495ae e4f9f50b079d4b2fa968f05ba0d51db1 f1cfac412872484cb275d703c4221d42 - - 03dce30708164263aa0c6e51f940dfa2 03dce30708164263aa0c6e51f940dfa2] 199.204.45.229 "GET /v2.0/subnets?id=c01f6522-f302-4511-be08-7408069c7f25 HTTP/1.1" status: 200 len: 877 time: 0.0503135
2026-06-03 01:00:37.232 10 INFO neutron.wsgi [req-1095213f-c949-4ac2-b7e6-6ae3abca6df0 req-516d4855-1d33-43bd-bbbe-9ec0040ce6b3 e4f9f50b079d4b2fa968f05ba0d51db1 f1cfac412872484cb275d703c4221d42 - - 03dce30708164263aa0c6e51f940dfa2 03dce30708164263aa0c6e51f940dfa2] 199.204.45.229 "GET /v2.0/ports?network_id=aa3aa18c-7a67-408d-ada2-2d0b491442f1&device_owner=network%3Adhcp HTTP/1.1" status: 200 len: 210 time: 0.0336082
2026-06-03 01:00:37.591 10 INFO neutron.wsgi [req-b4f861ac-c9ad-4ac7-989f-317b5c0f09bb req-82f3305b-9711-46c2-bff4-d9717a3acfef 45c78d03df534be79210ec9198352924 18323e95affa4d4d9b60b55614de54d8 - - default default] 10.0.0.125 "GET /v2.0/ports?device_id=1df785b4-6177-4c4a-a86e-cf74b8bf033e HTTP/1.1" status: 200 len: 1156 time: 0.0720797
2026-06-03 01:00:37.628 10 INFO neutron.wsgi [req-1095213f-c949-4ac2-b7e6-6ae3abca6df0 req-19da789b-bce9-4f92-b082-d357fa738c18 e4f9f50b079d4b2fa968f05ba0d51db1 f1cfac412872484cb275d703c4221d42 - - 03dce30708164263aa0c6e51f940dfa2 03dce30708164263aa0c6e51f940dfa2] 199.204.45.229 "GET /v2.0/networks/aa3aa18c-7a67-408d-ada2-2d0b491442f1?fields=segments HTTP/1.1" status: 200 len: 212 time: 0.3898456
2026-06-03 01:00:37.704 10 INFO neutron.wsgi [req-b4f861ac-c9ad-4ac7-989f-317b5c0f09bb req-1d22c3ed-d686-47c1-837d-1e52ca627037 45c78d03df534be79210ec9198352924 18323e95affa4d4d9b60b55614de54d8 - - default default] 10.0.0.125 "GET /v2.0/security-groups?id=78335987-616f-4474-a629-a7bc066dc29a&fields=id&fields=name HTTP/1.1" status: 200 len: 312 time: 0.1032519
2026-06-03 01:00:37.740 10 INFO neutron.db.ovn_revision_numbers_db [req-f629f6e3-0ca2-4bc9-85bb-936d57664033 req-4cc9eeab-7312-47a4-ae63-ac124c07467b 45c78d03df534be79210ec9198352924 18323e95affa4d4d9b60b55614de54d8 - - default default] Successfully bumped revision number for resource d6d7c31b-68cc-4bc0-9883-703ee6d81e45 (type: ports) to 1
2026-06-03 01:00:37.761 10 INFO neutron.wsgi [req-3746db21-7989-465f-bd04-d835bf777303 req-f2c6ecf3-3b66-401c-b558-ba7fc51a56f0 8db5ea2f5b464c8c9ef968617bbae641 a88c5011e1e64c10b1ac4d6f767003e9 - - default default] 10.0.0.125 "GET /v2.0/ports?device_id=c326da9f-8573-4b8e-bf34-c86e06f0f9ec HTTP/1.1" status: 200 len: 1174 time: 0.0546811
2026-06-03 01:00:37.785 10 INFO neutron.wsgi [req-1095213f-c949-4ac2-b7e6-6ae3abca6df0 req-49ce8071-7bbd-4cc6-b605-c10bb5df6553 e4f9f50b079d4b2fa968f05ba0d51db1 f1cfac412872484cb275d703c4221d42 - - 03dce30708164263aa0c6e51f940dfa2 03dce30708164263aa0c6e51f940dfa2] 199.204.45.229 "GET /v2.0/networks/aa3aa18c-7a67-408d-ada2-2d0b491442f1?fields=provider%3Aphysical_network&fields=provider%3Anetwork_type HTTP/1.1" status: 200 len: 277 time: 0.1493957
2026-06-03 01:00:37.791 10 INFO neutron.wsgi [req-f629f6e3-0ca2-4bc9-85bb-936d57664033 req-4cc9eeab-7312-47a4-ae63-ac124c07467b 45c78d03df534be79210ec9198352924 18323e95affa4d4d9b60b55614de54d8 - - default default] 199.204.45.229 "POST /v2.0/ports HTTP/1.1" status: 201 len: 1158 time: 1.6080382
2026-06-03 01:00:37.837 10 INFO neutron.wsgi [req-3746db21-7989-465f-bd04-d835bf777303 req-d646594f-0543-46d1-a912-b9b4b2aef3d4 8db5ea2f5b464c8c9ef968617bbae641 a88c5011e1e64c10b1ac4d6f767003e9 - - default default] 10.0.0.125 "GET /v2.0/security-groups?id=88385a0f-5a54-4e4e-b622-acd893dc19da&fields=id&fields=name HTTP/1.1" status: 200 len: 313 time: 0.0685163 /var/lib/openstack/lib/python3.10/site-packages/pycadf/identifier.py:71: UserWarning: Invalid uuid: neutron. To ensure interoperability, identifiers should be a valid uuid. warnings.warn(('Invalid uuid: %s. To ensure interoperability, '
2026-06-03 01:00:37.972 9 WARNING neutron_lib.context [None req-1a62879d-fb63-4d8c-b16a-bac97484045e 16c3b4fc2c204c4696993f7a2bdbad42 807872d1e2434c9da1a7c5d754a34acb - - default default] Method 'is_advsvc' is deprecated since 2023.2 release (neutron-lib 3.8.0) and will be removed once support for the old RBAC API policies will be removed from Neutron. Please use method 'is_service_role' instead.
2026-06-03 01:00:37.972 9 WARNING neutron_lib.context [None req-1a62879d-fb63-4d8c-b16a-bac97484045e 16c3b4fc2c204c4696993f7a2bdbad42 807872d1e2434c9da1a7c5d754a34acb - - default default] Method 'is_advsvc' is deprecated since 2023.2 release (neutron-lib 3.8.0) and will be removed once support for the old RBAC API policies will be removed from Neutron. Please use method 'is_service_role' instead.
2026-06-03 01:00:37.989 10 INFO neutron.wsgi [req-cbfb0001-5f27-4b97-b99c-0225dd8f94dd req-a01fbb7a-4a5b-4003-ac98-e904042d4a9f 8db5ea2f5b464c8c9ef968617bbae641 a88c5011e1e64c10b1ac4d6f767003e9 - - default default] 10.0.0.125 "GET /v2.0/ports?device_id=c326da9f-8573-4b8e-bf34-c86e06f0f9ec HTTP/1.1" status: 200 len: 1174 time: 0.0739849
2026-06-03 01:00:38.349 10 INFO neutron.db.ovn_revision_numbers_db [req-f629f6e3-0ca2-4bc9-85bb-936d57664033 req-44e19182-9048-4de6-a406-a6c6c57dc098 e4f9f50b079d4b2fa968f05ba0d51db1 f1cfac412872484cb275d703c4221d42 - - 03dce30708164263aa0c6e51f940dfa2 03dce30708164263aa0c6e51f940dfa2] Successfully bumped revision number for resource d6d7c31b-68cc-4bc0-9883-703ee6d81e45 (type: ports) to 2
2026-06-03 01:00:38.420 9 INFO neutron.db.ovn_revision_numbers_db [None req-1a62879d-fb63-4d8c-b16a-bac97484045e 16c3b4fc2c204c4696993f7a2bdbad42 807872d1e2434c9da1a7c5d754a34acb - - default default] Successfully bumped revision number for resource 762c6df9-5761-41fd-927e-05957f605e26 (type: security_groups) to 1
2026-06-03 01:00:38.606 10 INFO neutron.db.ovn_revision_numbers_db [req-f629f6e3-0ca2-4bc9-85bb-936d57664033 req-44e19182-9048-4de6-a406-a6c6c57dc098 e4f9f50b079d4b2fa968f05ba0d51db1 f1cfac412872484cb275d703c4221d42 - - 03dce30708164263aa0c6e51f940dfa2 03dce30708164263aa0c6e51f940dfa2] Successfully bumped revision number for resource d6d7c31b-68cc-4bc0-9883-703ee6d81e45 (type: ports) to 2
2026-06-03 01:00:38.630 10 INFO neutron.wsgi [req-f629f6e3-0ca2-4bc9-85bb-936d57664033 req-44e19182-9048-4de6-a406-a6c6c57dc098 e4f9f50b079d4b2fa968f05ba0d51db1 f1cfac412872484cb275d703c4221d42 - - 03dce30708164263aa0c6e51f940dfa2 03dce30708164263aa0c6e51f940dfa2] 199.204.45.229 "PUT /v2.0/ports/d6d7c31b-68cc-4bc0-9883-703ee6d81e45 HTTP/1.1" status: 200 len: 1376 time: 0.8323882
2026-06-03 01:00:38.682 9 INFO neutron.db.ovn_revision_numbers_db [None req-1a62879d-fb63-4d8c-b16a-bac97484045e 16c3b4fc2c204c4696993f7a2bdbad42 807872d1e2434c9da1a7c5d754a34acb - - default default] Successfully bumped revision number for resource 12cad402-9813-4f5c-b022-27f34f68ce0b (type: security_group_rules) to 0 /var/lib/openstack/lib/python3.10/site-packages/pycadf/identifier.py:71: UserWarning: Invalid uuid: neutron. To ensure interoperability, identifiers should be a valid uuid. warnings.warn(('Invalid uuid: %s. To ensure interoperability, '
2026-06-03 01:00:38.701 9 INFO neutron.db.l3_db [None req-6c9da13f-d84b-479d-91e7-b952af10d31a 8db5ea2f5b464c8c9ef968617bbae641 a88c5011e1e64c10b1ac4d6f767003e9 - - default default] Floating IP 4fae4637-d9d1-4350-9200-67e49244a09d associated. External IP: 10.96.250.205, port: 5f5d9a4e-549b-468e-babc-6fc044a6e4b6.
2026-06-03 01:00:38.706 9 INFO neutron.db.ovn_revision_numbers_db [None req-1a62879d-fb63-4d8c-b16a-bac97484045e 16c3b4fc2c204c4696993f7a2bdbad42 807872d1e2434c9da1a7c5d754a34acb - - default default] Successfully bumped revision number for resource 2a6e1ab3-93cb-4373-8c46-d8398907cbbf (type: security_group_rules) to 0
2026-06-03 01:00:38.753 10 INFO neutron.wsgi [req-f629f6e3-0ca2-4bc9-85bb-936d57664033 req-ed52b7c1-d6d6-46db-87de-1b9c7bbc68ac e4f9f50b079d4b2fa968f05ba0d51db1 f1cfac412872484cb275d703c4221d42 - - 03dce30708164263aa0c6e51f940dfa2 03dce30708164263aa0c6e51f940dfa2] 199.204.45.229 "GET /v2.0/ports?tenant_id=18323e95affa4d4d9b60b55614de54d8&device_id=1df785b4-6177-4c4a-a86e-cf74b8bf033e HTTP/1.1" status: 200 len: 1407 time: 0.0668268
2026-06-03 01:00:38.754 9 INFO neutron.db.ovn_revision_numbers_db [None req-1a62879d-fb63-4d8c-b16a-bac97484045e 16c3b4fc2c204c4696993f7a2bdbad42 807872d1e2434c9da1a7c5d754a34acb - - default default] Successfully bumped revision number for resource 616eb1ab-6cbc-42c6-97c3-613cf00ab0f2 (type: security_group_rules) to 0
2026-06-03 01:00:38.767 10 INFO neutron.notifiers.nova [-] Nova event matching ['req-125561ad-0a5d-4266-b70d-cfdfd3245aca'] response: {'name': 'network-changed', 'server_uuid': '1df785b4-6177-4c4a-a86e-cf74b8bf033e', 'tag': 'd6d7c31b-68cc-4bc0-9883-703ee6d81e45', 'status': 'completed', 'code': 200}
2026-06-03 01:00:38.779 9 INFO neutron.db.ovn_revision_numbers_db [None req-1a62879d-fb63-4d8c-b16a-bac97484045e 16c3b4fc2c204c4696993f7a2bdbad42 807872d1e2434c9da1a7c5d754a34acb - - default default] Successfully bumped revision number for resource f3ae0469-ea9d-4b06-84a6-baa8ae7f2037 (type: security_group_rules) to 0
2026-06-03 01:00:38.815 10 INFO neutron.wsgi [req-f629f6e3-0ca2-4bc9-85bb-936d57664033 req-393cbcb9-0608-4630-acb3-84176b7c0e24 e4f9f50b079d4b2fa968f05ba0d51db1 f1cfac412872484cb275d703c4221d42 - - 03dce30708164263aa0c6e51f940dfa2 03dce30708164263aa0c6e51f940dfa2] 199.204.45.229 "GET /v2.0/floatingips?fixed_ip_address=10.100.0.6&port_id=d6d7c31b-68cc-4bc0-9883-703ee6d81e45 HTTP/1.1" status: 200 len: 217 time: 0.0469196
2026-06-03 01:00:38.860 10 INFO neutron.wsgi [req-87e8de06-383f-4f8b-911f-8dbeaa1ee9ea req-1db9b2a9-1470-4424-885d-403b30807fa8 45c78d03df534be79210ec9198352924 18323e95affa4d4d9b60b55614de54d8 - - default default] 10.0.0.125 "GET /v2.0/ports?device_id=1df785b4-6177-4c4a-a86e-cf74b8bf033e HTTP/1.1" status: 200 len: 1168 time: 0.0811951
2026-06-03 01:00:38.861 9 INFO neutron.db.segments_db [None req-1a62879d-fb63-4d8c-b16a-bac97484045e 16c3b4fc2c204c4696993f7a2bdbad42 807872d1e2434c9da1a7c5d754a34acb - - default default] Added segment 4c7db007-1ec4-42a0-9133-5385acd8f0b6 of type geneve for network 619c743a-1de0-4eb1-a69f-ffaf25481874
2026-06-03 01:00:38.883 10 INFO neutron.wsgi [req-f629f6e3-0ca2-4bc9-85bb-936d57664033 req-99b564f5-dfa3-4dab-848a-b5147ed91e2c e4f9f50b079d4b2fa968f05ba0d51db1 f1cfac412872484cb275d703c4221d42 - - 03dce30708164263aa0c6e51f940dfa2 03dce30708164263aa0c6e51f940dfa2] 199.204.45.229 "GET /v2.0/subnets?id=36378f23-a2f6-482c-b776-f6909ee9a47f HTTP/1.1" status: 200 len: 871 time: 0.0527751
2026-06-03 01:00:38.920 10 INFO neutron.wsgi [req-f629f6e3-0ca2-4bc9-85bb-936d57664033 req-28036b51-2b2e-493f-a41f-7b10f60a557f e4f9f50b079d4b2fa968f05ba0d51db1 f1cfac412872484cb275d703c4221d42 - - 03dce30708164263aa0c6e51f940dfa2 03dce30708164263aa0c6e51f940dfa2] 199.204.45.229 "GET /v2.0/ports?network_id=290a65a3-e1a1-4758-83e5-5dbf3b38043b&device_owner=network%3Adhcp HTTP/1.1" status: 200 len: 210 time: 0.0275817
2026-06-03 01:00:38.940 10 INFO neutron.wsgi [req-87e8de06-383f-4f8b-911f-8dbeaa1ee9ea req-bf214f1e-61af-4b79-95e5-32a732decace 45c78d03df534be79210ec9198352924 18323e95affa4d4d9b60b55614de54d8 - - default default] 10.0.0.125 "GET /v2.0/security-groups?id=78335987-616f-4474-a629-a7bc066dc29a&fields=id&fields=name HTTP/1.1" status: 200 len: 312 time: 0.0734744
2026-06-03 01:00:39.003 9 INFO neutron.db.segments_db [None req-1a62879d-fb63-4d8c-b16a-bac97484045e 16c3b4fc2c204c4696993f7a2bdbad42 807872d1e2434c9da1a7c5d754a34acb - - default default] Added segment 6fcf63f2-8f29-4783-8087-5226901b9005 of type geneve for network 28e4039b-bc16-45be-af66-91ab44fc9320
2026-06-03 01:00:39.029 9 INFO neutron.db.ovn_revision_numbers_db [None req-6c9da13f-d84b-479d-91e7-b952af10d31a 8db5ea2f5b464c8c9ef968617bbae641 a88c5011e1e64c10b1ac4d6f767003e9 - - default default] Successfully bumped revision number for resource 4fae4637-d9d1-4350-9200-67e49244a09d (type: floatingips) to 1
2026-06-03 01:00:39.040 10 INFO neutron.wsgi [req-f629f6e3-0ca2-4bc9-85bb-936d57664033 req-a4ffc258-5116-40f8-9c35-d7d14f0aee54 e4f9f50b079d4b2fa968f05ba0d51db1 f1cfac412872484cb275d703c4221d42 - - 03dce30708164263aa0c6e51f940dfa2 03dce30708164263aa0c6e51f940dfa2] 199.204.45.229 "GET /v2.0/networks/290a65a3-e1a1-4758-83e5-5dbf3b38043b?fields=segments HTTP/1.1" status: 200 len: 212 time: 0.1112201 /var/lib/openstack/lib/python3.10/site-packages/pycadf/identifier.py:71: UserWarning: Invalid uuid: neutron. To ensure interoperability, identifiers should be a valid uuid. warnings.warn(('Invalid uuid: %s. To ensure interoperability, '
2026-06-03 01:00:39.124 10 INFO neutron.wsgi [req-f629f6e3-0ca2-4bc9-85bb-936d57664033 req-065b8894-c4bc-47c9-80b6-41dbeb264258 e4f9f50b079d4b2fa968f05ba0d51db1 f1cfac412872484cb275d703c4221d42 - - 03dce30708164263aa0c6e51f940dfa2 03dce30708164263aa0c6e51f940dfa2] 199.204.45.229 "GET /v2.0/networks/290a65a3-e1a1-4758-83e5-5dbf3b38043b?fields=provider%3Aphysical_network&fields=provider%3Anetwork_type HTTP/1.1" status: 200 len: 277 time: 0.0726328
