2026-06-03 01:04:02.006 10 INFO neutron.wsgi [req-cc1dd266-6af9-46b8-9d05-3f0f17527e81 req-bf96229d-b020-4aa2-a9c5-a55647b5d9c8 e4f9f50b079d4b2fa968f05ba0d51db1 f1cfac412872484cb275d703c4221d42 - - 03dce30708164263aa0c6e51f940dfa2 03dce30708164263aa0c6e51f940dfa2] 199.204.45.229 "GET /v2.0/subnets?id=bfb797e3-3d03-49fe-b177-618c2b73f9bf HTTP/1.1" status: 200 len: 854 time: 0.0634801
2026-06-03 01:04:02.041 10 INFO neutron.wsgi [req-cc1dd266-6af9-46b8-9d05-3f0f17527e81 req-45fc2496-4f12-42d4-b5e9-ed7c574be6ee e4f9f50b079d4b2fa968f05ba0d51db1 f1cfac412872484cb275d703c4221d42 - - 03dce30708164263aa0c6e51f940dfa2 03dce30708164263aa0c6e51f940dfa2] 199.204.45.229 "GET /v2.0/ports?network_id=209848ca-3311-45e4-b001-a705994c61c9&device_owner=network%3Adhcp HTTP/1.1" status: 200 len: 210 time: 0.0259864
2026-06-03 01:04:02.044 10 INFO neutron.wsgi [req-5aa7ebf7-e13e-48c4-b120-775eea868bcb req-494d0616-34cb-42eb-8048-f8b10fae0aa5 b8cc157f82754095a020ee957367ab15 9134f727aae54209977f58e9ea76239b - - default default] 10.0.0.125 "GET /v2.0/security-groups?id=d55b5d43-7800-41e5-bfdf-11988d16ca1f&fields=id&fields=name HTTP/1.1" status: 200 len: 312 time: 0.0727398
2026-06-03 01:04:02.117 9 INFO neutron.db.ovn_revision_numbers_db [None req-7cd2a4ae-74a5-41f1-bde6-2a18c1d80b2a 701c67c22e764006bfb2c5631194fcb1 1369a38f3d044568b4758fea5c624a49 - - default default] Successfully bumped revision number for resource 6e1523cd-3fc0-44d8-b72d-c940d99abea3 (type: ports) to 1
2026-06-03 01:04:02.145 9 INFO neutron.wsgi [None req-7cd2a4ae-74a5-41f1-bde6-2a18c1d80b2a 701c67c22e764006bfb2c5631194fcb1 1369a38f3d044568b4758fea5c624a49 - - default default] 10.0.0.147 "POST /v2.0/networks HTTP/1.1" status: 201 len: 831 time: 0.9161546
2026-06-03 01:04:02.160 10 WARNING neutron_lib.context [None req-2dfd71da-44a7-4f46-95d5-41889a551cc9 701c67c22e764006bfb2c5631194fcb1 1369a38f3d044568b4758fea5c624a49 - - default default] Method 'is_advsvc' is deprecated since 2023.2 release (neutron-lib 3.8.0) and will be removed once support for the old RBAC API policies will be removed from Neutron. Please use method 'is_service_role' instead.
2026-06-03 01:04:02.200 10 INFO neutron.wsgi [req-cc1dd266-6af9-46b8-9d05-3f0f17527e81 req-d4c038a4-3e3c-4ec3-b838-c5155126ea50 e4f9f50b079d4b2fa968f05ba0d51db1 f1cfac412872484cb275d703c4221d42 - - 03dce30708164263aa0c6e51f940dfa2 03dce30708164263aa0c6e51f940dfa2] 199.204.45.229 "GET /v2.0/networks/209848ca-3311-45e4-b001-a705994c61c9?fields=segments HTTP/1.1" status: 200 len: 212 time: 0.1508274
2026-06-03 01:04:02.211 9 WARNING neutron.scheduler.dhcp_agent_scheduler [None req-1b74de56-10aa-4993-acf1-ad31d5c8cd66 88136f3af5e940ea8f0dfe6a08a9e0e3 18a8222bcf954efa8b3a54cf874bbb43 - - default default] No more DHCP agents
2026-06-03 01:04:02.214 9 WARNING neutron.api.rpc.agentnotifiers.dhcp_rpc_agent_api [None req-1b74de56-10aa-4993-acf1-ad31d5c8cd66 88136f3af5e940ea8f0dfe6a08a9e0e3 18a8222bcf954efa8b3a54cf874bbb43 - - default default] Unable to schedule network 9750bfc4-d3f9-417e-855f-d6a046f2fe34: no agents available; will retry on subsequent port and subnet creation events.
2026-06-03 01:04:02.231 10 INFO neutron.wsgi [req-53df00de-7ed2-4a65-8830-2260ee5b4563 req-dc380380-9be2-4830-a3e7-9270615c3124 b8cc157f82754095a020ee957367ab15 9134f727aae54209977f58e9ea76239b - - default default] 10.0.0.125 "GET /v2.0/ports?device_id=e0e85dce-5fb1-4bb1-99e6-c567502dd3ce HTTP/1.1" status: 200 len: 1170 time: 0.0972626
2026-06-03 01:04:02.326 10 INFO neutron.wsgi [req-53df00de-7ed2-4a65-8830-2260ee5b4563 req-77ddbbfa-1f56-4806-b9f1-7c839eb97d84 b8cc157f82754095a020ee957367ab15 9134f727aae54209977f58e9ea76239b - - default default] 10.0.0.125 "GET /v2.0/security-groups?id=d55b5d43-7800-41e5-bfdf-11988d16ca1f&fields=id&fields=name HTTP/1.1" status: 200 len: 312 time: 0.0843763
2026-06-03 01:04:02.333 10 INFO neutron.wsgi [req-cc1dd266-6af9-46b8-9d05-3f0f17527e81 req-82c7cb24-e59c-4b0c-beb7-3e0913aa7951 e4f9f50b079d4b2fa968f05ba0d51db1 f1cfac412872484cb275d703c4221d42 - - 03dce30708164263aa0c6e51f940dfa2 03dce30708164263aa0c6e51f940dfa2] 199.204.45.229 "GET /v2.0/networks/209848ca-3311-45e4-b001-a705994c61c9?fields=provider%3Aphysical_network&fields=provider%3Anetwork_type HTTP/1.1" status: 200 len: 277 time: 0.1205511
2026-06-03 01:04:02.418 10 INFO neutron.wsgi [None req-3dec5867-f933-494c-8664-27759af30e42 4af5fff9cb5d44e08af4db11e56ec056 c67f5d25c4f74bffacc70cb442bbc3e1 - - default default] 10.0.0.147 "GET /v2.0/ports?device_id=e0e85dce-5fb1-4bb1-99e6-c567502dd3ce HTTP/1.1" status: 200 len: 1404 time: 0.0651045 /var/lib/openstack/lib/python3.10/site-packages/pycadf/identifier.py:71: UserWarning: Invalid uuid: neutron. To ensure interoperability, identifiers should be a valid uuid. warnings.warn(('Invalid uuid: %s. To ensure interoperability, '
2026-06-03 01:04:02.598 10 WARNING neutron.scheduler.dhcp_agent_scheduler [None req-2dfd71da-44a7-4f46-95d5-41889a551cc9 701c67c22e764006bfb2c5631194fcb1 1369a38f3d044568b4758fea5c624a49 - - default default] No more DHCP agents
2026-06-03 01:04:02.600 10 WARNING neutron.api.rpc.agentnotifiers.dhcp_rpc_agent_api [None req-2dfd71da-44a7-4f46-95d5-41889a551cc9 701c67c22e764006bfb2c5631194fcb1 1369a38f3d044568b4758fea5c624a49 - - default default] Unable to schedule network 7c9a90cc-4db1-4947-93b2-94df1fcddda2: no agents available; will retry on subsequent port and subnet creation events.
2026-06-03 01:04:02.724 10 INFO neutron.db.ovn_revision_numbers_db [None req-2dfd71da-44a7-4f46-95d5-41889a551cc9 701c67c22e764006bfb2c5631194fcb1 1369a38f3d044568b4758fea5c624a49 - - default default] Successfully bumped revision number for resource c17f68b7-922a-42c2-84dd-20dc13607dbe (type: ports) to 1
2026-06-03 01:04:02.733 9 INFO neutron.db.ovn_revision_numbers_db [None req-1b74de56-10aa-4993-acf1-ad31d5c8cd66 88136f3af5e940ea8f0dfe6a08a9e0e3 18a8222bcf954efa8b3a54cf874bbb43 - - default default] Successfully bumped revision number for resource 0383f9a9-fad0-418a-bff8-023adc9f47f1 (type: floatingips) to 0
2026-06-03 01:04:02.748 9 INFO neutron.wsgi [None req-1b74de56-10aa-4993-acf1-ad31d5c8cd66 88136f3af5e940ea8f0dfe6a08a9e0e3 18a8222bcf954efa8b3a54cf874bbb43 - - default default] 10.0.0.147 "POST /v2.0/floatingips HTTP/1.1" status: 201 len: 751 time: 1.0018811
2026-06-03 01:04:02.761 10 INFO neutron.wsgi [None req-2dfd71da-44a7-4f46-95d5-41889a551cc9 701c67c22e764006bfb2c5631194fcb1 1369a38f3d044568b4758fea5c624a49 - - default default] 10.0.0.147 "POST /v2.0/ports HTTP/1.1" status: 201 len: 942 time: 0.6094589 /var/lib/openstack/lib/python3.10/site-packages/pycadf/identifier.py:71: UserWarning: Invalid uuid: neutron. To ensure interoperability, identifiers should be a valid uuid. warnings.warn(('Invalid uuid: %s. To ensure interoperability, '
2026-06-03 01:04:02.774 9 WARNING neutron_lib.context [None req-7e4450ed-fc6f-4e4d-a3de-dd077cbd7a6b 701c67c22e764006bfb2c5631194fcb1 1369a38f3d044568b4758fea5c624a49 - - default default] Method 'is_advsvc' is deprecated since 2023.2 release (neutron-lib 3.8.0) and will be removed once support for the old RBAC API policies will be removed from Neutron. Please use method 'is_service_role' instead.
2026-06-03 01:04:02.814 9 INFO neutron.db.l3_db [None req-e4fb0d02-710c-42f8-bf63-573fd0e6f664 b8cc157f82754095a020ee957367ab15 9134f727aae54209977f58e9ea76239b - - default default] Floating IP 961bce6d-7d86-4df1-85ab-5879b708d73e associated. External IP: 10.96.250.208, port: 6dd66f47-a71c-4393-ac05-bf4aca26fdd1.
2026-06-03 01:04:02.821 10 INFO neutron.wsgi [None req-cc843a11-2bc5-4c9b-a316-ed1873050465 88136f3af5e940ea8f0dfe6a08a9e0e3 18a8222bcf954efa8b3a54cf874bbb43 - - default default] 10.0.0.147 "PUT /v2.0/floatingips/dc4dad91-aa24-4959-abee-a5e156a331f5/tags HTTP/1.1" status: 200 len: 210 time: 0.0591662
2026-06-03 01:04:02.881 10 INFO neutron.wsgi [None req-8a25433b-1773-4451-ae32-31ad469a6437 88136f3af5e940ea8f0dfe6a08a9e0e3 18a8222bcf954efa8b3a54cf874bbb43 - - default default] 10.0.0.147 "PUT /v2.0/floatingips/ea39a857-068e-49fc-8942-184a04c97253/tags HTTP/1.1" status: 200 len: 218 time: 0.0519845
2026-06-03 01:04:02.946 10 INFO neutron.wsgi [None req-22c4a9d0-1a44-4bfe-a6bd-e7de942237f5 88136f3af5e940ea8f0dfe6a08a9e0e3 18a8222bcf954efa8b3a54cf874bbb43 - - default default] 10.0.0.147 "PUT /v2.0/floatingips/c3c05875-b110-4945-93a3-4098f572f9db/tags HTTP/1.1" status: 200 len: 227 time: 0.0503070
2026-06-03 01:04:02.993 10 INFO neutron.wsgi [None req-571065b7-b14a-4ea8-9e4a-980e450208b8 88136f3af5e940ea8f0dfe6a08a9e0e3 18a8222bcf954efa8b3a54cf874bbb43 - - default default] 10.0.0.147 "PUT /v2.0/floatingips/bd00ba4d-c068-4397-b1c1-381c82894b42/tags HTTP/1.1" status: 200 len: 212 time: 0.0402424
2026-06-03 01:04:03.084 10 INFO neutron.wsgi [None req-074e2915-3909-43f8-aa3b-fc95737bb364 88136f3af5e940ea8f0dfe6a08a9e0e3 18a8222bcf954efa8b3a54cf874bbb43 - - default default] 10.0.0.147 "GET /v2.0/floatingips?tags=red HTTP/1.1" status: 200 len: 1866 time: 0.0814865
2026-06-03 01:04:03.163 10 INFO neutron.wsgi [None req-c457615c-f4f7-4692-b38a-d4cc49a6eaed 88136f3af5e940ea8f0dfe6a08a9e0e3 18a8222bcf954efa8b3a54cf874bbb43 - - default default] 10.0.0.147 "GET /v2.0/floatingips?tags=red%2Cblue HTTP/1.1" status: 200 len: 1323 time: 0.0746653
2026-06-03 01:04:03.196 9 INFO neutron.wsgi [None req-7e4450ed-fc6f-4e4d-a3de-dd077cbd7a6b 701c67c22e764006bfb2c5631194fcb1 1369a38f3d044568b4758fea5c624a49 - - default default] 10.0.0.147 "POST /v2.0/trunks HTTP/1.1" status: 201 len: 608 time: 0.4288054
2026-06-03 01:04:03.203 9 INFO neutron.db.ovn_revision_numbers_db [None req-e4fb0d02-710c-42f8-bf63-573fd0e6f664 b8cc157f82754095a020ee957367ab15 9134f727aae54209977f58e9ea76239b - - default default] Successfully bumped revision number for resource 961bce6d-7d86-4df1-85ab-5879b708d73e (type: floatingips) to 4
2026-06-03 01:04:03.232 10 INFO neutron.wsgi [None req-7ac55ae5-7742-41cf-be92-3ce6d33ac416 88136f3af5e940ea8f0dfe6a08a9e0e3 18a8222bcf954efa8b3a54cf874bbb43 - - default default] 10.0.0.147 "GET /v2.0/floatingips?tags-any=blue HTTP/1.1" status: 200 len: 1323 time: 0.0621808 /var/lib/openstack/lib/python3.10/site-packages/pycadf/identifier.py:71: UserWarning: Invalid uuid: neutron. To ensure interoperability, identifiers should be a valid uuid. warnings.warn(('Invalid uuid: %s. To ensure interoperability, '
2026-06-03 01:04:03.255 10 INFO neutron.wsgi [None req-aa92c807-a46d-4082-adf9-5fd91b54b7c1 701c67c22e764006bfb2c5631194fcb1 1369a38f3d044568b4758fea5c624a49 - - default default] 10.0.0.147 "PUT /v2.0/trunks/c1c5f899-f6f1-42a9-bd07-9e0ecf67b044/tags HTTP/1.1" status: 200 len: 210 time: 0.0366380
2026-06-03 01:04:03.298 9 INFO neutron.wsgi [None req-f54a605f-5d6c-421a-a12b-79e15c6e7c40 88136f3af5e940ea8f0dfe6a08a9e0e3 18a8222bcf954efa8b3a54cf874bbb43 - - default default] 10.0.0.147 "GET /v2.0/floatingips?tags-any=red%2Cblue HTTP/1.1" status: 200 len: 1866 time: 0.0594492
2026-06-03 01:04:03.300 10 INFO neutron.wsgi [None req-dbeffece-901a-4cf6-8747-3e74fb87cac3 701c67c22e764006bfb2c5631194fcb1 1369a38f3d044568b4758fea5c624a49 - - default default] 10.0.0.147 "PUT /v2.0/trunks/66c6f01f-e6a7-41f2-8a7f-3dfd3a64291d/tags HTTP/1.1" status: 200 len: 218 time: 0.0392656
2026-06-03 01:04:03.866 9 INFO neutron.notifiers.nova [-] Nova event matching ['req-027d0bad-03d9-467f-a0e5-db2afaff0e58'] response: {'server_uuid': 'e0e85dce-5fb1-4bb1-99e6-c567502dd3ce', 'name': 'network-vif-plugged', 'status': 'completed', 'tag': '6dd66f47-a71c-4393-ac05-bf4aca26fdd1', 'code': 200}
2026-06-03 01:04:03.878 9 INFO neutron.wsgi [None req-8ff16f21-5030-41e4-9c93-4c3b57c99258 88136f3af5e940ea8f0dfe6a08a9e0e3 18a8222bcf954efa8b3a54cf874bbb43 - - default default] 10.0.0.147 "GET /v2.0/floatingips?not-tags=red HTTP/1.1" status: 200 len: 1295 time: 0.5700397
2026-06-03 01:04:03.932 9 INFO neutron.wsgi [None req-41fc4fb7-3946-4127-b12f-77389e9a4708 701c67c22e764006bfb2c5631194fcb1 1369a38f3d044568b4758fea5c624a49 - - default default] 10.0.0.147 "PUT /v2.0/trunks/010f1c64-6dc2-4921-8ea2-34b640671ae6/tags HTTP/1.1" status: 200 len: 227 time: 0.6253374
2026-06-03 01:04:03.943 9 INFO neutron.wsgi [None req-3f029c92-7244-4aa8-9873-41198ef1a78c 88136f3af5e940ea8f0dfe6a08a9e0e3 18a8222bcf954efa8b3a54cf874bbb43 - - default default] 10.0.0.147 "GET /v2.0/floatingips?not-tags=red%2Cblue HTTP/1.1" status: 200 len: 1838 time: 0.0586109
2026-06-03 01:04:03.984 10 INFO neutron.wsgi [None req-3262adbc-71ae-43d7-8c0f-0c6c9f1f80f4 701c67c22e764006bfb2c5631194fcb1 1369a38f3d044568b4758fea5c624a49 - - default default] 10.0.0.147 "PUT /v2.0/trunks/7c6afbfc-a900-4dd2-b29c-53e466f4719c/tags HTTP/1.1" status: 200 len: 212 time: 0.0452595
2026-06-03 01:04:03.985 9 INFO neutron.db.ovn_revision_numbers_db [None req-e4fb0d02-710c-42f8-bf63-573fd0e6f664 b8cc157f82754095a020ee957367ab15 9134f727aae54209977f58e9ea76239b - - default default] Successfully bumped revision number for resource 961bce6d-7d86-4df1-85ab-5879b708d73e (type: floatingips) to 5
2026-06-03 01:04:04.000 9 INFO neutron.wsgi [None req-8a5660b2-6bff-4c38-84e0-7fd60159f39e 88136f3af5e940ea8f0dfe6a08a9e0e3 18a8222bcf954efa8b3a54cf874bbb43 - - default default] 10.0.0.147 "GET /v2.0/floatingips?not-tags-any=blue HTTP/1.1" status: 200 len: 1838 time: 0.0521944
2026-06-03 01:04:04.020 9 INFO neutron.wsgi [None req-e4fb0d02-710c-42f8-bf63-573fd0e6f664 b8cc157f82754095a020ee957367ab15 9134f727aae54209977f58e9ea76239b - - default default] 10.0.0.147 "PUT /v2.0/floatingips/961bce6d-7d86-4df1-85ab-5879b708d73e HTTP/1.1" status: 200 len: 1049 time: 1.5930073
2026-06-03 01:04:04.029 10 INFO neutron.wsgi [None req-577b8345-5de1-4abb-acd9-7fc884789532 701c67c22e764006bfb2c5631194fcb1 1369a38f3d044568b4758fea5c624a49 - - default default] 10.0.0.147 "GET /v2.0/trunks?tags=red HTTP/1.1" status: 200 len: 1447 time: 0.0387595
2026-06-03 01:04:04.053 9 INFO neutron.wsgi [None req-af8bf867-2cae-47d0-9746-e2bc3a6fe314 88136f3af5e940ea8f0dfe6a08a9e0e3 18a8222bcf954efa8b3a54cf874bbb43 - - default default] 10.0.0.147 "GET /v2.0/floatingips?not-tags-any=red%2Cblue HTTP/1.1" status: 200 len: 1295 time: 0.0442226
2026-06-03 01:04:04.066 9 INFO neutron.wsgi [None req-03ff2f64-00df-4f04-af05-269834208625 701c67c22e764006bfb2c5631194fcb1 1369a38f3d044568b4758fea5c624a49 - - default default] 10.0.0.147 "GET /v2.0/trunks?tags=red%2Cblue HTTP/1.1" status: 200 len: 1041 time: 0.0314174
2026-06-03 01:04:04.116 9 INFO neutron.wsgi [None req-442d12a3-453f-4459-8264-272eab30f8fb 701c67c22e764006bfb2c5631194fcb1 1369a38f3d044568b4758fea5c624a49 - - default default] 10.0.0.147 "GET /v2.0/trunks?tags-any=blue HTTP/1.1" status: 200 len: 1041 time: 0.0423138
2026-06-03 01:04:04.163 9 INFO neutron.wsgi [None req-b0b6680a-12a7-468a-b8cb-5a281ca57642 701c67c22e764006bfb2c5631194fcb1 1369a38f3d044568b4758fea5c624a49 - - default default] 10.0.0.147 "GET /v2.0/trunks?tags-any=red%2Cblue HTTP/1.1" status: 200 len: 1447 time: 0.0322514
2026-06-03 01:04:04.214 9 INFO neutron.wsgi [None req-a889ac64-e91d-4083-9411-cdf178bb6668 701c67c22e764006bfb2c5631194fcb1 1369a38f3d044568b4758fea5c624a49 - - default default] 10.0.0.147 "GET /v2.0/trunks?not-tags=red HTTP/1.1" status: 200 len: 1013 time: 0.0445955
2026-06-03 01:04:04.248 9 INFO neutron.wsgi [None req-2d58b2c5-d2db-4309-ae85-ddbb77c0f5f8 701c67c22e764006bfb2c5631194fcb1 1369a38f3d044568b4758fea5c624a49 - - default default] 10.0.0.147 "GET /v2.0/trunks?not-tags=red%2Cblue HTTP/1.1" status: 200 len: 1419 time: 0.0277724
2026-06-03 01:04:04.302 9 INFO neutron.wsgi [None req-e8efdf31-0ebd-4c04-bf48-d5cb0b09d8d9 701c67c22e764006bfb2c5631194fcb1 1369a38f3d044568b4758fea5c624a49 - - default default] 10.0.0.147 "GET /v2.0/trunks?not-tags-any=blue HTTP/1.1" status: 200 len: 1419 time: 0.0403407
2026-06-03 01:04:04.348 9 INFO neutron.wsgi [None req-e2edb345-3b1f-417d-905c-87b43d204887 701c67c22e764006bfb2c5631194fcb1 1369a38f3d044568b4758fea5c624a49 - - default default] 10.0.0.147 "GET /v2.0/trunks?not-tags-any=red%2Cblue HTTP/1.1" status: 200 len: 1013 time: 0.0382202
2026-06-03 01:04:04.395 9 INFO neutron.wsgi [None req-4d4cfcb2-1087-462c-b899-cdadb249c082 701c67c22e764006bfb2c5631194fcb1 1369a38f3d044568b4758fea5c624a49 - - default default] 10.0.0.147 "GET /v2.0/trunks/c1c5f899-f6f1-42a9-bd07-9e0ecf67b044 HTTP/1.1" status: 200 len: 608 time: 0.0386100
2026-06-03 01:04:04.429 10 INFO neutron.wsgi [None req-9c67d779-7eb0-4349-b745-a70360d495f8 b8cc157f82754095a020ee957367ab15 9134f727aae54209977f58e9ea76239b - - default default] 10.0.0.147 "GET /v2.0/floatingips/961bce6d-7d86-4df1-85ab-5879b708d73e HTTP/1.1" status: 200 len: 1051 time: 0.3973920
2026-06-03 01:04:04.520 10 INFO neutron.wsgi [None req-a2fd4787-7fa8-498f-b3ed-42994d869483 701c67c22e764006bfb2c5631194fcb1 1369a38f3d044568b4758fea5c624a49 - - default default] 10.0.0.147 "GET /v2.0/ports/59d00f8f-ef34-453e-bb36-6c1cb2ff058f HTTP/1.1" status: 200 len: 1020 time: 0.1189871
2026-06-03 01:04:04.606 9 INFO neutron.wsgi [None req-d04caf5a-8ddf-4351-aacf-c937c2721715 88136f3af5e940ea8f0dfe6a08a9e0e3 18a8222bcf954efa8b3a54cf874bbb43 - - default default] 10.0.0.147 "DELETE /v2.0/floatingips/dc4dad91-aa24-4959-abee-a5e156a331f5 HTTP/1.1" status: 204 len: 168 time: 0.5428758
2026-06-03 01:04:04.626 10 INFO neutron.wsgi [None req-4fcd595a-457e-44c9-a726-77edf5b59fa1 701c67c22e764006bfb2c5631194fcb1 1369a38f3d044568b4758fea5c624a49 - - default default] 10.0.0.147 "DELETE /v2.0/trunks/c1c5f899-f6f1-42a9-bd07-9e0ecf67b044 HTTP/1.1" status: 204 len: 168 time: 0.0979326
2026-06-03 01:04:04.654 9 INFO neutron.wsgi [None req-ee7446cc-71b2-4e41-b4cd-3d202eb47514 701c67c22e764006bfb2c5631194fcb1 1369a38f3d044568b4758fea5c624a49 - - default default] 10.0.0.147 "GET /v2.0/trunks/66c6f01f-e6a7-41f2-8a7f-3dfd3a64291d HTTP/1.1" status: 200 len: 616 time: 0.0210521
2026-06-03 01:04:04.785 9 INFO neutron.wsgi [None req-1dd10cce-d12b-498c-b8d1-5bdaf4688afe 701c67c22e764006bfb2c5631194fcb1 1369a38f3d044568b4758fea5c624a49 - - default default] 10.0.0.147 "GET /v2.0/ports/f7c120c5-f863-4b9d-8856-fc8bc01d2120 HTTP/1.1" status: 200 len: 1020 time: 0.1257439
2026-06-03 01:04:04.885 9 INFO neutron.wsgi [None req-e57a0a93-2794-4e99-a1ae-3fc7953613d1 701c67c22e764006bfb2c5631194fcb1 1369a38f3d044568b4758fea5c624a49 - - default default] 10.0.0.147 "DELETE /v2.0/trunks/66c6f01f-e6a7-41f2-8a7f-3dfd3a64291d HTTP/1.1" status: 204 len: 168 time: 0.0939658
2026-06-03 01:04:04.925 9 INFO neutron.wsgi [None req-cc27ffe0-80a0-4ce8-89ac-696ee91103cd 701c67c22e764006bfb2c5631194fcb1 1369a38f3d044568b4758fea5c624a49 - - default default] 10.0.0.147 "GET /v2.0/trunks/010f1c64-6dc2-4921-8ea2-34b640671ae6 HTTP/1.1" status: 200 len: 625 time: 0.0329010
2026-06-03 01:04:05.023 10 INFO neutron.wsgi [None req-9d3e26aa-4e99-4ead-90f8-37879c3188a2 701c67c22e764006bfb2c5631194fcb1 1369a38f3d044568b4758fea5c624a49 - - default default] 10.0.0.147 "GET /v2.0/ports/336cc9c8-a2de-4dba-8137-9364fc681f95 HTTP/1.1" status: 200 len: 1020 time: 0.0924606
2026-06-03 01:04:05.026 10 INFO neutron.wsgi [None req-4b1d6553-66fe-47d0-a1ef-e42df669a9fe 88136f3af5e940ea8f0dfe6a08a9e0e3 18a8222bcf954efa8b3a54cf874bbb43 - - default default] 10.0.0.147 "DELETE /v2.0/floatingips/ea39a857-068e-49fc-8942-184a04c97253 HTTP/1.1" status: 204 len: 168 time: 0.4120982
2026-06-03 01:04:05.141 10 INFO neutron.wsgi [None req-21c042e4-20f4-4fac-b5f0-0f3f3918604b 701c67c22e764006bfb2c5631194fcb1 1369a38f3d044568b4758fea5c624a49 - - default default] 10.0.0.147 "DELETE /v2.0/trunks/010f1c64-6dc2-4921-8ea2-34b640671ae6 HTTP/1.1" status: 204 len: 168 time: 0.1107297
2026-06-03 01:04:05.181 9 INFO neutron.wsgi [None req-0d83c8d9-874a-481c-be4f-bbcdf868cc34 701c67c22e764006bfb2c5631194fcb1 1369a38f3d044568b4758fea5c624a49 - - default default] 10.0.0.147 "GET /v2.0/trunks/7c6afbfc-a900-4dd2-b29c-53e466f4719c HTTP/1.1" status: 200 len: 610 time: 0.0342693
2026-06-03 01:04:05.340 9 INFO neutron.wsgi [None req-acd8fdd0-2fe0-4cc6-b5b2-09850abe91f0 701c67c22e764006bfb2c5631194fcb1 1369a38f3d044568b4758fea5c624a49 - - default default] 10.0.0.147 "GET /v2.0/ports/5864a5fb-88bd-4bda-b7de-991adfdf6146 HTTP/1.1" status: 200 len: 1020 time: 0.1503899
2026-06-03 01:04:05.439 9 INFO neutron.wsgi [None req-9213dfaf-2dcc-4edd-aeb4-86509cb1eb18 701c67c22e764006bfb2c5631194fcb1 1369a38f3d044568b4758fea5c624a49 - - default default] 10.0.0.147 "DELETE /v2.0/trunks/7c6afbfc-a900-4dd2-b29c-53e466f4719c HTTP/1.1" status: 204 len: 168 time: 0.0934567
2026-06-03 01:04:05.470 10 INFO neutron.wsgi [None req-12e4e242-3f6b-401f-a955-30a02c630f23 701c67c22e764006bfb2c5631194fcb1 1369a38f3d044568b4758fea5c624a49 - - default default] 10.0.0.147 "GET /v2.0/trunks/7a47a606-b696-4765-8ec4-29d773c6e2d0 HTTP/1.1" status: 200 len: 603 time: 0.0243845
2026-06-03 01:04:05.538 9 INFO neutron.wsgi [None req-556e506c-b58e-4db9-afe8-d4c32bbd2714 88136f3af5e940ea8f0dfe6a08a9e0e3 18a8222bcf954efa8b3a54cf874bbb43 - - default default] 10.0.0.147 "DELETE /v2.0/floatingips/c3c05875-b110-4945-93a3-4098f572f9db HTTP/1.1" status: 204 len: 168 time: 0.5055597
2026-06-03 01:04:05.598 10 INFO neutron.wsgi [None req-8dd9b37c-a6c8-4a79-8a84-faf1963081a4 701c67c22e764006bfb2c5631194fcb1 1369a38f3d044568b4758fea5c624a49 - - default default] 10.0.0.147 "GET /v2.0/ports/c17f68b7-922a-42c2-84dd-20dc13607dbe HTTP/1.1" status: 200 len: 1020 time: 0.1211882
2026-06-03 01:04:05.713 10 INFO neutron.wsgi [None req-3f0ff444-2216-4e51-9e14-ae823ce85085 701c67c22e764006bfb2c5631194fcb1 1369a38f3d044568b4758fea5c624a49 - - default default] 10.0.0.147 "DELETE /v2.0/trunks/7a47a606-b696-4765-8ec4-29d773c6e2d0 HTTP/1.1" status: 204 len: 168 time: 0.1088092
2026-06-03 01:04:05.915 9 INFO neutron.notifiers.nova [-] Nova event matching ['req-0ccfe02c-c4a3-432c-bd79-57bf2694c026'] response: {'name': 'network-changed', 'server_uuid': 'e0e85dce-5fb1-4bb1-99e6-c567502dd3ce', 'tag': '6dd66f47-a71c-4393-ac05-bf4aca26fdd1', 'status': 'completed', 'code': 200}
2026-06-03 01:04:05.922 9 INFO neutron.wsgi [None req-9b59b559-df22-45d2-bf58-d4595e8623c6 88136f3af5e940ea8f0dfe6a08a9e0e3 18a8222bcf954efa8b3a54cf874bbb43 - - default default] 10.0.0.147 "DELETE /v2.0/floatingips/bd00ba4d-c068-4397-b1c1-381c82894b42 HTTP/1.1" status: 204 len: 168 time: 0.3785179
2026-06-03 01:04:06.004 10 INFO neutron.wsgi [req-32930b85-ff6a-4abb-a41b-3ab8dcfa55fe req-8e2358eb-51c7-4279-af02-07a62a41ccfd e4f9f50b079d4b2fa968f05ba0d51db1 f1cfac412872484cb275d703c4221d42 - - 03dce30708164263aa0c6e51f940dfa2 03dce30708164263aa0c6e51f940dfa2] 199.204.45.229 "GET /v2.0/ports?tenant_id=9134f727aae54209977f58e9ea76239b&device_id=e0e85dce-5fb1-4bb1-99e6-c567502dd3ce HTTP/1.1" status: 200 len: 1409 time: 0.0618472
2026-06-03 01:04:06.116 10 INFO neutron.wsgi [req-32930b85-ff6a-4abb-a41b-3ab8dcfa55fe req-bf693967-b0dd-47aa-bc6f-1818531eef40 e4f9f50b079d4b2fa968f05ba0d51db1 f1cfac412872484cb275d703c4221d42 - - 03dce30708164263aa0c6e51f940dfa2 03dce30708164263aa0c6e51f940dfa2] 199.204.45.229 "GET /v2.0/networks?id=5ed9c635-08a7-414e-9693-71cc89b3d635 HTTP/1.1" status: 200 len: 959 time: 0.1013196
2026-06-03 01:04:06.119 10 INFO neutron.wsgi [None req-ee646158-5a83-41e4-bd09-06688d3c9789 701c67c22e764006bfb2c5631194fcb1 1369a38f3d044568b4758fea5c624a49 - - default default] 10.0.0.147 "DELETE /v2.0/ports/59d00f8f-ef34-453e-bb36-6c1cb2ff058f HTTP/1.1" status: 204 len: 168 time: 0.4009268
2026-06-03 01:04:06.182 10 INFO neutron.wsgi [req-32930b85-ff6a-4abb-a41b-3ab8dcfa55fe req-0b1887b2-d82a-4366-8cde-3b2da41d0a7b e4f9f50b079d4b2fa968f05ba0d51db1 f1cfac412872484cb275d703c4221d42 - - 03dce30708164263aa0c6e51f940dfa2 03dce30708164263aa0c6e51f940dfa2] 199.204.45.229 "GET /v2.0/floatingips?fixed_ip_address=10.100.0.8&port_id=6dd66f47-a71c-4393-ac05-bf4aca26fdd1 HTTP/1.1" status: 200 len: 1059 time: 0.0552309
2026-06-03 01:04:06.228 10 INFO neutron.wsgi [req-32930b85-ff6a-4abb-a41b-3ab8dcfa55fe req-6e0dbb04-4035-4160-974a-d08fc02ce712 e4f9f50b079d4b2fa968f05ba0d51db1 f1cfac412872484cb275d703c4221d42 - - 03dce30708164263aa0c6e51f940dfa2 03dce30708164263aa0c6e51f940dfa2] 199.204.45.229 "GET /v2.0/subnets?id=56b2a7a4-0cd0-4466-b259-2e4fee9ed33c HTTP/1.1" status: 200 len: 853 time: 0.0386899
2026-06-03 01:04:06.259 10 INFO neutron.wsgi [req-32930b85-ff6a-4abb-a41b-3ab8dcfa55fe req-74abaab6-1cee-4760-9a2e-312ebdb1e5ec e4f9f50b079d4b2fa968f05ba0d51db1 f1cfac412872484cb275d703c4221d42 - - 03dce30708164263aa0c6e51f940dfa2 03dce30708164263aa0c6e51f940dfa2] 199.204.45.229 "GET /v2.0/ports?network_id=5ed9c635-08a7-414e-9693-71cc89b3d635&device_owner=network%3Adhcp HTTP/1.1" status: 200 len: 210 time: 0.0248904
2026-06-03 01:04:06.339 10 INFO neutron.wsgi [req-32930b85-ff6a-4abb-a41b-3ab8dcfa55fe req-538f3113-3f91-4a2d-88f5-c9688f1bd604 e4f9f50b079d4b2fa968f05ba0d51db1 f1cfac412872484cb275d703c4221d42 - - 03dce30708164263aa0c6e51f940dfa2 03dce30708164263aa0c6e51f940dfa2] 199.204.45.229 "GET /v2.0/networks/5ed9c635-08a7-414e-9693-71cc89b3d635?fields=segments HTTP/1.1" status: 200 len: 212 time: 0.0688951
2026-06-03 01:04:06.365 9 INFO neutron.wsgi [None req-66e476e5-2e60-4617-af7f-0ae1d7aa54cc 88136f3af5e940ea8f0dfe6a08a9e0e3 18a8222bcf954efa8b3a54cf874bbb43 - - default default] 10.0.0.147 "DELETE /v2.0/floatingips/0383f9a9-fad0-418a-bff8-023adc9f47f1 HTTP/1.1" status: 204 len: 168 time: 0.4381628
2026-06-03 01:04:06.393 9 INFO neutron.wsgi [None req-58bdca07-ed53-40de-95a8-062f651e613d 701c67c22e764006bfb2c5631194fcb1 1369a38f3d044568b4758fea5c624a49 - - default default] 10.0.0.147 "DELETE /v2.0/ports/f7c120c5-f863-4b9d-8856-fc8bc01d2120 HTTP/1.1" status: 204 len: 168 time: 0.2679667
2026-06-03 01:04:06.400 9 WARNING neutron_lib.context [None req-3c1a5f3b-744a-4ef9-b8cd-a280108a70de a4e26a8eccc84c0e99b9714950b6853e fba0f68591344b598979f4d03399f3c5 - - default default] Method 'is_advsvc' is deprecated since 2023.2 release (neutron-lib 3.8.0) and will be removed once support for the old RBAC API policies will be removed from Neutron. Please use method 'is_service_role' instead.
2026-06-03 01:04:06.458 10 INFO neutron.wsgi [req-32930b85-ff6a-4abb-a41b-3ab8dcfa55fe req-3ac1ffa8-a6bd-4ea2-9411-f992ca4e351b e4f9f50b079d4b2fa968f05ba0d51db1 f1cfac412872484cb275d703c4221d42 - - 03dce30708164263aa0c6e51f940dfa2 03dce30708164263aa0c6e51f940dfa2] 199.204.45.229 "GET /v2.0/networks/5ed9c635-08a7-414e-9693-71cc89b3d635?fields=provider%3Aphysical_network&fields=provider%3Anetwork_type HTTP/1.1" status: 200 len: 277 time: 0.1093278
2026-06-03 01:04:06.657 9 WARNING neutron.scheduler.dhcp_agent_scheduler [None req-3c1a5f3b-744a-4ef9-b8cd-a280108a70de a4e26a8eccc84c0e99b9714950b6853e fba0f68591344b598979f4d03399f3c5 - - default default] No more DHCP agents
2026-06-03 01:04:06.660 9 WARNING neutron.api.rpc.agentnotifiers.dhcp_rpc_agent_api [None req-3c1a5f3b-744a-4ef9-b8cd-a280108a70de a4e26a8eccc84c0e99b9714950b6853e fba0f68591344b598979f4d03399f3c5 - - default default] Unable to schedule network 9750bfc4-d3f9-417e-855f-d6a046f2fe34: no agents available; will retry on subsequent port and subnet creation events.
2026-06-03 01:04:06.683 10 INFO neutron.wsgi [None req-dd83c0a3-17d4-4a9e-b2d4-fef12e512374 701c67c22e764006bfb2c5631194fcb1 1369a38f3d044568b4758fea5c624a49 - - default default] 10.0.0.147 "DELETE /v2.0/ports/336cc9c8-a2de-4dba-8137-9364fc681f95 HTTP/1.1" status: 204 len: 168 time: 0.2824345
2026-06-03 01:04:06.919 10 INFO neutron.wsgi [None req-c182baaf-18c3-4b3a-8c96-6011d74c91db 701c67c22e764006bfb2c5631194fcb1 1369a38f3d044568b4758fea5c624a49 - - default default] 10.0.0.147 "DELETE /v2.0/ports/5864a5fb-88bd-4bda-b7de-991adfdf6146 HTTP/1.1" status: 204 len: 168 time: 0.2267840
2026-06-03 01:04:07.194 10 INFO neutron.wsgi [None req-7278605e-3743-4845-8bae-a48f44775cad 701c67c22e764006bfb2c5631194fcb1 1369a38f3d044568b4758fea5c624a49 - - default default] 10.0.0.147 "DELETE /v2.0/ports/c17f68b7-922a-42c2-84dd-20dc13607dbe HTTP/1.1" status: 204 len: 168 time: 0.2667308
2026-06-03 01:04:07.224 9 INFO neutron.db.l3_db [None req-3c1a5f3b-744a-4ef9-b8cd-a280108a70de a4e26a8eccc84c0e99b9714950b6853e fba0f68591344b598979f4d03399f3c5 - - default default] Floating IP f61248ff-5c50-4e6f-be44-630aba3e2d6d associated. External IP: 10.96.250.211, port: 5754547d-bee2-4fe4-969b-f1d265f9a698.
2026-06-03 01:04:07.502 9 INFO neutron.db.ovn_revision_numbers_db [None req-3c1a5f3b-744a-4ef9-b8cd-a280108a70de a4e26a8eccc84c0e99b9714950b6853e fba0f68591344b598979f4d03399f3c5 - - default default] Successfully bumped revision number for resource f61248ff-5c50-4e6f-be44-630aba3e2d6d (type: floatingips) to 0
2026-06-03 01:04:07.615 9 INFO neutron.db.ovn_revision_numbers_db [None req-3c1a5f3b-744a-4ef9-b8cd-a280108a70de a4e26a8eccc84c0e99b9714950b6853e fba0f68591344b598979f4d03399f3c5 - - default default] Successfully bumped revision number for resource f61248ff-5c50-4e6f-be44-630aba3e2d6d (type: floatingips) to 1
2026-06-03 01:04:07.648 10 INFO neutron.services.segments.plugin [-] Segment 00839c97-428a-429f-957c-759b5230b1cf resource provider aggregate not found
2026-06-03 01:04:07.652 9 INFO neutron.wsgi [None req-3c1a5f3b-744a-4ef9-b8cd-a280108a70de a4e26a8eccc84c0e99b9714950b6853e fba0f68591344b598979f4d03399f3c5 - - default default] 10.0.0.147 "POST /v2.0/floatingips HTTP/1.1" status: 201 len: 1098 time: 1.2560127
2026-06-03 01:04:07.665 10 INFO neutron.services.segments.plugin [-] Segment 00839c97-428a-429f-957c-759b5230b1cf resource provider aggregate not found
2026-06-03 01:04:07.682 10 INFO neutron.services.segments.plugin [-] Segment 00839c97-428a-429f-957c-759b5230b1cf resource provider not found; error: Placement Client Error (4xx): {"errors": [{"status": 404, "title": "Not Found", "detail": "The resource could not be found.\n\n No resource provider with uuid 00839c97-428a-429f-957c-759b5230b1cf found for delete ", "request_id": "req-8fe610bd-d341-4fd6-9f81-2a79ccf88740"}]}
2026-06-03 01:04:07.689 10 INFO neutron.services.segments.plugin [-] Segment 00839c97-428a-429f-957c-759b5230b1cf resource provider not found; error: Placement Client Error (4xx): {"errors": [{"status": 404, "title": "Not Found", "detail": "The resource could not be found.\n\n No resource provider with uuid 00839c97-428a-429f-957c-759b5230b1cf found for delete ", "request_id": "req-3e02cc59-c66a-4f04-9ce7-0e340549324e"}]}
2026-06-03 01:04:07.715 10 INFO neutron.wsgi [None req-c2bcd105-82fa-4328-ac99-a2a5e906f0b5 701c67c22e764006bfb2c5631194fcb1 1369a38f3d044568b4758fea5c624a49 - - default default] 10.0.0.147 "DELETE /v2.0/networks/99e5b075-9b5b-4e1c-823d-462ba958ba60 HTTP/1.1" status: 204 len: 168 time: 0.5162234
2026-06-03 01:04:07.747 10 INFO neutron.db.ovn_revision_numbers_db [None req-980665f1-3379-4521-9c52-2e52f8292395 a607a8cc56ee4a918facbb451c0e3831 16b608c7e5a0466292a36f2607bd47a5 - - default default] Successfully bumped revision number for resource c0cf4146-1ab5-49a0-a5f2-6fcd1680cd94 (type: security_groups) to 1
2026-06-03 01:04:07.763 10 INFO neutron.db.ovn_revision_numbers_db [None req-980665f1-3379-4521-9c52-2e52f8292395 a607a8cc56ee4a918facbb451c0e3831 16b608c7e5a0466292a36f2607bd47a5 - - default default] Successfully bumped revision number for resource 3e9e2ada-df3e-402e-818f-87fe9b0b795a (type: security_group_rules) to 0
2026-06-03 01:04:07.777 10 INFO neutron.db.ovn_revision_numbers_db [None req-980665f1-3379-4521-9c52-2e52f8292395 a607a8cc56ee4a918facbb451c0e3831 16b608c7e5a0466292a36f2607bd47a5 - - default default] Successfully bumped revision number for resource 48b0a0f0-02f1-4a9e-8e60-51bba64e842f (type: security_group_rules) to 0
2026-06-03 01:04:07.791 10 INFO neutron.db.ovn_revision_numbers_db [None req-980665f1-3379-4521-9c52-2e52f8292395 a607a8cc56ee4a918facbb451c0e3831 16b608c7e5a0466292a36f2607bd47a5 - - default default] Successfully bumped revision number for resource 6a9b2c91-0d46-4f8d-9525-f0dabf67699c (type: security_group_rules) to 0
2026-06-03 01:04:07.803 10 INFO neutron.db.ovn_revision_numbers_db [None req-980665f1-3379-4521-9c52-2e52f8292395 a607a8cc56ee4a918facbb451c0e3831 16b608c7e5a0466292a36f2607bd47a5 - - default default] Successfully bumped revision number for resource d34a3308-ac68-4c8b-b52b-9e643b931400 (type: security_group_rules) to 0
2026-06-03 01:04:07.824 10 INFO neutron.wsgi [None req-980665f1-3379-4521-9c52-2e52f8292395 a607a8cc56ee4a918facbb451c0e3831 16b608c7e5a0466292a36f2607bd47a5 - - default default] 10.0.0.147 "GET /v2.0/security-groups?tenant_id=18a8222bcf954efa8b3a54cf874bbb43&name=default HTTP/1.1" status: 200 len: 2996 time: 0.4954731 /var/lib/openstack/lib/python3.10/site-packages/pycadf/identifier.py:71: UserWarning: Invalid uuid: neutron. To ensure interoperability, identifiers should be a valid uuid. warnings.warn(('Invalid uuid: %s. To ensure interoperability, '
2026-06-03 01:04:08.060 10 INFO neutron.wsgi [None req-7373c38c-b34a-4cb0-8c7e-0e3d33545dd9 a607a8cc56ee4a918facbb451c0e3831 16b608c7e5a0466292a36f2607bd47a5 - - default default] 10.0.0.147 "DELETE /v2.0/security-groups/c0cf4146-1ab5-49a0-a5f2-6fcd1680cd94 HTTP/1.1" status: 204 len: 168 time: 0.2283170
2026-06-03 01:04:08.306 10 INFO neutron.db.ovn_revision_numbers_db [None req-b63c5f18-996f-4428-b409-e97aea4d669b a607a8cc56ee4a918facbb451c0e3831 16b608c7e5a0466292a36f2607bd47a5 - - default default] Successfully bumped revision number for resource a415e8b3-6924-4963-8bc2-e970b90f5089 (type: security_groups) to 1
2026-06-03 01:04:08.327 10 INFO neutron.db.ovn_revision_numbers_db [None req-b63c5f18-996f-4428-b409-e97aea4d669b a607a8cc56ee4a918facbb451c0e3831 16b608c7e5a0466292a36f2607bd47a5 - - default default] Successfully bumped revision number for resource 06542cdb-1826-447e-bbb2-7f697c51d065 (type: security_group_rules) to 0
2026-06-03 01:04:08.348 9 INFO neutron.services.segments.plugin [-] Segment 2e4f7a6f-a021-4bc2-a2b0-e74dc7d39852 resource provider aggregate not found
2026-06-03 01:04:08.356 9 INFO neutron.services.segments.plugin [-] Segment 2e4f7a6f-a021-4bc2-a2b0-e74dc7d39852 resource provider aggregate not found
2026-06-03 01:04:08.357 10 INFO neutron.db.ovn_revision_numbers_db [None req-b63c5f18-996f-4428-b409-e97aea4d669b a607a8cc56ee4a918facbb451c0e3831 16b608c7e5a0466292a36f2607bd47a5 - - default default] Successfully bumped revision number for resource 4a4a0335-9c96-4d94-91ad-23b4cb60d9e0 (type: security_group_rules) to 0
2026-06-03 01:04:08.380 9 INFO neutron.services.segments.plugin [-] Segment 2e4f7a6f-a021-4bc2-a2b0-e74dc7d39852 resource provider not found; error: Placement Client Error (4xx): {"errors": [{"status": 404, "title": "Not Found", "detail": "The resource could not be found.\n\n No resource provider with uuid 2e4f7a6f-a021-4bc2-a2b0-e74dc7d39852 found for delete ", "request_id": "req-0a8e41fc-1abc-4a95-bfc0-a58440140650"}]}
2026-06-03 01:04:08.380 10 INFO neutron.db.ovn_revision_numbers_db [None req-b63c5f18-996f-4428-b409-e97aea4d669b a607a8cc56ee4a918facbb451c0e3831 16b608c7e5a0466292a36f2607bd47a5 - - default default] Successfully bumped revision number for resource ddfcd3c5-6c9a-4409-85c8-dbdbdb7cf43d (type: security_group_rules) to 0
2026-06-03 01:04:08.382 9 INFO neutron.services.segments.plugin [-] Segment 2e4f7a6f-a021-4bc2-a2b0-e74dc7d39852 resource provider not found; error: Placement Client Error (4xx): {"errors": [{"status": 404, "title": "Not Found", "detail": "The resource could not be found.\n\n No resource provider with uuid 2e4f7a6f-a021-4bc2-a2b0-e74dc7d39852 found for delete ", "request_id": "req-a8ad95f7-0ce4-481a-a768-5d4273545524"}]}
2026-06-03 01:04:08.403 10 INFO neutron.db.ovn_revision_numbers_db [None req-b63c5f18-996f-4428-b409-e97aea4d669b a607a8cc56ee4a918facbb451c0e3831 16b608c7e5a0466292a36f2607bd47a5 - - default default] Successfully bumped revision number for resource ef2aa8ff-70ea-4b7a-bebd-fc028d0f6220 (type: security_group_rules) to 0
2026-06-03 01:04:08.413 9 INFO neutron.wsgi [None req-5858b53e-c6f8-4cde-ace3-b4359f4678c2 701c67c22e764006bfb2c5631194fcb1 1369a38f3d044568b4758fea5c624a49 - - default default] 10.0.0.147 "DELETE /v2.0/networks/14c2b0ed-5a6e-44b4-9729-5d0b4389ff5f HTTP/1.1" status: 204 len: 168 time: 0.4956563
2026-06-03 01:04:08.432 10 INFO neutron.wsgi [None req-b63c5f18-996f-4428-b409-e97aea4d669b a607a8cc56ee4a918facbb451c0e3831 16b608c7e5a0466292a36f2607bd47a5 - - default default] 10.0.0.147 "GET /v2.0/security-groups?tenant_id=ec3c61cb8b244dbd95333b95d98778c7&name=default HTTP/1.1" status: 200 len: 2996 time: 0.2660227
2026-06-03 01:04:08.682 10 INFO neutron.wsgi [None req-619cafe8-0d84-4b24-be3d-450091ff0236 a607a8cc56ee4a918facbb451c0e3831 16b608c7e5a0466292a36f2607bd47a5 - - default default] 10.0.0.147 "DELETE /v2.0/security-groups/a415e8b3-6924-4963-8bc2-e970b90f5089 HTTP/1.1" status: 204 len: 168 time: 0.2412202
2026-06-03 01:04:08.894 9 INFO neutron.wsgi [None req-9496a691-4766-4cee-af83-014aad79854d 701c67c22e764006bfb2c5631194fcb1 1369a38f3d044568b4758fea5c624a49 - - default default] 10.0.0.147 "DELETE /v2.0/networks/247d28cd-d126-4c1e-bed2-80829dec88fe HTTP/1.1" status: 204 len: 168 time: 0.4714074
2026-06-03 01:04:09.008 10 INFO neutron.db.ovn_revision_numbers_db [None req-37080a1e-49e7-4b4a-bb9d-26799d99e2f6 a607a8cc56ee4a918facbb451c0e3831 16b608c7e5a0466292a36f2607bd47a5 - - default default] Successfully bumped revision number for resource e2f32a92-e1b0-43e8-b079-d0264c7adfc2 (type: security_groups) to 1
2026-06-03 01:04:09.025 10 INFO neutron.db.ovn_revision_numbers_db [None req-37080a1e-49e7-4b4a-bb9d-26799d99e2f6 a607a8cc56ee4a918facbb451c0e3831 16b608c7e5a0466292a36f2607bd47a5 - - default default] Successfully bumped revision number for resource 074b8bca-ec49-48b9-aa5a-787be1c04eac (type: security_group_rules) to 0
2026-06-03 01:04:09.040 10 INFO neutron.db.ovn_revision_numbers_db [None req-37080a1e-49e7-4b4a-bb9d-26799d99e2f6 a607a8cc56ee4a918facbb451c0e3831 16b608c7e5a0466292a36f2607bd47a5 - - default default] Successfully bumped revision number for resource 2f0b76a7-0a0f-4f19-b570-b2d19d9070fe (type: security_group_rules) to 0
2026-06-03 01:04:09.058 10 INFO neutron.db.ovn_revision_numbers_db [None req-37080a1e-49e7-4b4a-bb9d-26799d99e2f6 a607a8cc56ee4a918facbb451c0e3831 16b608c7e5a0466292a36f2607bd47a5 - - default default] Successfully bumped revision number for resource ade7b055-4541-4672-a652-0695eed9ac5a (type: security_group_rules) to 0
2026-06-03 01:04:09.076 10 INFO neutron.db.ovn_revision_numbers_db [None req-37080a1e-49e7-4b4a-bb9d-26799d99e2f6 a607a8cc56ee4a918facbb451c0e3831 16b608c7e5a0466292a36f2607bd47a5 - - default default] Successfully bumped revision number for resource c52f433c-3da6-41fb-b552-7eed5a4760db (type: security_group_rules) to 0
2026-06-03 01:04:09.104 10 INFO neutron.wsgi [None req-37080a1e-49e7-4b4a-bb9d-26799d99e2f6 a607a8cc56ee4a918facbb451c0e3831 16b608c7e5a0466292a36f2607bd47a5 - - default default] 10.0.0.147 "GET /v2.0/security-groups?tenant_id=4128e7b734f64a23b3d22cac6bed826b&name=default HTTP/1.1" status: 200 len: 2996 time: 0.2494633
2026-06-03 01:04:09.320 10 INFO neutron.wsgi [None req-289d0823-afe1-4c8d-b2dc-bcddbb85a5be a607a8cc56ee4a918facbb451c0e3831 16b608c7e5a0466292a36f2607bd47a5 - - default default] 10.0.0.147 "DELETE /v2.0/security-groups/e2f32a92-e1b0-43e8-b079-d0264c7adfc2 HTTP/1.1" status: 204 len: 168 time: 0.2088480
2026-06-03 01:04:09.734 9 INFO neutron.wsgi [None req-9fbc7a81-e8c7-4877-a1fb-0c7703b28d4c 701c67c22e764006bfb2c5631194fcb1 1369a38f3d044568b4758fea5c624a49 - - default default] 10.0.0.147 "DELETE /v2.0/networks/215529e2-1b08-4833-b77d-e7bee1dfe4b4 HTTP/1.1" status: 204 len: 168 time: 0.8335974
2026-06-03 01:04:10.183 9 INFO neutron.wsgi [None req-fd015b2b-0ad2-4181-af5e-ae8efd1cc45a 701c67c22e764006bfb2c5631194fcb1 1369a38f3d044568b4758fea5c624a49 - - default default] 10.0.0.147 "DELETE /v2.0/networks/7c9a90cc-4db1-4947-93b2-94df1fcddda2 HTTP/1.1" status: 204 len: 168 time: 0.4427826
2026-06-03 01:04:10.417 9 INFO neutron.services.segments.plugin [-] Segment bb0f1f53-b0ce-4ec6-83ba-7c19f3763ee7 resource provider aggregate not found
2026-06-03 01:04:10.435 9 INFO neutron.services.segments.plugin [-] Segment bb0f1f53-b0ce-4ec6-83ba-7c19f3763ee7 resource provider aggregate not found
2026-06-03 01:04:10.455 9 INFO neutron.services.segments.plugin [-] Segment bb0f1f53-b0ce-4ec6-83ba-7c19f3763ee7 resource provider not found; error: Placement Client Error (4xx): {"errors": [{"status": 404, "title": "Not Found", "detail": "The resource could not be found.\n\n No resource provider with uuid bb0f1f53-b0ce-4ec6-83ba-7c19f3763ee7 found for delete ", "request_id": "req-ffba8cf7-3667-4a53-b175-e9fd4a01f547"}]}
2026-06-03 01:04:10.467 9 INFO neutron.services.segments.plugin [-] Segment bb0f1f53-b0ce-4ec6-83ba-7c19f3763ee7 resource provider not found; error: Placement Client Error (4xx): {"errors": [{"status": 404, "title": "Not Found", "detail": "The resource could not be found.\n\n No resource provider with uuid bb0f1f53-b0ce-4ec6-83ba-7c19f3763ee7 found for delete ", "request_id": "req-221a8923-1bbd-404a-967a-f815fd95052c"}]}
2026-06-03 01:04:10.489 9 INFO neutron.services.segments.plugin [-] Segment 86d4f862-e46f-478d-b47c-464f897b4f88 resource provider aggregate not found
2026-06-03 01:04:10.498 9 INFO neutron.services.segments.plugin [-] Segment 86d4f862-e46f-478d-b47c-464f897b4f88 resource provider aggregate not found
2026-06-03 01:04:10.513 9 INFO neutron.services.segments.plugin [-] Segment 86d4f862-e46f-478d-b47c-464f897b4f88 resource provider not found; error: Placement Client Error (4xx): {"errors": [{"status": 404, "title": "Not Found", "detail": "The resource could not be found.\n\n No resource provider with uuid 86d4f862-e46f-478d-b47c-464f897b4f88 found for delete ", "request_id": "req-6df51d97-b543-4f9d-a154-52fcea95ed2f"}]}
2026-06-03 01:04:10.521 9 INFO neutron.services.segments.plugin [-] Segment 86d4f862-e46f-478d-b47c-464f897b4f88 resource provider not found; error: Placement Client Error (4xx): {"errors": [{"status": 404, "title": "Not Found", "detail": "The resource could not be found.\n\n No resource provider with uuid 86d4f862-e46f-478d-b47c-464f897b4f88 found for delete ", "request_id": "req-a9174c95-8947-4f5a-aa45-840804b8fbbc"}]}
2026-06-03 01:04:10.539 9 INFO neutron.services.segments.plugin [-] Segment b1517c26-dde6-4bcf-9597-84943a1c12eb resource provider aggregate not found
2026-06-03 01:04:10.547 9 INFO neutron.services.segments.plugin [-] Segment b1517c26-dde6-4bcf-9597-84943a1c12eb resource provider aggregate not found
2026-06-03 01:04:10.560 9 INFO neutron.services.segments.plugin [-] Segment b1517c26-dde6-4bcf-9597-84943a1c12eb resource provider not found; error: Placement Client Error (4xx): {"errors": [{"status": 404, "title": "Not Found", "detail": "The resource could not be found.\n\n No resource provider with uuid b1517c26-dde6-4bcf-9597-84943a1c12eb found for delete ", "request_id": "req-f4e1afeb-6d5a-4ad7-b162-79476f861f09"}]}
2026-06-03 01:04:10.563 9 INFO neutron.services.segments.plugin [-] Segment b1517c26-dde6-4bcf-9597-84943a1c12eb resource provider not found; error: Placement Client Error (4xx): {"errors": [{"status": 404, "title": "Not Found", "detail": "The resource could not be found.\n\n No resource provider with uuid b1517c26-dde6-4bcf-9597-84943a1c12eb found for delete ", "request_id": "req-261ff2d1-7971-4e8f-a8f4-0f38f8c3e83d"}]}
2026-06-03 01:04:10.768 10 INFO neutron.wsgi [None req-a7bd581b-92fc-41d1-82a4-9749f013b168 a607a8cc56ee4a918facbb451c0e3831 16b608c7e5a0466292a36f2607bd47a5 - - default default] 199.204.45.229 "GET /v2.0/extensions/security-group HTTP/1.1" status: 200 len: 369 time: 0.0105081
2026-06-03 01:04:10.778 10 INFO neutron.wsgi [None req-06d1a05b-dca0-4f5b-837b-a3cf842588f3 a607a8cc56ee4a918facbb451c0e3831 16b608c7e5a0466292a36f2607bd47a5 - - default default] 199.204.45.229 "GET /v2.0/extensions/dns-integration HTTP/1.1" status: 200 len: 371 time: 0.0053227
2026-06-03 01:04:10.786 10 INFO neutron.wsgi [None req-ca232145-26b8-44ac-a5cb-fc88c84277c0 a607a8cc56ee4a918facbb451c0e3831 16b608c7e5a0466292a36f2607bd47a5 - - default default] 199.204.45.229 "GET /v2.0/extensions/qos HTTP/1.1" status: 200 len: 365 time: 0.0039015
2026-06-03 01:04:10.798 10 INFO neutron.wsgi [None req-6cf01c08-0582-4090-86e9-fd534b9c9f08 a607a8cc56ee4a918facbb451c0e3831 16b608c7e5a0466292a36f2607bd47a5 - - default default] 199.204.45.229 "GET /v2.0/extensions/allowed-address-pairs HTTP/1.1" status: 200 len: 383 time: 0.0047319
2026-06-03 01:04:10.814 9 INFO neutron.db.ovn_revision_numbers_db [None req-a4414a4c-4463-4a7a-9cc7-127cc8c5b534 - - - - - -] Successfully bumped revision number for resource 5754547d-bee2-4fe4-969b-f1d265f9a698 (type: ports) to 4
2026-06-03 01:04:10.818 10 INFO neutron.api.v2.resource [None req-f1ca608a-28a9-4166-82f2-160e8931d573 a607a8cc56ee4a918facbb451c0e3831 16b608c7e5a0466292a36f2607bd47a5 - - default default] show failed (client error): The resource could not be found.
2026-06-03 01:04:10.819 10 INFO neutron.wsgi [None req-f1ca608a-28a9-4166-82f2-160e8931d573 a607a8cc56ee4a918facbb451c0e3831 16b608c7e5a0466292a36f2607bd47a5 - - default default] 199.204.45.229 "GET /v2.0/security-groups/lb-b5fdae0e-8b1f-4b26-8be1-d7e1517936c9 HTTP/1.1" status: 404 len: 355 time: 0.0136518
2026-06-03 01:04:10.862 10 INFO neutron.wsgi [None req-1bd7b7aa-886d-4a82-a2dc-be5b3b5301bf a607a8cc56ee4a918facbb451c0e3831 16b608c7e5a0466292a36f2607bd47a5 - - default default] 199.204.45.229 "GET /v2.0/security-groups?name=lb-b5fdae0e-8b1f-4b26-8be1-d7e1517936c9 HTTP/1.1" status: 200 len: 1775 time: 0.0381861
2026-06-03 01:04:10.908 10 INFO neutron.wsgi [None req-3ab97408-5a8e-49a1-b257-ce1d255878eb a607a8cc56ee4a918facbb451c0e3831 16b608c7e5a0466292a36f2607bd47a5 - - default default] 199.204.45.229 "GET /v2.0/security-group-rules?security_group_id=7feaea03-acc5-45bc-980a-faa3c45c8a26 HTTP/1.1" status: 200 len: 1318 time: 0.0387673
2026-06-03 01:04:11.084 10 INFO neutron.db.ovn_revision_numbers_db [None req-ff71ee44-077b-46ca-9755-9b3db7640fc7 a607a8cc56ee4a918facbb451c0e3831 16b608c7e5a0466292a36f2607bd47a5 - - default default] Successfully bumped revision number for resource 73290ae0-2fac-4a4c-b014-e2728d656411 (type: security_group_rules) to 0
2026-06-03 01:04:11.109 10 INFO neutron.wsgi [None req-ff71ee44-077b-46ca-9755-9b3db7640fc7 a607a8cc56ee4a918facbb451c0e3831 16b608c7e5a0466292a36f2607bd47a5 - - default default] 199.204.45.229 "POST /v2.0/security-group-rules HTTP/1.1" status: 201 len: 773 time: 0.1901720
2026-06-03 01:04:11.296 10 INFO neutron.db.ovn_revision_numbers_db [None req-a0c9d18e-c5b0-4b95-a8dc-78b07b590f21 a607a8cc56ee4a918facbb451c0e3831 16b608c7e5a0466292a36f2607bd47a5 - - default default] Successfully bumped revision number for resource ea5e4a2a-2ffb-4bb7-ad2c-dbfa92d610d1 (type: security_group_rules) to 0
2026-06-03 01:04:11.341 10 INFO neutron.wsgi [None req-a0c9d18e-c5b0-4b95-a8dc-78b07b590f21 a607a8cc56ee4a918facbb451c0e3831 16b608c7e5a0466292a36f2607bd47a5 - - default default] 199.204.45.229 "POST /v2.0/security-group-rules HTTP/1.1" status: 201 len: 769 time: 0.2226548
2026-06-03 01:04:11.487 9 INFO neutron.db.ovn_revision_numbers_db [None req-8e157b5d-8ca6-4305-8e44-e28cac73953e a607a8cc56ee4a918facbb451c0e3831 16b608c7e5a0466292a36f2607bd47a5 - - default default] Successfully bumped revision number for resource 580b22e3-4561-49b2-927c-2aa13b3a52b3 (type: security_groups) to 1
2026-06-03 01:04:11.497 10 INFO neutron.wsgi [-] 10.0.0.209 "GET / HTTP/1.1" status: 200 len: 247 time: 0.0026319
2026-06-03 01:04:11.499 10 INFO neutron.wsgi [-] 10.0.0.209 "GET / HTTP/1.1" status: 200 len: 247 time: 0.0015576
2026-06-03 01:04:11.507 9 INFO neutron.db.ovn_revision_numbers_db [None req-8e157b5d-8ca6-4305-8e44-e28cac73953e a607a8cc56ee4a918facbb451c0e3831 16b608c7e5a0466292a36f2607bd47a5 - - default default] Successfully bumped revision number for resource 21072c3b-609c-487c-8620-5d9a1060fc98 (type: security_group_rules) to 0
2026-06-03 01:04:11.523 9 INFO neutron.db.ovn_revision_numbers_db [None req-8e157b5d-8ca6-4305-8e44-e28cac73953e a607a8cc56ee4a918facbb451c0e3831 16b608c7e5a0466292a36f2607bd47a5 - - default default] Successfully bumped revision number for resource 9df2abb2-772a-4d5d-b803-0b50d61d6bfa (type: security_group_rules) to 0
2026-06-03 01:04:11.536 9 INFO neutron.db.ovn_revision_numbers_db [None req-8e157b5d-8ca6-4305-8e44-e28cac73953e a607a8cc56ee4a918facbb451c0e3831 16b608c7e5a0466292a36f2607bd47a5 - - default default] Successfully bumped revision number for resource b5f15f26-1229-4e6c-9c01-9dd7158ff84d (type: security_group_rules) to 0
2026-06-03 01:04:11.553 9 INFO neutron.db.ovn_revision_numbers_db [None req-8e157b5d-8ca6-4305-8e44-e28cac73953e a607a8cc56ee4a918facbb451c0e3831 16b608c7e5a0466292a36f2607bd47a5 - - default default] Successfully bumped revision number for resource caf48a7e-06df-4a5e-8086-f4c806b41242 (type: security_group_rules) to 0
2026-06-03 01:04:11.584 9 INFO neutron.wsgi [None req-8e157b5d-8ca6-4305-8e44-e28cac73953e a607a8cc56ee4a918facbb451c0e3831 16b608c7e5a0466292a36f2607bd47a5 - - default default] 10.0.0.147 "GET /v2.0/security-groups?tenant_id=94b39b48b0dd4013a7caf876a94a6e78&name=default HTTP/1.1" status: 200 len: 2996 time: 0.4243021
2026-06-03 01:04:11.820 9 INFO neutron.wsgi [None req-56641208-5db3-4a6c-92cd-2d9c62ecf61d a607a8cc56ee4a918facbb451c0e3831 16b608c7e5a0466292a36f2607bd47a5 - - default default] 10.0.0.147 "DELETE /v2.0/security-groups/580b22e3-4561-49b2-927c-2aa13b3a52b3 HTTP/1.1" status: 204 len: 168 time: 0.2294524
2026-06-03 01:04:12.000 10 INFO neutron.wsgi [None req-c22f5037-6bfc-4c3d-9a22-84ae937fed8d a607a8cc56ee4a918facbb451c0e3831 16b608c7e5a0466292a36f2607bd47a5 - - default default] 10.0.0.147 "GET /v2.0/security-groups?tenant_id=1369a38f3d044568b4758fea5c624a49&name=default HTTP/1.1" status: 200 len: 2996 time: 0.0448616
2026-06-03 01:04:12.218 10 INFO neutron.wsgi [None req-a4d69229-7e2d-4828-b595-635fd58f37cf a607a8cc56ee4a918facbb451c0e3831 16b608c7e5a0466292a36f2607bd47a5 - - default default] 10.0.0.147 "DELETE /v2.0/security-groups/150dc739-47ec-4f3e-9768-b437725e504d HTTP/1.1" status: 204 len: 168 time: 0.2142804
