2026-06-03 01:01:54.577 9 INFO neutron.db.segments_db [None req-41c1882c-c7ad-44a2-be73-b98cae5e3557 a4e26a8eccc84c0e99b9714950b6853e fba0f68591344b598979f4d03399f3c5 - - default default] Added segment 37b3e7ab-146e-4edc-960f-0b58b660751b of type geneve for network 591db22d-bc12-4ad9-8d87-ff5e4dd3d91b
2026-06-03 01:01:54.599 10 INFO neutron.db.ovn_revision_numbers_db [None req-a4039dc7-3bc3-476b-b9c5-a132aebe6dbf f01b19d573db4e609ae8edc4739a73fb 54ae06235bee4cb2979f196ba2e7d485 - - default default] Successfully bumped revision number for resource bc629c0f-7ae2-4e0a-9724-70081b685dc1 (type: ports) to 1
2026-06-03 01:01:54.630 10 INFO neutron.wsgi [None req-a4039dc7-3bc3-476b-b9c5-a132aebe6dbf f01b19d573db4e609ae8edc4739a73fb 54ae06235bee4cb2979f196ba2e7d485 - - default default] 10.0.0.147 "POST /v2.0/networks HTTP/1.1" status: 201 len: 828 time: 0.6766853
2026-06-03 01:01:54.642 10 WARNING neutron_lib.context [None req-1e765271-5ad2-4a2a-a6b5-966dac44dab7 f01b19d573db4e609ae8edc4739a73fb 54ae06235bee4cb2979f196ba2e7d485 - - default default] Method 'is_advsvc' is deprecated since 2023.2 release (neutron-lib 3.8.0) and will be removed once support for the old RBAC API policies will be removed from Neutron. Please use method 'is_service_role' instead.
2026-06-03 01:01:54.820 9 INFO neutron.db.ovn_revision_numbers_db [None req-41c1882c-c7ad-44a2-be73-b98cae5e3557 a4e26a8eccc84c0e99b9714950b6853e fba0f68591344b598979f4d03399f3c5 - - default default] Successfully bumped revision number for resource 591db22d-bc12-4ad9-8d87-ff5e4dd3d91b (type: networks) to 1
2026-06-03 01:01:54.922 10 WARNING neutron.scheduler.dhcp_agent_scheduler [None req-1e765271-5ad2-4a2a-a6b5-966dac44dab7 f01b19d573db4e609ae8edc4739a73fb 54ae06235bee4cb2979f196ba2e7d485 - - default default] No more DHCP agents
2026-06-03 01:01:54.924 10 WARNING neutron.api.rpc.agentnotifiers.dhcp_rpc_agent_api [None req-1e765271-5ad2-4a2a-a6b5-966dac44dab7 f01b19d573db4e609ae8edc4739a73fb 54ae06235bee4cb2979f196ba2e7d485 - - default default] Unable to schedule network 57f3d6e5-6a36-49e3-847b-3c90a35a2cba: no agents available; will retry on subsequent port and subnet creation events.
2026-06-03 01:01:54.965 9 INFO neutron.wsgi [None req-67de4de9-4e4f-4fae-bf4e-3e997970d0fe a3da209ed8aa4ebf9284b7ce24b6b206 431e8a2df71c4c7692abf76d1a4da1bd - - default default] 10.0.0.147 "DELETE /v2.0/networks/fac0e19b-9e5a-4d56-ad80-39fafaf493f4 HTTP/1.1" status: 204 len: 168 time: 0.8710952
2026-06-03 01:01:54.998 10 INFO neutron.pecan_wsgi.hooks.translation [None req-d989b646-f147-46bf-87e9-7953c4b7df62 a3da209ed8aa4ebf9284b7ce24b6b206 431e8a2df71c4c7692abf76d1a4da1bd - - default default] DELETE failed (client error): The resource could not be found.
2026-06-03 01:01:55.001 10 INFO neutron.wsgi [None req-d989b646-f147-46bf-87e9-7953c4b7df62 a3da209ed8aa4ebf9284b7ce24b6b206 431e8a2df71c4c7692abf76d1a4da1bd - - default default] 10.0.0.147 "DELETE /v2.0/networks/fac0e19b-9e5a-4d56-ad80-39fafaf493f4 HTTP/1.1" status: 404 len: 339 time: 0.0297015
2026-06-03 01:01:55.153 9 INFO neutron.wsgi [None req-3e796c99-8532-43e1-a5a7-d4293a822b12 a3da209ed8aa4ebf9284b7ce24b6b206 431e8a2df71c4c7692abf76d1a4da1bd - - default default] 10.0.0.147 "GET /v2.0/networks?router%3Aexternal=True HTTP/1.1" status: 200 len: 845 time: 0.1430433
2026-06-03 01:01:55.155 9 WARNING neutron.scheduler.dhcp_agent_scheduler [None req-41c1882c-c7ad-44a2-be73-b98cae5e3557 a4e26a8eccc84c0e99b9714950b6853e fba0f68591344b598979f4d03399f3c5 - - default default] No more DHCP agents
2026-06-03 01:01:55.157 9 WARNING neutron.api.rpc.agentnotifiers.dhcp_rpc_agent_api [None req-41c1882c-c7ad-44a2-be73-b98cae5e3557 a4e26a8eccc84c0e99b9714950b6853e fba0f68591344b598979f4d03399f3c5 - - default default] Unable to schedule network 591db22d-bc12-4ad9-8d87-ff5e4dd3d91b: no agents available; will retry on subsequent port and subnet creation events.
2026-06-03 01:01:55.224 10 WARNING neutron.plugins.ml2.drivers.ovn.mech_driver.ovsdb.ovn_client [None req-bf352f2c-453a-4c5c-b334-3aa067612f32 - - - - - -] No port found with ID b78f7abe-f028-4086-8cdd-5b322e6a3012: RuntimeError: No port found with ID b78f7abe-f028-4086-8cdd-5b322e6a3012
2026-06-03 01:01:55.224 10 INFO neutron.plugins.ml2.drivers.ovn.mech_driver.mech_driver [None req-bf352f2c-453a-4c5c-b334-3aa067612f32 - - - - - -] OVN reports status up for port: 964381c6-d448-47a5-9453-886b70306ecd
2026-06-03 01:01:55.226 9 INFO neutron.wsgi [None req-9188be1f-be6c-468e-a984-5ef32cd2adcd a3da209ed8aa4ebf9284b7ce24b6b206 431e8a2df71c4c7692abf76d1a4da1bd - - default default] 10.0.0.147 "GET /v2.0/subnets?network_id=9750bfc4-d3f9-417e-855f-d6a046f2fe34 HTTP/1.1" status: 200 len: 820 time: 0.0671501
2026-06-03 01:01:55.239 9 INFO neutron.wsgi [None req-944b63c8-b61b-437e-a9e3-60953126ac98 a3da209ed8aa4ebf9284b7ce24b6b206 431e8a2df71c4c7692abf76d1a4da1bd - - default default] 10.0.0.147 "GET /v2.0/extensions HTTP/1.1" status: 200 len: 16975 time: 0.0061662
2026-06-03 01:01:55.239 10 INFO neutron.plugins.ml2.plugin [None req-bf352f2c-453a-4c5c-b334-3aa067612f32 - - - - - -] Attempt 1 to provision port 964381c6-d448-47a5-9453-886b70306ecd
2026-06-03 01:01:55.304 9 INFO neutron.db.ovn_revision_numbers_db [None req-41c1882c-c7ad-44a2-be73-b98cae5e3557 a4e26a8eccc84c0e99b9714950b6853e fba0f68591344b598979f4d03399f3c5 - - default default] Successfully bumped revision number for resource dda3d034-7d1e-41f5-9ead-2ce003058f17 (type: ports) to 1
2026-06-03 01:01:55.358 9 INFO neutron.wsgi [None req-41c1882c-c7ad-44a2-be73-b98cae5e3557 a4e26a8eccc84c0e99b9714950b6853e fba0f68591344b598979f4d03399f3c5 - - default default] 10.0.0.147 "POST /v2.0/networks HTTP/1.1" status: 201 len: 836 time: 0.9361153
2026-06-03 01:01:55.370 9 WARNING neutron_lib.context [None req-6b39f862-66d1-47ee-b894-469ca7d6c464 a4e26a8eccc84c0e99b9714950b6853e fba0f68591344b598979f4d03399f3c5 - - default default] Method 'is_advsvc' is deprecated since 2023.2 release (neutron-lib 3.8.0) and will be removed once support for the old RBAC API policies will be removed from Neutron. Please use method 'is_service_role' instead.
2026-06-03 01:01:55.379 9 INFO neutron.wsgi [None req-b9f1c781-f706-41cf-ae49-3269547195eb a3da209ed8aa4ebf9284b7ce24b6b206 431e8a2df71c4c7692abf76d1a4da1bd - - default default] 10.0.0.147 "GET /v2.0/networks HTTP/1.1" status: 200 len: 1508 time: 0.1321120
2026-06-03 01:01:55.408 10 INFO neutron.notifiers.nova [-] Nova event matching ['req-6db63e83-abb0-4ed4-b4cc-6d53fcb73037'] response: {'server_uuid': '9c6dbc8e-be4a-416b-82c4-210bce2036b8', 'name': 'network-vif-plugged', 'status': 'completed', 'tag': '964381c6-d448-47a5-9453-886b70306ecd', 'code': 200}
2026-06-03 01:01:55.473 9 INFO neutron.wsgi [None req-8802302c-7f2d-4699-91fe-506b772187cf a3da209ed8aa4ebf9284b7ce24b6b206 431e8a2df71c4c7692abf76d1a4da1bd - - default default] 10.0.0.147 "GET /v2.0/subnets HTTP/1.1" status: 200 len: 1460 time: 0.0840647
2026-06-03 01:01:55.554 10 INFO neutron.wsgi [req-857ece89-0bd8-43ee-9433-a6bae63c619b req-2eb79adc-89d4-49b7-90fd-a8e23e974ace 1c21e9eae913430cad60c23e6e003afb d4c8a4330faf44a887d0875ec4e99a03 - - default default] 10.0.0.125 "GET /v2.0/ports?device_id=9c6dbc8e-be4a-416b-82c4-210bce2036b8 HTTP/1.1" status: 200 len: 1174 time: 0.0687664
2026-06-03 01:01:55.643 10 INFO neutron.wsgi [req-857ece89-0bd8-43ee-9433-a6bae63c619b req-3d634539-07c3-476a-a41f-b669d7a185c0 1c21e9eae913430cad60c23e6e003afb d4c8a4330faf44a887d0875ec4e99a03 - - default default] 10.0.0.125 "GET /v2.0/security-groups?id=c9278984-b32d-4a45-88cb-bcbcf6c1d77e&fields=id&fields=name HTTP/1.1" status: 200 len: 312 time: 0.0764170
2026-06-03 01:01:55.697 10 INFO neutron.db.ovn_revision_numbers_db [None req-1e765271-5ad2-4a2a-a6b5-966dac44dab7 f01b19d573db4e609ae8edc4739a73fb 54ae06235bee4cb2979f196ba2e7d485 - - default default] Successfully bumped revision number for resource bc629c0f-7ae2-4e0a-9724-70081b685dc1 (type: ports) to 2
2026-06-03 01:01:55.708 10 INFO neutron.db.ovn_revision_numbers_db [None req-bf352f2c-453a-4c5c-b334-3aa067612f32 - - - - - -] Successfully bumped revision number for resource 964381c6-d448-47a5-9453-886b70306ecd (type: ports) to 4
2026-06-03 01:01:55.759 10 INFO neutron.db.ovn_revision_numbers_db [None req-1e765271-5ad2-4a2a-a6b5-966dac44dab7 f01b19d573db4e609ae8edc4739a73fb 54ae06235bee4cb2979f196ba2e7d485 - - default default] Successfully bumped revision number for resource 8c72aea7-7e9b-4a0d-be2d-a9fa4ac4e870 (type: subnets) to 0
2026-06-03 01:01:55.786 10 INFO neutron.wsgi [None req-1e765271-5ad2-4a2a-a6b5-966dac44dab7 f01b19d573db4e609ae8edc4739a73fb 54ae06235bee4cb2979f196ba2e7d485 - - default default] 10.0.0.147 "POST /v2.0/subnets HTTP/1.1" status: 201 len: 801 time: 1.1495113 /var/lib/openstack/lib/python3.10/site-packages/pycadf/identifier.py:71: UserWarning: Invalid uuid: neutron. To ensure interoperability, identifiers should be a valid uuid. warnings.warn(('Invalid uuid: %s. To ensure interoperability, '
2026-06-03 01:01:55.799 10 WARNING neutron_lib.context [None req-22136ba1-4f9c-470e-a3b3-b03209968c90 f01b19d573db4e609ae8edc4739a73fb 54ae06235bee4cb2979f196ba2e7d485 - - default default] Method 'is_advsvc' is deprecated since 2023.2 release (neutron-lib 3.8.0) and will be removed once support for the old RBAC API policies will be removed from Neutron. Please use method 'is_service_role' instead.
2026-06-03 01:01:55.936 9 INFO neutron.services.segments.plugin [-] Segment 2099cd77-205b-44db-a403-d785a5a924f7 resource provider aggregate not found
2026-06-03 01:01:55.955 9 INFO neutron.services.segments.plugin [-] Segment 2099cd77-205b-44db-a403-d785a5a924f7 resource provider aggregate not found
2026-06-03 01:01:55.971 9 INFO neutron.services.segments.plugin [-] Segment 2099cd77-205b-44db-a403-d785a5a924f7 resource provider not found; error: Placement Client Error (4xx): {"errors": [{"status": 404, "title": "Not Found", "detail": "The resource could not be found.\n\n No resource provider with uuid 2099cd77-205b-44db-a403-d785a5a924f7 found for delete ", "request_id": "req-a1e33d0f-b8e7-4074-b038-395d113ca932"}]}
2026-06-03 01:01:55.981 9 INFO neutron.services.segments.plugin [-] Segment 2099cd77-205b-44db-a403-d785a5a924f7 resource provider not found; error: Placement Client Error (4xx): {"errors": [{"status": 404, "title": "Not Found", "detail": "The resource could not be found.\n\n No resource provider with uuid 2099cd77-205b-44db-a403-d785a5a924f7 found for delete ", "request_id": "req-e0487fa0-c0b2-46ed-a831-54640e60baec"}]}
2026-06-03 01:01:55.999 9 INFO neutron.wsgi [None req-3aec5bfa-ff98-4fe6-b274-d5dc12d3f9e0 a3da209ed8aa4ebf9284b7ce24b6b206 431e8a2df71c4c7692abf76d1a4da1bd - - default default] 10.0.0.147 "GET /v2.0/networks/685e7975-fa84-4e8c-93e0-f7ce5304a0f5 HTTP/1.1" status: 200 len: 867 time: 0.5093558
2026-06-03 01:01:56.059 9 INFO neutron.wsgi [None req-d4101408-a9d7-4741-a763-22e1fa09adb4 a3da209ed8aa4ebf9284b7ce24b6b206 431e8a2df71c4c7692abf76d1a4da1bd - - default default] 10.0.0.147 "GET /v2.0/subnets/90ff50ce-2b66-4c67-aa2e-5349342cbe31 HTTP/1.1" status: 200 len: 843 time: 0.0526361
2026-06-03 01:01:56.107 9 INFO neutron.pecan_wsgi.hooks.translation [None req-b745c025-a29a-4f55-ab66-8f9ab499ef2d a3da209ed8aa4ebf9284b7ce24b6b206 431e8a2df71c4c7692abf76d1a4da1bd - - default default] DELETE failed (client error): The resource could not be found.
2026-06-03 01:01:56.110 9 INFO neutron.wsgi [None req-b745c025-a29a-4f55-ab66-8f9ab499ef2d a3da209ed8aa4ebf9284b7ce24b6b206 431e8a2df71c4c7692abf76d1a4da1bd - - default default] 10.0.0.147 "DELETE /v2.0/subnets/0939c2d2-9998-46dc-b802-dcecfda7276b HTTP/1.1" status: 404 len: 337 time: 0.0451677
2026-06-03 01:01:56.136 9 INFO neutron.pecan_wsgi.hooks.translation [None req-1d59f4d6-0f02-4d98-b85a-d0830c62b269 a3da209ed8aa4ebf9284b7ce24b6b206 431e8a2df71c4c7692abf76d1a4da1bd - - default default] DELETE failed (client error): The resource could not be found.
2026-06-03 01:01:56.139 9 INFO neutron.wsgi [None req-1d59f4d6-0f02-4d98-b85a-d0830c62b269 a3da209ed8aa4ebf9284b7ce24b6b206 431e8a2df71c4c7692abf76d1a4da1bd - - default default] 10.0.0.147 "DELETE /v2.0/networks/fac0e19b-9e5a-4d56-ad80-39fafaf493f4 HTTP/1.1" status: 404 len: 339 time: 0.0238159
2026-06-03 01:01:56.244 9 WARNING neutron.scheduler.dhcp_agent_scheduler [None req-6b39f862-66d1-47ee-b894-469ca7d6c464 a4e26a8eccc84c0e99b9714950b6853e fba0f68591344b598979f4d03399f3c5 - - default default] No more DHCP agents
2026-06-03 01:01:56.248 9 WARNING neutron.api.rpc.agentnotifiers.dhcp_rpc_agent_api [None req-6b39f862-66d1-47ee-b894-469ca7d6c464 a4e26a8eccc84c0e99b9714950b6853e fba0f68591344b598979f4d03399f3c5 - - default default] Unable to schedule network 591db22d-bc12-4ad9-8d87-ff5e4dd3d91b: no agents available; will retry on subsequent port and subnet creation events.
2026-06-03 01:01:56.330 10 INFO neutron.db.ovn_revision_numbers_db [None req-22136ba1-4f9c-470e-a3b3-b03209968c90 f01b19d573db4e609ae8edc4739a73fb 54ae06235bee4cb2979f196ba2e7d485 - - default default] Successfully bumped revision number for resource 9a4ccfb1-3eab-422b-ae5b-e98957410d4e (type: routers) to 1
2026-06-03 01:01:56.346 10 INFO neutron.wsgi [None req-22136ba1-4f9c-470e-a3b3-b03209968c90 f01b19d573db4e609ae8edc4739a73fb 54ae06235bee4cb2979f196ba2e7d485 - - default default] 10.0.0.147 "POST /v2.0/routers HTTP/1.1" status: 201 len: 685 time: 0.5520191
2026-06-03 01:01:56.358 10 WARNING neutron_lib.context [None req-da0b414b-3081-4230-bade-c50239323aab f01b19d573db4e609ae8edc4739a73fb 54ae06235bee4cb2979f196ba2e7d485 - - default default] Method 'is_advsvc' is deprecated since 2023.2 release (neutron-lib 3.8.0) and will be removed once support for the old RBAC API policies will be removed from Neutron. Please use method 'is_service_role' instead.
2026-06-03 01:01:56.475 9 INFO neutron.wsgi [None req-86df5130-7cf7-4514-9130-e8d46e57bfac a3da209ed8aa4ebf9284b7ce24b6b206 431e8a2df71c4c7692abf76d1a4da1bd - - default default] 10.0.0.147 "DELETE /v2.0/subnets/90ff50ce-2b66-4c67-aa2e-5349342cbe31 HTTP/1.1" status: 204 len: 168 time: 0.3308392
2026-06-03 01:01:56.503 9 INFO neutron.wsgi [-] 10.0.0.209 "GET / HTTP/1.1" status: 200 len: 247 time: 0.0084941
2026-06-03 01:01:56.505 9 INFO neutron.wsgi [-] 10.0.0.209 "GET / HTTP/1.1" status: 200 len: 247 time: 0.0017736
2026-06-03 01:01:56.776 10 INFO neutron.wsgi [req-54a29aab-7ca1-46e0-a0de-19c14d4895e1 req-e951646e-4c7e-4883-a3b7-4feb16b700f5 1c21e9eae913430cad60c23e6e003afb d4c8a4330faf44a887d0875ec4e99a03 - - default default] 10.0.0.125 "GET /v2.0/ports?device_id=9c6dbc8e-be4a-416b-82c4-210bce2036b8 HTTP/1.1" status: 200 len: 1174 time: 0.0575335 /var/lib/openstack/lib/python3.10/site-packages/pycadf/identifier.py:71: UserWarning: Invalid uuid: neutron. To ensure interoperability, identifiers should be a valid uuid. warnings.warn(('Invalid uuid: %s. To ensure interoperability, '
2026-06-03 01:01:56.852 10 WARNING neutron.scheduler.dhcp_agent_scheduler [None req-da0b414b-3081-4230-bade-c50239323aab f01b19d573db4e609ae8edc4739a73fb 54ae06235bee4cb2979f196ba2e7d485 - - default default] No more DHCP agents
2026-06-03 01:01:56.855 9 INFO neutron.db.ovn_revision_numbers_db [None req-6b39f862-66d1-47ee-b894-469ca7d6c464 a4e26a8eccc84c0e99b9714950b6853e fba0f68591344b598979f4d03399f3c5 - - default default] Successfully bumped revision number for resource dda3d034-7d1e-41f5-9ead-2ce003058f17 (type: ports) to 2
2026-06-03 01:01:56.859 10 WARNING neutron.api.rpc.agentnotifiers.dhcp_rpc_agent_api [None req-da0b414b-3081-4230-bade-c50239323aab f01b19d573db4e609ae8edc4739a73fb 54ae06235bee4cb2979f196ba2e7d485 - - default default] Unable to schedule network 57f3d6e5-6a36-49e3-847b-3c90a35a2cba: no agents available; will retry on subsequent port and subnet creation events.
2026-06-03 01:01:56.898 10 INFO neutron.wsgi [req-54a29aab-7ca1-46e0-a0de-19c14d4895e1 req-9fd5ed78-618e-4d3d-a6e4-9550343e7c04 1c21e9eae913430cad60c23e6e003afb d4c8a4330faf44a887d0875ec4e99a03 - - default default] 10.0.0.125 "GET /v2.0/security-groups?id=c9278984-b32d-4a45-88cb-bcbcf6c1d77e&fields=id&fields=name HTTP/1.1" status: 200 len: 312 time: 0.1096447
2026-06-03 01:01:56.902 9 INFO neutron.db.ovn_revision_numbers_db [None req-6b39f862-66d1-47ee-b894-469ca7d6c464 a4e26a8eccc84c0e99b9714950b6853e fba0f68591344b598979f4d03399f3c5 - - default default] Successfully bumped revision number for resource 7cd527df-9d4d-4969-bf10-555fcbaf1d8b (type: subnets) to 0
2026-06-03 01:01:56.920 9 INFO neutron.wsgi [None req-6b39f862-66d1-47ee-b894-469ca7d6c464 a4e26a8eccc84c0e99b9714950b6853e fba0f68591344b598979f4d03399f3c5 - - default default] 10.0.0.147 "POST /v2.0/subnets HTTP/1.1" status: 201 len: 831 time: 1.5543492
2026-06-03 01:01:56.931 9 WARNING neutron_lib.context [None req-e69ccdaf-5634-42d6-8b80-b1b9e4e13c9f a4e26a8eccc84c0e99b9714950b6853e fba0f68591344b598979f4d03399f3c5 - - default default] Method 'is_advsvc' is deprecated since 2023.2 release (neutron-lib 3.8.0) and will be removed once support for the old RBAC API policies will be removed from Neutron. Please use method 'is_service_role' instead. /var/lib/openstack/lib/python3.10/site-packages/pycadf/identifier.py:71: UserWarning: Invalid uuid: neutron. To ensure interoperability, identifiers should be a valid uuid. warnings.warn(('Invalid uuid: %s. To ensure interoperability, '
2026-06-03 01:01:57.173 9 WARNING neutron.scheduler.dhcp_agent_scheduler [None req-e69ccdaf-5634-42d6-8b80-b1b9e4e13c9f a4e26a8eccc84c0e99b9714950b6853e fba0f68591344b598979f4d03399f3c5 - - default default] No more DHCP agents
2026-06-03 01:01:57.174 10 INFO neutron.services.segments.plugin [-] Segment 4a055447-7feb-4706-b049-49cc25cceab5 resource provider aggregate not found
2026-06-03 01:01:57.177 9 WARNING neutron.api.rpc.agentnotifiers.dhcp_rpc_agent_api [None req-e69ccdaf-5634-42d6-8b80-b1b9e4e13c9f a4e26a8eccc84c0e99b9714950b6853e fba0f68591344b598979f4d03399f3c5 - - default default] Unable to schedule network 591db22d-bc12-4ad9-8d87-ff5e4dd3d91b: no agents available; will retry on subsequent port and subnet creation events.
2026-06-03 01:01:57.182 10 INFO neutron.services.segments.plugin [-] Segment 4a055447-7feb-4706-b049-49cc25cceab5 resource provider aggregate not found
2026-06-03 01:01:57.208 10 INFO neutron.services.segments.plugin [-] Segment 4a055447-7feb-4706-b049-49cc25cceab5 resource provider not found; error: Placement Client Error (4xx): {"errors": [{"status": 404, "title": "Not Found", "detail": "The resource could not be found.\n\n No resource provider with uuid 4a055447-7feb-4706-b049-49cc25cceab5 found for delete ", "request_id": "req-2d164030-275f-4ced-9d80-057fb4dd5fff"}]}
2026-06-03 01:01:57.209 10 INFO neutron.services.segments.plugin [-] Segment 4a055447-7feb-4706-b049-49cc25cceab5 resource provider not found; error: Placement Client Error (4xx): {"errors": [{"status": 404, "title": "Not Found", "detail": "The resource could not be found.\n\n No resource provider with uuid 4a055447-7feb-4706-b049-49cc25cceab5 found for delete ", "request_id": "req-85296f4e-a8c4-4197-b447-a3d77542ef36"}]}
2026-06-03 01:01:57.215 10 INFO neutron.wsgi [req-a46c5254-9e5e-46f6-9154-02e42e17f3cc req-deab3dfd-d47e-414a-aa90-bcc227ca05be 1c21e9eae913430cad60c23e6e003afb d4c8a4330faf44a887d0875ec4e99a03 - - default default] 10.0.0.125 "GET /v2.0/ports?device_id=9c6dbc8e-be4a-416b-82c4-210bce2036b8 HTTP/1.1" status: 200 len: 1174 time: 0.2415681
2026-06-03 01:01:57.222 9 INFO neutron.db.ovn_revision_numbers_db [None req-e69ccdaf-5634-42d6-8b80-b1b9e4e13c9f a4e26a8eccc84c0e99b9714950b6853e fba0f68591344b598979f4d03399f3c5 - - default default] Successfully bumped revision number for resource 240d6df0-674c-46ba-9876-93a03e425060 (type: subnets) to 0
2026-06-03 01:01:57.258 9 INFO neutron.wsgi [None req-e69ccdaf-5634-42d6-8b80-b1b9e4e13c9f a4e26a8eccc84c0e99b9714950b6853e fba0f68591344b598979f4d03399f3c5 - - default default] 10.0.0.147 "POST /v2.0/subnets HTTP/1.1" status: 201 len: 900 time: 0.3333917
2026-06-03 01:01:57.271 10 INFO neutron.wsgi [None req-89c51b74-958d-4b1f-ac39-848552cb82b4 a3da209ed8aa4ebf9284b7ce24b6b206 431e8a2df71c4c7692abf76d1a4da1bd - - default default] 10.0.0.147 "DELETE /v2.0/networks/685e7975-fa84-4e8c-93e0-f7ce5304a0f5 HTTP/1.1" status: 204 len: 168 time: 0.7912540
2026-06-03 01:01:57.273 9 WARNING neutron_lib.context [None req-9182f6d2-2531-4015-b76a-c910a17b306f a4e26a8eccc84c0e99b9714950b6853e fba0f68591344b598979f4d03399f3c5 - - default default] Method 'is_advsvc' is deprecated since 2023.2 release (neutron-lib 3.8.0) and will be removed once support for the old RBAC API policies will be removed from Neutron. Please use method 'is_service_role' instead.
2026-06-03 01:01:57.273 10 INFO neutron.db.ovn_revision_numbers_db [None req-da0b414b-3081-4230-bade-c50239323aab f01b19d573db4e609ae8edc4739a73fb 54ae06235bee4cb2979f196ba2e7d485 - - default default] Successfully bumped revision number for resource b91938ce-ed91-4c77-8b10-8adcac253741 (type: ports) to 1
2026-06-03 01:01:57.311 10 INFO neutron.wsgi [None req-da0b414b-3081-4230-bade-c50239323aab f01b19d573db4e609ae8edc4739a73fb 54ae06235bee4cb2979f196ba2e7d485 - - default default] 10.0.0.147 "POST /v2.0/ports HTTP/1.1" status: 201 len: 1147 time: 0.9583998
2026-06-03 01:01:57.419 9 INFO neutron.db.segments_db [None req-9182f6d2-2531-4015-b76a-c910a17b306f a4e26a8eccc84c0e99b9714950b6853e fba0f68591344b598979f4d03399f3c5 - - default default] Added segment 55895fb3-19b2-4e64-b1c6-e0e919e27e23 of type geneve for network 30446712-b575-455f-b856-89a97031c87b
2026-06-03 01:01:57.471 10 INFO neutron.notifiers.nova [-] Nova event matching ['req-42adecd2-c0a5-4687-ac10-4c82fde88e83'] response: {'server_uuid': '9c6dbc8e-be4a-416b-82c4-210bce2036b8', 'name': 'network-vif-plugged', 'status': 'completed', 'tag': '964381c6-d448-47a5-9453-886b70306ecd', 'code': 200}
2026-06-03 01:01:57.570 9 INFO neutron.db.l3_db [None req-d44584b1-fe1e-4410-b9b5-48c37a62bada 1c21e9eae913430cad60c23e6e003afb d4c8a4330faf44a887d0875ec4e99a03 - - default default] Floating IP 9671eb53-77d8-4c9f-ac61-ff072357bae6 associated. External IP: 10.96.250.212, port: 964381c6-d448-47a5-9453-886b70306ecd.
2026-06-03 01:01:57.651 9 INFO neutron.db.ovn_revision_numbers_db [None req-9182f6d2-2531-4015-b76a-c910a17b306f a4e26a8eccc84c0e99b9714950b6853e fba0f68591344b598979f4d03399f3c5 - - default default] Successfully bumped revision number for resource 30446712-b575-455f-b856-89a97031c87b (type: networks) to 1
2026-06-03 01:01:57.824 9 INFO neutron.plugins.ml2.drivers.ovn.mech_driver.mech_driver [None req-2eeaa632-5493-44e3-a71c-72f4eb284b18 - - - - - -] OVN reports status up for port: b91938ce-ed91-4c77-8b10-8adcac253741
2026-06-03 01:01:57.837 10 INFO neutron.db.ovn_revision_numbers_db [None req-2ef52144-8938-40cd-8689-c5e3e01876c9 f01b19d573db4e609ae8edc4739a73fb 54ae06235bee4cb2979f196ba2e7d485 - - default default] Successfully bumped revision number for resource b91938ce-ed91-4c77-8b10-8adcac253741 (type: router_ports) to 2
2026-06-03 01:01:57.851 9 INFO neutron.plugins.ml2.plugin [None req-2eeaa632-5493-44e3-a71c-72f4eb284b18 - - - - - -] Attempt 1 to provision port b91938ce-ed91-4c77-8b10-8adcac253741
2026-06-03 01:01:57.990 9 WARNING neutron.scheduler.dhcp_agent_scheduler [None req-9182f6d2-2531-4015-b76a-c910a17b306f a4e26a8eccc84c0e99b9714950b6853e fba0f68591344b598979f4d03399f3c5 - - default default] No more DHCP agents
2026-06-03 01:01:57.999 9 INFO neutron.db.ovn_revision_numbers_db [None req-d44584b1-fe1e-4410-b9b5-48c37a62bada 1c21e9eae913430cad60c23e6e003afb d4c8a4330faf44a887d0875ec4e99a03 - - default default] Successfully bumped revision number for resource 9671eb53-77d8-4c9f-ac61-ff072357bae6 (type: floatingips) to 1
2026-06-03 01:01:58.003 9 WARNING neutron.api.rpc.agentnotifiers.dhcp_rpc_agent_api [None req-9182f6d2-2531-4015-b76a-c910a17b306f a4e26a8eccc84c0e99b9714950b6853e fba0f68591344b598979f4d03399f3c5 - - default default] Unable to schedule network 30446712-b575-455f-b856-89a97031c87b: no agents available; will retry on subsequent port and subnet creation events.
2026-06-03 01:01:58.117 10 INFO neutron.db.ovn_revision_numbers_db [None req-2ef52144-8938-40cd-8689-c5e3e01876c9 f01b19d573db4e609ae8edc4739a73fb 54ae06235bee4cb2979f196ba2e7d485 - - default default] Successfully bumped revision number for resource b91938ce-ed91-4c77-8b10-8adcac253741 (type: ports) to 2
2026-06-03 01:01:58.200 9 INFO neutron.wsgi [None req-ae759a75-f431-405f-964d-8b7e74994c83 a607a8cc56ee4a918facbb451c0e3831 16b608c7e5a0466292a36f2607bd47a5 - - default default] 10.0.0.147 "GET /v2.0/security-groups?tenant_id=431e8a2df71c4c7692abf76d1a4da1bd&name=default HTTP/1.1" status: 200 len: 2996 time: 0.2602148 /var/lib/openstack/lib/python3.10/site-packages/pycadf/identifier.py:71: UserWarning: Invalid uuid: neutron. To ensure interoperability, identifiers should be a valid uuid. warnings.warn(('Invalid uuid: %s. To ensure interoperability, '
2026-06-03 01:01:58.250 9 INFO neutron.db.ovn_revision_numbers_db [None req-9182f6d2-2531-4015-b76a-c910a17b306f a4e26a8eccc84c0e99b9714950b6853e fba0f68591344b598979f4d03399f3c5 - - default default] Successfully bumped revision number for resource 14ca3cf1-470d-4bd3-9c70-e09e192de5fe (type: ports) to 1
2026-06-03 01:01:58.259 9 INFO neutron.db.ovn_revision_numbers_db [None req-d44584b1-fe1e-4410-b9b5-48c37a62bada 1c21e9eae913430cad60c23e6e003afb d4c8a4330faf44a887d0875ec4e99a03 - - default default] Successfully bumped revision number for resource 9671eb53-77d8-4c9f-ac61-ff072357bae6 (type: floatingips) to 2
2026-06-03 01:01:58.312 9 INFO neutron.wsgi [None req-d44584b1-fe1e-4410-b9b5-48c37a62bada 1c21e9eae913430cad60c23e6e003afb d4c8a4330faf44a887d0875ec4e99a03 - - default default] 10.0.0.147 "PUT /v2.0/floatingips/9671eb53-77d8-4c9f-ac61-ff072357bae6 HTTP/1.1" status: 200 len: 1050 time: 1.0846350
2026-06-03 01:01:58.323 9 INFO neutron.wsgi [None req-9182f6d2-2531-4015-b76a-c910a17b306f a4e26a8eccc84c0e99b9714950b6853e fba0f68591344b598979f4d03399f3c5 - - default default] 10.0.0.147 "POST /v2.0/networks HTTP/1.1" status: 201 len: 836 time: 1.0564599
2026-06-03 01:01:58.339 9 WARNING neutron_lib.context [None req-a9ae0412-2a46-4c0d-825a-063613d791d6 a4e26a8eccc84c0e99b9714950b6853e fba0f68591344b598979f4d03399f3c5 - - default default] Method 'is_advsvc' is deprecated since 2023.2 release (neutron-lib 3.8.0) and will be removed once support for the old RBAC API policies will be removed from Neutron. Please use method 'is_service_role' instead.
2026-06-03 01:01:58.362 9 INFO neutron.notifiers.nova [-] Nova event matching ['req-412de9a7-103e-4114-b4be-0cfd7e0f890d'] response: {'name': 'network-changed', 'server_uuid': '9c6dbc8e-be4a-416b-82c4-210bce2036b8', 'tag': '964381c6-d448-47a5-9453-886b70306ecd', 'status': 'completed', 'code': 200}
2026-06-03 01:01:58.467 10 INFO neutron.wsgi [req-657bca41-6b82-4e93-a58e-b2a85f59dc2f req-93dd040e-e596-4c3d-8de6-2ccd500821b4 e4f9f50b079d4b2fa968f05ba0d51db1 f1cfac412872484cb275d703c4221d42 - - 03dce30708164263aa0c6e51f940dfa2 03dce30708164263aa0c6e51f940dfa2] 199.204.45.229 "GET /v2.0/ports?tenant_id=d4c8a4330faf44a887d0875ec4e99a03&device_id=9c6dbc8e-be4a-416b-82c4-210bce2036b8 HTTP/1.1" status: 200 len: 1413 time: 0.0809054
2026-06-03 01:01:58.541 9 INFO neutron.db.ovn_revision_numbers_db [None req-2eeaa632-5493-44e3-a71c-72f4eb284b18 - - - - - -] Successfully bumped revision number for resource b91938ce-ed91-4c77-8b10-8adcac253741 (type: ports) to 3
2026-06-03 01:01:58.609 10 INFO neutron.wsgi [req-657bca41-6b82-4e93-a58e-b2a85f59dc2f req-297455b4-f338-48e4-9a87-6a8ec03072dc e4f9f50b079d4b2fa968f05ba0d51db1 f1cfac412872484cb275d703c4221d42 - - 03dce30708164263aa0c6e51f940dfa2 03dce30708164263aa0c6e51f940dfa2] 199.204.45.229 "GET /v2.0/networks?id=964b7241-df2c-4bd7-a13f-47e372bf12cd HTTP/1.1" status: 200 len: 974 time: 0.1343038
2026-06-03 01:01:58.690 9 INFO neutron.db.ovn_revision_numbers_db [None req-2eeaa632-5493-44e3-a71c-72f4eb284b18 - - - - - -] Successfully bumped revision number for resource b91938ce-ed91-4c77-8b10-8adcac253741 (type: router_ports) to 3
2026-06-03 01:01:58.721 10 INFO neutron.wsgi [req-657bca41-6b82-4e93-a58e-b2a85f59dc2f req-67bcd0c6-2145-410e-80d7-b2e8d82a37e1 e4f9f50b079d4b2fa968f05ba0d51db1 f1cfac412872484cb275d703c4221d42 - - 03dce30708164263aa0c6e51f940dfa2 03dce30708164263aa0c6e51f940dfa2] 199.204.45.229 "GET /v2.0/floatingips?fixed_ip_address=10.100.0.11&port_id=964381c6-d448-47a5-9453-886b70306ecd HTTP/1.1" status: 200 len: 1060 time: 0.0998468
2026-06-03 01:01:58.775 10 INFO neutron.wsgi [None req-9f4fef28-9279-44f7-94d1-d58e5649e19f a607a8cc56ee4a918facbb451c0e3831 16b608c7e5a0466292a36f2607bd47a5 - - default default] 10.0.0.147 "DELETE /v2.0/security-groups/e6023c01-c5be-4a4b-8074-009a7a042f53 HTTP/1.1" status: 204 len: 168 time: 0.5694909
2026-06-03 01:01:58.781 10 INFO neutron.wsgi [req-657bca41-6b82-4e93-a58e-b2a85f59dc2f req-40c5b89c-99a9-4d83-96ac-c8326188b58a e4f9f50b079d4b2fa968f05ba0d51db1 f1cfac412872484cb275d703c4221d42 - - 03dce30708164263aa0c6e51f940dfa2 03dce30708164263aa0c6e51f940dfa2] 199.204.45.229 "GET /v2.0/subnets?id=a1246b6e-7e33-43d3-94a9-525ffba62298 HTTP/1.1" status: 200 len: 869 time: 0.0536249
2026-06-03 01:01:58.831 9 WARNING neutron.scheduler.dhcp_agent_scheduler [None req-a9ae0412-2a46-4c0d-825a-063613d791d6 a4e26a8eccc84c0e99b9714950b6853e fba0f68591344b598979f4d03399f3c5 - - default default] No more DHCP agents
2026-06-03 01:01:58.837 10 INFO neutron.wsgi [req-657bca41-6b82-4e93-a58e-b2a85f59dc2f req-f17a4a0e-5a44-4f29-b4a5-fc912c60e379 e4f9f50b079d4b2fa968f05ba0d51db1 f1cfac412872484cb275d703c4221d42 - - 03dce30708164263aa0c6e51f940dfa2 03dce30708164263aa0c6e51f940dfa2] 199.204.45.229 "GET /v2.0/ports?network_id=964b7241-df2c-4bd7-a13f-47e372bf12cd&device_owner=network%3Adhcp HTTP/1.1" status: 200 len: 210 time: 0.0497031
2026-06-03 01:01:58.839 9 WARNING neutron.api.rpc.agentnotifiers.dhcp_rpc_agent_api [None req-a9ae0412-2a46-4c0d-825a-063613d791d6 a4e26a8eccc84c0e99b9714950b6853e fba0f68591344b598979f4d03399f3c5 - - default default] Unable to schedule network 30446712-b575-455f-b856-89a97031c87b: no agents available; will retry on subsequent port and subnet creation events. /var/lib/openstack/lib/python3.10/site-packages/pycadf/identifier.py:71: UserWarning: Invalid uuid: neutron. To ensure interoperability, identifiers should be a valid uuid. warnings.warn(('Invalid uuid: %s. To ensure interoperability, '
2026-06-03 01:01:58.932 10 INFO neutron.wsgi [req-657bca41-6b82-4e93-a58e-b2a85f59dc2f req-1b250b0b-44fb-4f5b-975e-484be5d0d50f e4f9f50b079d4b2fa968f05ba0d51db1 f1cfac412872484cb275d703c4221d42 - - 03dce30708164263aa0c6e51f940dfa2 03dce30708164263aa0c6e51f940dfa2] 199.204.45.229 "GET /v2.0/networks/964b7241-df2c-4bd7-a13f-47e372bf12cd?fields=segments HTTP/1.1" status: 200 len: 212 time: 0.0864682
2026-06-03 01:01:59.027 10 INFO neutron.wsgi [req-657bca41-6b82-4e93-a58e-b2a85f59dc2f req-eabba33f-2011-49b1-88a2-c77c6f6f818a e4f9f50b079d4b2fa968f05ba0d51db1 f1cfac412872484cb275d703c4221d42 - - 03dce30708164263aa0c6e51f940dfa2 03dce30708164263aa0c6e51f940dfa2] 199.204.45.229 "GET /v2.0/networks/964b7241-df2c-4bd7-a13f-47e372bf12cd?fields=provider%3Aphysical_network&fields=provider%3Anetwork_type HTTP/1.1" status: 200 len: 277 time: 0.0873747
2026-06-03 01:01:59.081 10 INFO neutron.db.ovn_revision_numbers_db [None req-2ef52144-8938-40cd-8689-c5e3e01876c9 f01b19d573db4e609ae8edc4739a73fb 54ae06235bee4cb2979f196ba2e7d485 - - default default] Successfully bumped revision number for resource b91938ce-ed91-4c77-8b10-8adcac253741 (type: ports) to 3
2026-06-03 01:01:59.163 10 WARNING neutron.scheduler.dhcp_agent_scheduler [None req-2ef52144-8938-40cd-8689-c5e3e01876c9 f01b19d573db4e609ae8edc4739a73fb 54ae06235bee4cb2979f196ba2e7d485 - - default default] No more DHCP agents
2026-06-03 01:01:59.165 10 WARNING neutron.api.rpc.agentnotifiers.dhcp_rpc_agent_api [None req-2ef52144-8938-40cd-8689-c5e3e01876c9 f01b19d573db4e609ae8edc4739a73fb 54ae06235bee4cb2979f196ba2e7d485 - - default default] Unable to schedule network 57f3d6e5-6a36-49e3-847b-3c90a35a2cba: no agents available; will retry on subsequent port and subnet creation events.
2026-06-03 01:01:59.323 10 INFO neutron.db.ovn_revision_numbers_db [None req-2ef52144-8938-40cd-8689-c5e3e01876c9 f01b19d573db4e609ae8edc4739a73fb 54ae06235bee4cb2979f196ba2e7d485 - - default default] Successfully bumped revision number for resource b91938ce-ed91-4c77-8b10-8adcac253741 (type: router_ports) to 3
2026-06-03 01:01:59.326 10 INFO neutron.wsgi [None req-2ef52144-8938-40cd-8689-c5e3e01876c9 f01b19d573db4e609ae8edc4739a73fb 54ae06235bee4cb2979f196ba2e7d485 - - default default] 10.0.0.147 "PUT /v2.0/routers/9a4ccfb1-3eab-422b-ae5b-e98957410d4e/add_router_interface HTTP/1.1" status: 200 len: 503 time: 2.0040975
2026-06-03 01:01:59.371 10 INFO neutron.wsgi [None req-576b9673-8a45-4879-a8c3-0cbbb98daad6 f01b19d573db4e609ae8edc4739a73fb 54ae06235bee4cb2979f196ba2e7d485 - - default default] 10.0.0.147 "GET /v2.0/ports/b91938ce-ed91-4c77-8b10-8adcac253741 HTTP/1.1" status: 200 len: 1205 time: 0.0381453 /var/lib/openstack/lib/python3.10/site-packages/pycadf/identifier.py:71: UserWarning: Invalid uuid: neutron. To ensure interoperability, identifiers should be a valid uuid. warnings.warn(('Invalid uuid: %s. To ensure interoperability, '
2026-06-03 01:01:59.467 9 INFO neutron.db.ovn_revision_numbers_db [None req-a9ae0412-2a46-4c0d-825a-063613d791d6 a4e26a8eccc84c0e99b9714950b6853e fba0f68591344b598979f4d03399f3c5 - - default default] Successfully bumped revision number for resource 14ca3cf1-470d-4bd3-9c70-e09e192de5fe (type: ports) to 2
2026-06-03 01:01:59.573 9 INFO neutron.db.ovn_revision_numbers_db [None req-a9ae0412-2a46-4c0d-825a-063613d791d6 a4e26a8eccc84c0e99b9714950b6853e fba0f68591344b598979f4d03399f3c5 - - default default] Successfully bumped revision number for resource 09ff1623-a1a9-4019-855b-f193fac49bd3 (type: subnets) to 0
2026-06-03 01:01:59.612 9 INFO neutron.wsgi [None req-a9ae0412-2a46-4c0d-825a-063613d791d6 a4e26a8eccc84c0e99b9714950b6853e fba0f68591344b598979f4d03399f3c5 - - default default] 10.0.0.147 "POST /v2.0/subnets HTTP/1.1" status: 201 len: 830 time: 1.2800338
2026-06-03 01:01:59.631 10 WARNING neutron_lib.context [None req-844ab6c4-eed7-42f3-a221-a280f7886205 a4e26a8eccc84c0e99b9714950b6853e fba0f68591344b598979f4d03399f3c5 - - default default] Method 'is_advsvc' is deprecated since 2023.2 release (neutron-lib 3.8.0) and will be removed once support for the old RBAC API policies will be removed from Neutron. Please use method 'is_service_role' instead.
2026-06-03 01:02:00.016 10 WARNING neutron.scheduler.dhcp_agent_scheduler [None req-844ab6c4-eed7-42f3-a221-a280f7886205 a4e26a8eccc84c0e99b9714950b6853e fba0f68591344b598979f4d03399f3c5 - - default default] No more DHCP agents
2026-06-03 01:02:00.019 10 WARNING neutron.api.rpc.agentnotifiers.dhcp_rpc_agent_api [None req-844ab6c4-eed7-42f3-a221-a280f7886205 a4e26a8eccc84c0e99b9714950b6853e fba0f68591344b598979f4d03399f3c5 - - default default] Unable to schedule network 30446712-b575-455f-b856-89a97031c87b: no agents available; will retry on subsequent port and subnet creation events.
2026-06-03 01:02:00.052 10 INFO neutron.db.ovn_revision_numbers_db [None req-844ab6c4-eed7-42f3-a221-a280f7886205 a4e26a8eccc84c0e99b9714950b6853e fba0f68591344b598979f4d03399f3c5 - - default default] Successfully bumped revision number for resource a7f118d7-ca71-4467-90e5-94936060ebb0 (type: subnets) to 0
2026-06-03 01:02:00.071 10 INFO neutron.wsgi [None req-844ab6c4-eed7-42f3-a221-a280f7886205 a4e26a8eccc84c0e99b9714950b6853e fba0f68591344b598979f4d03399f3c5 - - default default] 10.0.0.147 "POST /v2.0/subnets HTTP/1.1" status: 201 len: 905 time: 0.4459231
2026-06-03 01:02:00.085 10 WARNING neutron_lib.context [None req-97e12db6-0ae2-4748-a597-b555f220eaa4 a4e26a8eccc84c0e99b9714950b6853e fba0f68591344b598979f4d03399f3c5 - - default default] Method 'is_advsvc' is deprecated since 2023.2 release (neutron-lib 3.8.0) and will be removed once support for the old RBAC API policies will be removed from Neutron. Please use method 'is_service_role' instead.
2026-06-03 01:02:00.556 9 INFO neutron.wsgi [None req-865fdc03-eaa5-47fc-b165-0f2eed774843 f01b19d573db4e609ae8edc4739a73fb 54ae06235bee4cb2979f196ba2e7d485 - - default default] 10.0.0.147 "PUT /v2.0/routers/9a4ccfb1-3eab-422b-ae5b-e98957410d4e/remove_router_interface HTTP/1.1" status: 200 len: 503 time: 1.1754720 /var/lib/openstack/lib/python3.10/site-packages/pycadf/identifier.py:71: UserWarning: Invalid uuid: neutron. To ensure interoperability, identifiers should be a valid uuid. warnings.warn(('Invalid uuid: %s. To ensure interoperability, '
2026-06-03 01:02:00.630 10 WARNING neutron.scheduler.dhcp_agent_scheduler [None req-97e12db6-0ae2-4748-a597-b555f220eaa4 a4e26a8eccc84c0e99b9714950b6853e fba0f68591344b598979f4d03399f3c5 - - default default] No more DHCP agents
2026-06-03 01:02:00.633 10 WARNING neutron.api.rpc.agentnotifiers.dhcp_rpc_agent_api [None req-97e12db6-0ae2-4748-a597-b555f220eaa4 a4e26a8eccc84c0e99b9714950b6853e fba0f68591344b598979f4d03399f3c5 - - default default] Unable to schedule network 9750bfc4-d3f9-417e-855f-d6a046f2fe34: no agents available; will retry on subsequent port and subnet creation events.
2026-06-03 01:02:00.639 9 INFO neutron.api.v2.resource [None req-63580837-a5fa-4ee6-bccc-01db7b5f8315 f01b19d573db4e609ae8edc4739a73fb 54ae06235bee4cb2979f196ba2e7d485 - - default default] remove_router_interface failed (client error): The resource could not be found.
2026-06-03 01:02:00.641 9 INFO neutron.wsgi [None req-63580837-a5fa-4ee6-bccc-01db7b5f8315 f01b19d573db4e609ae8edc4739a73fb 54ae06235bee4cb2979f196ba2e7d485 - - default default] 10.0.0.147 "PUT /v2.0/routers/9a4ccfb1-3eab-422b-ae5b-e98957410d4e/remove_router_interface HTTP/1.1" status: 404 len: 398 time: 0.0777063
2026-06-03 01:02:00.665 9 INFO neutron.wsgi [None req-744d315d-26a0-49d1-ba17-176bc46a429e f01b19d573db4e609ae8edc4739a73fb 54ae06235bee4cb2979f196ba2e7d485 - - default default] 10.0.0.147 "GET /v2.0/ports?device_id=9a4ccfb1-3eab-422b-ae5b-e98957410d4e HTTP/1.1" status: 200 len: 205 time: 0.0186367
2026-06-03 01:02:00.859 10 INFO neutron.db.ovn_revision_numbers_db [None req-97e12db6-0ae2-4748-a597-b555f220eaa4 a4e26a8eccc84c0e99b9714950b6853e fba0f68591344b598979f4d03399f3c5 - - default default] Successfully bumped revision number for resource 443b3dae-65d2-422a-a739-70c317ca18d2 (type: ports) to 1
2026-06-03 01:02:00.917 10 WARNING neutron_lib.context [None req-cdf61b9e-5347-44b7-a3d8-63105c7602c0 e36f6ec13f244854a1e27c5559afb183 a6f965e93bab4e5299ce8041132c96f6 - - default default] Method 'is_advsvc' is deprecated since 2023.2 release (neutron-lib 3.8.0) and will be removed once support for the old RBAC API policies will be removed from Neutron. Please use method 'is_service_role' instead.
2026-06-03 01:02:00.947 9 INFO neutron.wsgi [None req-1f7f707c-2bff-4d32-ba1d-14037f497e80 f01b19d573db4e609ae8edc4739a73fb 54ae06235bee4cb2979f196ba2e7d485 - - default default] 10.0.0.147 "DELETE /v2.0/routers/9a4ccfb1-3eab-422b-ae5b-e98957410d4e HTTP/1.1" status: 204 len: 168 time: 0.2769237
2026-06-03 01:02:01.193 9 INFO neutron.wsgi [None req-5c1ab1e3-9763-4306-ac38-ecc9817f056c f01b19d573db4e609ae8edc4739a73fb 54ae06235bee4cb2979f196ba2e7d485 - - default default] 10.0.0.147 "DELETE /v2.0/subnets/8c72aea7-7e9b-4a0d-be2d-a9fa4ac4e870 HTTP/1.1" status: 204 len: 168 time: 0.2366898
2026-06-03 01:02:01.528 10 INFO neutron.db.ovn_revision_numbers_db [None req-cdf61b9e-5347-44b7-a3d8-63105c7602c0 e36f6ec13f244854a1e27c5559afb183 a6f965e93bab4e5299ce8041132c96f6 - - default default] Successfully bumped revision number for resource b6eecfca-96b3-44cf-aad4-ab82f3a7ad99 (type: security_groups) to 1
2026-06-03 01:02:01.546 10 INFO neutron.db.ovn_revision_numbers_db [None req-cdf61b9e-5347-44b7-a3d8-63105c7602c0 e36f6ec13f244854a1e27c5559afb183 a6f965e93bab4e5299ce8041132c96f6 - - default default] Successfully bumped revision number for resource 078424fa-4c11-43ef-b63c-7ec760dc8ac4 (type: security_group_rules) to 0
2026-06-03 01:02:01.581 9 INFO neutron.services.segments.plugin [-] Segment 50be3b5c-3617-4176-b6f0-ed93a0326a37 resource provider aggregate not found
2026-06-03 01:02:01.597 9 INFO neutron.services.segments.plugin [-] Segment 50be3b5c-3617-4176-b6f0-ed93a0326a37 resource provider aggregate not found
2026-06-03 01:02:01.597 10 INFO neutron.db.ovn_revision_numbers_db [None req-cdf61b9e-5347-44b7-a3d8-63105c7602c0 e36f6ec13f244854a1e27c5559afb183 a6f965e93bab4e5299ce8041132c96f6 - - default default] Successfully bumped revision number for resource 158f3b25-5c55-4c4b-a1d6-7755b2990d7e (type: security_group_rules) to 0
2026-06-03 01:02:01.613 9 INFO neutron.services.segments.plugin [-] Segment 50be3b5c-3617-4176-b6f0-ed93a0326a37 resource provider not found; error: Placement Client Error (4xx): {"errors": [{"status": 404, "title": "Not Found", "detail": "The resource could not be found.\n\n No resource provider with uuid 50be3b5c-3617-4176-b6f0-ed93a0326a37 found for delete ", "request_id": "req-ce1e47e4-6e3d-4013-8480-c13519dd997a"}]}
2026-06-03 01:02:01.615 9 INFO neutron.services.segments.plugin [-] Segment 50be3b5c-3617-4176-b6f0-ed93a0326a37 resource provider not found; error: Placement Client Error (4xx): {"errors": [{"status": 404, "title": "Not Found", "detail": "The resource could not be found.\n\n No resource provider with uuid 50be3b5c-3617-4176-b6f0-ed93a0326a37 found for delete ", "request_id": "req-c3c8502d-af11-42d9-bfef-b1f537b6d899"}]}
2026-06-03 01:02:01.616 10 INFO neutron.db.ovn_revision_numbers_db [None req-cdf61b9e-5347-44b7-a3d8-63105c7602c0 e36f6ec13f244854a1e27c5559afb183 a6f965e93bab4e5299ce8041132c96f6 - - default default] Successfully bumped revision number for resource 5523e883-730e-4d27-98b6-e22ab9d7fc52 (type: security_group_rules) to 0
2026-06-03 01:02:01.639 9 INFO neutron.wsgi [None req-8e9d71a2-f0e3-4956-9910-c499baa5b6de f01b19d573db4e609ae8edc4739a73fb 54ae06235bee4cb2979f196ba2e7d485 - - default default] 10.0.0.147 "DELETE /v2.0/networks/57f3d6e5-6a36-49e3-847b-3c90a35a2cba HTTP/1.1" status: 204 len: 168 time: 0.4391134
2026-06-03 01:02:01.650 10 INFO neutron.db.ovn_revision_numbers_db [None req-cdf61b9e-5347-44b7-a3d8-63105c7602c0 e36f6ec13f244854a1e27c5559afb183 a6f965e93bab4e5299ce8041132c96f6 - - default default] Successfully bumped revision number for resource 928aad90-9cd3-4b41-acac-da990b1b5c42 (type: security_group_rules) to 0
2026-06-03 01:02:01.652 9 WARNING neutron_lib.context [None req-0f3d72f6-5750-4e3f-a358-e43d86b3a8e1 f01b19d573db4e609ae8edc4739a73fb 54ae06235bee4cb2979f196ba2e7d485 - - default default] Method 'is_advsvc' is deprecated since 2023.2 release (neutron-lib 3.8.0) and will be removed once support for the old RBAC API policies will be removed from Neutron. Please use method 'is_service_role' instead.
2026-06-03 01:02:01.726 10 INFO neutron.db.segments_db [None req-cdf61b9e-5347-44b7-a3d8-63105c7602c0 e36f6ec13f244854a1e27c5559afb183 a6f965e93bab4e5299ce8041132c96f6 - - default default] Added segment 63e10103-4588-4e0c-acc6-e003f3529470 of type geneve for network 8a9194fe-16f0-40f7-ac9e-454988844b8f
2026-06-03 01:02:01.742 9 INFO neutron.db.segments_db [None req-0f3d72f6-5750-4e3f-a358-e43d86b3a8e1 f01b19d573db4e609ae8edc4739a73fb 54ae06235bee4cb2979f196ba2e7d485 - - default default] Added segment 7954411b-b5f0-4071-ac26-b75294c4d0b7 of type geneve for network 3de1b969-9382-43c9-bbbc-e53fb014d20b
2026-06-03 01:02:01.913 9 INFO neutron.db.ovn_revision_numbers_db [None req-0f3d72f6-5750-4e3f-a358-e43d86b3a8e1 f01b19d573db4e609ae8edc4739a73fb 54ae06235bee4cb2979f196ba2e7d485 - - default default] Successfully bumped revision number for resource 3de1b969-9382-43c9-bbbc-e53fb014d20b (type: networks) to 1
2026-06-03 01:02:01.935 10 INFO neutron.db.ovn_revision_numbers_db [None req-cdf61b9e-5347-44b7-a3d8-63105c7602c0 e36f6ec13f244854a1e27c5559afb183 a6f965e93bab4e5299ce8041132c96f6 - - default default] Successfully bumped revision number for resource 8a9194fe-16f0-40f7-ac9e-454988844b8f (type: networks) to 1
2026-06-03 01:02:02.062 10 INFO neutron.plugins.ml2.drivers.ovn.mech_driver.mech_driver [None req-bf352f2c-453a-4c5c-b334-3aa067612f32 - - - - - -] OVN reports status up for port: 443b3dae-65d2-422a-a739-70c317ca18d2
2026-06-03 01:02:02.075 9 INFO neutron.plugins.ml2.drivers.ovn.mech_driver.ovsdb.ovsdb_monitor [None req-a4414a4c-4463-4a7a-9cc7-127cc8c5b534 - - - - - -] Router df97500d-f063-4335-8db9-fca0f9d93032 is bound to host instance
2026-06-03 01:02:02.095 10 INFO neutron.plugins.ml2.plugin [None req-bf352f2c-453a-4c5c-b334-3aa067612f32 - - - - - -] Attempt 1 to provision port 443b3dae-65d2-422a-a739-70c317ca18d2
2026-06-03 01:02:02.130 10 INFO neutron.db.ovn_revision_numbers_db [None req-97e12db6-0ae2-4748-a597-b555f220eaa4 a4e26a8eccc84c0e99b9714950b6853e fba0f68591344b598979f4d03399f3c5 - - default default] Successfully bumped revision number for resource 443b3dae-65d2-422a-a739-70c317ca18d2 (type: router_ports) to 1
2026-06-03 01:02:02.170 9 WARNING neutron.scheduler.dhcp_agent_scheduler [None req-0f3d72f6-5750-4e3f-a358-e43d86b3a8e1 f01b19d573db4e609ae8edc4739a73fb 54ae06235bee4cb2979f196ba2e7d485 - - default default] No more DHCP agents
2026-06-03 01:02:02.177 9 WARNING neutron.api.rpc.agentnotifiers.dhcp_rpc_agent_api [None req-0f3d72f6-5750-4e3f-a358-e43d86b3a8e1 f01b19d573db4e609ae8edc4739a73fb 54ae06235bee4cb2979f196ba2e7d485 - - default default] Unable to schedule network 3de1b969-9382-43c9-bbbc-e53fb014d20b: no agents available; will retry on subsequent port and subnet creation events.
2026-06-03 01:02:02.267 10 WARNING neutron.scheduler.dhcp_agent_scheduler [None req-cdf61b9e-5347-44b7-a3d8-63105c7602c0 e36f6ec13f244854a1e27c5559afb183 a6f965e93bab4e5299ce8041132c96f6 - - default default] No more DHCP agents
2026-06-03 01:02:02.268 10 INFO neutron.db.ovn_revision_numbers_db [None req-97e12db6-0ae2-4748-a597-b555f220eaa4 a4e26a8eccc84c0e99b9714950b6853e fba0f68591344b598979f4d03399f3c5 - - default default] Successfully bumped revision number for resource df97500d-f063-4335-8db9-fca0f9d93032 (type: routers) to 2
2026-06-03 01:02:02.274 10 WARNING neutron.api.rpc.agentnotifiers.dhcp_rpc_agent_api [None req-cdf61b9e-5347-44b7-a3d8-63105c7602c0 e36f6ec13f244854a1e27c5559afb183 a6f965e93bab4e5299ce8041132c96f6 - - default default] Unable to schedule network 8a9194fe-16f0-40f7-ac9e-454988844b8f: no agents available; will retry on subsequent port and subnet creation events.
2026-06-03 01:02:02.306 10 INFO neutron.wsgi [None req-97e12db6-0ae2-4748-a597-b555f220eaa4 a4e26a8eccc84c0e99b9714950b6853e fba0f68591344b598979f4d03399f3c5 - - default default] 10.0.0.147 "POST /v2.0/routers HTTP/1.1" status: 201 len: 865 time: 2.2265308
2026-06-03 01:02:02.318 9 INFO neutron.db.ovn_revision_numbers_db [None req-0f3d72f6-5750-4e3f-a358-e43d86b3a8e1 f01b19d573db4e609ae8edc4739a73fb 54ae06235bee4cb2979f196ba2e7d485 - - default default] Successfully bumped revision number for resource f5773aa8-baa5-4718-ba5f-7ee489789fb3 (type: ports) to 1
2026-06-03 01:02:02.355 9 INFO neutron.wsgi [None req-0f3d72f6-5750-4e3f-a358-e43d86b3a8e1 f01b19d573db4e609ae8edc4739a73fb 54ae06235bee4cb2979f196ba2e7d485 - - default default] 10.0.0.147 "POST /v2.0/networks HTTP/1.1" status: 201 len: 829 time: 0.7069657
2026-06-03 01:02:02.372 9 WARNING neutron_lib.context [None req-4c7252e5-fbff-4025-9afc-eb91255a5fef f01b19d573db4e609ae8edc4739a73fb 54ae06235bee4cb2979f196ba2e7d485 - - default default] Method 'is_advsvc' is deprecated since 2023.2 release (neutron-lib 3.8.0) and will be removed once support for the old RBAC API policies will be removed from Neutron. Please use method 'is_service_role' instead.
2026-06-03 01:02:02.449 10 INFO neutron.db.ovn_revision_numbers_db [None req-cdf61b9e-5347-44b7-a3d8-63105c7602c0 e36f6ec13f244854a1e27c5559afb183 a6f965e93bab4e5299ce8041132c96f6 - - default default] Successfully bumped revision number for resource 28e860c0-74e3-45a8-8bf1-025dfa8b018e (type: ports) to 1
2026-06-03 01:02:02.492 10 INFO neutron.wsgi [None req-cdf61b9e-5347-44b7-a3d8-63105c7602c0 e36f6ec13f244854a1e27c5559afb183 a6f965e93bab4e5299ce8041132c96f6 - - default default] 10.0.0.147 "POST /v2.0/networks HTTP/1.1" status: 201 len: 843 time: 1.7933843
2026-06-03 01:02:02.506 10 WARNING neutron_lib.context [None req-79da75ad-1c75-4128-884a-b33c6e1cbbc8 e36f6ec13f244854a1e27c5559afb183 a6f965e93bab4e5299ce8041132c96f6 - - default default] Method 'is_advsvc' is deprecated since 2023.2 release (neutron-lib 3.8.0) and will be removed once support for the old RBAC API policies will be removed from Neutron. Please use method 'is_service_role' instead.
2026-06-03 01:02:02.851 9 WARNING neutron.scheduler.dhcp_agent_scheduler [None req-4c7252e5-fbff-4025-9afc-eb91255a5fef f01b19d573db4e609ae8edc4739a73fb 54ae06235bee4cb2979f196ba2e7d485 - - default default] No more DHCP agents
2026-06-03 01:02:02.862 9 WARNING neutron.api.rpc.agentnotifiers.dhcp_rpc_agent_api [None req-4c7252e5-fbff-4025-9afc-eb91255a5fef f01b19d573db4e609ae8edc4739a73fb 54ae06235bee4cb2979f196ba2e7d485 - - default default] Unable to schedule network 3de1b969-9382-43c9-bbbc-e53fb014d20b: no agents available; will retry on subsequent port and subnet creation events.
2026-06-03 01:02:02.892 9 INFO neutron.db.ovn_revision_numbers_db [None req-a4414a4c-4463-4a7a-9cc7-127cc8c5b534 - - - - - -] Successfully bumped revision number for resource 443b3dae-65d2-422a-a739-70c317ca18d2 (type: ports) to 1
2026-06-03 01:02:02.988 10 WARNING neutron.scheduler.dhcp_agent_scheduler [None req-79da75ad-1c75-4128-884a-b33c6e1cbbc8 e36f6ec13f244854a1e27c5559afb183 a6f965e93bab4e5299ce8041132c96f6 - - default default] No more DHCP agents
