2026-06-03 01:02:48.731 10 INFO neutron.wsgi [req-79d1e5b4-d804-48c9-a734-4a97ce88f950 req-f2ae1417-aa5d-4e7c-8eae-37cbdc9ed0eb e4f9f50b079d4b2fa968f05ba0d51db1 f1cfac412872484cb275d703c4221d42 - - 03dce30708164263aa0c6e51f940dfa2 03dce30708164263aa0c6e51f940dfa2] 199.204.45.229 "GET /v2.0/subnets?id=16af8423-322a-4edf-aad4-f28136f52b30 HTTP/1.1" status: 200 len: 865 time: 0.0628519
2026-06-03 01:02:48.775 10 INFO neutron.wsgi [req-79d1e5b4-d804-48c9-a734-4a97ce88f950 req-8e4a9b02-710e-4fd1-afec-abd65544d88b e4f9f50b079d4b2fa968f05ba0d51db1 f1cfac412872484cb275d703c4221d42 - - 03dce30708164263aa0c6e51f940dfa2 03dce30708164263aa0c6e51f940dfa2] 199.204.45.229 "GET /v2.0/ports?network_id=91ae603f-5ace-4c82-905b-865c76b213ce&device_owner=network%3Adhcp HTTP/1.1" status: 200 len: 210 time: 0.0290473
2026-06-03 01:02:48.895 10 INFO neutron.wsgi [req-79d1e5b4-d804-48c9-a734-4a97ce88f950 req-1466c573-b826-4478-9ac5-279da189dae9 e4f9f50b079d4b2fa968f05ba0d51db1 f1cfac412872484cb275d703c4221d42 - - 03dce30708164263aa0c6e51f940dfa2 03dce30708164263aa0c6e51f940dfa2] 199.204.45.229 "GET /v2.0/networks/91ae603f-5ace-4c82-905b-865c76b213ce?fields=segments HTTP/1.1" status: 200 len: 212 time: 0.1127543
2026-06-03 01:02:48.979 10 INFO neutron.wsgi [req-79d1e5b4-d804-48c9-a734-4a97ce88f950 req-7159f3c2-4b82-422b-99e0-61479dffe46b e4f9f50b079d4b2fa968f05ba0d51db1 f1cfac412872484cb275d703c4221d42 - - 03dce30708164263aa0c6e51f940dfa2 03dce30708164263aa0c6e51f940dfa2] 199.204.45.229 "GET /v2.0/networks/91ae603f-5ace-4c82-905b-865c76b213ce?fields=provider%3Aphysical_network&fields=provider%3Anetwork_type HTTP/1.1" status: 200 len: 277 time: 0.0763314
2026-06-03 01:02:49.075 10 INFO neutron.db.ovn_revision_numbers_db [None req-bf352f2c-453a-4c5c-b334-3aa067612f32 - - - - - -] Successfully bumped revision number for resource ba9bccf0-9908-4106-9634-8a4986af3568 (type: ports) to 4
2026-06-03 01:02:49.559 10 INFO neutron.plugins.ml2.drivers.ovn.mech_driver.mech_driver [None req-bf352f2c-453a-4c5c-b334-3aa067612f32 - - - - - -] OVN reports status up for port: ced79e32-82b5-430f-8f9c-cca46535d4e5
2026-06-03 01:02:49.571 10 INFO neutron.plugins.ml2.plugin [None req-bf352f2c-453a-4c5c-b334-3aa067612f32 - - - - - -] Attempt 1 to provision port ced79e32-82b5-430f-8f9c-cca46535d4e5
2026-06-03 01:02:49.601 9 INFO neutron.db.ovn_revision_numbers_db [None req-0687c242-6c8a-4c09-97ed-9ec7e71f1b24 31fc695eae8246d29d2070798feb98a7 570851abe6974fd19b23adfefd28bc44 - - default default] Successfully bumped revision number for resource ced79e32-82b5-430f-8f9c-cca46535d4e5 (type: router_ports) to 1 /var/lib/openstack/lib/python3.10/site-packages/pycadf/identifier.py:71: UserWarning: Invalid uuid: neutron. To ensure interoperability, identifiers should be a valid uuid. warnings.warn(('Invalid uuid: %s. To ensure interoperability, '
2026-06-03 01:02:49.694 9 INFO neutron.db.ovn_revision_numbers_db [None req-0687c242-6c8a-4c09-97ed-9ec7e71f1b24 31fc695eae8246d29d2070798feb98a7 570851abe6974fd19b23adfefd28bc44 - - default default] Successfully bumped revision number for resource 4d8f0904-0922-40b9-924c-a2b3d0afa325 (type: routers) to 2
2026-06-03 01:02:49.714 9 INFO neutron.wsgi [None req-0687c242-6c8a-4c09-97ed-9ec7e71f1b24 31fc695eae8246d29d2070798feb98a7 570851abe6974fd19b23adfefd28bc44 - - default default] 10.0.0.147 "POST /v2.0/routers HTTP/1.1" status: 201 len: 871 time: 1.9410198
2026-06-03 01:02:49.775 10 INFO neutron.wsgi [req-1f571a89-465e-4a28-aebd-28f00b42bf5f req-3820009a-e560-488c-b8df-d3e84dcfb980 5a080f233e5d4ccf938ccdf74e7deac1 e349f4f0e7a9400c8e94d77e04656fd4 - - default default] 10.0.0.125 "GET /v2.0/ports?device_id=19ed5660-25c1-48bd-b8d0-92dd38d0739e HTTP/1.1" status: 200 len: 1174 time: 0.1302178
2026-06-03 01:02:49.806 9 INFO neutron.wsgi [None req-05298782-c1da-47fc-8538-854f926fe3c3 31fc695eae8246d29d2070798feb98a7 570851abe6974fd19b23adfefd28bc44 - - default default] 10.0.0.147 "GET /v2.0/routers/4d8f0904-0922-40b9-924c-a2b3d0afa325 HTTP/1.1" status: 200 len: 872 time: 0.0846739
2026-06-03 01:02:49.855 10 INFO neutron.wsgi [req-1f571a89-465e-4a28-aebd-28f00b42bf5f req-d2b67d7f-0e03-419b-9118-1570044d6c74 5a080f233e5d4ccf938ccdf74e7deac1 e349f4f0e7a9400c8e94d77e04656fd4 - - default default] 10.0.0.125 "GET /v2.0/security-groups?id=34ded351-6dad-4dd2-9a01-f2c6db5b2042&fields=id&fields=name HTTP/1.1" status: 200 len: 286 time: 0.0709798
2026-06-03 01:02:49.948 10 INFO neutron.db.ovn_revision_numbers_db [None req-357c505e-09e1-4b98-8a13-bd934ebd36e1 a607a8cc56ee4a918facbb451c0e3831 16b608c7e5a0466292a36f2607bd47a5 - - default default] Successfully bumped revision number for resource 3af5e8c6-2e06-4dda-a1d8-f1e692bc824e (type: security_groups) to 1
2026-06-03 01:02:49.964 9 INFO neutron.wsgi [None req-54b5369f-c431-4ed3-adef-642841f79df2 31fc695eae8246d29d2070798feb98a7 570851abe6974fd19b23adfefd28bc44 - - default default] 10.0.0.147 "GET /v2.0/routers HTTP/1.1" status: 200 len: 875 time: 0.1514804
2026-06-03 01:02:49.980 10 INFO neutron.db.ovn_revision_numbers_db [None req-357c505e-09e1-4b98-8a13-bd934ebd36e1 a607a8cc56ee4a918facbb451c0e3831 16b608c7e5a0466292a36f2607bd47a5 - - default default] Successfully bumped revision number for resource 32b5ba90-a2fa-4448-8edd-5e7aba20db31 (type: security_group_rules) to 0
2026-06-03 01:02:49.994 9 WARNING neutron.plugins.ml2.drivers.ovn.mech_driver.ovsdb.ovn_client [None req-2eeaa632-5493-44e3-a71c-72f4eb284b18 - - - - - -] No port found with ID bb16afc2-90bf-4634-baae-662d8910f627: RuntimeError: No port found with ID bb16afc2-90bf-4634-baae-662d8910f627
2026-06-03 01:02:50.050 10 INFO neutron.db.ovn_revision_numbers_db [None req-357c505e-09e1-4b98-8a13-bd934ebd36e1 a607a8cc56ee4a918facbb451c0e3831 16b608c7e5a0466292a36f2607bd47a5 - - default default] Successfully bumped revision number for resource 60077dfd-f636-4d88-a62c-a6ffbb445b46 (type: security_group_rules) to 0
2026-06-03 01:02:50.067 10 INFO neutron.notifiers.nova [-] Nova event matching ['req-c4cb60c7-d6f2-4da9-ba5e-3256dcc32508'] response: {'server_uuid': '19ed5660-25c1-48bd-b8d0-92dd38d0739e', 'name': 'network-vif-plugged', 'status': 'completed', 'tag': 'ba9bccf0-9908-4106-9634-8a4986af3568', 'code': 200}
2026-06-03 01:02:50.068 10 INFO neutron.notifiers.nova [-] Nova event matching ['req-c4cb60c7-d6f2-4da9-ba5e-3256dcc32508'] response: {'server_uuid': '19ed5660-25c1-48bd-b8d0-92dd38d0739e', 'name': 'network-vif-plugged', 'status': 'completed', 'tag': 'ba9bccf0-9908-4106-9634-8a4986af3568', 'code': 200}
2026-06-03 01:02:50.079 10 INFO neutron.db.ovn_revision_numbers_db [None req-357c505e-09e1-4b98-8a13-bd934ebd36e1 a607a8cc56ee4a918facbb451c0e3831 16b608c7e5a0466292a36f2607bd47a5 - - default default] Successfully bumped revision number for resource bd45ed7e-bc79-4296-b58d-e0624ee33365 (type: security_group_rules) to 0
2026-06-03 01:02:50.127 10 INFO neutron.db.ovn_revision_numbers_db [None req-357c505e-09e1-4b98-8a13-bd934ebd36e1 a607a8cc56ee4a918facbb451c0e3831 16b608c7e5a0466292a36f2607bd47a5 - - default default] Successfully bumped revision number for resource e243af50-eef5-4045-b637-823ca42222a2 (type: security_group_rules) to 0
2026-06-03 01:02:50.188 10 INFO neutron.wsgi [None req-357c505e-09e1-4b98-8a13-bd934ebd36e1 a607a8cc56ee4a918facbb451c0e3831 16b608c7e5a0466292a36f2607bd47a5 - - default default] 10.0.0.147 "GET /v2.0/security-groups?tenant_id=572f4ac12e4a44548667f10af1e3c773&name=default HTTP/1.1" status: 200 len: 2996 time: 0.6702886
2026-06-03 01:02:50.515 9 INFO neutron.wsgi [None req-1d7dce52-2cbb-4c56-b8cb-eb74eae4f6ef a607a8cc56ee4a918facbb451c0e3831 16b608c7e5a0466292a36f2607bd47a5 - - default default] 10.0.0.147 "DELETE /v2.0/security-groups/3af5e8c6-2e06-4dda-a1d8-f1e692bc824e HTTP/1.1" status: 204 len: 168 time: 0.3162231
2026-06-03 01:02:50.777 9 INFO neutron.db.ovn_revision_numbers_db [None req-188d0d68-95de-4802-a5d9-10108c2189e5 a607a8cc56ee4a918facbb451c0e3831 16b608c7e5a0466292a36f2607bd47a5 - - default default] Successfully bumped revision number for resource 9824eefb-bcfa-4d34-8075-f1f90b65d877 (type: security_groups) to 1
2026-06-03 01:02:50.795 9 INFO neutron.db.ovn_revision_numbers_db [None req-188d0d68-95de-4802-a5d9-10108c2189e5 a607a8cc56ee4a918facbb451c0e3831 16b608c7e5a0466292a36f2607bd47a5 - - default default] Successfully bumped revision number for resource 413e02dd-dc24-4890-b0a5-f7e7d7f10477 (type: security_group_rules) to 0
2026-06-03 01:02:50.811 9 INFO neutron.db.ovn_revision_numbers_db [None req-188d0d68-95de-4802-a5d9-10108c2189e5 a607a8cc56ee4a918facbb451c0e3831 16b608c7e5a0466292a36f2607bd47a5 - - default default] Successfully bumped revision number for resource 6c794755-4299-4f04-8991-91a367880729 (type: security_group_rules) to 0
2026-06-03 01:02:50.825 9 INFO neutron.db.ovn_revision_numbers_db [None req-188d0d68-95de-4802-a5d9-10108c2189e5 a607a8cc56ee4a918facbb451c0e3831 16b608c7e5a0466292a36f2607bd47a5 - - default default] Successfully bumped revision number for resource a0bf00bc-88ab-403c-b21a-dcb036d9f9ef (type: security_group_rules) to 0
2026-06-03 01:02:50.839 9 INFO neutron.db.ovn_revision_numbers_db [None req-188d0d68-95de-4802-a5d9-10108c2189e5 a607a8cc56ee4a918facbb451c0e3831 16b608c7e5a0466292a36f2607bd47a5 - - default default] Successfully bumped revision number for resource b2ce78e9-fa1d-498d-846c-a57dca8e266c (type: security_group_rules) to 0
2026-06-03 01:02:50.868 9 INFO neutron.wsgi [None req-188d0d68-95de-4802-a5d9-10108c2189e5 a607a8cc56ee4a918facbb451c0e3831 16b608c7e5a0466292a36f2607bd47a5 - - default default] 10.0.0.147 "GET /v2.0/security-groups?tenant_id=b2d636c64efe40d1b532527759cf1471&name=default HTTP/1.1" status: 200 len: 2996 time: 0.2216601
2026-06-03 01:02:50.984 10 INFO neutron.wsgi [req-c2b51832-4513-4a98-8afe-510bc035fa3a req-a0fe9e9e-fbd0-41a3-bb65-6af7e447dc17 5a080f233e5d4ccf938ccdf74e7deac1 e349f4f0e7a9400c8e94d77e04656fd4 - - default default] 10.0.0.125 "GET /v2.0/ports?device_id=19ed5660-25c1-48bd-b8d0-92dd38d0739e HTTP/1.1" status: 200 len: 1174 time: 0.0552232
2026-06-03 01:02:51.047 10 INFO neutron.wsgi [req-c2b51832-4513-4a98-8afe-510bc035fa3a req-0e9186e6-686b-4fab-8983-4401e597f72a 5a080f233e5d4ccf938ccdf74e7deac1 e349f4f0e7a9400c8e94d77e04656fd4 - - default default] 10.0.0.125 "GET /v2.0/security-groups?id=34ded351-6dad-4dd2-9a01-f2c6db5b2042&fields=id&fields=name HTTP/1.1" status: 200 len: 286 time: 0.0553379
2026-06-03 01:02:51.099 9 INFO neutron.wsgi [None req-c8af2952-7529-4240-9ba7-009483851af1 a607a8cc56ee4a918facbb451c0e3831 16b608c7e5a0466292a36f2607bd47a5 - - default default] 10.0.0.147 "DELETE /v2.0/security-groups/9824eefb-bcfa-4d34-8075-f1f90b65d877 HTTP/1.1" status: 204 len: 168 time: 0.2250566
2026-06-03 01:02:51.157 10 INFO neutron.db.ovn_revision_numbers_db [None req-eabe48de-76f3-466b-8252-1b975907daa8 31fc695eae8246d29d2070798feb98a7 570851abe6974fd19b23adfefd28bc44 - - default default] Successfully bumped revision number for resource 4d8f0904-0922-40b9-924c-a2b3d0afa325 (type: routers) to 3
2026-06-03 01:02:51.162 10 INFO neutron.wsgi [None req-eabe48de-76f3-466b-8252-1b975907daa8 31fc695eae8246d29d2070798feb98a7 570851abe6974fd19b23adfefd28bc44 - - default default] 10.0.0.147 "PUT /v2.0/routers/4d8f0904-0922-40b9-924c-a2b3d0afa325 HTTP/1.1" status: 200 len: 879 time: 1.1842210
2026-06-03 01:02:51.244 10 INFO neutron.wsgi [None req-d00f21df-cbbc-4a47-bab3-1864bcddc15d 31fc695eae8246d29d2070798feb98a7 570851abe6974fd19b23adfefd28bc44 - - default default] 10.0.0.147 "GET /v2.0/routers/4d8f0904-0922-40b9-924c-a2b3d0afa325 HTTP/1.1" status: 200 len: 879 time: 0.0756769
2026-06-03 01:02:51.283 10 INFO neutron.wsgi [None req-64904d9b-6050-4a58-b92a-cbffebfdd521 31fc695eae8246d29d2070798feb98a7 570851abe6974fd19b23adfefd28bc44 - - default default] 10.0.0.147 "GET /v2.0/ports?device_id=4d8f0904-0922-40b9-924c-a2b3d0afa325 HTTP/1.1" status: 200 len: 205 time: 0.0330157
2026-06-03 01:02:51.686 10 INFO neutron.wsgi [req-59c018bf-fcce-41ac-bec2-e6d2573adc6b req-908fe04a-ce26-4589-a23c-ddd911db4b4d 5a080f233e5d4ccf938ccdf74e7deac1 e349f4f0e7a9400c8e94d77e04656fd4 - - default default] 10.0.0.125 "GET /v2.0/ports?device_id=19ed5660-25c1-48bd-b8d0-92dd38d0739e HTTP/1.1" status: 200 len: 1174 time: 0.0521328
2026-06-03 01:02:51.763 10 INFO neutron.wsgi [req-59c018bf-fcce-41ac-bec2-e6d2573adc6b req-f3d8d612-0666-4b79-a71e-38e7113b8ebb 5a080f233e5d4ccf938ccdf74e7deac1 e349f4f0e7a9400c8e94d77e04656fd4 - - default default] 10.0.0.125 "GET /v2.0/security-groups?id=34ded351-6dad-4dd2-9a01-f2c6db5b2042&fields=id&fields=name HTTP/1.1" status: 200 len: 286 time: 0.0643616
2026-06-03 01:02:52.079 10 INFO neutron.wsgi [req-4a8bb8e9-9ff4-419b-8cbc-83c9d263cf97 req-cc751c7b-a9ba-45ee-91d2-0a8dbc8eb2d3 5a080f233e5d4ccf938ccdf74e7deac1 e349f4f0e7a9400c8e94d77e04656fd4 - - default default] 199.204.45.229 "GET /v2.0/ports?device_id=19ed5660-25c1-48bd-b8d0-92dd38d0739e HTTP/1.1" status: 200 len: 1174 time: 0.0835764
2026-06-03 01:02:52.475 10 INFO neutron.wsgi [None req-ec585827-fd03-4b80-b18b-dd56d5093b59 31fc695eae8246d29d2070798feb98a7 570851abe6974fd19b23adfefd28bc44 - - default default] 10.0.0.147 "DELETE /v2.0/routers/4d8f0904-0922-40b9-924c-a2b3d0afa325 HTTP/1.1" status: 204 len: 168 time: 1.1848187
2026-06-03 01:02:52.508 10 INFO neutron.wsgi [None req-cc4adaab-450d-47f1-8a88-f9168d9ffba9 31fc695eae8246d29d2070798feb98a7 570851abe6974fd19b23adfefd28bc44 - - default default] 10.0.0.147 "GET /v2.0/ports?device_id=4d8f0904-0922-40b9-924c-a2b3d0afa325 HTTP/1.1" status: 200 len: 205 time: 0.0231087
2026-06-03 01:02:52.545 9 INFO neutron.api.v2.resource [None req-8c359448-44e9-4d79-8602-35a1f168258d 31fc695eae8246d29d2070798feb98a7 570851abe6974fd19b23adfefd28bc44 - - default default] delete failed (client error): The resource could not be found.
2026-06-03 01:02:52.547 9 INFO neutron.wsgi [None req-8c359448-44e9-4d79-8602-35a1f168258d 31fc695eae8246d29d2070798feb98a7 570851abe6974fd19b23adfefd28bc44 - - default default] 10.0.0.147 "DELETE /v2.0/routers/4d8f0904-0922-40b9-924c-a2b3d0afa325 HTTP/1.1" status: 404 len: 336 time: 0.0314338
2026-06-03 01:02:52.595 9 INFO neutron.wsgi [None req-f231093e-2980-4976-bc7b-9169ee7111d8 31fc695eae8246d29d2070798feb98a7 570851abe6974fd19b23adfefd28bc44 - - default default] 10.0.0.147 "GET /v2.0/ports?device_id=21dba2cd-f7d1-413b-94ad-c2baacae7961 HTTP/1.1" status: 200 len: 205 time: 0.0414541
2026-06-03 01:02:52.602 10 INFO neutron.wsgi [req-4a8bb8e9-9ff4-419b-8cbc-83c9d263cf97 req-d81f859a-cf1d-4844-b67f-2ad6c84f0ec8 5a080f233e5d4ccf938ccdf74e7deac1 e349f4f0e7a9400c8e94d77e04656fd4 - - default default] 199.204.45.229 "DELETE /v2.0/ports/ba9bccf0-9908-4106-9634-8a4986af3568 HTTP/1.1" status: 204 len: 173 time: 0.5131943
2026-06-03 01:02:52.632 9 INFO neutron.api.v2.resource [None req-1fd3b7d6-7be6-4d00-ab47-3510801135e0 31fc695eae8246d29d2070798feb98a7 570851abe6974fd19b23adfefd28bc44 - - default default] delete failed (client error): The resource could not be found.
2026-06-03 01:02:52.634 9 INFO neutron.wsgi [None req-1fd3b7d6-7be6-4d00-ab47-3510801135e0 31fc695eae8246d29d2070798feb98a7 570851abe6974fd19b23adfefd28bc44 - - default default] 10.0.0.147 "DELETE /v2.0/routers/21dba2cd-f7d1-413b-94ad-c2baacae7961 HTTP/1.1" status: 404 len: 336 time: 0.0325933
2026-06-03 01:02:52.661 10 INFO neutron.notifiers.nova [-] Nova event matching ['req-635a78da-38d3-42b1-9027-f38fd96e9de5'] response: {'server_uuid': '19ed5660-25c1-48bd-b8d0-92dd38d0739e', 'name': 'network-vif-deleted', 'tag': 'ba9bccf0-9908-4106-9634-8a4986af3568', 'status': 'completed', 'code': 200}
2026-06-03 01:02:52.677 9 INFO neutron.pecan_wsgi.hooks.translation [None req-e114584b-2320-4cd3-a150-829ecf9b51d6 31fc695eae8246d29d2070798feb98a7 570851abe6974fd19b23adfefd28bc44 - - default default] DELETE failed (client error): The resource could not be found.
2026-06-03 01:02:52.680 9 INFO neutron.wsgi [None req-e114584b-2320-4cd3-a150-829ecf9b51d6 31fc695eae8246d29d2070798feb98a7 570851abe6974fd19b23adfefd28bc44 - - default default] 10.0.0.147 "DELETE /v2.0/subnets/077874f0-a7de-4b8b-b4d2-012a6b848526 HTTP/1.1" status: 404 len: 337 time: 0.0341666
2026-06-03 01:02:52.708 9 INFO neutron.wsgi [None req-68f21245-381f-4386-98d3-e407d54c68f3 31fc695eae8246d29d2070798feb98a7 570851abe6974fd19b23adfefd28bc44 - - default default] 10.0.0.147 "GET /v2.0/ports?device_id=ea4a8df7-30ea-4d39-b0bd-205bb272b6f3 HTTP/1.1" status: 200 len: 205 time: 0.0231197
2026-06-03 01:02:52.748 9 INFO neutron.api.v2.resource [None req-0f7c0598-fe86-4a41-8272-e3ff576fad53 31fc695eae8246d29d2070798feb98a7 570851abe6974fd19b23adfefd28bc44 - - default default] delete failed (client error): The resource could not be found.
2026-06-03 01:02:52.750 9 INFO neutron.wsgi [None req-0f7c0598-fe86-4a41-8272-e3ff576fad53 31fc695eae8246d29d2070798feb98a7 570851abe6974fd19b23adfefd28bc44 - - default default] 10.0.0.147 "DELETE /v2.0/routers/ea4a8df7-30ea-4d39-b0bd-205bb272b6f3 HTTP/1.1" status: 404 len: 336 time: 0.0362792
2026-06-03 01:02:52.775 9 INFO neutron.pecan_wsgi.hooks.translation [None req-f1945e02-8031-4120-a4a0-8f846187a8e1 31fc695eae8246d29d2070798feb98a7 570851abe6974fd19b23adfefd28bc44 - - default default] DELETE failed (client error): The resource could not be found.
2026-06-03 01:02:52.778 9 INFO neutron.wsgi [None req-f1945e02-8031-4120-a4a0-8f846187a8e1 31fc695eae8246d29d2070798feb98a7 570851abe6974fd19b23adfefd28bc44 - - default default] 10.0.0.147 "DELETE /v2.0/subnets/c1d52eae-1960-41ae-ab5e-500e35c18814 HTTP/1.1" status: 404 len: 337 time: 0.0231295
2026-06-03 01:02:52.816 10 INFO neutron.wsgi [None req-14f8577f-97f5-4100-83af-784e529a06a9 31fc695eae8246d29d2070798feb98a7 570851abe6974fd19b23adfefd28bc44 - - default default] 10.0.0.147 "GET /v2.0/ports?device_id=763c70d2-4494-4942-be1c-fdc8f954be88 HTTP/1.1" status: 200 len: 205 time: 0.0283251
2026-06-03 01:02:52.856 9 INFO neutron.api.v2.resource [None req-295688dc-459b-4841-83e3-4b2f36a80661 31fc695eae8246d29d2070798feb98a7 570851abe6974fd19b23adfefd28bc44 - - default default] delete failed (client error): The resource could not be found.
2026-06-03 01:02:52.858 9 INFO neutron.wsgi [None req-295688dc-459b-4841-83e3-4b2f36a80661 31fc695eae8246d29d2070798feb98a7 570851abe6974fd19b23adfefd28bc44 - - default default] 10.0.0.147 "DELETE /v2.0/routers/763c70d2-4494-4942-be1c-fdc8f954be88 HTTP/1.1" status: 404 len: 336 time: 0.0367119
2026-06-03 01:02:52.875 10 INFO neutron.wsgi [req-66ee5882-d022-47e1-8a53-bc5a6d715525 req-3a99e952-4b31-46b3-adb8-7c27bc76b907 5a080f233e5d4ccf938ccdf74e7deac1 e349f4f0e7a9400c8e94d77e04656fd4 - - default default] 10.0.0.125 "GET /v2.0/ports?device_id=19ed5660-25c1-48bd-b8d0-92dd38d0739e HTTP/1.1" status: 200 len: 210 time: 0.0292289
2026-06-03 01:02:52.885 9 INFO neutron.pecan_wsgi.hooks.translation [None req-6033adf9-b24c-49c6-a1cb-d88b05f1f4c9 31fc695eae8246d29d2070798feb98a7 570851abe6974fd19b23adfefd28bc44 - - default default] DELETE failed (client error): The resource could not be found.
2026-06-03 01:02:52.888 9 INFO neutron.wsgi [None req-6033adf9-b24c-49c6-a1cb-d88b05f1f4c9 31fc695eae8246d29d2070798feb98a7 570851abe6974fd19b23adfefd28bc44 - - default default] 10.0.0.147 "DELETE /v2.0/subnets/8c8dae92-9c2e-4984-901a-e33f4be4c2ff HTTP/1.1" status: 404 len: 337 time: 0.0227120
2026-06-03 01:02:52.920 10 INFO neutron.wsgi [None req-a9303878-cc0a-4485-8d23-22422db0d0f4 411e8c03c9ee46cfa0e37bbedffe1f4c 93a2c8173db146ca8b7769da289c19da - - default default] 10.0.0.147 "GET /v2.0/subnets/bfb797e3-3d03-49fe-b177-618c2b73f9bf HTTP/1.1" status: 200 len: 846 time: 0.0422697
2026-06-03 01:02:52.923 9 INFO neutron.pecan_wsgi.hooks.translation [None req-202c01df-d9f4-4ea7-90e9-1cb9e0a7600d 31fc695eae8246d29d2070798feb98a7 570851abe6974fd19b23adfefd28bc44 - - default default] DELETE failed (client error): The resource could not be found.
2026-06-03 01:02:52.926 9 INFO neutron.wsgi [None req-202c01df-d9f4-4ea7-90e9-1cb9e0a7600d 31fc695eae8246d29d2070798feb98a7 570851abe6974fd19b23adfefd28bc44 - - default default] 10.0.0.147 "DELETE /v2.0/subnets/d68f6a17-fb0c-4665-bff0-0b64490890c7 HTTP/1.1" status: 404 len: 337 time: 0.0313015
2026-06-03 01:02:53.691 9 INFO neutron.wsgi [None req-d181a33f-1d80-4d67-baa3-d1045f3ac765 a607a8cc56ee4a918facbb451c0e3831 16b608c7e5a0466292a36f2607bd47a5 - - default default] 10.0.0.147 "GET /v2.0/security-groups?tenant_id=570851abe6974fd19b23adfefd28bc44&name=default HTTP/1.1" status: 200 len: 2996 time: 0.1754820
2026-06-03 01:02:53.933 10 INFO neutron.wsgi [None req-ab6b622d-258c-4a8c-86c5-140f35264a16 a607a8cc56ee4a918facbb451c0e3831 16b608c7e5a0466292a36f2607bd47a5 - - default default] 10.0.0.147 "DELETE /v2.0/security-groups/d372c1db-9d86-4bb4-a030-61c005c12645 HTTP/1.1" status: 204 len: 168 time: 0.2347305
2026-06-03 01:02:54.216 9 INFO neutron.wsgi [None req-169558c4-3997-415a-a60b-c36019a4b63f a607a8cc56ee4a918facbb451c0e3831 16b608c7e5a0466292a36f2607bd47a5 - - default default] 10.0.0.120 "GET /v2.0/extensions/security-group HTTP/1.1" status: 200 len: 369 time: 0.2291892
2026-06-03 01:02:54.233 9 INFO neutron.wsgi [None req-9bc61e3c-e66e-4660-a71c-0ebe722036ce a607a8cc56ee4a918facbb451c0e3831 16b608c7e5a0466292a36f2607bd47a5 - - default default] 10.0.0.120 "GET /v2.0/extensions/dns-integration HTTP/1.1" status: 200 len: 371 time: 0.0100503
2026-06-03 01:02:54.243 9 INFO neutron.wsgi [None req-17ffc59a-5d91-4175-8b0a-a55e130fd321 a607a8cc56ee4a918facbb451c0e3831 16b608c7e5a0466292a36f2607bd47a5 - - default default] 10.0.0.120 "GET /v2.0/extensions/qos HTTP/1.1" status: 200 len: 365 time: 0.0049570
2026-06-03 01:02:54.255 9 INFO neutron.wsgi [None req-7f541b5e-5ac5-42ef-9ff8-d8a76b001de7 a607a8cc56ee4a918facbb451c0e3831 16b608c7e5a0466292a36f2607bd47a5 - - default default] 10.0.0.120 "GET /v2.0/extensions/allowed-address-pairs HTTP/1.1" status: 200 len: 383 time: 0.0079796
2026-06-03 01:02:54.822 9 INFO neutron.wsgi [-] 10.0.0.120 "GET / HTTP/1.1" status: 200 len: 284 time: 0.0021763
2026-06-03 01:02:54.824 10 WARNING neutron.plugins.ml2.drivers.ovn.mech_driver.ovsdb.ovn_client [None req-bf352f2c-453a-4c5c-b334-3aa067612f32 - - - - - -] No port found with ID ced79e32-82b5-430f-8f9c-cca46535d4e5: RuntimeError: No port found with ID ced79e32-82b5-430f-8f9c-cca46535d4e5
2026-06-03 01:02:54.825 10 INFO neutron.plugins.ml2.drivers.ovn.mech_driver.mech_driver [None req-bf352f2c-453a-4c5c-b334-3aa067612f32 - - - - - -] OVN reports status down for port: ba9bccf0-9908-4106-9634-8a4986af3568
2026-06-03 01:02:54.880 9 INFO neutron.wsgi [None req-6a94d47d-3f14-476e-ad9d-d1944381b673 a4e26a8eccc84c0e99b9714950b6853e fba0f68591344b598979f4d03399f3c5 - - default default] 10.0.0.120 "GET /v2.0/subnets/bfb797e3-3d03-49fe-b177-618c2b73f9bf HTTP/1.1" status: 200 len: 833 time: 0.0408883
2026-06-03 01:02:54.905 9 INFO neutron.wsgi [None req-a3ffb906-d201-4109-8e16-9ecb7a3b54b4 a607a8cc56ee4a918facbb451c0e3831 16b608c7e5a0466292a36f2607bd47a5 - - default default] 10.0.0.120 "GET /v2.0/extensions/security-group HTTP/1.1" status: 200 len: 369 time: 0.0146728
2026-06-03 01:02:54.922 9 INFO neutron.wsgi [None req-6e15cea3-05f4-44db-8454-38b151cd5c7c a607a8cc56ee4a918facbb451c0e3831 16b608c7e5a0466292a36f2607bd47a5 - - default default] 10.0.0.120 "GET /v2.0/extensions/dns-integration HTTP/1.1" status: 200 len: 371 time: 0.0097954
2026-06-03 01:02:54.932 9 INFO neutron.wsgi [None req-29922291-4093-4b3d-807c-8f6c46657e5a a607a8cc56ee4a918facbb451c0e3831 16b608c7e5a0466292a36f2607bd47a5 - - default default] 10.0.0.120 "GET /v2.0/extensions/qos HTTP/1.1" status: 200 len: 365 time: 0.0082204
2026-06-03 01:02:54.950 9 INFO neutron.wsgi [None req-96006962-2251-49bb-b76c-ec6ecc7aef3f a607a8cc56ee4a918facbb451c0e3831 16b608c7e5a0466292a36f2607bd47a5 - - default default] 10.0.0.120 "GET /v2.0/extensions/allowed-address-pairs HTTP/1.1" status: 200 len: 383 time: 0.0077615
2026-06-03 01:02:55.000 9 INFO neutron.wsgi [None req-4243080d-c481-4343-8aa3-ed533890f4bf a607a8cc56ee4a918facbb451c0e3831 16b608c7e5a0466292a36f2607bd47a5 - - default default] 10.0.0.120 "GET /v2.0/subnets/bfb797e3-3d03-49fe-b177-618c2b73f9bf HTTP/1.1" status: 200 len: 851 time: 0.0394049
2026-06-03 01:02:55.099 9 INFO neutron.wsgi [None req-2ebcc8b2-198d-4c26-9e40-7b8d180e87c1 a607a8cc56ee4a918facbb451c0e3831 16b608c7e5a0466292a36f2607bd47a5 - - default default] 10.0.0.120 "GET /v2.0/extensions/security-group HTTP/1.1" status: 200 len: 369 time: 0.0082440
2026-06-03 01:02:55.113 9 INFO neutron.wsgi [None req-b161f48c-f9c4-450e-a4ca-51bbb011f29a a607a8cc56ee4a918facbb451c0e3831 16b608c7e5a0466292a36f2607bd47a5 - - default default] 10.0.0.120 "GET /v2.0/extensions/dns-integration HTTP/1.1" status: 200 len: 371 time: 0.0064073
2026-06-03 01:02:55.122 9 INFO neutron.wsgi [None req-8d998c61-4270-407f-a3de-59775d1accf5 a607a8cc56ee4a918facbb451c0e3831 16b608c7e5a0466292a36f2607bd47a5 - - default default] 10.0.0.120 "GET /v2.0/extensions/qos HTTP/1.1" status: 200 len: 365 time: 0.0044885
2026-06-03 01:02:55.134 9 INFO neutron.wsgi [None req-818a9701-df51-4f1d-a046-71b73984868d a607a8cc56ee4a918facbb451c0e3831 16b608c7e5a0466292a36f2607bd47a5 - - default default] 10.0.0.120 "GET /v2.0/extensions/allowed-address-pairs HTTP/1.1" status: 200 len: 383 time: 0.0073686
2026-06-03 01:02:55.249 9 INFO neutron.wsgi [None req-ae748af0-4475-4d98-9ae8-80b0ff9326b2 a607a8cc56ee4a918facbb451c0e3831 16b608c7e5a0466292a36f2607bd47a5 - - default default] 10.0.0.120 "GET /v2.0/networks/209848ca-3311-45e4-b001-a705994c61c9 HTTP/1.1" status: 200 len: 1002 time: 0.1074541
2026-06-03 01:02:55.265 9 INFO neutron.wsgi [None req-32f78aa4-b12b-4c82-a6d7-ec463452795f a607a8cc56ee4a918facbb451c0e3831 16b608c7e5a0466292a36f2607bd47a5 - - default default] 10.0.0.120 "GET /v2.0/extensions/project-id HTTP/1.1" status: 200 len: 403 time: 0.0064850
2026-06-03 01:02:55.676 9 WARNING neutron.scheduler.dhcp_agent_scheduler [None req-f791c312-7fde-4c6f-be2b-acd5afea47f7 a607a8cc56ee4a918facbb451c0e3831 16b608c7e5a0466292a36f2607bd47a5 - - default default] No more DHCP agents
2026-06-03 01:02:55.678 9 WARNING neutron.api.rpc.agentnotifiers.dhcp_rpc_agent_api [None req-f791c312-7fde-4c6f-be2b-acd5afea47f7 a607a8cc56ee4a918facbb451c0e3831 16b608c7e5a0466292a36f2607bd47a5 - - default default] Unable to schedule network 209848ca-3311-45e4-b001-a705994c61c9: no agents available; will retry on subsequent port and subnet creation events.
2026-06-03 01:02:55.871 9 INFO neutron.db.ovn_revision_numbers_db [None req-f791c312-7fde-4c6f-be2b-acd5afea47f7 a607a8cc56ee4a918facbb451c0e3831 16b608c7e5a0466292a36f2607bd47a5 - - default default] Successfully bumped revision number for resource 5754547d-bee2-4fe4-969b-f1d265f9a698 (type: ports) to 1
2026-06-03 01:02:55.897 9 INFO neutron.wsgi [None req-f791c312-7fde-4c6f-be2b-acd5afea47f7 a607a8cc56ee4a918facbb451c0e3831 16b608c7e5a0466292a36f2607bd47a5 - - default default] 10.0.0.120 "POST /v2.0/ports HTTP/1.1" status: 201 len: 1337 time: 0.6241851
2026-06-03 01:02:55.990 9 INFO neutron.wsgi [-] 10.0.0.147 "GET / HTTP/1.1" status: 200 len: 279 time: 0.0028651 /var/lib/openstack/lib/python3.10/site-packages/pycadf/identifier.py:71: UserWarning: Invalid uuid: neutron. To ensure interoperability, identifiers should be a valid uuid. warnings.warn(('Invalid uuid: %s. To ensure interoperability, '
2026-06-03 01:02:56.182 9 INFO neutron.wsgi [None req-9778dc72-8f3b-4997-bce7-af2ad9f5e932 2c51200c41f84303b92014c61ef8e6cd 6b32c94caf3b46f896635566350aeb79 - - default default] 10.0.0.147 "GET /v2.0/ HTTP/1.1" status: 200 len: 826 time: 0.1835895
2026-06-03 01:02:56.498 9 INFO neutron.wsgi [-] 10.0.0.209 "GET / HTTP/1.1" status: 200 len: 247 time: 0.0036843
2026-06-03 01:02:56.513 9 INFO neutron.wsgi [-] 10.0.0.209 "GET / HTTP/1.1" status: 200 len: 247 time: 0.0068018
2026-06-03 01:02:56.828 10 INFO neutron.wsgi [None req-1501ff89-8a97-427a-848b-a42f4cceb782 a607a8cc56ee4a918facbb451c0e3831 16b608c7e5a0466292a36f2607bd47a5 - - default default] 10.0.0.147 "PUT /v2.0/routers/947c18b2-8499-4a49-b942-873e7a58432e/remove_router_interface HTTP/1.1" status: 200 len: 503 time: 1.6798220 /var/lib/openstack/lib/python3.10/site-packages/pycadf/identifier.py:71: UserWarning: Invalid uuid: neutron. To ensure interoperability, identifiers should be a valid uuid. warnings.warn(('Invalid uuid: %s. To ensure interoperability, '
2026-06-03 01:02:57.237 9 INFO neutron.db.ovn_revision_numbers_db [None req-461dd588-223a-46fa-9227-546b0b3b114e a607a8cc56ee4a918facbb451c0e3831 16b608c7e5a0466292a36f2607bd47a5 - - default default] Successfully bumped revision number for resource 918dbf7e-7c4e-4dae-a528-ef6b1a053d2d (type: security_groups) to 1
2026-06-03 01:02:57.256 9 INFO neutron.db.ovn_revision_numbers_db [None req-461dd588-223a-46fa-9227-546b0b3b114e a607a8cc56ee4a918facbb451c0e3831 16b608c7e5a0466292a36f2607bd47a5 - - default default] Successfully bumped revision number for resource 2c4f3f8f-b0db-48a6-987b-320e659f7851 (type: security_group_rules) to 0
2026-06-03 01:02:57.276 9 INFO neutron.db.ovn_revision_numbers_db [None req-461dd588-223a-46fa-9227-546b0b3b114e a607a8cc56ee4a918facbb451c0e3831 16b608c7e5a0466292a36f2607bd47a5 - - default default] Successfully bumped revision number for resource 6ac9ef79-eff0-4cb9-85f9-fd982cd1ca05 (type: security_group_rules) to 0
2026-06-03 01:02:57.296 9 INFO neutron.db.ovn_revision_numbers_db [None req-461dd588-223a-46fa-9227-546b0b3b114e a607a8cc56ee4a918facbb451c0e3831 16b608c7e5a0466292a36f2607bd47a5 - - default default] Successfully bumped revision number for resource ce05a8b0-a23c-4716-a19e-7b427baedf0c (type: security_group_rules) to 0
2026-06-03 01:02:57.316 9 INFO neutron.db.ovn_revision_numbers_db [None req-461dd588-223a-46fa-9227-546b0b3b114e a607a8cc56ee4a918facbb451c0e3831 16b608c7e5a0466292a36f2607bd47a5 - - default default] Successfully bumped revision number for resource e127dc60-754f-4ff0-8ea3-01abb2792921 (type: security_group_rules) to 0
2026-06-03 01:02:57.346 9 INFO neutron.wsgi [None req-461dd588-223a-46fa-9227-546b0b3b114e a607a8cc56ee4a918facbb451c0e3831 16b608c7e5a0466292a36f2607bd47a5 - - default default] 10.0.0.147 "GET /v2.0/security-groups?tenant_id=6b32c94caf3b46f896635566350aeb79&name=default HTTP/1.1" status: 200 len: 2996 time: 0.5940959
2026-06-03 01:02:57.577 9 INFO neutron.wsgi [None req-99af5902-3041-437b-bc66-ce8fb13ab8e4 a607a8cc56ee4a918facbb451c0e3831 16b608c7e5a0466292a36f2607bd47a5 - - default default] 10.0.0.147 "DELETE /v2.0/security-groups/918dbf7e-7c4e-4dae-a528-ef6b1a053d2d HTTP/1.1" status: 204 len: 168 time: 0.2254691
2026-06-03 01:02:57.922 10 INFO neutron.wsgi [None req-d95dfd9f-135e-4699-82a8-a5a283f158f0 a607a8cc56ee4a918facbb451c0e3831 16b608c7e5a0466292a36f2607bd47a5 - - default default] 10.0.0.147 "DELETE /v2.0/routers/947c18b2-8499-4a49-b942-873e7a58432e HTTP/1.1" status: 204 len: 168 time: 1.0736413
2026-06-03 01:02:58.168 9 INFO neutron.wsgi [None req-3ead267f-2236-4adb-b92d-4e9becbd5ea4 a607a8cc56ee4a918facbb451c0e3831 16b608c7e5a0466292a36f2607bd47a5 - - default default] 10.0.0.147 "DELETE /v2.0/subnets/16af8423-322a-4edf-aad4-f28136f52b30 HTTP/1.1" status: 204 len: 168 time: 0.2276406
2026-06-03 01:02:58.528 10 INFO neutron.wsgi [None req-a169f894-222e-4d29-97f6-28627a945693 a607a8cc56ee4a918facbb451c0e3831 16b608c7e5a0466292a36f2607bd47a5 - - default default] 199.204.45.229 "GET /v2.0/extensions/security-group HTTP/1.1" status: 200 len: 369 time: 0.3086877
2026-06-03 01:02:58.545 10 INFO neutron.wsgi [None req-29b245c6-6ad6-4150-9450-36d5846c68d2 a607a8cc56ee4a918facbb451c0e3831 16b608c7e5a0466292a36f2607bd47a5 - - default default] 199.204.45.229 "GET /v2.0/extensions/dns-integration HTTP/1.1" status: 200 len: 371 time: 0.0091839
2026-06-03 01:02:58.562 10 INFO neutron.wsgi [None req-d3ae6812-aa16-4ac7-b5b5-d194a1e73104 a607a8cc56ee4a918facbb451c0e3831 16b608c7e5a0466292a36f2607bd47a5 - - default default] 199.204.45.229 "GET /v2.0/extensions/qos HTTP/1.1" status: 200 len: 365 time: 0.0073400
2026-06-03 01:02:58.582 9 INFO neutron.services.segments.plugin [-] Segment a538f7d9-8971-49d2-93e8-b4208f7fd5ff resource provider aggregate not found
2026-06-03 01:02:58.582 10 INFO neutron.wsgi [None req-1e357653-c41c-46e9-9271-df19b409dec1 a607a8cc56ee4a918facbb451c0e3831 16b608c7e5a0466292a36f2607bd47a5 - - default default] 199.204.45.229 "GET /v2.0/extensions/allowed-address-pairs HTTP/1.1" status: 200 len: 383 time: 0.0084205
2026-06-03 01:02:58.588 9 INFO neutron.services.segments.plugin [-] Segment a538f7d9-8971-49d2-93e8-b4208f7fd5ff resource provider aggregate not found
2026-06-03 01:02:58.605 9 INFO neutron.services.segments.plugin [-] Segment a538f7d9-8971-49d2-93e8-b4208f7fd5ff resource provider not found; error: Placement Client Error (4xx): {"errors": [{"status": 404, "title": "Not Found", "detail": "The resource could not be found.\n\n No resource provider with uuid a538f7d9-8971-49d2-93e8-b4208f7fd5ff found for delete ", "request_id": "req-f45eac16-042c-41fc-8f67-b8a39d259080"}]}
2026-06-03 01:02:58.606 9 INFO neutron.services.segments.plugin [-] Segment a538f7d9-8971-49d2-93e8-b4208f7fd5ff resource provider not found; error: Placement Client Error (4xx): {"errors": [{"status": 404, "title": "Not Found", "detail": "The resource could not be found.\n\n No resource provider with uuid a538f7d9-8971-49d2-93e8-b4208f7fd5ff found for delete ", "request_id": "req-289922be-9372-45e1-a0bd-dada9c5e5e27"}]}
2026-06-03 01:02:58.635 9 INFO neutron.wsgi [None req-c8f08af1-e092-49ad-b3f9-86748d824379 a607a8cc56ee4a918facbb451c0e3831 16b608c7e5a0466292a36f2607bd47a5 - - default default] 10.0.0.147 "DELETE /v2.0/networks/91ae603f-5ace-4c82-905b-865c76b213ce HTTP/1.1" status: 204 len: 168 time: 0.4622591
2026-06-03 01:02:58.637 10 INFO neutron.wsgi [None req-d16dd2f9-9f8d-40b6-b582-1ce9b675b9b2 a607a8cc56ee4a918facbb451c0e3831 16b608c7e5a0466292a36f2607bd47a5 - - default default] 199.204.45.229 "GET /v2.0/ports/5754547d-bee2-4fe4-969b-f1d265f9a698 HTTP/1.1" status: 200 len: 1332 time: 0.0487471
2026-06-03 01:02:58.882 10 INFO neutron.wsgi [None req-5bbdc43b-b2ac-4efa-8d96-2ba5b5ad94d9 a607a8cc56ee4a918facbb451c0e3831 16b608c7e5a0466292a36f2607bd47a5 - - default default] 10.0.0.147 "GET /v2.0/security-groups?tenant_id=e349f4f0e7a9400c8e94d77e04656fd4&name=default HTTP/1.1" status: 200 len: 2996 time: 0.0571554
2026-06-03 01:02:59.090 10 INFO neutron.wsgi [None req-6280e8e7-c082-4042-9247-a9d0d06e0a1d a607a8cc56ee4a918facbb451c0e3831 16b608c7e5a0466292a36f2607bd47a5 - - default default] 199.204.45.229 "GET /v2.0/extensions/security-group HTTP/1.1" status: 200 len: 369 time: 0.0063777
2026-06-03 01:02:59.109 10 INFO neutron.wsgi [None req-716bd54e-b1b2-4877-a03a-e7b0dcdd8ee8 a607a8cc56ee4a918facbb451c0e3831 16b608c7e5a0466292a36f2607bd47a5 - - default default] 199.204.45.229 "GET /v2.0/extensions/dns-integration HTTP/1.1" status: 200 len: 371 time: 0.0119953
2026-06-03 01:02:59.124 10 INFO neutron.wsgi [None req-6c39c4a1-e561-494e-aa78-390286c421fd a607a8cc56ee4a918facbb451c0e3831 16b608c7e5a0466292a36f2607bd47a5 - - default default] 199.204.45.229 "GET /v2.0/extensions/qos HTTP/1.1" status: 200 len: 365 time: 0.0060833
2026-06-03 01:02:59.138 10 INFO neutron.wsgi [None req-26700dbc-2771-4b4b-b7c3-face64b9def4 a607a8cc56ee4a918facbb451c0e3831 16b608c7e5a0466292a36f2607bd47a5 - - default default] 199.204.45.229 "GET /v2.0/extensions/allowed-address-pairs HTTP/1.1" status: 200 len: 383 time: 0.0061564
2026-06-03 01:02:59.166 10 INFO neutron.api.v2.resource [None req-ff65bd9c-772a-43fc-9ef5-5b27361b1c78 a607a8cc56ee4a918facbb451c0e3831 16b608c7e5a0466292a36f2607bd47a5 - - default default] show failed (client error): The resource could not be found.
2026-06-03 01:02:59.168 10 INFO neutron.wsgi [None req-ff65bd9c-772a-43fc-9ef5-5b27361b1c78 a607a8cc56ee4a918facbb451c0e3831 16b608c7e5a0466292a36f2607bd47a5 - - default default] 199.204.45.229 "GET /v2.0/security-groups/lb-b5fdae0e-8b1f-4b26-8be1-d7e1517936c9 HTTP/1.1" status: 404 len: 355 time: 0.0187430
2026-06-03 01:02:59.227 10 INFO neutron.wsgi [None req-a00bfd0a-3bff-4b15-a83a-fc680e0ebd4b a607a8cc56ee4a918facbb451c0e3831 16b608c7e5a0466292a36f2607bd47a5 - - default default] 199.204.45.229 "GET /v2.0/security-groups?name=lb-b5fdae0e-8b1f-4b26-8be1-d7e1517936c9 HTTP/1.1" status: 200 len: 221 time: 0.0545609
2026-06-03 01:02:59.323 10 INFO neutron.wsgi [None req-6bd77d8b-096c-480d-a189-0d33f23823e0 a607a8cc56ee4a918facbb451c0e3831 16b608c7e5a0466292a36f2607bd47a5 - - default default] 10.0.0.147 "DELETE /v2.0/security-groups/34ded351-6dad-4dd2-9a01-f2c6db5b2042 HTTP/1.1" status: 204 len: 168 time: 0.4346685
2026-06-03 01:02:59.398 10 INFO neutron.db.ovn_revision_numbers_db [None req-8282bf5a-a36e-42af-8e2c-5c25d10a6f7a a607a8cc56ee4a918facbb451c0e3831 16b608c7e5a0466292a36f2607bd47a5 - - default default] Successfully bumped revision number for resource 7feaea03-acc5-45bc-980a-faa3c45c8a26 (type: security_groups) to 1
2026-06-03 01:02:59.417 10 INFO neutron.db.ovn_revision_numbers_db [None req-8282bf5a-a36e-42af-8e2c-5c25d10a6f7a a607a8cc56ee4a918facbb451c0e3831 16b608c7e5a0466292a36f2607bd47a5 - - default default] Successfully bumped revision number for resource 97a57233-6952-442a-8c39-c8e50ab4c69f (type: security_group_rules) to 0
2026-06-03 01:02:59.447 10 INFO neutron.db.ovn_revision_numbers_db [None req-8282bf5a-a36e-42af-8e2c-5c25d10a6f7a a607a8cc56ee4a918facbb451c0e3831 16b608c7e5a0466292a36f2607bd47a5 - - default default] Successfully bumped revision number for resource baeb0ab5-f8df-4dfe-af49-5379da24d366 (type: security_group_rules) to 0
2026-06-03 01:02:59.483 10 INFO neutron.wsgi [None req-8282bf5a-a36e-42af-8e2c-5c25d10a6f7a a607a8cc56ee4a918facbb451c0e3831 16b608c7e5a0466292a36f2607bd47a5 - - default default] 199.204.45.229 "POST /v2.0/security-groups HTTP/1.1" status: 201 len: 1777 time: 0.2503731
2026-06-03 01:02:59.531 10 INFO neutron.wsgi [None req-252d1dad-a023-4752-9ac2-b1f26c0bf576 a607a8cc56ee4a918facbb451c0e3831 16b608c7e5a0466292a36f2607bd47a5 - - default default] 199.204.45.229 "GET /v2.0/security-group-rules?security_group_id=7feaea03-acc5-45bc-980a-faa3c45c8a26 HTTP/1.1" status: 200 len: 1318 time: 0.0415590
2026-06-03 01:02:59.532 10 INFO neutron.db.ovn_revision_numbers_db [None req-e5553be6-ae30-4f54-b10f-8f548b4a0615 a607a8cc56ee4a918facbb451c0e3831 16b608c7e5a0466292a36f2607bd47a5 - - default default] Successfully bumped revision number for resource 63de04d1-7427-449e-a638-96f9591e1f97 (type: security_groups) to 1
2026-06-03 01:02:59.572 10 INFO neutron.db.ovn_revision_numbers_db [None req-e5553be6-ae30-4f54-b10f-8f548b4a0615 a607a8cc56ee4a918facbb451c0e3831 16b608c7e5a0466292a36f2607bd47a5 - - default default] Successfully bumped revision number for resource 25da3b89-c590-466b-baea-301c5779d3c6 (type: security_group_rules) to 0
2026-06-03 01:02:59.601 10 INFO neutron.db.ovn_revision_numbers_db [None req-e5553be6-ae30-4f54-b10f-8f548b4a0615 a607a8cc56ee4a918facbb451c0e3831 16b608c7e5a0466292a36f2607bd47a5 - - default default] Successfully bumped revision number for resource 5840d92b-ca9e-449f-be04-895d40fe6b3c (type: security_group_rules) to 0
2026-06-03 01:02:59.622 10 INFO neutron.db.ovn_revision_numbers_db [None req-e5553be6-ae30-4f54-b10f-8f548b4a0615 a607a8cc56ee4a918facbb451c0e3831 16b608c7e5a0466292a36f2607bd47a5 - - default default] Successfully bumped revision number for resource a8d6695c-b776-487d-97dd-5e534e783aa0 (type: security_group_rules) to 0
2026-06-03 01:02:59.645 10 INFO neutron.db.ovn_revision_numbers_db [None req-e5553be6-ae30-4f54-b10f-8f548b4a0615 a607a8cc56ee4a918facbb451c0e3831 16b608c7e5a0466292a36f2607bd47a5 - - default default] Successfully bumped revision number for resource c578e37c-708a-42b1-adb9-a6b7e73c8096 (type: security_group_rules) to 0
2026-06-03 01:02:59.690 10 INFO neutron.wsgi [None req-e5553be6-ae30-4f54-b10f-8f548b4a0615 a607a8cc56ee4a918facbb451c0e3831 16b608c7e5a0466292a36f2607bd47a5 - - default default] 10.0.0.147 "GET /v2.0/security-groups?tenant_id=7b0398f983414b208ae5a092a6225c43&name=default HTTP/1.1" status: 200 len: 2996 time: 0.7011950
2026-06-03 01:03:00.031 10 INFO neutron.wsgi [None req-f1359a28-0e58-427e-b977-2c7900a9e306 a607a8cc56ee4a918facbb451c0e3831 16b608c7e5a0466292a36f2607bd47a5 - - default default] 10.0.0.147 "DELETE /v2.0/security-groups/63de04d1-7427-449e-a638-96f9591e1f97 HTTP/1.1" status: 204 len: 168 time: 0.3347614
2026-06-03 01:03:00.047 10 INFO neutron.db.ovn_revision_numbers_db [None req-a9e6c2a3-4c68-4994-81e0-f5c463ca019c a607a8cc56ee4a918facbb451c0e3831 16b608c7e5a0466292a36f2607bd47a5 - - default default] Successfully bumped revision number for resource 5754547d-bee2-4fe4-969b-f1d265f9a698 (type: ports) to 2
2026-06-03 01:03:00.061 10 INFO neutron.wsgi [None req-a9e6c2a3-4c68-4994-81e0-f5c463ca019c a607a8cc56ee4a918facbb451c0e3831 16b608c7e5a0466292a36f2607bd47a5 - - default default] 199.204.45.229 "PUT /v2.0/ports/5754547d-bee2-4fe4-969b-f1d265f9a698 HTTP/1.1" status: 200 len: 1332 time: 0.5199721 /var/lib/openstack/lib/python3.10/site-packages/pycadf/identifier.py:71: UserWarning: Invalid uuid: neutron. To ensure interoperability, identifiers should be a valid uuid. warnings.warn(('Invalid uuid: %s. To ensure interoperability, '
2026-06-03 01:03:00.137 10 INFO neutron.wsgi [None req-9c088c3a-f6e1-4a27-902f-1d52eecc5798 a607a8cc56ee4a918facbb451c0e3831 16b608c7e5a0466292a36f2607bd47a5 - - default default] 199.204.45.229 "GET /v2.0/extensions/security-group HTTP/1.1" status: 200 len: 369 time: 0.0069740
2026-06-03 01:03:00.150 10 INFO neutron.wsgi [None req-db0bd46c-4ebb-4c4a-b0e3-b34c228ee643 a607a8cc56ee4a918facbb451c0e3831 16b608c7e5a0466292a36f2607bd47a5 - - default default] 199.204.45.229 "GET /v2.0/extensions/dns-integration HTTP/1.1" status: 200 len: 371 time: 0.0072205
2026-06-03 01:03:00.158 10 INFO neutron.wsgi [None req-3ad276cb-d9d7-4955-ab1a-3f8794063817 a607a8cc56ee4a918facbb451c0e3831 16b608c7e5a0466292a36f2607bd47a5 - - default default] 199.204.45.229 "GET /v2.0/extensions/qos HTTP/1.1" status: 200 len: 365 time: 0.0032644
2026-06-03 01:03:00.166 10 INFO neutron.wsgi [None req-a5dcc473-0625-4ef4-941a-6d53a472d3a0 a607a8cc56ee4a918facbb451c0e3831 16b608c7e5a0466292a36f2607bd47a5 - - default default] 199.204.45.229 "GET /v2.0/extensions/allowed-address-pairs HTTP/1.1" status: 200 len: 383 time: 0.0041285
2026-06-03 01:03:00.216 10 INFO neutron.wsgi [None req-df35a8a1-d9ce-4cc9-8c13-58322635c0d6 a607a8cc56ee4a918facbb451c0e3831 16b608c7e5a0466292a36f2607bd47a5 - - default default] 199.204.45.229 "GET /v2.0/subnets/bfb797e3-3d03-49fe-b177-618c2b73f9bf HTTP/1.1" status: 200 len: 851 time: 0.0428324
2026-06-03 01:03:00.286 9 INFO neutron.db.ovn_revision_numbers_db [None req-6dd470c1-86fc-4e9c-b056-9d4ab8d8b55d a607a8cc56ee4a918facbb451c0e3831 16b608c7e5a0466292a36f2607bd47a5 - - default default] Successfully bumped revision number for resource e3608883-c5db-4fa2-b843-7135f82991ca (type: security_groups) to 1
2026-06-03 01:03:00.304 9 INFO neutron.db.ovn_revision_numbers_db [None req-6dd470c1-86fc-4e9c-b056-9d4ab8d8b55d a607a8cc56ee4a918facbb451c0e3831 16b608c7e5a0466292a36f2607bd47a5 - - default default] Successfully bumped revision number for resource 1163c157-abd8-4633-b052-2f5125595502 (type: security_group_rules) to 0
2026-06-03 01:03:00.321 9 INFO neutron.db.ovn_revision_numbers_db [None req-6dd470c1-86fc-4e9c-b056-9d4ab8d8b55d a607a8cc56ee4a918facbb451c0e3831 16b608c7e5a0466292a36f2607bd47a5 - - default default] Successfully bumped revision number for resource 1d978a98-7c6d-40cd-982b-dae7f8532fa2 (type: security_group_rules) to 0
2026-06-03 01:03:00.340 9 INFO neutron.db.ovn_revision_numbers_db [None req-6dd470c1-86fc-4e9c-b056-9d4ab8d8b55d a607a8cc56ee4a918facbb451c0e3831 16b608c7e5a0466292a36f2607bd47a5 - - default default] Successfully bumped revision number for resource 84371f1f-97f1-4cc4-b134-2f8ad399e3fc (type: security_group_rules) to 0
2026-06-03 01:03:00.358 9 INFO neutron.db.ovn_revision_numbers_db [None req-6dd470c1-86fc-4e9c-b056-9d4ab8d8b55d a607a8cc56ee4a918facbb451c0e3831 16b608c7e5a0466292a36f2607bd47a5 - - default default] Successfully bumped revision number for resource f49dd1e1-750c-426e-8bc3-16ca04bce0fa (type: security_group_rules) to 0
2026-06-03 01:03:00.404 9 INFO neutron.wsgi [None req-6dd470c1-86fc-4e9c-b056-9d4ab8d8b55d a607a8cc56ee4a918facbb451c0e3831 16b608c7e5a0466292a36f2607bd47a5 - - default default] 10.0.0.147 "GET /v2.0/security-groups?tenant_id=cc9b1343e2434631968348455b85e660&name=default HTTP/1.1" status: 200 len: 2996 time: 0.2665646
2026-06-03 01:03:00.806 9 INFO neutron.wsgi [None req-118b5e22-c028-4338-9185-c8aaf4ea670a a607a8cc56ee4a918facbb451c0e3831 16b608c7e5a0466292a36f2607bd47a5 - - default default] 10.0.0.147 "DELETE /v2.0/security-groups/e3608883-c5db-4fa2-b843-7135f82991ca HTTP/1.1" status: 204 len: 168 time: 0.3956137
2026-06-03 01:03:02.702 9 INFO neutron.db.ovn_revision_numbers_db [None req-aef438d7-05e1-4577-9243-7ec397c4684a f1b07aa0f96841e1a55587e071e6e904 2a0923689c17404e8c7e2ce209ed5f89 - - default default] Successfully bumped revision number for resource 61503426-180c-4c8d-9b93-51a883fa908d (type: security_groups) to 1
2026-06-03 01:03:02.721 9 INFO neutron.db.ovn_revision_numbers_db [None req-aef438d7-05e1-4577-9243-7ec397c4684a f1b07aa0f96841e1a55587e071e6e904 2a0923689c17404e8c7e2ce209ed5f89 - - default default] Successfully bumped revision number for resource 077f5611-cb31-45e7-9369-bbda7e3da177 (type: security_group_rules) to 0
2026-06-03 01:03:02.741 9 INFO neutron.db.ovn_revision_numbers_db [None req-aef438d7-05e1-4577-9243-7ec397c4684a f1b07aa0f96841e1a55587e071e6e904 2a0923689c17404e8c7e2ce209ed5f89 - - default default] Successfully bumped revision number for resource 75ec16f7-d142-4fe4-b4d3-f510545a04d3 (type: security_group_rules) to 0
2026-06-03 01:03:02.762 9 INFO neutron.db.ovn_revision_numbers_db [None req-aef438d7-05e1-4577-9243-7ec397c4684a f1b07aa0f96841e1a55587e071e6e904 2a0923689c17404e8c7e2ce209ed5f89 - - default default] Successfully bumped revision number for resource 97f6a274-232c-433c-9f66-9d031d01a0ac (type: security_group_rules) to 0
2026-06-03 01:03:02.779 9 INFO neutron.db.ovn_revision_numbers_db [None req-aef438d7-05e1-4577-9243-7ec397c4684a f1b07aa0f96841e1a55587e071e6e904 2a0923689c17404e8c7e2ce209ed5f89 - - default default] Successfully bumped revision number for resource 9ef3f68e-ee51-4d33-818a-eac64cdc718f (type: security_group_rules) to 0
2026-06-03 01:03:02.832 9 INFO neutron.db.segments_db [None req-aef438d7-05e1-4577-9243-7ec397c4684a f1b07aa0f96841e1a55587e071e6e904 2a0923689c17404e8c7e2ce209ed5f89 - - default default] Added segment b80f8e86-44bf-4b6a-bd44-fa242942d5cc of type geneve for network 921ee068-7a86-455c-bd22-c1e8c780d8a1
2026-06-03 01:03:03.030 9 INFO neutron.db.ovn_revision_numbers_db [None req-aef438d7-05e1-4577-9243-7ec397c4684a f1b07aa0f96841e1a55587e071e6e904 2a0923689c17404e8c7e2ce209ed5f89 - - default default] Successfully bumped revision number for resource 921ee068-7a86-455c-bd22-c1e8c780d8a1 (type: networks) to 1
2026-06-03 01:03:03.282 9 WARNING neutron.scheduler.dhcp_agent_scheduler [None req-aef438d7-05e1-4577-9243-7ec397c4684a f1b07aa0f96841e1a55587e071e6e904 2a0923689c17404e8c7e2ce209ed5f89 - - default default] No more DHCP agents
2026-06-03 01:03:03.285 9 WARNING neutron.api.rpc.agentnotifiers.dhcp_rpc_agent_api [None req-aef438d7-05e1-4577-9243-7ec397c4684a f1b07aa0f96841e1a55587e071e6e904 2a0923689c17404e8c7e2ce209ed5f89 - - default default] Unable to schedule network 921ee068-7a86-455c-bd22-c1e8c780d8a1: no agents available; will retry on subsequent port and subnet creation events.
2026-06-03 01:03:03.394 9 INFO neutron.db.ovn_revision_numbers_db [None req-aef438d7-05e1-4577-9243-7ec397c4684a f1b07aa0f96841e1a55587e071e6e904 2a0923689c17404e8c7e2ce209ed5f89 - - default default] Successfully bumped revision number for resource ff23c4b6-01bb-41b9-89c4-7ef735d771f1 (type: ports) to 1
2026-06-03 01:03:03.427 9 INFO neutron.wsgi [None req-aef438d7-05e1-4577-9243-7ec397c4684a f1b07aa0f96841e1a55587e071e6e904 2a0923689c17404e8c7e2ce209ed5f89 - - default default] 10.0.0.147 "POST /v2.0/networks HTTP/1.1" status: 201 len: 929 time: 0.9989855
2026-06-03 01:03:03.636 9 WARNING neutron.scheduler.dhcp_agent_scheduler [None req-766392d9-cc5a-4777-81b9-679d95a3d169 f1b07aa0f96841e1a55587e071e6e904 2a0923689c17404e8c7e2ce209ed5f89 - - default default] No more DHCP agents
2026-06-03 01:03:03.639 9 WARNING neutron.api.rpc.agentnotifiers.dhcp_rpc_agent_api [None req-766392d9-cc5a-4777-81b9-679d95a3d169 f1b07aa0f96841e1a55587e071e6e904 2a0923689c17404e8c7e2ce209ed5f89 - - default default] Unable to schedule network 921ee068-7a86-455c-bd22-c1e8c780d8a1: no agents available; will retry on subsequent port and subnet creation events.
2026-06-03 01:03:04.221 9 INFO neutron.db.ovn_revision_numbers_db [None req-766392d9-cc5a-4777-81b9-679d95a3d169 f1b07aa0f96841e1a55587e071e6e904 2a0923689c17404e8c7e2ce209ed5f89 - - default default] Successfully bumped revision number for resource ff23c4b6-01bb-41b9-89c4-7ef735d771f1 (type: ports) to 2
2026-06-03 01:03:04.260 9 INFO neutron.db.ovn_revision_numbers_db [None req-766392d9-cc5a-4777-81b9-679d95a3d169 f1b07aa0f96841e1a55587e071e6e904 2a0923689c17404e8c7e2ce209ed5f89 - - default default] Successfully bumped revision number for resource 6f858442-411e-41d2-b70c-826d84e4c723 (type: subnets) to 0
2026-06-03 01:03:04.279 9 INFO neutron.wsgi [None req-766392d9-cc5a-4777-81b9-679d95a3d169 f1b07aa0f96841e1a55587e071e6e904 2a0923689c17404e8c7e2ce209ed5f89 - - default default] 10.0.0.147 "POST /v2.0/subnets HTTP/1.1" status: 201 len: 819 time: 0.8467329
