2026-06-03 01:03:26.442 10 WARNING neutron.scheduler.dhcp_agent_scheduler [None req-74bf52e3-6b11-43cc-932c-cb90d0e668f1 2c7b945c60c644cbbfe0128f0703cd42 aefbc8acd99e4d20ab2053bfc0aa588c - - default default] No more DHCP agents
2026-06-03 01:03:26.445 10 WARNING neutron.api.rpc.agentnotifiers.dhcp_rpc_agent_api [None req-74bf52e3-6b11-43cc-932c-cb90d0e668f1 2c7b945c60c644cbbfe0128f0703cd42 aefbc8acd99e4d20ab2053bfc0aa588c - - default default] Unable to schedule network 6101c3a8-53e3-40b4-abd4-258e014b7366: no agents available; will retry on subsequent port and subnet creation events.
2026-06-03 01:03:26.496 10 INFO neutron.wsgi [-] 10.0.0.209 "GET / HTTP/1.1" status: 200 len: 247 time: 0.0023773
2026-06-03 01:03:26.503 10 INFO neutron.wsgi [-] 10.0.0.209 "GET / HTTP/1.1" status: 200 len: 247 time: 0.0058563
2026-06-03 01:03:26.550 10 INFO neutron.db.ovn_revision_numbers_db [None req-74bf52e3-6b11-43cc-932c-cb90d0e668f1 2c7b945c60c644cbbfe0128f0703cd42 aefbc8acd99e4d20ab2053bfc0aa588c - - default default] Successfully bumped revision number for resource 42884dcb-71d9-4eb3-a98f-b4bd0b8f3d37 (type: ports) to 1
2026-06-03 01:03:26.590 10 INFO neutron.wsgi [None req-74bf52e3-6b11-43cc-932c-cb90d0e668f1 2c7b945c60c644cbbfe0128f0703cd42 aefbc8acd99e4d20ab2053bfc0aa588c - - default default] 10.0.0.147 "POST /v2.0/ports HTTP/1.1" status: 201 len: 977 time: 0.4711943
2026-06-03 01:03:26.605 9 WARNING neutron_lib.context [None req-0eb363fd-6e08-466d-8c13-118398b8de67 2c7b945c60c644cbbfe0128f0703cd42 aefbc8acd99e4d20ab2053bfc0aa588c - - default default] Method 'is_advsvc' is deprecated since 2023.2 release (neutron-lib 3.8.0) and will be removed once support for the old RBAC API policies will be removed from Neutron. Please use method 'is_service_role' instead.
2026-06-03 01:03:26.618 9 INFO neutron.db.ovn_revision_numbers_db [None req-3e8dcae2-9155-4da5-b3a7-8573b6c731d7 b8cc157f82754095a020ee957367ab15 9134f727aae54209977f58e9ea76239b - - default default] Successfully bumped revision number for resource d16c4391-ce10-429a-93bc-602472dbb7d9 (type: router_ports) to 2
2026-06-03 01:03:26.621 9 INFO neutron.wsgi [None req-3e8dcae2-9155-4da5-b3a7-8573b6c731d7 b8cc157f82754095a020ee957367ab15 9134f727aae54209977f58e9ea76239b - - default default] 10.0.0.147 "PUT /v2.0/routers/0cbefab7-a7bb-4ab6-8d58-f8a318eefeab/add_router_interface HTTP/1.1" status: 200 len: 503 time: 3.2917540 /var/lib/openstack/lib/python3.10/site-packages/pycadf/identifier.py:71: UserWarning: Invalid uuid: neutron. To ensure interoperability, identifiers should be a valid uuid. warnings.warn(('Invalid uuid: %s. To ensure interoperability, '
2026-06-03 01:03:26.715 9 INFO neutron.db.segments_db [None req-0eb363fd-6e08-466d-8c13-118398b8de67 2c7b945c60c644cbbfe0128f0703cd42 aefbc8acd99e4d20ab2053bfc0aa588c - - default default] Added segment 2aefa135-d31f-4a74-be31-313faaeb5437 of type geneve for network 1ecfd7b6-e9b1-4a30-8be5-d234d2138d12
2026-06-03 01:03:26.752 9 WARNING neutron.scheduler.dhcp_agent_scheduler [None req-ede90845-3aa3-4320-98cd-1cd021825677 82513a13e06a4536bc3fdbd637fd949f 1cb1b44bd9e5449f90009ea505809969 - - default default] No more DHCP agents
2026-06-03 01:03:26.755 10 INFO neutron.wsgi [None req-2a1f7354-d802-4ffa-9dc0-58189e66b00b 4af5fff9cb5d44e08af4db11e56ec056 c67f5d25c4f74bffacc70cb442bbc3e1 - - default default] 10.0.0.147 "GET /v2.0/networks HTTP/1.1" status: 200 len: 9031 time: 0.1272910
2026-06-03 01:03:26.756 9 WARNING neutron.api.rpc.agentnotifiers.dhcp_rpc_agent_api [None req-ede90845-3aa3-4320-98cd-1cd021825677 82513a13e06a4536bc3fdbd637fd949f 1cb1b44bd9e5449f90009ea505809969 - - default default] Unable to schedule network 4f05cef2-5098-4505-b586-f1a4fcf82954: no agents available; will retry on subsequent port and subnet creation events.
2026-06-03 01:03:26.848 10 INFO neutron.wsgi [None req-2039973e-d86e-4cf1-9b62-e560da32f668 4af5fff9cb5d44e08af4db11e56ec056 c67f5d25c4f74bffacc70cb442bbc3e1 - - default default] 10.0.0.147 "GET /v2.0/subnets HTTP/1.1" status: 200 len: 6157 time: 0.0654190
2026-06-03 01:03:26.909 9 INFO neutron.db.ovn_revision_numbers_db [None req-ede90845-3aa3-4320-98cd-1cd021825677 82513a13e06a4536bc3fdbd637fd949f 1cb1b44bd9e5449f90009ea505809969 - - default default] Successfully bumped revision number for resource 3205081d-0cb3-473c-80be-2adaba6f3834 (type: ports) to 1
2026-06-03 01:03:26.944 9 INFO neutron.wsgi [None req-ede90845-3aa3-4320-98cd-1cd021825677 82513a13e06a4536bc3fdbd637fd949f 1cb1b44bd9e5449f90009ea505809969 - - default default] 10.0.0.147 "POST /v2.0/ports HTTP/1.1" status: 201 len: 942 time: 0.6128030
2026-06-03 01:03:26.945 9 INFO neutron.db.ovn_revision_numbers_db [None req-0eb363fd-6e08-466d-8c13-118398b8de67 2c7b945c60c644cbbfe0128f0703cd42 aefbc8acd99e4d20ab2053bfc0aa588c - - default default] Successfully bumped revision number for resource 1ecfd7b6-e9b1-4a30-8be5-d234d2138d12 (type: networks) to 1
2026-06-03 01:03:26.962 10 WARNING neutron_lib.context [None req-e2354225-10ea-430f-9103-631f3ec15ba8 82513a13e06a4536bc3fdbd637fd949f 1cb1b44bd9e5449f90009ea505809969 - - default default] Method 'is_advsvc' is deprecated since 2023.2 release (neutron-lib 3.8.0) and will be removed once support for the old RBAC API policies will be removed from Neutron. Please use method 'is_service_role' instead.
2026-06-03 01:03:26.968 10 INFO neutron.wsgi [None req-bd684d63-91ab-4089-88df-87e498a9125c 4af5fff9cb5d44e08af4db11e56ec056 c67f5d25c4f74bffacc70cb442bbc3e1 - - default default] 10.0.0.147 "GET /v2.0/routers HTTP/1.1" status: 200 len: 1542 time: 0.1121080
2026-06-03 01:03:27.048 10 WARNING neutron_lib.context [None req-25fb113a-d5b0-4c96-99ed-1d9d9f9bf4c5 b8cc157f82754095a020ee957367ab15 9134f727aae54209977f58e9ea76239b - - default default] Method 'is_advsvc' is deprecated since 2023.2 release (neutron-lib 3.8.0) and will be removed once support for the old RBAC API policies will be removed from Neutron. Please use method 'is_service_role' instead.
2026-06-03 01:03:27.068 10 INFO neutron.db.segments_db [None req-e2354225-10ea-430f-9103-631f3ec15ba8 82513a13e06a4536bc3fdbd637fd949f 1cb1b44bd9e5449f90009ea505809969 - - default default] Added segment 7f104496-0cc5-4fef-8d82-4855746430fa of type geneve for network 97f0a92c-dea4-4cdb-892e-35f639644388
2026-06-03 01:03:27.172 9 WARNING neutron.scheduler.dhcp_agent_scheduler [None req-0eb363fd-6e08-466d-8c13-118398b8de67 2c7b945c60c644cbbfe0128f0703cd42 aefbc8acd99e4d20ab2053bfc0aa588c - - default default] No more DHCP agents
2026-06-03 01:03:27.174 9 WARNING neutron.api.rpc.agentnotifiers.dhcp_rpc_agent_api [None req-0eb363fd-6e08-466d-8c13-118398b8de67 2c7b945c60c644cbbfe0128f0703cd42 aefbc8acd99e4d20ab2053bfc0aa588c - - default default] Unable to schedule network 1ecfd7b6-e9b1-4a30-8be5-d234d2138d12: no agents available; will retry on subsequent port and subnet creation events.
2026-06-03 01:03:27.275 9 INFO neutron.db.ovn_revision_numbers_db [None req-0eb363fd-6e08-466d-8c13-118398b8de67 2c7b945c60c644cbbfe0128f0703cd42 aefbc8acd99e4d20ab2053bfc0aa588c - - default default] Successfully bumped revision number for resource e483f7a2-e690-4fb4-9741-063663ad3bd0 (type: ports) to 1
2026-06-03 01:03:27.279 10 INFO neutron.db.ovn_revision_numbers_db [None req-e2354225-10ea-430f-9103-631f3ec15ba8 82513a13e06a4536bc3fdbd637fd949f 1cb1b44bd9e5449f90009ea505809969 - - default default] Successfully bumped revision number for resource 97f0a92c-dea4-4cdb-892e-35f639644388 (type: networks) to 1
2026-06-03 01:03:27.292 10 INFO neutron.db.ovn_revision_numbers_db [None req-25fb113a-d5b0-4c96-99ed-1d9d9f9bf4c5 b8cc157f82754095a020ee957367ab15 9134f727aae54209977f58e9ea76239b - - default default] Successfully bumped revision number for resource d7be83e8-2883-4f22-9b9c-89016f37df5c (type: security_groups) to 1
2026-06-03 01:03:27.301 9 INFO neutron.wsgi [None req-0eb363fd-6e08-466d-8c13-118398b8de67 2c7b945c60c644cbbfe0128f0703cd42 aefbc8acd99e4d20ab2053bfc0aa588c - - default default] 10.0.0.147 "POST /v2.0/networks HTTP/1.1" status: 201 len: 834 time: 0.7041309 /var/lib/openstack/lib/python3.10/site-packages/pycadf/identifier.py:71: UserWarning: Invalid uuid: neutron. To ensure interoperability, identifiers should be a valid uuid. warnings.warn(('Invalid uuid: %s. To ensure interoperability, '
2026-06-03 01:03:27.313 9 WARNING neutron_lib.context [None req-c6a6c4cf-2266-4f9b-9747-2073dc4aad4a 2c7b945c60c644cbbfe0128f0703cd42 aefbc8acd99e4d20ab2053bfc0aa588c - - default default] Method 'is_advsvc' is deprecated since 2023.2 release (neutron-lib 3.8.0) and will be removed once support for the old RBAC API policies will be removed from Neutron. Please use method 'is_service_role' instead.
2026-06-03 01:03:27.329 10 INFO neutron.db.ovn_revision_numbers_db [None req-25fb113a-d5b0-4c96-99ed-1d9d9f9bf4c5 b8cc157f82754095a020ee957367ab15 9134f727aae54209977f58e9ea76239b - - default default] Successfully bumped revision number for resource 5fc61a9c-a9ea-43e1-93c2-c96da2796c0b (type: security_group_rules) to 0
2026-06-03 01:03:27.368 10 INFO neutron.db.ovn_revision_numbers_db [None req-25fb113a-d5b0-4c96-99ed-1d9d9f9bf4c5 b8cc157f82754095a020ee957367ab15 9134f727aae54209977f58e9ea76239b - - default default] Successfully bumped revision number for resource 86d2fe9a-573d-4c86-b1f2-61daae9d9c81 (type: security_group_rules) to 0
2026-06-03 01:03:27.411 10 INFO neutron.wsgi [None req-25fb113a-d5b0-4c96-99ed-1d9d9f9bf4c5 b8cc157f82754095a020ee957367ab15 9134f727aae54209977f58e9ea76239b - - default default] 10.0.0.147 "POST /v2.0/security-groups HTTP/1.1" status: 201 len: 1807 time: 0.3678250
2026-06-03 01:03:27.424 9 WARNING neutron_lib.context [None req-461afbed-d371-47c0-a93a-a05deff3cde9 b8cc157f82754095a020ee957367ab15 9134f727aae54209977f58e9ea76239b - - default default] Method 'is_advsvc' is deprecated since 2023.2 release (neutron-lib 3.8.0) and will be removed once support for the old RBAC API policies will be removed from Neutron. Please use method 'is_service_role' instead.
2026-06-03 01:03:27.530 10 WARNING neutron.scheduler.dhcp_agent_scheduler [None req-e2354225-10ea-430f-9103-631f3ec15ba8 82513a13e06a4536bc3fdbd637fd949f 1cb1b44bd9e5449f90009ea505809969 - - default default] No more DHCP agents
2026-06-03 01:03:27.532 10 WARNING neutron.api.rpc.agentnotifiers.dhcp_rpc_agent_api [None req-e2354225-10ea-430f-9103-631f3ec15ba8 82513a13e06a4536bc3fdbd637fd949f 1cb1b44bd9e5449f90009ea505809969 - - default default] Unable to schedule network 97f0a92c-dea4-4cdb-892e-35f639644388: no agents available; will retry on subsequent port and subnet creation events.
2026-06-03 01:03:27.626 9 WARNING neutron.scheduler.dhcp_agent_scheduler [None req-c6a6c4cf-2266-4f9b-9747-2073dc4aad4a 2c7b945c60c644cbbfe0128f0703cd42 aefbc8acd99e4d20ab2053bfc0aa588c - - default default] No more DHCP agents
2026-06-03 01:03:27.630 9 WARNING neutron.api.rpc.agentnotifiers.dhcp_rpc_agent_api [None req-c6a6c4cf-2266-4f9b-9747-2073dc4aad4a 2c7b945c60c644cbbfe0128f0703cd42 aefbc8acd99e4d20ab2053bfc0aa588c - - default default] Unable to schedule network 1ecfd7b6-e9b1-4a30-8be5-d234d2138d12: no agents available; will retry on subsequent port and subnet creation events.
2026-06-03 01:03:27.637 10 INFO neutron.db.ovn_revision_numbers_db [None req-e2354225-10ea-430f-9103-631f3ec15ba8 82513a13e06a4536bc3fdbd637fd949f 1cb1b44bd9e5449f90009ea505809969 - - default default] Successfully bumped revision number for resource 8185816e-5246-4138-a4c6-da5c4a876011 (type: ports) to 1
2026-06-03 01:03:27.652 9 INFO neutron.db.ovn_revision_numbers_db [None req-461afbed-d371-47c0-a93a-a05deff3cde9 b8cc157f82754095a020ee957367ab15 9134f727aae54209977f58e9ea76239b - - default default] Successfully bumped revision number for resource 4b3f80f5-8137-4fc3-9d5c-f3e15b8ce706 (type: security_group_rules) to 0
2026-06-03 01:03:27.675 10 INFO neutron.wsgi [None req-e2354225-10ea-430f-9103-631f3ec15ba8 82513a13e06a4536bc3fdbd637fd949f 1cb1b44bd9e5449f90009ea505809969 - - default default] 10.0.0.147 "POST /v2.0/networks HTTP/1.1" status: 201 len: 830 time: 0.7213745
2026-06-03 01:03:27.690 10 WARNING neutron_lib.context [None req-f9f66049-4ce1-4c35-b30c-2cf7cd951f01 82513a13e06a4536bc3fdbd637fd949f 1cb1b44bd9e5449f90009ea505809969 - - default default] Method 'is_advsvc' is deprecated since 2023.2 release (neutron-lib 3.8.0) and will be removed once support for the old RBAC API policies will be removed from Neutron. Please use method 'is_service_role' instead.
2026-06-03 01:03:27.693 9 INFO neutron.wsgi [None req-461afbed-d371-47c0-a93a-a05deff3cde9 b8cc157f82754095a020ee957367ab15 9134f727aae54209977f58e9ea76239b - - default default] 10.0.0.147 "POST /v2.0/security-group-rules HTTP/1.1" status: 201 len: 764 time: 0.2755833
2026-06-03 01:03:27.694 9 INFO neutron.db.ovn_revision_numbers_db [None req-c6a6c4cf-2266-4f9b-9747-2073dc4aad4a 2c7b945c60c644cbbfe0128f0703cd42 aefbc8acd99e4d20ab2053bfc0aa588c - - default default] Successfully bumped revision number for resource c18f00e0-e348-4d31-8c1e-818a25287869 (type: subnets) to 0
2026-06-03 01:03:27.704 9 WARNING neutron_lib.context [None req-6dc919f3-0e78-4aab-9e8f-2189deda032d b8cc157f82754095a020ee957367ab15 9134f727aae54209977f58e9ea76239b - - default default] Method 'is_advsvc' is deprecated since 2023.2 release (neutron-lib 3.8.0) and will be removed once support for the old RBAC API policies will be removed from Neutron. Please use method 'is_service_role' instead.
2026-06-03 01:03:27.722 9 INFO neutron.wsgi [None req-c6a6c4cf-2266-4f9b-9747-2073dc4aad4a 2c7b945c60c644cbbfe0128f0703cd42 aefbc8acd99e4d20ab2053bfc0aa588c - - default default] 10.0.0.147 "POST /v2.0/subnets HTTP/1.1" status: 201 len: 821 time: 0.4147415
2026-06-03 01:03:27.734 10 WARNING neutron_lib.context [None req-c84b09d5-70e7-4ebc-b0c9-19bd64b91e77 2c7b945c60c644cbbfe0128f0703cd42 aefbc8acd99e4d20ab2053bfc0aa588c - - default default] Method 'is_advsvc' is deprecated since 2023.2 release (neutron-lib 3.8.0) and will be removed once support for the old RBAC API policies will be removed from Neutron. Please use method 'is_service_role' instead.
2026-06-03 01:03:27.844 9 INFO neutron.db.ovn_revision_numbers_db [None req-6dc919f3-0e78-4aab-9e8f-2189deda032d b8cc157f82754095a020ee957367ab15 9134f727aae54209977f58e9ea76239b - - default default] Successfully bumped revision number for resource 6c49473e-39e4-4274-954f-7a3b5f2cfca3 (type: security_group_rules) to 0
2026-06-03 01:03:27.878 9 INFO neutron.wsgi [None req-6dc919f3-0e78-4aab-9e8f-2189deda032d b8cc157f82754095a020ee957367ab15 9134f727aae54209977f58e9ea76239b - - default default] 10.0.0.147 "POST /v2.0/security-group-rules HTTP/1.1" status: 201 len: 763 time: 0.1793327
2026-06-03 01:03:27.892 9 WARNING neutron_lib.context [None req-5f7ab708-0791-493e-b7e6-f5d622fd0978 b8cc157f82754095a020ee957367ab15 9134f727aae54209977f58e9ea76239b - - default default] Method 'is_advsvc' is deprecated since 2023.2 release (neutron-lib 3.8.0) and will be removed once support for the old RBAC API policies will be removed from Neutron. Please use method 'is_service_role' instead.
2026-06-03 01:03:28.060 9 INFO neutron.db.ovn_revision_numbers_db [None req-5f7ab708-0791-493e-b7e6-f5d622fd0978 b8cc157f82754095a020ee957367ab15 9134f727aae54209977f58e9ea76239b - - default default] Successfully bumped revision number for resource ed8746b6-4a60-47bc-8def-3a85f4c85b9e (type: security_group_rules) to 0
2026-06-03 01:03:28.096 9 INFO neutron.wsgi [None req-5f7ab708-0791-493e-b7e6-f5d622fd0978 b8cc157f82754095a020ee957367ab15 9134f727aae54209977f58e9ea76239b - - default default] 10.0.0.147 "POST /v2.0/security-group-rules HTTP/1.1" status: 201 len: 769 time: 0.2104690
2026-06-03 01:03:28.109 9 WARNING neutron_lib.context [None req-25006b2f-94c1-4f9d-bf59-976b02c72592 b8cc157f82754095a020ee957367ab15 9134f727aae54209977f58e9ea76239b - - default default] Method 'is_advsvc' is deprecated since 2023.2 release (neutron-lib 3.8.0) and will be removed once support for the old RBAC API policies will be removed from Neutron. Please use method 'is_service_role' instead.
2026-06-03 01:03:28.152 10 WARNING neutron.scheduler.dhcp_agent_scheduler [None req-f9f66049-4ce1-4c35-b30c-2cf7cd951f01 82513a13e06a4536bc3fdbd637fd949f 1cb1b44bd9e5449f90009ea505809969 - - default default] No more DHCP agents
2026-06-03 01:03:28.159 10 WARNING neutron.api.rpc.agentnotifiers.dhcp_rpc_agent_api [None req-f9f66049-4ce1-4c35-b30c-2cf7cd951f01 82513a13e06a4536bc3fdbd637fd949f 1cb1b44bd9e5449f90009ea505809969 - - default default] Unable to schedule network 97f0a92c-dea4-4cdb-892e-35f639644388: no agents available; will retry on subsequent port and subnet creation events.
2026-06-03 01:03:28.274 9 INFO neutron.db.ovn_revision_numbers_db [None req-25006b2f-94c1-4f9d-bf59-976b02c72592 b8cc157f82754095a020ee957367ab15 9134f727aae54209977f58e9ea76239b - - default default] Successfully bumped revision number for resource ccf7d60e-8e04-4428-ae3f-dee53b635c35 (type: security_group_rules) to 0
2026-06-03 01:03:28.309 9 INFO neutron.wsgi [None req-25006b2f-94c1-4f9d-bf59-976b02c72592 b8cc157f82754095a020ee957367ab15 9134f727aae54209977f58e9ea76239b - - default default] 10.0.0.147 "POST /v2.0/security-group-rules HTTP/1.1" status: 201 len: 768 time: 0.2054362
2026-06-03 01:03:28.314 10 INFO neutron.db.ovn_revision_numbers_db [None req-f9f66049-4ce1-4c35-b30c-2cf7cd951f01 82513a13e06a4536bc3fdbd637fd949f 1cb1b44bd9e5449f90009ea505809969 - - default default] Successfully bumped revision number for resource 40cd51ab-d29e-44fa-8a70-58b3f6cfa8ae (type: ports) to 1
2026-06-03 01:03:28.321 9 WARNING neutron_lib.context [None req-6b06ae96-a0c7-48f5-a701-d44ddd706142 b8cc157f82754095a020ee957367ab15 9134f727aae54209977f58e9ea76239b - - default default] Method 'is_advsvc' is deprecated since 2023.2 release (neutron-lib 3.8.0) and will be removed once support for the old RBAC API policies will be removed from Neutron. Please use method 'is_service_role' instead.
2026-06-03 01:03:28.343 9 INFO neutron.db.securitygroups_db [None req-6b06ae96-a0c7-48f5-a701-d44ddd706142 b8cc157f82754095a020ee957367ab15 9134f727aae54209977f58e9ea76239b - - default default] Project 9134f727aae54209977f58e9ea76239b added a security group rule with legacy IPv6 ICMP protocol name icmp, ipv6-icmp should be used instead. It was automatically converted.
2026-06-03 01:03:28.356 10 WARNING neutron.scheduler.dhcp_agent_scheduler [None req-c84b09d5-70e7-4ebc-b0c9-19bd64b91e77 2c7b945c60c644cbbfe0128f0703cd42 aefbc8acd99e4d20ab2053bfc0aa588c - - default default] No more DHCP agents
2026-06-03 01:03:28.361 10 WARNING neutron.api.rpc.agentnotifiers.dhcp_rpc_agent_api [None req-c84b09d5-70e7-4ebc-b0c9-19bd64b91e77 2c7b945c60c644cbbfe0128f0703cd42 aefbc8acd99e4d20ab2053bfc0aa588c - - default default] Unable to schedule network 1ecfd7b6-e9b1-4a30-8be5-d234d2138d12: no agents available; will retry on subsequent port and subnet creation events.
2026-06-03 01:03:28.370 10 INFO neutron.wsgi [None req-f9f66049-4ce1-4c35-b30c-2cf7cd951f01 82513a13e06a4536bc3fdbd637fd949f 1cb1b44bd9e5449f90009ea505809969 - - default default] 10.0.0.147 "POST /v2.0/ports HTTP/1.1" status: 201 len: 942 time: 0.6874146 /var/lib/openstack/lib/python3.10/site-packages/pycadf/identifier.py:71: UserWarning: Invalid uuid: neutron. To ensure interoperability, identifiers should be a valid uuid. warnings.warn(('Invalid uuid: %s. To ensure interoperability, '
2026-06-03 01:03:28.460 9 INFO neutron.db.ovn_revision_numbers_db [None req-6b06ae96-a0c7-48f5-a701-d44ddd706142 b8cc157f82754095a020ee957367ab15 9134f727aae54209977f58e9ea76239b - - default default] Successfully bumped revision number for resource c728762b-920e-47ac-acc9-3c30c209bf62 (type: security_group_rules) to 0
2026-06-03 01:03:28.470 10 INFO neutron.wsgi [None req-ba9dc034-08ae-47bd-8734-d8ccd6d3d6c5 82513a13e06a4536bc3fdbd637fd949f 1cb1b44bd9e5449f90009ea505809969 - - default default] 10.0.0.147 "PUT /v2.0/ports/de5cbc7a-c023-4a0f-9dff-dba614642687/tags HTTP/1.1" status: 200 len: 210 time: 0.0922935
2026-06-03 01:03:28.505 9 INFO neutron.wsgi [None req-6b06ae96-a0c7-48f5-a701-d44ddd706142 b8cc157f82754095a020ee957367ab15 9134f727aae54209977f58e9ea76239b - - default default] 10.0.0.147 "POST /v2.0/security-group-rules HTTP/1.1" status: 201 len: 774 time: 0.1899035
2026-06-03 01:03:28.522 9 WARNING neutron_lib.context [None req-eb19c7ed-b1a3-4705-8f56-179e671f9cf4 b8cc157f82754095a020ee957367ab15 9134f727aae54209977f58e9ea76239b - - default default] Method 'is_advsvc' is deprecated since 2023.2 release (neutron-lib 3.8.0) and will be removed once support for the old RBAC API policies will be removed from Neutron. Please use method 'is_service_role' instead.
2026-06-03 01:03:28.544 9 INFO neutron.wsgi [None req-b35915f5-eb26-44de-9186-0bc54e553718 82513a13e06a4536bc3fdbd637fd949f 1cb1b44bd9e5449f90009ea505809969 - - default default] 10.0.0.147 "PUT /v2.0/ports/687179cb-efb2-441f-8d94-4467f19a9270/tags HTTP/1.1" status: 200 len: 218 time: 0.0665019
2026-06-03 01:03:28.545 9 INFO neutron.db.securitygroups_db [None req-eb19c7ed-b1a3-4705-8f56-179e671f9cf4 b8cc157f82754095a020ee957367ab15 9134f727aae54209977f58e9ea76239b - - default default] Project 9134f727aae54209977f58e9ea76239b added a security group rule with legacy IPv6 ICMP protocol name icmp, ipv6-icmp should be used instead. It was automatically converted.
2026-06-03 01:03:28.549 10 INFO neutron.db.ovn_revision_numbers_db [None req-c84b09d5-70e7-4ebc-b0c9-19bd64b91e77 2c7b945c60c644cbbfe0128f0703cd42 aefbc8acd99e4d20ab2053bfc0aa588c - - default default] Successfully bumped revision number for resource 949aaf69-fffc-458a-ab07-da22ed3bcda3 (type: ports) to 1
2026-06-03 01:03:28.576 10 INFO neutron.wsgi [None req-c84b09d5-70e7-4ebc-b0c9-19bd64b91e77 2c7b945c60c644cbbfe0128f0703cd42 aefbc8acd99e4d20ab2053bfc0aa588c - - default default] 10.0.0.147 "POST /v2.0/ports HTTP/1.1" status: 201 len: 1164 time: 0.8483551
2026-06-03 01:03:28.613 9 INFO neutron.wsgi [None req-54c1779b-8db0-4f7b-acc2-e104850a8d07 82513a13e06a4536bc3fdbd637fd949f 1cb1b44bd9e5449f90009ea505809969 - - default default] 10.0.0.147 "PUT /v2.0/ports/188be87e-7a53-4af8-90b4-5f8984c99039/tags HTTP/1.1" status: 200 len: 227 time: 0.0622456
2026-06-03 01:03:28.681 9 INFO neutron.db.ovn_revision_numbers_db [None req-eb19c7ed-b1a3-4705-8f56-179e671f9cf4 b8cc157f82754095a020ee957367ab15 9134f727aae54209977f58e9ea76239b - - default default] Successfully bumped revision number for resource 13562e99-df8c-4b78-8c63-ea7e03ccca56 (type: security_group_rules) to 0
2026-06-03 01:03:28.707 9 INFO neutron.wsgi [None req-eb19c7ed-b1a3-4705-8f56-179e671f9cf4 b8cc157f82754095a020ee957367ab15 9134f727aae54209977f58e9ea76239b - - default default] 10.0.0.147 "POST /v2.0/security-group-rules HTTP/1.1" status: 201 len: 773 time: 0.1912351
2026-06-03 01:03:28.711 10 INFO neutron.wsgi [None req-e2bd3976-2eeb-48cd-b936-78b1ac79facf 82513a13e06a4536bc3fdbd637fd949f 1cb1b44bd9e5449f90009ea505809969 - - default default] 10.0.0.147 "PUT /v2.0/ports/3205081d-0cb3-473c-80be-2adaba6f3834/tags HTTP/1.1" status: 200 len: 212 time: 0.0902557
2026-06-03 01:03:28.980 9 INFO neutron.wsgi [None req-1bff028c-6af0-4dd3-94b3-f18b53c23d09 82513a13e06a4536bc3fdbd637fd949f 1cb1b44bd9e5449f90009ea505809969 - - default default] 10.0.0.147 "GET /v2.0/ports?tags=red HTTP/1.1" status: 200 len: 2448 time: 0.2619529
2026-06-03 01:03:29.035 10 INFO neutron.wsgi [None req-11167091-46d6-4368-a567-e195b5388e53 2c7b945c60c644cbbfe0128f0703cd42 aefbc8acd99e4d20ab2053bfc0aa588c - - default default] 10.0.0.147 "DELETE /v2.0/ports/949aaf69-fffc-458a-ab07-da22ed3bcda3 HTTP/1.1" status: 204 len: 168 time: 0.4529915
2026-06-03 01:03:29.070 9 INFO neutron.pecan_wsgi.hooks.translation [None req-d84a647c-c041-4d5f-aa4d-6540b34fcd79 2c7b945c60c644cbbfe0128f0703cd42 aefbc8acd99e4d20ab2053bfc0aa588c - - default default] DELETE failed (client error): The resource could not be found.
2026-06-03 01:03:29.073 9 INFO neutron.wsgi [None req-d84a647c-c041-4d5f-aa4d-6540b34fcd79 2c7b945c60c644cbbfe0128f0703cd42 aefbc8acd99e4d20ab2053bfc0aa588c - - default default] 10.0.0.147 "DELETE /v2.0/ports/949aaf69-fffc-458a-ab07-da22ed3bcda3 HTTP/1.1" status: 404 len: 333 time: 0.0270777
2026-06-03 01:03:29.099 9 INFO neutron.pecan_wsgi.hooks.translation [None req-c49e7062-3545-483b-83f9-1c1d48ad15c6 2c7b945c60c644cbbfe0128f0703cd42 aefbc8acd99e4d20ab2053bfc0aa588c - - default default] GET failed (client error): The resource could not be found.
2026-06-03 01:03:29.100 9 INFO neutron.wsgi [None req-c49e7062-3545-483b-83f9-1c1d48ad15c6 2c7b945c60c644cbbfe0128f0703cd42 aefbc8acd99e4d20ab2053bfc0aa588c - - default default] 10.0.0.147 "GET /v2.0/ports/949aaf69-fffc-458a-ab07-da22ed3bcda3 HTTP/1.1" status: 404 len: 333 time: 0.0206153
2026-06-03 01:03:29.177 10 INFO neutron.wsgi [None req-87c1249e-749f-46cc-835e-152941bb8a3e 82513a13e06a4536bc3fdbd637fd949f 1cb1b44bd9e5449f90009ea505809969 - - default default] 10.0.0.147 "GET /v2.0/ports?tags=red%2Cblue HTTP/1.1" status: 200 len: 1708 time: 0.1893787
2026-06-03 01:03:29.272 10 INFO neutron.wsgi [None req-b1738fc4-8d67-487c-9198-ed1df112bf04 82513a13e06a4536bc3fdbd637fd949f 1cb1b44bd9e5449f90009ea505809969 - - default default] 10.0.0.147 "GET /v2.0/ports?tags-any=blue HTTP/1.1" status: 200 len: 1708 time: 0.0859652
2026-06-03 01:03:29.346 9 INFO neutron.wsgi [None req-8e4aa599-1f0f-4aa3-b0ce-b1d00b25bbb9 82513a13e06a4536bc3fdbd637fd949f 1cb1b44bd9e5449f90009ea505809969 - - default default] 10.0.0.147 "GET /v2.0/ports?tags-any=red%2Cblue HTTP/1.1" status: 200 len: 2448 time: 0.0673633
2026-06-03 01:03:29.391 10 INFO neutron.wsgi [None req-b36adedd-5b56-4bce-af43-e9ae52a1ba37 b8cc157f82754095a020ee957367ab15 9134f727aae54209977f58e9ea76239b - - default default] 10.0.0.147 "GET /v2.0/networks HTTP/1.1" status: 200 len: 1493 time: 0.2466047
2026-06-03 01:03:29.395 9 INFO neutron.wsgi [None req-2c7919e0-65ab-4832-a33d-e4967aa04622 2c7b945c60c644cbbfe0128f0703cd42 aefbc8acd99e4d20ab2053bfc0aa588c - - default default] 10.0.0.147 "DELETE /v2.0/subnets/c18f00e0-e348-4d31-8c1e-818a25287869 HTTP/1.1" status: 204 len: 168 time: 0.2885365
2026-06-03 01:03:29.541 10 INFO neutron.wsgi [req-46ac7c1a-51cf-465f-9bbd-9d48050bf482 req-e971121d-d4c9-40a0-994c-b010326cb096 b8cc157f82754095a020ee957367ab15 9134f727aae54209977f58e9ea76239b - - default default] 10.0.0.125 "GET /v2.0/security-groups?name=tempest-secgroup-smoke-82290185&fields=id&tenant_id=9134f727aae54209977f58e9ea76239b HTTP/1.1" status: 200 len: 267 time: 0.0538592
2026-06-03 01:03:29.578 9 INFO neutron.wsgi [None req-9b98db32-70b3-4a37-923f-d331b66bfa25 82513a13e06a4536bc3fdbd637fd949f 1cb1b44bd9e5449f90009ea505809969 - - default default] 10.0.0.147 "GET /v2.0/ports?not-tags=red HTTP/1.1" status: 200 len: 5463 time: 0.2215781
2026-06-03 01:03:29.678 10 INFO neutron.wsgi [req-46ac7c1a-51cf-465f-9bbd-9d48050bf482 req-3920b5a2-ace4-47bb-9c49-2b4126b0bf21 b8cc157f82754095a020ee957367ab15 9134f727aae54209977f58e9ea76239b - - default default] 10.0.0.125 "GET /v2.0/networks?id=5ed9c635-08a7-414e-9693-71cc89b3d635 HTTP/1.1" status: 200 len: 860 time: 0.1279180
2026-06-03 01:03:29.699 10 INFO neutron.wsgi [req-46ac7c1a-51cf-465f-9bbd-9d48050bf482 req-8664926b-0d70-422b-a33f-a3077c53779d b8cc157f82754095a020ee957367ab15 9134f727aae54209977f58e9ea76239b - - default default] 10.0.0.125 "GET /v2.0/quotas/9134f727aae54209977f58e9ea76239b HTTP/1.1" status: 200 len: 386 time: 0.0139575
2026-06-03 01:03:29.732 9 INFO neutron.wsgi [None req-0cdd749c-78aa-4e2d-9b8a-af61ce6825c3 82513a13e06a4536bc3fdbd637fd949f 1cb1b44bd9e5449f90009ea505809969 - - default default] 10.0.0.147 "GET /v2.0/ports?not-tags=red%2Cblue HTTP/1.1" status: 200 len: 6203 time: 0.1456795
2026-06-03 01:03:29.827 9 INFO neutron.wsgi [None req-68ae2a50-f881-445c-8cd3-df27d1c069ec 82513a13e06a4536bc3fdbd637fd949f 1cb1b44bd9e5449f90009ea505809969 - - default default] 10.0.0.147 "GET /v2.0/ports?not-tags-any=blue HTTP/1.1" status: 200 len: 6203 time: 0.0896599
2026-06-03 01:03:29.828 10 INFO neutron.wsgi [req-46ac7c1a-51cf-465f-9bbd-9d48050bf482 req-c8542744-c240-4dd9-b310-e7a6134552b1 b8cc157f82754095a020ee957367ab15 9134f727aae54209977f58e9ea76239b - - default default] 10.0.0.125 "GET /v2.0/ports?tenant_id=9134f727aae54209977f58e9ea76239b&fields=id HTTP/1.1" status: 200 len: 302 time: 0.1214793
2026-06-03 01:03:29.914 10 INFO neutron.wsgi [req-46ac7c1a-51cf-465f-9bbd-9d48050bf482 req-cd75881d-e298-423f-b9b9-4bafd35a583c e4f9f50b079d4b2fa968f05ba0d51db1 f1cfac412872484cb275d703c4221d42 - - 03dce30708164263aa0c6e51f940dfa2 03dce30708164263aa0c6e51f940dfa2] 10.0.0.125 "GET /v2.0/networks/5ed9c635-08a7-414e-9693-71cc89b3d635?fields=segments HTTP/1.1" status: 200 len: 212 time: 0.0663590
2026-06-03 01:03:29.952 10 INFO neutron.services.segments.plugin [-] Segment 2aefa135-d31f-4a74-be31-313faaeb5437 resource provider aggregate not found
2026-06-03 01:03:29.965 10 INFO neutron.services.segments.plugin [-] Segment 2aefa135-d31f-4a74-be31-313faaeb5437 resource provider aggregate not found
2026-06-03 01:03:29.999 10 INFO neutron.services.segments.plugin [-] Segment 2aefa135-d31f-4a74-be31-313faaeb5437 resource provider not found; error: Placement Client Error (4xx): {"errors": [{"status": 404, "title": "Not Found", "detail": "The resource could not be found.\n\n No resource provider with uuid 2aefa135-d31f-4a74-be31-313faaeb5437 found for delete ", "request_id": "req-2be3d26e-2a57-4a41-97e0-e59c1f55d5ae"}]}
2026-06-03 01:03:30.000 10 INFO neutron.services.segments.plugin [-] Segment 2aefa135-d31f-4a74-be31-313faaeb5437 resource provider not found; error: Placement Client Error (4xx): {"errors": [{"status": 404, "title": "Not Found", "detail": "The resource could not be found.\n\n No resource provider with uuid 2aefa135-d31f-4a74-be31-313faaeb5437 found for delete ", "request_id": "req-f6d492e8-3955-4122-bb06-a2dac02afba0"}]}
2026-06-03 01:03:30.027 10 INFO neutron.wsgi [None req-f247e4be-7c7d-45f1-91d4-8bdcf8d0829b 2c7b945c60c644cbbfe0128f0703cd42 aefbc8acd99e4d20ab2053bfc0aa588c - - default default] 10.0.0.147 "DELETE /v2.0/networks/1ecfd7b6-e9b1-4a30-8be5-d234d2138d12 HTTP/1.1" status: 204 len: 168 time: 0.6258183
2026-06-03 01:03:30.043 10 WARNING neutron_lib.context [None req-39c61640-e7b4-437e-8a9b-8d10f9ce9444 2c7b945c60c644cbbfe0128f0703cd42 aefbc8acd99e4d20ab2053bfc0aa588c - - default default] Method 'is_advsvc' is deprecated since 2023.2 release (neutron-lib 3.8.0) and will be removed once support for the old RBAC API policies will be removed from Neutron. Please use method 'is_service_role' instead.
2026-06-03 01:03:30.057 10 INFO neutron.wsgi [req-46ac7c1a-51cf-465f-9bbd-9d48050bf482 req-76e8fc32-387b-4b65-82d8-fcaeecfb5e62 e4f9f50b079d4b2fa968f05ba0d51db1 f1cfac412872484cb275d703c4221d42 - - 03dce30708164263aa0c6e51f940dfa2 03dce30708164263aa0c6e51f940dfa2] 10.0.0.125 "GET /v2.0/networks/5ed9c635-08a7-414e-9693-71cc89b3d635?fields=provider%3Aphysical_network&fields=provider%3Anetwork_type HTTP/1.1" status: 200 len: 277 time: 0.1208506
2026-06-03 01:03:30.148 10 INFO neutron.db.segments_db [None req-39c61640-e7b4-437e-8a9b-8d10f9ce9444 2c7b945c60c644cbbfe0128f0703cd42 aefbc8acd99e4d20ab2053bfc0aa588c - - default default] Added segment 7c25fb25-7316-4e05-80c4-5e00776fe1d1 of type geneve for network f5198347-fb82-4d08-b60f-1718b1ccbf1c
2026-06-03 01:03:30.246 10 INFO neutron.wsgi [req-da37fa21-a85d-4785-9ce4-3051adecbea1 req-ea483296-08d0-427a-887b-efef7a10d0cc b8cc157f82754095a020ee957367ab15 9134f727aae54209977f58e9ea76239b - - default default] 10.0.0.125 "GET /v2.0/ports?device_id=83df8b4b-af3a-43e4-b3e6-98157ef2ef7f HTTP/1.1" status: 200 len: 210 time: 0.0262878
2026-06-03 01:03:30.259 9 INFO neutron.wsgi [None req-be142af5-9f54-458e-9644-98527636b718 82513a13e06a4536bc3fdbd637fd949f 1cb1b44bd9e5449f90009ea505809969 - - default default] 10.0.0.147 "GET /v2.0/ports?not-tags-any=red%2Cblue HTTP/1.1" status: 200 len: 5463 time: 0.4263904
2026-06-03 01:03:30.331 10 INFO neutron.db.ovn_revision_numbers_db [None req-39c61640-e7b4-437e-8a9b-8d10f9ce9444 2c7b945c60c644cbbfe0128f0703cd42 aefbc8acd99e4d20ab2053bfc0aa588c - - default default] Successfully bumped revision number for resource f5198347-fb82-4d08-b60f-1718b1ccbf1c (type: networks) to 1
2026-06-03 01:03:30.550 10 WARNING neutron.scheduler.dhcp_agent_scheduler [None req-39c61640-e7b4-437e-8a9b-8d10f9ce9444 2c7b945c60c644cbbfe0128f0703cd42 aefbc8acd99e4d20ab2053bfc0aa588c - - default default] No more DHCP agents
2026-06-03 01:03:30.553 10 WARNING neutron.api.rpc.agentnotifiers.dhcp_rpc_agent_api [None req-39c61640-e7b4-437e-8a9b-8d10f9ce9444 2c7b945c60c644cbbfe0128f0703cd42 aefbc8acd99e4d20ab2053bfc0aa588c - - default default] Unable to schedule network f5198347-fb82-4d08-b60f-1718b1ccbf1c: no agents available; will retry on subsequent port and subnet creation events.
2026-06-03 01:03:30.567 9 INFO neutron.wsgi [None req-b155d633-4fa9-47fd-93b9-de2ffa041957 82513a13e06a4536bc3fdbd637fd949f 1cb1b44bd9e5449f90009ea505809969 - - default default] 10.0.0.147 "DELETE /v2.0/ports/de5cbc7a-c023-4a0f-9dff-dba614642687 HTTP/1.1" status: 204 len: 168 time: 0.2932045
2026-06-03 01:03:30.635 10 INFO neutron.db.ovn_revision_numbers_db [None req-39c61640-e7b4-437e-8a9b-8d10f9ce9444 2c7b945c60c644cbbfe0128f0703cd42 aefbc8acd99e4d20ab2053bfc0aa588c - - default default] Successfully bumped revision number for resource afd0b08f-1183-4faf-9597-5d62da40f587 (type: ports) to 1
2026-06-03 01:03:30.669 10 INFO neutron.wsgi [None req-39c61640-e7b4-437e-8a9b-8d10f9ce9444 2c7b945c60c644cbbfe0128f0703cd42 aefbc8acd99e4d20ab2053bfc0aa588c - - default default] 10.0.0.147 "POST /v2.0/networks HTTP/1.1" status: 201 len: 834 time: 0.6293628
2026-06-03 01:03:30.679 10 WARNING neutron_lib.context [None req-9b31fbcc-fbae-4a5d-bd91-f95be8864dce 2c7b945c60c644cbbfe0128f0703cd42 aefbc8acd99e4d20ab2053bfc0aa588c - - default default] Method 'is_advsvc' is deprecated since 2023.2 release (neutron-lib 3.8.0) and will be removed once support for the old RBAC API policies will be removed from Neutron. Please use method 'is_service_role' instead.
2026-06-03 01:03:30.886 9 INFO neutron.wsgi [None req-79195df4-80bf-4b12-8faa-183b8a089de5 82513a13e06a4536bc3fdbd637fd949f 1cb1b44bd9e5449f90009ea505809969 - - default default] 10.0.0.147 "DELETE /v2.0/ports/687179cb-efb2-441f-8d94-4467f19a9270 HTTP/1.1" status: 204 len: 168 time: 0.3130598
2026-06-03 01:03:30.985 10 WARNING neutron.scheduler.dhcp_agent_scheduler [None req-9b31fbcc-fbae-4a5d-bd91-f95be8864dce 2c7b945c60c644cbbfe0128f0703cd42 aefbc8acd99e4d20ab2053bfc0aa588c - - default default] No more DHCP agents
2026-06-03 01:03:30.993 10 WARNING neutron.api.rpc.agentnotifiers.dhcp_rpc_agent_api [None req-9b31fbcc-fbae-4a5d-bd91-f95be8864dce 2c7b945c60c644cbbfe0128f0703cd42 aefbc8acd99e4d20ab2053bfc0aa588c - - default default] Unable to schedule network f5198347-fb82-4d08-b60f-1718b1ccbf1c: no agents available; will retry on subsequent port and subnet creation events.
2026-06-03 01:03:31.042 10 INFO neutron.db.ovn_revision_numbers_db [None req-9b31fbcc-fbae-4a5d-bd91-f95be8864dce 2c7b945c60c644cbbfe0128f0703cd42 aefbc8acd99e4d20ab2053bfc0aa588c - - default default] Successfully bumped revision number for resource b1ef8af8-6684-4b7b-836d-c555a46e66b0 (type: subnets) to 0
2026-06-03 01:03:31.062 10 INFO neutron.wsgi [None req-9b31fbcc-fbae-4a5d-bd91-f95be8864dce 2c7b945c60c644cbbfe0128f0703cd42 aefbc8acd99e4d20ab2053bfc0aa588c - - default default] 10.0.0.147 "POST /v2.0/subnets HTTP/1.1" status: 201 len: 821 time: 0.3883209
2026-06-03 01:03:31.086 10 WARNING neutron_lib.context [None req-9e81cc34-a452-4355-8e2f-c8237b513c9c 2c7b945c60c644cbbfe0128f0703cd42 aefbc8acd99e4d20ab2053bfc0aa588c - - default default] Method 'is_advsvc' is deprecated since 2023.2 release (neutron-lib 3.8.0) and will be removed once support for the old RBAC API policies will be removed from Neutron. Please use method 'is_service_role' instead.
2026-06-03 01:03:31.181 9 INFO neutron.wsgi [None req-104749a6-53cf-4038-a46d-3ff3c84190b7 82513a13e06a4536bc3fdbd637fd949f 1cb1b44bd9e5449f90009ea505809969 - - default default] 10.0.0.147 "DELETE /v2.0/ports/188be87e-7a53-4af8-90b4-5f8984c99039 HTTP/1.1" status: 204 len: 168 time: 0.2900734
2026-06-03 01:03:31.300 10 INFO neutron.wsgi [req-46ac7c1a-51cf-465f-9bbd-9d48050bf482 req-617e4c0b-59fa-421a-9621-39658a8178ef b8cc157f82754095a020ee957367ab15 9134f727aae54209977f58e9ea76239b - - default default] 199.204.45.229 "GET /v2.0/networks?id=5ed9c635-08a7-414e-9693-71cc89b3d635 HTTP/1.1" status: 200 len: 860 time: 0.1126161
2026-06-03 01:03:31.482 9 INFO neutron.wsgi [None req-8d49b120-17e0-4c31-ac2b-6e28cca6bbb9 82513a13e06a4536bc3fdbd637fd949f 1cb1b44bd9e5449f90009ea505809969 - - default default] 10.0.0.147 "DELETE /v2.0/ports/3205081d-0cb3-473c-80be-2adaba6f3834 HTTP/1.1" status: 204 len: 168 time: 0.2951071
2026-06-03 01:03:31.776 10 INFO neutron.wsgi [req-17ab1fd6-fc27-455f-b6ad-428ac4ed116f req-99852992-c616-4208-aa29-71ceddfd2ce1 b8cc157f82754095a020ee957367ab15 9134f727aae54209977f58e9ea76239b - - default default] 10.0.0.125 "GET /v2.0/ports?device_id=83df8b4b-af3a-43e4-b3e6-98157ef2ef7f HTTP/1.1" status: 200 len: 210 time: 0.0366423
2026-06-03 01:03:31.807 10 INFO neutron.wsgi [req-46ac7c1a-51cf-465f-9bbd-9d48050bf482 req-88293397-8787-47ff-83ed-0a46256e7990 b8cc157f82754095a020ee957367ab15 9134f727aae54209977f58e9ea76239b - - default default] 199.204.45.229 "GET /v2.0/security-groups?fields=id&fields=name&tenant_id=9134f727aae54209977f58e9ea76239b HTTP/1.1" status: 200 len: 378 time: 0.4957774
2026-06-03 01:03:31.830 10 WARNING neutron_lib.context [req-46ac7c1a-51cf-465f-9bbd-9d48050bf482 req-5b3d05bc-1221-43ce-b5c6-a08a4d96e043 b8cc157f82754095a020ee957367ab15 9134f727aae54209977f58e9ea76239b - - default default] Method 'is_advsvc' is deprecated since 2023.2 release (neutron-lib 3.8.0) and will be removed once support for the old RBAC API policies will be removed from Neutron. Please use method 'is_service_role' instead.
2026-06-03 01:03:31.839 9 INFO neutron.wsgi [None req-69463504-8e70-4e61-aeeb-591f0bf889a6 82513a13e06a4536bc3fdbd637fd949f 1cb1b44bd9e5449f90009ea505809969 - - default default] 10.0.0.147 "DELETE /v2.0/ports/40cd51ab-d29e-44fa-8a70-58b3f6cfa8ae HTTP/1.1" status: 204 len: 168 time: 0.3511624
2026-06-03 01:03:31.919 9 WARNING neutron.plugins.ml2.drivers.ovn.mech_driver.ovsdb.ovn_client [None req-2eeaa632-5493-44e3-a71c-72f4eb284b18 - - - - - -] No hosting information found for port d16c4391-ce10-429a-93bc-602472dbb7d9: RuntimeError: No hosting information found for port d16c4391-ce10-429a-93bc-602472dbb7d9
2026-06-03 01:03:31.920 10 INFO neutron.wsgi [None req-dbc09b98-df96-4a50-96da-d6d50ff28b0f a607a8cc56ee4a918facbb451c0e3831 16b608c7e5a0466292a36f2607bd47a5 - - default default] 10.0.0.46 "GET /v2.0/subnets HTTP/1.1" status: 200 len: 6768 time: 0.1802509
2026-06-03 01:03:32.113 10 INFO neutron.wsgi [None req-2318daad-373d-4990-aabf-240e4c35774e a607a8cc56ee4a918facbb451c0e3831 16b608c7e5a0466292a36f2607bd47a5 - - default default] 10.0.0.46 "GET /v2.0/routers HTTP/1.1" status: 200 len: 1523 time: 0.1887970
2026-06-03 01:03:32.170 10 INFO neutron.wsgi [None req-d4452c69-69ed-4a8a-bf8f-92ac579371f0 a607a8cc56ee4a918facbb451c0e3831 16b608c7e5a0466292a36f2607bd47a5 - - default default] 10.0.0.46 "GET /v2.0/agents?binary=ovn-controller HTTP/1.1" status: 200 len: 591 time: 0.0503812
2026-06-03 01:03:32.268 10 WARNING neutron.scheduler.dhcp_agent_scheduler [None req-9e81cc34-a452-4355-8e2f-c8237b513c9c 2c7b945c60c644cbbfe0128f0703cd42 aefbc8acd99e4d20ab2053bfc0aa588c - - default default] No more DHCP agents
2026-06-03 01:03:32.276 10 WARNING neutron.api.rpc.agentnotifiers.dhcp_rpc_agent_api [None req-9e81cc34-a452-4355-8e2f-c8237b513c9c 2c7b945c60c644cbbfe0128f0703cd42 aefbc8acd99e4d20ab2053bfc0aa588c - - default default] Unable to schedule network f5198347-fb82-4d08-b60f-1718b1ccbf1c: no agents available; will retry on subsequent port and subnet creation events.
2026-06-03 01:03:32.304 9 INFO neutron.services.segments.plugin [-] Segment d89aa2d9-be83-4436-9442-b6b7d5c2fe3e resource provider aggregate not found
2026-06-03 01:03:32.313 9 INFO neutron.services.segments.plugin [-] Segment d89aa2d9-be83-4436-9442-b6b7d5c2fe3e resource provider aggregate not found
2026-06-03 01:03:32.328 9 INFO neutron.services.segments.plugin [-] Segment d89aa2d9-be83-4436-9442-b6b7d5c2fe3e resource provider not found; error: Placement Client Error (4xx): {"errors": [{"status": 404, "title": "Not Found", "detail": "The resource could not be found.\n\n No resource provider with uuid d89aa2d9-be83-4436-9442-b6b7d5c2fe3e found for delete ", "request_id": "req-9757910f-19de-45de-991e-199fcca89b4d"}]}
2026-06-03 01:03:32.336 9 INFO neutron.services.segments.plugin [-] Segment d89aa2d9-be83-4436-9442-b6b7d5c2fe3e resource provider not found; error: Placement Client Error (4xx): {"errors": [{"status": 404, "title": "Not Found", "detail": "The resource could not be found.\n\n No resource provider with uuid d89aa2d9-be83-4436-9442-b6b7d5c2fe3e found for delete ", "request_id": "req-648d4c47-3297-4cca-a100-feacd1677d7d"}]}
2026-06-03 01:03:32.346 10 INFO neutron.wsgi [None req-b422fa6f-164a-48c4-b4eb-710bc4fc0d20 a607a8cc56ee4a918facbb451c0e3831 16b608c7e5a0466292a36f2607bd47a5 - - default default] 10.0.0.46 "GET /v2.0/security-groups HTTP/1.1" status: 200 len: 42495 time: 0.1727667
2026-06-03 01:03:32.377 9 INFO neutron.wsgi [None req-be10c599-d1b7-42f6-8e3c-7d88e1e8b2e9 82513a13e06a4536bc3fdbd637fd949f 1cb1b44bd9e5449f90009ea505809969 - - default default] 10.0.0.147 "DELETE /v2.0/networks/a532b0dd-5073-4f40-a3ff-08e79acae5e4 HTTP/1.1" status: 204 len: 168 time: 0.5299315
2026-06-03 01:03:32.580 10 INFO neutron.wsgi [None req-90adeb2d-feb8-4954-8e4a-f9dbf76818ea a607a8cc56ee4a918facbb451c0e3831 16b608c7e5a0466292a36f2607bd47a5 - - default default] 10.0.0.46 "GET /v2.0/ports HTTP/1.1" status: 200 len: 30324 time: 0.2215583
2026-06-03 01:03:32.628 10 INFO neutron.wsgi [None req-c2087798-2140-4a95-88cc-36ef5ebca844 a607a8cc56ee4a918facbb451c0e3831 16b608c7e5a0466292a36f2607bd47a5 - - default default] 10.0.0.46 "GET /v2.0/agents HTTP/1.1" status: 200 len: 997 time: 0.0232773
2026-06-03 01:03:32.677 10 INFO neutron.wsgi [None req-b4a1435b-5f64-47af-b11d-c9871eebacc2 a607a8cc56ee4a918facbb451c0e3831 16b608c7e5a0466292a36f2607bd47a5 - - default default] 10.0.0.46 "GET /v2.0/network-ip-availabilities HTTP/1.1" status: 200 len: 5618 time: 0.0424685
2026-06-03 01:03:32.794 10 INFO neutron.db.ovn_revision_numbers_db [None req-9e81cc34-a452-4355-8e2f-c8237b513c9c 2c7b945c60c644cbbfe0128f0703cd42 aefbc8acd99e4d20ab2053bfc0aa588c - - default default] Successfully bumped revision number for resource 04810daf-8467-4de6-8cfa-ece7c20b40dc (type: ports) to 1
2026-06-03 01:03:32.877 10 INFO neutron.wsgi [None req-ddf38cdb-5262-448f-a9d9-09010071e17b a607a8cc56ee4a918facbb451c0e3831 16b608c7e5a0466292a36f2607bd47a5 - - default default] 10.0.0.46 "GET /v2.0/networks HTTP/1.1" status: 200 len: 9759 time: 0.1925154 /var/lib/openstack/lib/python3.10/site-packages/pycadf/identifier.py:71: UserWarning: Invalid uuid: neutron. To ensure interoperability, identifiers should be a valid uuid. warnings.warn(('Invalid uuid: %s. To ensure interoperability, '
2026-06-03 01:03:32.897 10 WARNING neutron.scheduler.dhcp_agent_scheduler [req-46ac7c1a-51cf-465f-9bbd-9d48050bf482 req-5b3d05bc-1221-43ce-b5c6-a08a4d96e043 b8cc157f82754095a020ee957367ab15 9134f727aae54209977f58e9ea76239b - - default default] No more DHCP agents /var/lib/openstack/lib/python3.10/site-packages/pycadf/identifier.py:71: UserWarning: Invalid uuid: neutron. To ensure interoperability, identifiers should be a valid uuid. warnings.warn(('Invalid uuid: %s. To ensure interoperability, '
2026-06-03 01:03:32.922 10 WARNING neutron.api.rpc.agentnotifiers.dhcp_rpc_agent_api [req-46ac7c1a-51cf-465f-9bbd-9d48050bf482 req-5b3d05bc-1221-43ce-b5c6-a08a4d96e043 b8cc157f82754095a020ee957367ab15 9134f727aae54209977f58e9ea76239b - - default default] Unable to schedule network 5ed9c635-08a7-414e-9693-71cc89b3d635: no agents available; will retry on subsequent port and subnet creation events.
2026-06-03 01:03:32.943 10 INFO neutron.wsgi [None req-9e81cc34-a452-4355-8e2f-c8237b513c9c 2c7b945c60c644cbbfe0128f0703cd42 aefbc8acd99e4d20ab2053bfc0aa588c - - default default] 10.0.0.147 "POST /v2.0/ports HTTP/1.1" status: 201 len: 1127 time: 1.8707311
2026-06-03 01:03:32.992 10 INFO neutron.wsgi [req-3ee6d71b-e049-41f5-8ba4-18d253355d57 req-c5ba436f-e7f7-4296-bc83-bac23e92cd0f b8cc157f82754095a020ee957367ab15 9134f727aae54209977f58e9ea76239b - - default default] 10.0.0.125 "GET /v2.0/ports?device_id=83df8b4b-af3a-43e4-b3e6-98157ef2ef7f HTTP/1.1" status: 200 len: 1156 time: 0.1148040
2026-06-03 01:03:33.114 10 INFO neutron.wsgi [None req-a199cef3-8207-451e-9666-0eca7d96145c a607a8cc56ee4a918facbb451c0e3831 16b608c7e5a0466292a36f2607bd47a5 - - default default] 10.0.0.46 "GET /v2.0/subnets HTTP/1.1" status: 200 len: 6768 time: 0.2251799
2026-06-03 01:03:33.144 10 INFO neutron.wsgi [None req-8f73808b-a413-4b0f-841f-e1c3a670c628 a607a8cc56ee4a918facbb451c0e3831 16b608c7e5a0466292a36f2607bd47a5 - - default default] 10.0.0.46 "GET /v2.0/subnetpools HTTP/1.1" status: 200 len: 193 time: 0.0222783
2026-06-03 01:03:33.149 10 INFO neutron.wsgi [req-3ee6d71b-e049-41f5-8ba4-18d253355d57 req-98473451-3d1a-46c3-bdff-c576c129e26a b8cc157f82754095a020ee957367ab15 9134f727aae54209977f58e9ea76239b - - default default] 10.0.0.125 "GET /v2.0/security-groups?id=d7be83e8-2883-4f22-9b9c-89016f37df5c&fields=id&fields=name HTTP/1.1" status: 200 len: 311 time: 0.1481783
2026-06-03 01:03:33.228 10 INFO neutron.wsgi [None req-52f68081-c30e-461d-a996-1f5f89d302ed a607a8cc56ee4a918facbb451c0e3831 16b608c7e5a0466292a36f2607bd47a5 - - default default] 10.0.0.46 "GET /v2.0/floatingips HTTP/1.1" status: 200 len: 1879 time: 0.0768623
2026-06-03 01:03:33.307 9 INFO neutron.wsgi [None req-b6a899e7-df98-4a32-a2a7-c0b9351703a4 2c7b945c60c644cbbfe0128f0703cd42 aefbc8acd99e4d20ab2053bfc0aa588c - - default default] 10.0.0.147 "DELETE /v2.0/ports/04810daf-8467-4de6-8cfa-ece7c20b40dc HTTP/1.1" status: 204 len: 168 time: 0.3565207
2026-06-03 01:03:33.331 9 INFO neutron.pecan_wsgi.hooks.translation [None req-aaf2f2d5-ec65-4b19-8708-29fa8ec5b390 2c7b945c60c644cbbfe0128f0703cd42 aefbc8acd99e4d20ab2053bfc0aa588c - - default default] GET failed (client error): The resource could not be found.
2026-06-03 01:03:33.332 9 INFO neutron.wsgi [None req-aaf2f2d5-ec65-4b19-8708-29fa8ec5b390 2c7b945c60c644cbbfe0128f0703cd42 aefbc8acd99e4d20ab2053bfc0aa588c - - default default] 10.0.0.147 "GET /v2.0/ports/04810daf-8467-4de6-8cfa-ece7c20b40dc HTTP/1.1" status: 404 len: 333 time: 0.0203519
2026-06-03 01:03:33.341 10 INFO neutron.db.ovn_revision_numbers_db [req-46ac7c1a-51cf-465f-9bbd-9d48050bf482 req-5b3d05bc-1221-43ce-b5c6-a08a4d96e043 b8cc157f82754095a020ee957367ab15 9134f727aae54209977f58e9ea76239b - - default default] Successfully bumped revision number for resource 624e6ee2-ed50-42fe-9dd7-2c618812027e (type: ports) to 1
2026-06-03 01:03:33.373 10 INFO neutron.wsgi [req-46ac7c1a-51cf-465f-9bbd-9d48050bf482 req-5b3d05bc-1221-43ce-b5c6-a08a4d96e043 b8cc157f82754095a020ee957367ab15 9134f727aae54209977f58e9ea76239b - - default default] 199.204.45.229 "POST /v2.0/ports HTTP/1.1" status: 201 len: 1158 time: 1.5579188
2026-06-03 01:03:33.433 10 INFO neutron.services.segments.plugin [-] Segment dc331dc4-0de3-4407-828f-850d64e049d6 resource provider aggregate not found
2026-06-03 01:03:33.441 10 INFO neutron.services.segments.plugin [-] Segment dc331dc4-0de3-4407-828f-850d64e049d6 resource provider aggregate not found
2026-06-03 01:03:33.463 10 INFO neutron.services.segments.plugin [-] Segment dc331dc4-0de3-4407-828f-850d64e049d6 resource provider not found; error: Placement Client Error (4xx): {"errors": [{"status": 404, "title": "Not Found", "detail": "The resource could not be found.\n\n No resource provider with uuid dc331dc4-0de3-4407-828f-850d64e049d6 found for delete ", "request_id": "req-03ee0d62-9e09-4c38-a030-4a75fc3d9379"}]}
2026-06-03 01:03:33.464 10 INFO neutron.services.segments.plugin [-] Segment dc331dc4-0de3-4407-828f-850d64e049d6 resource provider not found; error: Placement Client Error (4xx): {"errors": [{"status": 404, "title": "Not Found", "detail": "The resource could not be found.\n\n No resource provider with uuid dc331dc4-0de3-4407-828f-850d64e049d6 found for delete ", "request_id": "req-7c809426-c302-4fe4-b7e0-da5a82bdd2b2"}]}
2026-06-03 01:03:33.502 10 INFO neutron.wsgi [None req-4243a070-8a66-4e81-a47c-b78283274027 82513a13e06a4536bc3fdbd637fd949f 1cb1b44bd9e5449f90009ea505809969 - - default default] 10.0.0.147 "DELETE /v2.0/networks/3f1fe13d-b5f4-42c7-b1e0-459352eea39d HTTP/1.1" status: 204 len: 168 time: 1.1159892
2026-06-03 01:03:33.578 9 INFO neutron.wsgi [None req-29ead68d-fa6f-4856-93c5-3876856e4677 2c7b945c60c644cbbfe0128f0703cd42 aefbc8acd99e4d20ab2053bfc0aa588c - - default default] 10.0.0.147 "DELETE /v2.0/subnets/b1ef8af8-6684-4b7b-836d-c555a46e66b0 HTTP/1.1" status: 204 len: 168 time: 0.2355485
2026-06-03 01:03:33.957 9 INFO neutron.wsgi [None req-85e772fa-0982-4c13-8997-d3f426f338df 82513a13e06a4536bc3fdbd637fd949f 1cb1b44bd9e5449f90009ea505809969 - - default default] 10.0.0.147 "DELETE /v2.0/networks/9104b384-19f8-4d9f-a18d-a9deb20652be HTTP/1.1" status: 204 len: 168 time: 0.4482608 /var/lib/openstack/lib/python3.10/site-packages/pycadf/identifier.py:71: UserWarning: Invalid uuid: neutron. To ensure interoperability, identifiers should be a valid uuid. warnings.warn(('Invalid uuid: %s. To ensure interoperability, '
