2026-06-03 01:01:17.840 9 INFO neutron.wsgi [None req-ccd8dc49-0e48-4bb6-900a-f4d725b8058c a607a8cc56ee4a918facbb451c0e3831 16b608c7e5a0466292a36f2607bd47a5 - - default default] 10.0.0.147 "GET /v2.0/security-groups?tenant_id=a9a9b5c2c10544039519f20cdb66c92a&name=default HTTP/1.1" status: 200 len: 2996 time: 0.3043690
2026-06-03 01:01:17.903 9 INFO neutron.db.ovn_revision_numbers_db [None req-e2aa46ac-6eec-484e-bd4d-2590da6ecc9c fa918ed7ace2437db8570fbbdf40c397 b43441db3ca64efa8363f64b68301136 - - default default] Successfully bumped revision number for resource 4ccdf92d-bb60-4283-adde-f207f366ba1d (type: security_group_rules) to 0
2026-06-03 01:01:17.938 9 INFO neutron.wsgi [None req-e2aa46ac-6eec-484e-bd4d-2590da6ecc9c fa918ed7ace2437db8570fbbdf40c397 b43441db3ca64efa8363f64b68301136 - - default default] 10.0.0.147 "POST /v2.0/security-group-rules HTTP/1.1" status: 201 len: 764 time: 0.2141507
2026-06-03 01:01:17.952 9 WARNING neutron_lib.context [None req-166c6db2-dd22-4945-b014-41c0154de0ae fa918ed7ace2437db8570fbbdf40c397 b43441db3ca64efa8363f64b68301136 - - default default] Method 'is_advsvc' is deprecated since 2023.2 release (neutron-lib 3.8.0) and will be removed once support for the old RBAC API policies will be removed from Neutron. Please use method 'is_service_role' instead.
2026-06-03 01:01:17.992 10 INFO neutron.db.ovn_revision_numbers_db [None req-61c6ba5a-8345-4a45-b0c6-9109ca661750 - - - - - -] Successfully bumped revision number for resource c13b5f20-009a-4e8d-8898-15de87c2be6a (type: ports) to 4
2026-06-03 01:01:18.078 9 INFO neutron.wsgi [None req-c862044a-bd98-4c63-b3f0-746bb2311ee9 a607a8cc56ee4a918facbb451c0e3831 16b608c7e5a0466292a36f2607bd47a5 - - default default] 10.0.0.147 "DELETE /v2.0/security-groups/5a5f5a62-a084-4164-80c7-cdf2ecee6bf8 HTTP/1.1" status: 204 len: 168 time: 0.2324042
2026-06-03 01:01:18.119 9 INFO neutron.db.ovn_revision_numbers_db [None req-166c6db2-dd22-4945-b014-41c0154de0ae fa918ed7ace2437db8570fbbdf40c397 b43441db3ca64efa8363f64b68301136 - - default default] Successfully bumped revision number for resource f0dffc30-6b60-426c-9d8e-224025c69b20 (type: security_group_rules) to 0
2026-06-03 01:01:18.153 10 INFO neutron.wsgi [None req-b84df783-6e56-4888-a5a9-8a67eae24035 a607a8cc56ee4a918facbb451c0e3831 16b608c7e5a0466292a36f2607bd47a5 - - default default] 10.0.0.147 "DELETE /v2.0/subnets/341e454f-d31b-4ebb-9f63-1be9d09a4a05 HTTP/1.1" status: 204 len: 168 time: 0.3490822
2026-06-03 01:01:18.153 9 INFO neutron.wsgi [None req-166c6db2-dd22-4945-b014-41c0154de0ae fa918ed7ace2437db8570fbbdf40c397 b43441db3ca64efa8363f64b68301136 - - default default] 10.0.0.147 "POST /v2.0/security-group-rules HTTP/1.1" status: 201 len: 769 time: 0.2072198
2026-06-03 01:01:18.164 10 WARNING neutron_lib.context [None req-2fcc63f1-2ffc-47b2-9dfa-efc3f34f66a0 fa918ed7ace2437db8570fbbdf40c397 b43441db3ca64efa8363f64b68301136 - - default default] Method 'is_advsvc' is deprecated since 2023.2 release (neutron-lib 3.8.0) and will be removed once support for the old RBAC API policies will be removed from Neutron. Please use method 'is_service_role' instead.
2026-06-03 01:01:18.167 9 INFO neutron.wsgi [None req-038b0b6a-da70-4444-95b4-a3f3a6408a76 a607a8cc56ee4a918facbb451c0e3831 16b608c7e5a0466292a36f2607bd47a5 - - default default] 10.0.0.147 "GET /v2.0/security-groups?tenant_id=3e51eafdb9f04039b2a84eeb25e0f0c6&name=default HTTP/1.1" status: 200 len: 2996 time: 0.1981308
2026-06-03 01:01:18.326 10 INFO neutron.db.ovn_revision_numbers_db [None req-61c6ba5a-8345-4a45-b0c6-9109ca661750 - - - - - -] Successfully bumped revision number for resource c13b5f20-009a-4e8d-8898-15de87c2be6a (type: router_ports) to 4
2026-06-03 01:01:18.470 9 INFO neutron.wsgi [None req-8565553c-0329-4916-9fb8-569cb198ef74 a607a8cc56ee4a918facbb451c0e3831 16b608c7e5a0466292a36f2607bd47a5 - - default default] 10.0.0.147 "DELETE /v2.0/security-groups/80c0a646-b7c0-469c-999e-5dcfd3b3b782 HTTP/1.1" status: 204 len: 168 time: 0.2944262
2026-06-03 01:01:18.549 10 WARNING neutron.scheduler.dhcp_agent_scheduler [None req-2fcc63f1-2ffc-47b2-9dfa-efc3f34f66a0 fa918ed7ace2437db8570fbbdf40c397 b43441db3ca64efa8363f64b68301136 - - default default] No more DHCP agents
2026-06-03 01:01:18.552 10 WARNING neutron.api.rpc.agentnotifiers.dhcp_rpc_agent_api [None req-2fcc63f1-2ffc-47b2-9dfa-efc3f34f66a0 fa918ed7ace2437db8570fbbdf40c397 b43441db3ca64efa8363f64b68301136 - - default default] Unable to schedule network 9750bfc4-d3f9-417e-855f-d6a046f2fe34: no agents available; will retry on subsequent port and subnet creation events.
2026-06-03 01:01:18.607 9 INFO neutron.services.segments.plugin [-] Segment 71db40e1-a723-4e84-9f5b-4fbcaba2778d resource provider aggregate not found
2026-06-03 01:01:18.615 9 INFO neutron.services.segments.plugin [-] Segment 71db40e1-a723-4e84-9f5b-4fbcaba2778d resource provider aggregate not found
2026-06-03 01:01:18.636 9 INFO neutron.services.segments.plugin [-] Segment 71db40e1-a723-4e84-9f5b-4fbcaba2778d resource provider not found; error: Placement Client Error (4xx): {"errors": [{"status": 404, "title": "Not Found", "detail": "The resource could not be found.\n\n No resource provider with uuid 71db40e1-a723-4e84-9f5b-4fbcaba2778d found for delete ", "request_id": "req-fd701526-a081-4067-ae6c-e9b67cd6f74e"}]}
2026-06-03 01:01:18.637 9 INFO neutron.services.segments.plugin [-] Segment 71db40e1-a723-4e84-9f5b-4fbcaba2778d resource provider not found; error: Placement Client Error (4xx): {"errors": [{"status": 404, "title": "Not Found", "detail": "The resource could not be found.\n\n No resource provider with uuid 71db40e1-a723-4e84-9f5b-4fbcaba2778d found for delete ", "request_id": "req-91d26617-05be-4cd2-b6a5-b6764b0968ea"}]}
2026-06-03 01:01:18.669 9 INFO neutron.wsgi [None req-ec673208-d095-4174-be2b-32217312164a a607a8cc56ee4a918facbb451c0e3831 16b608c7e5a0466292a36f2607bd47a5 - - default default] 10.0.0.147 "DELETE /v2.0/networks/c6ab0ca5-07a1-4e0e-831b-0f6497e745a3 HTTP/1.1" status: 204 len: 168 time: 0.5117319
2026-06-03 01:01:18.836 9 INFO neutron.wsgi [None req-47b2591c-fba1-4f48-8768-76f6ceb3ec7f a607a8cc56ee4a918facbb451c0e3831 16b608c7e5a0466292a36f2607bd47a5 - - default default] 10.0.0.147 "GET /v2.0/security-groups?tenant_id=bc8c60e4954741d996e3be0691de3a9d&name=default HTTP/1.1" status: 200 len: 2996 time: 0.0488856
2026-06-03 01:01:19.047 9 INFO neutron.wsgi [None req-22a2c9a6-795f-4081-9b20-676898a6e8b8 a607a8cc56ee4a918facbb451c0e3831 16b608c7e5a0466292a36f2607bd47a5 - - default default] 10.0.0.147 "DELETE /v2.0/security-groups/4b30439f-6ffc-4859-b2ef-b5f5e591c1fb HTTP/1.1" status: 204 len: 168 time: 0.2053454
2026-06-03 01:01:19.292 10 INFO neutron.db.ovn_revision_numbers_db [None req-2fcc63f1-2ffc-47b2-9dfa-efc3f34f66a0 fa918ed7ace2437db8570fbbdf40c397 b43441db3ca64efa8363f64b68301136 - - default default] Successfully bumped revision number for resource a18aed4b-410c-476e-a78c-87279d2b3606 (type: floatingips) to 0
2026-06-03 01:01:19.308 10 INFO neutron.wsgi [None req-2fcc63f1-2ffc-47b2-9dfa-efc3f34f66a0 fa918ed7ace2437db8570fbbdf40c397 b43441db3ca64efa8363f64b68301136 - - default default] 10.0.0.147 "POST /v2.0/floatingips HTTP/1.1" status: 201 len: 751 time: 1.1487725
2026-06-03 01:01:19.808 10 INFO neutron.wsgi [req-2146f297-0f86-4aee-91a4-e815f7743c1d req-7ef328d5-a4d8-407b-a513-084cc5a24099 fa918ed7ace2437db8570fbbdf40c397 b43441db3ca64efa8363f64b68301136 - - default default] 10.0.0.125 "GET /v2.0/security-groups?name=tempest-securitygroup--940461496&fields=id&tenant_id=b43441db3ca64efa8363f64b68301136 HTTP/1.1" status: 200 len: 267 time: 0.0508220
2026-06-03 01:01:19.897 10 INFO neutron.wsgi [req-2146f297-0f86-4aee-91a4-e815f7743c1d req-f206f328-e38c-4a9c-9f70-420136909df9 fa918ed7ace2437db8570fbbdf40c397 b43441db3ca64efa8363f64b68301136 - - default default] 10.0.0.125 "GET /v2.0/networks?id=ad95e34c-be56-4391-9881-29e72a355023 HTTP/1.1" status: 200 len: 875 time: 0.0797319
2026-06-03 01:01:19.926 10 INFO neutron.wsgi [req-2146f297-0f86-4aee-91a4-e815f7743c1d req-94cbc539-1ed0-4a82-ba81-14a7cd0c670b fa918ed7ace2437db8570fbbdf40c397 b43441db3ca64efa8363f64b68301136 - - default default] 10.0.0.125 "GET /v2.0/quotas/b43441db3ca64efa8363f64b68301136 HTTP/1.1" status: 200 len: 386 time: 0.0179348
2026-06-03 01:01:20.046 10 INFO neutron.wsgi [req-2146f297-0f86-4aee-91a4-e815f7743c1d req-e0ceca7c-4883-42ce-b5de-84cca7bea899 fa918ed7ace2437db8570fbbdf40c397 b43441db3ca64efa8363f64b68301136 - - default default] 10.0.0.125 "GET /v2.0/ports?tenant_id=b43441db3ca64efa8363f64b68301136&fields=id HTTP/1.1" status: 200 len: 302 time: 0.1119907
2026-06-03 01:01:20.129 10 INFO neutron.wsgi [req-2146f297-0f86-4aee-91a4-e815f7743c1d req-3f54361a-5e1b-4240-ad87-d5174f914e29 e4f9f50b079d4b2fa968f05ba0d51db1 f1cfac412872484cb275d703c4221d42 - - 03dce30708164263aa0c6e51f940dfa2 03dce30708164263aa0c6e51f940dfa2] 10.0.0.125 "GET /v2.0/networks/ad95e34c-be56-4391-9881-29e72a355023?fields=segments HTTP/1.1" status: 200 len: 212 time: 0.0665536
2026-06-03 01:01:20.215 10 INFO neutron.wsgi [req-2146f297-0f86-4aee-91a4-e815f7743c1d req-240354f3-4f70-460a-9999-a3dda183a364 e4f9f50b079d4b2fa968f05ba0d51db1 f1cfac412872484cb275d703c4221d42 - - 03dce30708164263aa0c6e51f940dfa2 03dce30708164263aa0c6e51f940dfa2] 10.0.0.125 "GET /v2.0/networks/ad95e34c-be56-4391-9881-29e72a355023?fields=provider%3Aphysical_network&fields=provider%3Anetwork_type HTTP/1.1" status: 200 len: 277 time: 0.0738351
2026-06-03 01:01:20.394 10 INFO neutron.wsgi [req-fa5f80fc-ba49-43f6-bf20-5a0d6d492e7a req-59aebb85-6eaf-424a-8b4f-e4d184219244 fa918ed7ace2437db8570fbbdf40c397 b43441db3ca64efa8363f64b68301136 - - default default] 10.0.0.125 "GET /v2.0/ports?device_id=4a0dca4a-034d-4435-946e-f7c9ba360230 HTTP/1.1" status: 200 len: 210 time: 0.0350389
2026-06-03 01:01:20.566 10 WARNING neutron_lib.context [None req-80f6dfa8-4fe0-4194-87da-909e689b67ef aca0e49a7b4b4e68b6f3f809b24d4c2f 23fa08fdd5fa48a4bed5cc5996d01bfa - - default default] Method 'is_advsvc' is deprecated since 2023.2 release (neutron-lib 3.8.0) and will be removed once support for the old RBAC API policies will be removed from Neutron. Please use method 'is_service_role' instead.
2026-06-03 01:01:20.567 10 WARNING neutron_lib.context [None req-80f6dfa8-4fe0-4194-87da-909e689b67ef aca0e49a7b4b4e68b6f3f809b24d4c2f 23fa08fdd5fa48a4bed5cc5996d01bfa - - default default] Method 'is_advsvc' is deprecated since 2023.2 release (neutron-lib 3.8.0) and will be removed once support for the old RBAC API policies will be removed from Neutron. Please use method 'is_service_role' instead.
2026-06-03 01:01:20.733 10 INFO neutron.db.ovn_revision_numbers_db [None req-80f6dfa8-4fe0-4194-87da-909e689b67ef aca0e49a7b4b4e68b6f3f809b24d4c2f 23fa08fdd5fa48a4bed5cc5996d01bfa - - default default] Successfully bumped revision number for resource a1d7be0d-ebb8-42a3-a167-3fa055721e4c (type: security_groups) to 1
2026-06-03 01:01:20.750 10 INFO neutron.db.ovn_revision_numbers_db [None req-80f6dfa8-4fe0-4194-87da-909e689b67ef aca0e49a7b4b4e68b6f3f809b24d4c2f 23fa08fdd5fa48a4bed5cc5996d01bfa - - default default] Successfully bumped revision number for resource 78eeddf9-0bdc-4c0f-a6c4-9188117f44a9 (type: security_group_rules) to 0
2026-06-03 01:01:20.768 10 INFO neutron.db.ovn_revision_numbers_db [None req-80f6dfa8-4fe0-4194-87da-909e689b67ef aca0e49a7b4b4e68b6f3f809b24d4c2f 23fa08fdd5fa48a4bed5cc5996d01bfa - - default default] Successfully bumped revision number for resource 7aefee30-19cf-453e-abc2-a28dc5f52974 (type: security_group_rules) to 0
2026-06-03 01:01:20.792 10 INFO neutron.db.ovn_revision_numbers_db [None req-80f6dfa8-4fe0-4194-87da-909e689b67ef aca0e49a7b4b4e68b6f3f809b24d4c2f 23fa08fdd5fa48a4bed5cc5996d01bfa - - default default] Successfully bumped revision number for resource b5dff445-4971-41ee-9ceb-84d2726ea4e9 (type: security_group_rules) to 0
2026-06-03 01:01:20.812 10 INFO neutron.db.ovn_revision_numbers_db [None req-80f6dfa8-4fe0-4194-87da-909e689b67ef aca0e49a7b4b4e68b6f3f809b24d4c2f 23fa08fdd5fa48a4bed5cc5996d01bfa - - default default] Successfully bumped revision number for resource f81d0f58-853b-4faa-a2e9-905009aa7245 (type: security_group_rules) to 0
2026-06-03 01:01:20.907 10 INFO neutron.db.segments_db [None req-80f6dfa8-4fe0-4194-87da-909e689b67ef aca0e49a7b4b4e68b6f3f809b24d4c2f 23fa08fdd5fa48a4bed5cc5996d01bfa - - default default] Added segment 0e88cd0f-04c8-4013-8e19-5c9ff867bb08 of type geneve for network 002a2bc6-6126-402b-a22c-9e77184e4eb3
2026-06-03 01:01:21.063 10 INFO neutron.db.segments_db [None req-80f6dfa8-4fe0-4194-87da-909e689b67ef aca0e49a7b4b4e68b6f3f809b24d4c2f 23fa08fdd5fa48a4bed5cc5996d01bfa - - default default] Added segment 746929c4-5828-4556-b87b-7145117fd04b of type geneve for network 12510ef2-1a35-4836-8279-0455608b4694
2026-06-03 01:01:21.246 10 INFO neutron.wsgi [req-2146f297-0f86-4aee-91a4-e815f7743c1d req-fee67923-19b3-41e5-9159-bd417852762d fa918ed7ace2437db8570fbbdf40c397 b43441db3ca64efa8363f64b68301136 - - default default] 199.204.45.229 "GET /v2.0/networks?id=ad95e34c-be56-4391-9881-29e72a355023 HTTP/1.1" status: 200 len: 875 time: 0.1308279
2026-06-03 01:01:21.258 10 INFO neutron.db.ovn_revision_numbers_db [None req-80f6dfa8-4fe0-4194-87da-909e689b67ef aca0e49a7b4b4e68b6f3f809b24d4c2f 23fa08fdd5fa48a4bed5cc5996d01bfa - - default default] Successfully bumped revision number for resource 002a2bc6-6126-402b-a22c-9e77184e4eb3 (type: networks) to 1
2026-06-03 01:01:21.313 10 INFO neutron.wsgi [req-2146f297-0f86-4aee-91a4-e815f7743c1d req-c7764b77-3553-4741-b6b9-22119535b3c2 fa918ed7ace2437db8570fbbdf40c397 b43441db3ca64efa8363f64b68301136 - - default default] 199.204.45.229 "GET /v2.0/security-groups?fields=id&fields=name&tenant_id=b43441db3ca64efa8363f64b68301136 HTTP/1.1" status: 200 len: 379 time: 0.0612798
2026-06-03 01:01:21.350 10 WARNING neutron_lib.context [req-2146f297-0f86-4aee-91a4-e815f7743c1d req-cb63f9b6-46e9-4b26-ac4d-9b1b3ae1bac6 fa918ed7ace2437db8570fbbdf40c397 b43441db3ca64efa8363f64b68301136 - - default default] Method 'is_advsvc' is deprecated since 2023.2 release (neutron-lib 3.8.0) and will be removed once support for the old RBAC API policies will be removed from Neutron. Please use method 'is_service_role' instead.
2026-06-03 01:01:21.497 10 INFO neutron.wsgi [req-62533a2c-524f-4c41-beb0-66436b59d540 req-8774441c-3317-4a79-9146-c94e849b99e1 fa918ed7ace2437db8570fbbdf40c397 b43441db3ca64efa8363f64b68301136 - - default default] 10.0.0.125 "GET /v2.0/ports?device_id=4a0dca4a-034d-4435-946e-f7c9ba360230 HTTP/1.1" status: 200 len: 210 time: 0.0348921
2026-06-03 01:01:21.549 10 WARNING neutron.scheduler.dhcp_agent_scheduler [None req-80f6dfa8-4fe0-4194-87da-909e689b67ef aca0e49a7b4b4e68b6f3f809b24d4c2f 23fa08fdd5fa48a4bed5cc5996d01bfa - - default default] No more DHCP agents
2026-06-03 01:01:21.554 10 WARNING neutron.api.rpc.agentnotifiers.dhcp_rpc_agent_api [None req-80f6dfa8-4fe0-4194-87da-909e689b67ef aca0e49a7b4b4e68b6f3f809b24d4c2f 23fa08fdd5fa48a4bed5cc5996d01bfa - - default default] Unable to schedule network 002a2bc6-6126-402b-a22c-9e77184e4eb3: no agents available; will retry on subsequent port and subnet creation events.
2026-06-03 01:01:21.709 10 INFO neutron.db.ovn_revision_numbers_db [None req-80f6dfa8-4fe0-4194-87da-909e689b67ef aca0e49a7b4b4e68b6f3f809b24d4c2f 23fa08fdd5fa48a4bed5cc5996d01bfa - - default default] Successfully bumped revision number for resource fd99ba28-217f-4963-952b-5557431e2667 (type: ports) to 1
2026-06-03 01:01:21.830 10 INFO neutron.db.ovn_revision_numbers_db [None req-80f6dfa8-4fe0-4194-87da-909e689b67ef aca0e49a7b4b4e68b6f3f809b24d4c2f 23fa08fdd5fa48a4bed5cc5996d01bfa - - default default] Successfully bumped revision number for resource 12510ef2-1a35-4836-8279-0455608b4694 (type: networks) to 1
2026-06-03 01:01:21.920 10 WARNING neutron.scheduler.dhcp_agent_scheduler [req-2146f297-0f86-4aee-91a4-e815f7743c1d req-cb63f9b6-46e9-4b26-ac4d-9b1b3ae1bac6 fa918ed7ace2437db8570fbbdf40c397 b43441db3ca64efa8363f64b68301136 - - default default] No more DHCP agents
2026-06-03 01:01:21.926 10 WARNING neutron.api.rpc.agentnotifiers.dhcp_rpc_agent_api [req-2146f297-0f86-4aee-91a4-e815f7743c1d req-cb63f9b6-46e9-4b26-ac4d-9b1b3ae1bac6 fa918ed7ace2437db8570fbbdf40c397 b43441db3ca64efa8363f64b68301136 - - default default] Unable to schedule network ad95e34c-be56-4391-9881-29e72a355023: no agents available; will retry on subsequent port and subnet creation events.
2026-06-03 01:01:22.191 10 WARNING neutron.scheduler.dhcp_agent_scheduler [None req-80f6dfa8-4fe0-4194-87da-909e689b67ef aca0e49a7b4b4e68b6f3f809b24d4c2f 23fa08fdd5fa48a4bed5cc5996d01bfa - - default default] No more DHCP agents
2026-06-03 01:01:22.196 10 WARNING neutron.api.rpc.agentnotifiers.dhcp_rpc_agent_api [None req-80f6dfa8-4fe0-4194-87da-909e689b67ef aca0e49a7b4b4e68b6f3f809b24d4c2f 23fa08fdd5fa48a4bed5cc5996d01bfa - - default default] Unable to schedule network 12510ef2-1a35-4836-8279-0455608b4694: no agents available; will retry on subsequent port and subnet creation events.
2026-06-03 01:01:22.216 10 INFO neutron.db.ovn_revision_numbers_db [req-2146f297-0f86-4aee-91a4-e815f7743c1d req-cb63f9b6-46e9-4b26-ac4d-9b1b3ae1bac6 fa918ed7ace2437db8570fbbdf40c397 b43441db3ca64efa8363f64b68301136 - - default default] Successfully bumped revision number for resource 5c1f03ff-769a-48b0-8d58-cf3868dc4f92 (type: ports) to 1
2026-06-03 01:01:22.250 10 INFO neutron.wsgi [req-2146f297-0f86-4aee-91a4-e815f7743c1d req-cb63f9b6-46e9-4b26-ac4d-9b1b3ae1bac6 fa918ed7ace2437db8570fbbdf40c397 b43441db3ca64efa8363f64b68301136 - - default default] 199.204.45.229 "POST /v2.0/ports HTTP/1.1" status: 201 len: 1162 time: 0.9080205 /var/lib/openstack/lib/python3.10/site-packages/pycadf/identifier.py:71: UserWarning: Invalid uuid: neutron. To ensure interoperability, identifiers should be a valid uuid. warnings.warn(('Invalid uuid: %s. To ensure interoperability, '
2026-06-03 01:01:22.330 10 INFO neutron.db.ovn_revision_numbers_db [None req-80f6dfa8-4fe0-4194-87da-909e689b67ef aca0e49a7b4b4e68b6f3f809b24d4c2f 23fa08fdd5fa48a4bed5cc5996d01bfa - - default default] Successfully bumped revision number for resource 109c09bc-6e8a-471e-a2dd-34ef5193f8cd (type: ports) to 1
2026-06-03 01:01:22.359 10 INFO neutron.wsgi [None req-80f6dfa8-4fe0-4194-87da-909e689b67ef aca0e49a7b4b4e68b6f3f809b24d4c2f 23fa08fdd5fa48a4bed5cc5996d01bfa - - default default] 10.0.0.147 "POST /v2.0/networks HTTP/1.1" status: 201 len: 1446 time: 1.9270434
2026-06-03 01:01:22.458 10 INFO neutron.wsgi [None req-1ebad6ed-7260-4eb0-9c59-e08d38f8049f aca0e49a7b4b4e68b6f3f809b24d4c2f 23fa08fdd5fa48a4bed5cc5996d01bfa - - default default] 10.0.0.147 "GET /v2.0/networks HTTP/1.1" status: 200 len: 2052 time: 0.0918291
2026-06-03 01:01:22.656 10 INFO neutron.wsgi [req-9073ad1f-6b0e-47a3-b1f3-1bec04e98fa2 req-59bdfc5a-bf47-4e22-aef3-73c328ec4691 fa918ed7ace2437db8570fbbdf40c397 b43441db3ca64efa8363f64b68301136 - - default default] 10.0.0.125 "GET /v2.0/ports?device_id=4a0dca4a-034d-4435-946e-f7c9ba360230 HTTP/1.1" status: 200 len: 1172 time: 0.0829396 /var/lib/openstack/lib/python3.10/site-packages/pycadf/identifier.py:71: UserWarning: Invalid uuid: neutron. To ensure interoperability, identifiers should be a valid uuid. warnings.warn(('Invalid uuid: %s. To ensure interoperability, '
2026-06-03 01:01:22.737 10 INFO neutron.wsgi [req-9073ad1f-6b0e-47a3-b1f3-1bec04e98fa2 req-37fd4909-849c-4e78-a672-31c0b01ec269 fa918ed7ace2437db8570fbbdf40c397 b43441db3ca64efa8363f64b68301136 - - default default] 10.0.0.125 "GET /v2.0/security-groups?id=7ddd7f40-b5e2-4b89-b86d-9be39788178a&fields=id&fields=name HTTP/1.1" status: 200 len: 312 time: 0.0713873
2026-06-03 01:01:22.832 10 INFO neutron.db.ovn_revision_numbers_db [req-2146f297-0f86-4aee-91a4-e815f7743c1d req-6aacdb11-77e9-49fd-8718-278d84ed4d7e e4f9f50b079d4b2fa968f05ba0d51db1 f1cfac412872484cb275d703c4221d42 - - 03dce30708164263aa0c6e51f940dfa2 03dce30708164263aa0c6e51f940dfa2] Successfully bumped revision number for resource 5c1f03ff-769a-48b0-8d58-cf3868dc4f92 (type: ports) to 2
2026-06-03 01:01:22.888 9 WARNING neutron.plugins.ml2.drivers.ovn.mech_driver.ovsdb.ovn_client [None req-2eeaa632-5493-44e3-a71c-72f4eb284b18 - - - - - -] No hosting information found for port 16e80cb6-762a-4386-ad12-ac86f651701a: RuntimeError: No hosting information found for port 16e80cb6-762a-4386-ad12-ac86f651701a
2026-06-03 01:01:22.927 9 INFO neutron.services.segments.plugin [-] Segment 0e88cd0f-04c8-4013-8e19-5c9ff867bb08 resource provider aggregate not found
2026-06-03 01:01:22.932 9 INFO neutron.services.segments.plugin [-] Segment 0e88cd0f-04c8-4013-8e19-5c9ff867bb08 resource provider aggregate not found
2026-06-03 01:01:22.952 9 INFO neutron.services.segments.plugin [-] Segment 0e88cd0f-04c8-4013-8e19-5c9ff867bb08 resource provider not found; error: Placement Client Error (4xx): {"errors": [{"status": 404, "title": "Not Found", "detail": "The resource could not be found.\n\n No resource provider with uuid 0e88cd0f-04c8-4013-8e19-5c9ff867bb08 found for delete ", "request_id": "req-21e4221b-3b4a-4a51-9f45-c9e196a38df2"}]}
2026-06-03 01:01:22.954 9 INFO neutron.services.segments.plugin [-] Segment 0e88cd0f-04c8-4013-8e19-5c9ff867bb08 resource provider not found; error: Placement Client Error (4xx): {"errors": [{"status": 404, "title": "Not Found", "detail": "The resource could not be found.\n\n No resource provider with uuid 0e88cd0f-04c8-4013-8e19-5c9ff867bb08 found for delete ", "request_id": "req-1a375fbc-754a-477a-abc0-6bce446762e2"}]}
2026-06-03 01:01:22.979 9 INFO neutron.wsgi [None req-34d32ae1-ad8c-44a8-ba8c-58275042e6d1 aca0e49a7b4b4e68b6f3f809b24d4c2f 23fa08fdd5fa48a4bed5cc5996d01bfa - - default default] 10.0.0.147 "DELETE /v2.0/networks/002a2bc6-6126-402b-a22c-9e77184e4eb3 HTTP/1.1" status: 204 len: 168 time: 0.5150025
2026-06-03 01:01:23.114 10 INFO neutron.db.ovn_revision_numbers_db [req-2146f297-0f86-4aee-91a4-e815f7743c1d req-6aacdb11-77e9-49fd-8718-278d84ed4d7e e4f9f50b079d4b2fa968f05ba0d51db1 f1cfac412872484cb275d703c4221d42 - - 03dce30708164263aa0c6e51f940dfa2 03dce30708164263aa0c6e51f940dfa2] Successfully bumped revision number for resource 5c1f03ff-769a-48b0-8d58-cf3868dc4f92 (type: ports) to 2
2026-06-03 01:01:23.132 10 INFO neutron.wsgi [req-2146f297-0f86-4aee-91a4-e815f7743c1d req-6aacdb11-77e9-49fd-8718-278d84ed4d7e e4f9f50b079d4b2fa968f05ba0d51db1 f1cfac412872484cb275d703c4221d42 - - 03dce30708164263aa0c6e51f940dfa2 03dce30708164263aa0c6e51f940dfa2] 199.204.45.229 "PUT /v2.0/ports/5c1f03ff-769a-48b0-8d58-cf3868dc4f92 HTTP/1.1" status: 200 len: 1380 time: 0.8710716 /var/lib/openstack/lib/python3.10/site-packages/pycadf/identifier.py:71: UserWarning: Invalid uuid: neutron. To ensure interoperability, identifiers should be a valid uuid. warnings.warn(('Invalid uuid: %s. To ensure interoperability, '
2026-06-03 01:01:23.187 10 INFO neutron.notifiers.nova [-] Nova event matching ['req-0bcfe2af-f492-4623-8a21-b20e96051cf8'] response: {'name': 'network-changed', 'server_uuid': '4a0dca4a-034d-4435-946e-f7c9ba360230', 'tag': '5c1f03ff-769a-48b0-8d58-cf3868dc4f92', 'status': 'completed', 'code': 200}
2026-06-03 01:01:23.223 10 INFO neutron.wsgi [req-2146f297-0f86-4aee-91a4-e815f7743c1d req-3b6b62ee-f88f-42aa-bbf6-bb2e7ea461cc e4f9f50b079d4b2fa968f05ba0d51db1 f1cfac412872484cb275d703c4221d42 - - 03dce30708164263aa0c6e51f940dfa2 03dce30708164263aa0c6e51f940dfa2] 199.204.45.229 "GET /v2.0/ports?tenant_id=b43441db3ca64efa8363f64b68301136&device_id=4a0dca4a-034d-4435-946e-f7c9ba360230 HTTP/1.1" status: 200 len: 1411 time: 0.0495636
2026-06-03 01:01:23.268 10 INFO neutron.wsgi [req-2146f297-0f86-4aee-91a4-e815f7743c1d req-62c23d37-1ae4-409c-b8f4-051639bce9bf e4f9f50b079d4b2fa968f05ba0d51db1 f1cfac412872484cb275d703c4221d42 - - 03dce30708164263aa0c6e51f940dfa2 03dce30708164263aa0c6e51f940dfa2] 199.204.45.229 "GET /v2.0/floatingips?fixed_ip_address=10.100.0.13&port_id=5c1f03ff-769a-48b0-8d58-cf3868dc4f92 HTTP/1.1" status: 200 len: 217 time: 0.0347617
2026-06-03 01:01:23.324 10 INFO neutron.wsgi [req-2146f297-0f86-4aee-91a4-e815f7743c1d req-a962b627-9c69-42d3-b053-93be4b621236 e4f9f50b079d4b2fa968f05ba0d51db1 f1cfac412872484cb275d703c4221d42 - - 03dce30708164263aa0c6e51f940dfa2 03dce30708164263aa0c6e51f940dfa2] 199.204.45.229 "GET /v2.0/subnets?id=1228c0b0-601f-4498-b89e-17d8aaa2fc4e HTTP/1.1" status: 200 len: 869 time: 0.0450182
2026-06-03 01:01:23.354 10 INFO neutron.wsgi [req-2146f297-0f86-4aee-91a4-e815f7743c1d req-4327f934-bdb0-4367-bd01-8bac9264b2f3 e4f9f50b079d4b2fa968f05ba0d51db1 f1cfac412872484cb275d703c4221d42 - - 03dce30708164263aa0c6e51f940dfa2 03dce30708164263aa0c6e51f940dfa2] 199.204.45.229 "GET /v2.0/ports?network_id=ad95e34c-be56-4391-9881-29e72a355023&device_owner=network%3Adhcp HTTP/1.1" status: 200 len: 210 time: 0.0242991
2026-06-03 01:01:23.437 9 INFO neutron.wsgi [None req-3861aae1-d8aa-4e24-b763-23251fe1cfc3 aca0e49a7b4b4e68b6f3f809b24d4c2f 23fa08fdd5fa48a4bed5cc5996d01bfa - - default default] 10.0.0.147 "DELETE /v2.0/networks/12510ef2-1a35-4836-8279-0455608b4694 HTTP/1.1" status: 204 len: 168 time: 0.4502294
2026-06-03 01:01:23.438 10 INFO neutron.wsgi [req-2146f297-0f86-4aee-91a4-e815f7743c1d req-fda43573-4fe8-43c1-b82d-8c5e20cfcc35 e4f9f50b079d4b2fa968f05ba0d51db1 f1cfac412872484cb275d703c4221d42 - - 03dce30708164263aa0c6e51f940dfa2 03dce30708164263aa0c6e51f940dfa2] 199.204.45.229 "GET /v2.0/networks/ad95e34c-be56-4391-9881-29e72a355023?fields=segments HTTP/1.1" status: 200 len: 212 time: 0.0745811
2026-06-03 01:01:23.539 10 INFO neutron.wsgi [None req-a08713a2-e407-4992-b541-6d8abeeef1c6 aca0e49a7b4b4e68b6f3f809b24d4c2f 23fa08fdd5fa48a4bed5cc5996d01bfa - - default default] 10.0.0.147 "GET /v2.0/networks HTTP/1.1" status: 200 len: 845 time: 0.0964088
2026-06-03 01:01:23.544 10 INFO neutron.wsgi [req-2146f297-0f86-4aee-91a4-e815f7743c1d req-2b9f5f64-09d5-4c3b-8c52-18122adb5101 e4f9f50b079d4b2fa968f05ba0d51db1 f1cfac412872484cb275d703c4221d42 - - 03dce30708164263aa0c6e51f940dfa2 03dce30708164263aa0c6e51f940dfa2] 199.204.45.229 "GET /v2.0/networks/ad95e34c-be56-4391-9881-29e72a355023?fields=provider%3Aphysical_network&fields=provider%3Anetwork_type HTTP/1.1" status: 200 len: 277 time: 0.0909817
2026-06-03 01:01:23.553 10 WARNING neutron_lib.context [None req-d6d8f1f1-887c-4478-8341-fa1c2dff3e33 aca0e49a7b4b4e68b6f3f809b24d4c2f 23fa08fdd5fa48a4bed5cc5996d01bfa - - default default] Method 'is_advsvc' is deprecated since 2023.2 release (neutron-lib 3.8.0) and will be removed once support for the old RBAC API policies will be removed from Neutron. Please use method 'is_service_role' instead.
2026-06-03 01:01:23.630 10 INFO neutron.wsgi [req-440ddcac-dbaa-4e5b-b809-7b866b8581b3 req-e0faaca0-5bd5-4e47-abb2-3266ed3c3b07 e4f9f50b079d4b2fa968f05ba0d51db1 f1cfac412872484cb275d703c4221d42 - - 03dce30708164263aa0c6e51f940dfa2 03dce30708164263aa0c6e51f940dfa2] 199.204.45.229 "GET /v2.0/ports?tenant_id=b43441db3ca64efa8363f64b68301136&device_id=4a0dca4a-034d-4435-946e-f7c9ba360230 HTTP/1.1" status: 200 len: 1411 time: 0.0393503
2026-06-03 01:01:23.639 10 INFO neutron.db.segments_db [None req-d6d8f1f1-887c-4478-8341-fa1c2dff3e33 aca0e49a7b4b4e68b6f3f809b24d4c2f 23fa08fdd5fa48a4bed5cc5996d01bfa - - default default] Added segment 28d57d14-92ef-4afa-ab61-b958bf81a3e6 of type geneve for network 4a7affee-57d4-46a8-ae83-d2faf9bc17f9
2026-06-03 01:01:23.727 10 INFO neutron.wsgi [req-440ddcac-dbaa-4e5b-b809-7b866b8581b3 req-b53aff6f-3868-4e20-ac5f-f0ef112c9610 e4f9f50b079d4b2fa968f05ba0d51db1 f1cfac412872484cb275d703c4221d42 - - 03dce30708164263aa0c6e51f940dfa2 03dce30708164263aa0c6e51f940dfa2] 199.204.45.229 "GET /v2.0/networks?id=ad95e34c-be56-4391-9881-29e72a355023 HTTP/1.1" status: 200 len: 973 time: 0.0842338
2026-06-03 01:01:23.778 9 INFO neutron.plugins.ml2.drivers.ovn.mech_driver.mech_driver [None req-2eeaa632-5493-44e3-a71c-72f4eb284b18 - - - - - -] OVN reports status up for port: 5c1f03ff-769a-48b0-8d58-cf3868dc4f92
2026-06-03 01:01:23.784 10 INFO neutron.wsgi [req-440ddcac-dbaa-4e5b-b809-7b866b8581b3 req-ae44a358-a77b-4262-ae70-aa607cc0ae29 e4f9f50b079d4b2fa968f05ba0d51db1 f1cfac412872484cb275d703c4221d42 - - 03dce30708164263aa0c6e51f940dfa2 03dce30708164263aa0c6e51f940dfa2] 199.204.45.229 "GET /v2.0/floatingips?fixed_ip_address=10.100.0.13&port_id=5c1f03ff-769a-48b0-8d58-cf3868dc4f92 HTTP/1.1" status: 200 len: 217 time: 0.0396025
2026-06-03 01:01:23.799 9 INFO neutron.plugins.ml2.plugin [None req-2eeaa632-5493-44e3-a71c-72f4eb284b18 - - - - - -] Attempt 1 to provision port 5c1f03ff-769a-48b0-8d58-cf3868dc4f92
2026-06-03 01:01:23.887 10 INFO neutron.db.ovn_revision_numbers_db [None req-d6d8f1f1-887c-4478-8341-fa1c2dff3e33 aca0e49a7b4b4e68b6f3f809b24d4c2f 23fa08fdd5fa48a4bed5cc5996d01bfa - - default default] Successfully bumped revision number for resource 4a7affee-57d4-46a8-ae83-d2faf9bc17f9 (type: networks) to 1
2026-06-03 01:01:23.921 10 INFO neutron.wsgi [req-440ddcac-dbaa-4e5b-b809-7b866b8581b3 req-3af2f9ba-d4f4-452a-b2b8-dfe7f13211c0 e4f9f50b079d4b2fa968f05ba0d51db1 f1cfac412872484cb275d703c4221d42 - - 03dce30708164263aa0c6e51f940dfa2 03dce30708164263aa0c6e51f940dfa2] 199.204.45.229 "GET /v2.0/subnets?id=1228c0b0-601f-4498-b89e-17d8aaa2fc4e HTTP/1.1" status: 200 len: 869 time: 0.1064582
2026-06-03 01:01:23.941 10 INFO neutron.wsgi [req-9e431662-b5e4-40dd-9f18-0662a03985d5 req-4f22b86c-a524-432e-9d5a-95f8768c92bc fa918ed7ace2437db8570fbbdf40c397 b43441db3ca64efa8363f64b68301136 - - default default] 10.0.0.125 "GET /v2.0/ports?device_id=4a0dca4a-034d-4435-946e-f7c9ba360230 HTTP/1.1" status: 200 len: 1172 time: 0.0875897
2026-06-03 01:01:23.979 10 INFO neutron.wsgi [req-440ddcac-dbaa-4e5b-b809-7b866b8581b3 req-5e712c27-d252-496a-a7c8-3985ad297f82 e4f9f50b079d4b2fa968f05ba0d51db1 f1cfac412872484cb275d703c4221d42 - - 03dce30708164263aa0c6e51f940dfa2 03dce30708164263aa0c6e51f940dfa2] 199.204.45.229 "GET /v2.0/ports?network_id=ad95e34c-be56-4391-9881-29e72a355023&device_owner=network%3Adhcp HTTP/1.1" status: 200 len: 210 time: 0.0475745
2026-06-03 01:01:24.002 9 INFO neutron.notifiers.nova [-] Nova event matching ['req-d0525f75-5ec3-4174-bf19-4b0357d98cfe'] response: {'server_uuid': '4a0dca4a-034d-4435-946e-f7c9ba360230', 'name': 'network-vif-plugged', 'status': 'completed', 'tag': '5c1f03ff-769a-48b0-8d58-cf3868dc4f92', 'code': 200}
2026-06-03 01:01:24.223 9 INFO neutron.db.ovn_revision_numbers_db [None req-2eeaa632-5493-44e3-a71c-72f4eb284b18 - - - - - -] Successfully bumped revision number for resource 5c1f03ff-769a-48b0-8d58-cf3868dc4f92 (type: ports) to 4
2026-06-03 01:01:24.418 10 INFO neutron.wsgi [req-9e431662-b5e4-40dd-9f18-0662a03985d5 req-102f28a7-b67b-40c1-aa89-5883e21798de fa918ed7ace2437db8570fbbdf40c397 b43441db3ca64efa8363f64b68301136 - - default default] 10.0.0.125 "GET /v2.0/security-groups?id=7ddd7f40-b5e2-4b89-b86d-9be39788178a&fields=id&fields=name HTTP/1.1" status: 200 len: 312 time: 0.4632053
2026-06-03 01:01:24.492 10 INFO neutron.wsgi [req-440ddcac-dbaa-4e5b-b809-7b866b8581b3 req-885df1d4-abf6-47bf-ad00-08b1c09686ea e4f9f50b079d4b2fa968f05ba0d51db1 f1cfac412872484cb275d703c4221d42 - - 03dce30708164263aa0c6e51f940dfa2 03dce30708164263aa0c6e51f940dfa2] 199.204.45.229 "GET /v2.0/networks/ad95e34c-be56-4391-9881-29e72a355023?fields=segments HTTP/1.1" status: 200 len: 212 time: 0.5048192
2026-06-03 01:01:24.601 10 WARNING neutron.scheduler.dhcp_agent_scheduler [None req-d6d8f1f1-887c-4478-8341-fa1c2dff3e33 aca0e49a7b4b4e68b6f3f809b24d4c2f 23fa08fdd5fa48a4bed5cc5996d01bfa - - default default] No more DHCP agents
2026-06-03 01:01:24.610 10 WARNING neutron.api.rpc.agentnotifiers.dhcp_rpc_agent_api [None req-d6d8f1f1-887c-4478-8341-fa1c2dff3e33 aca0e49a7b4b4e68b6f3f809b24d4c2f 23fa08fdd5fa48a4bed5cc5996d01bfa - - default default] Unable to schedule network 4a7affee-57d4-46a8-ae83-d2faf9bc17f9: no agents available; will retry on subsequent port and subnet creation events.
2026-06-03 01:01:24.633 10 INFO neutron.wsgi [req-440ddcac-dbaa-4e5b-b809-7b866b8581b3 req-effbdb4f-d0c6-4cb0-8903-d09d807e826b e4f9f50b079d4b2fa968f05ba0d51db1 f1cfac412872484cb275d703c4221d42 - - 03dce30708164263aa0c6e51f940dfa2 03dce30708164263aa0c6e51f940dfa2] 199.204.45.229 "GET /v2.0/networks/ad95e34c-be56-4391-9881-29e72a355023?fields=provider%3Aphysical_network&fields=provider%3Anetwork_type HTTP/1.1" status: 200 len: 277 time: 0.1276367
2026-06-03 01:01:24.722 10 INFO neutron.db.ovn_revision_numbers_db [None req-72350577-aa60-4062-afcb-ef87f524b974 a607a8cc56ee4a918facbb451c0e3831 16b608c7e5a0466292a36f2607bd47a5 - - default default] Successfully bumped revision number for resource c1747ece-bcdc-469e-8301-cba7f3dfb9c2 (type: security_groups) to 1
2026-06-03 01:01:24.743 10 INFO neutron.db.ovn_revision_numbers_db [None req-72350577-aa60-4062-afcb-ef87f524b974 a607a8cc56ee4a918facbb451c0e3831 16b608c7e5a0466292a36f2607bd47a5 - - default default] Successfully bumped revision number for resource 17f02a40-1289-4a81-aa69-840e2249aadf (type: security_group_rules) to 0
2026-06-03 01:01:24.749 10 INFO neutron.db.ovn_revision_numbers_db [None req-d6d8f1f1-887c-4478-8341-fa1c2dff3e33 aca0e49a7b4b4e68b6f3f809b24d4c2f 23fa08fdd5fa48a4bed5cc5996d01bfa - - default default] Successfully bumped revision number for resource bee25e8e-b491-4c5f-a463-7114101c7e87 (type: ports) to 1
2026-06-03 01:01:24.763 10 INFO neutron.db.ovn_revision_numbers_db [None req-72350577-aa60-4062-afcb-ef87f524b974 a607a8cc56ee4a918facbb451c0e3831 16b608c7e5a0466292a36f2607bd47a5 - - default default] Successfully bumped revision number for resource 7fb05738-7d62-4acc-b947-b1268c5ad984 (type: security_group_rules) to 0
2026-06-03 01:01:24.779 10 INFO neutron.wsgi [None req-d6d8f1f1-887c-4478-8341-fa1c2dff3e33 aca0e49a7b4b4e68b6f3f809b24d4c2f 23fa08fdd5fa48a4bed5cc5996d01bfa - - default default] 10.0.0.147 "POST /v2.0/networks HTTP/1.1" status: 201 len: 853 time: 1.2296114
2026-06-03 01:01:24.780 10 INFO neutron.db.ovn_revision_numbers_db [None req-72350577-aa60-4062-afcb-ef87f524b974 a607a8cc56ee4a918facbb451c0e3831 16b608c7e5a0466292a36f2607bd47a5 - - default default] Successfully bumped revision number for resource f227bec1-12c0-4007-b605-d8b8b8256651 (type: security_group_rules) to 0
2026-06-03 01:01:24.790 10 WARNING neutron_lib.context [None req-05b043c7-1b0e-49df-b94d-7c33d5463d1f aca0e49a7b4b4e68b6f3f809b24d4c2f 23fa08fdd5fa48a4bed5cc5996d01bfa - - default default] Method 'is_advsvc' is deprecated since 2023.2 release (neutron-lib 3.8.0) and will be removed once support for the old RBAC API policies will be removed from Neutron. Please use method 'is_service_role' instead.
2026-06-03 01:01:24.805 10 INFO neutron.db.ovn_revision_numbers_db [None req-72350577-aa60-4062-afcb-ef87f524b974 a607a8cc56ee4a918facbb451c0e3831 16b608c7e5a0466292a36f2607bd47a5 - - default default] Successfully bumped revision number for resource f628b1d7-f1f3-467e-89f2-dc3e130f7120 (type: security_group_rules) to 0
2026-06-03 01:01:24.860 10 INFO neutron.wsgi [None req-72350577-aa60-4062-afcb-ef87f524b974 a607a8cc56ee4a918facbb451c0e3831 16b608c7e5a0466292a36f2607bd47a5 - - default default] 10.0.0.147 "GET /v2.0/security-groups?tenant_id=eb3a1d50d64f4ba0a770a0553c2a797d&name=default HTTP/1.1" status: 200 len: 2996 time: 0.9294734 /var/lib/openstack/lib/python3.10/site-packages/pycadf/identifier.py:71: UserWarning: Invalid uuid: neutron. To ensure interoperability, identifiers should be a valid uuid. warnings.warn(('Invalid uuid: %s. To ensure interoperability, '
2026-06-03 01:01:24.937 10 INFO neutron.db.segments_db [None req-05b043c7-1b0e-49df-b94d-7c33d5463d1f aca0e49a7b4b4e68b6f3f809b24d4c2f 23fa08fdd5fa48a4bed5cc5996d01bfa - - default default] Added segment 7bba99eb-1240-49f0-94f7-8d041c7a2fdf of type geneve for network 26e16918-7c37-4a74-8b27-5eda622171ab
2026-06-03 01:01:24.980 9 INFO neutron.services.segments.plugin [-] Segment 746929c4-5828-4556-b87b-7145117fd04b resource provider aggregate not found
2026-06-03 01:01:24.991 9 INFO neutron.services.segments.plugin [-] Segment 746929c4-5828-4556-b87b-7145117fd04b resource provider aggregate not found
2026-06-03 01:01:25.016 9 INFO neutron.services.segments.plugin [-] Segment 746929c4-5828-4556-b87b-7145117fd04b resource provider not found; error: Placement Client Error (4xx): {"errors": [{"status": 404, "title": "Not Found", "detail": "The resource could not be found.\n\n No resource provider with uuid 746929c4-5828-4556-b87b-7145117fd04b found for delete ", "request_id": "req-00c05377-6e61-4d28-85c5-f690fa749b7b"}]}
2026-06-03 01:01:25.025 9 INFO neutron.services.segments.plugin [-] Segment 746929c4-5828-4556-b87b-7145117fd04b resource provider not found; error: Placement Client Error (4xx): {"errors": [{"status": 404, "title": "Not Found", "detail": "The resource could not be found.\n\n No resource provider with uuid 746929c4-5828-4556-b87b-7145117fd04b found for delete ", "request_id": "req-bde15148-1ff9-4b86-8aa5-548ee8714c14"}]}
2026-06-03 01:01:25.132 10 INFO neutron.db.ovn_revision_numbers_db [None req-05b043c7-1b0e-49df-b94d-7c33d5463d1f aca0e49a7b4b4e68b6f3f809b24d4c2f 23fa08fdd5fa48a4bed5cc5996d01bfa - - default default] Successfully bumped revision number for resource 26e16918-7c37-4a74-8b27-5eda622171ab (type: networks) to 1
2026-06-03 01:01:25.185 9 INFO neutron.wsgi [None req-4df52adf-2541-44ac-8c50-fa145a62401f a607a8cc56ee4a918facbb451c0e3831 16b608c7e5a0466292a36f2607bd47a5 - - default default] 10.0.0.147 "DELETE /v2.0/security-groups/c1747ece-bcdc-469e-8301-cba7f3dfb9c2 HTTP/1.1" status: 204 len: 168 time: 0.3195372
2026-06-03 01:01:25.365 10 WARNING neutron.scheduler.dhcp_agent_scheduler [None req-05b043c7-1b0e-49df-b94d-7c33d5463d1f aca0e49a7b4b4e68b6f3f809b24d4c2f 23fa08fdd5fa48a4bed5cc5996d01bfa - - default default] No more DHCP agents
2026-06-03 01:01:25.370 10 WARNING neutron.api.rpc.agentnotifiers.dhcp_rpc_agent_api [None req-05b043c7-1b0e-49df-b94d-7c33d5463d1f aca0e49a7b4b4e68b6f3f809b24d4c2f 23fa08fdd5fa48a4bed5cc5996d01bfa - - default default] Unable to schedule network 26e16918-7c37-4a74-8b27-5eda622171ab: no agents available; will retry on subsequent port and subnet creation events.
2026-06-03 01:01:25.477 10 INFO neutron.db.ovn_revision_numbers_db [None req-05b043c7-1b0e-49df-b94d-7c33d5463d1f aca0e49a7b4b4e68b6f3f809b24d4c2f 23fa08fdd5fa48a4bed5cc5996d01bfa - - default default] Successfully bumped revision number for resource 33d9eaed-da80-47aa-b1e0-7043ecd4967c (type: ports) to 1
2026-06-03 01:01:25.510 10 INFO neutron.db.ovn_revision_numbers_db [None req-ec7ec52c-df1b-4a5c-b96f-98e3c510405d a607a8cc56ee4a918facbb451c0e3831 16b608c7e5a0466292a36f2607bd47a5 - - default default] Successfully bumped revision number for resource bc8f04ed-e8b7-4f6f-89f0-754e893f14b2 (type: security_groups) to 1
2026-06-03 01:01:25.521 10 INFO neutron.wsgi [None req-05b043c7-1b0e-49df-b94d-7c33d5463d1f aca0e49a7b4b4e68b6f3f809b24d4c2f 23fa08fdd5fa48a4bed5cc5996d01bfa - - default default] 10.0.0.147 "POST /v2.0/networks HTTP/1.1" status: 201 len: 853 time: 0.7381027
2026-06-03 01:01:25.531 10 INFO neutron.db.ovn_revision_numbers_db [None req-ec7ec52c-df1b-4a5c-b96f-98e3c510405d a607a8cc56ee4a918facbb451c0e3831 16b608c7e5a0466292a36f2607bd47a5 - - default default] Successfully bumped revision number for resource 879ad67c-4d9f-4288-819f-064b98f61f21 (type: security_group_rules) to 0
2026-06-03 01:01:25.533 9 WARNING neutron_lib.context [None req-b185e344-d372-41d3-892c-201ec7018b66 aca0e49a7b4b4e68b6f3f809b24d4c2f 23fa08fdd5fa48a4bed5cc5996d01bfa - - default default] Method 'is_advsvc' is deprecated since 2023.2 release (neutron-lib 3.8.0) and will be removed once support for the old RBAC API policies will be removed from Neutron. Please use method 'is_service_role' instead.
2026-06-03 01:01:25.559 10 INFO neutron.db.ovn_revision_numbers_db [None req-ec7ec52c-df1b-4a5c-b96f-98e3c510405d a607a8cc56ee4a918facbb451c0e3831 16b608c7e5a0466292a36f2607bd47a5 - - default default] Successfully bumped revision number for resource 8be5663b-d312-416c-b65e-a77f2916bd8c (type: security_group_rules) to 0
2026-06-03 01:01:25.577 10 INFO neutron.db.ovn_revision_numbers_db [None req-ec7ec52c-df1b-4a5c-b96f-98e3c510405d a607a8cc56ee4a918facbb451c0e3831 16b608c7e5a0466292a36f2607bd47a5 - - default default] Successfully bumped revision number for resource c9e9365f-87cd-4cdd-994c-7c76191fcb11 (type: security_group_rules) to 0
2026-06-03 01:01:25.577 9 WARNING neutron_lib.context [None req-b185e344-d372-41d3-892c-201ec7018b66 aca0e49a7b4b4e68b6f3f809b24d4c2f 23fa08fdd5fa48a4bed5cc5996d01bfa - - default default] Method 'is_advsvc' is deprecated since 2023.2 release (neutron-lib 3.8.0) and will be removed once support for the old RBAC API policies will be removed from Neutron. Please use method 'is_service_role' instead.
2026-06-03 01:01:25.596 10 INFO neutron.wsgi [req-eabdc3d4-7a27-41ff-8381-00b2b4254855 req-0c3ea39e-81d7-4b1b-a7b3-2e631fcf95e1 fa918ed7ace2437db8570fbbdf40c397 b43441db3ca64efa8363f64b68301136 - - default default] 10.0.0.125 "GET /v2.0/ports?device_id=4a0dca4a-034d-4435-946e-f7c9ba360230 HTTP/1.1" status: 200 len: 1174 time: 0.1096253
2026-06-03 01:01:25.605 10 INFO neutron.db.ovn_revision_numbers_db [None req-ec7ec52c-df1b-4a5c-b96f-98e3c510405d a607a8cc56ee4a918facbb451c0e3831 16b608c7e5a0466292a36f2607bd47a5 - - default default] Successfully bumped revision number for resource d6f9dbb2-b8be-4f44-b49a-a2cfed399261 (type: security_group_rules) to 0
2026-06-03 01:01:25.664 10 INFO neutron.wsgi [None req-ec7ec52c-df1b-4a5c-b96f-98e3c510405d a607a8cc56ee4a918facbb451c0e3831 16b608c7e5a0466292a36f2607bd47a5 - - default default] 10.0.0.147 "GET /v2.0/security-groups?tenant_id=688c86da48314277a83d3fcd69820ee7&name=default HTTP/1.1" status: 200 len: 2996 time: 0.3625569
2026-06-03 01:01:25.689 10 INFO neutron.wsgi [req-eabdc3d4-7a27-41ff-8381-00b2b4254855 req-76c2b343-3a2a-4c7d-a35d-c8b89eb41bdc fa918ed7ace2437db8570fbbdf40c397 b43441db3ca64efa8363f64b68301136 - - default default] 10.0.0.125 "GET /v2.0/security-groups?id=7ddd7f40-b5e2-4b89-b86d-9be39788178a&fields=id&fields=name HTTP/1.1" status: 200 len: 312 time: 0.0864229
2026-06-03 01:01:25.821 10 INFO neutron.wsgi [req-566df20c-d5b5-4ac0-8452-d466961263c4 req-c90a3a70-fa7c-4cb9-abba-1ba389936c9f fa918ed7ace2437db8570fbbdf40c397 b43441db3ca64efa8363f64b68301136 - - default default] 10.0.0.125 "GET /v2.0/ports?device_id=4a0dca4a-034d-4435-946e-f7c9ba360230 HTTP/1.1" status: 200 len: 1174 time: 0.0446422
2026-06-03 01:01:26.055 9 INFO neutron.notifiers.nova [-] Nova event matching ['req-e5f35f97-bb24-4095-8aa1-f7f8cc6a552c'] response: {'server_uuid': '4a0dca4a-034d-4435-946e-f7c9ba360230', 'name': 'network-vif-plugged', 'status': 'completed', 'tag': '5c1f03ff-769a-48b0-8d58-cf3868dc4f92', 'code': 200}
2026-06-03 01:01:26.253 9 INFO neutron.db.l3_db [None req-076021cd-8ca5-41f3-ac88-8d86711ffcd8 fa918ed7ace2437db8570fbbdf40c397 b43441db3ca64efa8363f64b68301136 - - default default] Floating IP a18aed4b-410c-476e-a78c-87279d2b3606 associated. External IP: 10.96.250.216, port: 5c1f03ff-769a-48b0-8d58-cf3868dc4f92.
2026-06-03 01:01:26.293 9 INFO neutron.wsgi [None req-14086d63-e491-4b59-bea9-880376ce814e a607a8cc56ee4a918facbb451c0e3831 16b608c7e5a0466292a36f2607bd47a5 - - default default] 10.0.0.147 "DELETE /v2.0/security-groups/bc8f04ed-e8b7-4f6f-89f0-754e893f14b2 HTTP/1.1" status: 204 len: 168 time: 0.6187484
2026-06-03 01:01:26.441 9 WARNING neutron.scheduler.dhcp_agent_scheduler [None req-b185e344-d372-41d3-892c-201ec7018b66 aca0e49a7b4b4e68b6f3f809b24d4c2f 23fa08fdd5fa48a4bed5cc5996d01bfa - - default default] No more DHCP agents
2026-06-03 01:01:26.447 9 WARNING neutron.api.rpc.agentnotifiers.dhcp_rpc_agent_api [None req-b185e344-d372-41d3-892c-201ec7018b66 aca0e49a7b4b4e68b6f3f809b24d4c2f 23fa08fdd5fa48a4bed5cc5996d01bfa - - default default] Unable to schedule network 4a7affee-57d4-46a8-ae83-d2faf9bc17f9: no agents available; will retry on subsequent port and subnet creation events.
2026-06-03 01:01:26.497 10 INFO neutron.wsgi [-] 10.0.0.209 "GET / HTTP/1.1" status: 200 len: 247 time: 0.0022340
2026-06-03 01:01:26.500 10 INFO neutron.wsgi [-] 10.0.0.209 "GET / HTTP/1.1" status: 200 len: 247 time: 0.0018086
2026-06-03 01:01:26.945 9 INFO neutron.db.ovn_revision_numbers_db [None req-b185e344-d372-41d3-892c-201ec7018b66 aca0e49a7b4b4e68b6f3f809b24d4c2f 23fa08fdd5fa48a4bed5cc5996d01bfa - - default default] Successfully bumped revision number for resource fbe12561-1a12-4de5-b98b-94209429fe64 (type: ports) to 1
2026-06-03 01:01:26.985 9 WARNING neutron.scheduler.dhcp_agent_scheduler [None req-b185e344-d372-41d3-892c-201ec7018b66 aca0e49a7b4b4e68b6f3f809b24d4c2f 23fa08fdd5fa48a4bed5cc5996d01bfa - - default default] No more DHCP agents
2026-06-03 01:01:26.988 9 WARNING neutron.api.rpc.agentnotifiers.dhcp_rpc_agent_api [None req-b185e344-d372-41d3-892c-201ec7018b66 aca0e49a7b4b4e68b6f3f809b24d4c2f 23fa08fdd5fa48a4bed5cc5996d01bfa - - default default] Unable to schedule network 26e16918-7c37-4a74-8b27-5eda622171ab: no agents available; will retry on subsequent port and subnet creation events.
2026-06-03 01:01:26.992 9 INFO neutron.db.ovn_revision_numbers_db [None req-076021cd-8ca5-41f3-ac88-8d86711ffcd8 fa918ed7ace2437db8570fbbdf40c397 b43441db3ca64efa8363f64b68301136 - - default default] Successfully bumped revision number for resource a18aed4b-410c-476e-a78c-87279d2b3606 (type: floatingips) to 1
2026-06-03 01:01:27.145 9 INFO neutron.db.ovn_revision_numbers_db [None req-b185e344-d372-41d3-892c-201ec7018b66 aca0e49a7b4b4e68b6f3f809b24d4c2f 23fa08fdd5fa48a4bed5cc5996d01bfa - - default default] Successfully bumped revision number for resource 98d2ecd5-ac4d-4fbe-9338-606b525dc6cb (type: ports) to 1
2026-06-03 01:01:27.185 9 INFO neutron.db.ovn_revision_numbers_db [None req-076021cd-8ca5-41f3-ac88-8d86711ffcd8 fa918ed7ace2437db8570fbbdf40c397 b43441db3ca64efa8363f64b68301136 - - default default] Successfully bumped revision number for resource a18aed4b-410c-476e-a78c-87279d2b3606 (type: floatingips) to 2
2026-06-03 01:01:27.194 9 INFO neutron.wsgi [None req-b185e344-d372-41d3-892c-201ec7018b66 aca0e49a7b4b4e68b6f3f809b24d4c2f 23fa08fdd5fa48a4bed5cc5996d01bfa - - default default] 10.0.0.147 "POST /v2.0/ports HTTP/1.1" status: 201 len: 1706 time: 1.6669574
2026-06-03 01:01:27.229 9 INFO neutron.wsgi [None req-076021cd-8ca5-41f3-ac88-8d86711ffcd8 fa918ed7ace2437db8570fbbdf40c397 b43441db3ca64efa8363f64b68301136 - - default default] 10.0.0.147 "PUT /v2.0/floatingips/a18aed4b-410c-476e-a78c-87279d2b3606 HTTP/1.1" status: 200 len: 1050 time: 1.3923826
2026-06-03 01:01:27.361 10 INFO neutron.wsgi [req-4af40465-27c5-4914-93c3-51e63ea799d6 req-9d572854-c29e-475a-b929-1786b822145c fa918ed7ace2437db8570fbbdf40c397 b43441db3ca64efa8363f64b68301136 - - default default] 10.0.0.125 "GET /v2.0/ports?device_id=4a0dca4a-034d-4435-946e-f7c9ba360230 HTTP/1.1" status: 200 len: 1174 time: 0.0657883
2026-06-03 01:01:27.374 10 INFO neutron.wsgi [None req-1ea448e0-f088-415b-b9b8-b1c8e609de60 aca0e49a7b4b4e68b6f3f809b24d4c2f 23fa08fdd5fa48a4bed5cc5996d01bfa - - default default] 10.0.0.147 "GET /v2.0/ports HTTP/1.1" status: 200 len: 3213 time: 0.1731701 /var/lib/openstack/lib/python3.10/site-packages/pycadf/identifier.py:71: UserWarning: Invalid uuid: neutron. To ensure interoperability, identifiers should be a valid uuid. warnings.warn(('Invalid uuid: %s. To ensure interoperability, '
2026-06-03 01:01:27.406 10 INFO neutron.wsgi [req-4af40465-27c5-4914-93c3-51e63ea799d6 req-f14cec19-6aff-4aa2-956f-70a63281e32d fa918ed7ace2437db8570fbbdf40c397 b43441db3ca64efa8363f64b68301136 - - default default] 10.0.0.125 "GET /v2.0/security-groups?id=7ddd7f40-b5e2-4b89-b86d-9be39788178a&fields=id&fields=name HTTP/1.1" status: 200 len: 312 time: 0.0309105
2026-06-03 01:01:27.709 9 INFO neutron.wsgi [None req-491c4ccd-09bd-475e-b462-faff980c3684 aca0e49a7b4b4e68b6f3f809b24d4c2f 23fa08fdd5fa48a4bed5cc5996d01bfa - - default default] 10.0.0.147 "DELETE /v2.0/ports/fbe12561-1a12-4de5-b98b-94209429fe64 HTTP/1.1" status: 204 len: 168 time: 0.3280804
2026-06-03 01:01:27.749 9 INFO neutron.plugins.ml2.drivers.ovn.mech_driver.mech_driver [None req-2eeaa632-5493-44e3-a71c-72f4eb284b18 - - - - - -] OVN reports status down for port: 5c1f03ff-769a-48b0-8d58-cf3868dc4f92
2026-06-03 01:01:27.750 10 INFO neutron.wsgi [req-86f82b69-25ec-4d69-9b0b-fbea3756ab50 req-644cf750-9bd6-4d6d-957c-cb09ab81d846 fa918ed7ace2437db8570fbbdf40c397 b43441db3ca64efa8363f64b68301136 - - default default] 10.0.0.125 "GET /v2.0/ports?device_id=4a0dca4a-034d-4435-946e-f7c9ba360230 HTTP/1.1" status: 200 len: 1174 time: 0.0700035
2026-06-03 01:01:27.866 10 INFO neutron.wsgi [req-86f82b69-25ec-4d69-9b0b-fbea3756ab50 req-8e4555eb-a8ec-446c-acfd-5a23f10d2b6e fa918ed7ace2437db8570fbbdf40c397 b43441db3ca64efa8363f64b68301136 - - default default] 10.0.0.125 "GET /v2.0/security-groups?id=7ddd7f40-b5e2-4b89-b86d-9be39788178a&fields=id&fields=name HTTP/1.1" status: 200 len: 312 time: 0.0957930
2026-06-03 01:01:28.072 10 INFO neutron.wsgi [req-31cc37d8-3e19-430f-8058-330dddd0e522 req-d080c420-772c-4414-bef7-3f9dbc500fa8 fa918ed7ace2437db8570fbbdf40c397 b43441db3ca64efa8363f64b68301136 - - default default] 199.204.45.229 "GET /v2.0/ports?device_id=4a0dca4a-034d-4435-946e-f7c9ba360230 HTTP/1.1" status: 200 len: 1172 time: 0.0565581
2026-06-03 01:01:28.111 10 INFO neutron.wsgi [None req-42333ed3-4c77-4e7f-bcbe-59423bd12356 aca0e49a7b4b4e68b6f3f809b24d4c2f 23fa08fdd5fa48a4bed5cc5996d01bfa - - default default] 10.0.0.147 "DELETE /v2.0/ports/98d2ecd5-ac4d-4fbe-9338-606b525dc6cb HTTP/1.1" status: 204 len: 168 time: 0.3972631
2026-06-03 01:01:28.113 9 INFO neutron.notifiers.nova [-] Nova event matching ['req-52d8d355-559f-4d7b-8b91-6798f7a77400'] response: {'name': 'network-changed', 'server_uuid': '4a0dca4a-034d-4435-946e-f7c9ba360230', 'tag': '5c1f03ff-769a-48b0-8d58-cf3868dc4f92', 'status': 'completed', 'code': 200}
