2026-06-03 01:03:45.215 9 INFO neutron.wsgi [None req-36bc4ebe-2f9d-4a8b-af80-be252eebb33c 20785517ad3d42f79cb319e2572b1e83 50691fe0e8f346b29df9facfd5459673 - - default default] 10.0.0.147 "GET /v2.0/subnetpools?not-tags-any=red%2Cblue HTTP/1.1" status: 200 len: 1223 time: 0.0262990
2026-06-03 01:03:45.290 9 INFO neutron.wsgi [None req-793c76ae-6ee1-4afd-905f-b02d799a2307 20785517ad3d42f79cb319e2572b1e83 50691fe0e8f346b29df9facfd5459673 - - default default] 10.0.0.147 "DELETE /v2.0/subnetpools/ffa359aa-609c-446e-b6f4-1650446faa8b HTTP/1.1" status: 204 len: 168 time: 0.0658233
2026-06-03 01:03:45.359 9 INFO neutron.wsgi [None req-b9d33bad-86c8-43ee-9668-7a144734625a 20785517ad3d42f79cb319e2572b1e83 50691fe0e8f346b29df9facfd5459673 - - default default] 10.0.0.147 "DELETE /v2.0/subnetpools/03fcc705-3956-4373-a3b0-5e790892afbd HTTP/1.1" status: 204 len: 168 time: 0.0615940
2026-06-03 01:03:45.853 9 INFO neutron.wsgi [None req-7ee70d3f-2a1f-417a-9611-2c2c2e2a8a8a 20785517ad3d42f79cb319e2572b1e83 50691fe0e8f346b29df9facfd5459673 - - default default] 10.0.0.147 "DELETE /v2.0/subnetpools/a05df4b4-e73e-45ec-aef2-de378fcccf22 HTTP/1.1" status: 204 len: 168 time: 0.4894192
2026-06-03 01:03:45.946 10 INFO neutron.wsgi [None req-4457b612-179e-47a3-aab0-5bfd2e2717f3 20785517ad3d42f79cb319e2572b1e83 50691fe0e8f346b29df9facfd5459673 - - default default] 10.0.0.147 "DELETE /v2.0/subnetpools/e66efda5-757f-4fac-8f68-767b152e36f5 HTTP/1.1" status: 204 len: 168 time: 0.0873678
2026-06-03 01:03:46.034 9 INFO neutron.wsgi [None req-5667d91a-9a52-49ff-a947-475aa5132191 20785517ad3d42f79cb319e2572b1e83 50691fe0e8f346b29df9facfd5459673 - - default default] 10.0.0.147 "DELETE /v2.0/subnetpools/e168a2d7-75e0-46c4-96d8-83adbe8c899f HTTP/1.1" status: 204 len: 168 time: 0.0807617
2026-06-03 01:03:47.185 10 INFO neutron.db.ovn_revision_numbers_db [None req-bddfddd9-2d93-44a9-8589-09c9ba27eafc a607a8cc56ee4a918facbb451c0e3831 16b608c7e5a0466292a36f2607bd47a5 - - default default] Successfully bumped revision number for resource 950ce9fe-1666-4353-9932-3699fb6738fb (type: security_groups) to 1
2026-06-03 01:03:47.214 10 INFO neutron.db.ovn_revision_numbers_db [None req-bddfddd9-2d93-44a9-8589-09c9ba27eafc a607a8cc56ee4a918facbb451c0e3831 16b608c7e5a0466292a36f2607bd47a5 - - default default] Successfully bumped revision number for resource 1cf1e2a5-74e4-4ff0-9dec-4ad8b01af173 (type: security_group_rules) to 0
2026-06-03 01:03:47.232 10 INFO neutron.db.ovn_revision_numbers_db [None req-bddfddd9-2d93-44a9-8589-09c9ba27eafc a607a8cc56ee4a918facbb451c0e3831 16b608c7e5a0466292a36f2607bd47a5 - - default default] Successfully bumped revision number for resource 5020f5c7-4e37-415f-be88-3c90475406ae (type: security_group_rules) to 0
2026-06-03 01:03:47.263 10 INFO neutron.db.ovn_revision_numbers_db [None req-bddfddd9-2d93-44a9-8589-09c9ba27eafc a607a8cc56ee4a918facbb451c0e3831 16b608c7e5a0466292a36f2607bd47a5 - - default default] Successfully bumped revision number for resource cad95c44-b227-44cc-8fea-e88a0a30e10c (type: security_group_rules) to 0
2026-06-03 01:03:47.280 10 INFO neutron.db.ovn_revision_numbers_db [None req-bddfddd9-2d93-44a9-8589-09c9ba27eafc a607a8cc56ee4a918facbb451c0e3831 16b608c7e5a0466292a36f2607bd47a5 - - default default] Successfully bumped revision number for resource e635a211-7c3d-42be-a9a1-8f2542fe8c39 (type: security_group_rules) to 0
2026-06-03 01:03:47.318 10 INFO neutron.wsgi [None req-bddfddd9-2d93-44a9-8589-09c9ba27eafc a607a8cc56ee4a918facbb451c0e3831 16b608c7e5a0466292a36f2607bd47a5 - - default default] 10.0.0.147 "GET /v2.0/security-groups?tenant_id=5afd44b8b24a4336bc6f7c17fbca5263&name=default HTTP/1.1" status: 200 len: 2996 time: 0.6731625
2026-06-03 01:03:47.359 9 INFO neutron.db.ovn_revision_numbers_db [None req-b21b4f70-fb26-411a-8766-5c932799a26a a607a8cc56ee4a918facbb451c0e3831 16b608c7e5a0466292a36f2607bd47a5 - - default default] Successfully bumped revision number for resource ce24cf85-1a12-4fc0-adfd-00822b6fb71e (type: security_groups) to 1
2026-06-03 01:03:47.377 9 INFO neutron.db.ovn_revision_numbers_db [None req-b21b4f70-fb26-411a-8766-5c932799a26a a607a8cc56ee4a918facbb451c0e3831 16b608c7e5a0466292a36f2607bd47a5 - - default default] Successfully bumped revision number for resource 05dbb5ea-2fd4-45ac-91e3-4b20cf571adb (type: security_group_rules) to 0
2026-06-03 01:03:47.404 9 INFO neutron.db.ovn_revision_numbers_db [None req-b21b4f70-fb26-411a-8766-5c932799a26a a607a8cc56ee4a918facbb451c0e3831 16b608c7e5a0466292a36f2607bd47a5 - - default default] Successfully bumped revision number for resource 729a334c-ae5d-455d-9a58-286287a7d78f (type: security_group_rules) to 0
2026-06-03 01:03:47.429 9 INFO neutron.db.ovn_revision_numbers_db [None req-b21b4f70-fb26-411a-8766-5c932799a26a a607a8cc56ee4a918facbb451c0e3831 16b608c7e5a0466292a36f2607bd47a5 - - default default] Successfully bumped revision number for resource 89921bae-16bc-48f6-be56-9c5eba41d994 (type: security_group_rules) to 0
2026-06-03 01:03:47.455 9 INFO neutron.db.ovn_revision_numbers_db [None req-b21b4f70-fb26-411a-8766-5c932799a26a a607a8cc56ee4a918facbb451c0e3831 16b608c7e5a0466292a36f2607bd47a5 - - default default] Successfully bumped revision number for resource 92af9f33-e254-4e14-a202-b667d9c516eb (type: security_group_rules) to 0
2026-06-03 01:03:47.487 9 INFO neutron.wsgi [None req-b21b4f70-fb26-411a-8766-5c932799a26a a607a8cc56ee4a918facbb451c0e3831 16b608c7e5a0466292a36f2607bd47a5 - - default default] 10.0.0.147 "GET /v2.0/security-groups?tenant_id=c34daf6b46444bb581de36b8877df699&name=default HTTP/1.1" status: 200 len: 2996 time: 0.4136400
2026-06-03 01:03:47.640 9 INFO neutron.wsgi [None req-309f669e-6812-46de-bbc4-d7e2c2296229 a607a8cc56ee4a918facbb451c0e3831 16b608c7e5a0466292a36f2607bd47a5 - - default default] 10.0.0.147 "DELETE /v2.0/security-groups/950ce9fe-1666-4353-9932-3699fb6738fb HTTP/1.1" status: 204 len: 168 time: 0.3127353
2026-06-03 01:03:47.780 9 INFO neutron.wsgi [None req-1e10888e-fdb8-4a4d-9d58-f907df4cf006 a607a8cc56ee4a918facbb451c0e3831 16b608c7e5a0466292a36f2607bd47a5 - - default default] 10.0.0.147 "DELETE /v2.0/security-groups/ce24cf85-1a12-4fc0-adfd-00822b6fb71e HTTP/1.1" status: 204 len: 168 time: 0.2864757
2026-06-03 01:03:48.178 9 INFO neutron.db.ovn_revision_numbers_db [None req-579a3f68-6e54-427a-9d45-1922d6a16304 a607a8cc56ee4a918facbb451c0e3831 16b608c7e5a0466292a36f2607bd47a5 - - default default] Successfully bumped revision number for resource 5799f563-722e-404b-8e44-4f29a722f4af (type: security_groups) to 1
2026-06-03 01:03:48.192 9 INFO neutron.db.ovn_revision_numbers_db [None req-579a3f68-6e54-427a-9d45-1922d6a16304 a607a8cc56ee4a918facbb451c0e3831 16b608c7e5a0466292a36f2607bd47a5 - - default default] Successfully bumped revision number for resource 3810e190-c6bf-407f-927d-76ecc6531af5 (type: security_group_rules) to 0
2026-06-03 01:03:48.212 9 INFO neutron.db.ovn_revision_numbers_db [None req-579a3f68-6e54-427a-9d45-1922d6a16304 a607a8cc56ee4a918facbb451c0e3831 16b608c7e5a0466292a36f2607bd47a5 - - default default] Successfully bumped revision number for resource 81108436-e8d6-4a6e-b1ef-f2a1a30020a3 (type: security_group_rules) to 0
2026-06-03 01:03:48.228 9 INFO neutron.db.ovn_revision_numbers_db [None req-579a3f68-6e54-427a-9d45-1922d6a16304 a607a8cc56ee4a918facbb451c0e3831 16b608c7e5a0466292a36f2607bd47a5 - - default default] Successfully bumped revision number for resource 8264bfac-df8c-41ac-89da-19e1dea4ec39 (type: security_group_rules) to 0
2026-06-03 01:03:48.246 9 INFO neutron.db.ovn_revision_numbers_db [None req-579a3f68-6e54-427a-9d45-1922d6a16304 a607a8cc56ee4a918facbb451c0e3831 16b608c7e5a0466292a36f2607bd47a5 - - default default] Successfully bumped revision number for resource 9ec16855-58e4-49e3-9eb7-c3ce75321a59 (type: security_group_rules) to 0
2026-06-03 01:03:48.275 9 INFO neutron.wsgi [None req-579a3f68-6e54-427a-9d45-1922d6a16304 a607a8cc56ee4a918facbb451c0e3831 16b608c7e5a0466292a36f2607bd47a5 - - default default] 10.0.0.147 "GET /v2.0/security-groups?tenant_id=e98e2836f2b74a01bf924e9c7e7bca5a&name=default HTTP/1.1" status: 200 len: 2996 time: 0.2270238
2026-06-03 01:03:48.568 9 INFO neutron.wsgi [None req-8f4096bf-cfe1-437d-a6cb-122373472f39 a607a8cc56ee4a918facbb451c0e3831 16b608c7e5a0466292a36f2607bd47a5 - - default default] 10.0.0.147 "DELETE /v2.0/security-groups/5799f563-722e-404b-8e44-4f29a722f4af HTTP/1.1" status: 204 len: 168 time: 0.2870886
2026-06-03 01:03:48.817 9 INFO neutron.db.ovn_revision_numbers_db [None req-5140136c-b412-4909-833d-d0af4f39dac3 a607a8cc56ee4a918facbb451c0e3831 16b608c7e5a0466292a36f2607bd47a5 - - default default] Successfully bumped revision number for resource 1bde59c8-46c0-4c60-8133-6300b05ebbbf (type: security_groups) to 1
2026-06-03 01:03:48.845 9 INFO neutron.db.ovn_revision_numbers_db [None req-5140136c-b412-4909-833d-d0af4f39dac3 a607a8cc56ee4a918facbb451c0e3831 16b608c7e5a0466292a36f2607bd47a5 - - default default] Successfully bumped revision number for resource 1c031335-96fc-4df7-8eb3-bb60bc716bf3 (type: security_group_rules) to 0
2026-06-03 01:03:48.873 9 INFO neutron.db.ovn_revision_numbers_db [None req-5140136c-b412-4909-833d-d0af4f39dac3 a607a8cc56ee4a918facbb451c0e3831 16b608c7e5a0466292a36f2607bd47a5 - - default default] Successfully bumped revision number for resource 3178ff9a-6b77-42be-9ddc-e2e7ea30f2cd (type: security_group_rules) to 0
2026-06-03 01:03:48.893 9 INFO neutron.db.ovn_revision_numbers_db [None req-5140136c-b412-4909-833d-d0af4f39dac3 a607a8cc56ee4a918facbb451c0e3831 16b608c7e5a0466292a36f2607bd47a5 - - default default] Successfully bumped revision number for resource 650b08ad-4474-435b-86a2-4a9748574e5f (type: security_group_rules) to 0
2026-06-03 01:03:48.915 10 INFO neutron.wsgi [req-d0b69a87-e873-46f8-8b38-87015f866db5 req-adbfc57f-33af-40c4-848e-81e1ba7daa12 e4f9f50b079d4b2fa968f05ba0d51db1 f1cfac412872484cb275d703c4221d42 - - 03dce30708164263aa0c6e51f940dfa2 03dce30708164263aa0c6e51f940dfa2] 10.0.0.57 "GET /v2.0/ports?device_id=83df8b4b-af3a-43e4-b3e6-98157ef2ef7f HTTP/1.1" status: 200 len: 1409 time: 0.0508790
2026-06-03 01:03:48.917 9 INFO neutron.db.ovn_revision_numbers_db [None req-5140136c-b412-4909-833d-d0af4f39dac3 a607a8cc56ee4a918facbb451c0e3831 16b608c7e5a0466292a36f2607bd47a5 - - default default] Successfully bumped revision number for resource f9797ded-6006-42cb-bb10-fbfdda0d8570 (type: security_group_rules) to 0
2026-06-03 01:03:48.945 9 INFO neutron.wsgi [None req-5140136c-b412-4909-833d-d0af4f39dac3 a607a8cc56ee4a918facbb451c0e3831 16b608c7e5a0466292a36f2607bd47a5 - - default default] 10.0.0.147 "GET /v2.0/security-groups?tenant_id=50691fe0e8f346b29df9facfd5459673&name=default HTTP/1.1" status: 200 len: 2996 time: 0.2690253
2026-06-03 01:03:48.974 10 INFO neutron.wsgi [req-d0b69a87-e873-46f8-8b38-87015f866db5 req-0ac04964-b85d-46c9-b45b-de08b11aa04a e4f9f50b079d4b2fa968f05ba0d51db1 f1cfac412872484cb275d703c4221d42 - - 03dce30708164263aa0c6e51f940dfa2 03dce30708164263aa0c6e51f940dfa2] 10.0.0.57 "GET /v2.0/security-groups?id=d7be83e8-2883-4f22-9b9c-89016f37df5c&fields=id&fields=name HTTP/1.1" status: 200 len: 311 time: 0.0492229
2026-06-03 01:03:49.249 9 INFO neutron.wsgi [None req-9e172923-ae21-4189-99ce-6623770be010 a607a8cc56ee4a918facbb451c0e3831 16b608c7e5a0466292a36f2607bd47a5 - - default default] 10.0.0.147 "DELETE /v2.0/security-groups/1bde59c8-46c0-4c60-8133-6300b05ebbbf HTTP/1.1" status: 204 len: 168 time: 0.2979262
2026-06-03 01:03:50.363 10 INFO neutron.wsgi [None req-f3446e89-9516-4653-913b-2b03d6636bac 4af5fff9cb5d44e08af4db11e56ec056 c67f5d25c4f74bffacc70cb442bbc3e1 - - default default] 10.0.0.147 "GET /v2.0/ports?project_id=9134f727aae54209977f58e9ea76239b&network_id=5ed9c635-08a7-414e-9693-71cc89b3d635 HTTP/1.1" status: 200 len: 3510 time: 0.0846059
2026-06-03 01:03:50.588 9 INFO neutron.db.ovn_revision_numbers_db [None req-bead78c8-e5f4-4d64-a466-a36ab4c642cf a607a8cc56ee4a918facbb451c0e3831 16b608c7e5a0466292a36f2607bd47a5 - - default default] Successfully bumped revision number for resource 6af75f54-a597-480e-b9d7-82840df9da10 (type: security_groups) to 1
2026-06-03 01:03:50.605 9 INFO neutron.db.ovn_revision_numbers_db [None req-bead78c8-e5f4-4d64-a466-a36ab4c642cf a607a8cc56ee4a918facbb451c0e3831 16b608c7e5a0466292a36f2607bd47a5 - - default default] Successfully bumped revision number for resource 04db3d5a-1a62-45d4-9a25-fa5e8e2fcd9e (type: security_group_rules) to 0
2026-06-03 01:03:50.621 9 INFO neutron.db.ovn_revision_numbers_db [None req-bead78c8-e5f4-4d64-a466-a36ab4c642cf a607a8cc56ee4a918facbb451c0e3831 16b608c7e5a0466292a36f2607bd47a5 - - default default] Successfully bumped revision number for resource ca80261c-c912-4bbb-9e38-e337e672fb51 (type: security_group_rules) to 0
2026-06-03 01:03:50.644 9 INFO neutron.db.ovn_revision_numbers_db [None req-bead78c8-e5f4-4d64-a466-a36ab4c642cf a607a8cc56ee4a918facbb451c0e3831 16b608c7e5a0466292a36f2607bd47a5 - - default default] Successfully bumped revision number for resource ea53f08d-24d0-47fc-8bc6-0dc81947db59 (type: security_group_rules) to 0
2026-06-03 01:03:50.667 9 INFO neutron.db.ovn_revision_numbers_db [None req-bead78c8-e5f4-4d64-a466-a36ab4c642cf a607a8cc56ee4a918facbb451c0e3831 16b608c7e5a0466292a36f2607bd47a5 - - default default] Successfully bumped revision number for resource ef95badb-c8bf-4dea-bc27-3758c96aa5da (type: security_group_rules) to 0
2026-06-03 01:03:50.684 10 INFO neutron.wsgi [None req-519f491e-8f12-42e3-bed0-225f27b8ff66 4af5fff9cb5d44e08af4db11e56ec056 c67f5d25c4f74bffacc70cb442bbc3e1 - - default default] 10.0.0.147 "GET /v2.0/subnets?network_id=9750bfc4-d3f9-417e-855f-d6a046f2fe34 HTTP/1.1" status: 200 len: 838 time: 0.0695534
2026-06-03 01:03:50.693 9 INFO neutron.wsgi [None req-bead78c8-e5f4-4d64-a466-a36ab4c642cf a607a8cc56ee4a918facbb451c0e3831 16b608c7e5a0466292a36f2607bd47a5 - - default default] 10.0.0.147 "GET /v2.0/security-groups?tenant_id=949058755d71438cad33d046270785af&name=default HTTP/1.1" status: 200 len: 2996 time: 0.3890905
2026-06-03 01:03:51.012 10 INFO neutron.wsgi [None req-0adf0927-7def-480e-a4e9-4c2881486b94 a607a8cc56ee4a918facbb451c0e3831 16b608c7e5a0466292a36f2607bd47a5 - - default default] 10.0.0.147 "DELETE /v2.0/security-groups/6af75f54-a597-480e-b9d7-82840df9da10 HTTP/1.1" status: 204 len: 168 time: 0.3117337
2026-06-03 01:03:51.096 9 INFO neutron.db.l3_db [None req-fa493f00-5765-41c1-8547-2d25689f2feb b8cc157f82754095a020ee957367ab15 9134f727aae54209977f58e9ea76239b - - default default] Floating IP 961bce6d-7d86-4df1-85ab-5879b708d73e disassociated. External IP: 10.96.250.208, port: 624e6ee2-ed50-42fe-9dd7-2c618812027e.
2026-06-03 01:03:51.146 9 INFO neutron.db.ovn_revision_numbers_db [None req-fa493f00-5765-41c1-8547-2d25689f2feb b8cc157f82754095a020ee957367ab15 9134f727aae54209977f58e9ea76239b - - default default] Successfully bumped revision number for resource 961bce6d-7d86-4df1-85ab-5879b708d73e (type: floatingips) to 2
2026-06-03 01:03:51.236 9 INFO neutron.wsgi [None req-fa493f00-5765-41c1-8547-2d25689f2feb b8cc157f82754095a020ee957367ab15 9134f727aae54209977f58e9ea76239b - - default default] 10.0.0.147 "PUT /v2.0/floatingips/961bce6d-7d86-4df1-85ab-5879b708d73e HTTP/1.1" status: 200 len: 748 time: 0.3081357
2026-06-03 01:03:51.275 9 INFO neutron.notifiers.nova [-] Nova event matching ['req-aebde064-3f40-458c-a7b9-34b4001970d0'] response: {'name': 'network-changed', 'server_uuid': '83df8b4b-af3a-43e4-b3e6-98157ef2ef7f', 'tag': '624e6ee2-ed50-42fe-9dd7-2c618812027e', 'status': 'completed', 'code': 200}
2026-06-03 01:03:51.283 9 INFO neutron.wsgi [None req-46a01605-dc76-465e-ba4a-8b823300189a b8cc157f82754095a020ee957367ab15 9134f727aae54209977f58e9ea76239b - - default default] 10.0.0.147 "GET /v2.0/floatingips/961bce6d-7d86-4df1-85ab-5879b708d73e HTTP/1.1" status: 200 len: 746 time: 0.0374966 /var/lib/openstack/lib/python3.10/site-packages/pycadf/identifier.py:71: UserWarning: Invalid uuid: neutron. To ensure interoperability, identifiers should be a valid uuid. warnings.warn(('Invalid uuid: %s. To ensure interoperability, '
2026-06-03 01:03:51.353 10 INFO neutron.wsgi [req-cb6bc775-57d5-4a24-8a04-6d4fe0b17a69 req-383e5d26-484e-4aa5-8d08-b8d8e4f233bd e4f9f50b079d4b2fa968f05ba0d51db1 f1cfac412872484cb275d703c4221d42 - - 03dce30708164263aa0c6e51f940dfa2 03dce30708164263aa0c6e51f940dfa2] 199.204.45.229 "GET /v2.0/ports?tenant_id=9134f727aae54209977f58e9ea76239b&device_id=83df8b4b-af3a-43e4-b3e6-98157ef2ef7f HTTP/1.1" status: 200 len: 1409 time: 0.0495946
2026-06-03 01:03:51.429 10 INFO neutron.wsgi [req-cb6bc775-57d5-4a24-8a04-6d4fe0b17a69 req-bcdd60d6-067e-48c8-bf76-4577c04c427d e4f9f50b079d4b2fa968f05ba0d51db1 f1cfac412872484cb275d703c4221d42 - - 03dce30708164263aa0c6e51f940dfa2 03dce30708164263aa0c6e51f940dfa2] 199.204.45.229 "GET /v2.0/networks?id=5ed9c635-08a7-414e-9693-71cc89b3d635 HTTP/1.1" status: 200 len: 959 time: 0.0691366
2026-06-03 01:03:51.465 10 INFO neutron.wsgi [req-cb6bc775-57d5-4a24-8a04-6d4fe0b17a69 req-d92056ab-42fe-4524-a918-0f148f2f29be e4f9f50b079d4b2fa968f05ba0d51db1 f1cfac412872484cb275d703c4221d42 - - 03dce30708164263aa0c6e51f940dfa2 03dce30708164263aa0c6e51f940dfa2] 199.204.45.229 "GET /v2.0/floatingips?fixed_ip_address=10.100.0.6&port_id=624e6ee2-ed50-42fe-9dd7-2c618812027e HTTP/1.1" status: 200 len: 217 time: 0.0272012
2026-06-03 01:03:51.516 10 INFO neutron.wsgi [req-cb6bc775-57d5-4a24-8a04-6d4fe0b17a69 req-a37b8f60-c2bb-4a6a-9c27-86addbce50c1 e4f9f50b079d4b2fa968f05ba0d51db1 f1cfac412872484cb275d703c4221d42 - - 03dce30708164263aa0c6e51f940dfa2 03dce30708164263aa0c6e51f940dfa2] 199.204.45.229 "GET /v2.0/subnets?id=56b2a7a4-0cd0-4466-b259-2e4fee9ed33c HTTP/1.1" status: 200 len: 853 time: 0.0420215
2026-06-03 01:03:51.554 10 INFO neutron.wsgi [req-cb6bc775-57d5-4a24-8a04-6d4fe0b17a69 req-820f05a6-b81e-4b19-81de-035bfadd3c6c e4f9f50b079d4b2fa968f05ba0d51db1 f1cfac412872484cb275d703c4221d42 - - 03dce30708164263aa0c6e51f940dfa2 03dce30708164263aa0c6e51f940dfa2] 199.204.45.229 "GET /v2.0/ports?network_id=5ed9c635-08a7-414e-9693-71cc89b3d635&device_owner=network%3Adhcp HTTP/1.1" status: 200 len: 210 time: 0.0276988
2026-06-03 01:03:51.623 10 INFO neutron.wsgi [req-cb6bc775-57d5-4a24-8a04-6d4fe0b17a69 req-67a8c4b8-3bff-462a-bf7e-0249d783c651 e4f9f50b079d4b2fa968f05ba0d51db1 f1cfac412872484cb275d703c4221d42 - - 03dce30708164263aa0c6e51f940dfa2 03dce30708164263aa0c6e51f940dfa2] 199.204.45.229 "GET /v2.0/networks/5ed9c635-08a7-414e-9693-71cc89b3d635?fields=segments HTTP/1.1" status: 200 len: 212 time: 0.0606973
2026-06-03 01:03:51.705 10 INFO neutron.wsgi [req-cb6bc775-57d5-4a24-8a04-6d4fe0b17a69 req-9d972148-503c-4d87-8a23-1447af4a40d2 e4f9f50b079d4b2fa968f05ba0d51db1 f1cfac412872484cb275d703c4221d42 - - 03dce30708164263aa0c6e51f940dfa2 03dce30708164263aa0c6e51f940dfa2] 199.204.45.229 "GET /v2.0/networks/5ed9c635-08a7-414e-9693-71cc89b3d635?fields=provider%3Aphysical_network&fields=provider%3Anetwork_type HTTP/1.1" status: 200 len: 277 time: 0.0723200
2026-06-03 01:03:52.374 10 WARNING neutron_lib.context [None req-6da4e8b5-d9e1-4f38-a468-c025914cd490 b8cc157f82754095a020ee957367ab15 9134f727aae54209977f58e9ea76239b - - default default] Method 'is_advsvc' is deprecated since 2023.2 release (neutron-lib 3.8.0) and will be removed once support for the old RBAC API policies will be removed from Neutron. Please use method 'is_service_role' instead.
2026-06-03 01:03:52.527 10 INFO neutron.db.ovn_revision_numbers_db [None req-6da4e8b5-d9e1-4f38-a468-c025914cd490 b8cc157f82754095a020ee957367ab15 9134f727aae54209977f58e9ea76239b - - default default] Successfully bumped revision number for resource d55b5d43-7800-41e5-bfdf-11988d16ca1f (type: security_groups) to 1
2026-06-03 01:03:52.545 10 INFO neutron.db.ovn_revision_numbers_db [None req-6da4e8b5-d9e1-4f38-a468-c025914cd490 b8cc157f82754095a020ee957367ab15 9134f727aae54209977f58e9ea76239b - - default default] Successfully bumped revision number for resource 0fb40c7e-437e-474a-b08b-6f97d5f70c37 (type: security_group_rules) to 0
2026-06-03 01:03:52.561 10 INFO neutron.db.ovn_revision_numbers_db [None req-6da4e8b5-d9e1-4f38-a468-c025914cd490 b8cc157f82754095a020ee957367ab15 9134f727aae54209977f58e9ea76239b - - default default] Successfully bumped revision number for resource 82660b72-b5f4-431b-8867-449275c2785d (type: security_group_rules) to 0
2026-06-03 01:03:52.586 10 INFO neutron.wsgi [None req-6da4e8b5-d9e1-4f38-a468-c025914cd490 b8cc157f82754095a020ee957367ab15 9134f727aae54209977f58e9ea76239b - - default default] 10.0.0.147 "POST /v2.0/security-groups HTTP/1.1" status: 201 len: 1809 time: 0.2215278
2026-06-03 01:03:52.598 9 WARNING neutron_lib.context [None req-0aa77a33-2300-45a0-b4cb-7623ce14206d b8cc157f82754095a020ee957367ab15 9134f727aae54209977f58e9ea76239b - - default default] Method 'is_advsvc' is deprecated since 2023.2 release (neutron-lib 3.8.0) and will be removed once support for the old RBAC API policies will be removed from Neutron. Please use method 'is_service_role' instead.
2026-06-03 01:03:52.764 9 INFO neutron.db.ovn_revision_numbers_db [None req-0aa77a33-2300-45a0-b4cb-7623ce14206d b8cc157f82754095a020ee957367ab15 9134f727aae54209977f58e9ea76239b - - default default] Successfully bumped revision number for resource 558102bf-5b11-462b-9543-e7569b6909f6 (type: security_group_rules) to 0
2026-06-03 01:03:52.803 9 INFO neutron.wsgi [None req-0aa77a33-2300-45a0-b4cb-7623ce14206d b8cc157f82754095a020ee957367ab15 9134f727aae54209977f58e9ea76239b - - default default] 10.0.0.147 "POST /v2.0/security-group-rules HTTP/1.1" status: 201 len: 764 time: 0.2111657
2026-06-03 01:03:52.817 10 WARNING neutron_lib.context [None req-3ac5736f-10e6-4037-8861-9a711d76881a b8cc157f82754095a020ee957367ab15 9134f727aae54209977f58e9ea76239b - - default default] Method 'is_advsvc' is deprecated since 2023.2 release (neutron-lib 3.8.0) and will be removed once support for the old RBAC API policies will be removed from Neutron. Please use method 'is_service_role' instead.
2026-06-03 01:03:52.963 10 INFO neutron.db.ovn_revision_numbers_db [None req-3ac5736f-10e6-4037-8861-9a711d76881a b8cc157f82754095a020ee957367ab15 9134f727aae54209977f58e9ea76239b - - default default] Successfully bumped revision number for resource 6f89d508-90ca-4b32-af0f-304c08c06a54 (type: security_group_rules) to 0
2026-06-03 01:03:52.997 10 INFO neutron.wsgi [None req-3ac5736f-10e6-4037-8861-9a711d76881a b8cc157f82754095a020ee957367ab15 9134f727aae54209977f58e9ea76239b - - default default] 10.0.0.147 "POST /v2.0/security-group-rules HTTP/1.1" status: 201 len: 763 time: 0.1874564
2026-06-03 01:03:53.008 10 WARNING neutron_lib.context [None req-5e32b929-8666-4500-9a4a-ebde757afa2c b8cc157f82754095a020ee957367ab15 9134f727aae54209977f58e9ea76239b - - default default] Method 'is_advsvc' is deprecated since 2023.2 release (neutron-lib 3.8.0) and will be removed once support for the old RBAC API policies will be removed from Neutron. Please use method 'is_service_role' instead.
2026-06-03 01:03:53.162 10 INFO neutron.db.ovn_revision_numbers_db [None req-5e32b929-8666-4500-9a4a-ebde757afa2c b8cc157f82754095a020ee957367ab15 9134f727aae54209977f58e9ea76239b - - default default] Successfully bumped revision number for resource b47e3888-4969-4cf9-a075-b9b0ae71e4b1 (type: security_group_rules) to 0
2026-06-03 01:03:53.196 10 INFO neutron.wsgi [None req-5e32b929-8666-4500-9a4a-ebde757afa2c b8cc157f82754095a020ee957367ab15 9134f727aae54209977f58e9ea76239b - - default default] 10.0.0.147 "POST /v2.0/security-group-rules HTTP/1.1" status: 201 len: 769 time: 0.1935396
2026-06-03 01:03:53.209 10 WARNING neutron_lib.context [None req-108dfb82-c9da-43a4-9b4e-e9dbc9734d76 b8cc157f82754095a020ee957367ab15 9134f727aae54209977f58e9ea76239b - - default default] Method 'is_advsvc' is deprecated since 2023.2 release (neutron-lib 3.8.0) and will be removed once support for the old RBAC API policies will be removed from Neutron. Please use method 'is_service_role' instead.
2026-06-03 01:03:53.307 10 INFO neutron.wsgi [None req-c734b0eb-da27-443e-a72f-1225fe47c872 a607a8cc56ee4a918facbb451c0e3831 16b608c7e5a0466292a36f2607bd47a5 - - default default] 199.204.45.229 "GET /v2.0/extensions/security-group HTTP/1.1" status: 200 len: 369 time: 0.0078387
2026-06-03 01:03:53.321 10 INFO neutron.wsgi [None req-f7824dc6-3c1f-4118-8541-9588d4914b84 a607a8cc56ee4a918facbb451c0e3831 16b608c7e5a0466292a36f2607bd47a5 - - default default] 199.204.45.229 "GET /v2.0/extensions/dns-integration HTTP/1.1" status: 200 len: 371 time: 0.0082293
2026-06-03 01:03:53.330 10 INFO neutron.wsgi [None req-cc082df5-9ffa-4b3a-8d28-ffb08236799a a607a8cc56ee4a918facbb451c0e3831 16b608c7e5a0466292a36f2607bd47a5 - - default default] 199.204.45.229 "GET /v2.0/extensions/qos HTTP/1.1" status: 200 len: 365 time: 0.0045912
2026-06-03 01:03:53.339 10 INFO neutron.wsgi [None req-e38dae22-349f-4f6b-828f-c71976c46f24 a607a8cc56ee4a918facbb451c0e3831 16b608c7e5a0466292a36f2607bd47a5 - - default default] 199.204.45.229 "GET /v2.0/extensions/allowed-address-pairs HTTP/1.1" status: 200 len: 383 time: 0.0044713
2026-06-03 01:03:53.374 10 INFO neutron.db.ovn_revision_numbers_db [None req-108dfb82-c9da-43a4-9b4e-e9dbc9734d76 b8cc157f82754095a020ee957367ab15 9134f727aae54209977f58e9ea76239b - - default default] Successfully bumped revision number for resource fde9330b-9954-411d-b991-55691d65cab3 (type: security_group_rules) to 0
2026-06-03 01:03:53.383 10 INFO neutron.wsgi [None req-a2402a7b-46bb-4402-a4ae-440d9bc518c5 a607a8cc56ee4a918facbb451c0e3831 16b608c7e5a0466292a36f2607bd47a5 - - default default] 199.204.45.229 "GET /v2.0/subnets/bfb797e3-3d03-49fe-b177-618c2b73f9bf HTTP/1.1" status: 200 len: 851 time: 0.0375381
2026-06-03 01:03:53.422 10 INFO neutron.wsgi [None req-108dfb82-c9da-43a4-9b4e-e9dbc9734d76 b8cc157f82754095a020ee957367ab15 9134f727aae54209977f58e9ea76239b - - default default] 10.0.0.147 "POST /v2.0/security-group-rules HTTP/1.1" status: 201 len: 768 time: 0.2197943
2026-06-03 01:03:53.438 9 WARNING neutron_lib.context [None req-76455373-ede1-41a6-9370-c93b0132dd94 b8cc157f82754095a020ee957367ab15 9134f727aae54209977f58e9ea76239b - - default default] Method 'is_advsvc' is deprecated since 2023.2 release (neutron-lib 3.8.0) and will be removed once support for the old RBAC API policies will be removed from Neutron. Please use method 'is_service_role' instead.
2026-06-03 01:03:53.442 10 INFO neutron.wsgi [None req-42e4194b-16f2-4a3c-b66a-7f0ae0a083de a607a8cc56ee4a918facbb451c0e3831 16b608c7e5a0466292a36f2607bd47a5 - - default default] 199.204.45.229 "GET /v2.0/ports?device_id=9ea65fcb-2b95-4404-ac4d-4c6af000999a HTTP/1.1" status: 200 len: 1417 time: 0.0467634
2026-06-03 01:03:53.462 9 INFO neutron.db.securitygroups_db [None req-76455373-ede1-41a6-9370-c93b0132dd94 b8cc157f82754095a020ee957367ab15 9134f727aae54209977f58e9ea76239b - - default default] Project 9134f727aae54209977f58e9ea76239b added a security group rule with legacy IPv6 ICMP protocol name icmp, ipv6-icmp should be used instead. It was automatically converted.
2026-06-03 01:03:53.590 9 INFO neutron.db.ovn_revision_numbers_db [None req-76455373-ede1-41a6-9370-c93b0132dd94 b8cc157f82754095a020ee957367ab15 9134f727aae54209977f58e9ea76239b - - default default] Successfully bumped revision number for resource 0f53cb26-ff5c-43b7-b29d-a86dff526490 (type: security_group_rules) to 0
2026-06-03 01:03:53.624 9 INFO neutron.wsgi [None req-76455373-ede1-41a6-9370-c93b0132dd94 b8cc157f82754095a020ee957367ab15 9134f727aae54209977f58e9ea76239b - - default default] 10.0.0.147 "POST /v2.0/security-group-rules HTTP/1.1" status: 201 len: 774 time: 0.1939113
2026-06-03 01:03:53.642 10 WARNING neutron_lib.context [None req-56ffa4ce-9f91-413c-b789-f7fbe02550f5 b8cc157f82754095a020ee957367ab15 9134f727aae54209977f58e9ea76239b - - default default] Method 'is_advsvc' is deprecated since 2023.2 release (neutron-lib 3.8.0) and will be removed once support for the old RBAC API policies will be removed from Neutron. Please use method 'is_service_role' instead.
2026-06-03 01:03:53.663 10 INFO neutron.db.securitygroups_db [None req-56ffa4ce-9f91-413c-b789-f7fbe02550f5 b8cc157f82754095a020ee957367ab15 9134f727aae54209977f58e9ea76239b - - default default] Project 9134f727aae54209977f58e9ea76239b added a security group rule with legacy IPv6 ICMP protocol name icmp, ipv6-icmp should be used instead. It was automatically converted.
2026-06-03 01:03:53.882 10 INFO neutron.db.ovn_revision_numbers_db [None req-56ffa4ce-9f91-413c-b789-f7fbe02550f5 b8cc157f82754095a020ee957367ab15 9134f727aae54209977f58e9ea76239b - - default default] Successfully bumped revision number for resource be6982bb-c00e-42d8-a1d7-a31c3b2eccf6 (type: security_group_rules) to 0
2026-06-03 01:03:53.940 10 WARNING neutron.scheduler.dhcp_agent_scheduler [None req-b100f98b-d744-48d6-9342-7e1ccf02fb24 a607a8cc56ee4a918facbb451c0e3831 16b608c7e5a0466292a36f2607bd47a5 - - default default] No more DHCP agents
2026-06-03 01:03:53.943 10 WARNING neutron.api.rpc.agentnotifiers.dhcp_rpc_agent_api [None req-b100f98b-d744-48d6-9342-7e1ccf02fb24 a607a8cc56ee4a918facbb451c0e3831 16b608c7e5a0466292a36f2607bd47a5 - - default default] Unable to schedule network 209848ca-3311-45e4-b001-a705994c61c9: no agents available; will retry on subsequent port and subnet creation events.
2026-06-03 01:03:53.948 10 INFO neutron.wsgi [None req-56ffa4ce-9f91-413c-b789-f7fbe02550f5 b8cc157f82754095a020ee957367ab15 9134f727aae54209977f58e9ea76239b - - default default] 10.0.0.147 "POST /v2.0/security-group-rules HTTP/1.1" status: 201 len: 773 time: 0.3142607
2026-06-03 01:03:54.017 9 WARNING neutron_lib.context [None req-a2c10e1d-46b1-45b0-b064-f7a246c29cc6 701c67c22e764006bfb2c5631194fcb1 1369a38f3d044568b4758fea5c624a49 - - default default] Method 'is_advsvc' is deprecated since 2023.2 release (neutron-lib 3.8.0) and will be removed once support for the old RBAC API policies will be removed from Neutron. Please use method 'is_service_role' instead.
2026-06-03 01:03:54.146 10 INFO neutron.db.ovn_revision_numbers_db [None req-b100f98b-d744-48d6-9342-7e1ccf02fb24 a607a8cc56ee4a918facbb451c0e3831 16b608c7e5a0466292a36f2607bd47a5 - - default default] Successfully bumped revision number for resource a13b0255-3425-47e0-b0e5-7bc382d705ac (type: ports) to 1
2026-06-03 01:03:54.180 10 INFO neutron.wsgi [None req-b100f98b-d744-48d6-9342-7e1ccf02fb24 a607a8cc56ee4a918facbb451c0e3831 16b608c7e5a0466292a36f2607bd47a5 - - default default] 199.204.45.229 "POST /v2.0/ports HTTP/1.1" status: 201 len: 1302 time: 0.7286177
2026-06-03 01:03:54.189 9 INFO neutron.db.ovn_revision_numbers_db [None req-a2c10e1d-46b1-45b0-b064-f7a246c29cc6 701c67c22e764006bfb2c5631194fcb1 1369a38f3d044568b4758fea5c624a49 - - default default] Successfully bumped revision number for resource 150dc739-47ec-4f3e-9768-b437725e504d (type: security_groups) to 1
2026-06-03 01:03:54.211 9 INFO neutron.db.ovn_revision_numbers_db [None req-a2c10e1d-46b1-45b0-b064-f7a246c29cc6 701c67c22e764006bfb2c5631194fcb1 1369a38f3d044568b4758fea5c624a49 - - default default] Successfully bumped revision number for resource 1ee2d961-be7f-4633-944f-4d9d98d0b382 (type: security_group_rules) to 0
2026-06-03 01:03:54.228 9 INFO neutron.db.ovn_revision_numbers_db [None req-a2c10e1d-46b1-45b0-b064-f7a246c29cc6 701c67c22e764006bfb2c5631194fcb1 1369a38f3d044568b4758fea5c624a49 - - default default] Successfully bumped revision number for resource 526b80ba-e924-48b5-b96a-6cb4d1d1aafa (type: security_group_rules) to 0 /var/lib/openstack/lib/python3.10/site-packages/pycadf/identifier.py:71: UserWarning: Invalid uuid: neutron. To ensure interoperability, identifiers should be a valid uuid. warnings.warn(('Invalid uuid: %s. To ensure interoperability, '
2026-06-03 01:03:54.250 9 INFO neutron.db.ovn_revision_numbers_db [None req-a2c10e1d-46b1-45b0-b064-f7a246c29cc6 701c67c22e764006bfb2c5631194fcb1 1369a38f3d044568b4758fea5c624a49 - - default default] Successfully bumped revision number for resource 5e77f4b9-6784-490d-abbd-66baac05394f (type: security_group_rules) to 0
2026-06-03 01:03:54.270 9 INFO neutron.db.ovn_revision_numbers_db [None req-a2c10e1d-46b1-45b0-b064-f7a246c29cc6 701c67c22e764006bfb2c5631194fcb1 1369a38f3d044568b4758fea5c624a49 - - default default] Successfully bumped revision number for resource c66c255a-3240-4d34-9e72-1abaa9740efc (type: security_group_rules) to 0
2026-06-03 01:03:54.303 10 INFO neutron.wsgi [req-5c96fc0c-50ca-4cc6-9c6d-52b6507ceda3 req-eb305b1d-72c2-4ea5-8ddb-c7a627369aa6 a607a8cc56ee4a918facbb451c0e3831 16b608c7e5a0466292a36f2607bd47a5 - - default default] 10.0.0.125 "GET /v2.0/ports/a13b0255-3425-47e0-b0e5-7bc382d705ac HTTP/1.1" status: 200 len: 1297 time: 0.0597517
2026-06-03 01:03:54.323 10 INFO neutron.wsgi [req-5c96fc0c-50ca-4cc6-9c6d-52b6507ceda3 req-7f179f7e-3991-4a2b-ac15-8efeae544273 a607a8cc56ee4a918facbb451c0e3831 16b608c7e5a0466292a36f2607bd47a5 - - default default] 10.0.0.125 "GET /v2.0/extensions HTTP/1.1" status: 200 len: 16980 time: 0.0091019
2026-06-03 01:03:54.354 9 INFO neutron.db.segments_db [None req-a2c10e1d-46b1-45b0-b064-f7a246c29cc6 701c67c22e764006bfb2c5631194fcb1 1369a38f3d044568b4758fea5c624a49 - - default default] Added segment 00839c97-428a-429f-957c-759b5230b1cf of type geneve for network 99e5b075-9b5b-4e1c-823d-462ba958ba60
2026-06-03 01:03:54.489 10 INFO neutron.wsgi [req-5c96fc0c-50ca-4cc6-9c6d-52b6507ceda3 req-3e218244-f9a8-47b8-977c-99bbbc696ecf e4f9f50b079d4b2fa968f05ba0d51db1 f1cfac412872484cb275d703c4221d42 - - 03dce30708164263aa0c6e51f940dfa2 03dce30708164263aa0c6e51f940dfa2] 199.204.45.229 "GET /v2.0/ports/a13b0255-3425-47e0-b0e5-7bc382d705ac?fields=binding%3Avnic_type&fields=binding%3Aprofile&fields=network_id&fields=resource_request&fields=numa_affinity_policy&fields=device_profile HTTP/1.1" status: 200 len: 335 time: 0.0586944
2026-06-03 01:03:54.564 10 INFO neutron.wsgi [None req-9e93d6a1-0d06-48be-85b8-1838f250c0fd b8cc157f82754095a020ee957367ab15 9134f727aae54209977f58e9ea76239b - - default default] 10.0.0.147 "GET /v2.0/networks HTTP/1.1" status: 200 len: 1493 time: 0.2219508
2026-06-03 01:03:54.574 9 INFO neutron.db.ovn_revision_numbers_db [None req-a2c10e1d-46b1-45b0-b064-f7a246c29cc6 701c67c22e764006bfb2c5631194fcb1 1369a38f3d044568b4758fea5c624a49 - - default default] Successfully bumped revision number for resource 99e5b075-9b5b-4e1c-823d-462ba958ba60 (type: networks) to 1
2026-06-03 01:03:54.580 10 INFO neutron.wsgi [req-5c96fc0c-50ca-4cc6-9c6d-52b6507ceda3 req-50308fda-113d-48d4-be44-68d01fbcf0a8 e4f9f50b079d4b2fa968f05ba0d51db1 f1cfac412872484cb275d703c4221d42 - - 03dce30708164263aa0c6e51f940dfa2 03dce30708164263aa0c6e51f940dfa2] 199.204.45.229 "GET /v2.0/networks/209848ca-3311-45e4-b001-a705994c61c9?fields=segments HTTP/1.1" status: 200 len: 212 time: 0.0762820
2026-06-03 01:03:54.662 10 INFO neutron.wsgi [req-5c96fc0c-50ca-4cc6-9c6d-52b6507ceda3 req-b407c6cb-348c-46ba-9b3f-054aa3c0bc87 e4f9f50b079d4b2fa968f05ba0d51db1 f1cfac412872484cb275d703c4221d42 - - 03dce30708164263aa0c6e51f940dfa2 03dce30708164263aa0c6e51f940dfa2] 199.204.45.229 "GET /v2.0/networks/209848ca-3311-45e4-b001-a705994c61c9?fields=provider%3Aphysical_network&fields=provider%3Anetwork_type HTTP/1.1" status: 200 len: 277 time: 0.0760846
2026-06-03 01:03:54.691 10 INFO neutron.wsgi [req-c5c5944c-3726-47a0-892e-fcff58aa8ec5 req-665fa4f3-fa80-4e82-82ef-dc118022ae30 b8cc157f82754095a020ee957367ab15 9134f727aae54209977f58e9ea76239b - - default default] 10.0.0.125 "GET /v2.0/security-groups?name=tempest-secgroup-smoke-589928983&fields=id&tenant_id=9134f727aae54209977f58e9ea76239b HTTP/1.1" status: 200 len: 267 time: 0.0488994
2026-06-03 01:03:54.736 10 INFO neutron.wsgi [req-5c96fc0c-50ca-4cc6-9c6d-52b6507ceda3 req-4d2377e7-1438-4d74-878c-02725b48f0e7 e4f9f50b079d4b2fa968f05ba0d51db1 f1cfac412872484cb275d703c4221d42 - - 03dce30708164263aa0c6e51f940dfa2 03dce30708164263aa0c6e51f940dfa2] 199.204.45.229 "GET /v2.0/ports/a13b0255-3425-47e0-b0e5-7bc382d705ac HTTP/1.1" status: 200 len: 1297 time: 0.0433478
2026-06-03 01:03:54.768 9 WARNING neutron.scheduler.dhcp_agent_scheduler [None req-a2c10e1d-46b1-45b0-b064-f7a246c29cc6 701c67c22e764006bfb2c5631194fcb1 1369a38f3d044568b4758fea5c624a49 - - default default] No more DHCP agents
2026-06-03 01:03:54.770 9 WARNING neutron.api.rpc.agentnotifiers.dhcp_rpc_agent_api [None req-a2c10e1d-46b1-45b0-b064-f7a246c29cc6 701c67c22e764006bfb2c5631194fcb1 1369a38f3d044568b4758fea5c624a49 - - default default] Unable to schedule network 99e5b075-9b5b-4e1c-823d-462ba958ba60: no agents available; will retry on subsequent port and subnet creation events.
2026-06-03 01:03:54.804 10 INFO neutron.wsgi [req-c5c5944c-3726-47a0-892e-fcff58aa8ec5 req-c6ad44d8-8b31-4026-acbf-9c860929e2ca b8cc157f82754095a020ee957367ab15 9134f727aae54209977f58e9ea76239b - - default default] 10.0.0.125 "GET /v2.0/networks?id=5ed9c635-08a7-414e-9693-71cc89b3d635 HTTP/1.1" status: 200 len: 860 time: 0.0964863
2026-06-03 01:03:54.822 10 INFO neutron.wsgi [req-c5c5944c-3726-47a0-892e-fcff58aa8ec5 req-009ffd7f-e510-4213-927d-596c2b22d396 b8cc157f82754095a020ee957367ab15 9134f727aae54209977f58e9ea76239b - - default default] 10.0.0.125 "GET /v2.0/quotas/9134f727aae54209977f58e9ea76239b HTTP/1.1" status: 200 len: 386 time: 0.0119543
2026-06-03 01:03:54.850 10 INFO neutron.wsgi [req-5c96fc0c-50ca-4cc6-9c6d-52b6507ceda3 req-388ccf86-1221-436e-967d-90a345bbc5c4 a607a8cc56ee4a918facbb451c0e3831 16b608c7e5a0466292a36f2607bd47a5 - - default default] 199.204.45.229 "GET /v2.0/networks?id=209848ca-3311-45e4-b001-a705994c61c9 HTTP/1.1" status: 200 len: 1005 time: 0.1015582
2026-06-03 01:03:54.874 9 INFO neutron.db.ovn_revision_numbers_db [None req-a2c10e1d-46b1-45b0-b064-f7a246c29cc6 701c67c22e764006bfb2c5631194fcb1 1369a38f3d044568b4758fea5c624a49 - - default default] Successfully bumped revision number for resource ea8335f0-0183-4289-aeab-cdd0ed37f59b (type: ports) to 1
2026-06-03 01:03:54.917 9 INFO neutron.wsgi [None req-a2c10e1d-46b1-45b0-b064-f7a246c29cc6 701c67c22e764006bfb2c5631194fcb1 1369a38f3d044568b4758fea5c624a49 - - default default] 10.0.0.147 "POST /v2.0/networks HTTP/1.1" status: 201 len: 831 time: 1.1675806
2026-06-03 01:03:54.928 9 WARNING neutron_lib.context [None req-640ef5e2-0deb-415f-a8f2-191ed3163b49 701c67c22e764006bfb2c5631194fcb1 1369a38f3d044568b4758fea5c624a49 - - default default] Method 'is_advsvc' is deprecated since 2023.2 release (neutron-lib 3.8.0) and will be removed once support for the old RBAC API policies will be removed from Neutron. Please use method 'is_service_role' instead.
2026-06-03 01:03:55.039 10 INFO neutron.wsgi [req-c5c5944c-3726-47a0-892e-fcff58aa8ec5 req-b18b7cb0-8f6b-46a1-b9b0-9e544da5aa86 b8cc157f82754095a020ee957367ab15 9134f727aae54209977f58e9ea76239b - - default default] 10.0.0.125 "GET /v2.0/ports?tenant_id=9134f727aae54209977f58e9ea76239b&fields=id HTTP/1.1" status: 200 len: 348 time: 0.2049689
2026-06-03 01:03:55.170 10 INFO neutron.wsgi [req-c5c5944c-3726-47a0-892e-fcff58aa8ec5 req-9afd1c48-1ef8-46d1-aae2-a615a3f0a254 e4f9f50b079d4b2fa968f05ba0d51db1 f1cfac412872484cb275d703c4221d42 - - 03dce30708164263aa0c6e51f940dfa2 03dce30708164263aa0c6e51f940dfa2] 10.0.0.125 "GET /v2.0/networks/5ed9c635-08a7-414e-9693-71cc89b3d635?fields=segments HTTP/1.1" status: 200 len: 212 time: 0.1081629
2026-06-03 01:03:55.258 9 WARNING neutron.scheduler.dhcp_agent_scheduler [None req-640ef5e2-0deb-415f-a8f2-191ed3163b49 701c67c22e764006bfb2c5631194fcb1 1369a38f3d044568b4758fea5c624a49 - - default default] No more DHCP agents
2026-06-03 01:03:55.263 9 WARNING neutron.api.rpc.agentnotifiers.dhcp_rpc_agent_api [None req-640ef5e2-0deb-415f-a8f2-191ed3163b49 701c67c22e764006bfb2c5631194fcb1 1369a38f3d044568b4758fea5c624a49 - - default default] Unable to schedule network 99e5b075-9b5b-4e1c-823d-462ba958ba60: no agents available; will retry on subsequent port and subnet creation events.
2026-06-03 01:03:55.280 10 INFO neutron.wsgi [req-c5c5944c-3726-47a0-892e-fcff58aa8ec5 req-e832fc57-01e2-49bb-a9cd-df5f751a2a3d e4f9f50b079d4b2fa968f05ba0d51db1 f1cfac412872484cb275d703c4221d42 - - 03dce30708164263aa0c6e51f940dfa2 03dce30708164263aa0c6e51f940dfa2] 10.0.0.125 "GET /v2.0/networks/5ed9c635-08a7-414e-9693-71cc89b3d635?fields=provider%3Aphysical_network&fields=provider%3Anetwork_type HTTP/1.1" status: 200 len: 277 time: 0.1026733
2026-06-03 01:03:55.380 9 INFO neutron.db.ovn_revision_numbers_db [None req-640ef5e2-0deb-415f-a8f2-191ed3163b49 701c67c22e764006bfb2c5631194fcb1 1369a38f3d044568b4758fea5c624a49 - - default default] Successfully bumped revision number for resource 59d00f8f-ef34-453e-bb36-6c1cb2ff058f (type: ports) to 1
2026-06-03 01:03:55.412 9 INFO neutron.wsgi [None req-640ef5e2-0deb-415f-a8f2-191ed3163b49 701c67c22e764006bfb2c5631194fcb1 1369a38f3d044568b4758fea5c624a49 - - default default] 10.0.0.147 "POST /v2.0/ports HTTP/1.1" status: 201 len: 942 time: 0.4892995 /var/lib/openstack/lib/python3.10/site-packages/pycadf/identifier.py:71: UserWarning: Invalid uuid: neutron. To ensure interoperability, identifiers should be a valid uuid. warnings.warn(('Invalid uuid: %s. To ensure interoperability, '
2026-06-03 01:03:55.424 9 WARNING neutron_lib.context [None req-27858170-e668-4fa6-b9d1-daac87eafa7a 701c67c22e764006bfb2c5631194fcb1 1369a38f3d044568b4758fea5c624a49 - - default default] Method 'is_advsvc' is deprecated since 2023.2 release (neutron-lib 3.8.0) and will be removed once support for the old RBAC API policies will be removed from Neutron. Please use method 'is_service_role' instead. /var/lib/openstack/lib/python3.10/site-packages/pycadf/identifier.py:71: UserWarning: Invalid uuid: neutron. To ensure interoperability, identifiers should be a valid uuid. warnings.warn(('Invalid uuid: %s. To ensure interoperability, '
2026-06-03 01:03:55.463 10 INFO neutron.wsgi [req-b8494572-164e-45bb-8adf-6a19fbc72ea7 req-79685263-27e3-4ea0-ba66-f25ba0492f48 b8cc157f82754095a020ee957367ab15 9134f727aae54209977f58e9ea76239b - - default default] 10.0.0.125 "GET /v2.0/ports?device_id=e0e85dce-5fb1-4bb1-99e6-c567502dd3ce HTTP/1.1" status: 200 len: 210 time: 0.0352755
2026-06-03 01:03:55.606 10 INFO neutron.db.ovn_revision_numbers_db [req-5c96fc0c-50ca-4cc6-9c6d-52b6507ceda3 req-c8c1f99c-2155-4333-84d7-41d0fbced62c e4f9f50b079d4b2fa968f05ba0d51db1 f1cfac412872484cb275d703c4221d42 - - 03dce30708164263aa0c6e51f940dfa2 03dce30708164263aa0c6e51f940dfa2] Successfully bumped revision number for resource a13b0255-3425-47e0-b0e5-7bc382d705ac (type: ports) to 2
2026-06-03 01:03:55.673 9 WARNING neutron_lib.context [None req-7cca8a18-de5a-4dcc-9589-71700c27fed0 88136f3af5e940ea8f0dfe6a08a9e0e3 18a8222bcf954efa8b3a54cf874bbb43 - - default default] Method 'is_advsvc' is deprecated since 2023.2 release (neutron-lib 3.8.0) and will be removed once support for the old RBAC API policies will be removed from Neutron. Please use method 'is_service_role' instead.
2026-06-03 01:03:55.736 9 INFO neutron.wsgi [None req-27858170-e668-4fa6-b9d1-daac87eafa7a 701c67c22e764006bfb2c5631194fcb1 1369a38f3d044568b4758fea5c624a49 - - default default] 10.0.0.147 "POST /v2.0/trunks HTTP/1.1" status: 201 len: 608 time: 0.3178320
2026-06-03 01:03:55.776 9 WARNING neutron_lib.context [None req-507fe034-27c6-47e5-9e63-dfedd9fe6e76 701c67c22e764006bfb2c5631194fcb1 1369a38f3d044568b4758fea5c624a49 - - default default] Method 'is_advsvc' is deprecated since 2023.2 release (neutron-lib 3.8.0) and will be removed once support for the old RBAC API policies will be removed from Neutron. Please use method 'is_service_role' instead.
2026-06-03 01:03:55.919 9 INFO neutron.db.segments_db [None req-507fe034-27c6-47e5-9e63-dfedd9fe6e76 701c67c22e764006bfb2c5631194fcb1 1369a38f3d044568b4758fea5c624a49 - - default default] Added segment 2e4f7a6f-a021-4bc2-a2b0-e74dc7d39852 of type geneve for network 14c2b0ed-5a6e-44b4-9729-5d0b4389ff5f
2026-06-03 01:03:56.183 9 INFO neutron.db.ovn_revision_numbers_db [None req-507fe034-27c6-47e5-9e63-dfedd9fe6e76 701c67c22e764006bfb2c5631194fcb1 1369a38f3d044568b4758fea5c624a49 - - default default] Successfully bumped revision number for resource 14c2b0ed-5a6e-44b4-9729-5d0b4389ff5f (type: networks) to 1
2026-06-03 01:03:56.193 10 INFO neutron.db.ovn_revision_numbers_db [req-5c96fc0c-50ca-4cc6-9c6d-52b6507ceda3 req-c8c1f99c-2155-4333-84d7-41d0fbced62c e4f9f50b079d4b2fa968f05ba0d51db1 f1cfac412872484cb275d703c4221d42 - - 03dce30708164263aa0c6e51f940dfa2 03dce30708164263aa0c6e51f940dfa2] Successfully bumped revision number for resource a13b0255-3425-47e0-b0e5-7bc382d705ac (type: ports) to 2
2026-06-03 01:03:56.210 9 WARNING neutron.scheduler.dhcp_agent_scheduler [None req-7cca8a18-de5a-4dcc-9589-71700c27fed0 88136f3af5e940ea8f0dfe6a08a9e0e3 18a8222bcf954efa8b3a54cf874bbb43 - - default default] No more DHCP agents
2026-06-03 01:03:56.226 9 WARNING neutron.api.rpc.agentnotifiers.dhcp_rpc_agent_api [None req-7cca8a18-de5a-4dcc-9589-71700c27fed0 88136f3af5e940ea8f0dfe6a08a9e0e3 18a8222bcf954efa8b3a54cf874bbb43 - - default default] Unable to schedule network 9750bfc4-d3f9-417e-855f-d6a046f2fe34: no agents available; will retry on subsequent port and subnet creation events.
2026-06-03 01:03:56.234 10 INFO neutron.wsgi [req-5c96fc0c-50ca-4cc6-9c6d-52b6507ceda3 req-c8c1f99c-2155-4333-84d7-41d0fbced62c e4f9f50b079d4b2fa968f05ba0d51db1 f1cfac412872484cb275d703c4221d42 - - 03dce30708164263aa0c6e51f940dfa2 03dce30708164263aa0c6e51f940dfa2] 199.204.45.229 "PUT /v2.0/ports/a13b0255-3425-47e0-b0e5-7bc382d705ac HTTP/1.1" status: 200 len: 1428 time: 1.3691573 /var/lib/openstack/lib/python3.10/site-packages/pycadf/identifier.py:71: UserWarning: Invalid uuid: neutron. To ensure interoperability, identifiers should be a valid uuid. warnings.warn(('Invalid uuid: %s. To ensure interoperability, '
2026-06-03 01:03:56.289 10 INFO neutron.notifiers.nova [-] Nova event matching ['req-35c7406c-711a-41fb-8974-a31cbde1d387'] response: {'name': 'network-changed', 'server_uuid': '9ea65fcb-2b95-4404-ac4d-4c6af000999a', 'tag': 'a13b0255-3425-47e0-b0e5-7bc382d705ac', 'status': 'completed', 'code': 200}
2026-06-03 01:03:56.363 10 INFO neutron.wsgi [req-5c96fc0c-50ca-4cc6-9c6d-52b6507ceda3 req-54fa0a21-9c88-47ab-af98-822b578bca16 e4f9f50b079d4b2fa968f05ba0d51db1 f1cfac412872484cb275d703c4221d42 - - 03dce30708164263aa0c6e51f940dfa2 03dce30708164263aa0c6e51f940dfa2] 199.204.45.229 "GET /v2.0/ports?tenant_id=16b608c7e5a0466292a36f2607bd47a5&device_id=9ea65fcb-2b95-4404-ac4d-4c6af000999a HTTP/1.1" status: 200 len: 2665 time: 0.0648565
2026-06-03 01:03:56.397 10 INFO neutron.wsgi [req-5c96fc0c-50ca-4cc6-9c6d-52b6507ceda3 req-aeb8c62d-9621-4d65-8703-e033d07271e0 e4f9f50b079d4b2fa968f05ba0d51db1 f1cfac412872484cb275d703c4221d42 - - 03dce30708164263aa0c6e51f940dfa2 03dce30708164263aa0c6e51f940dfa2] 199.204.45.229 "GET /v2.0/floatingips?fixed_ip_address=172.24.2.177&port_id=4fc03d14-a361-48e2-a4dd-93f17c24ce16 HTTP/1.1" status: 200 len: 217 time: 0.0281596
2026-06-03 01:03:56.411 10 INFO neutron.wsgi [req-c5c5944c-3726-47a0-892e-fcff58aa8ec5 req-3f9325e4-d3dc-40be-98c6-4081344bafbc b8cc157f82754095a020ee957367ab15 9134f727aae54209977f58e9ea76239b - - default default] 199.204.45.229 "GET /v2.0/networks?id=5ed9c635-08a7-414e-9693-71cc89b3d635 HTTP/1.1" status: 200 len: 860 time: 0.1400015
2026-06-03 01:03:56.477 9 WARNING neutron.scheduler.dhcp_agent_scheduler [None req-507fe034-27c6-47e5-9e63-dfedd9fe6e76 701c67c22e764006bfb2c5631194fcb1 1369a38f3d044568b4758fea5c624a49 - - default default] No more DHCP agents
2026-06-03 01:03:56.481 9 WARNING neutron.api.rpc.agentnotifiers.dhcp_rpc_agent_api [None req-507fe034-27c6-47e5-9e63-dfedd9fe6e76 701c67c22e764006bfb2c5631194fcb1 1369a38f3d044568b4758fea5c624a49 - - default default] Unable to schedule network 14c2b0ed-5a6e-44b4-9729-5d0b4389ff5f: no agents available; will retry on subsequent port and subnet creation events.
2026-06-03 01:03:56.481 10 INFO neutron.wsgi [req-5c96fc0c-50ca-4cc6-9c6d-52b6507ceda3 req-818a3c91-d650-449f-8ba8-aaccb32423b3 e4f9f50b079d4b2fa968f05ba0d51db1 f1cfac412872484cb275d703c4221d42 - - 03dce30708164263aa0c6e51f940dfa2 03dce30708164263aa0c6e51f940dfa2] 199.204.45.229 "GET /v2.0/subnets?id=347d9410-9973-4d59-b6f2-01729a630c8c HTTP/1.1" status: 200 len: 829 time: 0.0777652
2026-06-03 01:03:56.496 10 INFO neutron.wsgi [-] 10.0.0.209 "GET / HTTP/1.1" status: 200 len: 247 time: 0.0020037
2026-06-03 01:03:56.499 10 INFO neutron.wsgi [-] 10.0.0.209 "GET / HTTP/1.1" status: 200 len: 247 time: 0.0013845
2026-06-03 01:03:56.517 10 INFO neutron.wsgi [req-c5c5944c-3726-47a0-892e-fcff58aa8ec5 req-dccee7d2-b494-405c-b72a-2e92abeeb93e b8cc157f82754095a020ee957367ab15 9134f727aae54209977f58e9ea76239b - - default default] 199.204.45.229 "GET /v2.0/security-groups?fields=id&fields=name&tenant_id=9134f727aae54209977f58e9ea76239b HTTP/1.1" status: 200 len: 470 time: 0.0986590
2026-06-03 01:03:56.535 10 INFO neutron.wsgi [req-5c96fc0c-50ca-4cc6-9c6d-52b6507ceda3 req-7870d960-a5dd-4412-bffb-26151932f6fd e4f9f50b079d4b2fa968f05ba0d51db1 f1cfac412872484cb275d703c4221d42 - - 03dce30708164263aa0c6e51f940dfa2 03dce30708164263aa0c6e51f940dfa2] 199.204.45.229 "GET /v2.0/ports?network_id=b3127d8f-18be-4f6e-919d-62391e1c62f4&device_owner=network%3Adhcp HTTP/1.1" status: 200 len: 210 time: 0.0341151
2026-06-03 01:03:56.539 10 WARNING neutron_lib.context [req-c5c5944c-3726-47a0-892e-fcff58aa8ec5 req-cf082c0f-0e9a-467a-a24f-25ec120de7c4 b8cc157f82754095a020ee957367ab15 9134f727aae54209977f58e9ea76239b - - default default] Method 'is_advsvc' is deprecated since 2023.2 release (neutron-lib 3.8.0) and will be removed once support for the old RBAC API policies will be removed from Neutron. Please use method 'is_service_role' instead.
