2026-06-03 01:05:50.264 9 INFO neutron.wsgi [None req-2cd71a56-5a67-487b-b38b-7ad058387c22 a4e26a8eccc84c0e99b9714950b6853e fba0f68591344b598979f4d03399f3c5 - - default default] 10.0.0.147 "DELETE /v2.0/security-group-rules/c727a4c4-3500-4cf9-ab22-4b37610d70c6 HTTP/1.1" status: 204 len: 168 time: 0.1633542
2026-06-03 01:05:50.284 9 INFO neutron.api.v2.resource [None req-3fb1f49c-c1b8-4f78-a8bd-5ec7560dd9aa a4e26a8eccc84c0e99b9714950b6853e fba0f68591344b598979f4d03399f3c5 - - default default] show failed (client error): The resource could not be found.
2026-06-03 01:05:50.285 9 INFO neutron.wsgi [None req-3fb1f49c-c1b8-4f78-a8bd-5ec7560dd9aa a4e26a8eccc84c0e99b9714950b6853e fba0f68591344b598979f4d03399f3c5 - - default default] 10.0.0.147 "GET /v2.0/security-group-rules/c727a4c4-3500-4cf9-ab22-4b37610d70c6 HTTP/1.1" status: 404 len: 356 time: 0.0138237
2026-06-03 01:05:50.445 10 INFO neutron.wsgi [None req-c42c37cd-1773-4293-b58b-aded7c949aa5 a4e26a8eccc84c0e99b9714950b6853e fba0f68591344b598979f4d03399f3c5 - - default default] 10.0.0.147 "DELETE /v2.0/security-group-rules/8931c0d6-e751-4741-b654-61c048a4e78e HTTP/1.1" status: 204 len: 168 time: 0.1474237
2026-06-03 01:05:50.461 10 INFO neutron.api.v2.resource [None req-7af3730b-5dbc-4f36-a63b-9aca9fcdb865 a4e26a8eccc84c0e99b9714950b6853e fba0f68591344b598979f4d03399f3c5 - - default default] show failed (client error): The resource could not be found.
2026-06-03 01:05:50.462 10 INFO neutron.wsgi [None req-7af3730b-5dbc-4f36-a63b-9aca9fcdb865 a4e26a8eccc84c0e99b9714950b6853e fba0f68591344b598979f4d03399f3c5 - - default default] 10.0.0.147 "GET /v2.0/security-group-rules/8931c0d6-e751-4741-b654-61c048a4e78e HTTP/1.1" status: 404 len: 356 time: 0.0110011
2026-06-03 01:05:50.597 10 INFO neutron.wsgi [None req-6bf41dec-99c3-4ac2-9a9f-dfd15ac4990d a4e26a8eccc84c0e99b9714950b6853e fba0f68591344b598979f4d03399f3c5 - - default default] 10.0.0.147 "DELETE /v2.0/security-group-rules/dee6dbff-0bc4-471f-bd7b-88e4cf910c67 HTTP/1.1" status: 204 len: 168 time: 0.1292584
2026-06-03 01:05:50.614 10 INFO neutron.api.v2.resource [None req-e13be08b-676e-4791-9b55-4ee550617355 a4e26a8eccc84c0e99b9714950b6853e fba0f68591344b598979f4d03399f3c5 - - default default] show failed (client error): The resource could not be found.
2026-06-03 01:05:50.616 10 INFO neutron.wsgi [None req-e13be08b-676e-4791-9b55-4ee550617355 a4e26a8eccc84c0e99b9714950b6853e fba0f68591344b598979f4d03399f3c5 - - default default] 10.0.0.147 "GET /v2.0/security-group-rules/dee6dbff-0bc4-471f-bd7b-88e4cf910c67 HTTP/1.1" status: 404 len: 356 time: 0.0127575
2026-06-03 01:05:50.757 10 INFO neutron.wsgi [None req-6193935e-28d1-46f2-9adc-002c6fd4e2a8 a4e26a8eccc84c0e99b9714950b6853e fba0f68591344b598979f4d03399f3c5 - - default default] 10.0.0.147 "DELETE /v2.0/security-group-rules/5f84013a-fe13-40f4-90fc-8b1637eae1f7 HTTP/1.1" status: 204 len: 168 time: 0.1363375
2026-06-03 01:05:50.775 10 INFO neutron.api.v2.resource [None req-49ddb9b3-7212-450f-88f4-9df89747757d a4e26a8eccc84c0e99b9714950b6853e fba0f68591344b598979f4d03399f3c5 - - default default] show failed (client error): The resource could not be found.
2026-06-03 01:05:50.776 10 INFO neutron.wsgi [None req-49ddb9b3-7212-450f-88f4-9df89747757d a4e26a8eccc84c0e99b9714950b6853e fba0f68591344b598979f4d03399f3c5 - - default default] 10.0.0.147 "GET /v2.0/security-group-rules/5f84013a-fe13-40f4-90fc-8b1637eae1f7 HTTP/1.1" status: 404 len: 356 time: 0.0119894
2026-06-03 01:05:50.844 9 INFO neutron.wsgi [None req-4861bd36-fb29-47e8-9ac7-58b904020097 2098f055ace2417f8ef5148045cbba8f 0d304da4304e450695d80e2c6fd66e5a - - default default] 10.0.0.147 "POST /v2.0/qos/policies HTTP/1.1" status: 201 len: 558 time: 0.2751701
2026-06-03 01:05:50.898 9 INFO neutron.wsgi [None req-a842f4ca-6665-46ac-aa26-396a77ec53d0 2098f055ace2417f8ef5148045cbba8f 0d304da4304e450695d80e2c6fd66e5a - - default default] 10.0.0.147 "POST /v2.0/qos/policies HTTP/1.1" status: 201 len: 558 time: 0.0485168
2026-06-03 01:05:50.926 10 INFO neutron.wsgi [None req-429625e1-a36e-467d-93ac-dfdd4ed8aab7 a4e26a8eccc84c0e99b9714950b6853e fba0f68591344b598979f4d03399f3c5 - - default default] 10.0.0.147 "DELETE /v2.0/security-group-rules/fdb5ef0e-98d8-43b9-b837-17f36bc71513 HTTP/1.1" status: 204 len: 168 time: 0.1430407
2026-06-03 01:05:50.946 10 INFO neutron.api.v2.resource [None req-34e86190-496c-49ca-a664-0ce4bad96209 a4e26a8eccc84c0e99b9714950b6853e fba0f68591344b598979f4d03399f3c5 - - default default] show failed (client error): The resource could not be found.
2026-06-03 01:05:50.947 10 INFO neutron.wsgi [None req-34e86190-496c-49ca-a664-0ce4bad96209 a4e26a8eccc84c0e99b9714950b6853e fba0f68591344b598979f4d03399f3c5 - - default default] 10.0.0.147 "GET /v2.0/security-group-rules/fdb5ef0e-98d8-43b9-b837-17f36bc71513 HTTP/1.1" status: 404 len: 356 time: 0.0145879
2026-06-03 01:05:50.948 9 INFO neutron.wsgi [None req-c83ccc2f-c1e9-4985-b5a3-8ce6b11dd401 2098f055ace2417f8ef5148045cbba8f 0d304da4304e450695d80e2c6fd66e5a - - default default] 10.0.0.147 "POST /v2.0/qos/policies HTTP/1.1" status: 201 len: 558 time: 0.0436842
2026-06-03 01:05:51.064 10 INFO neutron.wsgi [None req-59354a27-d35e-4843-b0f2-27eb145c9f07 2098f055ace2417f8ef5148045cbba8f 0d304da4304e450695d80e2c6fd66e5a - - default default] 10.0.0.147 "POST /v2.0/qos/policies HTTP/1.1" status: 201 len: 558 time: 0.1108408
2026-06-03 01:05:51.089 9 INFO neutron.wsgi [None req-d0c6eb30-ef9a-4815-a2e7-26008a395ec9 a4e26a8eccc84c0e99b9714950b6853e fba0f68591344b598979f4d03399f3c5 - - default default] 10.0.0.147 "DELETE /v2.0/security-group-rules/d1cadae0-081e-4138-acec-cfef5fe00dcc HTTP/1.1" status: 204 len: 168 time: 0.1369424
2026-06-03 01:05:51.105 9 INFO neutron.api.v2.resource [None req-b91cdd3e-8b06-46ad-adca-d18b6c331423 a4e26a8eccc84c0e99b9714950b6853e fba0f68591344b598979f4d03399f3c5 - - default default] show failed (client error): The resource could not be found.
2026-06-03 01:05:51.106 9 INFO neutron.wsgi [None req-b91cdd3e-8b06-46ad-adca-d18b6c331423 a4e26a8eccc84c0e99b9714950b6853e fba0f68591344b598979f4d03399f3c5 - - default default] 10.0.0.147 "GET /v2.0/security-group-rules/d1cadae0-081e-4138-acec-cfef5fe00dcc HTTP/1.1" status: 404 len: 356 time: 0.0116982
2026-06-03 01:05:51.119 10 INFO neutron.wsgi [None req-4488d801-07c3-4f3d-b980-ae7b1b81bb58 2098f055ace2417f8ef5148045cbba8f 0d304da4304e450695d80e2c6fd66e5a - - default default] 10.0.0.147 "POST /v2.0/qos/policies HTTP/1.1" status: 201 len: 558 time: 0.0486784
2026-06-03 01:05:51.171 9 INFO neutron.wsgi [None req-bcec2a6e-136e-4e30-b5eb-ee9c076ee33d 2098f055ace2417f8ef5148045cbba8f 0d304da4304e450695d80e2c6fd66e5a - - default default] 10.0.0.147 "PUT /v2.0/policies/cc383665-8f8d-4a30-980c-0d9c68771f11/tags HTTP/1.1" status: 200 len: 210 time: 0.0476918
2026-06-03 01:05:51.233 10 INFO neutron.wsgi [None req-51fecf75-fa1e-496d-ba5c-cee6a345c3c3 2098f055ace2417f8ef5148045cbba8f 0d304da4304e450695d80e2c6fd66e5a - - default default] 10.0.0.147 "PUT /v2.0/policies/e3632d84-a20d-4796-a8b9-f279296332ab/tags HTTP/1.1" status: 200 len: 218 time: 0.0558774
2026-06-03 01:05:51.266 9 INFO neutron.wsgi [None req-4ea5e7f0-4e20-4d16-82b0-ff28609597af a4e26a8eccc84c0e99b9714950b6853e fba0f68591344b598979f4d03399f3c5 - - default default] 10.0.0.147 "DELETE /v2.0/security-group-rules/9eaf8fab-a99c-40b1-a665-117bb0dac7ab HTTP/1.1" status: 204 len: 168 time: 0.1541066
2026-06-03 01:05:51.278 9 INFO neutron.wsgi [None req-e7d6ca11-ee57-4b38-9f9b-8aa7951ecf27 2098f055ace2417f8ef5148045cbba8f 0d304da4304e450695d80e2c6fd66e5a - - default default] 10.0.0.147 "PUT /v2.0/policies/916773eb-4546-4629-9fb7-6f64a7d9ec4c/tags HTTP/1.1" status: 200 len: 227 time: 0.0391695
2026-06-03 01:05:51.280 9 INFO neutron.api.v2.resource [None req-d0f9ec03-81ad-4804-918b-65d1a21bc948 a4e26a8eccc84c0e99b9714950b6853e fba0f68591344b598979f4d03399f3c5 - - default default] show failed (client error): The resource could not be found.
2026-06-03 01:05:51.281 9 INFO neutron.wsgi [None req-d0f9ec03-81ad-4804-918b-65d1a21bc948 a4e26a8eccc84c0e99b9714950b6853e fba0f68591344b598979f4d03399f3c5 - - default default] 10.0.0.147 "GET /v2.0/security-group-rules/9eaf8fab-a99c-40b1-a665-117bb0dac7ab HTTP/1.1" status: 404 len: 356 time: 0.0096815
2026-06-03 01:05:51.323 9 INFO neutron.wsgi [None req-45ba0054-490d-4915-9c37-2ac1aad39e03 2098f055ace2417f8ef5148045cbba8f 0d304da4304e450695d80e2c6fd66e5a - - default default] 10.0.0.147 "PUT /v2.0/policies/17a80893-e959-4664-970a-b37ded7de349/tags HTTP/1.1" status: 200 len: 212 time: 0.0390012
2026-06-03 01:05:51.426 10 INFO neutron.wsgi [None req-598a3bc8-fd84-49f0-8564-475080ae248b a4e26a8eccc84c0e99b9714950b6853e fba0f68591344b598979f4d03399f3c5 - - default default] 10.0.0.147 "DELETE /v2.0/security-group-rules/0c0aa686-49f6-4926-96e4-41c5ebf6c94c HTTP/1.1" status: 204 len: 168 time: 0.1405046
2026-06-03 01:05:51.441 10 INFO neutron.api.v2.resource [None req-ad9c2370-eeeb-485d-a303-fa81021d7bdd a4e26a8eccc84c0e99b9714950b6853e fba0f68591344b598979f4d03399f3c5 - - default default] show failed (client error): The resource could not be found.
2026-06-03 01:05:51.442 10 INFO neutron.wsgi [None req-ad9c2370-eeeb-485d-a303-fa81021d7bdd a4e26a8eccc84c0e99b9714950b6853e fba0f68591344b598979f4d03399f3c5 - - default default] 10.0.0.147 "GET /v2.0/security-group-rules/0c0aa686-49f6-4926-96e4-41c5ebf6c94c HTTP/1.1" status: 404 len: 356 time: 0.0110304
2026-06-03 01:05:51.577 10 INFO neutron.wsgi [None req-f5f0f061-3580-45d9-94e7-fc3e633ab61e a4e26a8eccc84c0e99b9714950b6853e fba0f68591344b598979f4d03399f3c5 - - default default] 10.0.0.147 "DELETE /v2.0/security-group-rules/bd21ab64-e722-43c5-b556-b100e299b2ee HTTP/1.1" status: 204 len: 168 time: 0.1297891
2026-06-03 01:05:51.595 10 INFO neutron.api.v2.resource [None req-f1b46b47-1372-46c0-8d53-f4e38ce4b278 a4e26a8eccc84c0e99b9714950b6853e fba0f68591344b598979f4d03399f3c5 - - default default] show failed (client error): The resource could not be found.
2026-06-03 01:05:51.597 10 INFO neutron.wsgi [None req-f1b46b47-1372-46c0-8d53-f4e38ce4b278 a4e26a8eccc84c0e99b9714950b6853e fba0f68591344b598979f4d03399f3c5 - - default default] 10.0.0.147 "GET /v2.0/security-group-rules/bd21ab64-e722-43c5-b556-b100e299b2ee HTTP/1.1" status: 404 len: 356 time: 0.0108080
2026-06-03 01:05:51.739 10 INFO neutron.wsgi [None req-1a132747-86e8-4d29-ad83-7743fa95e2e4 a4e26a8eccc84c0e99b9714950b6853e fba0f68591344b598979f4d03399f3c5 - - default default] 10.0.0.147 "DELETE /v2.0/security-group-rules/94c0f197-14ae-48d6-aea2-82e1a71667da HTTP/1.1" status: 204 len: 168 time: 0.1367602
2026-06-03 01:05:51.754 10 INFO neutron.api.v2.resource [None req-5ebfa5e1-4286-4b26-b70d-e7cc05a7ada1 a4e26a8eccc84c0e99b9714950b6853e fba0f68591344b598979f4d03399f3c5 - - default default] show failed (client error): The resource could not be found.
2026-06-03 01:05:51.755 10 INFO neutron.wsgi [None req-5ebfa5e1-4286-4b26-b70d-e7cc05a7ada1 a4e26a8eccc84c0e99b9714950b6853e fba0f68591344b598979f4d03399f3c5 - - default default] 10.0.0.147 "GET /v2.0/security-group-rules/94c0f197-14ae-48d6-aea2-82e1a71667da HTTP/1.1" status: 404 len: 356 time: 0.0105655
2026-06-03 01:05:51.836 10 INFO neutron.wsgi [None req-943d94d8-df83-459f-8b9a-284ed84cd7e3 c47a501b92bd4e4197ec5a0c95b573e6 3f576b48a35b4315a05a57bc4b439a49 - - default default] 10.0.0.147 "GET /v2.0/qos/policies?tags=red HTTP/1.1" status: 200 len: 1296 time: 0.1250899
2026-06-03 01:05:51.896 9 INFO neutron.wsgi [None req-55a3b036-8b42-469c-bcf8-b692884f0eca a4e26a8eccc84c0e99b9714950b6853e fba0f68591344b598979f4d03399f3c5 - - default default] 10.0.0.147 "DELETE /v2.0/security-group-rules/e85032aa-0285-4436-97cc-022c4af6b46e HTTP/1.1" status: 204 len: 168 time: 0.1349311
2026-06-03 01:05:51.903 10 INFO neutron.wsgi [None req-bcf4b623-900a-4908-8a84-67a28a455c66 c47a501b92bd4e4197ec5a0c95b573e6 3f576b48a35b4315a05a57bc4b439a49 - - default default] 10.0.0.147 "GET /v2.0/qos/policies?tags=red%2Cblue HTTP/1.1" status: 200 len: 941 time: 0.0598006
2026-06-03 01:05:51.917 9 INFO neutron.api.v2.resource [None req-a303d8ae-1126-4f28-a4ed-42d6ee11ddb5 a4e26a8eccc84c0e99b9714950b6853e fba0f68591344b598979f4d03399f3c5 - - default default] show failed (client error): The resource could not be found.
2026-06-03 01:05:51.918 9 INFO neutron.wsgi [None req-a303d8ae-1126-4f28-a4ed-42d6ee11ddb5 a4e26a8eccc84c0e99b9714950b6853e fba0f68591344b598979f4d03399f3c5 - - default default] 10.0.0.147 "GET /v2.0/security-group-rules/e85032aa-0285-4436-97cc-022c4af6b46e HTTP/1.1" status: 404 len: 356 time: 0.0139956
2026-06-03 01:05:51.967 10 INFO neutron.wsgi [None req-05056bbe-2b57-4fc8-83d4-9043ff0e4fc4 c47a501b92bd4e4197ec5a0c95b573e6 3f576b48a35b4315a05a57bc4b439a49 - - default default] 10.0.0.147 "GET /v2.0/qos/policies?tags-any=blue HTTP/1.1" status: 200 len: 941 time: 0.0599561
2026-06-03 01:05:52.042 10 INFO neutron.wsgi [None req-79560ddc-0739-4110-8e64-83ee78fb53fd c47a501b92bd4e4197ec5a0c95b573e6 3f576b48a35b4315a05a57bc4b439a49 - - default default] 10.0.0.147 "GET /v2.0/qos/policies?tags-any=red%2Cblue HTTP/1.1" status: 200 len: 1296 time: 0.0680175
2026-06-03 01:05:52.053 9 INFO neutron.wsgi [None req-b37dc2c1-526a-4f00-a2c7-118f04bc58bf a4e26a8eccc84c0e99b9714950b6853e fba0f68591344b598979f4d03399f3c5 - - default default] 10.0.0.147 "DELETE /v2.0/security-groups/b6ffc89a-69d9-4e03-be51-10b4b4a522f1 HTTP/1.1" status: 204 len: 168 time: 0.1281359
2026-06-03 01:05:52.068 9 INFO neutron.api.v2.resource [None req-2da2afdc-0e40-42e7-9360-9dc834cd74e6 a4e26a8eccc84c0e99b9714950b6853e fba0f68591344b598979f4d03399f3c5 - - default default] show failed (client error): The resource could not be found.
2026-06-03 01:05:52.069 9 INFO neutron.wsgi [None req-2da2afdc-0e40-42e7-9360-9dc834cd74e6 a4e26a8eccc84c0e99b9714950b6853e fba0f68591344b598979f4d03399f3c5 - - default default] 10.0.0.147 "GET /v2.0/security-groups/b6ffc89a-69d9-4e03-be51-10b4b4a522f1 HTTP/1.1" status: 404 len: 347 time: 0.0105038
2026-06-03 01:05:52.100 10 INFO neutron.wsgi [None req-85db306a-db2d-4751-9b45-65cade73fb42 c47a501b92bd4e4197ec5a0c95b573e6 3f576b48a35b4315a05a57bc4b439a49 - - default default] 10.0.0.147 "GET /v2.0/qos/policies?not-tags=red HTTP/1.1" status: 200 len: 913 time: 0.0520594
2026-06-03 01:05:52.308 10 INFO neutron.wsgi [None req-900c0d64-0abb-434d-86a9-3cdbd8e3301f c47a501b92bd4e4197ec5a0c95b573e6 3f576b48a35b4315a05a57bc4b439a49 - - default default] 10.0.0.147 "GET /v2.0/qos/policies?not-tags=red%2Cblue HTTP/1.1" status: 200 len: 1268 time: 0.2027342
2026-06-03 01:05:52.402 9 INFO neutron.wsgi [None req-0e8c74b0-f2ea-4ec0-8c56-b686247574a4 c47a501b92bd4e4197ec5a0c95b573e6 3f576b48a35b4315a05a57bc4b439a49 - - default default] 10.0.0.147 "GET /v2.0/qos/policies?not-tags-any=blue HTTP/1.1" status: 200 len: 1268 time: 0.0866516
2026-06-03 01:05:52.465 9 INFO neutron.wsgi [None req-3e571fd8-8684-48c8-b1d6-96686f2853e1 c47a501b92bd4e4197ec5a0c95b573e6 3f576b48a35b4315a05a57bc4b439a49 - - default default] 10.0.0.147 "GET /v2.0/qos/policies?not-tags-any=red%2Cblue HTTP/1.1" status: 200 len: 913 time: 0.0565746
2026-06-03 01:05:52.537 9 INFO neutron.wsgi [None req-22a699fe-f621-47f0-9f1d-9f81a2664b9e 2098f055ace2417f8ef5148045cbba8f 0d304da4304e450695d80e2c6fd66e5a - - default default] 10.0.0.147 "DELETE /v2.0/qos/policies/cc383665-8f8d-4a30-980c-0d9c68771f11 HTTP/1.1" status: 204 len: 168 time: 0.0648985
2026-06-03 01:05:52.599 9 INFO neutron.wsgi [None req-d7593780-d8da-4415-9fc9-f0dfbf41a51c 2098f055ace2417f8ef5148045cbba8f 0d304da4304e450695d80e2c6fd66e5a - - default default] 10.0.0.147 "DELETE /v2.0/qos/policies/e3632d84-a20d-4796-a8b9-f279296332ab HTTP/1.1" status: 204 len: 168 time: 0.0556157
2026-06-03 01:05:52.673 9 INFO neutron.wsgi [None req-f191c576-2abf-4306-ac34-cf6b0c699adf 2098f055ace2417f8ef5148045cbba8f 0d304da4304e450695d80e2c6fd66e5a - - default default] 10.0.0.147 "DELETE /v2.0/qos/policies/916773eb-4546-4629-9fb7-6f64a7d9ec4c HTTP/1.1" status: 204 len: 168 time: 0.0690508
2026-06-03 01:05:52.741 9 INFO neutron.wsgi [None req-087af102-9f0a-4215-9569-58c0c6446b4c 2098f055ace2417f8ef5148045cbba8f 0d304da4304e450695d80e2c6fd66e5a - - default default] 10.0.0.147 "DELETE /v2.0/qos/policies/17a80893-e959-4664-970a-b37ded7de349 HTTP/1.1" status: 204 len: 168 time: 0.0607910
2026-06-03 01:05:52.813 9 INFO neutron.wsgi [None req-1da4cf50-39b8-4354-a63a-b394eb49a419 2098f055ace2417f8ef5148045cbba8f 0d304da4304e450695d80e2c6fd66e5a - - default default] 10.0.0.147 "DELETE /v2.0/qos/policies/4cfce4dd-a65b-4603-8a1a-9d3f61f815e2 HTTP/1.1" status: 204 len: 168 time: 0.0647445
2026-06-03 01:05:53.175 10 INFO neutron.wsgi [None req-d3dca423-4488-432a-aa1e-da2c4dce9e83 a4e26a8eccc84c0e99b9714950b6853e fba0f68591344b598979f4d03399f3c5 - - default default] 10.0.0.147 "PUT /v2.0/routers/df97500d-f063-4335-8db9-fca0f9d93032/remove_router_interface HTTP/1.1" status: 200 len: 503 time: 1.0481477 /var/lib/openstack/lib/python3.10/site-packages/pycadf/identifier.py:71: UserWarning: Invalid uuid: neutron. To ensure interoperability, identifiers should be a valid uuid. warnings.warn(('Invalid uuid: %s. To ensure interoperability, '
2026-06-03 01:05:53.332 10 INFO neutron.api.v2.resource [None req-9a87282e-8bb7-4675-a689-cb466db5e37b a4e26a8eccc84c0e99b9714950b6853e fba0f68591344b598979f4d03399f3c5 - - default default] remove_router_interface failed (client error): The resource could not be found.
2026-06-03 01:05:53.334 10 INFO neutron.wsgi [None req-9a87282e-8bb7-4675-a689-cb466db5e37b a4e26a8eccc84c0e99b9714950b6853e fba0f68591344b598979f4d03399f3c5 - - default default] 10.0.0.147 "PUT /v2.0/routers/df97500d-f063-4335-8db9-fca0f9d93032/remove_router_interface HTTP/1.1" status: 404 len: 399 time: 0.1514759
2026-06-03 01:05:53.930 9 INFO neutron.db.ovn_revision_numbers_db [None req-027f2e48-5d5f-4795-9b43-bca19ddff407 a607a8cc56ee4a918facbb451c0e3831 16b608c7e5a0466292a36f2607bd47a5 - - default default] Successfully bumped revision number for resource e282e956-71da-4fd5-b366-23ad8c2f1fe4 (type: security_groups) to 1
2026-06-03 01:05:53.946 9 INFO neutron.db.ovn_revision_numbers_db [None req-027f2e48-5d5f-4795-9b43-bca19ddff407 a607a8cc56ee4a918facbb451c0e3831 16b608c7e5a0466292a36f2607bd47a5 - - default default] Successfully bumped revision number for resource 51547385-ebee-4f24-a34d-27a4771e6b62 (type: security_group_rules) to 0
2026-06-03 01:05:53.962 9 INFO neutron.db.ovn_revision_numbers_db [None req-027f2e48-5d5f-4795-9b43-bca19ddff407 a607a8cc56ee4a918facbb451c0e3831 16b608c7e5a0466292a36f2607bd47a5 - - default default] Successfully bumped revision number for resource 70e4b0a1-cd7d-4a83-b683-58e75d59ae96 (type: security_group_rules) to 0
2026-06-03 01:05:53.981 9 INFO neutron.db.ovn_revision_numbers_db [None req-027f2e48-5d5f-4795-9b43-bca19ddff407 a607a8cc56ee4a918facbb451c0e3831 16b608c7e5a0466292a36f2607bd47a5 - - default default] Successfully bumped revision number for resource 9fdfbb2a-59db-4dfa-ac7c-c078a62f155a (type: security_group_rules) to 0
2026-06-03 01:05:53.999 9 INFO neutron.db.ovn_revision_numbers_db [None req-027f2e48-5d5f-4795-9b43-bca19ddff407 a607a8cc56ee4a918facbb451c0e3831 16b608c7e5a0466292a36f2607bd47a5 - - default default] Successfully bumped revision number for resource a583381e-691a-49e5-bb36-42b3d0208ca5 (type: security_group_rules) to 0
2026-06-03 01:05:54.027 9 INFO neutron.wsgi [None req-027f2e48-5d5f-4795-9b43-bca19ddff407 a607a8cc56ee4a918facbb451c0e3831 16b608c7e5a0466292a36f2607bd47a5 - - default default] 10.0.0.147 "GET /v2.0/security-groups?tenant_id=3f576b48a35b4315a05a57bc4b439a49&name=default HTTP/1.1" status: 200 len: 3000 time: 0.3589451
2026-06-03 01:05:54.265 9 INFO neutron.wsgi [None req-ba644fbe-93eb-49ad-998c-d5e0b4e69a75 a607a8cc56ee4a918facbb451c0e3831 16b608c7e5a0466292a36f2607bd47a5 - - default default] 10.0.0.147 "DELETE /v2.0/security-groups/e282e956-71da-4fd5-b366-23ad8c2f1fe4 HTTP/1.1" status: 204 len: 168 time: 0.2301736
2026-06-03 01:05:54.500 9 INFO neutron.db.ovn_revision_numbers_db [None req-8908a412-9954-401e-90ea-d36dcfb7dbf8 a607a8cc56ee4a918facbb451c0e3831 16b608c7e5a0466292a36f2607bd47a5 - - default default] Successfully bumped revision number for resource 50c65652-4574-4729-b7c8-8e9fe4a3434a (type: security_groups) to 1
2026-06-03 01:05:54.517 9 INFO neutron.db.ovn_revision_numbers_db [None req-8908a412-9954-401e-90ea-d36dcfb7dbf8 a607a8cc56ee4a918facbb451c0e3831 16b608c7e5a0466292a36f2607bd47a5 - - default default] Successfully bumped revision number for resource 02ea6e62-311a-486b-8ccd-56a6831d2ed8 (type: security_group_rules) to 0
2026-06-03 01:05:54.541 9 INFO neutron.db.ovn_revision_numbers_db [None req-8908a412-9954-401e-90ea-d36dcfb7dbf8 a607a8cc56ee4a918facbb451c0e3831 16b608c7e5a0466292a36f2607bd47a5 - - default default] Successfully bumped revision number for resource 8905ce72-ec42-48ff-8c49-c3b0a2dc79e6 (type: security_group_rules) to 0
2026-06-03 01:05:54.561 9 INFO neutron.db.ovn_revision_numbers_db [None req-8908a412-9954-401e-90ea-d36dcfb7dbf8 a607a8cc56ee4a918facbb451c0e3831 16b608c7e5a0466292a36f2607bd47a5 - - default default] Successfully bumped revision number for resource acfc5a33-f8e3-46e6-9b53-846bf49dc594 (type: security_group_rules) to 0
2026-06-03 01:05:54.577 9 INFO neutron.db.ovn_revision_numbers_db [None req-8908a412-9954-401e-90ea-d36dcfb7dbf8 a607a8cc56ee4a918facbb451c0e3831 16b608c7e5a0466292a36f2607bd47a5 - - default default] Successfully bumped revision number for resource f68ba6b6-2375-4461-8e53-dd3da3cad6ea (type: security_group_rules) to 0
2026-06-03 01:05:54.605 9 INFO neutron.wsgi [None req-8908a412-9954-401e-90ea-d36dcfb7dbf8 a607a8cc56ee4a918facbb451c0e3831 16b608c7e5a0466292a36f2607bd47a5 - - default default] 10.0.0.147 "GET /v2.0/security-groups?tenant_id=67d8abd468554c17b81b3250b2a112a4&name=default HTTP/1.1" status: 200 len: 3000 time: 0.2343564
2026-06-03 01:05:54.799 10 INFO neutron.wsgi [None req-94d470d6-eee5-4474-bb3d-e7721f743101 a4e26a8eccc84c0e99b9714950b6853e fba0f68591344b598979f4d03399f3c5 - - default default] 10.0.0.147 "PUT /v2.0/routers/df97500d-f063-4335-8db9-fca0f9d93032/remove_router_interface HTTP/1.1" status: 200 len: 503 time: 1.4590125 /var/lib/openstack/lib/python3.10/site-packages/pycadf/identifier.py:71: UserWarning: Invalid uuid: neutron. To ensure interoperability, identifiers should be a valid uuid. warnings.warn(('Invalid uuid: %s. To ensure interoperability, '
2026-06-03 01:05:54.976 10 INFO neutron.api.v2.resource [None req-c518bb04-9159-4c0c-b5ac-62eb56bcbb8a a4e26a8eccc84c0e99b9714950b6853e fba0f68591344b598979f4d03399f3c5 - - default default] remove_router_interface failed (client error): The resource could not be found.
2026-06-03 01:05:54.977 10 INFO neutron.wsgi [None req-c518bb04-9159-4c0c-b5ac-62eb56bcbb8a a4e26a8eccc84c0e99b9714950b6853e fba0f68591344b598979f4d03399f3c5 - - default default] 10.0.0.147 "PUT /v2.0/routers/df97500d-f063-4335-8db9-fca0f9d93032/remove_router_interface HTTP/1.1" status: 404 len: 399 time: 0.1717141
2026-06-03 01:05:54.999 10 INFO neutron.wsgi [None req-3aaf8568-52c2-4c43-934a-826d9a98d4aa a607a8cc56ee4a918facbb451c0e3831 16b608c7e5a0466292a36f2607bd47a5 - - default default] 10.0.0.147 "DELETE /v2.0/security-groups/50c65652-4574-4729-b7c8-8e9fe4a3434a HTTP/1.1" status: 204 len: 168 time: 0.3893232
2026-06-03 01:05:55.386 9 INFO neutron.db.ovn_revision_numbers_db [None req-3e338507-d6d9-48ab-8549-8811646e37b4 a607a8cc56ee4a918facbb451c0e3831 16b608c7e5a0466292a36f2607bd47a5 - - default default] Successfully bumped revision number for resource 2b111d08-6e4a-46c4-ba23-36baadb41231 (type: security_groups) to 1
2026-06-03 01:05:55.415 9 INFO neutron.db.ovn_revision_numbers_db [None req-3e338507-d6d9-48ab-8549-8811646e37b4 a607a8cc56ee4a918facbb451c0e3831 16b608c7e5a0466292a36f2607bd47a5 - - default default] Successfully bumped revision number for resource 2a0d6555-4b6b-43d8-8e9f-1740ebe5634c (type: security_group_rules) to 0
2026-06-03 01:05:55.439 9 INFO neutron.db.ovn_revision_numbers_db [None req-3e338507-d6d9-48ab-8549-8811646e37b4 a607a8cc56ee4a918facbb451c0e3831 16b608c7e5a0466292a36f2607bd47a5 - - default default] Successfully bumped revision number for resource 6b859ea2-9355-4747-bb34-befd7a11eba6 (type: security_group_rules) to 0
2026-06-03 01:05:55.463 9 INFO neutron.db.ovn_revision_numbers_db [None req-3e338507-d6d9-48ab-8549-8811646e37b4 a607a8cc56ee4a918facbb451c0e3831 16b608c7e5a0466292a36f2607bd47a5 - - default default] Successfully bumped revision number for resource 6c6b690b-2bf2-4fe5-9edf-9c03756fab84 (type: security_group_rules) to 0
2026-06-03 01:05:55.476 9 INFO neutron.db.ovn_revision_numbers_db [None req-3e338507-d6d9-48ab-8549-8811646e37b4 a607a8cc56ee4a918facbb451c0e3831 16b608c7e5a0466292a36f2607bd47a5 - - default default] Successfully bumped revision number for resource f7e6b67e-82ae-48f4-a000-2f3ffb8f8855 (type: security_group_rules) to 0
2026-06-03 01:05:55.516 9 INFO neutron.wsgi [None req-3e338507-d6d9-48ab-8549-8811646e37b4 a607a8cc56ee4a918facbb451c0e3831 16b608c7e5a0466292a36f2607bd47a5 - - default default] 10.0.0.147 "GET /v2.0/security-groups?tenant_id=0d304da4304e450695d80e2c6fd66e5a&name=default HTTP/1.1" status: 200 len: 3000 time: 0.2978599
2026-06-03 01:05:55.731 10 INFO neutron.wsgi [None req-6f180e0f-a178-46d8-a884-06ce9b2c3a91 a607a8cc56ee4a918facbb451c0e3831 16b608c7e5a0466292a36f2607bd47a5 - - default default] 10.0.0.147 "DELETE /v2.0/security-groups/2b111d08-6e4a-46c4-ba23-36baadb41231 HTTP/1.1" status: 204 len: 168 time: 0.2086544
2026-06-03 01:05:56.351 9 INFO neutron.wsgi [None req-5725a9b5-374d-41f4-8745-a87c2d51ef9d a4e26a8eccc84c0e99b9714950b6853e fba0f68591344b598979f4d03399f3c5 - - default default] 10.0.0.147 "PUT /v2.0/routers/df97500d-f063-4335-8db9-fca0f9d93032/remove_router_interface HTTP/1.1" status: 200 len: 503 time: 1.3661284 /var/lib/openstack/lib/python3.10/site-packages/pycadf/identifier.py:71: UserWarning: Invalid uuid: neutron. To ensure interoperability, identifiers should be a valid uuid. warnings.warn(('Invalid uuid: %s. To ensure interoperability, '
2026-06-03 01:05:56.496 9 INFO neutron.wsgi [-] 10.0.0.209 "GET / HTTP/1.1" status: 200 len: 247 time: 0.0022199
2026-06-03 01:05:56.498 9 INFO neutron.wsgi [-] 10.0.0.209 "GET / HTTP/1.1" status: 200 len: 247 time: 0.0013328
2026-06-03 01:05:56.508 9 INFO neutron.api.v2.resource [None req-27ad9fd3-b672-43db-b8dc-fb9e38e47eb8 a4e26a8eccc84c0e99b9714950b6853e fba0f68591344b598979f4d03399f3c5 - - default default] remove_router_interface failed (client error): The resource could not be found.
2026-06-03 01:05:56.509 9 INFO neutron.wsgi [None req-27ad9fd3-b672-43db-b8dc-fb9e38e47eb8 a4e26a8eccc84c0e99b9714950b6853e fba0f68591344b598979f4d03399f3c5 - - default default] 10.0.0.147 "PUT /v2.0/routers/df97500d-f063-4335-8db9-fca0f9d93032/remove_router_interface HTTP/1.1" status: 404 len: 399 time: 0.1517465
2026-06-03 01:05:57.525 9 INFO neutron.wsgi [None req-23bdbc27-4b0b-47c5-965d-10668b0f86bb a4e26a8eccc84c0e99b9714950b6853e fba0f68591344b598979f4d03399f3c5 - - default default] 10.0.0.147 "DELETE /v2.0/routers/df97500d-f063-4335-8db9-fca0f9d93032 HTTP/1.1" status: 204 len: 168 time: 1.0067749
2026-06-03 01:05:57.555 9 INFO neutron.api.v2.resource [None req-ef1f28bc-a311-4bc1-9e0e-f712972587c1 a4e26a8eccc84c0e99b9714950b6853e fba0f68591344b598979f4d03399f3c5 - - default default] show failed (client error): The resource could not be found.
2026-06-03 01:05:57.556 9 INFO neutron.wsgi [None req-ef1f28bc-a311-4bc1-9e0e-f712972587c1 a4e26a8eccc84c0e99b9714950b6853e fba0f68591344b598979f4d03399f3c5 - - default default] 10.0.0.147 "GET /v2.0/routers/df97500d-f063-4335-8db9-fca0f9d93032 HTTP/1.1" status: 404 len: 336 time: 0.0250378
2026-06-03 01:05:57.779 10 INFO neutron.wsgi [None req-663867f5-9903-4654-a56f-c0ec725d538a a4e26a8eccc84c0e99b9714950b6853e fba0f68591344b598979f4d03399f3c5 - - default default] 10.0.0.147 "DELETE /v2.0/subnets/a7f118d7-ca71-4467-90e5-94936060ebb0 HTTP/1.1" status: 204 len: 168 time: 0.2173738
2026-06-03 01:05:57.801 10 INFO neutron.pecan_wsgi.hooks.translation [None req-ae0772e7-2248-45fb-9103-dd8fd9c16867 a4e26a8eccc84c0e99b9714950b6853e fba0f68591344b598979f4d03399f3c5 - - default default] GET failed (client error): The resource could not be found.
2026-06-03 01:05:57.803 10 INFO neutron.wsgi [None req-ae0772e7-2248-45fb-9103-dd8fd9c16867 a4e26a8eccc84c0e99b9714950b6853e fba0f68591344b598979f4d03399f3c5 - - default default] 10.0.0.147 "GET /v2.0/subnets/a7f118d7-ca71-4467-90e5-94936060ebb0 HTTP/1.1" status: 404 len: 337 time: 0.0181184
2026-06-03 01:05:58.024 10 INFO neutron.wsgi [None req-5328a920-8f50-416b-b2af-7d53adcd175b a4e26a8eccc84c0e99b9714950b6853e fba0f68591344b598979f4d03399f3c5 - - default default] 10.0.0.147 "DELETE /v2.0/subnets/09ff1623-a1a9-4019-855b-f193fac49bd3 HTTP/1.1" status: 204 len: 168 time: 0.2154129
2026-06-03 01:05:58.047 10 INFO neutron.pecan_wsgi.hooks.translation [None req-4459d0d3-4da4-4e13-bf10-98568df3267b a4e26a8eccc84c0e99b9714950b6853e fba0f68591344b598979f4d03399f3c5 - - default default] GET failed (client error): The resource could not be found.
2026-06-03 01:05:58.050 10 INFO neutron.wsgi [None req-4459d0d3-4da4-4e13-bf10-98568df3267b a4e26a8eccc84c0e99b9714950b6853e fba0f68591344b598979f4d03399f3c5 - - default default] 10.0.0.147 "GET /v2.0/subnets/09ff1623-a1a9-4019-855b-f193fac49bd3 HTTP/1.1" status: 404 len: 337 time: 0.0191598
2026-06-03 01:05:58.462 10 INFO neutron.services.segments.plugin [-] Segment 55895fb3-19b2-4e64-b1c6-e0e919e27e23 resource provider aggregate not found
2026-06-03 01:05:58.469 10 INFO neutron.services.segments.plugin [-] Segment 55895fb3-19b2-4e64-b1c6-e0e919e27e23 resource provider aggregate not found
2026-06-03 01:05:58.485 10 INFO neutron.services.segments.plugin [-] Segment 55895fb3-19b2-4e64-b1c6-e0e919e27e23 resource provider not found; error: Placement Client Error (4xx): {"errors": [{"status": 404, "title": "Not Found", "detail": "The resource could not be found.\n\n No resource provider with uuid 55895fb3-19b2-4e64-b1c6-e0e919e27e23 found for delete ", "request_id": "req-a3e48e80-32cf-4993-8226-3fc56e83fbc2"}]}
2026-06-03 01:05:58.486 10 INFO neutron.services.segments.plugin [-] Segment 55895fb3-19b2-4e64-b1c6-e0e919e27e23 resource provider not found; error: Placement Client Error (4xx): {"errors": [{"status": 404, "title": "Not Found", "detail": "The resource could not be found.\n\n No resource provider with uuid 55895fb3-19b2-4e64-b1c6-e0e919e27e23 found for delete ", "request_id": "req-3fa4e45c-2f54-4366-ac51-94f68dd0a49e"}]}
2026-06-03 01:05:58.512 10 INFO neutron.wsgi [None req-da9f8f6d-9240-4681-b68f-1f36e2d7b969 a4e26a8eccc84c0e99b9714950b6853e fba0f68591344b598979f4d03399f3c5 - - default default] 10.0.0.147 "DELETE /v2.0/networks/30446712-b575-455f-b856-89a97031c87b HTTP/1.1" status: 204 len: 168 time: 0.4572499
2026-06-03 01:05:58.542 9 INFO neutron.pecan_wsgi.hooks.translation [None req-bdcf4d88-697d-48f1-ac72-b9f768f57118 a4e26a8eccc84c0e99b9714950b6853e fba0f68591344b598979f4d03399f3c5 - - default default] GET failed (client error): The resource could not be found.
2026-06-03 01:05:58.544 9 INFO neutron.wsgi [None req-bdcf4d88-697d-48f1-ac72-b9f768f57118 a4e26a8eccc84c0e99b9714950b6853e fba0f68591344b598979f4d03399f3c5 - - default default] 10.0.0.147 "GET /v2.0/networks/30446712-b575-455f-b856-89a97031c87b HTTP/1.1" status: 404 len: 339 time: 0.0259354
2026-06-03 01:05:58.749 9 INFO neutron.wsgi [None req-1fcdf32f-9c67-4c68-bf20-aa035179c79f a4e26a8eccc84c0e99b9714950b6853e fba0f68591344b598979f4d03399f3c5 - - default default] 10.0.0.147 "DELETE /v2.0/subnets/240d6df0-674c-46ba-9876-93a03e425060 HTTP/1.1" status: 204 len: 168 time: 0.1985178
2026-06-03 01:05:58.772 9 INFO neutron.pecan_wsgi.hooks.translation [None req-84752829-5aa7-4371-9084-5e8539c2b7ba a4e26a8eccc84c0e99b9714950b6853e fba0f68591344b598979f4d03399f3c5 - - default default] GET failed (client error): The resource could not be found.
2026-06-03 01:05:58.773 9 INFO neutron.wsgi [None req-84752829-5aa7-4371-9084-5e8539c2b7ba a4e26a8eccc84c0e99b9714950b6853e fba0f68591344b598979f4d03399f3c5 - - default default] 10.0.0.147 "GET /v2.0/subnets/240d6df0-674c-46ba-9876-93a03e425060 HTTP/1.1" status: 404 len: 337 time: 0.0199919
2026-06-03 01:05:59.055 9 INFO neutron.wsgi [None req-8dc73557-f02b-447f-a6b2-15873a620ab5 a4e26a8eccc84c0e99b9714950b6853e fba0f68591344b598979f4d03399f3c5 - - default default] 10.0.0.147 "DELETE /v2.0/subnets/7cd527df-9d4d-4969-bf10-555fcbaf1d8b HTTP/1.1" status: 204 len: 168 time: 0.2754114
2026-06-03 01:05:59.094 9 INFO neutron.pecan_wsgi.hooks.translation [None req-f0245cc4-1ef0-4c9e-8763-a938926464f7 a4e26a8eccc84c0e99b9714950b6853e fba0f68591344b598979f4d03399f3c5 - - default default] GET failed (client error): The resource could not be found.
2026-06-03 01:05:59.096 9 INFO neutron.wsgi [None req-f0245cc4-1ef0-4c9e-8763-a938926464f7 a4e26a8eccc84c0e99b9714950b6853e fba0f68591344b598979f4d03399f3c5 - - default default] 10.0.0.147 "GET /v2.0/subnets/7cd527df-9d4d-4969-bf10-555fcbaf1d8b HTTP/1.1" status: 404 len: 337 time: 0.0265868
2026-06-03 01:05:59.481 9 INFO neutron.services.segments.plugin [-] Segment 37b3e7ab-146e-4edc-960f-0b58b660751b resource provider aggregate not found
2026-06-03 01:05:59.510 9 INFO neutron.services.segments.plugin [-] Segment 37b3e7ab-146e-4edc-960f-0b58b660751b resource provider aggregate not found
2026-06-03 01:05:59.517 9 INFO neutron.services.segments.plugin [-] Segment 37b3e7ab-146e-4edc-960f-0b58b660751b resource provider not found; error: Placement Client Error (4xx): {"errors": [{"status": 404, "title": "Not Found", "detail": "The resource could not be found.\n\n No resource provider with uuid 37b3e7ab-146e-4edc-960f-0b58b660751b found for delete ", "request_id": "req-0455e1a3-1a1a-4f36-a739-9aada1916bd7"}]}
2026-06-03 01:05:59.528 9 INFO neutron.services.segments.plugin [-] Segment 37b3e7ab-146e-4edc-960f-0b58b660751b resource provider not found; error: Placement Client Error (4xx): {"errors": [{"status": 404, "title": "Not Found", "detail": "The resource could not be found.\n\n No resource provider with uuid 37b3e7ab-146e-4edc-960f-0b58b660751b found for delete ", "request_id": "req-d58831ee-1fae-4f1a-b315-51d8f14ebeb8"}]}
2026-06-03 01:05:59.575 9 INFO neutron.wsgi [None req-ac011ae2-514d-4cf8-a0e3-ee73238e6255 a4e26a8eccc84c0e99b9714950b6853e fba0f68591344b598979f4d03399f3c5 - - default default] 10.0.0.147 "DELETE /v2.0/networks/591db22d-bc12-4ad9-8d87-ff5e4dd3d91b HTTP/1.1" status: 204 len: 168 time: 0.4731176
2026-06-03 01:05:59.601 10 INFO neutron.pecan_wsgi.hooks.translation [None req-6fd6f090-bb57-4365-8b50-94397eac7c80 a4e26a8eccc84c0e99b9714950b6853e fba0f68591344b598979f4d03399f3c5 - - default default] GET failed (client error): The resource could not be found.
2026-06-03 01:05:59.604 10 INFO neutron.wsgi [None req-6fd6f090-bb57-4365-8b50-94397eac7c80 a4e26a8eccc84c0e99b9714950b6853e fba0f68591344b598979f4d03399f3c5 - - default default] 10.0.0.147 "GET /v2.0/networks/591db22d-bc12-4ad9-8d87-ff5e4dd3d91b HTTP/1.1" status: 404 len: 339 time: 0.0207520
2026-06-03 01:05:59.791 10 INFO neutron.wsgi [None req-bccc6b82-6ac6-45b3-b9b3-a72362852973 a4e26a8eccc84c0e99b9714950b6853e fba0f68591344b598979f4d03399f3c5 - - default default] 10.0.0.147 "DELETE /v2.0/subnets/1aaa5e2a-b4e8-436d-87c6-93e1314768f8 HTTP/1.1" status: 204 len: 168 time: 0.1827235
2026-06-03 01:05:59.815 10 INFO neutron.pecan_wsgi.hooks.translation [None req-a0c7fa8e-d53c-4191-8650-17e7abdb73e5 a4e26a8eccc84c0e99b9714950b6853e fba0f68591344b598979f4d03399f3c5 - - default default] GET failed (client error): The resource could not be found.
2026-06-03 01:05:59.817 10 INFO neutron.wsgi [None req-a0c7fa8e-d53c-4191-8650-17e7abdb73e5 a4e26a8eccc84c0e99b9714950b6853e fba0f68591344b598979f4d03399f3c5 - - default default] 10.0.0.147 "GET /v2.0/subnets/1aaa5e2a-b4e8-436d-87c6-93e1314768f8 HTTP/1.1" status: 404 len: 337 time: 0.0193527
2026-06-03 01:06:00.047 10 INFO neutron.wsgi [None req-3db2582c-9590-4382-84ae-552a28c3fddc a4e26a8eccc84c0e99b9714950b6853e fba0f68591344b598979f4d03399f3c5 - - default default] 10.0.0.147 "DELETE /v2.0/subnets/bfb797e3-3d03-49fe-b177-618c2b73f9bf HTTP/1.1" status: 204 len: 168 time: 0.2241042
2026-06-03 01:06:00.077 9 INFO neutron.pecan_wsgi.hooks.translation [None req-fbdda992-5fbc-4216-8bee-29a40c65d759 a4e26a8eccc84c0e99b9714950b6853e fba0f68591344b598979f4d03399f3c5 - - default default] GET failed (client error): The resource could not be found.
2026-06-03 01:06:00.079 9 INFO neutron.wsgi [None req-fbdda992-5fbc-4216-8bee-29a40c65d759 a4e26a8eccc84c0e99b9714950b6853e fba0f68591344b598979f4d03399f3c5 - - default default] 10.0.0.147 "GET /v2.0/subnets/bfb797e3-3d03-49fe-b177-618c2b73f9bf HTTP/1.1" status: 404 len: 337 time: 0.0244744
2026-06-03 01:06:00.245 10 WARNING neutron_lib.context [None req-459e61a6-3213-4078-b8dd-6c85f63ee040 bf5eb91427004571aa0864f4acc87e1b cb445614a17b4bfabd2b95f311857a2c - - default default] Method 'is_advsvc' is deprecated since 2023.2 release (neutron-lib 3.8.0) and will be removed once support for the old RBAC API policies will be removed from Neutron. Please use method 'is_service_role' instead.
2026-06-03 01:06:00.400 10 INFO neutron.db.ovn_revision_numbers_db [None req-459e61a6-3213-4078-b8dd-6c85f63ee040 bf5eb91427004571aa0864f4acc87e1b cb445614a17b4bfabd2b95f311857a2c - - default default] Successfully bumped revision number for resource f7325585-e0f8-42c7-89a3-53522817ba31 (type: security_groups) to 1
2026-06-03 01:06:00.413 10 INFO neutron.db.ovn_revision_numbers_db [None req-459e61a6-3213-4078-b8dd-6c85f63ee040 bf5eb91427004571aa0864f4acc87e1b cb445614a17b4bfabd2b95f311857a2c - - default default] Successfully bumped revision number for resource 4998f7d8-7244-465e-8a67-8b6d5911a9af (type: security_group_rules) to 0
2026-06-03 01:06:00.428 10 INFO neutron.db.ovn_revision_numbers_db [None req-459e61a6-3213-4078-b8dd-6c85f63ee040 bf5eb91427004571aa0864f4acc87e1b cb445614a17b4bfabd2b95f311857a2c - - default default] Successfully bumped revision number for resource 5f30788f-8b2b-4205-9f6e-0e9763a1bd83 (type: security_group_rules) to 0
2026-06-03 01:06:00.442 10 INFO neutron.db.ovn_revision_numbers_db [None req-459e61a6-3213-4078-b8dd-6c85f63ee040 bf5eb91427004571aa0864f4acc87e1b cb445614a17b4bfabd2b95f311857a2c - - default default] Successfully bumped revision number for resource d27be36a-0bb5-4dd5-ade7-c3d01bf38c81 (type: security_group_rules) to 0
2026-06-03 01:06:00.465 10 INFO neutron.db.ovn_revision_numbers_db [None req-459e61a6-3213-4078-b8dd-6c85f63ee040 bf5eb91427004571aa0864f4acc87e1b cb445614a17b4bfabd2b95f311857a2c - - default default] Successfully bumped revision number for resource e88be626-26a7-4c60-ba2a-21be9f789f1b (type: security_group_rules) to 0
2026-06-03 01:06:00.556 10 INFO neutron.db.ovn_revision_numbers_db [None req-459e61a6-3213-4078-b8dd-6c85f63ee040 bf5eb91427004571aa0864f4acc87e1b cb445614a17b4bfabd2b95f311857a2c - - default default] Successfully bumped revision number for resource 050dec06-9d2a-402f-aa23-5e163c505428 (type: security_groups) to 1
2026-06-03 01:06:00.565 9 INFO neutron.wsgi [None req-eb66fb22-84ba-4aeb-a6f0-f164990ed05e a4e26a8eccc84c0e99b9714950b6853e fba0f68591344b598979f4d03399f3c5 - - default default] 10.0.0.147 "DELETE /v2.0/networks/209848ca-3311-45e4-b001-a705994c61c9 HTTP/1.1" status: 204 len: 168 time: 0.4804008
2026-06-03 01:06:00.571 10 INFO neutron.db.ovn_revision_numbers_db [None req-459e61a6-3213-4078-b8dd-6c85f63ee040 bf5eb91427004571aa0864f4acc87e1b cb445614a17b4bfabd2b95f311857a2c - - default default] Successfully bumped revision number for resource 500ca8ac-0649-49da-b5de-290a5827b27d (type: security_group_rules) to 0
2026-06-03 01:06:00.589 10 INFO neutron.pecan_wsgi.hooks.translation [None req-2d199c73-2eb2-447f-ba83-1313f8174e01 a4e26a8eccc84c0e99b9714950b6853e fba0f68591344b598979f4d03399f3c5 - - default default] GET failed (client error): The resource could not be found.
2026-06-03 01:06:00.590 10 INFO neutron.wsgi [None req-2d199c73-2eb2-447f-ba83-1313f8174e01 a4e26a8eccc84c0e99b9714950b6853e fba0f68591344b598979f4d03399f3c5 - - default default] 10.0.0.147 "GET /v2.0/networks/209848ca-3311-45e4-b001-a705994c61c9 HTTP/1.1" status: 404 len: 339 time: 0.0202529
2026-06-03 01:06:00.598 10 INFO neutron.db.ovn_revision_numbers_db [None req-459e61a6-3213-4078-b8dd-6c85f63ee040 bf5eb91427004571aa0864f4acc87e1b cb445614a17b4bfabd2b95f311857a2c - - default default] Successfully bumped revision number for resource e57863e9-1087-40cd-be5c-cb8634b8338c (type: security_group_rules) to 0
2026-06-03 01:06:00.618 10 INFO neutron.wsgi [None req-459e61a6-3213-4078-b8dd-6c85f63ee040 bf5eb91427004571aa0864f4acc87e1b cb445614a17b4bfabd2b95f311857a2c - - default default] 10.0.0.147 "POST /v2.0/security-groups HTTP/1.1" status: 201 len: 1739 time: 0.5656862
2026-06-03 01:06:00.627 10 WARNING neutron_lib.context [None req-a691a615-a87f-43f7-8579-a10f46745ca7 bf5eb91427004571aa0864f4acc87e1b cb445614a17b4bfabd2b95f311857a2c - - default default] Method 'is_advsvc' is deprecated since 2023.2 release (neutron-lib 3.8.0) and will be removed once support for the old RBAC API policies will be removed from Neutron. Please use method 'is_service_role' instead.
2026-06-03 01:06:00.749 10 INFO neutron.db.ovn_revision_numbers_db [None req-a691a615-a87f-43f7-8579-a10f46745ca7 bf5eb91427004571aa0864f4acc87e1b cb445614a17b4bfabd2b95f311857a2c - - default default] Successfully bumped revision number for resource 6e675be0-2e01-4e0a-b1f6-e18e9d5c5d95 (type: security_groups) to 1
2026-06-03 01:06:00.765 10 INFO neutron.db.ovn_revision_numbers_db [None req-a691a615-a87f-43f7-8579-a10f46745ca7 bf5eb91427004571aa0864f4acc87e1b cb445614a17b4bfabd2b95f311857a2c - - default default] Successfully bumped revision number for resource 7e7e76f1-bfee-4624-bfed-b50f4d46b2c1 (type: security_group_rules) to 0
2026-06-03 01:06:00.783 10 INFO neutron.db.ovn_revision_numbers_db [None req-a691a615-a87f-43f7-8579-a10f46745ca7 bf5eb91427004571aa0864f4acc87e1b cb445614a17b4bfabd2b95f311857a2c - - default default] Successfully bumped revision number for resource 8561f929-445b-4307-9bf6-0866bd6df3e2 (type: security_group_rules) to 0
2026-06-03 01:06:00.804 10 INFO neutron.wsgi [None req-a691a615-a87f-43f7-8579-a10f46745ca7 bf5eb91427004571aa0864f4acc87e1b cb445614a17b4bfabd2b95f311857a2c - - default default] 10.0.0.147 "POST /v2.0/security-groups HTTP/1.1" status: 201 len: 1739 time: 0.1806810
2026-06-03 01:06:00.814 10 WARNING neutron_lib.context [None req-7343f667-f02b-4e5d-8a09-59555dbe7971 bf5eb91427004571aa0864f4acc87e1b cb445614a17b4bfabd2b95f311857a2c - - default default] Method 'is_advsvc' is deprecated since 2023.2 release (neutron-lib 3.8.0) and will be removed once support for the old RBAC API policies will be removed from Neutron. Please use method 'is_service_role' instead.
2026-06-03 01:06:00.922 10 INFO neutron.db.ovn_revision_numbers_db [None req-7343f667-f02b-4e5d-8a09-59555dbe7971 bf5eb91427004571aa0864f4acc87e1b cb445614a17b4bfabd2b95f311857a2c - - default default] Successfully bumped revision number for resource 4802a149-a888-4601-a9d3-5bdd958f87a4 (type: security_groups) to 1
2026-06-03 01:06:00.935 10 INFO neutron.db.ovn_revision_numbers_db [None req-7343f667-f02b-4e5d-8a09-59555dbe7971 bf5eb91427004571aa0864f4acc87e1b cb445614a17b4bfabd2b95f311857a2c - - default default] Successfully bumped revision number for resource 7acf45a1-a1e1-4a53-ba47-43b76d0d46d1 (type: security_group_rules) to 0
2026-06-03 01:06:00.954 10 INFO neutron.db.ovn_revision_numbers_db [None req-7343f667-f02b-4e5d-8a09-59555dbe7971 bf5eb91427004571aa0864f4acc87e1b cb445614a17b4bfabd2b95f311857a2c - - default default] Successfully bumped revision number for resource c36b29cb-9d94-4434-b410-2c9dcfd2c132 (type: security_group_rules) to 0
2026-06-03 01:06:00.976 10 INFO neutron.wsgi [None req-7343f667-f02b-4e5d-8a09-59555dbe7971 bf5eb91427004571aa0864f4acc87e1b cb445614a17b4bfabd2b95f311857a2c - - default default] 10.0.0.147 "POST /v2.0/security-groups HTTP/1.1" status: 201 len: 1739 time: 0.1663158
2026-06-03 01:06:00.985 10 WARNING neutron_lib.context [None req-ec1070b6-9e62-4b0a-8a08-e0ee07d4a31e bf5eb91427004571aa0864f4acc87e1b cb445614a17b4bfabd2b95f311857a2c - - default default] Method 'is_advsvc' is deprecated since 2023.2 release (neutron-lib 3.8.0) and will be removed once support for the old RBAC API policies will be removed from Neutron. Please use method 'is_service_role' instead.
2026-06-03 01:06:01.107 10 INFO neutron.db.ovn_revision_numbers_db [None req-ec1070b6-9e62-4b0a-8a08-e0ee07d4a31e bf5eb91427004571aa0864f4acc87e1b cb445614a17b4bfabd2b95f311857a2c - - default default] Successfully bumped revision number for resource 9f954637-5926-48a1-92bc-1888d0141497 (type: security_groups) to 1
2026-06-03 01:06:01.120 10 INFO neutron.db.ovn_revision_numbers_db [None req-ec1070b6-9e62-4b0a-8a08-e0ee07d4a31e bf5eb91427004571aa0864f4acc87e1b cb445614a17b4bfabd2b95f311857a2c - - default default] Successfully bumped revision number for resource 1e9a3f39-7417-4a14-8e17-fd9b1b5954e5 (type: security_group_rules) to 0
2026-06-03 01:06:01.134 10 INFO neutron.db.ovn_revision_numbers_db [None req-ec1070b6-9e62-4b0a-8a08-e0ee07d4a31e bf5eb91427004571aa0864f4acc87e1b cb445614a17b4bfabd2b95f311857a2c - - default default] Successfully bumped revision number for resource 440953ed-2714-41d6-8b55-a01ff1c0e1b2 (type: security_group_rules) to 0
2026-06-03 01:06:01.162 10 INFO neutron.wsgi [None req-ec1070b6-9e62-4b0a-8a08-e0ee07d4a31e bf5eb91427004571aa0864f4acc87e1b cb445614a17b4bfabd2b95f311857a2c - - default default] 10.0.0.147 "POST /v2.0/security-groups HTTP/1.1" status: 201 len: 1739 time: 0.1805034
2026-06-03 01:06:01.171 10 WARNING neutron_lib.context [None req-ec407187-28c5-4367-86ba-66da7e129f7a bf5eb91427004571aa0864f4acc87e1b cb445614a17b4bfabd2b95f311857a2c - - default default] Method 'is_advsvc' is deprecated since 2023.2 release (neutron-lib 3.8.0) and will be removed once support for the old RBAC API policies will be removed from Neutron. Please use method 'is_service_role' instead.
2026-06-03 01:06:01.292 10 INFO neutron.db.ovn_revision_numbers_db [None req-ec407187-28c5-4367-86ba-66da7e129f7a bf5eb91427004571aa0864f4acc87e1b cb445614a17b4bfabd2b95f311857a2c - - default default] Successfully bumped revision number for resource 239738b0-8742-4bb9-b31f-6496ee5da68d (type: security_groups) to 1
2026-06-03 01:06:01.306 10 INFO neutron.db.ovn_revision_numbers_db [None req-ec407187-28c5-4367-86ba-66da7e129f7a bf5eb91427004571aa0864f4acc87e1b cb445614a17b4bfabd2b95f311857a2c - - default default] Successfully bumped revision number for resource 6c1d8028-7778-4fc7-938c-d866741f9df4 (type: security_group_rules) to 0
2026-06-03 01:06:01.319 10 INFO neutron.db.ovn_revision_numbers_db [None req-ec407187-28c5-4367-86ba-66da7e129f7a bf5eb91427004571aa0864f4acc87e1b cb445614a17b4bfabd2b95f311857a2c - - default default] Successfully bumped revision number for resource c51906aa-9159-45d9-9b54-7bc6bf539285 (type: security_group_rules) to 0
2026-06-03 01:06:01.338 10 INFO neutron.wsgi [None req-ec407187-28c5-4367-86ba-66da7e129f7a bf5eb91427004571aa0864f4acc87e1b cb445614a17b4bfabd2b95f311857a2c - - default default] 10.0.0.147 "POST /v2.0/security-groups HTTP/1.1" status: 201 len: 1739 time: 0.1709785
2026-06-03 01:06:01.384 10 INFO neutron.wsgi [None req-b5b76a9a-6cff-41b9-a437-e3bbff71f8e4 bf5eb91427004571aa0864f4acc87e1b cb445614a17b4bfabd2b95f311857a2c - - default default] 10.0.0.147 "PUT /v2.0/security-groups/050dec06-9d2a-402f-aa23-5e163c505428/tags HTTP/1.1" status: 200 len: 210 time: 0.0383971
2026-06-03 01:06:01.424 10 INFO neutron.wsgi [None req-17ccbf0a-387d-490b-9fa3-69c4be4e2704 bf5eb91427004571aa0864f4acc87e1b cb445614a17b4bfabd2b95f311857a2c - - default default] 10.0.0.147 "PUT /v2.0/security-groups/6e675be0-2e01-4e0a-b1f6-e18e9d5c5d95/tags HTTP/1.1" status: 200 len: 218 time: 0.0343668
2026-06-03 01:06:01.487 9 INFO neutron.wsgi [None req-498feca0-024d-4238-a012-fc2a311adb36 bf5eb91427004571aa0864f4acc87e1b cb445614a17b4bfabd2b95f311857a2c - - default default] 10.0.0.147 "PUT /v2.0/security-groups/4802a149-a888-4601-a9d3-5bdd958f87a4/tags HTTP/1.1" status: 200 len: 227 time: 0.0472293
2026-06-03 01:06:01.541 9 INFO neutron.wsgi [None req-10bf0dad-4790-49bd-a127-572aea0d256f bf5eb91427004571aa0864f4acc87e1b cb445614a17b4bfabd2b95f311857a2c - - default default] 10.0.0.147 "PUT /v2.0/security-groups/9f954637-5926-48a1-92bc-1888d0141497/tags HTTP/1.1" status: 200 len: 212 time: 0.0472689
2026-06-03 01:06:01.543 9 INFO neutron.services.segments.plugin [-] Segment 6bcc2a70-e941-461b-b27c-5ffd9d7499cb resource provider aggregate not found
2026-06-03 01:06:01.551 9 INFO neutron.services.segments.plugin [-] Segment 6bcc2a70-e941-461b-b27c-5ffd9d7499cb resource provider aggregate not found
2026-06-03 01:06:01.560 9 INFO neutron.services.segments.plugin [-] Segment 6bcc2a70-e941-461b-b27c-5ffd9d7499cb resource provider not found; error: Placement Client Error (4xx): {"errors": [{"status": 404, "title": "Not Found", "detail": "The resource could not be found.\n\n No resource provider with uuid 6bcc2a70-e941-461b-b27c-5ffd9d7499cb found for delete ", "request_id": "req-5e2d49d0-a2d4-4e27-9047-926bdfadd775"}]}
2026-06-03 01:06:01.567 9 INFO neutron.services.segments.plugin [-] Segment 6bcc2a70-e941-461b-b27c-5ffd9d7499cb resource provider not found; error: Placement Client Error (4xx): {"errors": [{"status": 404, "title": "Not Found", "detail": "The resource could not be found.\n\n No resource provider with uuid 6bcc2a70-e941-461b-b27c-5ffd9d7499cb found for delete ", "request_id": "req-02a79d50-5499-49bb-b6ee-ffa39208d746"}]}
