2026-06-03 01:04:25.071 10 INFO neutron.wsgi [None req-06e10124-3789-4a75-8bcd-ebbf01a6d20f b8cc157f82754095a020ee957367ab15 9134f727aae54209977f58e9ea76239b - - default default] 10.0.0.147 "PUT /v2.0/routers/0cbefab7-a7bb-4ab6-8d58-f8a318eefeab/remove_router_interface HTTP/1.1" status: 200 len: 503 time: 1.6711001
2026-06-03 01:04:25.075 10 INFO neutron.notifiers.nova [-] Nova event matching ['req-4796ca35-1fb3-4fb0-8cf6-d3eb3801f57f'] response: {'name': 'network-changed', 'server_uuid': '9ea65fcb-2b95-4404-ac4d-4c6af000999a', 'tag': 'd31d0aa5-fcd2-4c12-84e4-5d32f32210ef', 'status': 'completed', 'code': 200} /var/lib/openstack/lib/python3.10/site-packages/pycadf/identifier.py:71: UserWarning: Invalid uuid: neutron. To ensure interoperability, identifiers should be a valid uuid. warnings.warn(('Invalid uuid: %s. To ensure interoperability, '
2026-06-03 01:04:25.149 10 INFO neutron.wsgi [req-ca0cf0f2-4f60-41cf-93e3-dbddf04cdeaf req-693cb3c0-f713-47c0-8a20-9a4683a9362b e4f9f50b079d4b2fa968f05ba0d51db1 f1cfac412872484cb275d703c4221d42 - - 03dce30708164263aa0c6e51f940dfa2 03dce30708164263aa0c6e51f940dfa2] 199.204.45.229 "GET /v2.0/ports?tenant_id=16b608c7e5a0466292a36f2607bd47a5&device_id=9ea65fcb-2b95-4404-ac4d-4c6af000999a HTTP/1.1" status: 200 len: 4149 time: 0.0722706
2026-06-03 01:04:25.188 10 INFO neutron.wsgi [req-ca0cf0f2-4f60-41cf-93e3-dbddf04cdeaf req-cd8fb9f6-085c-4dcb-b72b-3466bd5fffee e4f9f50b079d4b2fa968f05ba0d51db1 f1cfac412872484cb275d703c4221d42 - - 03dce30708164263aa0c6e51f940dfa2 03dce30708164263aa0c6e51f940dfa2] 199.204.45.229 "GET /v2.0/floatingips?fixed_ip_address=172.24.2.177&port_id=4fc03d14-a361-48e2-a4dd-93f17c24ce16 HTTP/1.1" status: 200 len: 217 time: 0.0344291
2026-06-03 01:04:25.243 10 INFO neutron.wsgi [req-ca0cf0f2-4f60-41cf-93e3-dbddf04cdeaf req-bcf410ff-5e8c-4e8f-bfed-1d12f8ecd42f e4f9f50b079d4b2fa968f05ba0d51db1 f1cfac412872484cb275d703c4221d42 - - 03dce30708164263aa0c6e51f940dfa2 03dce30708164263aa0c6e51f940dfa2] 199.204.45.229 "GET /v2.0/subnets?id=347d9410-9973-4d59-b6f2-01729a630c8c HTTP/1.1" status: 200 len: 829 time: 0.0458689
2026-06-03 01:04:25.250 9 INFO neutron.wsgi [None req-a8209218-7e38-4851-808e-c70923fc95fe a607a8cc56ee4a918facbb451c0e3831 16b608c7e5a0466292a36f2607bd47a5 - - default default] 10.0.0.147 "DELETE /v2.0/security-groups/203e660c-d5bf-4a79-89d1-d824bbb14a19 HTTP/1.1" status: 204 len: 168 time: 0.2202001
2026-06-03 01:04:25.284 10 INFO neutron.wsgi [req-ca0cf0f2-4f60-41cf-93e3-dbddf04cdeaf req-07c91850-fdfc-40a3-a9e1-320f6c1be89b e4f9f50b079d4b2fa968f05ba0d51db1 f1cfac412872484cb275d703c4221d42 - - 03dce30708164263aa0c6e51f940dfa2 03dce30708164263aa0c6e51f940dfa2] 199.204.45.229 "GET /v2.0/ports?network_id=b3127d8f-18be-4f6e-919d-62391e1c62f4&device_owner=network%3Adhcp HTTP/1.1" status: 200 len: 210 time: 0.0366764
2026-06-03 01:04:25.392 10 INFO neutron.wsgi [req-ca0cf0f2-4f60-41cf-93e3-dbddf04cdeaf req-d81e5dd5-9eeb-4bac-b683-a54d2b81cf13 e4f9f50b079d4b2fa968f05ba0d51db1 f1cfac412872484cb275d703c4221d42 - - 03dce30708164263aa0c6e51f940dfa2 03dce30708164263aa0c6e51f940dfa2] 199.204.45.229 "GET /v2.0/networks/b3127d8f-18be-4f6e-919d-62391e1c62f4?fields=segments HTTP/1.1" status: 200 len: 212 time: 0.1050160
2026-06-03 01:04:25.485 10 INFO neutron.wsgi [req-ca0cf0f2-4f60-41cf-93e3-dbddf04cdeaf req-61a78aca-fdea-4419-b3a5-f6c6b14c3af6 e4f9f50b079d4b2fa968f05ba0d51db1 f1cfac412872484cb275d703c4221d42 - - 03dce30708164263aa0c6e51f940dfa2 03dce30708164263aa0c6e51f940dfa2] 199.204.45.229 "GET /v2.0/networks/b3127d8f-18be-4f6e-919d-62391e1c62f4?fields=provider%3Aphysical_network&fields=provider%3Anetwork_type HTTP/1.1" status: 200 len: 277 time: 0.0881217
2026-06-03 01:04:25.500 10 INFO neutron.wsgi [None req-cbb8dfb6-2356-4624-b7a0-c088fd8b87c0 b8cc157f82754095a020ee957367ab15 9134f727aae54209977f58e9ea76239b - - default default] 10.0.0.147 "DELETE /v2.0/subnets/56b2a7a4-0cd0-4466-b259-2e4fee9ed33c HTTP/1.1" status: 204 len: 168 time: 0.4217522
2026-06-03 01:04:25.522 10 INFO neutron.wsgi [req-ca0cf0f2-4f60-41cf-93e3-dbddf04cdeaf req-0d83de9d-afb2-45f6-b3cc-2019a8514b40 e4f9f50b079d4b2fa968f05ba0d51db1 f1cfac412872484cb275d703c4221d42 - - 03dce30708164263aa0c6e51f940dfa2 03dce30708164263aa0c6e51f940dfa2] 199.204.45.229 "GET /v2.0/floatingips?fixed_ip_address=10.1.1.103&port_id=a13b0255-3425-47e0-b0e5-7bc382d705ac HTTP/1.1" status: 200 len: 217 time: 0.0287311
2026-06-03 01:04:25.568 10 INFO neutron.wsgi [req-ca0cf0f2-4f60-41cf-93e3-dbddf04cdeaf req-d7e4d4ea-3a34-47a8-bb41-b04622d3d949 e4f9f50b079d4b2fa968f05ba0d51db1 f1cfac412872484cb275d703c4221d42 - - 03dce30708164263aa0c6e51f940dfa2 03dce30708164263aa0c6e51f940dfa2] 199.204.45.229 "GET /v2.0/subnets?id=bfb797e3-3d03-49fe-b177-618c2b73f9bf HTTP/1.1" status: 200 len: 854 time: 0.0406511
2026-06-03 01:04:25.606 10 INFO neutron.wsgi [req-ca0cf0f2-4f60-41cf-93e3-dbddf04cdeaf req-5e984866-aed2-4b74-b697-593545b6ec2f e4f9f50b079d4b2fa968f05ba0d51db1 f1cfac412872484cb275d703c4221d42 - - 03dce30708164263aa0c6e51f940dfa2 03dce30708164263aa0c6e51f940dfa2] 199.204.45.229 "GET /v2.0/ports?network_id=209848ca-3311-45e4-b001-a705994c61c9&device_owner=network%3Adhcp HTTP/1.1" status: 200 len: 210 time: 0.0296731
2026-06-03 01:04:25.635 10 INFO neutron.db.ovn_revision_numbers_db [None req-c2457610-cdad-4c47-a27d-22714b5189dc a607a8cc56ee4a918facbb451c0e3831 16b608c7e5a0466292a36f2607bd47a5 - - default default] Successfully bumped revision number for resource 0d48ea14-8fad-4ba6-95cc-12d698aa0a5a (type: security_groups) to 1
2026-06-03 01:04:25.659 10 INFO neutron.db.ovn_revision_numbers_db [None req-c2457610-cdad-4c47-a27d-22714b5189dc a607a8cc56ee4a918facbb451c0e3831 16b608c7e5a0466292a36f2607bd47a5 - - default default] Successfully bumped revision number for resource 2cae6d7a-b792-4d7f-99eb-aec7f2d078b0 (type: security_group_rules) to 0
2026-06-03 01:04:25.678 10 INFO neutron.wsgi [req-ca0cf0f2-4f60-41cf-93e3-dbddf04cdeaf req-64badfff-852c-425d-aa74-7806031c21ad e4f9f50b079d4b2fa968f05ba0d51db1 f1cfac412872484cb275d703c4221d42 - - 03dce30708164263aa0c6e51f940dfa2 03dce30708164263aa0c6e51f940dfa2] 199.204.45.229 "GET /v2.0/networks/209848ca-3311-45e4-b001-a705994c61c9?fields=segments HTTP/1.1" status: 200 len: 212 time: 0.0661428
2026-06-03 01:04:25.679 10 INFO neutron.db.ovn_revision_numbers_db [None req-c2457610-cdad-4c47-a27d-22714b5189dc a607a8cc56ee4a918facbb451c0e3831 16b608c7e5a0466292a36f2607bd47a5 - - default default] Successfully bumped revision number for resource 4415e80d-c4fc-4a51-8f92-c32927f71263 (type: security_group_rules) to 0
2026-06-03 01:04:25.698 10 INFO neutron.db.ovn_revision_numbers_db [None req-c2457610-cdad-4c47-a27d-22714b5189dc a607a8cc56ee4a918facbb451c0e3831 16b608c7e5a0466292a36f2607bd47a5 - - default default] Successfully bumped revision number for resource b61859f9-3986-43f1-8dd0-03df0171f186 (type: security_group_rules) to 0
2026-06-03 01:04:25.733 10 INFO neutron.db.ovn_revision_numbers_db [None req-c2457610-cdad-4c47-a27d-22714b5189dc a607a8cc56ee4a918facbb451c0e3831 16b608c7e5a0466292a36f2607bd47a5 - - default default] Successfully bumped revision number for resource f1950435-71df-4aad-8236-397202e0a802 (type: security_group_rules) to 0
2026-06-03 01:04:25.777 10 INFO neutron.wsgi [None req-c2457610-cdad-4c47-a27d-22714b5189dc a607a8cc56ee4a918facbb451c0e3831 16b608c7e5a0466292a36f2607bd47a5 - - default default] 10.0.0.147 "GET /v2.0/security-groups?tenant_id=dd4e452c87234a33b9614362cea543d0&name=default HTTP/1.1" status: 200 len: 2996 time: 0.3799522
2026-06-03 01:04:25.784 10 INFO neutron.wsgi [req-ca0cf0f2-4f60-41cf-93e3-dbddf04cdeaf req-f796df2c-c0f7-474b-a325-a35dde3d8f78 e4f9f50b079d4b2fa968f05ba0d51db1 f1cfac412872484cb275d703c4221d42 - - 03dce30708164263aa0c6e51f940dfa2 03dce30708164263aa0c6e51f940dfa2] 199.204.45.229 "GET /v2.0/networks/209848ca-3311-45e4-b001-a705994c61c9?fields=provider%3Aphysical_network&fields=provider%3Anetwork_type HTTP/1.1" status: 200 len: 277 time: 0.0966141
2026-06-03 01:04:25.824 10 INFO neutron.wsgi [req-ca0cf0f2-4f60-41cf-93e3-dbddf04cdeaf req-b615bf6a-2bb1-4e9b-a6b8-7e2459d2c7d7 e4f9f50b079d4b2fa968f05ba0d51db1 f1cfac412872484cb275d703c4221d42 - - 03dce30708164263aa0c6e51f940dfa2 03dce30708164263aa0c6e51f940dfa2] 199.204.45.229 "GET /v2.0/floatingips?fixed_ip_address=10.2.1.18&port_id=d31d0aa5-fcd2-4c12-84e4-5d32f32210ef HTTP/1.1" status: 200 len: 217 time: 0.0310309
2026-06-03 01:04:25.864 10 INFO neutron.wsgi [req-ca0cf0f2-4f60-41cf-93e3-dbddf04cdeaf req-c9529277-2b06-448f-af5a-07c159d483ff e4f9f50b079d4b2fa968f05ba0d51db1 f1cfac412872484cb275d703c4221d42 - - 03dce30708164263aa0c6e51f940dfa2 03dce30708164263aa0c6e51f940dfa2] 199.204.45.229 "GET /v2.0/floatingips?fixed_ip_address=fd7b%3Af9f7%3Afff%3A4eca%3A%3A19f&port_id=d31d0aa5-fcd2-4c12-84e4-5d32f32210ef HTTP/1.1" status: 200 len: 217 time: 0.0295930
2026-06-03 01:04:25.917 10 INFO neutron.wsgi [req-ca0cf0f2-4f60-41cf-93e3-dbddf04cdeaf req-48814711-06a3-48ac-aff9-4593455714f6 e4f9f50b079d4b2fa968f05ba0d51db1 f1cfac412872484cb275d703c4221d42 - - 03dce30708164263aa0c6e51f940dfa2 03dce30708164263aa0c6e51f940dfa2] 199.204.45.229 "GET /v2.0/subnets?id=240d6df0-674c-46ba-9876-93a03e425060&id=7cd527df-9d4d-4969-bf10-555fcbaf1d8b HTTP/1.1" status: 200 len: 1562 time: 0.0457058
2026-06-03 01:04:25.956 10 INFO neutron.wsgi [req-ca0cf0f2-4f60-41cf-93e3-dbddf04cdeaf req-cae2d4c6-effa-4a91-b5f1-4f3aba64fce1 e4f9f50b079d4b2fa968f05ba0d51db1 f1cfac412872484cb275d703c4221d42 - - 03dce30708164263aa0c6e51f940dfa2 03dce30708164263aa0c6e51f940dfa2] 199.204.45.229 "GET /v2.0/ports?network_id=591db22d-bc12-4ad9-8d87-ff5e4dd3d91b&device_owner=network%3Adhcp HTTP/1.1" status: 200 len: 210 time: 0.0275340
2026-06-03 01:04:25.987 10 INFO neutron.wsgi [req-ca0cf0f2-4f60-41cf-93e3-dbddf04cdeaf req-2715efc7-babe-4aee-851b-86d2d4d5449c e4f9f50b079d4b2fa968f05ba0d51db1 f1cfac412872484cb275d703c4221d42 - - 03dce30708164263aa0c6e51f940dfa2 03dce30708164263aa0c6e51f940dfa2] 199.204.45.229 "GET /v2.0/ports?network_id=591db22d-bc12-4ad9-8d87-ff5e4dd3d91b&device_owner=network%3Adhcp HTTP/1.1" status: 200 len: 210 time: 0.0264595
2026-06-03 01:04:26.082 10 INFO neutron.wsgi [req-ca0cf0f2-4f60-41cf-93e3-dbddf04cdeaf req-2f776eb5-2184-4400-b71a-16293a35d5d3 e4f9f50b079d4b2fa968f05ba0d51db1 f1cfac412872484cb275d703c4221d42 - - 03dce30708164263aa0c6e51f940dfa2 03dce30708164263aa0c6e51f940dfa2] 199.204.45.229 "GET /v2.0/networks/591db22d-bc12-4ad9-8d87-ff5e4dd3d91b?fields=segments HTTP/1.1" status: 200 len: 212 time: 0.0861485
2026-06-03 01:04:26.183 10 INFO neutron.wsgi [None req-3b53738f-0b4e-454d-a9d1-27998ef740bc a607a8cc56ee4a918facbb451c0e3831 16b608c7e5a0466292a36f2607bd47a5 - - default default] 10.0.0.147 "DELETE /v2.0/security-groups/0d48ea14-8fad-4ba6-95cc-12d698aa0a5a HTTP/1.1" status: 204 len: 168 time: 0.3968718
2026-06-03 01:04:26.193 10 INFO neutron.wsgi [req-ca0cf0f2-4f60-41cf-93e3-dbddf04cdeaf req-64706363-3370-4822-ba8a-ca90897a2ec9 e4f9f50b079d4b2fa968f05ba0d51db1 f1cfac412872484cb275d703c4221d42 - - 03dce30708164263aa0c6e51f940dfa2 03dce30708164263aa0c6e51f940dfa2] 199.204.45.229 "GET /v2.0/networks/591db22d-bc12-4ad9-8d87-ff5e4dd3d91b?fields=provider%3Aphysical_network&fields=provider%3Anetwork_type HTTP/1.1" status: 200 len: 277 time: 0.1001897
2026-06-03 01:04:26.325 9 INFO neutron.plugins.ml2.drivers.ovn.mech_driver.mech_driver [None req-2eeaa632-5493-44e3-a71c-72f4eb284b18 - - - - - -] OVN reports status up for port: d31d0aa5-fcd2-4c12-84e4-5d32f32210ef
2026-06-03 01:04:26.330 10 INFO neutron.wsgi [req-51d15598-4c0f-4579-98a9-0ca841fd64ef req-2346bb3b-2809-4421-b8ac-b9cf21791f9a e4f9f50b079d4b2fa968f05ba0d51db1 f1cfac412872484cb275d703c4221d42 - - 03dce30708164263aa0c6e51f940dfa2 03dce30708164263aa0c6e51f940dfa2] 199.204.45.229 "GET /v2.0/ports?tenant_id=16b608c7e5a0466292a36f2607bd47a5&device_id=9ea65fcb-2b95-4404-ac4d-4c6af000999a HTTP/1.1" status: 200 len: 4149 time: 0.0697386
2026-06-03 01:04:26.363 9 INFO neutron.plugins.ml2.plugin [None req-2eeaa632-5493-44e3-a71c-72f4eb284b18 - - - - - -] Attempt 1 to provision port d31d0aa5-fcd2-4c12-84e4-5d32f32210ef
2026-06-03 01:04:26.419 10 INFO neutron.wsgi [req-51d15598-4c0f-4579-98a9-0ca841fd64ef req-9250f062-a020-41a6-89d9-b15864b2b887 e4f9f50b079d4b2fa968f05ba0d51db1 f1cfac412872484cb275d703c4221d42 - - 03dce30708164263aa0c6e51f940dfa2 03dce30708164263aa0c6e51f940dfa2] 199.204.45.229 "GET /v2.0/networks?id=591db22d-bc12-4ad9-8d87-ff5e4dd3d91b HTTP/1.1" status: 200 len: 1002 time: 0.0817142
2026-06-03 01:04:26.448 10 INFO neutron.wsgi [req-51d15598-4c0f-4579-98a9-0ca841fd64ef req-728e4260-0235-4bcf-94ed-b01b16967c38 e4f9f50b079d4b2fa968f05ba0d51db1 f1cfac412872484cb275d703c4221d42 - - 03dce30708164263aa0c6e51f940dfa2 03dce30708164263aa0c6e51f940dfa2] 199.204.45.229 "GET /v2.0/floatingips?fixed_ip_address=10.2.1.18&port_id=d31d0aa5-fcd2-4c12-84e4-5d32f32210ef HTTP/1.1" status: 200 len: 217 time: 0.0212226
2026-06-03 01:04:26.482 10 INFO neutron.wsgi [req-51d15598-4c0f-4579-98a9-0ca841fd64ef req-4f7c3087-3745-45f4-92a9-5a1a36b6e4a3 e4f9f50b079d4b2fa968f05ba0d51db1 f1cfac412872484cb275d703c4221d42 - - 03dce30708164263aa0c6e51f940dfa2 03dce30708164263aa0c6e51f940dfa2] 199.204.45.229 "GET /v2.0/floatingips?fixed_ip_address=fd7b%3Af9f7%3Afff%3A4eca%3A%3A19f&port_id=d31d0aa5-fcd2-4c12-84e4-5d32f32210ef HTTP/1.1" status: 200 len: 217 time: 0.0245709
2026-06-03 01:04:26.495 10 INFO neutron.wsgi [-] 10.0.0.209 "GET / HTTP/1.1" status: 200 len: 247 time: 0.0017591
2026-06-03 01:04:26.497 10 INFO neutron.wsgi [-] 10.0.0.209 "GET / HTTP/1.1" status: 200 len: 247 time: 0.0008802
2026-06-03 01:04:26.555 10 INFO neutron.wsgi [req-51d15598-4c0f-4579-98a9-0ca841fd64ef req-00bfe6b5-5805-40ab-8eab-af2126c6e8f9 e4f9f50b079d4b2fa968f05ba0d51db1 f1cfac412872484cb275d703c4221d42 - - 03dce30708164263aa0c6e51f940dfa2 03dce30708164263aa0c6e51f940dfa2] 199.204.45.229 "GET /v2.0/subnets?id=240d6df0-674c-46ba-9876-93a03e425060&id=7cd527df-9d4d-4969-bf10-555fcbaf1d8b HTTP/1.1" status: 200 len: 1562 time: 0.0649700
2026-06-03 01:04:26.564 10 INFO neutron.wsgi [req-ca0cf0f2-4f60-41cf-93e3-dbddf04cdeaf req-1c5aa9bf-0500-47a8-b64d-375b1a79cc9a a607a8cc56ee4a918facbb451c0e3831 16b608c7e5a0466292a36f2607bd47a5 - - default default] 10.0.0.125 "GET /v2.0/ports/d31d0aa5-fcd2-4c12-84e4-5d32f32210ef HTTP/1.1" status: 200 len: 1629 time: 0.0603793
2026-06-03 01:04:26.592 10 INFO neutron.wsgi [req-51d15598-4c0f-4579-98a9-0ca841fd64ef req-8a77247d-18a5-4e58-9401-aa4540f39f15 e4f9f50b079d4b2fa968f05ba0d51db1 f1cfac412872484cb275d703c4221d42 - - 03dce30708164263aa0c6e51f940dfa2 03dce30708164263aa0c6e51f940dfa2] 199.204.45.229 "GET /v2.0/ports?network_id=591db22d-bc12-4ad9-8d87-ff5e4dd3d91b&device_owner=network%3Adhcp HTTP/1.1" status: 200 len: 210 time: 0.0272200
2026-06-03 01:04:26.634 10 INFO neutron.wsgi [req-51d15598-4c0f-4579-98a9-0ca841fd64ef req-eda554d9-e19c-4e53-94cf-75038eed4908 e4f9f50b079d4b2fa968f05ba0d51db1 f1cfac412872484cb275d703c4221d42 - - 03dce30708164263aa0c6e51f940dfa2 03dce30708164263aa0c6e51f940dfa2] 199.204.45.229 "GET /v2.0/ports?network_id=591db22d-bc12-4ad9-8d87-ff5e4dd3d91b&device_owner=network%3Adhcp HTTP/1.1" status: 200 len: 210 time: 0.0321159
2026-06-03 01:04:26.640 10 INFO neutron.wsgi [None req-77051d9c-66bc-4381-8add-c00667c23428 a607a8cc56ee4a918facbb451c0e3831 16b608c7e5a0466292a36f2607bd47a5 - - default default] 199.204.45.229 "GET /v2.0/ports/d31d0aa5-fcd2-4c12-84e4-5d32f32210ef HTTP/1.1" status: 200 len: 1629 time: 0.0572343
2026-06-03 01:04:26.688 10 INFO neutron.db.ovn_revision_numbers_db [None req-3e71f79d-4545-4495-a34f-5f704ab8192e a607a8cc56ee4a918facbb451c0e3831 16b608c7e5a0466292a36f2607bd47a5 - - default default] Successfully bumped revision number for resource 2d4b8d48-b347-43a4-a6ef-aa89bf51b5bf (type: security_groups) to 1
2026-06-03 01:04:26.701 10 INFO neutron.wsgi [None req-64e7f322-3bd5-4ae6-a0da-f69a2af3a5f7 a607a8cc56ee4a918facbb451c0e3831 16b608c7e5a0466292a36f2607bd47a5 - - default default] 199.204.45.229 "GET /v2.0/ports/d31d0aa5-fcd2-4c12-84e4-5d32f32210ef HTTP/1.1" status: 200 len: 1629 time: 0.0497546
2026-06-03 01:04:26.720 10 INFO neutron.db.ovn_revision_numbers_db [None req-3e71f79d-4545-4495-a34f-5f704ab8192e a607a8cc56ee4a918facbb451c0e3831 16b608c7e5a0466292a36f2607bd47a5 - - default default] Successfully bumped revision number for resource 6a55615f-0339-49dd-9e4a-fd8744c5756e (type: security_group_rules) to 0
2026-06-03 01:04:26.750 10 INFO neutron.wsgi [req-51d15598-4c0f-4579-98a9-0ca841fd64ef req-68da1cc3-aeb5-4b92-a40c-11110b8d95e4 e4f9f50b079d4b2fa968f05ba0d51db1 f1cfac412872484cb275d703c4221d42 - - 03dce30708164263aa0c6e51f940dfa2 03dce30708164263aa0c6e51f940dfa2] 199.204.45.229 "GET /v2.0/networks/591db22d-bc12-4ad9-8d87-ff5e4dd3d91b?fields=segments HTTP/1.1" status: 200 len: 212 time: 0.1086066
2026-06-03 01:04:26.754 10 INFO neutron.db.ovn_revision_numbers_db [None req-3e71f79d-4545-4495-a34f-5f704ab8192e a607a8cc56ee4a918facbb451c0e3831 16b608c7e5a0466292a36f2607bd47a5 - - default default] Successfully bumped revision number for resource 88aa7c6b-3075-49ed-9037-2b8662af247c (type: security_group_rules) to 0
2026-06-03 01:04:26.791 10 INFO neutron.db.ovn_revision_numbers_db [None req-3e71f79d-4545-4495-a34f-5f704ab8192e a607a8cc56ee4a918facbb451c0e3831 16b608c7e5a0466292a36f2607bd47a5 - - default default] Successfully bumped revision number for resource bd036672-f4a3-4959-a64e-155864c8645e (type: security_group_rules) to 0
2026-06-03 01:04:26.821 10 INFO neutron.db.ovn_revision_numbers_db [None req-3e71f79d-4545-4495-a34f-5f704ab8192e a607a8cc56ee4a918facbb451c0e3831 16b608c7e5a0466292a36f2607bd47a5 - - default default] Successfully bumped revision number for resource f3fc9ece-5cb5-45d4-a60f-cdc7380d26cb (type: security_group_rules) to 0
2026-06-03 01:04:26.847 10 INFO neutron.wsgi [req-51d15598-4c0f-4579-98a9-0ca841fd64ef req-1ec9680c-a530-4afb-a554-30cc3997fa1d e4f9f50b079d4b2fa968f05ba0d51db1 f1cfac412872484cb275d703c4221d42 - - 03dce30708164263aa0c6e51f940dfa2 03dce30708164263aa0c6e51f940dfa2] 199.204.45.229 "GET /v2.0/networks/591db22d-bc12-4ad9-8d87-ff5e4dd3d91b?fields=provider%3Aphysical_network&fields=provider%3Anetwork_type HTTP/1.1" status: 200 len: 277 time: 0.0885890
2026-06-03 01:04:26.857 10 INFO neutron.wsgi [None req-3e71f79d-4545-4495-a34f-5f704ab8192e a607a8cc56ee4a918facbb451c0e3831 16b608c7e5a0466292a36f2607bd47a5 - - default default] 10.0.0.147 "GET /v2.0/security-groups?tenant_id=4847cf95c4884966b050a7bde55b7048&name=default HTTP/1.1" status: 200 len: 2996 time: 0.4365685
2026-06-03 01:04:26.952 9 INFO neutron.wsgi [None req-c32ceac5-4f1a-49c6-9481-9385e00ff1ff b8cc157f82754095a020ee957367ab15 9134f727aae54209977f58e9ea76239b - - default default] 10.0.0.147 "DELETE /v2.0/routers/0cbefab7-a7bb-4ab6-8d58-f8a318eefeab HTTP/1.1" status: 204 len: 168 time: 1.4444649
2026-06-03 01:04:26.968 9 INFO neutron.notifiers.nova [-] Nova event matching ['req-bf043829-f045-400a-bcaf-e4bf9d3116ff'] response: {'server_uuid': '9ea65fcb-2b95-4404-ac4d-4c6af000999a', 'name': 'network-vif-plugged', 'status': 'completed', 'tag': 'd31d0aa5-fcd2-4c12-84e4-5d32f32210ef', 'code': 200}
2026-06-03 01:04:27.158 10 INFO neutron.wsgi [None req-a29e1498-c33e-441d-ab5a-427ef13a29bb a607a8cc56ee4a918facbb451c0e3831 16b608c7e5a0466292a36f2607bd47a5 - - default default] 10.0.0.147 "DELETE /v2.0/security-groups/2d4b8d48-b347-43a4-a6ef-aa89bf51b5bf HTTP/1.1" status: 204 len: 168 time: 0.2953699
2026-06-03 01:04:27.215 9 ERROR ovsdbapp.backend.ovs_idl.transaction [None req-2eeaa632-5493-44e3-a71c-72f4eb284b18 - - - - - -]
Traceback (most recent call last): File "/var/lib/openstack/lib/python3.10/site-packages/ovsdbapp/backend/ovs_idl/connection.py", line 118, in run txn.results.put(txn.do_commit())
File "/var/lib/openstack/lib/python3.10/site-packages/ovsdbapp/backend/ovs_idl/transaction.py", line 92, in do_commit command.run_idl(txn)
File "/var/lib/openstack/lib/python3.10/site-packages/neutron/plugins/ml2/drivers/ovn/mech_driver/ovsdb/commands.py", line 823, in run_idl raise ovn_exc.RevisionConflict( neutron.common.ovn.exceptions.RevisionConflict: OVN revision number for d31d0aa5-fcd2-4c12-84e4-5d32f32210ef (type: ports) is higher than the given resource. Skipping update 
2026-06-03 01:04:27.215 9 INFO neutron.plugins.ml2.drivers.ovn.mech_driver.ovsdb.impl_idl_ovn [None req-2eeaa632-5493-44e3-a71c-72f4eb284b18 - - - - - -] Transaction aborted. Reason: OVN revision number for d31d0aa5-fcd2-4c12-84e4-5d32f32210ef (type: ports) is higher than the given resource. Skipping update
2026-06-03 01:04:27.218 10 INFO neutron.db.ovn_revision_numbers_db [None req-963ff77b-894a-4115-b953-c85e1d72c3ff a607a8cc56ee4a918facbb451c0e3831 16b608c7e5a0466292a36f2607bd47a5 - - default default] Successfully bumped revision number for resource d31d0aa5-fcd2-4c12-84e4-5d32f32210ef (type: ports) to 5
2026-06-03 01:04:27.233 10 INFO neutron.wsgi [None req-963ff77b-894a-4115-b953-c85e1d72c3ff a607a8cc56ee4a918facbb451c0e3831 16b608c7e5a0466292a36f2607bd47a5 - - default default] 199.204.45.229 "PUT /v2.0/ports/d31d0aa5-fcd2-4c12-84e4-5d32f32210ef HTTP/1.1" status: 200 len: 1372 time: 0.5207467 /var/lib/openstack/lib/python3.10/site-packages/pycadf/identifier.py:71: UserWarning: Invalid uuid: neutron. To ensure interoperability, identifiers should be a valid uuid. warnings.warn(('Invalid uuid: %s. To ensure interoperability, '
2026-06-03 01:04:27.274 10 INFO neutron.notifiers.nova [-] Nova event matching ['req-2eac3981-65c0-4e66-b891-ca8d37dbcdec'] response: {'name': 'network-changed', 'server_uuid': '9ea65fcb-2b95-4404-ac4d-4c6af000999a', 'tag': 'd31d0aa5-fcd2-4c12-84e4-5d32f32210ef', 'status': 'completed', 'code': 200}
2026-06-03 01:04:27.322 10 INFO neutron.wsgi [None req-f83b07fd-1949-488b-8b5f-eb9fdf307ce1 a607a8cc56ee4a918facbb451c0e3831 16b608c7e5a0466292a36f2607bd47a5 - - default default] 199.204.45.229 "GET /v2.0/networks/591db22d-bc12-4ad9-8d87-ff5e4dd3d91b HTTP/1.1" status: 200 len: 999 time: 0.0792835
2026-06-03 01:04:27.353 10 INFO neutron.wsgi [req-03ed3ad5-f2f0-48a7-a2e3-7eb2cc58e5be req-258a33aa-4e40-4254-bf56-6fca714fa1d4 e4f9f50b079d4b2fa968f05ba0d51db1 f1cfac412872484cb275d703c4221d42 - - 03dce30708164263aa0c6e51f940dfa2 03dce30708164263aa0c6e51f940dfa2] 199.204.45.229 "GET /v2.0/ports?tenant_id=16b608c7e5a0466292a36f2607bd47a5&device_id=9ea65fcb-2b95-4404-ac4d-4c6af000999a HTTP/1.1" status: 200 len: 3922 time: 0.0566077
2026-06-03 01:04:27.384 10 INFO neutron.wsgi [None req-55c94377-881e-4e2d-b378-5e03d9b3c73c a607a8cc56ee4a918facbb451c0e3831 16b608c7e5a0466292a36f2607bd47a5 - - default default] 199.204.45.229 "GET /v2.0/subnets/7cd527df-9d4d-4969-bf10-555fcbaf1d8b HTTP/1.1" status: 200 len: 849 time: 0.0510216
2026-06-03 01:04:27.427 10 INFO neutron.wsgi [req-03ed3ad5-f2f0-48a7-a2e3-7eb2cc58e5be req-9ca2fa8a-ad0d-492e-ae30-b7d0b7cc211e e4f9f50b079d4b2fa968f05ba0d51db1 f1cfac412872484cb275d703c4221d42 - - 03dce30708164263aa0c6e51f940dfa2 03dce30708164263aa0c6e51f940dfa2] 199.204.45.229 "GET /v2.0/networks?id=591db22d-bc12-4ad9-8d87-ff5e4dd3d91b HTTP/1.1" status: 200 len: 1002 time: 0.0641370
2026-06-03 01:04:27.458 9 INFO neutron.services.segments.plugin [-] Segment 81c501e2-e2b9-4081-b52f-ecefb13ee39d resource provider aggregate not found
2026-06-03 01:04:27.459 10 INFO neutron.wsgi [req-03ed3ad5-f2f0-48a7-a2e3-7eb2cc58e5be req-cbe60a84-82d7-403d-8779-d94c67e63f3b e4f9f50b079d4b2fa968f05ba0d51db1 f1cfac412872484cb275d703c4221d42 - - 03dce30708164263aa0c6e51f940dfa2 03dce30708164263aa0c6e51f940dfa2] 199.204.45.229 "GET /v2.0/floatingips?fixed_ip_address=10.2.1.18&port_id=d31d0aa5-fcd2-4c12-84e4-5d32f32210ef HTTP/1.1" status: 200 len: 217 time: 0.0257909
2026-06-03 01:04:27.470 9 INFO neutron.services.segments.plugin [-] Segment 81c501e2-e2b9-4081-b52f-ecefb13ee39d resource provider aggregate not found
2026-06-03 01:04:27.476 9 INFO neutron.services.segments.plugin [-] Segment 81c501e2-e2b9-4081-b52f-ecefb13ee39d resource provider not found; error: Placement Client Error (4xx): {"errors": [{"status": 404, "title": "Not Found", "detail": "The resource could not be found.\n\n No resource provider with uuid 81c501e2-e2b9-4081-b52f-ecefb13ee39d found for delete ", "request_id": "req-0b13bf8c-a396-4c09-9f33-58a3a8c2606d"}]}
2026-06-03 01:04:27.492 9 INFO neutron.services.segments.plugin [-] Segment 81c501e2-e2b9-4081-b52f-ecefb13ee39d resource provider not found; error: Placement Client Error (4xx): {"errors": [{"status": 404, "title": "Not Found", "detail": "The resource could not be found.\n\n No resource provider with uuid 81c501e2-e2b9-4081-b52f-ecefb13ee39d found for delete ", "request_id": "req-85486832-7d78-4044-bdc5-922f50fd7a3e"}]}
2026-06-03 01:04:27.498 10 INFO neutron.wsgi [req-03ed3ad5-f2f0-48a7-a2e3-7eb2cc58e5be req-e11a6a32-7812-4fa4-b4e6-d1900c40bf9a e4f9f50b079d4b2fa968f05ba0d51db1 f1cfac412872484cb275d703c4221d42 - - 03dce30708164263aa0c6e51f940dfa2 03dce30708164263aa0c6e51f940dfa2] 199.204.45.229 "GET /v2.0/subnets?id=7cd527df-9d4d-4969-bf10-555fcbaf1d8b HTTP/1.1" status: 200 len: 852 time: 0.0330338
2026-06-03 01:04:27.516 9 INFO neutron.wsgi [None req-d61ad78a-cd34-4862-9c9f-47d2944b51ea b8cc157f82754095a020ee957367ab15 9134f727aae54209977f58e9ea76239b - - default default] 10.0.0.147 "DELETE /v2.0/networks/5ed9c635-08a7-414e-9693-71cc89b3d635 HTTP/1.1" status: 204 len: 168 time: 0.5467410
2026-06-03 01:04:27.519 10 INFO neutron.wsgi [None req-ed4fcc9c-ea22-4a1e-afbd-a017dfb28bcd a607a8cc56ee4a918facbb451c0e3831 16b608c7e5a0466292a36f2607bd47a5 - - default default] 199.204.45.229 "GET /v2.0/extensions/security-group HTTP/1.1" status: 200 len: 369 time: 0.0085330
2026-06-03 01:04:27.531 10 INFO neutron.wsgi [None req-36a1bb2d-845e-4cad-b4ee-ce4849f77404 a607a8cc56ee4a918facbb451c0e3831 16b608c7e5a0466292a36f2607bd47a5 - - default default] 199.204.45.229 "GET /v2.0/extensions/dns-integration HTTP/1.1" status: 200 len: 371 time: 0.0039628
2026-06-03 01:04:27.533 10 INFO neutron.wsgi [req-03ed3ad5-f2f0-48a7-a2e3-7eb2cc58e5be req-6e260198-8bee-412a-bc93-853e4cbd7ad2 e4f9f50b079d4b2fa968f05ba0d51db1 f1cfac412872484cb275d703c4221d42 - - 03dce30708164263aa0c6e51f940dfa2 03dce30708164263aa0c6e51f940dfa2] 199.204.45.229 "GET /v2.0/ports?network_id=591db22d-bc12-4ad9-8d87-ff5e4dd3d91b&device_owner=network%3Adhcp HTTP/1.1" status: 200 len: 210 time: 0.0290558
2026-06-03 01:04:27.537 10 INFO neutron.wsgi [None req-a0c8415a-d871-4884-99f2-2057235e1ae4 a607a8cc56ee4a918facbb451c0e3831 16b608c7e5a0466292a36f2607bd47a5 - - default default] 199.204.45.229 "GET /v2.0/extensions/qos HTTP/1.1" status: 200 len: 365 time: 0.0028398
2026-06-03 01:04:27.544 10 INFO neutron.wsgi [None req-ceb7ef90-b8a6-4619-a675-ba5965b1b573 a607a8cc56ee4a918facbb451c0e3831 16b608c7e5a0466292a36f2607bd47a5 - - default default] 199.204.45.229 "GET /v2.0/extensions/allowed-address-pairs HTTP/1.1" status: 200 len: 383 time: 0.0035846
2026-06-03 01:04:27.591 10 INFO neutron.wsgi [None req-c0dc479e-d00f-4bff-9d9d-0d8318f41663 a607a8cc56ee4a918facbb451c0e3831 16b608c7e5a0466292a36f2607bd47a5 - - default default] 199.204.45.229 "GET /v2.0/subnets/bfb797e3-3d03-49fe-b177-618c2b73f9bf HTTP/1.1" status: 200 len: 851 time: 0.0394814
2026-06-03 01:04:27.617 10 INFO neutron.wsgi [req-03ed3ad5-f2f0-48a7-a2e3-7eb2cc58e5be req-cc1b68a9-ca8b-4761-8fb4-c10f626b6314 e4f9f50b079d4b2fa968f05ba0d51db1 f1cfac412872484cb275d703c4221d42 - - 03dce30708164263aa0c6e51f940dfa2 03dce30708164263aa0c6e51f940dfa2] 199.204.45.229 "GET /v2.0/networks/591db22d-bc12-4ad9-8d87-ff5e4dd3d91b?fields=segments HTTP/1.1" status: 200 len: 212 time: 0.0723417
2026-06-03 01:04:27.645 10 INFO neutron.wsgi [None req-960222df-dab6-48c6-8afa-fbe5d1fea9e0 a607a8cc56ee4a918facbb451c0e3831 16b608c7e5a0466292a36f2607bd47a5 - - default default] 199.204.45.229 "GET /v2.0/ports/5754547d-bee2-4fe4-969b-f1d265f9a698 HTTP/1.1" status: 200 len: 1340 time: 0.0474441
2026-06-03 01:04:27.730 10 INFO neutron.wsgi [None req-80828c0e-5399-4b07-b683-ae810ff8b33d a607a8cc56ee4a918facbb451c0e3831 16b608c7e5a0466292a36f2607bd47a5 - - default default] 199.204.45.229 "GET /v2.0/ports/a13b0255-3425-47e0-b0e5-7bc382d705ac HTTP/1.1" status: 200 len: 1519 time: 0.0744979
2026-06-03 01:04:27.760 10 INFO neutron.wsgi [req-03ed3ad5-f2f0-48a7-a2e3-7eb2cc58e5be req-3f98c632-2c94-491c-8a71-aafb814e775a e4f9f50b079d4b2fa968f05ba0d51db1 f1cfac412872484cb275d703c4221d42 - - 03dce30708164263aa0c6e51f940dfa2 03dce30708164263aa0c6e51f940dfa2] 199.204.45.229 "GET /v2.0/networks/591db22d-bc12-4ad9-8d87-ff5e4dd3d91b?fields=provider%3Aphysical_network&fields=provider%3Anetwork_type HTTP/1.1" status: 200 len: 277 time: 0.1363866
2026-06-03 01:04:27.785 10 INFO neutron.wsgi [None req-130f6b41-80f1-4ea6-8369-607d6687c7f8 a607a8cc56ee4a918facbb451c0e3831 16b608c7e5a0466292a36f2607bd47a5 - - default default] 199.204.45.229 "GET /v2.0/subnets/bfb797e3-3d03-49fe-b177-618c2b73f9bf HTTP/1.1" status: 200 len: 851 time: 0.0464571
2026-06-03 01:04:27.851 10 INFO neutron.wsgi [None req-3e7cf94e-ddb8-40c7-8f92-0614f8c4f196 a607a8cc56ee4a918facbb451c0e3831 16b608c7e5a0466292a36f2607bd47a5 - - default default] 199.204.45.229 "GET /v2.0/networks/209848ca-3311-45e4-b001-a705994c61c9 HTTP/1.1" status: 200 len: 1002 time: 0.0596423
2026-06-03 01:04:27.899 10 INFO neutron.wsgi [None req-4beb77af-27d8-46f5-a1aa-e3aca611e305 a607a8cc56ee4a918facbb451c0e3831 16b608c7e5a0466292a36f2607bd47a5 - - default default] 199.204.45.229 "GET /v2.0/ports/5754547d-bee2-4fe4-969b-f1d265f9a698 HTTP/1.1" status: 200 len: 1340 time: 0.0422668
2026-06-03 01:04:27.944 10 INFO neutron.wsgi [None req-259635e7-681a-4459-a3fd-e93bdd02c108 a607a8cc56ee4a918facbb451c0e3831 16b608c7e5a0466292a36f2607bd47a5 - - default default] 199.204.45.229 "GET /v2.0/subnets/bfb797e3-3d03-49fe-b177-618c2b73f9bf HTTP/1.1" status: 200 len: 851 time: 0.0361860 /var/lib/openstack/lib/python3.10/site-packages/pycadf/identifier.py:71: UserWarning: Invalid uuid: neutron. To ensure interoperability, identifiers should be a valid uuid. warnings.warn(('Invalid uuid: %s. To ensure interoperability, '
2026-06-03 01:04:28.602 9 INFO neutron.db.ovn_revision_numbers_db [None req-8b73f8a9-134c-41f3-b213-7f73c216a431 a607a8cc56ee4a918facbb451c0e3831 16b608c7e5a0466292a36f2607bd47a5 - - default default] Successfully bumped revision number for resource 90bf9a38-34d2-4766-8571-3af69bd1e7a5 (type: security_groups) to 1
2026-06-03 01:04:28.620 9 INFO neutron.db.ovn_revision_numbers_db [None req-8b73f8a9-134c-41f3-b213-7f73c216a431 a607a8cc56ee4a918facbb451c0e3831 16b608c7e5a0466292a36f2607bd47a5 - - default default] Successfully bumped revision number for resource 2c589768-9dad-4a36-9612-ece93e555e48 (type: security_group_rules) to 0
2026-06-03 01:04:28.643 9 INFO neutron.db.ovn_revision_numbers_db [None req-8b73f8a9-134c-41f3-b213-7f73c216a431 a607a8cc56ee4a918facbb451c0e3831 16b608c7e5a0466292a36f2607bd47a5 - - default default] Successfully bumped revision number for resource 5b692e7b-f67a-4201-b906-fc01af196e39 (type: security_group_rules) to 0
2026-06-03 01:04:28.661 9 INFO neutron.db.ovn_revision_numbers_db [None req-8b73f8a9-134c-41f3-b213-7f73c216a431 a607a8cc56ee4a918facbb451c0e3831 16b608c7e5a0466292a36f2607bd47a5 - - default default] Successfully bumped revision number for resource 7ab424e1-8a7d-4576-80c7-ff7526564792 (type: security_group_rules) to 0
2026-06-03 01:04:28.681 9 INFO neutron.db.ovn_revision_numbers_db [None req-8b73f8a9-134c-41f3-b213-7f73c216a431 a607a8cc56ee4a918facbb451c0e3831 16b608c7e5a0466292a36f2607bd47a5 - - default default] Successfully bumped revision number for resource abf4a94a-078a-4a2a-bbf6-a58c1cd920db (type: security_group_rules) to 0
2026-06-03 01:04:28.718 9 INFO neutron.wsgi [None req-8b73f8a9-134c-41f3-b213-7f73c216a431 a607a8cc56ee4a918facbb451c0e3831 16b608c7e5a0466292a36f2607bd47a5 - - default default] 10.0.0.147 "GET /v2.0/security-groups?tenant_id=c67f5d25c4f74bffacc70cb442bbc3e1&name=default HTTP/1.1" status: 200 len: 2996 time: 0.4470634
2026-06-03 01:04:28.948 10 INFO neutron.wsgi [None req-aad3d519-8ee6-4ba3-8136-d99a97b210af a607a8cc56ee4a918facbb451c0e3831 16b608c7e5a0466292a36f2607bd47a5 - - default default] 10.0.0.147 "DELETE /v2.0/security-groups/90bf9a38-34d2-4766-8571-3af69bd1e7a5 HTTP/1.1" status: 204 len: 168 time: 0.2241559
2026-06-03 01:04:29.016 9 INFO neutron.notifiers.nova [-] Nova event matching ['req-81b0a601-951d-4289-8452-e6767e037fd7'] response: {'server_uuid': '9ea65fcb-2b95-4404-ac4d-4c6af000999a', 'name': 'network-vif-plugged', 'status': 'completed', 'tag': 'd31d0aa5-fcd2-4c12-84e4-5d32f32210ef', 'code': 200}
2026-06-03 01:04:29.155 10 INFO neutron.wsgi [None req-aba8c1e2-8f8e-4318-ae98-e8b55745729e a607a8cc56ee4a918facbb451c0e3831 16b608c7e5a0466292a36f2607bd47a5 - - default default] 10.0.0.147 "GET /v2.0/security-groups?tenant_id=9134f727aae54209977f58e9ea76239b&name=default HTTP/1.1" status: 200 len: 2996 time: 0.0447533
2026-06-03 01:04:29.405 10 INFO neutron.wsgi [None req-979472bd-673c-4bbb-861a-1dcc3c3aab8f a607a8cc56ee4a918facbb451c0e3831 16b608c7e5a0466292a36f2607bd47a5 - - default default] 10.0.0.147 "DELETE /v2.0/security-groups/8597162e-9130-4c09-8f7b-64b46c2c39e1 HTTP/1.1" status: 204 len: 168 time: 0.2450364
2026-06-03 01:04:31.114 10 WARNING neutron_lib.context [None req-726a9ae4-4bef-48fa-9e83-2698a2513b4c 5f99c1a66fec4f9db69d6ab74d85ee99 77b85a9401694e80a9dd5f3fdf4d462b - - default default] Method 'is_advsvc' is deprecated since 2023.2 release (neutron-lib 3.8.0) and will be removed once support for the old RBAC API policies will be removed from Neutron. Please use method 'is_service_role' instead.
2026-06-03 01:04:31.414 10 WARNING neutron.scheduler.dhcp_agent_scheduler [None req-726a9ae4-4bef-48fa-9e83-2698a2513b4c 5f99c1a66fec4f9db69d6ab74d85ee99 77b85a9401694e80a9dd5f3fdf4d462b - - default default] No more DHCP agents
2026-06-03 01:04:31.417 10 WARNING neutron.api.rpc.agentnotifiers.dhcp_rpc_agent_api [None req-726a9ae4-4bef-48fa-9e83-2698a2513b4c 5f99c1a66fec4f9db69d6ab74d85ee99 77b85a9401694e80a9dd5f3fdf4d462b - - default default] Unable to schedule network 9750bfc4-d3f9-417e-855f-d6a046f2fe34: no agents available; will retry on subsequent port and subnet creation events.
2026-06-03 01:04:31.464 9 INFO neutron.db.ovn_revision_numbers_db [None req-c1980b9c-e955-4eb0-9c83-9ba53374b302 a607a8cc56ee4a918facbb451c0e3831 16b608c7e5a0466292a36f2607bd47a5 - - default default] Successfully bumped revision number for resource 9f22c31f-e154-435c-a821-c86b916a80a2 (type: security_groups) to 1
2026-06-03 01:04:31.487 9 INFO neutron.db.ovn_revision_numbers_db [None req-c1980b9c-e955-4eb0-9c83-9ba53374b302 a607a8cc56ee4a918facbb451c0e3831 16b608c7e5a0466292a36f2607bd47a5 - - default default] Successfully bumped revision number for resource 09e86e7d-a29a-47ad-9ede-a799104b9a21 (type: security_group_rules) to 0
2026-06-03 01:04:31.511 9 INFO neutron.db.ovn_revision_numbers_db [None req-c1980b9c-e955-4eb0-9c83-9ba53374b302 a607a8cc56ee4a918facbb451c0e3831 16b608c7e5a0466292a36f2607bd47a5 - - default default] Successfully bumped revision number for resource 67110b33-6ff3-4322-9331-de5d9d7587fb (type: security_group_rules) to 0
2026-06-03 01:04:31.532 9 INFO neutron.db.ovn_revision_numbers_db [None req-c1980b9c-e955-4eb0-9c83-9ba53374b302 a607a8cc56ee4a918facbb451c0e3831 16b608c7e5a0466292a36f2607bd47a5 - - default default] Successfully bumped revision number for resource 977e6b4c-e346-497f-ba54-cfbe3e94cf4d (type: security_group_rules) to 0
2026-06-03 01:04:31.551 9 INFO neutron.db.ovn_revision_numbers_db [None req-c1980b9c-e955-4eb0-9c83-9ba53374b302 a607a8cc56ee4a918facbb451c0e3831 16b608c7e5a0466292a36f2607bd47a5 - - default default] Successfully bumped revision number for resource d26cd8f1-5120-42f4-ad7a-90bb0adf8b93 (type: security_group_rules) to 0
2026-06-03 01:04:31.576 10 INFO neutron.wsgi [None req-724c3bf8-5c02-477d-b1cc-701705ac9471 a607a8cc56ee4a918facbb451c0e3831 16b608c7e5a0466292a36f2607bd47a5 - - default default] 10.0.0.46 "GET /v2.0/agents HTTP/1.1" status: 200 len: 997 time: 0.0973582
2026-06-03 01:04:31.607 10 INFO neutron.wsgi [None req-565f9363-2eff-425b-b776-c190434ec2da a607a8cc56ee4a918facbb451c0e3831 16b608c7e5a0466292a36f2607bd47a5 - - default default] 10.0.0.46 "GET /v2.0/network-ip-availabilities HTTP/1.1" status: 200 len: 3363 time: 0.0280483
2026-06-03 01:04:31.611 9 INFO neutron.db.segments_db [None req-c1980b9c-e955-4eb0-9c83-9ba53374b302 a607a8cc56ee4a918facbb451c0e3831 16b608c7e5a0466292a36f2607bd47a5 - - default default] Added segment 3ddee4c6-366b-4515-9e96-05f7430b8288 of type geneve for network b2eca16d-325b-418e-b72e-86976b6d01a1
2026-06-03 01:04:31.678 10 INFO neutron.wsgi [None req-3219ce1f-d130-44f8-9443-7cfdd6a1db62 a607a8cc56ee4a918facbb451c0e3831 16b608c7e5a0466292a36f2607bd47a5 - - default default] 10.0.0.46 "GET /v2.0/floatingips HTTP/1.1" status: 200 len: 3304 time: 0.0688748
2026-06-03 01:04:31.794 9 INFO neutron.db.ovn_revision_numbers_db [None req-c1980b9c-e955-4eb0-9c83-9ba53374b302 a607a8cc56ee4a918facbb451c0e3831 16b608c7e5a0466292a36f2607bd47a5 - - default default] Successfully bumped revision number for resource b2eca16d-325b-418e-b72e-86976b6d01a1 (type: networks) to 1
2026-06-03 01:04:31.798 10 INFO neutron.wsgi [None req-e318ce85-cdaa-438e-bf74-0f9b4897b511 a607a8cc56ee4a918facbb451c0e3831 16b608c7e5a0466292a36f2607bd47a5 - - default default] 10.0.0.46 "GET /v2.0/networks HTTP/1.1" status: 200 len: 4717 time: 0.1136572
2026-06-03 01:04:31.863 10 INFO neutron.wsgi [None req-ef717911-b56a-49d5-8498-25b86053bf53 a607a8cc56ee4a918facbb451c0e3831 16b608c7e5a0466292a36f2607bd47a5 - - default default] 10.0.0.46 "GET /v2.0/subnets HTTP/1.1" status: 200 len: 5497 time: 0.0606008
2026-06-03 01:04:31.989 9 WARNING neutron.scheduler.dhcp_agent_scheduler [None req-c1980b9c-e955-4eb0-9c83-9ba53374b302 a607a8cc56ee4a918facbb451c0e3831 16b608c7e5a0466292a36f2607bd47a5 - - default default] No more DHCP agents
2026-06-03 01:04:31.993 9 WARNING neutron.api.rpc.agentnotifiers.dhcp_rpc_agent_api [None req-c1980b9c-e955-4eb0-9c83-9ba53374b302 a607a8cc56ee4a918facbb451c0e3831 16b608c7e5a0466292a36f2607bd47a5 - - default default] Unable to schedule network b2eca16d-325b-418e-b72e-86976b6d01a1: no agents available; will retry on subsequent port and subnet creation events.
2026-06-03 01:04:32.011 10 INFO neutron.wsgi [None req-e9171f78-9c0b-4fd5-a24e-76f360108eb5 a607a8cc56ee4a918facbb451c0e3831 16b608c7e5a0466292a36f2607bd47a5 - - default default] 10.0.0.46 "GET /v2.0/ports HTTP/1.1" status: 200 len: 24414 time: 0.1444347
2026-06-03 01:04:32.073 9 INFO neutron.db.ovn_revision_numbers_db [None req-c1980b9c-e955-4eb0-9c83-9ba53374b302 a607a8cc56ee4a918facbb451c0e3831 16b608c7e5a0466292a36f2607bd47a5 - - default default] Successfully bumped revision number for resource 44e75d7d-404e-4734-9a88-af4db0696186 (type: ports) to 1
2026-06-03 01:04:32.115 9 INFO neutron.wsgi [None req-c1980b9c-e955-4eb0-9c83-9ba53374b302 a607a8cc56ee4a918facbb451c0e3831 16b608c7e5a0466292a36f2607bd47a5 - - default default] 10.0.0.147 "POST /v2.0/networks HTTP/1.1" status: 201 len: 941 time: 0.9044323
2026-06-03 01:04:32.133 10 INFO neutron.wsgi [None req-334c68c6-1820-4f33-8066-e6795da21189 a607a8cc56ee4a918facbb451c0e3831 16b608c7e5a0466292a36f2607bd47a5 - - default default] 10.0.0.46 "GET /v2.0/security-groups HTTP/1.1" status: 200 len: 33007 time: 0.1084747
2026-06-03 01:04:32.142 10 INFO neutron.db.ovn_revision_numbers_db [None req-726a9ae4-4bef-48fa-9e83-2698a2513b4c 5f99c1a66fec4f9db69d6ab74d85ee99 77b85a9401694e80a9dd5f3fdf4d462b - - default default] Successfully bumped revision number for resource c3f6ae08-04c8-440b-9e8e-0af556947ad1 (type: floatingips) to 0
2026-06-03 01:04:32.178 10 INFO neutron.wsgi [None req-726a9ae4-4bef-48fa-9e83-2698a2513b4c 5f99c1a66fec4f9db69d6ab74d85ee99 77b85a9401694e80a9dd5f3fdf4d462b - - default default] 10.0.0.147 "POST /v2.0/floatingips HTTP/1.1" status: 201 len: 751 time: 1.3129210
2026-06-03 01:04:32.237 10 INFO neutron.wsgi [None req-e07fd36b-d93c-4ab1-b24e-f38a185a7a54 a607a8cc56ee4a918facbb451c0e3831 16b608c7e5a0466292a36f2607bd47a5 - - default default] 10.0.0.46 "GET /v2.0/routers HTTP/1.1" status: 200 len: 850 time: 0.0892630
2026-06-03 01:04:32.241 9 INFO neutron.wsgi [None req-b59fd553-a6e6-49da-bdd6-fa8842a41357 5f99c1a66fec4f9db69d6ab74d85ee99 77b85a9401694e80a9dd5f3fdf4d462b - - default default] 10.0.0.147 "PUT /v2.0/floatingips/c3f6ae08-04c8-440b-9e8e-0af556947ad1/tags HTTP/1.1" status: 200 len: 218 time: 0.0552700
2026-06-03 01:04:32.260 10 INFO neutron.wsgi [None req-826dab4f-36fa-4a55-8a2d-76e30a40964b a607a8cc56ee4a918facbb451c0e3831 16b608c7e5a0466292a36f2607bd47a5 - - default default] 10.0.0.46 "GET /v2.0/agents?binary=ovn-controller HTTP/1.1" status: 200 len: 591 time: 0.0215089
2026-06-03 01:04:32.294 10 INFO neutron.wsgi [None req-7e15da9e-08e0-4162-b259-94469e0d7e9d 5f99c1a66fec4f9db69d6ab74d85ee99 77b85a9401694e80a9dd5f3fdf4d462b - - default default] 10.0.0.147 "GET /v2.0/floatingips/c3f6ae08-04c8-440b-9e8e-0af556947ad1/tags HTTP/1.1" status: 200 len: 218 time: 0.0479212
2026-06-03 01:04:32.317 10 INFO neutron.wsgi [None req-64f4b8d5-7999-4f2c-bd0e-2a773f16da64 a607a8cc56ee4a918facbb451c0e3831 16b608c7e5a0466292a36f2607bd47a5 - - default default] 10.0.0.46 "GET /v2.0/subnets HTTP/1.1" status: 200 len: 5497 time: 0.0549591
2026-06-03 01:04:32.329 9 WARNING neutron.scheduler.dhcp_agent_scheduler [None req-b0e9dc70-9f0d-4330-b70d-bbd7334249a6 a607a8cc56ee4a918facbb451c0e3831 16b608c7e5a0466292a36f2607bd47a5 - - default default] No more DHCP agents
2026-06-03 01:04:32.334 9 WARNING neutron.api.rpc.agentnotifiers.dhcp_rpc_agent_api [None req-b0e9dc70-9f0d-4330-b70d-bbd7334249a6 a607a8cc56ee4a918facbb451c0e3831 16b608c7e5a0466292a36f2607bd47a5 - - default default] Unable to schedule network b2eca16d-325b-418e-b72e-86976b6d01a1: no agents available; will retry on subsequent port and subnet creation events.
2026-06-03 01:04:32.337 10 INFO neutron.wsgi [None req-6a7a0c2f-426e-4d2c-b905-98653800c261 a607a8cc56ee4a918facbb451c0e3831 16b608c7e5a0466292a36f2607bd47a5 - - default default] 10.0.0.46 "GET /v2.0/subnetpools HTTP/1.1" status: 200 len: 193 time: 0.0170610
2026-06-03 01:04:32.361 9 INFO neutron.wsgi [None req-6f109500-25a2-47d9-bb4c-151288acf326 5f99c1a66fec4f9db69d6ab74d85ee99 77b85a9401694e80a9dd5f3fdf4d462b - - default default] 10.0.0.147 "PUT /v2.0/floatingips/c3f6ae08-04c8-440b-9e8e-0af556947ad1/tags/green HTTP/1.1" status: 201 len: 201 time: 0.0601242
2026-06-03 01:04:32.410 10 INFO neutron.wsgi [None req-3723a0cb-1b36-4978-9e13-08868848fc56 5f99c1a66fec4f9db69d6ab74d85ee99 77b85a9401694e80a9dd5f3fdf4d462b - - default default] 10.0.0.147 "GET /v2.0/floatingips/c3f6ae08-04c8-440b-9e8e-0af556947ad1/tags HTTP/1.1" status: 200 len: 227 time: 0.0418432
2026-06-03 01:04:32.452 10 INFO neutron.wsgi [None req-eacdda37-828d-4b87-a2b8-a887bae6dc36 5f99c1a66fec4f9db69d6ab74d85ee99 77b85a9401694e80a9dd5f3fdf4d462b - - default default] 10.0.0.147 "PUT /v2.0/floatingips/c3f6ae08-04c8-440b-9e8e-0af556947ad1/tags/red HTTP/1.1" status: 201 len: 201 time: 0.0346932
2026-06-03 01:04:32.489 10 INFO neutron.wsgi [None req-34080eac-0521-4c1a-9f47-c5550b5c81a5 5f99c1a66fec4f9db69d6ab74d85ee99 77b85a9401694e80a9dd5f3fdf4d462b - - default default] 10.0.0.147 "GET /v2.0/floatingips/c3f6ae08-04c8-440b-9e8e-0af556947ad1/tags HTTP/1.1" status: 200 len: 227 time: 0.0316043
2026-06-03 01:04:32.539 10 INFO neutron.wsgi [None req-842d68a7-8610-4acf-89d7-9e0c51f42903 5f99c1a66fec4f9db69d6ab74d85ee99 77b85a9401694e80a9dd5f3fdf4d462b - - default default] 10.0.0.147 "PUT /v2.0/floatingips/c3f6ae08-04c8-440b-9e8e-0af556947ad1/tags/black.or.white HTTP/1.1" status: 201 len: 201 time: 0.0451205
2026-06-03 01:04:32.603 9 INFO neutron.wsgi [None req-eaae54e6-ba17-427b-ad3a-31eaaaf241a0 5f99c1a66fec4f9db69d6ab74d85ee99 77b85a9401694e80a9dd5f3fdf4d462b - - default default] 10.0.0.147 "GET /v2.0/floatingips/c3f6ae08-04c8-440b-9e8e-0af556947ad1/tags HTTP/1.1" status: 200 len: 245 time: 0.0594959
2026-06-03 01:04:32.665 9 INFO neutron.wsgi [None req-0b257f62-28f1-4aa9-b37d-a352d4e1886f 5f99c1a66fec4f9db69d6ab74d85ee99 77b85a9401694e80a9dd5f3fdf4d462b - - default default] 10.0.0.147 "PUT /v2.0/floatingips/c3f6ae08-04c8-440b-9e8e-0af556947ad1/tags HTTP/1.1" status: 200 len: 230 time: 0.0557241
2026-06-03 01:04:32.947 9 INFO neutron.db.ovn_revision_numbers_db [None req-b0e9dc70-9f0d-4330-b70d-bbd7334249a6 a607a8cc56ee4a918facbb451c0e3831 16b608c7e5a0466292a36f2607bd47a5 - - default default] Successfully bumped revision number for resource 44e75d7d-404e-4734-9a88-af4db0696186 (type: ports) to 2
2026-06-03 01:04:32.991 9 INFO neutron.db.ovn_revision_numbers_db [None req-b0e9dc70-9f0d-4330-b70d-bbd7334249a6 a607a8cc56ee4a918facbb451c0e3831 16b608c7e5a0466292a36f2607bd47a5 - - default default] Successfully bumped revision number for resource 93b7a229-1486-40fd-b202-c2c6fb0407ce (type: subnets) to 0
2026-06-03 01:04:33.009 9 INFO neutron.wsgi [None req-b0e9dc70-9f0d-4330-b70d-bbd7334249a6 a607a8cc56ee4a918facbb451c0e3831 16b608c7e5a0466292a36f2607bd47a5 - - default default] 10.0.0.147 "POST /v2.0/subnets HTTP/1.1" status: 201 len: 862 time: 0.8888819
2026-06-03 01:04:33.162 10 INFO neutron.wsgi [None req-cf0b7c29-8b05-4c26-8823-21b089e76dd6 5f99c1a66fec4f9db69d6ab74d85ee99 77b85a9401694e80a9dd5f3fdf4d462b - - default default] 10.0.0.147 "GET /v2.0/floatingips/c3f6ae08-04c8-440b-9e8e-0af556947ad1/tags HTTP/1.1" status: 200 len: 230 time: 0.4870329
2026-06-03 01:04:33.208 10 INFO neutron.wsgi [None req-3a774910-0aa0-4ba3-84d9-1b3d1761b945 5f99c1a66fec4f9db69d6ab74d85ee99 77b85a9401694e80a9dd5f3fdf4d462b - - default default] 10.0.0.147 "GET /v2.0/floatingips/c3f6ae08-04c8-440b-9e8e-0af556947ad1/tags/red HTTP/1.1" status: 204 len: 168 time: 0.0415189
2026-06-03 01:04:33.258 10 INFO neutron.api.v2.resource [None req-c42eae31-48d7-463d-bf7c-3f2f9077cdc7 5f99c1a66fec4f9db69d6ab74d85ee99 77b85a9401694e80a9dd5f3fdf4d462b - - default default] show failed (client error): The resource could not be found.
2026-06-03 01:04:33.260 10 INFO neutron.wsgi [None req-c42eae31-48d7-463d-bf7c-3f2f9077cdc7 5f99c1a66fec4f9db69d6ab74d85ee99 77b85a9401694e80a9dd5f3fdf4d462b - - default default] 10.0.0.147 "GET /v2.0/floatingips/c3f6ae08-04c8-440b-9e8e-0af556947ad1/tags/green HTTP/1.1" status: 404 len: 299 time: 0.0445223
2026-06-03 01:04:33.320 10 INFO neutron.wsgi [None req-c8dc126f-5427-44d2-a16f-d054177f747f 5f99c1a66fec4f9db69d6ab74d85ee99 77b85a9401694e80a9dd5f3fdf4d462b - - default default] 10.0.0.147 "DELETE /v2.0/floatingips/c3f6ae08-04c8-440b-9e8e-0af556947ad1/tags/red HTTP/1.1" status: 204 len: 168 time: 0.0546906
2026-06-03 01:04:33.370 9 INFO neutron.wsgi [None req-d610359b-56d7-4de1-a67b-9f70d1e232b9 5f99c1a66fec4f9db69d6ab74d85ee99 77b85a9401694e80a9dd5f3fdf4d462b - - default default] 10.0.0.147 "GET /v2.0/floatingips/c3f6ae08-04c8-440b-9e8e-0af556947ad1/tags HTTP/1.1" status: 200 len: 223 time: 0.0438459
2026-06-03 01:04:33.423 10 INFO neutron.api.v2.resource [None req-d6012c9f-0ec6-4302-ad6f-481ff554cfd4 5f99c1a66fec4f9db69d6ab74d85ee99 77b85a9401694e80a9dd5f3fdf4d462b - - default default] delete failed (client error): The resource could not be found.
2026-06-03 01:04:33.425 10 INFO neutron.wsgi [None req-d6012c9f-0ec6-4302-ad6f-481ff554cfd4 5f99c1a66fec4f9db69d6ab74d85ee99 77b85a9401694e80a9dd5f3fdf4d462b - - default default] 10.0.0.147 "DELETE /v2.0/floatingips/c3f6ae08-04c8-440b-9e8e-0af556947ad1/tags/green HTTP/1.1" status: 404 len: 299 time: 0.0491650
2026-06-03 01:04:33.491 10 INFO neutron.wsgi [None req-907f8bb2-b4c7-43a2-8340-d7f160c73734 5f99c1a66fec4f9db69d6ab74d85ee99 77b85a9401694e80a9dd5f3fdf4d462b - - default default] 10.0.0.147 "DELETE /v2.0/floatingips/c3f6ae08-04c8-440b-9e8e-0af556947ad1/tags HTTP/1.1" status: 204 len: 168 time: 0.0608931
2026-06-03 01:04:33.534 10 INFO neutron.wsgi [None req-9ee424a7-9527-4bcf-842c-bbf1057ed48b 5f99c1a66fec4f9db69d6ab74d85ee99 77b85a9401694e80a9dd5f3fdf4d462b - - default default] 10.0.0.147 "GET /v2.0/floatingips/c3f6ae08-04c8-440b-9e8e-0af556947ad1/tags HTTP/1.1" status: 200 len: 205 time: 0.0369642
2026-06-03 01:04:33.567 9 WARNING neutron.scheduler.dhcp_agent_scheduler [None req-bdb71862-dac2-4e53-903b-3bc15fae2e4f a607a8cc56ee4a918facbb451c0e3831 16b608c7e5a0466292a36f2607bd47a5 - - default default] No more DHCP agents
2026-06-03 01:04:33.568 9 WARNING neutron.api.rpc.agentnotifiers.dhcp_rpc_agent_api [None req-bdb71862-dac2-4e53-903b-3bc15fae2e4f a607a8cc56ee4a918facbb451c0e3831 16b608c7e5a0466292a36f2607bd47a5 - - default default] Unable to schedule network 9750bfc4-d3f9-417e-855f-d6a046f2fe34: no agents available; will retry on subsequent port and subnet creation events.
2026-06-03 01:04:33.741 9 INFO neutron.db.ovn_revision_numbers_db [None req-bdb71862-dac2-4e53-903b-3bc15fae2e4f a607a8cc56ee4a918facbb451c0e3831 16b608c7e5a0466292a36f2607bd47a5 - - default default] Successfully bumped revision number for resource 539f63ea-56f5-4dd6-868d-d18100f11e1b (type: ports) to 1
2026-06-03 01:04:33.945 10 INFO neutron.wsgi [None req-e53b35cf-4365-4bb8-9356-5b998bcb925c 5f99c1a66fec4f9db69d6ab74d85ee99 77b85a9401694e80a9dd5f3fdf4d462b - - default default] 10.0.0.147 "DELETE /v2.0/floatingips/c3f6ae08-04c8-440b-9e8e-0af556947ad1 HTTP/1.1" status: 204 len: 168 time: 0.4028664
2026-06-03 01:04:34.711 9 INFO neutron.plugins.ml2.drivers.ovn.mech_driver.mech_driver [None req-2eeaa632-5493-44e3-a71c-72f4eb284b18 - - - - - -] OVN reports status up for port: 539f63ea-56f5-4dd6-868d-d18100f11e1b
2026-06-03 01:04:34.727 10 INFO neutron.plugins.ml2.drivers.ovn.mech_driver.ovsdb.ovsdb_monitor [None req-61c6ba5a-8345-4a45-b0c6-9109ca661750 - - - - - -] Router bd23a1d4-dc26-4bf4-b4eb-e0af679441bf is bound to host instance
2026-06-03 01:04:34.735 9 INFO neutron.plugins.ml2.plugin [None req-2eeaa632-5493-44e3-a71c-72f4eb284b18 - - - - - -] Attempt 1 to provision port 539f63ea-56f5-4dd6-868d-d18100f11e1b
