2026-06-03 01:02:19.497 9 INFO neutron.wsgi [None req-41238030-e928-46e7-af38-7207c68c2f9f f09086a8e55549f78e4dc745c1a05410 c7cc456029a349cc970ce5739e575751 - - default default] 10.0.0.147 "POST /v2.0/security-groups HTTP/1.1" status: 201 len: 1760 time: 0.3361752
2026-06-03 01:02:19.511 9 WARNING neutron_lib.context [None req-613c8d74-04c9-49d5-ba6d-e62c8a5d3c3c f09086a8e55549f78e4dc745c1a05410 c7cc456029a349cc970ce5739e575751 - - default default] Method 'is_advsvc' is deprecated since 2023.2 release (neutron-lib 3.8.0) and will be removed once support for the old RBAC API policies will be removed from Neutron. Please use method 'is_service_role' instead.
2026-06-03 01:02:19.550 9 WARNING neutron.scheduler.dhcp_agent_scheduler [None req-476ab251-0796-4dc2-a20b-aef368cff342 31fc695eae8246d29d2070798feb98a7 570851abe6974fd19b23adfefd28bc44 - - default default] No more DHCP agents
2026-06-03 01:02:19.554 9 WARNING neutron.api.rpc.agentnotifiers.dhcp_rpc_agent_api [None req-476ab251-0796-4dc2-a20b-aef368cff342 31fc695eae8246d29d2070798feb98a7 570851abe6974fd19b23adfefd28bc44 - - default default] Unable to schedule network 32d19ae7-e2f4-4f14-8d07-834667e0fe71: no agents available; will retry on subsequent port and subnet creation events.
2026-06-03 01:02:19.671 9 INFO neutron.db.ovn_revision_numbers_db [None req-476ab251-0796-4dc2-a20b-aef368cff342 31fc695eae8246d29d2070798feb98a7 570851abe6974fd19b23adfefd28bc44 - - default default] Successfully bumped revision number for resource 527889c7-3bd3-4abf-90d1-21bf8add71a0 (type: ports) to 1
2026-06-03 01:02:19.717 9 INFO neutron.db.ovn_revision_numbers_db [None req-613c8d74-04c9-49d5-ba6d-e62c8a5d3c3c f09086a8e55549f78e4dc745c1a05410 c7cc456029a349cc970ce5739e575751 - - default default] Successfully bumped revision number for resource e0c4b707-43cd-4280-92ad-d669c7b82f30 (type: security_group_rules) to 0
2026-06-03 01:02:19.724 9 INFO neutron.wsgi [None req-476ab251-0796-4dc2-a20b-aef368cff342 31fc695eae8246d29d2070798feb98a7 570851abe6974fd19b23adfefd28bc44 - - default default] 10.0.0.147 "POST /v2.0/networks HTTP/1.1" status: 201 len: 832 time: 0.7628825
2026-06-03 01:02:19.744 9 WARNING neutron_lib.context [None req-1f42ca32-d9ca-46cf-b9ec-71b24b3d476f 31fc695eae8246d29d2070798feb98a7 570851abe6974fd19b23adfefd28bc44 - - default default] Method 'is_advsvc' is deprecated since 2023.2 release (neutron-lib 3.8.0) and will be removed once support for the old RBAC API policies will be removed from Neutron. Please use method 'is_service_role' instead.
2026-06-03 01:02:19.748 9 INFO neutron.wsgi [None req-613c8d74-04c9-49d5-ba6d-e62c8a5d3c3c f09086a8e55549f78e4dc745c1a05410 c7cc456029a349cc970ce5739e575751 - - default default] 10.0.0.147 "POST /v2.0/security-group-rules HTTP/1.1" status: 201 len: 768 time: 0.2440383
2026-06-03 01:02:19.799 10 INFO neutron.wsgi [None req-aaf311e0-0059-4950-9d69-6795cca871ae f09086a8e55549f78e4dc745c1a05410 c7cc456029a349cc970ce5739e575751 - - default default] 10.0.0.147 "GET /v2.0/security-group-rules/e0c4b707-43cd-4280-92ad-d669c7b82f30 HTTP/1.1" status: 200 len: 763 time: 0.0374708
2026-06-03 01:02:19.944 10 INFO neutron.wsgi [None req-0598f4a0-e8ec-47f3-a7f4-bfc7d00e651f f09086a8e55549f78e4dc745c1a05410 c7cc456029a349cc970ce5739e575751 - - default default] 10.0.0.147 "GET /v2.0/security-group-rules HTTP/1.1" status: 200 len: 4113 time: 0.1395698 /var/lib/openstack/lib/python3.10/site-packages/pycadf/identifier.py:71: UserWarning: Invalid uuid: neutron. To ensure interoperability, identifiers should be a valid uuid. warnings.warn(('Invalid uuid: %s. To ensure interoperability, '
2026-06-03 01:02:20.066 9 WARNING neutron.scheduler.dhcp_agent_scheduler [None req-1f42ca32-d9ca-46cf-b9ec-71b24b3d476f 31fc695eae8246d29d2070798feb98a7 570851abe6974fd19b23adfefd28bc44 - - default default] No more DHCP agents
2026-06-03 01:02:20.069 9 WARNING neutron.api.rpc.agentnotifiers.dhcp_rpc_agent_api [None req-1f42ca32-d9ca-46cf-b9ec-71b24b3d476f 31fc695eae8246d29d2070798feb98a7 570851abe6974fd19b23adfefd28bc44 - - default default] Unable to schedule network e18c14dd-858e-483e-ab6d-d4d89c21fe65: no agents available; will retry on subsequent port and subnet creation events.
2026-06-03 01:02:20.084 10 INFO neutron.db.ovn_revision_numbers_db [req-e92710db-57fa-4752-8fc4-d16a3e550b9d req-67fa8a2c-02c9-4e74-98b5-4ceee28f64eb e4f9f50b079d4b2fa968f05ba0d51db1 f1cfac412872484cb275d703c4221d42 - - 03dce30708164263aa0c6e51f940dfa2 03dce30708164263aa0c6e51f940dfa2] Successfully bumped revision number for resource 01bda432-4b8e-495f-a45e-c61840349253 (type: ports) to 2
2026-06-03 01:02:20.107 9 INFO neutron.db.ovn_revision_numbers_db [None req-1f42ca32-d9ca-46cf-b9ec-71b24b3d476f 31fc695eae8246d29d2070798feb98a7 570851abe6974fd19b23adfefd28bc44 - - default default] Successfully bumped revision number for resource d68f6a17-fb0c-4665-bff0-0b64490890c7 (type: subnets) to 0
2026-06-03 01:02:20.125 9 INFO neutron.wsgi [None req-1f42ca32-d9ca-46cf-b9ec-71b24b3d476f 31fc695eae8246d29d2070798feb98a7 570851abe6974fd19b23adfefd28bc44 - - default default] 10.0.0.147 "POST /v2.0/subnets HTTP/1.1" status: 201 len: 821 time: 0.3895016
2026-06-03 01:02:20.131 10 INFO neutron.wsgi [None req-cfc07425-55bb-43ae-97e2-370505f6954b f09086a8e55549f78e4dc745c1a05410 c7cc456029a349cc970ce5739e575751 - - default default] 10.0.0.147 "DELETE /v2.0/security-group-rules/e0c4b707-43cd-4280-92ad-d669c7b82f30 HTTP/1.1" status: 204 len: 168 time: 0.1789513
2026-06-03 01:02:20.138 9 WARNING neutron_lib.context [None req-4c86b0db-f1df-4ddf-8d7c-bcdd9bf88332 31fc695eae8246d29d2070798feb98a7 570851abe6974fd19b23adfefd28bc44 - - default default] Method 'is_advsvc' is deprecated since 2023.2 release (neutron-lib 3.8.0) and will be removed once support for the old RBAC API policies will be removed from Neutron. Please use method 'is_service_role' instead.
2026-06-03 01:02:20.194 10 INFO neutron.wsgi [None req-66698fdd-b136-4166-b0a3-1eed61249e78 f09086a8e55549f78e4dc745c1a05410 c7cc456029a349cc970ce5739e575751 - - default default] 10.0.0.147 "GET /v2.0/security-group-rules HTTP/1.1" status: 200 len: 3567 time: 0.0567713
2026-06-03 01:02:20.211 9 WARNING neutron_lib.context [None req-6d07409b-975b-4401-a021-10ec5bd46625 f09086a8e55549f78e4dc745c1a05410 c7cc456029a349cc970ce5739e575751 - - default default] Method 'is_advsvc' is deprecated since 2023.2 release (neutron-lib 3.8.0) and will be removed once support for the old RBAC API policies will be removed from Neutron. Please use method 'is_service_role' instead.
2026-06-03 01:02:20.353 10 INFO neutron.db.ovn_revision_numbers_db [req-e92710db-57fa-4752-8fc4-d16a3e550b9d req-67fa8a2c-02c9-4e74-98b5-4ceee28f64eb e4f9f50b079d4b2fa968f05ba0d51db1 f1cfac412872484cb275d703c4221d42 - - 03dce30708164263aa0c6e51f940dfa2 03dce30708164263aa0c6e51f940dfa2] Successfully bumped revision number for resource 01bda432-4b8e-495f-a45e-c61840349253 (type: ports) to 2
2026-06-03 01:02:20.381 10 INFO neutron.wsgi [req-e92710db-57fa-4752-8fc4-d16a3e550b9d req-67fa8a2c-02c9-4e74-98b5-4ceee28f64eb e4f9f50b079d4b2fa968f05ba0d51db1 f1cfac412872484cb275d703c4221d42 - - 03dce30708164263aa0c6e51f940dfa2 03dce30708164263aa0c6e51f940dfa2] 199.204.45.229 "PUT /v2.0/ports/01bda432-4b8e-495f-a45e-c61840349253 HTTP/1.1" status: 200 len: 1605 time: 0.8977637
2026-06-03 01:02:20.399 9 INFO neutron.db.ovn_revision_numbers_db [None req-6d07409b-975b-4401-a021-10ec5bd46625 f09086a8e55549f78e4dc745c1a05410 c7cc456029a349cc970ce5739e575751 - - default default] Successfully bumped revision number for resource 0fff858a-fd97-4411-a6ff-debbee6c0060 (type: security_group_rules) to 0
2026-06-03 01:02:20.420 9 WARNING neutron.scheduler.dhcp_agent_scheduler [None req-4c86b0db-f1df-4ddf-8d7c-bcdd9bf88332 31fc695eae8246d29d2070798feb98a7 570851abe6974fd19b23adfefd28bc44 - - default default] No more DHCP agents
2026-06-03 01:02:20.424 9 WARNING neutron.api.rpc.agentnotifiers.dhcp_rpc_agent_api [None req-4c86b0db-f1df-4ddf-8d7c-bcdd9bf88332 31fc695eae8246d29d2070798feb98a7 570851abe6974fd19b23adfefd28bc44 - - default default] Unable to schedule network 32d19ae7-e2f4-4f14-8d07-834667e0fe71: no agents available; will retry on subsequent port and subnet creation events. /var/lib/openstack/lib/python3.10/site-packages/pycadf/identifier.py:71: UserWarning: Invalid uuid: neutron. To ensure interoperability, identifiers should be a valid uuid. warnings.warn(('Invalid uuid: %s. To ensure interoperability, '
2026-06-03 01:02:20.442 9 INFO neutron.wsgi [None req-6d07409b-975b-4401-a021-10ec5bd46625 f09086a8e55549f78e4dc745c1a05410 c7cc456029a349cc970ce5739e575751 - - default default] 10.0.0.147 "POST /v2.0/security-group-rules HTTP/1.1" status: 201 len: 768 time: 0.2416911
2026-06-03 01:02:20.467 9 INFO neutron.wsgi [None req-89c6c1d3-102f-450d-9e28-675aa41810df f09086a8e55549f78e4dc745c1a05410 c7cc456029a349cc970ce5739e575751 - - default default] 10.0.0.147 "GET /v2.0/security-group-rules/0fff858a-fd97-4411-a6ff-debbee6c0060 HTTP/1.1" status: 200 len: 763 time: 0.0172033
2026-06-03 01:02:20.468 9 INFO neutron.db.ovn_revision_numbers_db [None req-4c86b0db-f1df-4ddf-8d7c-bcdd9bf88332 31fc695eae8246d29d2070798feb98a7 570851abe6974fd19b23adfefd28bc44 - - default default] Successfully bumped revision number for resource 8c8dae92-9c2e-4984-901a-e33f4be4c2ff (type: subnets) to 0
2026-06-03 01:02:20.468 10 INFO neutron.wsgi [req-e92710db-57fa-4752-8fc4-d16a3e550b9d req-37151226-41f0-4b84-9e9a-c7e38fc2717d e4f9f50b079d4b2fa968f05ba0d51db1 f1cfac412872484cb275d703c4221d42 - - 03dce30708164263aa0c6e51f940dfa2 03dce30708164263aa0c6e51f940dfa2] 199.204.45.229 "GET /v2.0/ports?tenant_id=fba0f68591344b598979f4d03399f3c5&device_id=692e2c8a-e4ce-4f92-a4ff-2a8cabd82889 HTTP/1.1" status: 200 len: 1636 time: 0.0502648
2026-06-03 01:02:20.488 9 INFO neutron.wsgi [None req-4c86b0db-f1df-4ddf-8d7c-bcdd9bf88332 31fc695eae8246d29d2070798feb98a7 570851abe6974fd19b23adfefd28bc44 - - default default] 10.0.0.147 "POST /v2.0/subnets HTTP/1.1" status: 201 len: 830 time: 0.3553202
2026-06-03 01:02:20.500 10 WARNING neutron_lib.context [None req-5936e3c6-0267-40b7-866e-677d10bd45c4 31fc695eae8246d29d2070798feb98a7 570851abe6974fd19b23adfefd28bc44 - - default default] Method 'is_advsvc' is deprecated since 2023.2 release (neutron-lib 3.8.0) and will be removed once support for the old RBAC API policies will be removed from Neutron. Please use method 'is_service_role' instead.
2026-06-03 01:02:20.506 10 INFO neutron.wsgi [req-e92710db-57fa-4752-8fc4-d16a3e550b9d req-f6444bd1-475c-4fe1-9317-8566765612c7 e4f9f50b079d4b2fa968f05ba0d51db1 f1cfac412872484cb275d703c4221d42 - - 03dce30708164263aa0c6e51f940dfa2 03dce30708164263aa0c6e51f940dfa2] 199.204.45.229 "GET /v2.0/floatingips?fixed_ip_address=10.2.1.224&port_id=01bda432-4b8e-495f-a45e-c61840349253 HTTP/1.1" status: 200 len: 217 time: 0.0332699
2026-06-03 01:02:20.553 10 INFO neutron.wsgi [req-e92710db-57fa-4752-8fc4-d16a3e550b9d req-2a0b605a-278d-4b4a-9448-21094e5afa42 e4f9f50b079d4b2fa968f05ba0d51db1 f1cfac412872484cb275d703c4221d42 - - 03dce30708164263aa0c6e51f940dfa2 03dce30708164263aa0c6e51f940dfa2] 199.204.45.229 "GET /v2.0/floatingips?fixed_ip_address=fd7b%3Af9f7%3Afff%3A4eca%3A%3A29b&port_id=01bda432-4b8e-495f-a45e-c61840349253 HTTP/1.1" status: 200 len: 217 time: 0.0370204
2026-06-03 01:02:20.561 9 INFO neutron.wsgi [None req-66d26e42-f196-44f5-9951-37170994e125 f09086a8e55549f78e4dc745c1a05410 c7cc456029a349cc970ce5739e575751 - - default default] 10.0.0.147 "GET /v2.0/security-group-rules HTTP/1.1" status: 200 len: 4113 time: 0.0856240
2026-06-03 01:02:20.615 10 INFO neutron.wsgi [req-e92710db-57fa-4752-8fc4-d16a3e550b9d req-d7c37615-fc0e-46d3-93ae-78f9afb21f82 e4f9f50b079d4b2fa968f05ba0d51db1 f1cfac412872484cb275d703c4221d42 - - 03dce30708164263aa0c6e51f940dfa2 03dce30708164263aa0c6e51f940dfa2] 199.204.45.229 "GET /v2.0/subnets?id=240d6df0-674c-46ba-9876-93a03e425060&id=7cd527df-9d4d-4969-bf10-555fcbaf1d8b HTTP/1.1" status: 200 len: 1562 time: 0.0566661
2026-06-03 01:02:20.685 10 INFO neutron.wsgi [req-e92710db-57fa-4752-8fc4-d16a3e550b9d req-718b5f91-371c-44e9-ae19-c80a7cae1452 e4f9f50b079d4b2fa968f05ba0d51db1 f1cfac412872484cb275d703c4221d42 - - 03dce30708164263aa0c6e51f940dfa2 03dce30708164263aa0c6e51f940dfa2] 199.204.45.229 "GET /v2.0/ports?network_id=591db22d-bc12-4ad9-8d87-ff5e4dd3d91b&device_owner=network%3Adhcp HTTP/1.1" status: 200 len: 210 time: 0.0534484
2026-06-03 01:02:20.727 10 INFO neutron.wsgi [req-e92710db-57fa-4752-8fc4-d16a3e550b9d req-50afe69e-27dc-4450-b437-ec1c8adbfeef e4f9f50b079d4b2fa968f05ba0d51db1 f1cfac412872484cb275d703c4221d42 - - 03dce30708164263aa0c6e51f940dfa2 03dce30708164263aa0c6e51f940dfa2] 199.204.45.229 "GET /v2.0/ports?network_id=591db22d-bc12-4ad9-8d87-ff5e4dd3d91b&device_owner=network%3Adhcp HTTP/1.1" status: 200 len: 210 time: 0.0369351
2026-06-03 01:02:20.766 10 INFO neutron.db.ovn_revision_numbers_db [None req-5936e3c6-0267-40b7-866e-677d10bd45c4 31fc695eae8246d29d2070798feb98a7 570851abe6974fd19b23adfefd28bc44 - - default default] Successfully bumped revision number for resource 763c70d2-4494-4942-be1c-fdc8f954be88 (type: routers) to 1
2026-06-03 01:02:21.050 10 INFO neutron.wsgi [None req-5936e3c6-0267-40b7-866e-677d10bd45c4 31fc695eae8246d29d2070798feb98a7 570851abe6974fd19b23adfefd28bc44 - - default default] 10.0.0.147 "POST /v2.0/routers HTTP/1.1" status: 201 len: 691 time: 0.5540936
2026-06-03 01:02:21.073 10 INFO neutron.wsgi [req-e92710db-57fa-4752-8fc4-d16a3e550b9d req-1c9062ab-db20-46da-aea4-485177d04483 e4f9f50b079d4b2fa968f05ba0d51db1 f1cfac412872484cb275d703c4221d42 - - 03dce30708164263aa0c6e51f940dfa2 03dce30708164263aa0c6e51f940dfa2] 199.204.45.229 "GET /v2.0/networks/591db22d-bc12-4ad9-8d87-ff5e4dd3d91b?fields=segments HTTP/1.1" status: 200 len: 212 time: 0.3287649
2026-06-03 01:02:21.107 10 INFO neutron.wsgi [None req-304e45cc-6575-4b16-8748-94818f6cf7c9 f09086a8e55549f78e4dc745c1a05410 c7cc456029a349cc970ce5739e575751 - - default default] 10.0.0.147 "DELETE /v2.0/security-group-rules/0fff858a-fd97-4411-a6ff-debbee6c0060 HTTP/1.1" status: 204 len: 168 time: 0.5396068
2026-06-03 01:02:21.145 10 INFO neutron.wsgi [req-e92710db-57fa-4752-8fc4-d16a3e550b9d req-42423cd6-2cf6-4c34-a81f-5fbb27124c34 e4f9f50b079d4b2fa968f05ba0d51db1 f1cfac412872484cb275d703c4221d42 - - 03dce30708164263aa0c6e51f940dfa2 03dce30708164263aa0c6e51f940dfa2] 199.204.45.229 "GET /v2.0/networks/591db22d-bc12-4ad9-8d87-ff5e4dd3d91b?fields=provider%3Aphysical_network&fields=provider%3Anetwork_type HTTP/1.1" status: 200 len: 277 time: 0.0640481
2026-06-03 01:02:21.194 9 INFO neutron.wsgi [None req-852d0e00-8f50-49f2-909b-230494e7c70f f09086a8e55549f78e4dc745c1a05410 c7cc456029a349cc970ce5739e575751 - - default default] 10.0.0.147 "GET /v2.0/security-group-rules HTTP/1.1" status: 200 len: 3567 time: 0.0752378
2026-06-03 01:02:21.218 9 WARNING neutron_lib.context [None req-25d3aab4-e094-4c53-9ecb-2cd162c28d72 f09086a8e55549f78e4dc745c1a05410 c7cc456029a349cc970ce5739e575751 - - default default] Method 'is_advsvc' is deprecated since 2023.2 release (neutron-lib 3.8.0) and will be removed once support for the old RBAC API policies will be removed from Neutron. Please use method 'is_service_role' instead.
2026-06-03 01:02:21.445 10 INFO neutron.plugins.ml2.drivers.ovn.mech_driver.mech_driver [None req-bf352f2c-453a-4c5c-b334-3aa067612f32 - - - - - -] OVN reports status up for port: 01bda432-4b8e-495f-a45e-c61840349253
2026-06-03 01:02:21.459 10 INFO neutron.notifiers.nova [-] Nova event matching ['req-c64916a2-6281-4f70-a681-debea90a2b68'] response: {'name': 'network-changed', 'server_uuid': '692e2c8a-e4ce-4f92-a4ff-2a8cabd82889', 'tag': '01bda432-4b8e-495f-a45e-c61840349253', 'status': 'completed', 'code': 200}
2026-06-03 01:02:21.460 10 INFO neutron.plugins.ml2.plugin [None req-bf352f2c-453a-4c5c-b334-3aa067612f32 - - - - - -] Attempt 1 to provision port 01bda432-4b8e-495f-a45e-c61840349253
2026-06-03 01:02:21.470 9 INFO neutron.db.ovn_revision_numbers_db [None req-25d3aab4-e094-4c53-9ecb-2cd162c28d72 f09086a8e55549f78e4dc745c1a05410 c7cc456029a349cc970ce5739e575751 - - default default] Successfully bumped revision number for resource 5be429d8-7060-40e3-b155-373baef8cae1 (type: security_group_rules) to 0
2026-06-03 01:02:21.525 9 INFO neutron.wsgi [None req-25d3aab4-e094-4c53-9ecb-2cd162c28d72 f09086a8e55549f78e4dc745c1a05410 c7cc456029a349cc970ce5739e575751 - - default default] 10.0.0.147 "POST /v2.0/security-group-rules HTTP/1.1" status: 201 len: 769 time: 0.3245363
2026-06-03 01:02:21.553 10 INFO neutron.wsgi [req-e2662103-2925-4076-9861-8da463297b59 req-6df7e1c2-7a75-4df1-905a-9eddc3d24e39 e4f9f50b079d4b2fa968f05ba0d51db1 f1cfac412872484cb275d703c4221d42 - - 03dce30708164263aa0c6e51f940dfa2 03dce30708164263aa0c6e51f940dfa2] 199.204.45.229 "GET /v2.0/ports?tenant_id=fba0f68591344b598979f4d03399f3c5&device_id=692e2c8a-e4ce-4f92-a4ff-2a8cabd82889 HTTP/1.1" status: 200 len: 1636 time: 0.0712752
2026-06-03 01:02:21.581 10 INFO neutron.wsgi [None req-809ecfe5-f379-434f-a3db-0e35a7b65a24 f09086a8e55549f78e4dc745c1a05410 c7cc456029a349cc970ce5739e575751 - - default default] 10.0.0.147 "GET /v2.0/security-group-rules/5be429d8-7060-40e3-b155-373baef8cae1 HTTP/1.1" status: 200 len: 764 time: 0.0499570
2026-06-03 01:02:21.647 9 WARNING neutron.scheduler.dhcp_agent_scheduler [None req-a0d29ba7-627a-4820-80a3-6720fcc0c8cb 31fc695eae8246d29d2070798feb98a7 570851abe6974fd19b23adfefd28bc44 - - default default] No more DHCP agents
2026-06-03 01:02:21.652 9 WARNING neutron.api.rpc.agentnotifiers.dhcp_rpc_agent_api [None req-a0d29ba7-627a-4820-80a3-6720fcc0c8cb 31fc695eae8246d29d2070798feb98a7 570851abe6974fd19b23adfefd28bc44 - - default default] Unable to schedule network e18c14dd-858e-483e-ab6d-d4d89c21fe65: no agents available; will retry on subsequent port and subnet creation events.
2026-06-03 01:02:21.677 10 INFO neutron.wsgi [None req-e193abb8-52bc-474f-82e8-d37e5df00f73 f09086a8e55549f78e4dc745c1a05410 c7cc456029a349cc970ce5739e575751 - - default default] 10.0.0.147 "GET /v2.0/security-group-rules HTTP/1.1" status: 200 len: 4114 time: 0.0866005
2026-06-03 01:02:21.687 10 INFO neutron.wsgi [req-e2662103-2925-4076-9861-8da463297b59 req-9f9f39f6-29c6-4e22-96ad-7cea371fcbd5 e4f9f50b079d4b2fa968f05ba0d51db1 f1cfac412872484cb275d703c4221d42 - - 03dce30708164263aa0c6e51f940dfa2 03dce30708164263aa0c6e51f940dfa2] 199.204.45.229 "GET /v2.0/networks?id=591db22d-bc12-4ad9-8d87-ff5e4dd3d91b HTTP/1.1" status: 200 len: 1002 time: 0.1277101
2026-06-03 01:02:21.723 10 INFO neutron.wsgi [req-e2662103-2925-4076-9861-8da463297b59 req-2d307cec-550a-4f56-ba62-ffbc05d872c0 e4f9f50b079d4b2fa968f05ba0d51db1 f1cfac412872484cb275d703c4221d42 - - 03dce30708164263aa0c6e51f940dfa2 03dce30708164263aa0c6e51f940dfa2] 199.204.45.229 "GET /v2.0/floatingips?fixed_ip_address=10.2.1.224&port_id=01bda432-4b8e-495f-a45e-c61840349253 HTTP/1.1" status: 200 len: 217 time: 0.0285022
2026-06-03 01:02:21.722 9 WARNING neutron.plugins.ml2.drivers.ovn.mech_driver.ovsdb.ovn_client [None req-2eeaa632-5493-44e3-a71c-72f4eb284b18 - - - - - -] No hosting information found for port a54d96ec-db8a-405d-b34d-8c0b9815d521: RuntimeError: No hosting information found for port a54d96ec-db8a-405d-b34d-8c0b9815d521
2026-06-03 01:02:21.770 10 INFO neutron.wsgi [req-e2662103-2925-4076-9861-8da463297b59 req-2e31bf4e-3e31-4f3a-8ee1-8ba69e55157d e4f9f50b079d4b2fa968f05ba0d51db1 f1cfac412872484cb275d703c4221d42 - - 03dce30708164263aa0c6e51f940dfa2 03dce30708164263aa0c6e51f940dfa2] 199.204.45.229 "GET /v2.0/floatingips?fixed_ip_address=fd7b%3Af9f7%3Afff%3A4eca%3A%3A29b&port_id=01bda432-4b8e-495f-a45e-c61840349253 HTTP/1.1" status: 200 len: 217 time: 0.0350759
2026-06-03 01:02:21.806 9 INFO neutron.db.ovn_revision_numbers_db [None req-a0d29ba7-627a-4820-80a3-6720fcc0c8cb 31fc695eae8246d29d2070798feb98a7 570851abe6974fd19b23adfefd28bc44 - - default default] Successfully bumped revision number for resource 8266f1d9-f451-46d4-b536-0ead7a2f8bd4 (type: ports) to 1
2026-06-03 01:02:21.836 10 INFO neutron.wsgi [req-e2662103-2925-4076-9861-8da463297b59 req-c6a21c8c-aca7-4b7f-992e-5350f42b5e56 e4f9f50b079d4b2fa968f05ba0d51db1 f1cfac412872484cb275d703c4221d42 - - 03dce30708164263aa0c6e51f940dfa2 03dce30708164263aa0c6e51f940dfa2] 199.204.45.229 "GET /v2.0/subnets?id=240d6df0-674c-46ba-9876-93a03e425060&id=7cd527df-9d4d-4969-bf10-555fcbaf1d8b HTTP/1.1" status: 200 len: 1562 time: 0.0583487
2026-06-03 01:02:21.881 10 INFO neutron.wsgi [req-e2662103-2925-4076-9861-8da463297b59 req-258d2cc8-6a41-41db-9f7d-e46f2e63f2a9 e4f9f50b079d4b2fa968f05ba0d51db1 f1cfac412872484cb275d703c4221d42 - - 03dce30708164263aa0c6e51f940dfa2 03dce30708164263aa0c6e51f940dfa2] 199.204.45.229 "GET /v2.0/ports?network_id=591db22d-bc12-4ad9-8d87-ff5e4dd3d91b&device_owner=network%3Adhcp HTTP/1.1" status: 200 len: 210 time: 0.0295613
2026-06-03 01:02:21.921 10 INFO neutron.wsgi [req-e2662103-2925-4076-9861-8da463297b59 req-f43a8c82-fbe5-4645-bc51-a658a7b984fa e4f9f50b079d4b2fa968f05ba0d51db1 f1cfac412872484cb275d703c4221d42 - - 03dce30708164263aa0c6e51f940dfa2 03dce30708164263aa0c6e51f940dfa2] 199.204.45.229 "GET /v2.0/ports?network_id=591db22d-bc12-4ad9-8d87-ff5e4dd3d91b&device_owner=network%3Adhcp HTTP/1.1" status: 200 len: 210 time: 0.0309792
2026-06-03 01:02:22.037 10 INFO neutron.wsgi [None req-1ff334ef-579f-4f1a-9f4d-e76694f77438 f09086a8e55549f78e4dc745c1a05410 c7cc456029a349cc970ce5739e575751 - - default default] 10.0.0.147 "DELETE /v2.0/security-group-rules/5be429d8-7060-40e3-b155-373baef8cae1 HTTP/1.1" status: 204 len: 168 time: 0.3495295
2026-06-03 01:02:22.057 10 INFO neutron.wsgi [req-e2662103-2925-4076-9861-8da463297b59 req-44aac01f-7198-4c7b-bac5-7751e08b6fa9 e4f9f50b079d4b2fa968f05ba0d51db1 f1cfac412872484cb275d703c4221d42 - - 03dce30708164263aa0c6e51f940dfa2 03dce30708164263aa0c6e51f940dfa2] 199.204.45.229 "GET /v2.0/networks/591db22d-bc12-4ad9-8d87-ff5e4dd3d91b?fields=segments HTTP/1.1" status: 200 len: 212 time: 0.1281061
2026-06-03 01:02:22.095 10 INFO neutron.db.ovn_revision_numbers_db [None req-bf352f2c-453a-4c5c-b334-3aa067612f32 - - - - - -] Successfully bumped revision number for resource 01bda432-4b8e-495f-a45e-c61840349253 (type: ports) to 4
2026-06-03 01:02:22.119 10 INFO neutron.wsgi [None req-7620bd77-4914-4c69-b5e7-90617099a1a7 f09086a8e55549f78e4dc745c1a05410 c7cc456029a349cc970ce5739e575751 - - default default] 10.0.0.147 "GET /v2.0/security-group-rules HTTP/1.1" status: 200 len: 3567 time: 0.0737131
2026-06-03 01:02:22.174 10 INFO neutron.wsgi [req-e2662103-2925-4076-9861-8da463297b59 req-4d688ea3-4dd9-4e90-9d3e-71edf6410ceb e4f9f50b079d4b2fa968f05ba0d51db1 f1cfac412872484cb275d703c4221d42 - - 03dce30708164263aa0c6e51f940dfa2 03dce30708164263aa0c6e51f940dfa2] 199.204.45.229 "GET /v2.0/networks/591db22d-bc12-4ad9-8d87-ff5e4dd3d91b?fields=provider%3Aphysical_network&fields=provider%3Anetwork_type HTTP/1.1" status: 200 len: 277 time: 0.1104157
2026-06-03 01:02:22.263 10 INFO neutron.plugins.ml2.drivers.ovn.mech_driver.mech_driver [None req-bf352f2c-453a-4c5c-b334-3aa067612f32 - - - - - -] OVN reports status up for port: 8266f1d9-f451-46d4-b536-0ead7a2f8bd4
2026-06-03 01:02:22.275 10 INFO neutron.plugins.ml2.plugin [None req-bf352f2c-453a-4c5c-b334-3aa067612f32 - - - - - -] Attempt 1 to provision port 8266f1d9-f451-46d4-b536-0ead7a2f8bd4
2026-06-03 01:02:22.293 9 INFO neutron.db.ovn_revision_numbers_db [None req-a0d29ba7-627a-4820-80a3-6720fcc0c8cb 31fc695eae8246d29d2070798feb98a7 570851abe6974fd19b23adfefd28bc44 - - default default] Successfully bumped revision number for resource 8266f1d9-f451-46d4-b536-0ead7a2f8bd4 (type: router_ports) to 1
2026-06-03 01:02:22.324 9 INFO neutron.wsgi [None req-acbb10bb-a38b-43cd-a9d9-23bce0819a31 f09086a8e55549f78e4dc745c1a05410 c7cc456029a349cc970ce5739e575751 - - default default] 10.0.0.147 "DELETE /v2.0/security-groups/9859d6af-c480-43f1-b36b-1326f93c83c8 HTTP/1.1" status: 204 len: 168 time: 0.1987462
2026-06-03 01:02:22.391 9 INFO neutron.wsgi [None req-40abe90a-fef1-4bc1-940e-806d9f2d4d27 f09086a8e55549f78e4dc745c1a05410 c7cc456029a349cc970ce5739e575751 - - default default] 10.0.0.147 "GET /v2.0/security-groups HTTP/1.1" status: 200 len: 2996 time: 0.0624089
2026-06-03 01:02:22.454 9 INFO neutron.wsgi [None req-016de75e-aa1b-4839-9400-45109420476d f09086a8e55549f78e4dc745c1a05410 c7cc456029a349cc970ce5739e575751 - - default default] 10.0.0.147 "GET /v2.0/security-groups HTTP/1.1" status: 200 len: 2996 time: 0.0550649
2026-06-03 01:02:22.454 9 INFO neutron.db.ovn_revision_numbers_db [None req-a0d29ba7-627a-4820-80a3-6720fcc0c8cb 31fc695eae8246d29d2070798feb98a7 570851abe6974fd19b23adfefd28bc44 - - default default] Successfully bumped revision number for resource 8266f1d9-f451-46d4-b536-0ead7a2f8bd4 (type: ports) to 1
2026-06-03 01:02:22.547 9 WARNING neutron.scheduler.dhcp_agent_scheduler [None req-a0d29ba7-627a-4820-80a3-6720fcc0c8cb 31fc695eae8246d29d2070798feb98a7 570851abe6974fd19b23adfefd28bc44 - - default default] No more DHCP agents
2026-06-03 01:02:22.549 9 WARNING neutron.api.rpc.agentnotifiers.dhcp_rpc_agent_api [None req-a0d29ba7-627a-4820-80a3-6720fcc0c8cb 31fc695eae8246d29d2070798feb98a7 570851abe6974fd19b23adfefd28bc44 - - default default] Unable to schedule network e18c14dd-858e-483e-ab6d-d4d89c21fe65: no agents available; will retry on subsequent port and subnet creation events.
2026-06-03 01:02:22.605 10 INFO neutron.db.ovn_revision_numbers_db [None req-bf352f2c-453a-4c5c-b334-3aa067612f32 - - - - - -] Successfully bumped revision number for resource 8266f1d9-f451-46d4-b536-0ead7a2f8bd4 (type: ports) to 2
2026-06-03 01:02:22.697 9 INFO neutron.db.ovn_revision_numbers_db [None req-a0d29ba7-627a-4820-80a3-6720fcc0c8cb 31fc695eae8246d29d2070798feb98a7 570851abe6974fd19b23adfefd28bc44 - - default default] Successfully bumped revision number for resource 8266f1d9-f451-46d4-b536-0ead7a2f8bd4 (type: router_ports) to 2
2026-06-03 01:02:22.700 9 INFO neutron.wsgi [None req-a0d29ba7-627a-4820-80a3-6720fcc0c8cb 31fc695eae8246d29d2070798feb98a7 570851abe6974fd19b23adfefd28bc44 - - default default] 10.0.0.147 "PUT /v2.0/routers/763c70d2-4494-4942-be1c-fdc8f954be88/add_router_interface HTTP/1.1" status: 200 len: 503 time: 1.6429157
2026-06-03 01:02:22.703 10 INFO neutron.db.ovn_revision_numbers_db [None req-bf352f2c-453a-4c5c-b334-3aa067612f32 - - - - - -] Successfully bumped revision number for resource 8266f1d9-f451-46d4-b536-0ead7a2f8bd4 (type: router_ports) to 2 /var/lib/openstack/lib/python3.10/site-packages/pycadf/identifier.py:71: UserWarning: Invalid uuid: neutron. To ensure interoperability, identifiers should be a valid uuid. warnings.warn(('Invalid uuid: %s. To ensure interoperability, '
2026-06-03 01:02:22.743 9 INFO neutron.wsgi [None req-994dedca-b229-439c-a3c6-0d785fe4f66f 31fc695eae8246d29d2070798feb98a7 570851abe6974fd19b23adfefd28bc44 - - default default] 10.0.0.147 "GET /v2.0/ports/8266f1d9-f451-46d4-b536-0ead7a2f8bd4 HTTP/1.1" status: 200 len: 1141 time: 0.0371201
2026-06-03 01:02:22.855 10 INFO neutron.wsgi [req-d1297eb4-30b8-441b-9e06-4e5967b2b0ac req-5cc3efb9-d6be-463a-a0ef-d8546d15bd92 a4e26a8eccc84c0e99b9714950b6853e fba0f68591344b598979f4d03399f3c5 - - default default] 10.0.0.125 "GET /v2.0/ports?device_id=692e2c8a-e4ce-4f92-a4ff-2a8cabd82889 HTTP/1.1" status: 200 len: 1400 time: 0.1158841
2026-06-03 01:02:22.919 10 INFO neutron.wsgi [req-d1297eb4-30b8-441b-9e06-4e5967b2b0ac req-6696c563-a77f-4a3f-8060-d53097e51e8a a4e26a8eccc84c0e99b9714950b6853e fba0f68591344b598979f4d03399f3c5 - - default default] 10.0.0.125 "GET /v2.0/security-groups?id=b6ffc89a-69d9-4e03-be51-10b4b4a522f1&fields=id&fields=name HTTP/1.1" status: 200 len: 311 time: 0.0570004
2026-06-03 01:02:23.168 10 INFO neutron.wsgi [None req-30e05ec4-d0ec-4083-a219-2ce07de47cff a607a8cc56ee4a918facbb451c0e3831 16b608c7e5a0466292a36f2607bd47a5 - - default default] 10.0.0.147 "GET /v2.0/security-groups?tenant_id=c7cc456029a349cc970ce5739e575751&name=default HTTP/1.1" status: 200 len: 2996 time: 0.1548688
2026-06-03 01:02:23.420 10 INFO neutron.wsgi [None req-7d21fd74-7da5-47ae-b8a6-15e546395d65 a607a8cc56ee4a918facbb451c0e3831 16b608c7e5a0466292a36f2607bd47a5 - - default default] 10.0.0.147 "DELETE /v2.0/security-groups/48e23111-1b13-4a48-886a-13a258a0619b HTTP/1.1" status: 204 len: 168 time: 0.2473452
2026-06-03 01:02:23.502 10 INFO neutron.notifiers.nova [-] Nova event matching ['req-4da50bac-c165-45c7-b5ad-f1882424116c'] response: {'server_uuid': '692e2c8a-e4ce-4f92-a4ff-2a8cabd82889', 'name': 'network-vif-plugged', 'status': 'completed', 'tag': '01bda432-4b8e-495f-a45e-c61840349253', 'code': 200}
2026-06-03 01:02:23.502 10 INFO neutron.notifiers.nova [-] Nova event matching ['req-4da50bac-c165-45c7-b5ad-f1882424116c'] response: {'server_uuid': '692e2c8a-e4ce-4f92-a4ff-2a8cabd82889', 'name': 'network-vif-plugged', 'status': 'completed', 'tag': '01bda432-4b8e-495f-a45e-c61840349253', 'code': 200}
2026-06-03 01:02:23.699 9 WARNING neutron.scheduler.dhcp_agent_scheduler [None req-41a99f97-91c8-4001-b49c-eddd0d96e542 31fc695eae8246d29d2070798feb98a7 570851abe6974fd19b23adfefd28bc44 - - default default] No more DHCP agents
2026-06-03 01:02:23.703 9 WARNING neutron.api.rpc.agentnotifiers.dhcp_rpc_agent_api [None req-41a99f97-91c8-4001-b49c-eddd0d96e542 31fc695eae8246d29d2070798feb98a7 570851abe6974fd19b23adfefd28bc44 - - default default] Unable to schedule network 32d19ae7-e2f4-4f14-8d07-834667e0fe71: no agents available; will retry on subsequent port and subnet creation events.
2026-06-03 01:02:23.828 9 INFO neutron.db.ovn_revision_numbers_db [None req-41a99f97-91c8-4001-b49c-eddd0d96e542 31fc695eae8246d29d2070798feb98a7 570851abe6974fd19b23adfefd28bc44 - - default default] Successfully bumped revision number for resource 18be3572-6d76-41e3-83f7-966ccff5a407 (type: ports) to 1
2026-06-03 01:02:24.353 9 INFO neutron.db.ovn_revision_numbers_db [None req-41a99f97-91c8-4001-b49c-eddd0d96e542 31fc695eae8246d29d2070798feb98a7 570851abe6974fd19b23adfefd28bc44 - - default default] Successfully bumped revision number for resource 18be3572-6d76-41e3-83f7-966ccff5a407 (type: router_ports) to 1
2026-06-03 01:02:24.470 9 INFO neutron.db.ovn_revision_numbers_db [None req-41a99f97-91c8-4001-b49c-eddd0d96e542 31fc695eae8246d29d2070798feb98a7 570851abe6974fd19b23adfefd28bc44 - - default default] Successfully bumped revision number for resource 18be3572-6d76-41e3-83f7-966ccff5a407 (type: ports) to 1
2026-06-03 01:02:24.559 9 WARNING neutron.scheduler.dhcp_agent_scheduler [None req-41a99f97-91c8-4001-b49c-eddd0d96e542 31fc695eae8246d29d2070798feb98a7 570851abe6974fd19b23adfefd28bc44 - - default default] No more DHCP agents
2026-06-03 01:02:24.560 9 WARNING neutron.api.rpc.agentnotifiers.dhcp_rpc_agent_api [None req-41a99f97-91c8-4001-b49c-eddd0d96e542 31fc695eae8246d29d2070798feb98a7 570851abe6974fd19b23adfefd28bc44 - - default default] Unable to schedule network 32d19ae7-e2f4-4f14-8d07-834667e0fe71: no agents available; will retry on subsequent port and subnet creation events.
2026-06-03 01:02:24.738 9 INFO neutron.db.ovn_revision_numbers_db [None req-41a99f97-91c8-4001-b49c-eddd0d96e542 31fc695eae8246d29d2070798feb98a7 570851abe6974fd19b23adfefd28bc44 - - default default] Successfully bumped revision number for resource 18be3572-6d76-41e3-83f7-966ccff5a407 (type: router_ports) to 1
2026-06-03 01:02:24.741 9 INFO neutron.wsgi [None req-41a99f97-91c8-4001-b49c-eddd0d96e542 31fc695eae8246d29d2070798feb98a7 570851abe6974fd19b23adfefd28bc44 - - default default] 10.0.0.147 "PUT /v2.0/routers/763c70d2-4494-4942-be1c-fdc8f954be88/add_router_interface HTTP/1.1" status: 200 len: 503 time: 1.9925692
2026-06-03 01:02:24.791 9 INFO neutron.wsgi [None req-f3d78774-1dd6-4651-849a-49febbe66231 31fc695eae8246d29d2070798feb98a7 570851abe6974fd19b23adfefd28bc44 - - default default] 10.0.0.147 "GET /v2.0/ports/18be3572-6d76-41e3-83f7-966ccff5a407 HTTP/1.1" status: 200 len: 1147 time: 0.0449362
2026-06-03 01:02:24.859 9 INFO neutron.wsgi [None req-f0ea7841-6819-4170-87c3-37e17b89c497 31fc695eae8246d29d2070798feb98a7 570851abe6974fd19b23adfefd28bc44 - - default default] 10.0.0.147 "GET /v2.0/ports/18be3572-6d76-41e3-83f7-966ccff5a407 HTTP/1.1" status: 200 len: 1147 time: 0.0598047
2026-06-03 01:02:25.575 10 WARNING neutron_lib.context [None req-563036a3-778a-4db4-ace4-93d090e6be75 51f9ae5bfa1441de825aca96fe9d336a bad949b6664742a4b373b3d97b07100c - - default default] Method 'is_advsvc' is deprecated since 2023.2 release (neutron-lib 3.8.0) and will be removed once support for the old RBAC API policies will be removed from Neutron. Please use method 'is_service_role' instead.
2026-06-03 01:02:25.646 10 INFO neutron.wsgi [None req-563036a3-778a-4db4-ace4-93d090e6be75 51f9ae5bfa1441de825aca96fe9d336a bad949b6664742a4b373b3d97b07100c - - default default] 10.0.0.147 "POST /v2.0/subnetpools HTTP/1.1" status: 201 len: 748 time: 0.2786996
2026-06-03 01:02:25.681 10 INFO neutron.wsgi [None req-2a13a319-2d48-472d-8a7d-2202e511e8ee 51f9ae5bfa1441de825aca96fe9d336a bad949b6664742a4b373b3d97b07100c - - default default] 10.0.0.147 "GET /v2.0/subnetpools/79b9f94f-41d7-43e6-a11f-458b07f1184e HTTP/1.1" status: 200 len: 743 time: 0.0293970
2026-06-03 01:02:25.774 10 INFO neutron.wsgi [None req-6e07960d-b26e-4cce-a137-70d94a98679c 51f9ae5bfa1441de825aca96fe9d336a bad949b6664742a4b373b3d97b07100c - - default default] 10.0.0.147 "PUT /v2.0/subnetpools/79b9f94f-41d7-43e6-a11f-458b07f1184e HTTP/1.1" status: 200 len: 694 time: 0.0866642
2026-06-03 01:02:25.852 10 INFO neutron.wsgi [None req-5b544e3f-d64e-4d6d-889d-dbda8f4247aa 51f9ae5bfa1441de825aca96fe9d336a bad949b6664742a4b373b3d97b07100c - - default default] 10.0.0.147 "DELETE /v2.0/subnetpools/79b9f94f-41d7-43e6-a11f-458b07f1184e HTTP/1.1" status: 204 len: 168 time: 0.0715060
2026-06-03 01:02:25.870 10 INFO neutron.api.v2.resource [None req-e145927f-b69d-4c5a-a363-d0d5415783c3 51f9ae5bfa1441de825aca96fe9d336a bad949b6664742a4b373b3d97b07100c - - default default] show failed (client error): The resource could not be found.
2026-06-03 01:02:25.872 10 INFO neutron.wsgi [None req-e145927f-b69d-4c5a-a363-d0d5415783c3 51f9ae5bfa1441de825aca96fe9d336a bad949b6664742a4b373b3d97b07100c - - default default] 10.0.0.147 "GET /v2.0/subnetpools/79b9f94f-41d7-43e6-a11f-458b07f1184e HTTP/1.1" status: 404 len: 346 time: 0.0150859
2026-06-03 01:02:25.895 10 INFO neutron.api.v2.resource [None req-e2b1847b-ce46-4136-8832-f6b535a38712 51f9ae5bfa1441de825aca96fe9d336a bad949b6664742a4b373b3d97b07100c - - default default] delete failed (client error): The resource could not be found.
2026-06-03 01:02:25.896 10 INFO neutron.wsgi [None req-e2b1847b-ce46-4136-8832-f6b535a38712 51f9ae5bfa1441de825aca96fe9d336a bad949b6664742a4b373b3d97b07100c - - default default] 10.0.0.147 "DELETE /v2.0/subnetpools/79b9f94f-41d7-43e6-a11f-458b07f1184e HTTP/1.1" status: 404 len: 346 time: 0.0178649
2026-06-03 01:02:25.996 9 INFO neutron.wsgi [None req-39387956-43ca-4e06-9fac-d40ed9542b43 31fc695eae8246d29d2070798feb98a7 570851abe6974fd19b23adfefd28bc44 - - default default] 10.0.0.147 "GET /v2.0/ports/18be3572-6d76-41e3-83f7-966ccff5a407 HTTP/1.1" status: 200 len: 1147 time: 0.1304049
2026-06-03 01:02:26.497 9 INFO neutron.wsgi [-] 10.0.0.209 "GET / HTTP/1.1" status: 200 len: 247 time: 0.0029683
2026-06-03 01:02:26.500 9 INFO neutron.wsgi [-] 10.0.0.209 "GET / HTTP/1.1" status: 200 len: 247 time: 0.0012167
2026-06-03 01:02:26.725 10 INFO neutron.db.ovn_revision_numbers_db [None req-7254d131-29be-4326-beeb-2366ca0e5890 a607a8cc56ee4a918facbb451c0e3831 16b608c7e5a0466292a36f2607bd47a5 - - default default] Successfully bumped revision number for resource bf6d3bc9-2b4d-4e3b-8953-509ed43f419d (type: security_groups) to 1
2026-06-03 01:02:26.743 10 INFO neutron.db.ovn_revision_numbers_db [None req-7254d131-29be-4326-beeb-2366ca0e5890 a607a8cc56ee4a918facbb451c0e3831 16b608c7e5a0466292a36f2607bd47a5 - - default default] Successfully bumped revision number for resource 31e6c933-148e-4619-b73a-92462e9420ee (type: security_group_rules) to 0
2026-06-03 01:02:26.771 10 INFO neutron.db.ovn_revision_numbers_db [None req-7254d131-29be-4326-beeb-2366ca0e5890 a607a8cc56ee4a918facbb451c0e3831 16b608c7e5a0466292a36f2607bd47a5 - - default default] Successfully bumped revision number for resource 52f3c44a-b831-48d5-8940-93453df59b1b (type: security_group_rules) to 0
2026-06-03 01:02:26.796 10 INFO neutron.db.ovn_revision_numbers_db [None req-7254d131-29be-4326-beeb-2366ca0e5890 a607a8cc56ee4a918facbb451c0e3831 16b608c7e5a0466292a36f2607bd47a5 - - default default] Successfully bumped revision number for resource 6a966c93-0ea0-49e9-a7c7-edb216e4c901 (type: security_group_rules) to 0
2026-06-03 01:02:26.818 10 INFO neutron.db.ovn_revision_numbers_db [None req-7254d131-29be-4326-beeb-2366ca0e5890 a607a8cc56ee4a918facbb451c0e3831 16b608c7e5a0466292a36f2607bd47a5 - - default default] Successfully bumped revision number for resource fee5dad4-a75b-4b0f-87d4-e5918bc64a5a (type: security_group_rules) to 0
2026-06-03 01:02:26.843 10 INFO neutron.wsgi [None req-7254d131-29be-4326-beeb-2366ca0e5890 a607a8cc56ee4a918facbb451c0e3831 16b608c7e5a0466292a36f2607bd47a5 - - default default] 10.0.0.147 "GET /v2.0/security-groups?tenant_id=bad949b6664742a4b373b3d97b07100c&name=default HTTP/1.1" status: 200 len: 2996 time: 0.3847997
2026-06-03 01:02:27.135 10 INFO neutron.wsgi [None req-25ef4f27-e529-448a-8aa9-66a3d9196030 a607a8cc56ee4a918facbb451c0e3831 16b608c7e5a0466292a36f2607bd47a5 - - default default] 10.0.0.147 "DELETE /v2.0/security-groups/bf6d3bc9-2b4d-4e3b-8953-509ed43f419d HTTP/1.1" status: 204 len: 168 time: 0.2865345
2026-06-03 01:02:27.143 10 INFO neutron.wsgi [None req-45abe4ba-dfcf-4fbf-97b3-eb9be47d159f 31fc695eae8246d29d2070798feb98a7 570851abe6974fd19b23adfefd28bc44 - - default default] 10.0.0.147 "GET /v2.0/ports/18be3572-6d76-41e3-83f7-966ccff5a407 HTTP/1.1" status: 200 len: 1147 time: 0.1381001
2026-06-03 01:02:27.307 10 WARNING neutron.plugins.ml2.drivers.ovn.mech_driver.ovsdb.ovn_client [None req-bf352f2c-453a-4c5c-b334-3aa067612f32 - - - - - -] No hosting information found for port 8266f1d9-f451-46d4-b536-0ead7a2f8bd4: RuntimeError: No hosting information found for port 8266f1d9-f451-46d4-b536-0ead7a2f8bd4
2026-06-03 01:02:27.308 10 INFO neutron.plugins.ml2.drivers.ovn.mech_driver.mech_driver [None req-bf352f2c-453a-4c5c-b334-3aa067612f32 - - - - - -] OVN reports status up for port: 18be3572-6d76-41e3-83f7-966ccff5a407
2026-06-03 01:02:27.319 10 INFO neutron.plugins.ml2.plugin [None req-bf352f2c-453a-4c5c-b334-3aa067612f32 - - - - - -] Attempt 1 to provision port 18be3572-6d76-41e3-83f7-966ccff5a407
2026-06-03 01:02:27.616 10 INFO neutron.db.ovn_revision_numbers_db [None req-bf352f2c-453a-4c5c-b334-3aa067612f32 - - - - - -] Successfully bumped revision number for resource 18be3572-6d76-41e3-83f7-966ccff5a407 (type: ports) to 2
2026-06-03 01:02:27.726 10 INFO neutron.db.ovn_revision_numbers_db [None req-bf352f2c-453a-4c5c-b334-3aa067612f32 - - - - - -] Successfully bumped revision number for resource 18be3572-6d76-41e3-83f7-966ccff5a407 (type: router_ports) to 2
2026-06-03 01:02:28.102 10 INFO neutron.wsgi [req-a2d72aac-116e-43eb-ba0f-18737691afff req-4290d41c-3952-47d8-9e58-6adfe9fe7099 a4e26a8eccc84c0e99b9714950b6853e fba0f68591344b598979f4d03399f3c5 - - default default] 10.0.0.125 "GET /v2.0/ports?device_id=692e2c8a-e4ce-4f92-a4ff-2a8cabd82889 HTTP/1.1" status: 200 len: 1400 time: 0.1031060
2026-06-03 01:02:28.168 10 INFO neutron.wsgi [req-a2d72aac-116e-43eb-ba0f-18737691afff req-4093be06-c871-4ca8-89b8-935ccf366916 a4e26a8eccc84c0e99b9714950b6853e fba0f68591344b598979f4d03399f3c5 - - default default] 10.0.0.125 "GET /v2.0/security-groups?id=b6ffc89a-69d9-4e03-be51-10b4b4a522f1&fields=id&fields=name HTTP/1.1" status: 200 len: 311 time: 0.0588195
2026-06-03 01:02:28.206 10 INFO neutron.wsgi [None req-b10d654a-fed1-4610-880c-c046ac663d61 31fc695eae8246d29d2070798feb98a7 570851abe6974fd19b23adfefd28bc44 - - default default] 10.0.0.147 "GET /v2.0/ports/18be3572-6d76-41e3-83f7-966ccff5a407 HTTP/1.1" status: 200 len: 1149 time: 0.0551395
2026-06-03 01:02:28.372 9 INFO neutron.wsgi [None req-caa2583e-a3f8-4064-ade3-9f2af1f24de7 a4e26a8eccc84c0e99b9714950b6853e fba0f68591344b598979f4d03399f3c5 - - default default] 10.0.0.147 "GET /v2.0/ports?network_id=591db22d-bc12-4ad9-8d87-ff5e4dd3d91b&mac_address=fa%3A16%3A3e%3Acb%3A3a%3Ac0 HTTP/1.1" status: 200 len: 1395 time: 0.1740649
2026-06-03 01:02:28.383 9 WARNING neutron_lib.context [None req-a56f1bff-0f8c-46b3-ba95-bff4514d4c43 a4e26a8eccc84c0e99b9714950b6853e fba0f68591344b598979f4d03399f3c5 - - default default] Method 'is_advsvc' is deprecated since 2023.2 release (neutron-lib 3.8.0) and will be removed once support for the old RBAC API policies will be removed from Neutron. Please use method 'is_service_role' instead.
2026-06-03 01:02:28.733 9 WARNING neutron.scheduler.dhcp_agent_scheduler [None req-a56f1bff-0f8c-46b3-ba95-bff4514d4c43 a4e26a8eccc84c0e99b9714950b6853e fba0f68591344b598979f4d03399f3c5 - - default default] No more DHCP agents
2026-06-03 01:02:28.734 9 WARNING neutron.api.rpc.agentnotifiers.dhcp_rpc_agent_api [None req-a56f1bff-0f8c-46b3-ba95-bff4514d4c43 a4e26a8eccc84c0e99b9714950b6853e fba0f68591344b598979f4d03399f3c5 - - default default] Unable to schedule network 9750bfc4-d3f9-417e-855f-d6a046f2fe34: no agents available; will retry on subsequent port and subnet creation events.
2026-06-03 01:02:29.009 10 INFO neutron.wsgi [req-1d760868-4cd7-4a30-ab1a-0d5f291265d5 req-65fb43bb-127a-4b1e-a97c-b996ed7342d6 e4f9f50b079d4b2fa968f05ba0d51db1 f1cfac412872484cb275d703c4221d42 - - 03dce30708164263aa0c6e51f940dfa2 03dce30708164263aa0c6e51f940dfa2] 10.0.0.57 "GET /v2.0/ports?device_id=9c6dbc8e-be4a-416b-82c4-210bce2036b8 HTTP/1.1" status: 200 len: 1413 time: 0.0510478 /var/lib/openstack/lib/python3.10/site-packages/pycadf/identifier.py:71: UserWarning: Invalid uuid: neutron. To ensure interoperability, identifiers should be a valid uuid. warnings.warn(('Invalid uuid: %s. To ensure interoperability, '
2026-06-03 01:02:29.064 10 INFO neutron.wsgi [None req-6a02324b-975d-4b0c-91f5-b9107c949ee5 31fc695eae8246d29d2070798feb98a7 570851abe6974fd19b23adfefd28bc44 - - default default] 10.0.0.147 "PUT /v2.0/routers/763c70d2-4494-4942-be1c-fdc8f954be88/remove_router_interface HTTP/1.1" status: 200 len: 503 time: 0.8519065
2026-06-03 01:02:29.093 10 INFO neutron.wsgi [req-1d760868-4cd7-4a30-ab1a-0d5f291265d5 req-3c79f79e-6262-4a47-9ae2-8815cd31a662 e4f9f50b079d4b2fa968f05ba0d51db1 f1cfac412872484cb275d703c4221d42 - - 03dce30708164263aa0c6e51f940dfa2 03dce30708164263aa0c6e51f940dfa2] 10.0.0.57 "GET /v2.0/security-groups?id=c9278984-b32d-4a45-88cb-bcbcf6c1d77e&fields=id&fields=name HTTP/1.1" status: 200 len: 312 time: 0.0565507
2026-06-03 01:02:29.198 9 INFO neutron.wsgi [None req-1cb1516d-a8a6-497a-ad40-1376ee40afbf 31fc695eae8246d29d2070798feb98a7 570851abe6974fd19b23adfefd28bc44 - - default default] 10.0.0.147 "GET /v2.0/ports/8266f1d9-f451-46d4-b536-0ead7a2f8bd4 HTTP/1.1" status: 200 len: 1141 time: 0.1273415
2026-06-03 01:02:29.285 9 INFO neutron.db.l3_db [None req-a56f1bff-0f8c-46b3-ba95-bff4514d4c43 a4e26a8eccc84c0e99b9714950b6853e fba0f68591344b598979f4d03399f3c5 - - default default] Floating IP 7b1e0604-58f1-46bd-9102-781b938f00de associated. External IP: 10.96.250.203, port: 01bda432-4b8e-495f-a45e-c61840349253.
2026-06-03 01:02:29.495 9 INFO neutron.db.ovn_revision_numbers_db [None req-a56f1bff-0f8c-46b3-ba95-bff4514d4c43 a4e26a8eccc84c0e99b9714950b6853e fba0f68591344b598979f4d03399f3c5 - - default default] Successfully bumped revision number for resource 7b1e0604-58f1-46bd-9102-781b938f00de (type: floatingips) to 0
2026-06-03 01:02:29.658 9 INFO neutron.db.ovn_revision_numbers_db [None req-a56f1bff-0f8c-46b3-ba95-bff4514d4c43 a4e26a8eccc84c0e99b9714950b6853e fba0f68591344b598979f4d03399f3c5 - - default default] Successfully bumped revision number for resource 7b1e0604-58f1-46bd-9102-781b938f00de (type: floatingips) to 1
2026-06-03 01:02:29.703 9 INFO neutron.wsgi [None req-a56f1bff-0f8c-46b3-ba95-bff4514d4c43 a4e26a8eccc84c0e99b9714950b6853e fba0f68591344b598979f4d03399f3c5 - - default default] 10.0.0.147 "POST /v2.0/floatingips HTTP/1.1" status: 201 len: 1054 time: 1.3251557
2026-06-03 01:02:29.752 9 INFO neutron.notifiers.nova [-] Nova event matching ['req-c1cb8383-90f1-4e2b-aadb-d38f89db3664'] response: {'name': 'network-changed', 'server_uuid': '692e2c8a-e4ce-4f92-a4ff-2a8cabd82889', 'tag': '01bda432-4b8e-495f-a45e-c61840349253', 'status': 'completed', 'code': 200}
2026-06-03 01:02:30.191 10 INFO neutron.wsgi [req-8dd3f607-d370-4e0b-91b0-a81371e8ed86 req-c140b704-2571-4861-a21f-8e72a492b722 e4f9f50b079d4b2fa968f05ba0d51db1 f1cfac412872484cb275d703c4221d42 - - 03dce30708164263aa0c6e51f940dfa2 03dce30708164263aa0c6e51f940dfa2] 199.204.45.229 "GET /v2.0/ports?tenant_id=fba0f68591344b598979f4d03399f3c5&device_id=692e2c8a-e4ce-4f92-a4ff-2a8cabd82889 HTTP/1.1" status: 200 len: 1638 time: 0.4187939
2026-06-03 01:02:30.270 10 INFO neutron.wsgi [req-bf280f1a-0c75-4074-afe4-d527d3ac6f2e req-5e91b747-d449-455d-bbba-f35ecd33c6be a4e26a8eccc84c0e99b9714950b6853e fba0f68591344b598979f4d03399f3c5 - - default default] 10.0.0.125 "GET /v2.0/security-groups?name=tempest-lb_member_SG-1608050715&fields=id&tenant_id=fba0f68591344b598979f4d03399f3c5 HTTP/1.1" status: 200 len: 267 time: 0.4464707
2026-06-03 01:02:30.361 10 INFO neutron.wsgi [req-8dd3f607-d370-4e0b-91b0-a81371e8ed86 req-8f0974e0-a8c2-43a8-b7ea-c14906f44e70 e4f9f50b079d4b2fa968f05ba0d51db1 f1cfac412872484cb275d703c4221d42 - - 03dce30708164263aa0c6e51f940dfa2 03dce30708164263aa0c6e51f940dfa2] 199.204.45.229 "GET /v2.0/networks?id=591db22d-bc12-4ad9-8d87-ff5e4dd3d91b HTTP/1.1" status: 200 len: 1002 time: 0.1569436
2026-06-03 01:02:30.451 10 INFO neutron.wsgi [req-bf280f1a-0c75-4074-afe4-d527d3ac6f2e req-36800ce9-4b32-4fa4-8041-aeae6a91c0a4 a4e26a8eccc84c0e99b9714950b6853e fba0f68591344b598979f4d03399f3c5 - - default default] 10.0.0.125 "GET /v2.0/networks?id=30446712-b575-455f-b856-89a97031c87b HTTP/1.1" status: 200 len: 903 time: 0.1642168
2026-06-03 01:02:30.478 10 INFO neutron.wsgi [req-bf280f1a-0c75-4074-afe4-d527d3ac6f2e req-01db2e30-b9b1-4775-bed1-6836f18daf1d a4e26a8eccc84c0e99b9714950b6853e fba0f68591344b598979f4d03399f3c5 - - default default] 10.0.0.125 "GET /v2.0/quotas/fba0f68591344b598979f4d03399f3c5 HTTP/1.1" status: 200 len: 386 time: 0.0167344
2026-06-03 01:02:30.481 10 INFO neutron.wsgi [req-8dd3f607-d370-4e0b-91b0-a81371e8ed86 req-82fe930e-5bed-4602-a938-d2dd1feed16c e4f9f50b079d4b2fa968f05ba0d51db1 f1cfac412872484cb275d703c4221d42 - - 03dce30708164263aa0c6e51f940dfa2 03dce30708164263aa0c6e51f940dfa2] 199.204.45.229 "GET /v2.0/floatingips?fixed_ip_address=10.2.1.224&port_id=01bda432-4b8e-495f-a45e-c61840349253 HTTP/1.1" status: 200 len: 1059 time: 0.1121757 /var/lib/openstack/lib/python3.10/site-packages/pycadf/identifier.py:71: UserWarning: Invalid uuid: neutron. To ensure interoperability, identifiers should be a valid uuid. warnings.warn(('Invalid uuid: %s. To ensure interoperability, '
2026-06-03 01:02:30.569 10 INFO neutron.wsgi [req-8dd3f607-d370-4e0b-91b0-a81371e8ed86 req-ee249bed-4a13-4c1b-ba2f-c5cb49b256de e4f9f50b079d4b2fa968f05ba0d51db1 f1cfac412872484cb275d703c4221d42 - - 03dce30708164263aa0c6e51f940dfa2 03dce30708164263aa0c6e51f940dfa2] 199.204.45.229 "GET /v2.0/floatingips?fixed_ip_address=fd7b%3Af9f7%3Afff%3A4eca%3A%3A29b&port_id=01bda432-4b8e-495f-a45e-c61840349253 HTTP/1.1" status: 200 len: 217 time: 0.0539742
2026-06-03 01:02:30.577 10 INFO neutron.wsgi [None req-1b906f5c-fc46-409b-92f3-79b0e3f22708 31fc695eae8246d29d2070798feb98a7 570851abe6974fd19b23adfefd28bc44 - - default default] 10.0.0.147 "PUT /v2.0/routers/763c70d2-4494-4942-be1c-fdc8f954be88/remove_router_interface HTTP/1.1" status: 200 len: 503 time: 1.3704984
2026-06-03 01:02:30.611 9 INFO neutron.wsgi [None req-7409ccfd-b228-41ad-ba8c-184474d254c1 31fc695eae8246d29d2070798feb98a7 570851abe6974fd19b23adfefd28bc44 - - default default] 10.0.0.147 "GET /v2.0/ports?device_id=763c70d2-4494-4942-be1c-fdc8f954be88 HTTP/1.1" status: 200 len: 205 time: 0.0273063
2026-06-03 01:02:30.634 10 INFO neutron.wsgi [req-8dd3f607-d370-4e0b-91b0-a81371e8ed86 req-8128805b-3012-440a-9948-c8411d869cdf e4f9f50b079d4b2fa968f05ba0d51db1 f1cfac412872484cb275d703c4221d42 - - 03dce30708164263aa0c6e51f940dfa2 03dce30708164263aa0c6e51f940dfa2] 199.204.45.229 "GET /v2.0/subnets?id=240d6df0-674c-46ba-9876-93a03e425060&id=7cd527df-9d4d-4969-bf10-555fcbaf1d8b HTTP/1.1" status: 200 len: 1562 time: 0.0555594
2026-06-03 01:02:30.668 10 INFO neutron.wsgi [req-8dd3f607-d370-4e0b-91b0-a81371e8ed86 req-f9b0e815-a8d9-4f75-aed6-98eee6f4e232 e4f9f50b079d4b2fa968f05ba0d51db1 f1cfac412872484cb275d703c4221d42 - - 03dce30708164263aa0c6e51f940dfa2 03dce30708164263aa0c6e51f940dfa2] 199.204.45.229 "GET /v2.0/ports?network_id=591db22d-bc12-4ad9-8d87-ff5e4dd3d91b&device_owner=network%3Adhcp HTTP/1.1" status: 200 len: 210 time: 0.0236895
2026-06-03 01:02:30.707 10 INFO neutron.wsgi [req-8dd3f607-d370-4e0b-91b0-a81371e8ed86 req-c2f25ab1-f436-4f59-8d8c-236115a2f16b e4f9f50b079d4b2fa968f05ba0d51db1 f1cfac412872484cb275d703c4221d42 - - 03dce30708164263aa0c6e51f940dfa2 03dce30708164263aa0c6e51f940dfa2] 199.204.45.229 "GET /v2.0/ports?network_id=591db22d-bc12-4ad9-8d87-ff5e4dd3d91b&device_owner=network%3Adhcp HTTP/1.1" status: 200 len: 210 time: 0.0297897
2026-06-03 01:02:30.798 10 INFO neutron.wsgi [req-bf280f1a-0c75-4074-afe4-d527d3ac6f2e req-c0f140a7-b9b4-414b-b0ac-912b1737e7cc a4e26a8eccc84c0e99b9714950b6853e fba0f68591344b598979f4d03399f3c5 - - default default] 10.0.0.125 "GET /v2.0/ports?tenant_id=fba0f68591344b598979f4d03399f3c5&fields=id HTTP/1.1" status: 200 len: 532 time: 0.2853272
