+ COMMAND=start + start + for KEYSTONE_WSGI_SCRIPT in keystone-wsgi-public ++ type -p keystone-wsgi-public + cp -a /var/lib/openstack/bin/keystone-wsgi-public /var/www/cgi-bin/keystone/ + '[' -f /etc/apache2/envvars ']' + source /etc/apache2/envvars ++ unset HOME ++ '[' '' '!=' '' ']' ++ SUFFIX= ++ export APACHE_RUN_USER=www-data ++ APACHE_RUN_USER=www-data ++ export APACHE_RUN_GROUP=www-data ++ APACHE_RUN_GROUP=www-data ++ export APACHE_PID_FILE=/var/run/apache2/apache2.pid ++ APACHE_PID_FILE=/var/run/apache2/apache2.pid ++ export APACHE_RUN_DIR=/var/run/apache2 ++ APACHE_RUN_DIR=/var/run/apache2 ++ export APACHE_LOCK_DIR=/var/lock/apache2 ++ APACHE_LOCK_DIR=/var/lock/apache2 ++ export APACHE_LOG_DIR=/var/log/apache2 ++ APACHE_LOG_DIR=/var/log/apache2 ++ export LANG=C ++ LANG=C ++ export LANG + '[' -f /var/run/apache2/apache2.pid ']' + exec apache2 -DFOREGROUND AH00558: apache2: Could not reliably determine the server's fully qualified domain name, using 10.0.0.179. Set the 'ServerName' directive globally to suppress this message AH00558: apache2: Could not reliably determine the server's fully qualified domain name, using 10.0.0.179. Set the 'ServerName' directive globally to suppress this message
[Sat Jun 13 01:18:14.876647 2026] [mpm_event:notice] [pid 1:tid 140292362041216] AH00489: Apache/2.4.58 (Ubuntu) mod_wsgi/5.0.0 Python/3.12 configured -- resuming normal operations
[Sat Jun 13 01:18:14.876747 2026] [core:notice] [pid 1:tid 140292362041216] AH00094: Command line: 'apache2 -D FOREGROUND'
[Sat Jun 13 01:19:18.166986 2026] [wsgi:error] [pid 10:tid 140291725268672] /var/lib/openstack/lib/python3.12/site-packages/oslo_utils/importutils.py:77: EventletDeprecationWarning:
[Sat Jun 13 01:19:18.167029 2026] [wsgi:error] [pid 10:tid 140291725268672] Eventlet is deprecated. It is currently being maintained in bugfix mode, and
[Sat Jun 13 01:19:18.167031 2026] [wsgi:error] [pid 10:tid 140291725268672] we strongly recommend against using it for new projects.
[Sat Jun 13 01:19:18.167033 2026] [wsgi:error] [pid 10:tid 140291725268672]
[Sat Jun 13 01:19:18.167034 2026] [wsgi:error] [pid 10:tid 140291725268672] If you are already using Eventlet, we recommend migrating to a different
[Sat Jun 13 01:19:18.167035 2026] [wsgi:error] [pid 10:tid 140291725268672] framework. For more detail see
[Sat Jun 13 01:19:18.167036 2026] [wsgi:error] [pid 10:tid 140291725268672] https://eventlet.readthedocs.io/en/latest/asyncio/migration.html
[Sat Jun 13 01:19:18.167037 2026] [wsgi:error] [pid 10:tid 140291725268672]
[Sat Jun 13 01:19:18.167038 2026] [wsgi:error] [pid 10:tid 140291725268672] __import__(import_str)
[Sat Jun 13 01:19:18.194905 2026] [wsgi:error] [pid 12:tid 140291725268672] /var/lib/openstack/lib/python3.12/site-packages/oslo_utils/importutils.py:77: EventletDeprecationWarning:
[Sat Jun 13 01:19:18.194959 2026] [wsgi:error] [pid 12:tid 140291725268672] Eventlet is deprecated. It is currently being maintained in bugfix mode, and
[Sat Jun 13 01:19:18.194961 2026] [wsgi:error] [pid 12:tid 140291725268672] we strongly recommend against using it for new projects.
[Sat Jun 13 01:19:18.194963 2026] [wsgi:error] [pid 12:tid 140291725268672]
[Sat Jun 13 01:19:18.194964 2026] [wsgi:error] [pid 12:tid 140291725268672] If you are already using Eventlet, we recommend migrating to a different
[Sat Jun 13 01:19:18.194966 2026] [wsgi:error] [pid 12:tid 140291725268672] framework. For more detail see
[Sat Jun 13 01:19:18.194967 2026] [wsgi:error] [pid 12:tid 140291725268672] https://eventlet.readthedocs.io/en/latest/asyncio/migration.html
[Sat Jun 13 01:19:18.194969 2026] [wsgi:error] [pid 12:tid 140291725268672]
[Sat Jun 13 01:19:18.194970 2026] [wsgi:error] [pid 12:tid 140291725268672] __import__(import_str) 10.0.0.235 - - [13/Jun/2026:01:19:17 +0000] "GET /v3/ HTTP/1.1" 200 250 10.0.0.235 - - [13/Jun/2026:01:19:17 +0000] "GET /v3/ HTTP/1.1" 200 250
[Sat Jun 13 01:19:23.538367 2026] [wsgi:error] [pid 9:tid 140291725268672] /var/lib/openstack/lib/python3.12/site-packages/oslo_utils/importutils.py:77: EventletDeprecationWarning:
[Sat Jun 13 01:19:23.538405 2026] [wsgi:error] [pid 9:tid 140291725268672] Eventlet is deprecated. It is currently being maintained in bugfix mode, and
[Sat Jun 13 01:19:23.538407 2026] [wsgi:error] [pid 9:tid 140291725268672] we strongly recommend against using it for new projects.
[Sat Jun 13 01:19:23.538409 2026] [wsgi:error] [pid 9:tid 140291725268672]
[Sat Jun 13 01:19:23.538410 2026] [wsgi:error] [pid 9:tid 140291725268672] If you are already using Eventlet, we recommend migrating to a different
[Sat Jun 13 01:19:23.538411 2026] [wsgi:error] [pid 9:tid 140291725268672] framework. For more detail see
[Sat Jun 13 01:19:23.538412 2026] [wsgi:error] [pid 9:tid 140291725268672] https://eventlet.readthedocs.io/en/latest/asyncio/migration.html
[Sat Jun 13 01:19:23.538413 2026] [wsgi:error] [pid 9:tid 140291725268672]
[Sat Jun 13 01:19:23.538414 2026] [wsgi:error] [pid 9:tid 140291725268672] __import__(import_str) 10.0.0.235 - - [13/Jun/2026:01:19:22 +0000] "GET /v3/ HTTP/1.1" 200 250
[Sat Jun 13 01:19:31.626167 2026] [wsgi:error] [pid 11:tid 140291725268672] /var/lib/openstack/lib/python3.12/site-packages/oslo_utils/importutils.py:77: EventletDeprecationWarning:
[Sat Jun 13 01:19:31.626266 2026] [wsgi:error] [pid 11:tid 140291725268672] Eventlet is deprecated. It is currently being maintained in bugfix mode, and
[Sat Jun 13 01:19:31.626279 2026] [wsgi:error] [pid 11:tid 140291725268672] we strongly recommend against using it for new projects.
[Sat Jun 13 01:19:31.626289 2026] [wsgi:error] [pid 11:tid 140291725268672]
[Sat Jun 13 01:19:31.626303 2026] [wsgi:error] [pid 11:tid 140291725268672] If you are already using Eventlet, we recommend migrating to a different
[Sat Jun 13 01:19:31.626305 2026] [wsgi:error] [pid 11:tid 140291725268672] framework. For more detail see
[Sat Jun 13 01:19:31.626306 2026] [wsgi:error] [pid 11:tid 140291725268672] https://eventlet.readthedocs.io/en/latest/asyncio/migration.html
[Sat Jun 13 01:19:31.626307 2026] [wsgi:error] [pid 11:tid 140291725268672]
[Sat Jun 13 01:19:31.626308 2026] [wsgi:error] [pid 11:tid 140291725268672] __import__(import_str) 10.0.0.71 - - [13/Jun/2026:01:19:30 +0000] "GET / HTTP/1.1" 300 295
[Sat Jun 13 01:19:36.320592 2026] [wsgi:error] [pid 10:tid 140291725268672] [remote 10.0.0.71:43268] 2026-06-13 01:19:36.316 10 WARNING keystone.identity.core [None req-8d15d3fe-3399-4085-a8a5-6b712085c093 - - - - - -] Invalid domain name (atmosphere) found in config file name: keystone.exception.DomainNotFound: Could not find domain: atmosphere.
[Sat Jun 13 01:19:36.381743 2026] [wsgi:error] [pid 10:tid 140291725268672] [remote 10.0.0.71:43268] 2026-06-13 01:19:36.381 10 WARNING keystone.common.password_hashing [None req-8d15d3fe-3399-4085-a8a5-6b712085c093 - - - - - -] Truncating password to algorithm specific maximum length 72 characters.
[Sat Jun 13 01:19:36.667876 2026] [wsgi:error] [pid 10:tid 140291725268672] [remote 10.0.0.71:43268] 2026-06-13 01:19:36.667 10 WARNING keystone.common.fernet_utils [None req-8d15d3fe-3399-4085-a8a5-6b712085c093 - - - - - -] key_repository is world readable: /etc/keystone/fernet-keys/ 10.0.0.71 - - [13/Jun/2026:01:19:36 +0000] "POST /v3/auth/tokens HTTP/1.1" 201 1360
[Sat Jun 13 01:19:37.051016 2026] [wsgi:error] [pid 12:tid 140291725268672] [remote 10.0.0.71:43268] 2026-06-13 01:19:37.047 12 WARNING keystone.identity.core [None req-a8a0f00d-ddc0-4e70-9206-956833620db7 - - - - - -] Invalid domain name (atmosphere) found in config file name: keystone.exception.DomainNotFound: Could not find domain: atmosphere. 10.0.0.71 - - [13/Jun/2026:01:19:36 +0000] "POST /v3/domains HTTP/1.1" 201 261 10.0.0.212 - - [13/Jun/2026:01:19:46 +0000] "GET / HTTP/1.1" 300 295
[Sat Jun 13 01:19:47.323750 2026] [wsgi:error] [pid 11:tid 140291725268672] [remote 10.0.0.212:43706] 2026-06-13 01:19:47.323 11 WARNING keystone.common.password_hashing [None req-b8c31534-e227-4561-b635-98634c97e8a2 - - - - - -] Truncating password to algorithm specific maximum length 72 characters.
[Sat Jun 13 01:19:47.606592 2026] [wsgi:error] [pid 11:tid 140291725268672] [remote 10.0.0.212:43706] 2026-06-13 01:19:47.606 11 WARNING keystone.common.fernet_utils [None req-b8c31534-e227-4561-b635-98634c97e8a2 - - - - - -] key_repository is world readable: /etc/keystone/fernet-keys/ 10.0.0.212 - - [13/Jun/2026:01:19:46 +0000] "POST /v3/auth/tokens HTTP/1.1" 201 1360 10.0.0.212 - - [13/Jun/2026:01:19:47 +0000] "GET /v3/roles/admin HTTP/1.1" 404 83
[Sat Jun 13 01:19:47.867999 2026] [wsgi:error] [pid 12:tid 140291725268672] [remote 10.0.0.212:43706] 2026-06-13 01:19:47.867 12 WARNING keystone.common.rbac_enforcer.enforcer [None req-b81db616-9a51-4b8f-92cc-43ae3bfb755a ae97efd8a89c44daa0e4fbbabc57276d 427a890181644b76bb75d294d0913069 - - default default] Deprecated policy rules found. Use oslopolicy-policy-generator and oslopolicy-policy-upgrade to detect and resolve deprecated policies in your configuration. 10.0.0.212 - - [13/Jun/2026:01:19:47 +0000] "GET /v3/roles?name=admin HTTP/1.1" 200 389
[Sat Jun 13 01:19:48.346485 2026] [wsgi:error] [pid 9:tid 140291725268672] [remote 10.0.0.212:43706] 2026-06-13 01:19:48.346 9 WARNING keystone.common.rbac_enforcer.enforcer [None req-b568c886-785c-4269-afbc-1523c9649f33 ae97efd8a89c44daa0e4fbbabc57276d 427a890181644b76bb75d294d0913069 - - default default] Deprecated policy rules found. Use oslopolicy-policy-generator and oslopolicy-policy-upgrade to detect and resolve deprecated policies in your configuration. 10.0.0.212 - - [13/Jun/2026:01:19:47 +0000] "GET /v3/users/admin-RegionOne HTTP/1.1" 404 93
[Sat Jun 13 01:19:48.518230 2026] [wsgi:error] [pid 11:tid 140291725268672] [remote 10.0.0.212:43706] 2026-06-13 01:19:48.517 11 WARNING keystone.common.rbac_enforcer.enforcer [None req-b25c8782-06c0-40d5-b1e6-0fc470dce263 ae97efd8a89c44daa0e4fbbabc57276d 427a890181644b76bb75d294d0913069 - - default default] Deprecated policy rules found. Use oslopolicy-policy-generator and oslopolicy-policy-upgrade to detect and resolve deprecated policies in your configuration. 10.0.0.212 - - [13/Jun/2026:01:19:48 +0000] "GET /v3/users?name=admin-RegionOne HTTP/1.1" 200 422
[Sat Jun 13 01:19:48.683833 2026] [wsgi:error] [pid 10:tid 140291725268672] [remote 10.0.0.212:43706] 2026-06-13 01:19:48.683 10 WARNING keystone.common.rbac_enforcer.enforcer [None req-ab2e6d91-ebc2-4d9d-8957-ca757bc01c41 ae97efd8a89c44daa0e4fbbabc57276d 427a890181644b76bb75d294d0913069 - - default default] Deprecated policy rules found. Use oslopolicy-policy-generator and oslopolicy-policy-upgrade to detect and resolve deprecated policies in your configuration. 10.0.0.212 - - [13/Jun/2026:01:19:48 +0000] "GET /v3/domains/default HTTP/1.1" 200 224 10.0.0.212 - - [13/Jun/2026:01:19:48 +0000] "PUT /v3/domains/default/users/ae97efd8a89c44daa0e4fbbabc57276d/roles/b73eac81989e4e40b4ecfcef7f9098ed HTTP/1.1" 204 - 10.0.0.235 - - [13/Jun/2026:01:19:58 +0000] "GET / HTTP/1.1" 300 281 10.0.0.235 - - [13/Jun/2026:01:19:59 +0000] "GET /v3 HTTP/1.1" 200 266
[Sat Jun 13 01:19:59.616023 2026] [wsgi:error] [pid 10:tid 140291725268672] [remote 10.0.0.235:33122] 2026-06-13 01:19:59.615 10 WARNING keystone.common.password_hashing [None req-da62471f-7d88-41c2-88c6-d0d298fdbd90 - - - - - -] Truncating password to algorithm specific maximum length 72 characters.
[Sat Jun 13 01:19:59.888111 2026] [wsgi:error] [pid 10:tid 140291725268672] [remote 10.0.0.235:33122] 2026-06-13 01:19:59.887 10 WARNING keystone.common.fernet_utils [None req-da62471f-7d88-41c2-88c6-d0d298fdbd90 - - - - - -] key_repository is world readable: /etc/keystone/fernet-keys/ 10.0.0.235 - - [13/Jun/2026:01:19:59 +0000] "POST /v3/auth/tokens HTTP/1.1" 201 1360 10.0.0.235 - - [13/Jun/2026:01:19:59 +0000] "GET / HTTP/1.1" 300 281 10.0.0.235 - - [13/Jun/2026:01:19:59 +0000] "GET /v3/domains/atmosphere HTTP/1.1" 404 90 10.0.0.235 - - [13/Jun/2026:01:20:00 +0000] "GET /v3/domains?name=atmosphere HTTP/1.1" 200 370 10.0.0.235 - - [13/Jun/2026:01:20:00 +0000] "GET /v3/domains/bb683d6fbe134d40b2a6cca0e93002a9 HTTP/1.1" 200 247 10.0.0.235 - - [13/Jun/2026:01:20:00 +0000] "GET /v3 HTTP/1.1" 200 266
[Sat Jun 13 01:20:00.969415 2026] [wsgi:error] [pid 9:tid 140291725268672] [remote 10.0.0.235:33122] 2026-06-13 01:20:00.969 9 WARNING keystone.common.password_hashing [None req-93555765-2388-4350-a4f6-6bcbbf0314db - - - - - -] Truncating password to algorithm specific maximum length 72 characters.
[Sat Jun 13 01:20:01.252599 2026] [wsgi:error] [pid 9:tid 140291725268672] [remote 10.0.0.235:33122] 2026-06-13 01:20:01.252 9 WARNING keystone.common.fernet_utils [None req-93555765-2388-4350-a4f6-6bcbbf0314db - - - - - -] key_repository is world readable: /etc/keystone/fernet-keys/ 10.0.0.235 - - [13/Jun/2026:01:20:00 +0000] "POST /v3/auth/tokens HTTP/1.1" 201 1360 10.0.0.235 - - [13/Jun/2026:01:20:01 +0000] "GET / HTTP/1.1" 300 281 10.0.0.235 - - [13/Jun/2026:01:20:01 +0000] "GET /v3/OS-FEDERATION/identity_providers/atmosphere HTTP/1.1" 404 101 10.0.0.235 - - [13/Jun/2026:01:20:01 +0000] "GET /v3/OS-FEDERATION/identity_providers HTTP/1.1" 200 156 10.0.0.235 - - [13/Jun/2026:01:20:01 +0000] "PUT /v3/OS-FEDERATION/identity_providers/atmosphere HTTP/1.1" 201 342 10.0.0.235 - - [13/Jun/2026:01:20:02 +0000] "GET /v3 HTTP/1.1" 200 266
[Sat Jun 13 01:20:02.088755 2026] [wsgi:error] [pid 10:tid 140291725268672] [remote 10.0.0.235:33120] 2026-06-13 01:20:02.088 10 WARNING keystone.common.password_hashing [None req-d526acc0-fa2b-459a-a4d9-403936a0aff7 - - - - - -] Truncating password to algorithm specific maximum length 72 characters.
[Sat Jun 13 01:20:02.364070 2026] [wsgi:error] [pid 10:tid 140291725268672] [remote 10.0.0.235:33120] 2026-06-13 01:20:02.363 10 WARNING keystone.common.fernet_utils [None req-d526acc0-fa2b-459a-a4d9-403936a0aff7 - - - - - -] key_repository is world readable: /etc/keystone/fernet-keys/ 10.0.0.235 - - [13/Jun/2026:01:20:02 +0000] "POST /v3/auth/tokens HTTP/1.1" 201 1360 10.0.0.235 - - [13/Jun/2026:01:20:02 +0000] "GET / HTTP/1.1" 300 281 10.0.0.235 - - [13/Jun/2026:01:20:02 +0000] "GET /v3/OS-FEDERATION/mappings/atmosphere-openid HTTP/1.1" 404 98 10.0.0.235 - - [13/Jun/2026:01:20:02 +0000] "GET /v3/OS-FEDERATION/mappings HTTP/1.1" 200 136 10.0.0.235 - - [13/Jun/2026:01:20:02 +0000] "PUT /v3/OS-FEDERATION/mappings/atmosphere-openid HTTP/1.1" 201 357 10.0.0.235 - - [13/Jun/2026:01:20:03 +0000] "GET /v3 HTTP/1.1" 200 266
[Sat Jun 13 01:20:03.216464 2026] [wsgi:error] [pid 9:tid 140291725268672] [remote 10.0.0.235:33120] 2026-06-13 01:20:03.216 9 WARNING keystone.common.password_hashing [None req-9d74cd85-63d9-4696-8c9a-e84c6a6b27cc - - - - - -] Truncating password to algorithm specific maximum length 72 characters.
[Sat Jun 13 01:20:03.496317 2026] [wsgi:error] [pid 9:tid 140291725268672] [remote 10.0.0.235:33120] 2026-06-13 01:20:03.496 9 WARNING keystone.common.fernet_utils [None req-9d74cd85-63d9-4696-8c9a-e84c6a6b27cc - - - - - -] key_repository is world readable: /etc/keystone/fernet-keys/ 10.0.0.235 - - [13/Jun/2026:01:20:03 +0000] "POST /v3/auth/tokens HTTP/1.1" 201 1360 10.0.0.235 - - [13/Jun/2026:01:20:03 +0000] "GET / HTTP/1.1" 300 281 10.0.0.235 - - [13/Jun/2026:01:20:03 +0000] "GET /v3/OS-FEDERATION/identity_providers/atmosphere/protocols/openid?idp_id=atmosphere HTTP/1.1" 404 131 10.0.0.235 - - [13/Jun/2026:01:20:03 +0000] "GET /v3/OS-FEDERATION/identity_providers/atmosphere/protocols HTTP/1.1" 200 168 10.0.0.235 - - [13/Jun/2026:01:20:03 +0000] "PUT /v3/OS-FEDERATION/identity_providers/atmosphere/protocols/openid HTTP/1.1" 201 224 10.0.0.235 - - [13/Jun/2026:01:20:17 +0000] "GET /v3/ HTTP/1.1" 200 250 10.0.0.235 - - [13/Jun/2026:01:20:17 +0000] "GET /v3/ HTTP/1.1" 200 250 10.0.0.235 - - [13/Jun/2026:01:21:17 +0000] "GET /v3/ HTTP/1.1" 200 250 10.0.0.235 - - [13/Jun/2026:01:21:17 +0000] "GET /v3/ HTTP/1.1" 200 250 10.0.0.252 - - [13/Jun/2026:01:21:26 +0000] "GET / HTTP/1.1" 300 295
[Sat Jun 13 01:21:26.945749 2026] [wsgi:error] [pid 11:tid 140291725268672] [remote 10.0.0.252:59816] 2026-06-13 01:21:26.945 11 WARNING keystone.common.password_hashing [None req-c24c0360-38f9-42e8-aa9e-40c5bbb6d26b - - - - - -] Truncating password to algorithm specific maximum length 72 characters.
[Sat Jun 13 01:21:27.225349 2026] [wsgi:error] [pid 11:tid 140291725268672] [remote 10.0.0.252:59816] 2026-06-13 01:21:27.225 11 WARNING keystone.common.fernet_utils [None req-c24c0360-38f9-42e8-aa9e-40c5bbb6d26b - - - - - -] key_repository is world readable: /etc/keystone/fernet-keys/ 10.0.0.252 - - [13/Jun/2026:01:21:26 +0000] "POST /v3/auth/tokens HTTP/1.1" 201 1360 10.0.0.252 - - [13/Jun/2026:01:21:27 +0000] "GET /v3/services HTTP/1.1" 200 355 10.0.0.252 - - [13/Jun/2026:01:21:30 +0000] "GET / HTTP/1.1" 300 295
[Sat Jun 13 01:21:30.704842 2026] [wsgi:error] [pid 10:tid 140291725268672] [remote 10.0.0.252:59818] 2026-06-13 01:21:30.704 10 WARNING keystone.common.password_hashing [None req-0d93a5b8-8386-42a9-801a-769d183061b5 - - - - - -] Truncating password to algorithm specific maximum length 72 characters.
[Sat Jun 13 01:21:30.977329 2026] [wsgi:error] [pid 10:tid 140291725268672] [remote 10.0.0.252:59818] 2026-06-13 01:21:30.977 10 WARNING keystone.common.fernet_utils [None req-0d93a5b8-8386-42a9-801a-769d183061b5 - - - - - -] key_repository is world readable: /etc/keystone/fernet-keys/ 10.0.0.252 - - [13/Jun/2026:01:21:30 +0000] "POST /v3/auth/tokens HTTP/1.1" 201 1360 10.0.0.252 - - [13/Jun/2026:01:21:31 +0000] "GET /v3/services HTTP/1.1" 200 355 10.0.0.252 - - [13/Jun/2026:01:21:34 +0000] "GET / HTTP/1.1" 300 295
[Sat Jun 13 01:21:34.407970 2026] [wsgi:error] [pid 9:tid 140291725268672] [remote 10.0.0.252:58176] 2026-06-13 01:21:34.407 9 WARNING keystone.common.password_hashing [None req-81f89999-2f41-439b-89ad-b0790477e2a0 - - - - - -] Truncating password to algorithm specific maximum length 72 characters.
[Sat Jun 13 01:21:34.680977 2026] [wsgi:error] [pid 9:tid 140291725268672] [remote 10.0.0.252:58176] 2026-06-13 01:21:34.680 9 WARNING keystone.common.fernet_utils [None req-81f89999-2f41-439b-89ad-b0790477e2a0 - - - - - -] key_repository is world readable: /etc/keystone/fernet-keys/ 10.0.0.252 - - [13/Jun/2026:01:21:34 +0000] "POST /v3/auth/tokens HTTP/1.1" 201 1360 10.0.0.252 - - [13/Jun/2026:01:21:34 +0000] "GET /v3/services HTTP/1.1" 200 355 10.0.0.252 - - [13/Jun/2026:01:21:38 +0000] "GET / HTTP/1.1" 300 295
[Sat Jun 13 01:21:38.129650 2026] [wsgi:error] [pid 12:tid 140291725268672] [remote 10.0.0.252:58180] 2026-06-13 01:21:38.129 12 WARNING keystone.common.password_hashing [None req-c53ada30-daea-422b-a84f-724c2eb9253f - - - - - -] Truncating password to algorithm specific maximum length 72 characters.
[Sat Jun 13 01:21:38.403013 2026] [wsgi:error] [pid 12:tid 140291725268672] [remote 10.0.0.252:58180] 2026-06-13 01:21:38.402 12 WARNING keystone.common.fernet_utils [None req-c53ada30-daea-422b-a84f-724c2eb9253f - - - - - -] key_repository is world readable: /etc/keystone/fernet-keys/ 10.0.0.252 - - [13/Jun/2026:01:21:38 +0000] "POST /v3/auth/tokens HTTP/1.1" 201 1360 10.0.0.252 - - [13/Jun/2026:01:21:38 +0000] "POST /v3/services HTTP/1.1" 201 296 10.0.0.144 - - [13/Jun/2026:01:21:49 +0000] "GET / HTTP/1.1" 300 295 10.0.0.144 - - [13/Jun/2026:01:21:49 +0000] "GET / HTTP/1.1" 300 295
[Sat Jun 13 01:21:49.221795 2026] [wsgi:error] [pid 11:tid 140291725268672] [remote 10.0.0.144:46178] 2026-06-13 01:21:49.221 11 WARNING keystone.common.password_hashing [None req-5518ba23-c4cb-45f4-b995-c9313e18d2eb - - - - - -] Truncating password to algorithm specific maximum length 72 characters.
[Sat Jun 13 01:21:49.224439 2026] [wsgi:error] [pid 9:tid 140291725268672] [remote 10.0.0.144:46194] 2026-06-13 01:21:49.224 9 WARNING keystone.common.password_hashing [None req-16fed25b-3192-405c-806a-413f116615a2 - - - - - -] Truncating password to algorithm specific maximum length 72 characters. 10.0.0.144 - - [13/Jun/2026:01:21:49 +0000] "GET / HTTP/1.1" 300 295
[Sat Jun 13 01:21:49.315458 2026] [wsgi:error] [pid 12:tid 140291725268672] [remote 10.0.0.144:46208] 2026-06-13 01:21:49.315 12 WARNING keystone.common.password_hashing [None req-beff4605-8ebc-4853-9a53-6e91b61201c0 - - - - - -] Truncating password to algorithm specific maximum length 72 characters.
[Sat Jun 13 01:21:49.492813 2026] [wsgi:error] [pid 9:tid 140291725268672] [remote 10.0.0.144:46194] 2026-06-13 01:21:49.492 9 WARNING keystone.common.fernet_utils [None req-16fed25b-3192-405c-806a-413f116615a2 - - - - - -] key_repository is world readable: /etc/keystone/fernet-keys/
[Sat Jun 13 01:21:49.501988 2026] [wsgi:error] [pid 11:tid 140291725268672] [remote 10.0.0.144:46178] 2026-06-13 01:21:49.501 11 WARNING keystone.common.fernet_utils [None req-5518ba23-c4cb-45f4-b995-c9313e18d2eb - - - - - -] key_repository is world readable: /etc/keystone/fernet-keys/ 10.0.0.144 - - [13/Jun/2026:01:21:49 +0000] "POST /v3/auth/tokens HTTP/1.1" 201 1464 10.0.0.144 - - [13/Jun/2026:01:21:49 +0000] "POST /v3/auth/tokens HTTP/1.1" 201 1464
[Sat Jun 13 01:21:49.590936 2026] [wsgi:error] [pid 12:tid 140291725268672] [remote 10.0.0.144:46208] 2026-06-13 01:21:49.590 12 WARNING keystone.common.fernet_utils [None req-beff4605-8ebc-4853-9a53-6e91b61201c0 - - - - - -] key_repository is world readable: /etc/keystone/fernet-keys/ 10.0.0.144 - - [13/Jun/2026:01:21:49 +0000] "POST /v3/auth/tokens HTTP/1.1" 201 1464 10.0.0.144 - - [13/Jun/2026:01:21:49 +0000] "GET /v3/services HTTP/1.1" 200 639 10.0.0.144 - - [13/Jun/2026:01:21:49 +0000] "GET /v3/services HTTP/1.1" 200 639 10.0.0.144 - - [13/Jun/2026:01:21:49 +0000] "GET /v3/services HTTP/1.1" 200 639 10.0.0.144 - - [13/Jun/2026:01:21:51 +0000] "GET / HTTP/1.1" 300 295 10.0.0.144 - - [13/Jun/2026:01:21:51 +0000] "GET / HTTP/1.1" 300 295
[Sat Jun 13 01:21:51.083940 2026] [wsgi:error] [pid 10:tid 140291725268672] [remote 10.0.0.144:46216] 2026-06-13 01:21:51.083 10 WARNING keystone.common.password_hashing [None req-1596f34e-3a93-4576-b827-d74bafb48552 - - - - - -] Truncating password to algorithm specific maximum length 72 characters.
[Sat Jun 13 01:21:51.090018 2026] [wsgi:error] [pid 11:tid 140291725268672] [remote 10.0.0.144:46226] 2026-06-13 01:21:51.089 11 WARNING keystone.common.password_hashing [None req-96099091-6862-41c4-8b1e-1b1687c85ba1 - - - - - -] Truncating password to algorithm specific maximum length 72 characters. 10.0.0.144 - - [13/Jun/2026:01:21:51 +0000] "GET / HTTP/1.1" 300 295
[Sat Jun 13 01:21:51.108084 2026] [wsgi:error] [pid 9:tid 140291725268672] [remote 10.0.0.144:46228] 2026-06-13 01:21:51.107 9 WARNING keystone.common.password_hashing [None req-dbe295c3-e79a-4b2c-b451-16227db5b18e - - - - - -] Truncating password to algorithm specific maximum length 72 characters.
[Sat Jun 13 01:21:51.355535 2026] [wsgi:error] [pid 10:tid 140291725268672] [remote 10.0.0.144:46216] 2026-06-13 01:21:51.355 10 WARNING keystone.common.fernet_utils [None req-1596f34e-3a93-4576-b827-d74bafb48552 - - - - - -] key_repository is world readable: /etc/keystone/fernet-keys/ 10.0.0.144 - - [13/Jun/2026:01:21:51 +0000] "POST /v3/auth/tokens HTTP/1.1" 201 1464
[Sat Jun 13 01:21:51.378302 2026] [wsgi:error] [pid 11:tid 140291725268672] [remote 10.0.0.144:46226] 2026-06-13 01:21:51.378 11 WARNING keystone.common.fernet_utils [None req-96099091-6862-41c4-8b1e-1b1687c85ba1 - - - - - -] key_repository is world readable: /etc/keystone/fernet-keys/
[Sat Jun 13 01:21:51.382390 2026] [wsgi:error] [pid 9:tid 140291725268672] [remote 10.0.0.144:46228] 2026-06-13 01:21:51.382 9 WARNING keystone.common.fernet_utils [None req-dbe295c3-e79a-4b2c-b451-16227db5b18e - - - - - -] key_repository is world readable: /etc/keystone/fernet-keys/ 10.0.0.144 - - [13/Jun/2026:01:21:51 +0000] "POST /v3/auth/tokens HTTP/1.1" 201 1464 10.0.0.144 - - [13/Jun/2026:01:21:51 +0000] "POST /v3/auth/tokens HTTP/1.1" 201 1464 10.0.0.144 - - [13/Jun/2026:01:21:51 +0000] "GET /v3/endpoints HTTP/1.1" 200 1227 10.0.0.144 - - [13/Jun/2026:01:21:51 +0000] "GET /v3/endpoints HTTP/1.1" 200 1227 10.0.0.144 - - [13/Jun/2026:01:21:51 +0000] "GET /v3/services/1583fe9b769c44828a6cea366fe021d8 HTTP/1.1" 200 233 10.0.0.144 - - [13/Jun/2026:01:21:51 +0000] "GET /v3/services/1583fe9b769c44828a6cea366fe021d8 HTTP/1.1" 200 233 10.0.0.144 - - [13/Jun/2026:01:21:51 +0000] "GET /v3/endpoints HTTP/1.1" 200 1227 10.0.0.144 - - [13/Jun/2026:01:21:51 +0000] "GET /v3/services/1583fe9b769c44828a6cea366fe021d8 HTTP/1.1" 200 233 10.0.0.144 - - [13/Jun/2026:01:21:51 +0000] "GET /v3/services/1583fe9b769c44828a6cea366fe021d8 HTTP/1.1" 200 233 10.0.0.144 - - [13/Jun/2026:01:21:51 +0000] "GET /v3/services/1583fe9b769c44828a6cea366fe021d8 HTTP/1.1" 200 233 10.0.0.144 - - [13/Jun/2026:01:21:51 +0000] "GET /v3/services/1583fe9b769c44828a6cea366fe021d8 HTTP/1.1" 200 233 10.0.0.144 - - [13/Jun/2026:01:21:51 +0000] "GET /v3/services/1583fe9b769c44828a6cea366fe021d8 HTTP/1.1" 200 233 10.0.0.144 - - [13/Jun/2026:01:21:51 +0000] "GET /v3/services/1583fe9b769c44828a6cea366fe021d8 HTTP/1.1" 200 233 10.0.0.144 - - [13/Jun/2026:01:21:51 +0000] "GET /v3/services/1583fe9b769c44828a6cea366fe021d8 HTTP/1.1" 200 233 10.0.0.144 - - [13/Jun/2026:01:21:52 +0000] "GET / HTTP/1.1" 300 295 10.0.0.144 - - [13/Jun/2026:01:21:52 +0000] "GET / HTTP/1.1" 300 295
[Sat Jun 13 01:21:52.909203 2026] [wsgi:error] [pid 10:tid 140291725268672] [remote 10.0.0.144:46240] 2026-06-13 01:21:52.909 10 WARNING keystone.common.password_hashing [None req-4cc7ee20-f780-43bc-b1d5-60ed330e3b15 - - - - - -] Truncating password to algorithm specific maximum length 72 characters.
[Sat Jun 13 01:21:52.912588 2026] [wsgi:error] [pid 12:tid 140291725268672] [remote 10.0.0.144:46246] 2026-06-13 01:21:52.912 12 WARNING keystone.common.password_hashing [None req-cc203e89-7e31-4f6f-905d-c36851a20b2e - - - - - -] Truncating password to algorithm specific maximum length 72 characters. 10.0.0.144 - - [13/Jun/2026:01:21:52 +0000] "GET / HTTP/1.1" 300 295
[Sat Jun 13 01:21:52.935644 2026] [wsgi:error] [pid 9:tid 140291725268672] [remote 10.0.0.144:46254] 2026-06-13 01:21:52.935 9 WARNING keystone.common.password_hashing [None req-2f9f2244-a71f-4e2f-9564-2e10ad251c42 - - - - - -] Truncating password to algorithm specific maximum length 72 characters.
[Sat Jun 13 01:21:53.190906 2026] [wsgi:error] [pid 12:tid 140291725268672] [remote 10.0.0.144:46246] 2026-06-13 01:21:53.190 12 WARNING keystone.common.fernet_utils [None req-cc203e89-7e31-4f6f-905d-c36851a20b2e - - - - - -] key_repository is world readable: /etc/keystone/fernet-keys/ 10.0.0.144 - - [13/Jun/2026:01:21:52 +0000] "POST /v3/auth/tokens HTTP/1.1" 201 1464
[Sat Jun 13 01:21:53.198620 2026] [wsgi:error] [pid 10:tid 140291725268672] [remote 10.0.0.144:46240] 2026-06-13 01:21:53.198 10 WARNING keystone.common.fernet_utils [None req-4cc7ee20-f780-43bc-b1d5-60ed330e3b15 - - - - - -] key_repository is world readable: /etc/keystone/fernet-keys/ 10.0.0.144 - - [13/Jun/2026:01:21:52 +0000] "POST /v3/auth/tokens HTTP/1.1" 201 1464
[Sat Jun 13 01:21:53.210818 2026] [wsgi:error] [pid 9:tid 140291725268672] [remote 10.0.0.144:46254] 2026-06-13 01:21:53.210 9 WARNING keystone.common.fernet_utils [None req-2f9f2244-a71f-4e2f-9564-2e10ad251c42 - - - - - -] key_repository is world readable: /etc/keystone/fernet-keys/ 10.0.0.144 - - [13/Jun/2026:01:21:52 +0000] "POST /v3/auth/tokens HTTP/1.1" 201 1464 10.0.0.144 - - [13/Jun/2026:01:21:53 +0000] "GET /v3/services/8bdd17190e3e44619fb56676e176ab66 HTTP/1.1" 200 296 10.0.0.144 - - [13/Jun/2026:01:21:53 +0000] "GET /v3/services/8bdd17190e3e44619fb56676e176ab66 HTTP/1.1" 200 296 10.0.0.144 - - [13/Jun/2026:01:21:53 +0000] "GET /v3/regions/RegionOne HTTP/1.1" 200 173 10.0.0.144 - - [13/Jun/2026:01:21:53 +0000] "GET /v3/services/8bdd17190e3e44619fb56676e176ab66 HTTP/1.1" 200 296 10.0.0.144 - - [13/Jun/2026:01:21:53 +0000] "GET /v3/regions/RegionOne HTTP/1.1" 200 173 10.0.0.144 - - [13/Jun/2026:01:21:53 +0000] "GET /v3/regions/RegionOne HTTP/1.1" 200 173 10.0.0.144 - - [13/Jun/2026:01:21:53 +0000] "POST /v3/endpoints HTTP/1.1" 201 383 10.0.0.144 - - [13/Jun/2026:01:21:53 +0000] "POST /v3/endpoints HTTP/1.1" 201 370 10.0.0.144 - - [13/Jun/2026:01:21:53 +0000] "POST /v3/endpoints HTTP/1.1" 201 380 10.0.0.144 - - [13/Jun/2026:01:21:54 +0000] "GET / HTTP/1.1" 300 295
[Sat Jun 13 01:21:54.721773 2026] [wsgi:error] [pid 12:tid 140291725268672] [remote 10.0.0.144:52948] 2026-06-13 01:21:54.721 12 WARNING keystone.common.password_hashing [None req-a47e4deb-1002-41f2-8bd6-bb83d9adfca8 - - - - - -] Truncating password to algorithm specific maximum length 72 characters. 10.0.0.144 - - [13/Jun/2026:01:21:54 +0000] "GET / HTTP/1.1" 300 295
[Sat Jun 13 01:21:54.826518 2026] [wsgi:error] [pid 11:tid 140291725268672] [remote 10.0.0.144:52958] 2026-06-13 01:21:54.826 11 WARNING keystone.common.password_hashing [None req-a5cf8682-fc2a-48cf-9844-11d3908b88ab - - - - - -] Truncating password to algorithm specific maximum length 72 characters. 10.0.0.144 - - [13/Jun/2026:01:21:54 +0000] "GET / HTTP/1.1" 300 295
[Sat Jun 13 01:21:54.880406 2026] [wsgi:error] [pid 10:tid 140291725268672] [remote 10.0.0.144:52972] 2026-06-13 01:21:54.880 10 WARNING keystone.common.password_hashing [None req-12169bf0-ce06-4bb8-b143-b2c13e82a6eb - - - - - -] Truncating password to algorithm specific maximum length 72 characters.
[Sat Jun 13 01:21:55.007613 2026] [wsgi:error] [pid 12:tid 140291725268672] [remote 10.0.0.144:52948] 2026-06-13 01:21:55.007 12 WARNING keystone.common.fernet_utils [None req-a47e4deb-1002-41f2-8bd6-bb83d9adfca8 - - - - - -] key_repository is world readable: /etc/keystone/fernet-keys/ 10.0.0.144 - - [13/Jun/2026:01:21:54 +0000] "POST /v3/auth/tokens HTTP/1.1" 201 1992
[Sat Jun 13 01:21:55.104824 2026] [wsgi:error] [pid 11:tid 140291725268672] [remote 10.0.0.144:52958] 2026-06-13 01:21:55.104 11 WARNING keystone.common.fernet_utils [None req-a5cf8682-fc2a-48cf-9844-11d3908b88ab - - - - - -] key_repository is world readable: /etc/keystone/fernet-keys/ 10.0.0.144 - - [13/Jun/2026:01:21:54 +0000] "POST /v3/auth/tokens HTTP/1.1" 201 1992 10.0.0.144 - - [13/Jun/2026:01:21:55 +0000] "GET /v3/endpoints/a712a94c05104afab9c82be0c324c8eb HTTP/1.1" 200 383
[Sat Jun 13 01:21:55.178945 2026] [wsgi:error] [pid 10:tid 140291725268672] [remote 10.0.0.144:52972] 2026-06-13 01:21:55.178 10 WARNING keystone.common.fernet_utils [None req-12169bf0-ce06-4bb8-b143-b2c13e82a6eb - - - - - -] key_repository is world readable: /etc/keystone/fernet-keys/ 10.0.0.144 - - [13/Jun/2026:01:21:54 +0000] "POST /v3/auth/tokens HTTP/1.1" 201 1992 10.0.0.144 - - [13/Jun/2026:01:21:55 +0000] "GET /v3/services/8bdd17190e3e44619fb56676e176ab66 HTTP/1.1" 200 296 10.0.0.144 - - [13/Jun/2026:01:21:55 +0000] "GET /v3/endpoints/25acf485b6254246b63d962f8844b478 HTTP/1.1" 200 380 10.0.0.144 - - [13/Jun/2026:01:21:55 +0000] "GET /v3/services/8bdd17190e3e44619fb56676e176ab66 HTTP/1.1" 200 296 10.0.0.144 - - [13/Jun/2026:01:21:55 +0000] "GET /v3/endpoints/3a5c0f4337b846508a5ac632cc0906d2 HTTP/1.1" 200 370 10.0.0.144 - - [13/Jun/2026:01:21:55 +0000] "GET /v3/services/8bdd17190e3e44619fb56676e176ab66 HTTP/1.1" 200 296 10.0.0.10 - - [13/Jun/2026:01:22:06 +0000] "GET / HTTP/1.1" 300 295
[Sat Jun 13 01:22:06.169188 2026] [wsgi:error] [pid 9:tid 140291725268672] [remote 10.0.0.10:32812] 2026-06-13 01:22:06.169 9 WARNING keystone.common.password_hashing [None req-b664069a-c1c5-4750-be74-58052019c5f3 - - - - - -] Truncating password to algorithm specific maximum length 72 characters.
[Sat Jun 13 01:22:06.447041 2026] [wsgi:error] [pid 9:tid 140291725268672] [remote 10.0.0.10:32812] 2026-06-13 01:22:06.446 9 WARNING keystone.common.fernet_utils [None req-b664069a-c1c5-4750-be74-58052019c5f3 - - - - - -] key_repository is world readable: /etc/keystone/fernet-keys/ 10.0.0.10 - - [13/Jun/2026:01:22:06 +0000] "POST /v3/auth/tokens HTTP/1.1" 201 1992 10.0.0.10 - - [13/Jun/2026:01:22:06 +0000] "POST /v3/domains HTTP/1.1" 201 284 10.0.0.10 - - [13/Jun/2026:01:22:07 +0000] "GET / HTTP/1.1" 300 295
[Sat Jun 13 01:22:07.976507 2026] [wsgi:error] [pid 11:tid 140291725268672] [remote 10.0.0.10:32818] 2026-06-13 01:22:07.976 11 WARNING keystone.common.password_hashing [None req-1245213c-d636-4b40-a08e-c230172a30f8 - - - - - -] Truncating password to algorithm specific maximum length 72 characters.
[Sat Jun 13 01:22:08.259053 2026] [wsgi:error] [pid 11:tid 140291725268672] [remote 10.0.0.10:32818] 2026-06-13 01:22:08.258 11 WARNING keystone.common.fernet_utils [None req-1245213c-d636-4b40-a08e-c230172a30f8 - - - - - -] key_repository is world readable: /etc/keystone/fernet-keys/ 10.0.0.10 - - [13/Jun/2026:01:22:07 +0000] "POST /v3/auth/tokens HTTP/1.1" 201 1992
[Sat Jun 13 01:22:08.425514 2026] [wsgi:error] [pid 9:tid 140291725268672] [remote 10.0.0.10:32818] 2026-06-13 01:22:08.412 9 ERROR keystone.server.flask.application [None req-9e7b88d6-c2fa-4404-bff5-af8d5f4c72e5 ae97efd8a89c44daa0e4fbbabc57276d 427a890181644b76bb75d294d0913069 - - default default] Conflict occurred attempting to store project - it is not permitted to have two projects acting as domains with the same name: service.: keystone.exception.Conflict: Conflict occurred attempting to store project - it is not permitted to have two projects acting as domains with the same name: service.
[Sat Jun 13 01:22:08.425538 2026] [wsgi:error] [pid 9:tid 140291725268672] [remote 10.0.0.10:32818] 2026-06-13 01:22:08.412 9 ERROR keystone.server.flask.application
Traceback (most recent call last):
[Sat Jun 13 01:22:08.425540 2026] [wsgi:error] [pid 9:tid 140291725268672] [remote 10.0.0.10:32818] 2026-06-13 01:22:08.412 9 ERROR keystone.server.flask.application
File "/var/lib/openstack/lib/python3.12/site-packages/sqlalchemy/engine/base.py", line 1969, in _exec_single_context
[Sat Jun 13 01:22:08.425542 2026] [wsgi:error] [pid 9:tid 140291725268672] [remote 10.0.0.10:32818] 2026-06-13 01:22:08.412 9 ERROR keystone.server.flask.application self.dialect.do_execute(
[Sat Jun 13 01:22:08.425543 2026] [wsgi:error] [pid 9:tid 140291725268672] [remote 10.0.0.10:32818] 2026-06-13 01:22:08.412 9 ERROR keystone.server.flask.application
File "/var/lib/openstack/lib/python3.12/site-packages/sqlalchemy/engine/default.py", line 952, in do_execute
[Sat Jun 13 01:22:08.425545 2026] [wsgi:error] [pid 9:tid 140291725268672] [remote 10.0.0.10:32818] 2026-06-13 01:22:08.412 9 ERROR keystone.server.flask.application cursor.execute(statement, parameters)
[Sat Jun 13 01:22:08.425547 2026] [wsgi:error] [pid 9:tid 140291725268672] [remote 10.0.0.10:32818] 2026-06-13 01:22:08.412 9 ERROR keystone.server.flask.application
File "/var/lib/openstack/lib/python3.12/site-packages/pymysql/cursors.py", line 159, in execute
[Sat Jun 13 01:22:08.425548 2026] [wsgi:error] [pid 9:tid 140291725268672] [remote 10.0.0.10:32818] 2026-06-13 01:22:08.412 9 ERROR keystone.server.flask.application result = self._query(query)
[Sat Jun 13 01:22:08.425549 2026] [wsgi:error] [pid 9:tid 140291725268672] [remote 10.0.0.10:32818] 2026-06-13 01:22:08.412 9 ERROR keystone.server.flask.application ^^^^^^^^^^^^^^^^^^
[Sat Jun 13 01:22:08.425551 2026] [wsgi:error] [pid 9:tid 140291725268672] [remote 10.0.0.10:32818] 2026-06-13 01:22:08.412 9 ERROR keystone.server.flask.application
File "/var/lib/openstack/lib/python3.12/site-packages/pymysql/cursors.py", line 330, in _query
[Sat Jun 13 01:22:08.425552 2026] [wsgi:error] [pid 9:tid 140291725268672] [remote 10.0.0.10:32818] 2026-06-13 01:22:08.412 9 ERROR keystone.server.flask.application conn.query(q)
[Sat Jun 13 01:22:08.425554 2026] [wsgi:error] [pid 9:tid 140291725268672] [remote 10.0.0.10:32818] 2026-06-13 01:22:08.412 9 ERROR keystone.server.flask.application
File "/var/lib/openstack/lib/python3.12/site-packages/pymysql/connections.py", line 582, in query
[Sat Jun 13 01:22:08.425555 2026] [wsgi:error] [pid 9:tid 140291725268672] [remote 10.0.0.10:32818] 2026-06-13 01:22:08.412 9 ERROR keystone.server.flask.application self._affected_rows = self._read_query_result(unbuffered=unbuffered)
[Sat Jun 13 01:22:08.425557 2026] [wsgi:error] [pid 9:tid 140291725268672] [remote 10.0.0.10:32818] 2026-06-13 01:22:08.412 9 ERROR keystone.server.flask.application ^^^^^^^^^^^^^^^^^^^^^^^^^^^^^^^^^^^^^^^^^^^^^^
[Sat Jun 13 01:22:08.425558 2026] [wsgi:error] [pid 9:tid 140291725268672] [remote 10.0.0.10:32818] 2026-06-13 01:22:08.412 9 ERROR keystone.server.flask.application
File "/var/lib/openstack/lib/python3.12/site-packages/pymysql/connections.py", line 847, in _read_query_result
[Sat Jun 13 01:22:08.425560 2026] [wsgi:error] [pid 9:tid 140291725268672] [remote 10.0.0.10:32818] 2026-06-13 01:22:08.412 9 ERROR keystone.server.flask.application result.read()
[Sat Jun 13 01:22:08.425561 2026] [wsgi:error] [pid 9:tid 140291725268672] [remote 10.0.0.10:32818] 2026-06-13 01:22:08.412 9 ERROR keystone.server.flask.application
File "/var/lib/openstack/lib/python3.12/site-packages/pymysql/connections.py", line 1245, in read
[Sat Jun 13 01:22:08.425564 2026] [wsgi:error] [pid 9:tid 140291725268672] [remote 10.0.0.10:32818] 2026-06-13 01:22:08.412 9 ERROR keystone.server.flask.application first_packet = self.connection._read_packet()
[Sat Jun 13 01:22:08.425566 2026] [wsgi:error] [pid 9:tid 140291725268672] [remote 10.0.0.10:32818] 2026-06-13 01:22:08.412 9 ERROR keystone.server.flask.application ^^^^^^^^^^^^^^^^^^^^^^^^^^^^^^
[Sat Jun 13 01:22:08.425567 2026] [wsgi:error] [pid 9:tid 140291725268672] [remote 10.0.0.10:32818] 2026-06-13 01:22:08.412 9 ERROR keystone.server.flask.application
File "/var/lib/openstack/lib/python3.12/site-packages/pymysql/connections.py", line 803, in _read_packet
[Sat Jun 13 01:22:08.425569 2026] [wsgi:error] [pid 9:tid 140291725268672] [remote 10.0.0.10:32818] 2026-06-13 01:22:08.412 9 ERROR keystone.server.flask.application packet.raise_for_error()
[Sat Jun 13 01:22:08.425570 2026] [wsgi:error] [pid 9:tid 140291725268672] [remote 10.0.0.10:32818] 2026-06-13 01:22:08.412 9 ERROR keystone.server.flask.application
File "/var/lib/openstack/lib/python3.12/site-packages/pymysql/protocol.py", line 219, in raise_for_error
[Sat Jun 13 01:22:08.425572 2026] [wsgi:error] [pid 9:tid 140291725268672] [remote 10.0.0.10:32818] 2026-06-13 01:22:08.412 9 ERROR keystone.server.flask.application err.raise_mysql_exception(self._data)
[Sat Jun 13 01:22:08.425573 2026] [wsgi:error] [pid 9:tid 140291725268672] [remote 10.0.0.10:32818] 2026-06-13 01:22:08.412 9 ERROR keystone.server.flask.application
File "/var/lib/openstack/lib/python3.12/site-packages/pymysql/err.py", line 154, in raise_mysql_exception
[Sat Jun 13 01:22:08.425574 2026] [wsgi:error] [pid 9:tid 140291725268672] [remote 10.0.0.10:32818] 2026-06-13 01:22:08.412 9 ERROR keystone.server.flask.application raise errorclass(errno, errval, sqlstate=sqlstate)
[Sat Jun 13 01:22:08.425576 2026] [wsgi:error] [pid 9:tid 140291725268672] [remote 10.0.0.10:32818] 2026-06-13 01:22:08.412 9 ERROR keystone.server.flask.application pymysql.err.IntegrityError: (1062, "Duplicate entry '<>-service' for key 'project.ixu_project_name_domain_id'")
[Sat Jun 13 01:22:08.425577 2026] [wsgi:error] [pid 9:tid 140291725268672] [remote 10.0.0.10:32818] 2026-06-13 01:22:08.412 9 ERROR keystone.server.flask.application
[Sat Jun 13 01:22:08.425579 2026] [wsgi:error] [pid 9:tid 140291725268672] [remote 10.0.0.10:32818] 2026-06-13 01:22:08.412 9 ERROR keystone.server.flask.application The above exception was the direct cause of the following exception:
[Sat Jun 13 01:22:08.425580 2026] [wsgi:error] [pid 9:tid 140291725268672] [remote 10.0.0.10:32818] 2026-06-13 01:22:08.412 9 ERROR keystone.server.flask.application
[Sat Jun 13 01:22:08.425581 2026] [wsgi:error] [pid 9:tid 140291725268672] [remote 10.0.0.10:32818] 2026-06-13 01:22:08.412 9 ERROR keystone.server.flask.application
Traceback (most recent call last):
[Sat Jun 13 01:22:08.425583 2026] [wsgi:error] [pid 9:tid 140291725268672] [remote 10.0.0.10:32818] 2026-06-13 01:22:08.412 9 ERROR keystone.server.flask.application
File "/var/lib/openstack/lib/python3.12/site-packages/keystone/common/sql/core.py", line 575, in wrapper
[Sat Jun 13 01:22:08.425584 2026] [wsgi:error] [pid 9:tid 140291725268672] [remote 10.0.0.10:32818] 2026-06-13 01:22:08.412 9 ERROR keystone.server.flask.application return method(*args, **kwargs)
[Sat Jun 13 01:22:08.425585 2026] [wsgi:error] [pid 9:tid 140291725268672] [remote 10.0.0.10:32818] 2026-06-13 01:22:08.412 9 ERROR keystone.server.flask.application ^^^^^^^^^^^^^^^^^^^^^^^
[Sat Jun 13 01:22:08.425587 2026] [wsgi:error] [pid 9:tid 140291725268672] [remote 10.0.0.10:32818] 2026-06-13 01:22:08.412 9 ERROR keystone.server.flask.application
File "/var/lib/openstack/lib/python3.12/site-packages/keystone/resource/backends/sql.py", line 278, in create_project
[Sat Jun 13 01:22:08.425589 2026] [wsgi:error] [pid 9:tid 140291725268672] [remote 10.0.0.10:32818] 2026-06-13 01:22:08.412 9 ERROR keystone.server.flask.application with sql.session_for_write() as session:
[Sat Jun 13 01:22:08.425590 2026] [wsgi:error] [pid 9:tid 140291725268672] [remote 10.0.0.10:32818] 2026-06-13 01:22:08.412 9 ERROR keystone.server.flask.application
File "/usr/lib/python3.12/contextlib.py", line 144, in __exit__
[Sat Jun 13 01:22:08.425592 2026] [wsgi:error] [pid 9:tid 140291725268672] [remote 10.0.0.10:32818] 2026-06-13 01:22:08.412 9 ERROR keystone.server.flask.application next(self.gen)
[Sat Jun 13 01:22:08.425593 2026] [wsgi:error] [pid 9:tid 140291725268672] [remote 10.0.0.10:32818] 2026-06-13 01:22:08.412 9 ERROR keystone.server.flask.application
File "/var/lib/openstack/lib/python3.12/site-packages/oslo_db/sqlalchemy/enginefacade.py", line 1175, in _transaction_scope
[Sat Jun 13 01:22:08.425595 2026] [wsgi:error] [pid 9:tid 140291725268672] [remote 10.0.0.10:32818] 2026-06-13 01:22:08.412 9 ERROR keystone.server.flask.application with current._produce_block(
[Sat Jun 13 01:22:08.425596 2026] [wsgi:error] [pid 9:tid 140291725268672] [remote 10.0.0.10:32818] 2026-06-13 01:22:08.412 9 ERROR keystone.server.flask.application
File "/usr/lib/python3.12/contextlib.py", line 144, in __exit__
[Sat Jun 13 01:22:08.425597 2026] [wsgi:error] [pid 9:tid 140291725268672] [remote 10.0.0.10:32818] 2026-06-13 01:22:08.412 9 ERROR keystone.server.flask.application next(self.gen)
[Sat Jun 13 01:22:08.425599 2026] [wsgi:error] [pid 9:tid 140291725268672] [remote 10.0.0.10:32818] 2026-06-13 01:22:08.412 9 ERROR keystone.server.flask.application
File "/var/lib/openstack/lib/python3.12/site-packages/oslo_db/sqlalchemy/enginefacade.py", line 837, in _session
[Sat Jun 13 01:22:08.425600 2026] [wsgi:error] [pid 9:tid 140291725268672] [remote 10.0.0.10:32818] 2026-06-13 01:22:08.412 9 ERROR keystone.server.flask.application with excutils.save_and_reraise_exception():
[Sat Jun 13 01:22:08.425601 2026] [wsgi:error] [pid 9:tid 140291725268672] [remote 10.0.0.10:32818] 2026-06-13 01:22:08.412 9 ERROR keystone.server.flask.application
File "/var/lib/openstack/lib/python3.12/site-packages/oslo_utils/excutils.py", line 266, in __exit__
[Sat Jun 13 01:22:08.425603 2026] [wsgi:error] [pid 9:tid 140291725268672] [remote 10.0.0.10:32818] 2026-06-13 01:22:08.412 9 ERROR keystone.server.flask.application self.force_reraise()
[Sat Jun 13 01:22:08.425604 2026] [wsgi:error] [pid 9:tid 140291725268672] [remote 10.0.0.10:32818] 2026-06-13 01:22:08.412 9 ERROR keystone.server.flask.application
File "/var/lib/openstack/lib/python3.12/site-packages/oslo_utils/excutils.py", line 232, in force_reraise
[Sat Jun 13 01:22:08.425606 2026] [wsgi:error] [pid 9:tid 140291725268672] [remote 10.0.0.10:32818] 2026-06-13 01:22:08.412 9 ERROR keystone.server.flask.application raise self.value
[Sat Jun 13 01:22:08.425607 2026] [wsgi:error] [pid 9:tid 140291725268672] [remote 10.0.0.10:32818] 2026-06-13 01:22:08.412 9 ERROR keystone.server.flask.application
File "/var/lib/openstack/lib/python3.12/site-packages/oslo_db/sqlalchemy/enginefacade.py", line 835, in _session
[Sat Jun 13 01:22:08.425608 2026] [wsgi:error] [pid 9:tid 140291725268672] [remote 10.0.0.10:32818] 2026-06-13 01:22:08.412 9 ERROR keystone.server.flask.application self._end_session_transaction(self.session)
[Sat Jun 13 01:22:08.425610 2026] [wsgi:error] [pid 9:tid 140291725268672] [remote 10.0.0.10:32818] 2026-06-13 01:22:08.412 9 ERROR keystone.server.flask.application
File "/var/lib/openstack/lib/python3.12/site-packages/oslo_db/sqlalchemy/enginefacade.py", line 748, in _end_session_transaction
[Sat Jun 13 01:22:08.425611 2026] [wsgi:error] [pid 9:tid 140291725268672] [remote 10.0.0.10:32818] 2026-06-13 01:22:08.412 9 ERROR keystone.server.flask.application session.commit()
[Sat Jun 13 01:22:08.425613 2026] [wsgi:error] [pid 9:tid 140291725268672] [remote 10.0.0.10:32818] 2026-06-13 01:22:08.412 9 ERROR keystone.server.flask.application
File "/var/lib/openstack/lib/python3.12/site-packages/sqlalchemy/orm/session.py", line 2034, in commit
[Sat Jun 13 01:22:08.425614 2026] [wsgi:error] [pid 9:tid 140291725268672] [remote 10.0.0.10:32818] 2026-06-13 01:22:08.412 9 ERROR keystone.server.flask.application trans.commit(_to_root=True)
[Sat Jun 13 01:22:08.425616 2026] [wsgi:error] [pid 9:tid 140291725268672] [remote 10.0.0.10:32818] 2026-06-13 01:22:08.412 9 ERROR keystone.server.flask.application File "", line 2, in commit
[Sat Jun 13 01:22:08.425617 2026] [wsgi:error] [pid 9:tid 140291725268672] [remote 10.0.0.10:32818] 2026-06-13 01:22:08.412 9 ERROR keystone.server.flask.application
File "/var/lib/openstack/lib/python3.12/site-packages/sqlalchemy/orm/state_changes.py", line 137, in _go
[Sat Jun 13 01:22:08.425619 2026] [wsgi:error] [pid 9:tid 140291725268672] [remote 10.0.0.10:32818] 2026-06-13 01:22:08.412 9 ERROR keystone.server.flask.application ret_value = fn(self, *arg, **kw)
[Sat Jun 13 01:22:08.425620 2026] [wsgi:error] [pid 9:tid 140291725268672] [remote 10.0.0.10:32818] 2026-06-13 01:22:08.412 9 ERROR keystone.server.flask.application ^^^^^^^^^^^^^^^^^^^^
[Sat Jun 13 01:22:08.425621 2026] [wsgi:error] [pid 9:tid 140291725268672] [remote 10.0.0.10:32818] 2026-06-13 01:22:08.412 9 ERROR keystone.server.flask.application
File "/var/lib/openstack/lib/python3.12/site-packages/sqlalchemy/orm/session.py", line 1315, in commit
[Sat Jun 13 01:22:08.425623 2026] [wsgi:error] [pid 9:tid 140291725268672] [remote 10.0.0.10:32818] 2026-06-13 01:22:08.412 9 ERROR keystone.server.flask.application self._prepare_impl()
[Sat Jun 13 01:22:08.425624 2026] [wsgi:error] [pid 9:tid 140291725268672] [remote 10.0.0.10:32818] 2026-06-13 01:22:08.412 9 ERROR keystone.server.flask.application File "", line 2, in _prepare_impl
[Sat Jun 13 01:22:08.425625 2026] [wsgi:error] [pid 9:tid 140291725268672] [remote 10.0.0.10:32818] 2026-06-13 01:22:08.412 9 ERROR keystone.server.flask.application
File "/var/lib/openstack/lib/python3.12/site-packages/sqlalchemy/orm/state_changes.py", line 137, in _go
[Sat Jun 13 01:22:08.425627 2026] [wsgi:error] [pid 9:tid 140291725268672] [remote 10.0.0.10:32818] 2026-06-13 01:22:08.412 9 ERROR keystone.server.flask.application ret_value = fn(self, *arg, **kw)
[Sat Jun 13 01:22:08.425628 2026] [wsgi:error] [pid 9:tid 140291725268672] [remote 10.0.0.10:32818] 2026-06-13 01:22:08.412 9 ERROR keystone.server.flask.application ^^^^^^^^^^^^^^^^^^^^
[Sat Jun 13 01:22:08.425629 2026] [wsgi:error] [pid 9:tid 140291725268672] [remote 10.0.0.10:32818] 2026-06-13 01:22:08.412 9 ERROR keystone.server.flask.application
File "/var/lib/openstack/lib/python3.12/site-packages/sqlalchemy/orm/session.py", line 1290, in _prepare_impl
[Sat Jun 13 01:22:08.425631 2026] [wsgi:error] [pid 9:tid 140291725268672] [remote 10.0.0.10:32818] 2026-06-13 01:22:08.412 9 ERROR keystone.server.flask.application self.session.flush()
[Sat Jun 13 01:22:08.425632 2026] [wsgi:error] [pid 9:tid 140291725268672] [remote 10.0.0.10:32818] 2026-06-13 01:22:08.412 9 ERROR keystone.server.flask.application
File "/var/lib/openstack/lib/python3.12/site-packages/sqlalchemy/orm/session.py", line 4352, in flush
[Sat Jun 13 01:22:08.425633 2026] [wsgi:error] [pid 9:tid 140291725268672] [remote 10.0.0.10:32818] 2026-06-13 01:22:08.412 9 ERROR keystone.server.flask.application self._flush(objects)
[Sat Jun 13 01:22:08.425635 2026] [wsgi:error] [pid 9:tid 140291725268672] [remote 10.0.0.10:32818] 2026-06-13 01:22:08.412 9 ERROR keystone.server.flask.application
File "/var/lib/openstack/lib/python3.12/site-packages/sqlalchemy/orm/session.py", line 4487, in _flush
[Sat Jun 13 01:22:08.425636 2026] [wsgi:error] [pid 9:tid 140291725268672] [remote 10.0.0.10:32818] 2026-06-13 01:22:08.412 9 ERROR keystone.server.flask.application with util.safe_reraise():
[Sat Jun 13 01:22:08.425639 2026] [wsgi:error] [pid 9:tid 140291725268672] [remote 10.0.0.10:32818] 2026-06-13 01:22:08.412 9 ERROR keystone.server.flask.application
File "/var/lib/openstack/lib/python3.12/site-packages/sqlalchemy/util/langhelpers.py", line 122, in __exit__
[Sat Jun 13 01:22:08.425739 2026] [wsgi:error] [pid 9:tid 140291725268672] [remote 10.0.0.10:32818] 2026-06-13 01:22:08.412 9 ERROR keystone.server.flask.application raise exc_value.with_traceback(exc_tb)
[Sat Jun 13 01:22:08.425741 2026] [wsgi:error] [pid 9:tid 140291725268672] [remote 10.0.0.10:32818] 2026-06-13 01:22:08.412 9 ERROR keystone.server.flask.application
File "/var/lib/openstack/lib/python3.12/site-packages/sqlalchemy/orm/session.py", line 4448, in _flush
[Sat Jun 13 01:22:08.425742 2026] [wsgi:error] [pid 9:tid 140291725268672] [remote 10.0.0.10:32818] 2026-06-13 01:22:08.412 9 ERROR keystone.server.flask.application flush_context.execute()
[Sat Jun 13 01:22:08.425744 2026] [wsgi:error] [pid 9:tid 140291725268672] [remote 10.0.0.10:32818] 2026-06-13 01:22:08.412 9 ERROR keystone.server.flask.application
File "/var/lib/openstack/lib/python3.12/site-packages/sqlalchemy/orm/unitofwork.py", line 465, in execute
