Apr 03 03:00:44.051284 np0000163374 devstack@neutron-api.service[102645]: INFO neutron.plugins.ml2.drivers.ovn.mech_driver.ovsdb.impl_idl_ovn [None req-ce4ed3d4-ac10-4c8d-b4e6-6eacff3cf158 None None] Getting OvsdbSbOvnIdl for WorkerService with retry
Apr 03 03:00:44.052696 np0000163374 devstack@neutron-api.service[102644]: INFO ovsdbapp.backend.ovs_idl.vlog [None req-76440ebe-5d8e-4a7e-b428-274190aab490 None None] ssl:199.204.45.57:6641: connecting...
Apr 03 03:00:44.052871 np0000163374 devstack@neutron-api.service[102646]: WSGI app 0 (mountpoint='') ready in 8 seconds on interpreter 0x7201a96a3668 pid: 102646 (default app)
Apr 03 03:00:44.059040 np0000163374 devstack@neutron-api.service[102644]: INFO ovsdbapp.backend.ovs_idl.vlog [None req-76440ebe-5d8e-4a7e-b428-274190aab490 None None] ssl:199.204.45.57:6641: connected
Apr 03 03:00:44.085776 np0000163374 devstack@neutron-api.service[102645]: DEBUG ovsdbapp.backend.ovs_idl [None req-ce4ed3d4-ac10-4c8d-b4e6-6eacff3cf158 None None] Created lookup_table index Chassis.name {{(pid=102645) autocreate_indices /opt/stack/data/venv/lib/python3.12/site-packages/ovsdbapp/backend/ovs_idl/__init__.py:87}}
Apr 03 03:00:44.085905 np0000163374 devstack@neutron-api.service[102645]: DEBUG ovsdbapp.backend.ovs_idl [None req-ce4ed3d4-ac10-4c8d-b4e6-6eacff3cf158 None None] Created lookup_table index Port_Binding.logical_port {{(pid=102645) autocreate_indices /opt/stack/data/venv/lib/python3.12/site-packages/ovsdbapp/backend/ovs_idl/__init__.py:87}}
Apr 03 03:00:44.085977 np0000163374 devstack@neutron-api.service[102645]: DEBUG ovsdbapp.backend.ovs_idl [None req-ce4ed3d4-ac10-4c8d-b4e6-6eacff3cf158 None None] Created schema index Chassis_Private.name {{(pid=102645) autocreate_indices /opt/stack/data/venv/lib/python3.12/site-packages/ovsdbapp/backend/ovs_idl/__init__.py:106}}
Apr 03 03:00:44.086184 np0000163374 devstack@neutron-api.service[102645]: DEBUG ovsdbapp.backend.ovs_idl [None req-ce4ed3d4-ac10-4c8d-b4e6-6eacff3cf158 None None] Created schema index Datapath_Binding.tunnel_key {{(pid=102645) autocreate_indices /opt/stack/data/venv/lib/python3.12/site-packages/ovsdbapp/backend/ovs_idl/__init__.py:106}}
Apr 03 03:00:44.088634 np0000163374 devstack@neutron-api.service[102645]: INFO ovsdbapp.backend.ovs_idl.vlog [None req-ce4ed3d4-ac10-4c8d-b4e6-6eacff3cf158 None None] ssl:199.204.45.57:6642: connecting...
Apr 03 03:00:44.094543 np0000163374 devstack@neutron-api.service[102644]: DEBUG neutron.common.ovn.hash_ring_manager [None req-76440ebe-5d8e-4a7e-b428-274190aab490 None None] Allow caching, nodes 4>=4 {{(pid=102644) _wait_startup_before_caching /opt/stack/neutron/neutron/common/ovn/hash_ring_manager.py:65}}
Apr 03 03:00:44.094780 np0000163374 devstack@neutron-api.service[102645]: INFO ovsdbapp.backend.ovs_idl.vlog [None req-ce4ed3d4-ac10-4c8d-b4e6-6eacff3cf158 None None] ssl:199.204.45.57:6642: connected
Apr 03 03:00:44.099835 np0000163374 devstack@neutron-api.service[102644]: DEBUG neutron.common.ovn.hash_ring_manager [None req-76440ebe-5d8e-4a7e-b428-274190aab490 None None] Hash Ring loaded. 4 active nodes. 0 offline nodes {{(pid=102644) _load_hash_ring /opt/stack/neutron/neutron/common/ovn/hash_ring_manager.py:102}}
Apr 03 03:00:44.100075 np0000163374 devstack@neutron-api.service[102644]: DEBUG neutron.plugins.ml2.drivers.ovn.mech_driver.ovsdb.ovsdb_monitor [None req-76440ebe-5d8e-4a7e-b428-274190aab490 None None] Hash Ring: Node 5192215ef49c503c9543554ec18e6ef8 (host: np0000163374) handling event "create" for row dd7f608b-956f-4820-9bec-cd66ad74b20c (table: ACL) {{(pid=102644) notify /opt/stack/neutron/neutron/plugins/ml2/drivers/ovn/mech_driver/ovsdb/ovsdb_monitor.py:912}}
Apr 03 03:00:44.100417 np0000163374 devstack@neutron-api.service[102644]: DEBUG neutron.plugins.ml2.drivers.ovn.mech_driver.ovsdb.ovsdb_monitor [None req-76440ebe-5d8e-4a7e-b428-274190aab490 None None] Hash Ring: Node 5192215ef49c503c9543554ec18e6ef8 (host: np0000163374) handling event "create" for row dd6e11f9-7cc3-42a9-950a-d3644098cd65 (table: Port_Group) {{(pid=102644) notify /opt/stack/neutron/neutron/plugins/ml2/drivers/ovn/mech_driver/ovsdb/ovsdb_monitor.py:912}}
Apr 03 03:00:44.100623 np0000163374 devstack@neutron-api.service[102644]: DEBUG neutron.plugins.ml2.drivers.ovn.mech_driver.ovsdb.ovsdb_monitor [None req-76440ebe-5d8e-4a7e-b428-274190aab490 None None] Hash Ring: Node 5192215ef49c503c9543554ec18e6ef8 (host: np0000163374) handling event "create" for row 6e3e0675-6370-4828-b30b-f0a34743868b (table: SSL) {{(pid=102644) notify /opt/stack/neutron/neutron/plugins/ml2/drivers/ovn/mech_driver/ovsdb/ovsdb_monitor.py:912}}
Apr 03 03:00:44.101639 np0000163374 devstack@neutron-api.service[102644]: INFO neutron.plugins.ml2.drivers.ovn.mech_driver.ovsdb.impl_idl_ovn [None req-76440ebe-5d8e-4a7e-b428-274190aab490 None None] Getting OvsdbSbOvnIdl for WorkerService with retry
Apr 03 03:00:44.126685 np0000163374 devstack@neutron-api.service[102645]: DEBUG neutron.common.ovn.hash_ring_manager [None req-ce4ed3d4-ac10-4c8d-b4e6-6eacff3cf158 None None] Allow caching, nodes 4>=4 {{(pid=102645) _wait_startup_before_caching /opt/stack/neutron/neutron/common/ovn/hash_ring_manager.py:65}}
Apr 03 03:00:44.131015 np0000163374 devstack@neutron-api.service[102645]: DEBUG neutron.common.ovn.hash_ring_manager [None req-ce4ed3d4-ac10-4c8d-b4e6-6eacff3cf158 None None] Hash Ring loaded. 4 active nodes. 0 offline nodes {{(pid=102645) _load_hash_ring /opt/stack/neutron/neutron/common/ovn/hash_ring_manager.py:102}}
Apr 03 03:00:44.131296 np0000163374 devstack@neutron-api.service[102645]: DEBUG neutron.plugins.ml2.drivers.ovn.mech_driver.ovsdb.ovsdb_monitor [None req-ce4ed3d4-ac10-4c8d-b4e6-6eacff3cf158 None None] ChassisAgentWriteEvent : Matched Chassis_Private, create, None None {{(pid=102645) matches /opt/stack/neutron/neutron/plugins/ml2/drivers/ovn/mech_driver/ovsdb/ovsdb_monitor.py:64}}
Apr 03 03:00:44.131586 np0000163374 devstack@neutron-api.service[102645]: DEBUG neutron.plugins.ml2.drivers.ovn.mech_driver.ovsdb.ovsdb_monitor [None req-ce4ed3d4-ac10-4c8d-b4e6-6eacff3cf158 None None] ChassisOVNAgentWriteEvent : Matched Chassis_Private, create, None None {{(pid=102645) matches /opt/stack/neutron/neutron/plugins/ml2/drivers/ovn/mech_driver/ovsdb/ovsdb_monitor.py:64}}
Apr 03 03:00:44.131730 np0000163374 devstack@neutron-api.service[102644]: DEBUG ovsdbapp.backend.ovs_idl [None req-76440ebe-5d8e-4a7e-b428-274190aab490 None None] Created lookup_table index Chassis.name {{(pid=102644) autocreate_indices /opt/stack/data/venv/lib/python3.12/site-packages/ovsdbapp/backend/ovs_idl/__init__.py:87}}
Apr 03 03:00:44.131837 np0000163374 devstack@neutron-api.service[102644]: DEBUG ovsdbapp.backend.ovs_idl [None req-76440ebe-5d8e-4a7e-b428-274190aab490 None None] Created lookup_table index Port_Binding.logical_port {{(pid=102644) autocreate_indices /opt/stack/data/venv/lib/python3.12/site-packages/ovsdbapp/backend/ovs_idl/__init__.py:87}}
Apr 03 03:00:44.131936 np0000163374 devstack@neutron-api.service[102644]: DEBUG ovsdbapp.backend.ovs_idl [None req-76440ebe-5d8e-4a7e-b428-274190aab490 None None] Created schema index Chassis_Private.name {{(pid=102644) autocreate_indices /opt/stack/data/venv/lib/python3.12/site-packages/ovsdbapp/backend/ovs_idl/__init__.py:106}}
Apr 03 03:00:44.132069 np0000163374 devstack@neutron-api.service[102644]: DEBUG ovsdbapp.backend.ovs_idl [None req-76440ebe-5d8e-4a7e-b428-274190aab490 None None] Created schema index Datapath_Binding.tunnel_key {{(pid=102644) autocreate_indices /opt/stack/data/venv/lib/python3.12/site-packages/ovsdbapp/backend/ovs_idl/__init__.py:106}}
Apr 03 03:00:44.133970 np0000163374 devstack@neutron-api.service[102644]: INFO ovsdbapp.backend.ovs_idl.vlog [None req-76440ebe-5d8e-4a7e-b428-274190aab490 None None] ssl:199.204.45.57:6642: connecting...
Apr 03 03:00:44.134529 np0000163374 devstack@neutron-api.service[102645]: INFO neutron.plugins.ml2.drivers.ovn.mech_driver.mech_driver [None req-ce4ed3d4-ac10-4c8d-b4e6-6eacff3cf158 None None] WorkerService process has finished the post initialization
Apr 03 03:00:44.136333 np0000163374 devstack@neutron-api.service[102645]: WSGI app 0 (mountpoint='') ready in 8 seconds on interpreter 0x7201a96a3668 pid: 102645 (default app)
Apr 03 03:00:44.139149 np0000163374 devstack@neutron-api.service[102644]: INFO ovsdbapp.backend.ovs_idl.vlog [None req-76440ebe-5d8e-4a7e-b428-274190aab490 None None] ssl:199.204.45.57:6642: connected
Apr 03 03:00:44.167487 np0000163374 devstack@neutron-api.service[102644]: DEBUG neutron.common.ovn.hash_ring_manager [None req-76440ebe-5d8e-4a7e-b428-274190aab490 None None] Allow caching, nodes 4>=4 {{(pid=102644) _wait_startup_before_caching /opt/stack/neutron/neutron/common/ovn/hash_ring_manager.py:65}}
Apr 03 03:00:44.170740 np0000163374 devstack@neutron-api.service[102644]: DEBUG neutron.common.ovn.hash_ring_manager [None req-76440ebe-5d8e-4a7e-b428-274190aab490 None None] Hash Ring loaded. 4 active nodes. 0 offline nodes {{(pid=102644) _load_hash_ring /opt/stack/neutron/neutron/common/ovn/hash_ring_manager.py:102}}
Apr 03 03:00:44.170914 np0000163374 devstack@neutron-api.service[102644]: DEBUG neutron.plugins.ml2.drivers.ovn.mech_driver.ovsdb.ovsdb_monitor [None req-76440ebe-5d8e-4a7e-b428-274190aab490 None None] ChassisOVNAgentWriteEvent : Matched Chassis_Private, create, None None {{(pid=102644) matches /opt/stack/neutron/neutron/plugins/ml2/drivers/ovn/mech_driver/ovsdb/ovsdb_monitor.py:64}}
Apr 03 03:00:44.171008 np0000163374 devstack@neutron-api.service[102644]: DEBUG neutron.plugins.ml2.drivers.ovn.mech_driver.ovsdb.ovsdb_monitor [None req-76440ebe-5d8e-4a7e-b428-274190aab490 None None] ChassisAgentWriteEvent : Matched Chassis_Private, create, None None {{(pid=102644) matches /opt/stack/neutron/neutron/plugins/ml2/drivers/ovn/mech_driver/ovsdb/ovsdb_monitor.py:64}}
Apr 03 03:00:44.173370 np0000163374 devstack@neutron-api.service[102644]: INFO neutron.plugins.ml2.drivers.ovn.mech_driver.mech_driver [None req-76440ebe-5d8e-4a7e-b428-274190aab490 None None] WorkerService process has finished the post initialization
Apr 03 03:00:44.174535 np0000163374 devstack@neutron-api.service[102644]: WSGI app 0 (mountpoint='') ready in 8 seconds on interpreter 0x7201a96a3668 pid: 102644 (default app)
Apr 03 03:00:45.836108 np0000163374 devstack@neutron-api.service[102645]: DEBUG neutron.plugins.ml2.drivers.ovn.mech_driver.ovsdb.ovsdb_monitor [-] Hash Ring: Node c21d6b9fa88451fe9dd6401c2d675e27 (host: np0000163374) handling event "update" for row 6835e654-2c35-4c82-9fcd-5e35b08039db (table: Connection) {{(pid=102645) notify /opt/stack/neutron/neutron/plugins/ml2/drivers/ovn/mech_driver/ovsdb/ovsdb_monitor.py:912}}
Apr 03 03:00:45.838486 np0000163374 devstack@neutron-api.service[102643]: DEBUG neutron.common.ovn.hash_ring_manager [-] Allow caching, nodes 4>=4 {{(pid=102643) _wait_startup_before_caching /opt/stack/neutron/neutron/common/ovn/hash_ring_manager.py:65}}
Apr 03 03:00:45.838741 np0000163374 devstack@neutron-api.service[102643]: DEBUG neutron.plugins.ml2.drivers.ovn.mech_driver.ovsdb.ovsdb_monitor [-] Hash Ring: Node 1755b1a36f855251a620f11777a20d74 (host: np0000163374) handling event "update" for row 6835e654-2c35-4c82-9fcd-5e35b08039db (table: Connection) {{(pid=102643) notify /opt/stack/neutron/neutron/plugins/ml2/drivers/ovn/mech_driver/ovsdb/ovsdb_monitor.py:912}}
Apr 03 03:00:48.337873 np0000163374 devstack@neutron-api.service[102643]: DEBUG neutron.plugins.ml2.drivers.ovn.mech_driver.ovsdb.ovsdb_monitor [-] Hash Ring: Node 1755b1a36f855251a620f11777a20d74 (host: np0000163374) handling event "update" for row 6835e654-2c35-4c82-9fcd-5e35b08039db (table: Connection) {{(pid=102643) notify /opt/stack/neutron/neutron/plugins/ml2/drivers/ovn/mech_driver/ovsdb/ovsdb_monitor.py:912}}
Apr 03 03:00:48.339102 np0000163374 devstack@neutron-api.service[102645]: DEBUG neutron.plugins.ml2.drivers.ovn.mech_driver.ovsdb.ovsdb_monitor [-] Hash Ring: Node c21d6b9fa88451fe9dd6401c2d675e27 (host: np0000163374) handling event "update" for row 6835e654-2c35-4c82-9fcd-5e35b08039db (table: Connection) {{(pid=102645) notify /opt/stack/neutron/neutron/plugins/ml2/drivers/ovn/mech_driver/ovsdb/ovsdb_monitor.py:912}}
Apr 03 03:00:49.399211 np0000163374 devstack@neutron-api.service[102643]: DEBUG neutron.api.wsgi [None req-3cc2db8b-3041-4def-8904-6ffb75a4ab88 admin admin] Missing Content-Type {{(pid=102643) get_content_type /opt/stack/neutron/neutron/api/wsgi.py:85}}
Apr 03 03:00:49.399901 np0000163374 devstack@neutron-api.service[102643]: DEBUG neutron.api.wsgi [None req-3cc2db8b-3041-4def-8904-6ffb75a4ab88 admin admin] https://199.204.45.57/networking/v2.0/extensions returned with HTTP 200 {{(pid=102643) __call__ /opt/stack/neutron/neutron/api/wsgi.py:545}}
Apr 03 03:00:49.400010 np0000163374 devstack@neutron-api.service[102643]: [pid: 102643|app: 0|req: 2/2] 199.204.45.57 () {64 vars in 1316 bytes} [Fri Apr 3 03:00:49 2026] GET /networking/v2.0/extensions => generated 15208 bytes in 275 msecs (HTTP/1.1 200) 4 headers in 159 bytes (1 switches on core 0)
Apr 03 03:00:49.787794 np0000163374 devstack@neutron-api.service[102646]: DEBUG neutron.api.v2.base [None req-54af9d95-6cd6-4f8b-a066-e8c7b29846f9 admin admin] Request body: {'subnetpool': {'prefixes': ['10.1.0.0/20'], 'is_default': True, 'name': 'shared-default-subnetpool-v4', 'shared': True, 'default_prefixlen': 26}} {{(pid=102646) prepare_request_body /opt/stack/neutron/neutron/api/v2/base.py:729}}
Apr 03 03:00:49.991517 np0000163374 devstack@neutron-api.service[102646]: DEBUG neutron.policy [None req-54af9d95-6cd6-4f8b-a066-e8c7b29846f9 admin admin] Loaded default policies from ['neutron'] under neutron.policies entry points {{(pid=102646) register_rules /opt/stack/neutron/neutron/policy.py:65}}
Apr 03 03:00:50.136531 np0000163374 devstack@neutron-api.service[102646]: DEBUG neutron_lib.callbacks.manager [None req-54af9d95-6cd6-4f8b-a066-e8c7b29846f9 admin admin] Publish callbacks ['neutron.objects.securitygroup.RbacNeutronDbObjectMixin.validate_rbac_policy_change-1287490685452', 'neutron.objects.address_group.RbacNeutronDbObjectMixin.validate_rbac_policy_change-1287490662837', 'neutron.objects.network.RbacNeutronDbObjectMixin.validate_rbac_policy_change-1287490742562', 'neutron.objects.qos.policy.RbacNeutronDbObjectMixin.validate_rbac_policy_change-1287490745009', 'neutron.objects.subnetpool.RbacNeutronDbObjectMixin.validate_rbac_policy_change-1287490709402', 'neutron.objects.address_scope.RbacNeutronDbObjectMixin.validate_rbac_policy_change-1287490709191', 'neutron.plugins.ml2.plugin.External_net_db_mixin._process_ext_policy_create-361964', 'neutron.plugins.ml2.plugin.NeutronDbPluginV2.validate_network_rbac_policy_change-370116'] for rbac-policy (None), before_create {{(pid=102646) _notify_loop /opt/stack/data/venv/lib/python3.12/site-packages/neutron_lib/callbacks/manager.py:184}}
Apr 03 03:00:50.181905 np0000163374 devstack@neutron-api.service[102646]: DEBUG neutron_lib.callbacks.manager [None req-54af9d95-6cd6-4f8b-a066-e8c7b29846f9 admin admin] Publish callbacks [] for subnetpool (None), before_response {{(pid=102646) _notify_loop /opt/stack/data/venv/lib/python3.12/site-packages/neutron_lib/callbacks/manager.py:184}}
Apr 03 03:00:50.182209 np0000163374 devstack@neutron-api.service[102646]: [pid: 102646|app: 0|req: 1/3] 199.204.45.57 () {68 vars in 1360 bytes} [Fri Apr 3 03:00:49 2026] POST /networking/v2.0/subnetpools => generated 533 bytes in 497 msecs (HTTP/1.1 201) 4 headers in 162 bytes (1 switches on core 0)
Apr 03 03:00:50.529168 np0000163374 devstack@neutron-api.service[102645]: DEBUG neutron.api.v2.base [None req-e908c2d8-28e0-4149-a654-76a2fa7e9146 admin admin] Request body: {'subnetpool': {'prefixes': ['fd95:7d76:1c00::/56'], 'is_default': True, 'name': 'shared-default-subnetpool-v6', 'shared': True, 'default_prefixlen': 64}} {{(pid=102645) prepare_request_body /opt/stack/neutron/neutron/api/v2/base.py:729}}
Apr 03 03:00:50.727683 np0000163374 devstack@neutron-api.service[102645]: DEBUG neutron.policy [None req-e908c2d8-28e0-4149-a654-76a2fa7e9146 admin admin] Loaded default policies from ['neutron'] under neutron.policies entry points {{(pid=102645) register_rules /opt/stack/neutron/neutron/policy.py:65}}
Apr 03 03:00:50.874450 np0000163374 devstack@neutron-api.service[102645]: DEBUG neutron_lib.callbacks.manager [None req-e908c2d8-28e0-4149-a654-76a2fa7e9146 admin admin] Publish callbacks ['neutron.objects.securitygroup.RbacNeutronDbObjectMixin.validate_rbac_policy_change-1287490838160', 'neutron.objects.address_group.RbacNeutronDbObjectMixin.validate_rbac_policy_change-1287490681727', 'neutron.objects.network.RbacNeutronDbObjectMixin.validate_rbac_policy_change-1287490734738', 'neutron.objects.qos.policy.RbacNeutronDbObjectMixin.validate_rbac_policy_change-1287490740121', 'neutron.objects.subnetpool.RbacNeutronDbObjectMixin.validate_rbac_policy_change-1287490700356', 'neutron.objects.address_scope.RbacNeutronDbObjectMixin.validate_rbac_policy_change-1287490700793', 'neutron.plugins.ml2.plugin.External_net_db_mixin._process_ext_policy_create-1192881', 'neutron.plugins.ml2.plugin.NeutronDbPluginV2.validate_network_rbac_policy_change-1206033'] for rbac-policy (None), before_create {{(pid=102645) _notify_loop /opt/stack/data/venv/lib/python3.12/site-packages/neutron_lib/callbacks/manager.py:184}}
Apr 03 03:00:50.918314 np0000163374 devstack@neutron-api.service[102645]: DEBUG neutron_lib.callbacks.manager [None req-e908c2d8-28e0-4149-a654-76a2fa7e9146 admin admin] Publish callbacks [] for subnetpool (None), before_response {{(pid=102645) _notify_loop /opt/stack/data/venv/lib/python3.12/site-packages/neutron_lib/callbacks/manager.py:184}}
Apr 03 03:00:50.918792 np0000163374 devstack@neutron-api.service[102645]: [pid: 102645|app: 0|req: 1/4] 199.204.45.57 () {68 vars in 1360 bytes} [Fri Apr 3 03:00:50 2026] POST /networking/v2.0/subnetpools => generated 543 bytes in 516 msecs (HTTP/1.1 201) 4 headers in 162 bytes (1 switches on core 0)
Apr 03 03:00:51.327252 np0000163374 devstack@neutron-api.service[102644]: DEBUG neutron.api.v2.base [None req-8da8ca67-19e5-494a-bd69-daabda0560eb admin admin] Request body: {'network': {'admin_state_up': True, 'name': 'private'}} {{(pid=102644) prepare_request_body /opt/stack/neutron/neutron/api/v2/base.py:729}}
Apr 03 03:00:51.349998 np0000163374 devstack@neutron-api.service[102644]: DEBUG neutron.pecan_wsgi.hooks.quota_enforcement [None req-8da8ca67-19e5-494a-bd69-daabda0560eb admin admin] Made reservation on behalf of 248ba70e3b9a48dcb0c4e0dd3b10817a for: {'network': 1} {{(pid=102644) before /opt/stack/neutron/neutron/pecan_wsgi/hooks/quota_enforcement.py:66}}
Apr 03 03:00:51.531729 np0000163374 devstack@neutron-api.service[102644]: DEBUG neutron.policy [None req-8da8ca67-19e5-494a-bd69-daabda0560eb admin admin] Loaded default policies from ['neutron'] under neutron.policies entry points {{(pid=102644) register_rules /opt/stack/neutron/neutron/policy.py:65}}
Apr 03 03:00:51.640118 np0000163374 devstack@neutron-api.service[102644]: DEBUG neutron_lib.callbacks.manager [None req-8da8ca67-19e5-494a-bd69-daabda0560eb admin admin] Publish callbacks ['neutron.plugins.ml2.plugin.SecurityGroupDbMixin._ensure_default_security_group_handler-223584'] for network (None), before_create {{(pid=102644) _notify_loop /opt/stack/data/venv/lib/python3.12/site-packages/neutron_lib/callbacks/manager.py:184}}
Apr 03 03:00:51.657822 np0000163374 devstack@neutron-api.service[102644]: DEBUG neutron_lib.callbacks.manager [None req-8da8ca67-19e5-494a-bd69-daabda0560eb admin admin] Publish callbacks [] for security_group (None), before_create {{(pid=102644) _notify_loop /opt/stack/data/venv/lib/python3.12/site-packages/neutron_lib/callbacks/manager.py:184}}
Apr 03 03:00:51.753948 np0000163374 devstack@neutron-api.service[102644]: DEBUG neutron_lib.callbacks.manager [None req-8da8ca67-19e5-494a-bd69-daabda0560eb admin admin] Publish callbacks ['neutron.plugins.ml2.drivers.ovn.mech_driver.mech_driver.OVNMechanismDriver._create_security_group_precommit-838641'] for security_group (4e52e206-d10f-4b27-8ed0-6cad7d22c031), precommit_create {{(pid=102644) _notify_loop /opt/stack/data/venv/lib/python3.12/site-packages/neutron_lib/callbacks/manager.py:184}}
Apr 03 03:00:51.754234 np0000163374 devstack@neutron-api.service[102644]: DEBUG neutron.db.ovn_revision_numbers_db [None req-8da8ca67-19e5-494a-bd69-daabda0560eb admin admin] create_initial_revision uuid=4e52e206-d10f-4b27-8ed0-6cad7d22c031, type=security_groups, rev=-1 {{(pid=102644) create_initial_revision /opt/stack/neutron/neutron/db/ovn_revision_numbers_db.py:98}}
Apr 03 03:00:51.756360 np0000163374 devstack@neutron-api.service[102644]: DEBUG neutron.db.ovn_revision_numbers_db [None req-8da8ca67-19e5-494a-bd69-daabda0560eb admin admin] create_initial_revision uuid=05d20066-db7e-4560-b4ff-4f66f960d54d, type=security_group_rules, rev=-1 {{(pid=102644) create_initial_revision /opt/stack/neutron/neutron/db/ovn_revision_numbers_db.py:98}}
Apr 03 03:00:51.757289 np0000163374 devstack@neutron-api.service[102644]: DEBUG neutron.db.ovn_revision_numbers_db [None req-8da8ca67-19e5-494a-bd69-daabda0560eb admin admin] create_initial_revision uuid=3e46fb50-c3c6-4438-8f2a-397640c22257, type=security_group_rules, rev=-1 {{(pid=102644) create_initial_revision /opt/stack/neutron/neutron/db/ovn_revision_numbers_db.py:98}}
Apr 03 03:00:51.758181 np0000163374 devstack@neutron-api.service[102644]: DEBUG neutron.db.ovn_revision_numbers_db [None req-8da8ca67-19e5-494a-bd69-daabda0560eb admin admin] create_initial_revision uuid=6f22de4d-be76-440c-b7da-ea7e175dd761, type=security_group_rules, rev=-1 {{(pid=102644) create_initial_revision /opt/stack/neutron/neutron/db/ovn_revision_numbers_db.py:98}}
Apr 03 03:00:51.759044 np0000163374 devstack@neutron-api.service[102644]: DEBUG neutron.db.ovn_revision_numbers_db [None req-8da8ca67-19e5-494a-bd69-daabda0560eb admin admin] create_initial_revision uuid=f5dbbbe9-8187-4104-96d4-cf36b6171ca4, type=security_group_rules, rev=-1 {{(pid=102644) create_initial_revision /opt/stack/neutron/neutron/db/ovn_revision_numbers_db.py:98}}
Apr 03 03:00:51.767663 np0000163374 devstack@neutron-api.service[102644]: DEBUG neutron_lib.callbacks.manager [None req-8da8ca67-19e5-494a-bd69-daabda0560eb admin admin] Publish callbacks ['neutron.plugins.ml2.drivers.ovn.mech_driver.mech_driver.OVNMechanismDriver._create_security_group-838631', 'neutron.plugins.ml2.ovo_rpc._ObjectChangeHandler.handle_event-2481706'] for security_group (4e52e206-d10f-4b27-8ed0-6cad7d22c031), after_create {{(pid=102644) _notify_loop /opt/stack/data/venv/lib/python3.12/site-packages/neutron_lib/callbacks/manager.py:184}}
Apr 03 03:00:51.767870 np0000163374 devstack@neutron-api.service[102644]: INFO neutron.plugins.ml2.drivers.ovn.mech_driver.ovsdb.extensions.qos [None req-8da8ca67-19e5-494a-bd69-daabda0560eb admin admin] Starting OVNClientQosExtension
Apr 03 03:00:51.767937 np0000163374 devstack@neutron-api.service[102644]: INFO neutron.plugins.ml2.drivers.ovn.mech_driver.ovsdb.extensions.placement [None req-8da8ca67-19e5-494a-bd69-daabda0560eb admin admin] Starting OVNClientPlacementExtension
Apr 03 03:00:51.769877 np0000163374 devstack@neutron-api.service[102644]: DEBUG ovsdbapp.backend.ovs_idl.transaction [-] Running txn n=1 command(idx=0): PgAddCommand(_result=None, name=pg_4e52e206_d10f_4b27_8ed0_6cad7d22c031, may_exist=False, columns={'acls': [], 'external_ids': {'neutron:security_group_id': '4e52e206-d10f-4b27-8ed0-6cad7d22c031'}}) {{(pid=102644) do_commit /opt/stack/data/venv/lib/python3.12/site-packages/ovsdbapp/backend/ovs_idl/transaction.py:89}}
Apr 03 03:00:51.772139 np0000163374 devstack@neutron-api.service[102644]: DEBUG ovsdbapp.backend.ovs_idl.transaction [-] Running txn n=1 command(idx=1): PgAclAddCommand(_result=None, entity=pg_4e52e206_d10f_4b27_8ed0_6cad7d22c031, direction=to-lport, priority=1002, match=outport == @pg_4e52e206_d10f_4b27_8ed0_6cad7d22c031 && ip4 && ip4.src == $pg_4e52e206_d10f_4b27_8ed0_6cad7d22c031_ip4, action=allow-related, log=False, may_exist=True, severity=[], name=[], meter=[], external_ids={'neutron:security_group_rule_id': '05d20066-db7e-4560-b4ff-4f66f960d54d'}) {{(pid=102644) do_commit /opt/stack/data/venv/lib/python3.12/site-packages/ovsdbapp/backend/ovs_idl/transaction.py:89}}
Apr 03 03:00:51.772635 np0000163374 devstack@neutron-api.service[102644]: DEBUG ovsdbapp.backend.ovs_idl.transaction [-] Running txn n=1 command(idx=2): PgAclAddCommand(_result=None, entity=pg_4e52e206_d10f_4b27_8ed0_6cad7d22c031, direction=from-lport, priority=1002, match=inport == @pg_4e52e206_d10f_4b27_8ed0_6cad7d22c031 && ip4, action=allow-related, log=False, may_exist=True, severity=[], name=[], meter=[], external_ids={'neutron:security_group_rule_id': '3e46fb50-c3c6-4438-8f2a-397640c22257'}) {{(pid=102644) do_commit /opt/stack/data/venv/lib/python3.12/site-packages/ovsdbapp/backend/ovs_idl/transaction.py:89}}
Apr 03 03:00:51.772975 np0000163374 devstack@neutron-api.service[102644]: DEBUG ovsdbapp.backend.ovs_idl.transaction [-] Running txn n=1 command(idx=3): PgAclAddCommand(_result=None, entity=pg_4e52e206_d10f_4b27_8ed0_6cad7d22c031, direction=from-lport, priority=1002, match=inport == @pg_4e52e206_d10f_4b27_8ed0_6cad7d22c031 && ip6, action=allow-related, log=False, may_exist=True, severity=[], name=[], meter=[], external_ids={'neutron:security_group_rule_id': '6f22de4d-be76-440c-b7da-ea7e175dd761'}) {{(pid=102644) do_commit /opt/stack/data/venv/lib/python3.12/site-packages/ovsdbapp/backend/ovs_idl/transaction.py:89}}
Apr 03 03:00:51.773346 np0000163374 devstack@neutron-api.service[102644]: DEBUG ovsdbapp.backend.ovs_idl.transaction [-] Running txn n=1 command(idx=4): PgAclAddCommand(_result=None, entity=pg_4e52e206_d10f_4b27_8ed0_6cad7d22c031, direction=to-lport, priority=1002, match=outport == @pg_4e52e206_d10f_4b27_8ed0_6cad7d22c031 && ip6 && ip6.src == $pg_4e52e206_d10f_4b27_8ed0_6cad7d22c031_ip6, action=allow-related, log=False, may_exist=True, severity=[], name=[], meter=[], external_ids={'neutron:security_group_rule_id': 'f5dbbbe9-8187-4104-96d4-cf36b6171ca4'}) {{(pid=102644) do_commit /opt/stack/data/venv/lib/python3.12/site-packages/ovsdbapp/backend/ovs_idl/transaction.py:89}}
Apr 03 03:00:51.779977 np0000163374 devstack@neutron-api.service[102643]: DEBUG neutron.plugins.ml2.drivers.ovn.mech_driver.ovsdb.ovsdb_monitor [-] Hash Ring: Node 1755b1a36f855251a620f11777a20d74 (host: np0000163374) handling event "create" for row 1ec18434-2f9b-4c48-a97b-1e0c3d854909 (table: ACL) {{(pid=102643) notify /opt/stack/neutron/neutron/plugins/ml2/drivers/ovn/mech_driver/ovsdb/ovsdb_monitor.py:912}}
Apr 03 03:00:51.780642 np0000163374 devstack@neutron-api.service[102644]: DEBUG neutron.plugins.ml2.drivers.ovn.mech_driver.ovsdb.ovsdb_monitor [-] Hash Ring: Node 5192215ef49c503c9543554ec18e6ef8 (host: np0000163374) handling event "create" for row 029930c7-ba46-47b6-94df-c978ac737a5f (table: Port_Group) {{(pid=102644) notify /opt/stack/neutron/neutron/plugins/ml2/drivers/ovn/mech_driver/ovsdb/ovsdb_monitor.py:912}}
Apr 03 03:00:51.780787 np0000163374 devstack@neutron-api.service[102643]: DEBUG neutron.plugins.ml2.drivers.ovn.mech_driver.ovsdb.ovsdb_monitor [-] Hash Ring: Node 1755b1a36f855251a620f11777a20d74 (host: np0000163374) handling event "create" for row 5ea58939-4c5f-4218-a1ce-286873bc0a14 (table: ACL) {{(pid=102643) notify /opt/stack/neutron/neutron/plugins/ml2/drivers/ovn/mech_driver/ovsdb/ovsdb_monitor.py:912}}
Apr 03 03:00:51.780787 np0000163374 devstack@neutron-api.service[102643]: DEBUG neutron.plugins.ml2.drivers.ovn.mech_driver.ovsdb.ovsdb_monitor [-] Hash Ring: Node 1755b1a36f855251a620f11777a20d74 (host: np0000163374) handling event "create" for row 8f33e272-bcfe-4610-8c1e-0f1beb44d11b (table: ACL) {{(pid=102643) notify /opt/stack/neutron/neutron/plugins/ml2/drivers/ovn/mech_driver/ovsdb/ovsdb_monitor.py:912}}
Apr 03 03:00:51.780787 np0000163374 devstack@neutron-api.service[102643]: DEBUG neutron.plugins.ml2.drivers.ovn.mech_driver.ovsdb.ovsdb_monitor [-] Hash Ring: Node 1755b1a36f855251a620f11777a20d74 (host: np0000163374) handling event "create" for row c8960002-3e4c-46ea-bc3a-6bcc1b29f39c (table: ACL) {{(pid=102643) notify /opt/stack/neutron/neutron/plugins/ml2/drivers/ovn/mech_driver/ovsdb/ovsdb_monitor.py:912}}
Apr 03 03:00:51.780787 np0000163374 devstack@neutron-api.service[102643]: DEBUG neutron.plugins.ml2.drivers.ovn.mech_driver.ovsdb.ovsdb_monitor [-] Hash Ring: Node 1755b1a36f855251a620f11777a20d74 (host: np0000163374) handling event "create" for row 029930c7-ba46-47b6-94df-c978ac737a5f (table: Port_Group) {{(pid=102643) notify /opt/stack/neutron/neutron/plugins/ml2/drivers/ovn/mech_driver/ovsdb/ovsdb_monitor.py:912}}
Apr 03 03:00:51.783745 np0000163374 devstack@neutron-api.service[102646]: DEBUG neutron.plugins.ml2.drivers.ovn.mech_driver.ovsdb.ovsdb_monitor [-] Hash Ring: Node 6ecd0a8070de50508d5c8a0088301eea (host: np0000163374) handling event "create" for row 1ec18434-2f9b-4c48-a97b-1e0c3d854909 (table: ACL) {{(pid=102646) notify /opt/stack/neutron/neutron/plugins/ml2/drivers/ovn/mech_driver/ovsdb/ovsdb_monitor.py:912}}
Apr 03 03:00:51.784097 np0000163374 devstack@neutron-api.service[102646]: DEBUG neutron.plugins.ml2.drivers.ovn.mech_driver.ovsdb.ovsdb_monitor [-] Hash Ring: Node 6ecd0a8070de50508d5c8a0088301eea (host: np0000163374) handling event "create" for row 5ea58939-4c5f-4218-a1ce-286873bc0a14 (table: ACL) {{(pid=102646) notify /opt/stack/neutron/neutron/plugins/ml2/drivers/ovn/mech_driver/ovsdb/ovsdb_monitor.py:912}}
Apr 03 03:00:51.808978 np0000163374 devstack@neutron-api.service[102644]: INFO neutron.db.ovn_revision_numbers_db [None req-8da8ca67-19e5-494a-bd69-daabda0560eb admin admin] Successfully bumped revision number for resource 4e52e206-d10f-4b27-8ed0-6cad7d22c031 (type: security_groups) to 1
Apr 03 03:00:51.825183 np0000163374 devstack@neutron-api.service[102644]: INFO neutron.db.ovn_revision_numbers_db [None req-8da8ca67-19e5-494a-bd69-daabda0560eb admin admin] Successfully bumped revision number for resource 05d20066-db7e-4560-b4ff-4f66f960d54d (type: security_group_rules) to 0
Apr 03 03:00:51.839418 np0000163374 devstack@neutron-api.service[102644]: INFO neutron.db.ovn_revision_numbers_db [None req-8da8ca67-19e5-494a-bd69-daabda0560eb admin admin] Successfully bumped revision number for resource 3e46fb50-c3c6-4438-8f2a-397640c22257 (type: security_group_rules) to 0
Apr 03 03:00:51.851376 np0000163374 devstack@neutron-api.service[102644]: INFO neutron.db.ovn_revision_numbers_db [None req-8da8ca67-19e5-494a-bd69-daabda0560eb admin admin] Successfully bumped revision number for resource 6f22de4d-be76-440c-b7da-ea7e175dd761 (type: security_group_rules) to 0
Apr 03 03:00:51.863535 np0000163374 devstack@neutron-api.service[102644]: INFO neutron.db.ovn_revision_numbers_db [None req-8da8ca67-19e5-494a-bd69-daabda0560eb admin admin] Successfully bumped revision number for resource f5dbbbe9-8187-4104-96d4-cf36b6171ca4 (type: security_group_rules) to 0
Apr 03 03:00:51.890709 np0000163374 devstack@neutron-api.service[102644]: DEBUG neutron.api.rpc.handlers.resources_rpc [None req-8da8ca67-19e5-494a-bd69-daabda0560eb admin admin] Pushing event updated for resources: {'SecurityGroup': ['ID=4e52e206-d10f-4b27-8ed0-6cad7d22c031,revision_number=1']} {{(pid=102644) push /opt/stack/neutron/neutron/api/rpc/handlers/resources_rpc.py:237}}
Apr 03 03:00:51.899080 np0000163374 devstack@neutron-api.service[102644]: DEBUG ovsdbapp.backend.ovs_idl.transaction [-] Running txn n=1 command(idx=0): CheckLivenessCommand(_result=None) {{(pid=102644) do_commit /opt/stack/data/venv/lib/python3.12/site-packages/ovsdbapp/backend/ovs_idl/transaction.py:89}}
Apr 03 03:00:51.902848 np0000163374 devstack@neutron-api.service[102643]: DEBUG neutron.plugins.ml2.drivers.ovn.mech_driver.ovsdb.ovsdb_monitor [-] Hash Ring: Node 1755b1a36f855251a620f11777a20d74 (host: np0000163374) handling event "update" for row 1b4f3687-4a03-46e4-b1cc-f215fd0dc65c (table: NB_Global) {{(pid=102643) notify /opt/stack/neutron/neutron/plugins/ml2/drivers/ovn/mech_driver/ovsdb/ovsdb_monitor.py:912}}
Apr 03 03:00:51.904956 np0000163374 devstack@neutron-api.service[102643]: DEBUG neutron.plugins.ml2.drivers.ovn.mech_driver.ovsdb.ovsdb_monitor [-] Hash Ring: Node 1755b1a36f855251a620f11777a20d74 (host: np0000163374) handling event "update" for row 1b4f3687-4a03-46e4-b1cc-f215fd0dc65c (table: NB_Global) {{(pid=102643) notify /opt/stack/neutron/neutron/plugins/ml2/drivers/ovn/mech_driver/ovsdb/ovsdb_monitor.py:912}}
Apr 03 03:00:51.906343 np0000163374 devstack@neutron-api.service[102646]: DEBUG neutron.plugins.ml2.drivers.ovn.mech_driver.ovsdb.ovsdb_monitor [-] ChassisAgentWriteEvent : Matched Chassis_Private, update, None None {{(pid=102646) matches /opt/stack/neutron/neutron/plugins/ml2/drivers/ovn/mech_driver/ovsdb/ovsdb_monitor.py:64}}
Apr 03 03:00:51.906690 np0000163374 devstack@neutron-api.service[102645]: DEBUG neutron.plugins.ml2.drivers.ovn.mech_driver.ovsdb.ovsdb_monitor [-] ChassisAgentWriteEvent : Matched Chassis_Private, update, None None {{(pid=102645) matches /opt/stack/neutron/neutron/plugins/ml2/drivers/ovn/mech_driver/ovsdb/ovsdb_monitor.py:64}}
Apr 03 03:00:51.906978 np0000163374 devstack@neutron-api.service[102643]: DEBUG neutron.plugins.ml2.drivers.ovn.mech_driver.ovsdb.ovsdb_monitor [-] Hash Ring: Node 1755b1a36f855251a620f11777a20d74 (host: np0000163374) handling event "update" for row 1b4f3687-4a03-46e4-b1cc-f215fd0dc65c (table: NB_Global) {{(pid=102643) notify /opt/stack/neutron/neutron/plugins/ml2/drivers/ovn/mech_driver/ovsdb/ovsdb_monitor.py:912}}
Apr 03 03:00:51.907094 np0000163374 devstack@neutron-api.service[102646]: DEBUG neutron.plugins.ml2.drivers.ovn.mech_driver.ovsdb.ovsdb_monitor [-] Hash Ring: Node 6ecd0a8070de50508d5c8a0088301eea (host: np0000163374) handling event "update" for row 36932c55-8eaf-482e-98db-6b905b17cd58 (table: Chassis_Private) {{(pid=102646) notify /opt/stack/neutron/neutron/plugins/ml2/drivers/ovn/mech_driver/ovsdb/ovsdb_monitor.py:912}}
Apr 03 03:00:51.907524 np0000163374 devstack@neutron-api.service[102643]: DEBUG neutron.plugins.ml2.drivers.ovn.mech_driver.ovsdb.ovsdb_monitor [-] ChassisAgentWriteEvent : Matched Chassis_Private, update, None None {{(pid=102643) matches /opt/stack/neutron/neutron/plugins/ml2/drivers/ovn/mech_driver/ovsdb/ovsdb_monitor.py:64}}
Apr 03 03:00:51.908248 np0000163374 devstack@neutron-api.service[102644]: DEBUG neutron.api.rpc.callbacks.version_manager [None req-8da8ca67-19e5-494a-bd69-daabda0560eb admin admin] Tracked resource versions report:
Apr 03 03:00:51.908248 np0000163374 devstack@neutron-api.service[102644]: pushed versions:
Apr 03 03:00:51.908248 np0000163374 devstack@neutron-api.service[102644]: { 'AddressGroup': {'1.2'},
Apr 03 03:00:51.908248 np0000163374 devstack@neutron-api.service[102644]: 'Agent': {'1.1'},
Apr 03 03:00:51.908248 np0000163374 devstack@neutron-api.service[102644]: 'ConntrackHelper': {'1.0'},
Apr 03 03:00:51.908248 np0000163374 devstack@neutron-api.service[102644]: 'LocalIPAssociation': {'1.0'},
Apr 03 03:00:51.908248 np0000163374 devstack@neutron-api.service[102644]: 'Log': {'1.0'},
Apr 03 03:00:51.908248 np0000163374 devstack@neutron-api.service[102644]: 'NDPProxy': {'1.0'},
Apr 03 03:00:51.908248 np0000163374 devstack@neutron-api.service[102644]: 'Network': {'1.2'},
Apr 03 03:00:51.908248 np0000163374 devstack@neutron-api.service[102644]: 'Port': {'1.10'},
Apr 03 03:00:51.908248 np0000163374 devstack@neutron-api.service[102644]: 'PortForwarding': {'1.3'},
Apr 03 03:00:51.908248 np0000163374 devstack@neutron-api.service[102644]: 'QosPolicy': {'1.10'},
Apr 03 03:00:51.908248 np0000163374 devstack@neutron-api.service[102644]: 'SecurityGroup': {'1.6'},
Apr 03 03:00:51.908248 np0000163374 devstack@neutron-api.service[102644]: 'SecurityGroupRule': {'1.3'},
Apr 03 03:00:51.908248 np0000163374 devstack@neutron-api.service[102644]: 'SubPort': {'1.0'},
Apr 03 03:00:51.908248 np0000163374 devstack@neutron-api.service[102644]: 'Subnet': {'1.2'},
Apr 03 03:00:51.908248 np0000163374 devstack@neutron-api.service[102644]: 'Trunk': {'1.1'}}
Apr 03 03:00:51.908248 np0000163374 devstack@neutron-api.service[102644]: consumer versions:
Apr 03 03:00:51.908248 np0000163374 devstack@neutron-api.service[102644]: {}
Apr 03 03:00:51.908248 np0000163374 devstack@neutron-api.service[102644]: {{(pid=102644) report /opt/stack/neutron/neutron/api/rpc/callbacks/version_manager.py:183}}
Apr 03 03:00:51.910987 np0000163374 devstack@neutron-api.service[102643]: DEBUG neutron.plugins.ml2.drivers.ovn.mech_driver.ovsdb.ovsdb_monitor [-] Hash Ring: Node 1755b1a36f855251a620f11777a20d74 (host: np0000163374) handling event "update" for row 1b4f3687-4a03-46e4-b1cc-f215fd0dc65c (table: NB_Global) {{(pid=102643) notify /opt/stack/neutron/neutron/plugins/ml2/drivers/ovn/mech_driver/ovsdb/ovsdb_monitor.py:912}}
Apr 03 03:00:51.912817 np0000163374 devstack@neutron-api.service[102643]: DEBUG neutron.common.ovn.hash_ring_manager [-] Allow caching, nodes 4>=4 {{(pid=102643) _wait_startup_before_caching /opt/stack/neutron/neutron/common/ovn/hash_ring_manager.py:65}}
Apr 03 03:00:51.913060 np0000163374 devstack@neutron-api.service[102643]: DEBUG neutron.plugins.ml2.drivers.ovn.mech_driver.ovsdb.ovsdb_monitor [-] Hash Ring: Node 1755b1a36f855251a620f11777a20d74 (host: np0000163374) handling event "update" for row 36932c55-8eaf-482e-98db-6b905b17cd58 (table: Chassis_Private) {{(pid=102643) notify /opt/stack/neutron/neutron/plugins/ml2/drivers/ovn/mech_driver/ovsdb/ovsdb_monitor.py:912}}
Apr 03 03:00:51.914509 np0000163374 devstack@neutron-api.service[102643]: DEBUG neutron.plugins.ml2.drivers.ovn.mech_driver.ovsdb.ovsdb_monitor [-] ChassisOVNAgentWriteEvent : Matched Chassis_Private, update, None None {{(pid=102643) matches /opt/stack/neutron/neutron/plugins/ml2/drivers/ovn/mech_driver/ovsdb/ovsdb_monitor.py:64}}
Apr 03 03:00:51.914791 np0000163374 devstack@neutron-api.service[102646]: DEBUG neutron.plugins.ml2.drivers.ovn.mech_driver.ovsdb.ovsdb_monitor [-] ChassisOVNAgentWriteEvent : Matched Chassis_Private, update, None None {{(pid=102646) matches /opt/stack/neutron/neutron/plugins/ml2/drivers/ovn/mech_driver/ovsdb/ovsdb_monitor.py:64}}
Apr 03 03:00:51.914825 np0000163374 devstack@neutron-api.service[102644]: DEBUG neutron.plugins.ml2.drivers.ovn.mech_driver.ovsdb.ovsdb_monitor [-] ChassisAgentWriteEvent : Matched Chassis_Private, update, None None {{(pid=102644) matches /opt/stack/neutron/neutron/plugins/ml2/drivers/ovn/mech_driver/ovsdb/ovsdb_monitor.py:64}}
Apr 03 03:00:51.914915 np0000163374 devstack@neutron-api.service[102645]: DEBUG neutron.plugins.ml2.drivers.ovn.mech_driver.ovsdb.ovsdb_monitor [-] ChassisOVNAgentWriteEvent : Matched Chassis_Private, update, None None {{(pid=102645) matches /opt/stack/neutron/neutron/plugins/ml2/drivers/ovn/mech_driver/ovsdb/ovsdb_monitor.py:64}}
Apr 03 03:00:51.915033 np0000163374 devstack@neutron-api.service[102643]: DEBUG neutron.plugins.ml2.drivers.ovn.mech_driver.ovsdb.ovsdb_monitor [-] Hash Ring: Node 1755b1a36f855251a620f11777a20d74 (host: np0000163374) handling event "update" for row 36932c55-8eaf-482e-98db-6b905b17cd58 (table: Chassis_Private) {{(pid=102643) notify /opt/stack/neutron/neutron/plugins/ml2/drivers/ovn/mech_driver/ovsdb/ovsdb_monitor.py:912}}
Apr 03 03:00:51.915400 np0000163374 devstack@neutron-api.service[102646]: DEBUG neutron.plugins.ml2.drivers.ovn.mech_driver.ovsdb.ovsdb_monitor [-] Hash Ring: Node 6ecd0a8070de50508d5c8a0088301eea (host: np0000163374) handling event "update" for row 36932c55-8eaf-482e-98db-6b905b17cd58 (table: Chassis_Private) {{(pid=102646) notify /opt/stack/neutron/neutron/plugins/ml2/drivers/ovn/mech_driver/ovsdb/ovsdb_monitor.py:912}}
Apr 03 03:00:51.918894 np0000163374 devstack@neutron-api.service[102644]: DEBUG neutron.plugins.ml2.drivers.ovn.mech_driver.ovsdb.ovsdb_monitor [-] ChassisOVNAgentWriteEvent : Matched Chassis_Private, update, None None {{(pid=102644) matches /opt/stack/neutron/neutron/plugins/ml2/drivers/ovn/mech_driver/ovsdb/ovsdb_monitor.py:64}}
Apr 03 03:00:51.973878 np0000163374 devstack@neutron-api.service[102644]: DEBUG neutron.plugins.ml2.drivers.helpers [None req-8da8ca67-19e5-494a-bd69-daabda0560eb admin admin] geneve segment allocate from pool success with {'geneve_vni': 32887} {{(pid=102644) allocate_partially_specified_segment /opt/stack/neutron/neutron/plugins/ml2/drivers/helpers.py:142}}
Apr 03 03:00:51.986179 np0000163374 devstack@neutron-api.service[102644]: DEBUG neutron_lib.callbacks.manager [None req-8da8ca67-19e5-494a-bd69-daabda0560eb admin admin] Publish callbacks ['neutron.services.segments.db._add_segment_host_mapping_for_segment-7834459471462', 'neutron.plugins.ml2.plugin.Ml2Plugin._handle_segment_change-489250'] for segment (e69025e6-9053-4afb-9938-8c4d1fbeb855), precommit_create {{(pid=102644) _notify_loop /opt/stack/data/venv/lib/python3.12/site-packages/neutron_lib/callbacks/manager.py:184}}
Apr 03 03:00:51.986306 np0000163374 devstack@neutron-api.service[102644]: INFO neutron.db.segments_db [None req-8da8ca67-19e5-494a-bd69-daabda0560eb admin admin] Added segment e69025e6-9053-4afb-9938-8c4d1fbeb855 of type geneve for network e72ca85e-cb84-4aff-85e0-8e9284b5e1e2
Apr 03 03:00:52.026942 np0000163374 devstack@neutron-api.service[102644]: DEBUG neutron_lib.callbacks.manager [None req-8da8ca67-19e5-494a-bd69-daabda0560eb admin admin] Publish callbacks ['neutron.services.auto_allocate.db._ensure_external_network_default_value_callback-7834457478448'] for network (e72ca85e-cb84-4aff-85e0-8e9284b5e1e2), precommit_create {{(pid=102644) _notify_loop /opt/stack/data/venv/lib/python3.12/site-packages/neutron_lib/callbacks/manager.py:184}}
Apr 03 03:00:52.044781 np0000163374 devstack@neutron-api.service[102644]: DEBUG neutron.plugins.ml2.drivers.ovn.mech_driver.mech_driver [None req-8da8ca67-19e5-494a-bd69-daabda0560eb admin admin] Validating network segment with type geneve, segmentation ID 32887, physical network None {{(pid=102644) _validate_network_segments /opt/stack/neutron/neutron/plugins/ml2/drivers/ovn/mech_driver/mech_driver.py:631}}
Apr 03 03:00:52.044946 np0000163374 devstack@neutron-api.service[102644]: DEBUG neutron.db.ovn_revision_numbers_db [None req-8da8ca67-19e5-494a-bd69-daabda0560eb admin admin] create_initial_revision uuid=e72ca85e-cb84-4aff-85e0-8e9284b5e1e2, type=networks, rev=-1 {{(pid=102644) create_initial_revision /opt/stack/neutron/neutron/db/ovn_revision_numbers_db.py:98}}
Apr 03 03:00:52.060349 np0000163374 devstack@neutron-api.service[102644]: DEBUG neutron_lib.callbacks.manager [None req-8da8ca67-19e5-494a-bd69-daabda0560eb admin admin] Publish callbacks ['neutron.plugins.ml2.ovo_rpc._ObjectChangeHandler.handle_event-2482133'] for network (e72ca85e-cb84-4aff-85e0-8e9284b5e1e2), after_create {{(pid=102644) _notify_loop /opt/stack/data/venv/lib/python3.12/site-packages/neutron_lib/callbacks/manager.py:184}}
Apr 03 03:00:52.111676 np0000163374 devstack@neutron-api.service[102644]: DEBUG neutron.api.rpc.handlers.resources_rpc [None req-8da8ca67-19e5-494a-bd69-daabda0560eb admin admin] Pushing event updated for resources: {'Network': ['ID=e72ca85e-cb84-4aff-85e0-8e9284b5e1e2,revision_number=1']} {{(pid=102644) push /opt/stack/neutron/neutron/api/rpc/handlers/resources_rpc.py:237}}
Apr 03 03:00:52.120269 np0000163374 devstack@neutron-api.service[102644]: DEBUG ovsdbapp.backend.ovs_idl.transaction [-] Running txn n=1 command(idx=0): AddNetworkCommand(_result=None, network_uuid=e72ca85e-cb84-4aff-85e0-8e9284b5e1e2, may_exist=True, columns={'external_ids': {'neutron:network_name': 'private', 'neutron:mtu': '1372', 'neutron:revision_number': '1', 'neutron:availability_zone_hints': '', 'neutron:provnet-network-type': 'geneve'}, 'other_config': {'mcast_snoop': 'false', 'mcast_flood_unregistered': 'false', 'vlan-passthru': 'false'}}) {{(pid=102644) do_commit /opt/stack/data/venv/lib/python3.12/site-packages/ovsdbapp/backend/ovs_idl/transaction.py:89}}
Apr 03 03:00:52.120813 np0000163374 devstack@neutron-api.service[102644]: DEBUG neutron.common.ovn.utils [-] OVS persist_uuid supported=True {{(pid=102644) ovs_persist_uuid_supported /opt/stack/neutron/neutron/common/ovn/utils.py:1535}}
Apr 03 03:00:52.125356 np0000163374 devstack@neutron-api.service[102643]: DEBUG neutron.plugins.ml2.drivers.ovn.mech_driver.ovsdb.ovsdb_monitor [-] Hash Ring: Node 1755b1a36f855251a620f11777a20d74 (host: np0000163374) handling event "create" for row e72ca85e-cb84-4aff-85e0-8e9284b5e1e2 (table: Logical_Switch) {{(pid=102643) notify /opt/stack/neutron/neutron/plugins/ml2/drivers/ovn/mech_driver/ovsdb/ovsdb_monitor.py:912}}
Apr 03 03:00:52.131153 np0000163374 devstack@neutron-api.service[102643]: DEBUG neutron.plugins.ml2.drivers.ovn.mech_driver.ovsdb.ovsdb_monitor [-] Hash Ring: Node 1755b1a36f855251a620f11777a20d74 (host: np0000163374) handling event "create" for row afa3eb74-a7ea-4858-96cf-cbf40674c8c3 (table: Datapath_Binding) {{(pid=102643) notify /opt/stack/neutron/neutron/plugins/ml2/drivers/ovn/mech_driver/ovsdb/ovsdb_monitor.py:912}}
Apr 03 03:00:52.156127 np0000163374 devstack@neutron-api.service[102644]: INFO neutron.db.ovn_revision_numbers_db [None req-8da8ca67-19e5-494a-bd69-daabda0560eb admin admin] Successfully bumped revision number for resource e72ca85e-cb84-4aff-85e0-8e9284b5e1e2 (type: networks) to 1
Apr 03 03:00:52.222788 np0000163374 devstack@neutron-api.service[102644]: DEBUG neutron_lib.callbacks.manager [None req-8da8ca67-19e5-494a-bd69-daabda0560eb admin admin] Publish callbacks ['neutron.plugins.ml2.plugin.SecurityGroupDbMixin._ensure_default_security_group_handler-223584'] for port (None), before_create {{(pid=102644) _notify_loop /opt/stack/data/venv/lib/python3.12/site-packages/neutron_lib/callbacks/manager.py:184}}
Apr 03 03:00:52.311828 np0000163374 devstack@neutron-api.service[102644]: DEBUG neutron_lib.callbacks.manager [None req-8da8ca67-19e5-494a-bd69-daabda0560eb admin admin] Publish callbacks ['neutron.plugins.ml2.drivers.ovn.mech_driver.mech_driver.OVNMechanismDriver._validate_allowed_address_pairs-838265'] for allowed_address_pair (b585db90-6f00-4ccc-bf81-c635f88d3fba), before_create {{(pid=102644) _notify_loop /opt/stack/data/venv/lib/python3.12/site-packages/neutron_lib/callbacks/manager.py:184}}
Apr 03 03:00:52.312297 np0000163374 devstack@neutron-api.service[102644]: DEBUG neutron_lib.callbacks.manager [None req-8da8ca67-19e5-494a-bd69-daabda0560eb admin admin] Publish callbacks [] for port (b585db90-6f00-4ccc-bf81-c635f88d3fba), precommit_create {{(pid=102644) _notify_loop /opt/stack/data/venv/lib/python3.12/site-packages/neutron_lib/callbacks/manager.py:184}}
Apr 03 03:00:52.312463 np0000163374 devstack@neutron-api.service[102644]: DEBUG neutron.plugins.ml2.drivers.ovn.mech_driver.mech_driver [None req-8da8ca67-19e5-494a-bd69-daabda0560eb admin admin] No provisioning block for port b585db90-6f00-4ccc-bf81-c635f88d3fba since it does not have a host {{(pid=102644) _is_port_provisioning_required /opt/stack/neutron/neutron/plugins/ml2/drivers/ovn/mech_driver/mech_driver.py:884}}
Apr 03 03:00:52.312545 np0000163374 devstack@neutron-api.service[102644]: DEBUG neutron.db.ovn_revision_numbers_db [None req-8da8ca67-19e5-494a-bd69-daabda0560eb admin admin] create_initial_revision uuid=b585db90-6f00-4ccc-bf81-c635f88d3fba, type=ports, rev=-1 {{(pid=102644) create_initial_revision /opt/stack/neutron/neutron/db/ovn_revision_numbers_db.py:98}}
Apr 03 03:00:52.374245 np0000163374 devstack@neutron-api.service[102644]: DEBUG neutron_lib.callbacks.manager [None req-8da8ca67-19e5-494a-bd69-daabda0560eb admin admin] Publish callbacks ['neutron.plugins.ml2.ovo_rpc._ObjectChangeHandler.handle_event-2482116'] for port (b585db90-6f00-4ccc-bf81-c635f88d3fba), after_create {{(pid=102644) _notify_loop /opt/stack/data/venv/lib/python3.12/site-packages/neutron_lib/callbacks/manager.py:184}}
Apr 03 03:00:52.597249 np0000163374 devstack@neutron-api.service[102644]: DEBUG neutron.api.rpc.handlers.resources_rpc [None req-8da8ca67-19e5-494a-bd69-daabda0560eb admin admin] Pushing event updated for resources: {'Port': ['ID=b585db90-6f00-4ccc-bf81-c635f88d3fba,revision_number=1']} {{(pid=102644) push /opt/stack/neutron/neutron/api/rpc/handlers/resources_rpc.py:237}}
Apr 03 03:00:52.641066 np0000163374 devstack@neutron-api.service[102644]: DEBUG ovsdbapp.backend.ovs_idl.transaction [-] Running txn n=1 command(idx=0): AddLSwitchPortCommand(_result=None, lport=b585db90-6f00-4ccc-bf81-c635f88d3fba, lswitch=neutron-e72ca85e-cb84-4aff-85e0-8e9284b5e1e2, may_exist=True, network_uuid=e72ca85e-cb84-4aff-85e0-8e9284b5e1e2, columns={'addresses': ['fa:16:3e:74:bc:93'], 'external_ids': {'neutron:port_name': '', 'neutron:device_id': 'ovnmeta-e72ca85e-cb84-4aff-85e0-8e9284b5e1e2', 'neutron:project_id': '248ba70e3b9a48dcb0c4e0dd3b10817a', 'neutron:cidrs': '', 'neutron:device_owner': 'network:distributed', 'neutron:subnet_pool_addr_scope4': '', 'neutron:subnet_pool_addr_scope6': '', 'neutron:network_name': 'neutron-e72ca85e-cb84-4aff-85e0-8e9284b5e1e2', 'neutron:security_group_ids': '', 'neutron:revision_number': '1', 'neutron:vnic_type': 'normal', 'neutron:port_capabilities': '', 'neutron:mtu': ''}, 'parent_name': [], 'tag': [], 'enabled': True, 'options': {}, 'type': 'localport', 'port_security': [], 'dhcpv4_options': [], 'dhcpv6_options': []}) {{(pid=102644) do_commit /opt/stack/data/venv/lib/python3.12/site-packages/ovsdbapp/backend/ovs_idl/transaction.py:89}}
