Apr 02 13:04:42.436118 np0000162958 neutron-periodic-workers[104295]: DEBUG cotyledon.oslo_config_glue [-] ml2.type_drivers = ['local', 'flat', 'vlan', 'geneve'] {{(pid=104295) log_opt_values /opt/stack/data/venv/lib/python3.12/site-packages/oslo_config/cfg.py:3006}}
Apr 02 13:04:42.436118 np0000162958 neutron-periodic-workers[104295]: DEBUG cotyledon.oslo_config_glue [-] ml2_type_flat.flat_networks = ['public'] {{(pid=104295) log_opt_values /opt/stack/data/venv/lib/python3.12/site-packages/oslo_config/cfg.py:3006}}
Apr 02 13:04:42.436118 np0000162958 neutron-periodic-workers[104295]: DEBUG cotyledon.oslo_config_glue [-] ml2_type_geneve.max_header_size = 38 {{(pid=104295) log_opt_values /opt/stack/data/venv/lib/python3.12/site-packages/oslo_config/cfg.py:3006}}
Apr 02 13:04:42.436118 np0000162958 neutron-periodic-workers[104295]: DEBUG cotyledon.oslo_config_glue [-] ml2_type_geneve.vni_ranges = ['1:65536'] {{(pid=104295) log_opt_values /opt/stack/data/venv/lib/python3.12/site-packages/oslo_config/cfg.py:3006}}
Apr 02 13:04:42.436118 np0000162958 neutron-periodic-workers[104295]: DEBUG cotyledon.oslo_config_glue [-] ml2_type_vlan.network_vlan_ranges = ['public'] {{(pid=104295) log_opt_values /opt/stack/data/venv/lib/python3.12/site-packages/oslo_config/cfg.py:3006}}
Apr 02 13:04:42.436118 np0000162958 neutron-periodic-workers[104295]: DEBUG cotyledon.oslo_config_glue [-] network_log.burst_limit = 25 {{(pid=104295) log_opt_values /opt/stack/data/venv/lib/python3.12/site-packages/oslo_config/cfg.py:3006}}
Apr 02 13:04:42.436358 np0000162958 neutron-periodic-workers[104295]: DEBUG cotyledon.oslo_config_glue [-] network_log.local_output_log_base = None {{(pid=104295) log_opt_values /opt/stack/data/venv/lib/python3.12/site-packages/oslo_config/cfg.py:3006}}
Apr 02 13:04:42.436358 np0000162958 neutron-periodic-workers[104295]: DEBUG cotyledon.oslo_config_glue [-] network_log.rate_limit = 100 {{(pid=104295) log_opt_values /opt/stack/data/venv/lib/python3.12/site-packages/oslo_config/cfg.py:3006}}
Apr 02 13:04:42.436358 np0000162958 neutron-periodic-workers[104295]: DEBUG cotyledon.oslo_config_glue [-] database.asyncio_connection = **** {{(pid=104295) log_opt_values /opt/stack/data/venv/lib/python3.12/site-packages/oslo_config/cfg.py:3006}}
Apr 02 13:04:42.436358 np0000162958 neutron-periodic-workers[104295]: DEBUG cotyledon.oslo_config_glue [-] database.asyncio_slave_connection = **** {{(pid=104295) log_opt_values /opt/stack/data/venv/lib/python3.12/site-packages/oslo_config/cfg.py:3006}}
Apr 02 13:04:42.436358 np0000162958 neutron-periodic-workers[104295]: DEBUG cotyledon.oslo_config_glue [-] database.backend = sqlalchemy {{(pid=104295) log_opt_values /opt/stack/data/venv/lib/python3.12/site-packages/oslo_config/cfg.py:3006}}
Apr 02 13:04:42.436358 np0000162958 neutron-periodic-workers[104295]: DEBUG cotyledon.oslo_config_glue [-] database.connection = **** {{(pid=104295) log_opt_values /opt/stack/data/venv/lib/python3.12/site-packages/oslo_config/cfg.py:3006}}
Apr 02 13:04:42.436358 np0000162958 neutron-periodic-workers[104295]: DEBUG cotyledon.oslo_config_glue [-] database.connection_debug = 0 {{(pid=104295) log_opt_values /opt/stack/data/venv/lib/python3.12/site-packages/oslo_config/cfg.py:3006}}
Apr 02 13:04:42.436358 np0000162958 neutron-periodic-workers[104295]: DEBUG cotyledon.oslo_config_glue [-] database.connection_parameters = {{(pid=104295) log_opt_values /opt/stack/data/venv/lib/python3.12/site-packages/oslo_config/cfg.py:3006}}
Apr 02 13:04:42.436358 np0000162958 neutron-periodic-workers[104295]: DEBUG cotyledon.oslo_config_glue [-] database.connection_recycle_time = 3600 {{(pid=104295) log_opt_values /opt/stack/data/venv/lib/python3.12/site-packages/oslo_config/cfg.py:3006}}
Apr 02 13:04:42.436583 np0000162958 neutron-periodic-workers[104295]: DEBUG cotyledon.oslo_config_glue [-] database.connection_trace = False {{(pid=104295) log_opt_values /opt/stack/data/venv/lib/python3.12/site-packages/oslo_config/cfg.py:3006}}
Apr 02 13:04:42.436583 np0000162958 neutron-periodic-workers[104295]: DEBUG cotyledon.oslo_config_glue [-] database.db_inc_retry_interval = True {{(pid=104295) log_opt_values /opt/stack/data/venv/lib/python3.12/site-packages/oslo_config/cfg.py:3006}}
Apr 02 13:04:42.436583 np0000162958 neutron-periodic-workers[104295]: DEBUG cotyledon.oslo_config_glue [-] database.db_max_retries = 20 {{(pid=104295) log_opt_values /opt/stack/data/venv/lib/python3.12/site-packages/oslo_config/cfg.py:3006}}
Apr 02 13:04:42.436583 np0000162958 neutron-periodic-workers[104295]: DEBUG cotyledon.oslo_config_glue [-] database.db_max_retry_interval = 10 {{(pid=104295) log_opt_values /opt/stack/data/venv/lib/python3.12/site-packages/oslo_config/cfg.py:3006}}
Apr 02 13:04:42.436583 np0000162958 neutron-periodic-workers[104295]: DEBUG cotyledon.oslo_config_glue [-] database.db_retry_interval = 1 {{(pid=104295) log_opt_values /opt/stack/data/venv/lib/python3.12/site-packages/oslo_config/cfg.py:3006}}
Apr 02 13:04:42.436583 np0000162958 neutron-periodic-workers[104295]: DEBUG cotyledon.oslo_config_glue [-] database.max_overflow = 50 {{(pid=104295) log_opt_values /opt/stack/data/venv/lib/python3.12/site-packages/oslo_config/cfg.py:3006}}
Apr 02 13:04:42.436583 np0000162958 neutron-periodic-workers[104295]: DEBUG cotyledon.oslo_config_glue [-] database.max_pool_size = 5 {{(pid=104295) log_opt_values /opt/stack/data/venv/lib/python3.12/site-packages/oslo_config/cfg.py:3006}}
Apr 02 13:04:42.436583 np0000162958 neutron-periodic-workers[104295]: DEBUG cotyledon.oslo_config_glue [-] database.max_retries = 10 {{(pid=104295) log_opt_values /opt/stack/data/venv/lib/python3.12/site-packages/oslo_config/cfg.py:3006}}
Apr 02 13:04:42.436583 np0000162958 neutron-periodic-workers[104295]: DEBUG cotyledon.oslo_config_glue [-] database.mysql_sql_mode = TRADITIONAL {{(pid=104295) log_opt_values /opt/stack/data/venv/lib/python3.12/site-packages/oslo_config/cfg.py:3006}}
Apr 02 13:04:42.436827 np0000162958 neutron-periodic-workers[104295]: DEBUG cotyledon.oslo_config_glue [-] database.mysql_wsrep_sync_wait = None {{(pid=104295) log_opt_values /opt/stack/data/venv/lib/python3.12/site-packages/oslo_config/cfg.py:3006}}
Apr 02 13:04:42.436827 np0000162958 neutron-periodic-workers[104295]: DEBUG cotyledon.oslo_config_glue [-] database.pool_timeout = None {{(pid=104295) log_opt_values /opt/stack/data/venv/lib/python3.12/site-packages/oslo_config/cfg.py:3006}}
Apr 02 13:04:42.436827 np0000162958 neutron-periodic-workers[104295]: DEBUG cotyledon.oslo_config_glue [-] database.retry_interval = 10 {{(pid=104295) log_opt_values /opt/stack/data/venv/lib/python3.12/site-packages/oslo_config/cfg.py:3006}}
Apr 02 13:04:42.436827 np0000162958 neutron-periodic-workers[104295]: DEBUG cotyledon.oslo_config_glue [-] database.slave_connection = **** {{(pid=104295) log_opt_values /opt/stack/data/venv/lib/python3.12/site-packages/oslo_config/cfg.py:3006}}
Apr 02 13:04:42.436827 np0000162958 neutron-periodic-workers[104295]: DEBUG cotyledon.oslo_config_glue [-] database.sqlite_synchronous = True {{(pid=104295) log_opt_values /opt/stack/data/venv/lib/python3.12/site-packages/oslo_config/cfg.py:3006}}
Apr 02 13:04:42.436827 np0000162958 neutron-periodic-workers[104295]: DEBUG cotyledon.oslo_config_glue [-] database.synchronous_reader = True {{(pid=104295) log_opt_values /opt/stack/data/venv/lib/python3.12/site-packages/oslo_config/cfg.py:3006}}
Apr 02 13:04:42.436827 np0000162958 neutron-periodic-workers[104295]: DEBUG cotyledon.oslo_config_glue [-] database.use_db_reconnect = False {{(pid=104295) log_opt_values /opt/stack/data/venv/lib/python3.12/site-packages/oslo_config/cfg.py:3006}}
Apr 02 13:04:42.436827 np0000162958 neutron-periodic-workers[104295]: DEBUG cotyledon.oslo_config_glue [-] ovn.bfd_min_rx = 1000 {{(pid=104295) log_opt_values /opt/stack/data/venv/lib/python3.12/site-packages/oslo_config/cfg.py:3006}}
Apr 02 13:04:42.436827 np0000162958 neutron-periodic-workers[104295]: DEBUG cotyledon.oslo_config_glue [-] ovn.bfd_min_tx = 100 {{(pid=104295) log_opt_values /opt/stack/data/venv/lib/python3.12/site-packages/oslo_config/cfg.py:3006}}
Apr 02 13:04:42.437116 np0000162958 neutron-periodic-workers[104295]: DEBUG cotyledon.oslo_config_glue [-] ovn.bfd_mult = 3 {{(pid=104295) log_opt_values /opt/stack/data/venv/lib/python3.12/site-packages/oslo_config/cfg.py:3006}}
Apr 02 13:04:42.437116 np0000162958 neutron-periodic-workers[104295]: DEBUG cotyledon.oslo_config_glue [-] ovn.broadcast_arps_to_all_routers = True {{(pid=104295) log_opt_values /opt/stack/data/venv/lib/python3.12/site-packages/oslo_config/cfg.py:3006}}
Apr 02 13:04:42.437116 np0000162958 neutron-periodic-workers[104295]: DEBUG cotyledon.oslo_config_glue [-] ovn.dhcp_default_lease_time = 43200 {{(pid=104295) log_opt_values /opt/stack/data/venv/lib/python3.12/site-packages/oslo_config/cfg.py:3006}}
Apr 02 13:04:42.437116 np0000162958 neutron-periodic-workers[104295]: DEBUG cotyledon.oslo_config_glue [-] ovn.disable_ovn_dhcp_for_baremetal_ports = False {{(pid=104295) log_opt_values /opt/stack/data/venv/lib/python3.12/site-packages/oslo_config/cfg.py:3006}}
Apr 02 13:04:42.437116 np0000162958 neutron-periodic-workers[104295]: DEBUG cotyledon.oslo_config_glue [-] ovn.dns_records_ovn_owned = False {{(pid=104295) log_opt_values /opt/stack/data/venv/lib/python3.12/site-packages/oslo_config/cfg.py:3006}}
Apr 02 13:04:42.437116 np0000162958 neutron-periodic-workers[104295]: DEBUG cotyledon.oslo_config_glue [-] ovn.dns_servers = [] {{(pid=104295) log_opt_values /opt/stack/data/venv/lib/python3.12/site-packages/oslo_config/cfg.py:3006}}
Apr 02 13:04:42.437116 np0000162958 neutron-periodic-workers[104295]: DEBUG cotyledon.oslo_config_glue [-] ovn.enable_distributed_floating_ip = False {{(pid=104295) log_opt_values /opt/stack/data/venv/lib/python3.12/site-packages/oslo_config/cfg.py:3006}}
Apr 02 13:04:42.437116 np0000162958 neutron-periodic-workers[104295]: DEBUG cotyledon.oslo_config_glue [-] ovn.fdb_age_threshold = 300 {{(pid=104295) log_opt_values /opt/stack/data/venv/lib/python3.12/site-packages/oslo_config/cfg.py:3006}}
Apr 02 13:04:42.437116 np0000162958 neutron-periodic-workers[104295]: DEBUG cotyledon.oslo_config_glue [-] ovn.ha_failover_strategy = normal {{(pid=104295) log_opt_values /opt/stack/data/venv/lib/python3.12/site-packages/oslo_config/cfg.py:3006}}
Apr 02 13:04:42.437348 np0000162958 neutron-periodic-workers[104295]: DEBUG cotyledon.oslo_config_glue [-] ovn.live_migration_activation_strategy = rarp {{(pid=104295) log_opt_values /opt/stack/data/venv/lib/python3.12/site-packages/oslo_config/cfg.py:3006}}
Apr 02 13:04:42.437348 np0000162958 neutron-periodic-workers[104295]: DEBUG cotyledon.oslo_config_glue [-] ovn.localnet_learn_fdb = False {{(pid=104295) log_opt_values /opt/stack/data/venv/lib/python3.12/site-packages/oslo_config/cfg.py:3006}}
Apr 02 13:04:42.437348 np0000162958 neutron-periodic-workers[104295]: DEBUG cotyledon.oslo_config_glue [-] ovn.mac_binding_age_threshold = 300 {{(pid=104295) log_opt_values /opt/stack/data/venv/lib/python3.12/site-packages/oslo_config/cfg.py:3006}}
Apr 02 13:04:42.437348 np0000162958 neutron-periodic-workers[104295]: DEBUG cotyledon.oslo_config_glue [-] ovn.neutron_sync_mode = log {{(pid=104295) log_opt_values /opt/stack/data/venv/lib/python3.12/site-packages/oslo_config/cfg.py:3006}}
Apr 02 13:04:42.437348 np0000162958 neutron-periodic-workers[104295]: DEBUG cotyledon.oslo_config_glue [-] ovn.ovn_dhcp4_global_options = {} {{(pid=104295) log_opt_values /opt/stack/data/venv/lib/python3.12/site-packages/oslo_config/cfg.py:3006}}
Apr 02 13:04:42.437348 np0000162958 neutron-periodic-workers[104295]: DEBUG cotyledon.oslo_config_glue [-] ovn.ovn_dhcp6_global_options = {} {{(pid=104295) log_opt_values /opt/stack/data/venv/lib/python3.12/site-packages/oslo_config/cfg.py:3006}}
Apr 02 13:04:42.437348 np0000162958 neutron-periodic-workers[104295]: DEBUG cotyledon.oslo_config_glue [-] ovn.ovn_l3_scheduler = leastloaded {{(pid=104295) log_opt_values /opt/stack/data/venv/lib/python3.12/site-packages/oslo_config/cfg.py:3006}}
Apr 02 13:04:42.437348 np0000162958 neutron-periodic-workers[104295]: DEBUG cotyledon.oslo_config_glue [-] ovn.ovn_metadata_enabled = True {{(pid=104295) log_opt_values /opt/stack/data/venv/lib/python3.12/site-packages/oslo_config/cfg.py:3006}}
Apr 02 13:04:42.437348 np0000162958 neutron-periodic-workers[104295]: DEBUG cotyledon.oslo_config_glue [-] ovn.ovn_nb_ca_cert = /opt/stack/data/CA/int-ca/ca-chain.pem {{(pid=104295) log_opt_values /opt/stack/data/venv/lib/python3.12/site-packages/oslo_config/cfg.py:3006}}
Apr 02 13:04:42.437584 np0000162958 neutron-periodic-workers[104295]: DEBUG cotyledon.oslo_config_glue [-] ovn.ovn_nb_certificate = /opt/stack/data/CA/int-ca/devstack-cert.crt {{(pid=104295) log_opt_values /opt/stack/data/venv/lib/python3.12/site-packages/oslo_config/cfg.py:3006}}
Apr 02 13:04:42.437584 np0000162958 neutron-periodic-workers[104295]: DEBUG cotyledon.oslo_config_glue [-] ovn.ovn_nb_connection = ['ssl:162.253.55.43:6641'] {{(pid=104295) log_opt_values /opt/stack/data/venv/lib/python3.12/site-packages/oslo_config/cfg.py:3006}}
Apr 02 13:04:42.437584 np0000162958 neutron-periodic-workers[104295]: DEBUG cotyledon.oslo_config_glue [-] ovn.ovn_nb_private_key = /opt/stack/data/CA/int-ca/private/devstack-cert.key {{(pid=104295) log_opt_values /opt/stack/data/venv/lib/python3.12/site-packages/oslo_config/cfg.py:3006}}
Apr 02 13:04:42.437584 np0000162958 neutron-periodic-workers[104295]: DEBUG cotyledon.oslo_config_glue [-] ovn.ovn_router_indirect_snat = False {{(pid=104295) log_opt_values /opt/stack/data/venv/lib/python3.12/site-packages/oslo_config/cfg.py:3006}}
Apr 02 13:04:42.437584 np0000162958 neutron-periodic-workers[104295]: DEBUG cotyledon.oslo_config_glue [-] ovn.ovn_sb_ca_cert = /opt/stack/data/CA/int-ca/ca-chain.pem {{(pid=104295) log_opt_values /opt/stack/data/venv/lib/python3.12/site-packages/oslo_config/cfg.py:3006}}
Apr 02 13:04:42.437584 np0000162958 neutron-periodic-workers[104295]: DEBUG cotyledon.oslo_config_glue [-] ovn.ovn_sb_certificate = /opt/stack/data/CA/int-ca/devstack-cert.crt {{(pid=104295) log_opt_values /opt/stack/data/venv/lib/python3.12/site-packages/oslo_config/cfg.py:3006}}
Apr 02 13:04:42.437584 np0000162958 neutron-periodic-workers[104295]: DEBUG cotyledon.oslo_config_glue [-] ovn.ovn_sb_connection = ['ssl:162.253.55.43:6642'] {{(pid=104295) log_opt_values /opt/stack/data/venv/lib/python3.12/site-packages/oslo_config/cfg.py:3006}}
Apr 02 13:04:42.437584 np0000162958 neutron-periodic-workers[104295]: DEBUG cotyledon.oslo_config_glue [-] ovn.ovn_sb_private_key = /opt/stack/data/CA/int-ca/private/devstack-cert.key {{(pid=104295) log_opt_values /opt/stack/data/venv/lib/python3.12/site-packages/oslo_config/cfg.py:3006}}
Apr 02 13:04:42.437790 np0000162958 neutron-periodic-workers[104295]: DEBUG cotyledon.oslo_config_glue [-] ovn.ovs_create_tap = False {{(pid=104295) log_opt_values /opt/stack/data/venv/lib/python3.12/site-packages/oslo_config/cfg.py:3006}}
Apr 02 13:04:42.437790 np0000162958 neutron-periodic-workers[104295]: DEBUG cotyledon.oslo_config_glue [-] ovn.ovsdb_connection_timeout = 180 {{(pid=104295) log_opt_values /opt/stack/data/venv/lib/python3.12/site-packages/oslo_config/cfg.py:3006}}
Apr 02 13:04:42.437790 np0000162958 neutron-periodic-workers[104295]: DEBUG cotyledon.oslo_config_glue [-] ovn.ovsdb_log_level = INFO {{(pid=104295) log_opt_values /opt/stack/data/venv/lib/python3.12/site-packages/oslo_config/cfg.py:3006}}
Apr 02 13:04:42.437790 np0000162958 neutron-periodic-workers[104295]: DEBUG cotyledon.oslo_config_glue [-] ovn.ovsdb_probe_interval = 60000 {{(pid=104295) log_opt_values /opt/stack/data/venv/lib/python3.12/site-packages/oslo_config/cfg.py:3006}}
Apr 02 13:04:42.437790 np0000162958 neutron-periodic-workers[104295]: DEBUG cotyledon.oslo_config_glue [-] ovn.ovsdb_retry_max_interval = 180 {{(pid=104295) log_opt_values /opt/stack/data/venv/lib/python3.12/site-packages/oslo_config/cfg.py:3006}}
Apr 02 13:04:42.437790 np0000162958 neutron-periodic-workers[104295]: DEBUG cotyledon.oslo_config_glue [-] ovn.stateless_nat_enabled = False {{(pid=104295) log_opt_values /opt/stack/data/venv/lib/python3.12/site-packages/oslo_config/cfg.py:3006}}
Apr 02 13:04:42.437790 np0000162958 neutron-periodic-workers[104295]: DEBUG cotyledon.oslo_config_glue [-] ovn.vhost_sock_dir = /var/run/openvswitch {{(pid=104295) log_opt_values /opt/stack/data/venv/lib/python3.12/site-packages/oslo_config/cfg.py:3006}}
Apr 02 13:04:42.437790 np0000162958 neutron-periodic-workers[104295]: DEBUG cotyledon.oslo_config_glue [-] OVS.bridge_mac_table_size = 50000 {{(pid=104295) log_opt_values /opt/stack/data/venv/lib/python3.12/site-packages/oslo_config/cfg.py:3006}}
Apr 02 13:04:42.437790 np0000162958 neutron-periodic-workers[104295]: DEBUG cotyledon.oslo_config_glue [-] OVS.igmp_flood = False {{(pid=104295) log_opt_values /opt/stack/data/venv/lib/python3.12/site-packages/oslo_config/cfg.py:3006}}
Apr 02 13:04:42.438055 np0000162958 neutron-periodic-workers[104295]: DEBUG cotyledon.oslo_config_glue [-] OVS.igmp_flood_reports = True {{(pid=104295) log_opt_values /opt/stack/data/venv/lib/python3.12/site-packages/oslo_config/cfg.py:3006}}
Apr 02 13:04:42.438055 np0000162958 neutron-periodic-workers[104295]: DEBUG cotyledon.oslo_config_glue [-] OVS.igmp_flood_unregistered = False {{(pid=104295) log_opt_values /opt/stack/data/venv/lib/python3.12/site-packages/oslo_config/cfg.py:3006}}
Apr 02 13:04:42.438055 np0000162958 neutron-periodic-workers[104295]: DEBUG cotyledon.oslo_config_glue [-] OVS.igmp_snooping_enable = False {{(pid=104295) log_opt_values /opt/stack/data/venv/lib/python3.12/site-packages/oslo_config/cfg.py:3006}}
Apr 02 13:04:42.438055 np0000162958 neutron-periodic-workers[104295]: DEBUG cotyledon.oslo_config_glue [-] OVS.ovsdb_timeout = 10 {{(pid=104295) log_opt_values /opt/stack/data/venv/lib/python3.12/site-packages/oslo_config/cfg.py:3006}}
Apr 02 13:04:42.438055 np0000162958 neutron-periodic-workers[104295]: DEBUG cotyledon.oslo_config_glue [-] ovn_nb_global.fdb_removal_limit = 0 {{(pid=104295) log_opt_values /opt/stack/data/venv/lib/python3.12/site-packages/oslo_config/cfg.py:3006}}
Apr 02 13:04:42.438055 np0000162958 neutron-periodic-workers[104295]: DEBUG cotyledon.oslo_config_glue [-] ovn_nb_global.ignore_lsp_down = False {{(pid=104295) log_opt_values /opt/stack/data/venv/lib/python3.12/site-packages/oslo_config/cfg.py:3006}}
Apr 02 13:04:42.438055 np0000162958 neutron-periodic-workers[104295]: DEBUG cotyledon.oslo_config_glue [-] ovn_nb_global.mac_binding_removal_limit = 0 {{(pid=104295) log_opt_values /opt/stack/data/venv/lib/python3.12/site-packages/oslo_config/cfg.py:3006}}
Apr 02 13:04:42.438055 np0000162958 neutron-periodic-workers[104295]: DEBUG cotyledon.oslo_config_glue [-] ******************************************************************************** {{(pid=104295) log_opt_values /opt/stack/data/venv/lib/python3.12/site-packages/oslo_config/cfg.py:3013}}
Apr 02 13:04:42.438055 np0000162958 neutron-periodic-workers[104295]: DEBUG cotyledon._service_worker [-] Run service ServiceWrapper(0) [104295] {{(pid=104295) wait_forever /opt/stack/data/venv/lib/python3.12/site-packages/cotyledon/_service_worker.py:218}}
Apr 02 13:04:52.067628 np0000162958 neutron-periodic-workers[103378]: DEBUG dbcounter [-] [103378] Writing DB stats neutron:SELECT=4 {{(pid=103378) stat_writer /opt/stack/data/venv/lib/python3.12/site-packages/dbcounter.py:115}}
Apr 02 13:05:33.422946 np0000162958 neutron-periodic-workers[104279]: DEBUG oslo_db.sqlalchemy.engines [None req-5a268f7e-b4f7-4560-97b3-f12c78c80cb3 None None] Parent process 103378 forked (104279) with an open database connection, which is being discarded and recreated. {{(pid=104279) checkout /opt/stack/data/venv/lib/python3.12/site-packages/oslo_db/sqlalchemy/engines.py:402}}
Apr 02 13:05:33.433499 np0000162958 neutron-periodic-workers[104279]: DEBUG dbcounter [-] [104279] Writer thread running {{(pid=104279) stat_writer /opt/stack/data/venv/lib/python3.12/site-packages/dbcounter.py:102}}
Apr 02 13:05:33.447817 np0000162958 neutron-periodic-workers[104279]: DEBUG oslo.service.backend._threading.loopingcall [None req-5a268f7e-b4f7-4560-97b3-f12c78c80cb3 None None] Fixed interval looping call 'neutron.plugins.ml2.plugin.DhcpAgentSchedulerDbMixin.remove_networks_from_down_agents' sleeping for 36.96 seconds {{(pid=104279) _run_loop /opt/stack/data/venv/lib/python3.12/site-packages/oslo_service/backend/_threading/loopingcall.py:125}}
Apr 02 13:05:43.448080 np0000162958 neutron-periodic-workers[104279]: DEBUG dbcounter [-] [104279] Writing DB stats neutron:SELECT=3 {{(pid=104279) stat_writer /opt/stack/data/venv/lib/python3.12/site-packages/dbcounter.py:115}}
Apr 02 13:05:46.446438 np0000162958 neutron-periodic-workers[104290]: DEBUG dbcounter [-] [104290] Writer thread running {{(pid=104290) stat_writer /opt/stack/data/venv/lib/python3.12/site-packages/dbcounter.py:102}}
Apr 02 13:05:46.452150 np0000162958 neutron-periodic-workers[104290]: DEBUG neutron.db.agents_db [None req-a8215795-1614-460b-ae98-e4fb5657a9df None None] Agent healthcheck: found 0 active agents {{(pid=104290) agent_health_check /opt/stack/neutron/neutron/db/agents_db.py:317}}
Apr 02 13:05:46.452150 np0000162958 neutron-periodic-workers[104290]: DEBUG oslo.service.backend._threading.loopingcall [None req-a8215795-1614-460b-ae98-e4fb5657a9df None None] Fixed interval looping call 'neutron.plugins.ml2.plugin.AgentDbMixin.agent_health_check' sleeping for 36.97 seconds {{(pid=104290) _run_loop /opt/stack/data/venv/lib/python3.12/site-packages/oslo_service/backend/_threading/loopingcall.py:125}}
Apr 02 13:05:56.447075 np0000162958 neutron-periodic-workers[104290]: DEBUG dbcounter [-] [104290] Writing DB stats neutron:SELECT=1 {{(pid=104290) stat_writer /opt/stack/data/venv/lib/python3.12/site-packages/dbcounter.py:115}}
Apr 02 13:06:09.448025 np0000162958 neutron-periodic-workers[104274]: DEBUG dbcounter [-] [104274] Writer thread running {{(pid=104274) stat_writer /opt/stack/data/venv/lib/python3.12/site-packages/dbcounter.py:102}}
Apr 02 13:06:09.462490 np0000162958 neutron-periodic-workers[104274]: DEBUG oslo.service.backend._threading.loopingcall [None req-ed43ac48-7dd3-42cf-bfe8-2f4ae9369873 None None] Fixed interval looping call 'neutron.services.ovn_l3.plugin.L3_NAT_dbonly_mixin._clean_garbage' sleeping for 299.95 seconds {{(pid=104274) _run_loop /opt/stack/data/venv/lib/python3.12/site-packages/oslo_service/backend/_threading/loopingcall.py:125}}
Apr 02 13:06:10.418673 np0000162958 neutron-periodic-workers[104279]: DEBUG oslo.service.backend._threading.loopingcall [None req-5a268f7e-b4f7-4560-97b3-f12c78c80cb3 None None] Fixed interval looping call 'neutron.plugins.ml2.plugin.DhcpAgentSchedulerDbMixin.remove_networks_from_down_agents' sleeping for 36.99 seconds {{(pid=104279) _run_loop /opt/stack/data/venv/lib/python3.12/site-packages/oslo_service/backend/_threading/loopingcall.py:125}}
Apr 02 13:06:19.449073 np0000162958 neutron-periodic-workers[104274]: DEBUG dbcounter [-] [104274] Writing DB stats neutron:SELECT=1 {{(pid=104274) stat_writer /opt/stack/data/venv/lib/python3.12/site-packages/dbcounter.py:115}}
Apr 02 13:06:20.417703 np0000162958 neutron-periodic-workers[104279]: DEBUG dbcounter [-] [104279] Writing DB stats neutron:SELECT=3 {{(pid=104279) stat_writer /opt/stack/data/venv/lib/python3.12/site-packages/dbcounter.py:115}}
Apr 02 13:06:23.428524 np0000162958 neutron-periodic-workers[104290]: DEBUG neutron.db.agents_db [None req-a8215795-1614-460b-ae98-e4fb5657a9df None None] Agent healthcheck: found 0 active agents {{(pid=104290) agent_health_check /opt/stack/neutron/neutron/db/agents_db.py:317}}
Apr 02 13:06:23.429290 np0000162958 neutron-periodic-workers[104290]: DEBUG oslo.service.backend._threading.loopingcall [None req-a8215795-1614-460b-ae98-e4fb5657a9df None None] Fixed interval looping call 'neutron.plugins.ml2.plugin.AgentDbMixin.agent_health_check' sleeping for 36.99 seconds {{(pid=104290) _run_loop /opt/stack/data/venv/lib/python3.12/site-packages/oslo_service/backend/_threading/loopingcall.py:125}}
Apr 02 13:06:33.426271 np0000162958 neutron-periodic-workers[104290]: DEBUG dbcounter [-] [104290] Writing DB stats neutron:SELECT=1 {{(pid=104290) stat_writer /opt/stack/data/venv/lib/python3.12/site-packages/dbcounter.py:115}}
Apr 02 13:06:42.446307 np0000162958 neutron-periodic-workers[104295]: DEBUG dbcounter [-] [104295] Writer thread running {{(pid=104295) stat_writer /opt/stack/data/venv/lib/python3.12/site-packages/dbcounter.py:102}}
Apr 02 13:06:42.448157 np0000162958 neutron-periodic-workers[104295]: DEBUG oslo.service.backend._threading.loopingcall [None req-34ca0c32-9f10-4827-8095-61be462a8d24 None None] Fixed interval looping call 'neutron.db.quota.driver_nolock.DbQuotaNoLockDriver._remove_expired_reservations' sleeping for 119.99 seconds {{(pid=104295) _run_loop /opt/stack/data/venv/lib/python3.12/site-packages/oslo_service/backend/_threading/loopingcall.py:125}}
Apr 02 13:06:47.419953 np0000162958 neutron-periodic-workers[104279]: DEBUG oslo.service.backend._threading.loopingcall [None req-5a268f7e-b4f7-4560-97b3-f12c78c80cb3 None None] Fixed interval looping call 'neutron.plugins.ml2.plugin.DhcpAgentSchedulerDbMixin.remove_networks_from_down_agents' sleeping for 36.99 seconds {{(pid=104279) _run_loop /opt/stack/data/venv/lib/python3.12/site-packages/oslo_service/backend/_threading/loopingcall.py:125}}
Apr 02 13:06:52.446995 np0000162958 neutron-periodic-workers[104295]: DEBUG dbcounter [-] [104295] Writing DB stats neutron:DELETE=1 {{(pid=104295) stat_writer /opt/stack/data/venv/lib/python3.12/site-packages/dbcounter.py:115}}
Apr 02 13:06:57.418528 np0000162958 neutron-periodic-workers[104279]: DEBUG dbcounter [-] [104279] Writing DB stats neutron:SELECT=3 {{(pid=104279) stat_writer /opt/stack/data/venv/lib/python3.12/site-packages/dbcounter.py:115}}
Apr 02 13:07:00.426248 np0000162958 neutron-periodic-workers[104290]: DEBUG neutron.db.agents_db [None req-a8215795-1614-460b-ae98-e4fb5657a9df None None] Agent healthcheck: found 0 active agents {{(pid=104290) agent_health_check /opt/stack/neutron/neutron/db/agents_db.py:317}}
Apr 02 13:07:00.427152 np0000162958 neutron-periodic-workers[104290]: DEBUG oslo.service.backend._threading.loopingcall [None req-a8215795-1614-460b-ae98-e4fb5657a9df None None] Fixed interval looping call 'neutron.plugins.ml2.plugin.AgentDbMixin.agent_health_check' sleeping for 36.99 seconds {{(pid=104290) _run_loop /opt/stack/data/venv/lib/python3.12/site-packages/oslo_service/backend/_threading/loopingcall.py:125}}
Apr 02 13:07:10.424255 np0000162958 neutron-periodic-workers[104290]: DEBUG dbcounter [-] [104290] Writing DB stats neutron:SELECT=1 {{(pid=104290) stat_writer /opt/stack/data/venv/lib/python3.12/site-packages/dbcounter.py:115}}
Apr 02 13:07:24.417906 np0000162958 neutron-periodic-workers[104279]: DEBUG oslo.service.backend._threading.loopingcall [None req-5a268f7e-b4f7-4560-97b3-f12c78c80cb3 None None] Fixed interval looping call 'neutron.plugins.ml2.plugin.DhcpAgentSchedulerDbMixin.remove_networks_from_down_agents' sleeping for 36.99 seconds {{(pid=104279) _run_loop /opt/stack/data/venv/lib/python3.12/site-packages/oslo_service/backend/_threading/loopingcall.py:125}}
Apr 02 13:07:34.416760 np0000162958 neutron-periodic-workers[104279]: DEBUG dbcounter [-] [104279] Writing DB stats neutron:SELECT=3 {{(pid=104279) stat_writer /opt/stack/data/venv/lib/python3.12/site-packages/dbcounter.py:115}}
Apr 02 13:07:37.424111 np0000162958 neutron-periodic-workers[104290]: DEBUG neutron.db.agents_db [None req-a8215795-1614-460b-ae98-e4fb5657a9df None None] Agent healthcheck: found 0 active agents {{(pid=104290) agent_health_check /opt/stack/neutron/neutron/db/agents_db.py:317}}
Apr 02 13:07:37.424926 np0000162958 neutron-periodic-workers[104290]: DEBUG oslo.service.backend._threading.loopingcall [None req-a8215795-1614-460b-ae98-e4fb5657a9df None None] Fixed interval looping call 'neutron.plugins.ml2.plugin.AgentDbMixin.agent_health_check' sleeping for 36.99 seconds {{(pid=104290) _run_loop /opt/stack/data/venv/lib/python3.12/site-packages/oslo_service/backend/_threading/loopingcall.py:125}}
Apr 02 13:07:47.421639 np0000162958 neutron-periodic-workers[104290]: DEBUG dbcounter [-] [104290] Writing DB stats neutron:SELECT=1 {{(pid=104290) stat_writer /opt/stack/data/venv/lib/python3.12/site-packages/dbcounter.py:115}}
Apr 02 13:08:01.420050 np0000162958 neutron-periodic-workers[104279]: DEBUG oslo.service.backend._threading.loopingcall [None req-5a268f7e-b4f7-4560-97b3-f12c78c80cb3 None None] Fixed interval looping call 'neutron.plugins.ml2.plugin.DhcpAgentSchedulerDbMixin.remove_networks_from_down_agents' sleeping for 36.99 seconds {{(pid=104279) _run_loop /opt/stack/data/venv/lib/python3.12/site-packages/oslo_service/backend/_threading/loopingcall.py:125}}
Apr 02 13:08:11.418588 np0000162958 neutron-periodic-workers[104279]: DEBUG dbcounter [-] [104279] Writing DB stats neutron:SELECT=3 {{(pid=104279) stat_writer /opt/stack/data/venv/lib/python3.12/site-packages/dbcounter.py:115}}
Apr 02 13:08:14.420955 np0000162958 neutron-periodic-workers[104290]: DEBUG neutron.db.agents_db [None req-a8215795-1614-460b-ae98-e4fb5657a9df None None] Agent healthcheck: found 0 active agents {{(pid=104290) agent_health_check /opt/stack/neutron/neutron/db/agents_db.py:317}}
Apr 02 13:08:14.421563 np0000162958 neutron-periodic-workers[104290]: DEBUG oslo.service.backend._threading.loopingcall [None req-a8215795-1614-460b-ae98-e4fb5657a9df None None] Fixed interval looping call 'neutron.plugins.ml2.plugin.AgentDbMixin.agent_health_check' sleeping for 36.99 seconds {{(pid=104290) _run_loop /opt/stack/data/venv/lib/python3.12/site-packages/oslo_service/backend/_threading/loopingcall.py:125}}
Apr 02 13:08:24.418607 np0000162958 neutron-periodic-workers[104290]: DEBUG dbcounter [-] [104290] Writing DB stats neutron:SELECT=1 {{(pid=104290) stat_writer /opt/stack/data/venv/lib/python3.12/site-packages/dbcounter.py:115}}
Apr 02 13:08:38.417844 np0000162958 neutron-periodic-workers[104279]: DEBUG oslo.service.backend._threading.loopingcall [None req-5a268f7e-b4f7-4560-97b3-f12c78c80cb3 None None] Fixed interval looping call 'neutron.plugins.ml2.plugin.DhcpAgentSchedulerDbMixin.remove_networks_from_down_agents' sleeping for 36.99 seconds {{(pid=104279) _run_loop /opt/stack/data/venv/lib/python3.12/site-packages/oslo_service/backend/_threading/loopingcall.py:125}}
Apr 02 13:08:42.443027 np0000162958 neutron-periodic-workers[104295]: DEBUG oslo.service.backend._threading.loopingcall [None req-34ca0c32-9f10-4827-8095-61be462a8d24 None None] Fixed interval looping call 'neutron.db.quota.driver_nolock.DbQuotaNoLockDriver._remove_expired_reservations' sleeping for 120.00 seconds {{(pid=104295) _run_loop /opt/stack/data/venv/lib/python3.12/site-packages/oslo_service/backend/_threading/loopingcall.py:125}}
Apr 02 13:08:48.417178 np0000162958 neutron-periodic-workers[104279]: DEBUG dbcounter [-] [104279] Writing DB stats neutron:SELECT=3 {{(pid=104279) stat_writer /opt/stack/data/venv/lib/python3.12/site-packages/dbcounter.py:115}}
Apr 02 13:08:51.417083 np0000162958 neutron-periodic-workers[104290]: DEBUG neutron.db.agents_db [None req-a8215795-1614-460b-ae98-e4fb5657a9df None None] Agent healthcheck: found 0 active agents {{(pid=104290) agent_health_check /opt/stack/neutron/neutron/db/agents_db.py:317}}
Apr 02 13:08:51.417083 np0000162958 neutron-periodic-workers[104290]: DEBUG oslo.service.backend._threading.loopingcall [None req-a8215795-1614-460b-ae98-e4fb5657a9df None None] Fixed interval looping call 'neutron.plugins.ml2.plugin.AgentDbMixin.agent_health_check' sleeping for 36.99 seconds {{(pid=104290) _run_loop /opt/stack/data/venv/lib/python3.12/site-packages/oslo_service/backend/_threading/loopingcall.py:125}}
Apr 02 13:08:52.442034 np0000162958 neutron-periodic-workers[104295]: DEBUG dbcounter [-] [104295] Writing DB stats neutron:DELETE=1 {{(pid=104295) stat_writer /opt/stack/data/venv/lib/python3.12/site-packages/dbcounter.py:115}}
Apr 02 13:09:01.416358 np0000162958 neutron-periodic-workers[104290]: DEBUG dbcounter [-] [104290] Writing DB stats neutron:SELECT=1 {{(pid=104290) stat_writer /opt/stack/data/venv/lib/python3.12/site-packages/dbcounter.py:115}}
Apr 02 13:09:15.416319 np0000162958 neutron-periodic-workers[104279]: DEBUG oslo.service.backend._threading.loopingcall [None req-5a268f7e-b4f7-4560-97b3-f12c78c80cb3 None None] Fixed interval looping call 'neutron.plugins.ml2.plugin.DhcpAgentSchedulerDbMixin.remove_networks_from_down_agents' sleeping for 36.99 seconds {{(pid=104279) _run_loop /opt/stack/data/venv/lib/python3.12/site-packages/oslo_service/backend/_threading/loopingcall.py:125}}
Apr 02 13:09:25.415425 np0000162958 neutron-periodic-workers[104279]: DEBUG dbcounter [-] [104279] Writing DB stats neutron:SELECT=3 {{(pid=104279) stat_writer /opt/stack/data/venv/lib/python3.12/site-packages/dbcounter.py:115}}
Apr 02 13:09:28.412218 np0000162958 neutron-periodic-workers[104290]: DEBUG neutron.db.agents_db [None req-a8215795-1614-460b-ae98-e4fb5657a9df None None] Agent healthcheck: found 0 active agents {{(pid=104290) agent_health_check /opt/stack/neutron/neutron/db/agents_db.py:317}}
Apr 02 13:09:28.413447 np0000162958 neutron-periodic-workers[104290]: DEBUG oslo.service.backend._threading.loopingcall [None req-a8215795-1614-460b-ae98-e4fb5657a9df None None] Fixed interval looping call 'neutron.plugins.ml2.plugin.AgentDbMixin.agent_health_check' sleeping for 37.00 seconds {{(pid=104290) _run_loop /opt/stack/data/venv/lib/python3.12/site-packages/oslo_service/backend/_threading/loopingcall.py:125}}
Apr 02 13:09:38.411239 np0000162958 neutron-periodic-workers[104290]: DEBUG dbcounter [-] [104290] Writing DB stats neutron:SELECT=1 {{(pid=104290) stat_writer /opt/stack/data/venv/lib/python3.12/site-packages/dbcounter.py:115}}
Apr 02 13:09:52.418283 np0000162958 neutron-periodic-workers[104279]: DEBUG oslo.service.backend._threading.loopingcall [None req-5a268f7e-b4f7-4560-97b3-f12c78c80cb3 None None] Fixed interval looping call 'neutron.plugins.ml2.plugin.DhcpAgentSchedulerDbMixin.remove_networks_from_down_agents' sleeping for 36.99 seconds {{(pid=104279) _run_loop /opt/stack/data/venv/lib/python3.12/site-packages/oslo_service/backend/_threading/loopingcall.py:125}}
Apr 02 13:10:02.416724 np0000162958 neutron-periodic-workers[104279]: DEBUG dbcounter [-] [104279] Writing DB stats neutron:SELECT=3 {{(pid=104279) stat_writer /opt/stack/data/venv/lib/python3.12/site-packages/dbcounter.py:115}}
Apr 02 13:10:05.419048 np0000162958 neutron-periodic-workers[104290]: DEBUG neutron.db.agents_db [None req-a8215795-1614-460b-ae98-e4fb5657a9df None None] Agent healthcheck: found 0 active agents {{(pid=104290) agent_health_check /opt/stack/neutron/neutron/db/agents_db.py:317}}
Apr 02 13:10:05.419746 np0000162958 neutron-periodic-workers[104290]: DEBUG oslo.service.backend._threading.loopingcall [None req-a8215795-1614-460b-ae98-e4fb5657a9df None None] Fixed interval looping call 'neutron.plugins.ml2.plugin.AgentDbMixin.agent_health_check' sleeping for 36.99 seconds {{(pid=104290) _run_loop /opt/stack/data/venv/lib/python3.12/site-packages/oslo_service/backend/_threading/loopingcall.py:125}}
Apr 02 13:10:15.417308 np0000162958 neutron-periodic-workers[104290]: DEBUG dbcounter [-] [104290] Writing DB stats neutron:SELECT=1 {{(pid=104290) stat_writer /opt/stack/data/venv/lib/python3.12/site-packages/dbcounter.py:115}}
Apr 02 13:10:29.419115 np0000162958 neutron-periodic-workers[104279]: DEBUG oslo.service.backend._threading.loopingcall [None req-5a268f7e-b4f7-4560-97b3-f12c78c80cb3 None None] Fixed interval looping call 'neutron.plugins.ml2.plugin.DhcpAgentSchedulerDbMixin.remove_networks_from_down_agents' sleeping for 36.99 seconds {{(pid=104279) _run_loop /opt/stack/data/venv/lib/python3.12/site-packages/oslo_service/backend/_threading/loopingcall.py:125}}
Apr 02 13:10:39.418307 np0000162958 neutron-periodic-workers[104279]: DEBUG dbcounter [-] [104279] Writing DB stats neutron:SELECT=3 {{(pid=104279) stat_writer /opt/stack/data/venv/lib/python3.12/site-packages/dbcounter.py:115}}
Apr 02 13:10:42.416422 np0000162958 neutron-periodic-workers[104290]: DEBUG neutron.db.agents_db [None req-a8215795-1614-460b-ae98-e4fb5657a9df None None] Agent healthcheck: found 0 active agents {{(pid=104290) agent_health_check /opt/stack/neutron/neutron/db/agents_db.py:317}}
Apr 02 13:10:42.417351 np0000162958 neutron-periodic-workers[104290]: DEBUG oslo.service.backend._threading.loopingcall [None req-a8215795-1614-460b-ae98-e4fb5657a9df None None] Fixed interval looping call 'neutron.plugins.ml2.plugin.AgentDbMixin.agent_health_check' sleeping for 36.99 seconds {{(pid=104290) _run_loop /opt/stack/data/venv/lib/python3.12/site-packages/oslo_service/backend/_threading/loopingcall.py:125}}
Apr 02 13:10:42.449365 np0000162958 neutron-periodic-workers[104295]: DEBUG oslo.service.backend._threading.loopingcall [None req-34ca0c32-9f10-4827-8095-61be462a8d24 None None] Fixed interval looping call 'neutron.db.quota.driver_nolock.DbQuotaNoLockDriver._remove_expired_reservations' sleeping for 119.99 seconds {{(pid=104295) _run_loop /opt/stack/data/venv/lib/python3.12/site-packages/oslo_service/backend/_threading/loopingcall.py:125}}
Apr 02 13:10:52.414739 np0000162958 neutron-periodic-workers[104290]: DEBUG dbcounter [-] [104290] Writing DB stats neutron:SELECT=1 {{(pid=104290) stat_writer /opt/stack/data/venv/lib/python3.12/site-packages/dbcounter.py:115}}
Apr 02 13:10:52.448296 np0000162958 neutron-periodic-workers[104295]: DEBUG dbcounter [-] [104295] Writing DB stats neutron:DELETE=1 {{(pid=104295) stat_writer /opt/stack/data/venv/lib/python3.12/site-packages/dbcounter.py:115}}
Apr 02 13:11:06.418741 np0000162958 neutron-periodic-workers[104279]: DEBUG oslo.service.backend._threading.loopingcall [None req-5a268f7e-b4f7-4560-97b3-f12c78c80cb3 None None] Fixed interval looping call 'neutron.plugins.ml2.plugin.DhcpAgentSchedulerDbMixin.remove_networks_from_down_agents' sleeping for 36.99 seconds {{(pid=104279) _run_loop /opt/stack/data/venv/lib/python3.12/site-packages/oslo_service/backend/_threading/loopingcall.py:125}}
Apr 02 13:11:09.425087 np0000162958 neutron-periodic-workers[104274]: DEBUG oslo.service.backend._threading.loopingcall [None req-ed43ac48-7dd3-42cf-bfe8-2f4ae9369873 None None] Fixed interval looping call 'neutron.services.ovn_l3.plugin.L3_NAT_dbonly_mixin._clean_garbage' sleeping for 299.99 seconds {{(pid=104274) _run_loop /opt/stack/data/venv/lib/python3.12/site-packages/oslo_service/backend/_threading/loopingcall.py:125}}
Apr 02 13:11:16.417813 np0000162958 neutron-periodic-workers[104279]: DEBUG dbcounter [-] [104279] Writing DB stats neutron:SELECT=3 {{(pid=104279) stat_writer /opt/stack/data/venv/lib/python3.12/site-packages/dbcounter.py:115}}
Apr 02 13:11:19.412198 np0000162958 neutron-periodic-workers[104290]: DEBUG neutron.db.agents_db [None req-a8215795-1614-460b-ae98-e4fb5657a9df None None] Agent healthcheck: found 0 active agents {{(pid=104290) agent_health_check /opt/stack/neutron/neutron/db/agents_db.py:317}}
Apr 02 13:11:19.412731 np0000162958 neutron-periodic-workers[104290]: DEBUG oslo.service.backend._threading.loopingcall [None req-a8215795-1614-460b-ae98-e4fb5657a9df None None] Fixed interval looping call 'neutron.plugins.ml2.plugin.AgentDbMixin.agent_health_check' sleeping for 36.99 seconds {{(pid=104290) _run_loop /opt/stack/data/venv/lib/python3.12/site-packages/oslo_service/backend/_threading/loopingcall.py:125}}
Apr 02 13:11:19.418581 np0000162958 neutron-periodic-workers[104274]: DEBUG dbcounter [-] [104274] Writing DB stats neutron:SELECT=1 {{(pid=104274) stat_writer /opt/stack/data/venv/lib/python3.12/site-packages/dbcounter.py:115}}
Apr 02 13:11:29.410544 np0000162958 neutron-periodic-workers[104290]: DEBUG dbcounter [-] [104290] Writing DB stats neutron:SELECT=1 {{(pid=104290) stat_writer /opt/stack/data/venv/lib/python3.12/site-packages/dbcounter.py:115}}
Apr 02 13:11:43.418631 np0000162958 neutron-periodic-workers[104279]: DEBUG oslo.service.backend._threading.loopingcall [None req-5a268f7e-b4f7-4560-97b3-f12c78c80cb3 None None] Fixed interval looping call 'neutron.plugins.ml2.plugin.DhcpAgentSchedulerDbMixin.remove_networks_from_down_agents' sleeping for 36.99 seconds {{(pid=104279) _run_loop /opt/stack/data/venv/lib/python3.12/site-packages/oslo_service/backend/_threading/loopingcall.py:125}}
Apr 02 13:11:53.417570 np0000162958 neutron-periodic-workers[104279]: DEBUG dbcounter [-] [104279] Writing DB stats neutron:SELECT=3 {{(pid=104279) stat_writer /opt/stack/data/venv/lib/python3.12/site-packages/dbcounter.py:115}}
Apr 02 13:11:56.407666 np0000162958 neutron-periodic-workers[104290]: DEBUG neutron.db.agents_db [None req-a8215795-1614-460b-ae98-e4fb5657a9df None None] Agent healthcheck: found 0 active agents {{(pid=104290) agent_health_check /opt/stack/neutron/neutron/db/agents_db.py:317}}
Apr 02 13:11:56.408323 np0000162958 neutron-periodic-workers[104290]: DEBUG oslo.service.backend._threading.loopingcall [None req-a8215795-1614-460b-ae98-e4fb5657a9df None None] Fixed interval looping call 'neutron.plugins.ml2.plugin.AgentDbMixin.agent_health_check' sleeping for 36.99 seconds {{(pid=104290) _run_loop /opt/stack/data/venv/lib/python3.12/site-packages/oslo_service/backend/_threading/loopingcall.py:125}}
Apr 02 13:12:06.405826 np0000162958 neutron-periodic-workers[104290]: DEBUG dbcounter [-] [104290] Writing DB stats neutron:SELECT=1 {{(pid=104290) stat_writer /opt/stack/data/venv/lib/python3.12/site-packages/dbcounter.py:115}}
Apr 02 13:12:20.419261 np0000162958 neutron-periodic-workers[104279]: DEBUG oslo.service.backend._threading.loopingcall [None req-5a268f7e-b4f7-4560-97b3-f12c78c80cb3 None None] Fixed interval looping call 'neutron.plugins.ml2.plugin.DhcpAgentSchedulerDbMixin.remove_networks_from_down_agents' sleeping for 36.99 seconds {{(pid=104279) _run_loop /opt/stack/data/venv/lib/python3.12/site-packages/oslo_service/backend/_threading/loopingcall.py:125}}
Apr 02 13:12:30.418489 np0000162958 neutron-periodic-workers[104279]: DEBUG dbcounter [-] [104279] Writing DB stats neutron:SELECT=3 {{(pid=104279) stat_writer /opt/stack/data/venv/lib/python3.12/site-packages/dbcounter.py:115}}
Apr 02 13:12:33.404386 np0000162958 neutron-periodic-workers[104290]: DEBUG neutron.db.agents_db [None req-a8215795-1614-460b-ae98-e4fb5657a9df None None] Agent healthcheck: found 0 active agents {{(pid=104290) agent_health_check /opt/stack/neutron/neutron/db/agents_db.py:317}}
Apr 02 13:12:33.404721 np0000162958 neutron-periodic-workers[104290]: DEBUG oslo.service.backend._threading.loopingcall [None req-a8215795-1614-460b-ae98-e4fb5657a9df None None] Fixed interval looping call 'neutron.plugins.ml2.plugin.AgentDbMixin.agent_health_check' sleeping for 36.99 seconds {{(pid=104290) _run_loop /opt/stack/data/venv/lib/python3.12/site-packages/oslo_service/backend/_threading/loopingcall.py:125}}
Apr 02 13:12:42.444108 np0000162958 neutron-periodic-workers[104295]: DEBUG oslo.service.backend._threading.loopingcall [None req-34ca0c32-9f10-4827-8095-61be462a8d24 None None] Fixed interval looping call 'neutron.db.quota.driver_nolock.DbQuotaNoLockDriver._remove_expired_reservations' sleeping for 120.00 seconds {{(pid=104295) _run_loop /opt/stack/data/venv/lib/python3.12/site-packages/oslo_service/backend/_threading/loopingcall.py:125}}
Apr 02 13:12:43.402150 np0000162958 neutron-periodic-workers[104290]: DEBUG dbcounter [-] [104290] Writing DB stats neutron:SELECT=1 {{(pid=104290) stat_writer /opt/stack/data/venv/lib/python3.12/site-packages/dbcounter.py:115}}
Apr 02 13:12:52.442812 np0000162958 neutron-periodic-workers[104295]: DEBUG dbcounter [-] [104295] Writing DB stats neutron:DELETE=1 {{(pid=104295) stat_writer /opt/stack/data/venv/lib/python3.12/site-packages/dbcounter.py:115}}
Apr 02 13:12:57.420301 np0000162958 neutron-periodic-workers[104279]: DEBUG oslo.service.backend._threading.loopingcall [None req-5a268f7e-b4f7-4560-97b3-f12c78c80cb3 None None] Fixed interval looping call 'neutron.plugins.ml2.plugin.DhcpAgentSchedulerDbMixin.remove_networks_from_down_agents' sleeping for 36.99 seconds {{(pid=104279) _run_loop /opt/stack/data/venv/lib/python3.12/site-packages/oslo_service/backend/_threading/loopingcall.py:125}}
Apr 02 13:13:07.418812 np0000162958 neutron-periodic-workers[104279]: DEBUG dbcounter [-] [104279] Writing DB stats neutron:SELECT=3 {{(pid=104279) stat_writer /opt/stack/data/venv/lib/python3.12/site-packages/dbcounter.py:115}}
Apr 02 13:13:10.399902 np0000162958 neutron-periodic-workers[104290]: DEBUG neutron.db.agents_db [None req-a8215795-1614-460b-ae98-e4fb5657a9df None None] Agent healthcheck: found 0 active agents {{(pid=104290) agent_health_check /opt/stack/neutron/neutron/db/agents_db.py:317}}
Apr 02 13:13:10.400481 np0000162958 neutron-periodic-workers[104290]: DEBUG oslo.service.backend._threading.loopingcall [None req-a8215795-1614-460b-ae98-e4fb5657a9df None None] Fixed interval looping call 'neutron.plugins.ml2.plugin.AgentDbMixin.agent_health_check' sleeping for 36.99 seconds {{(pid=104290) _run_loop /opt/stack/data/venv/lib/python3.12/site-packages/oslo_service/backend/_threading/loopingcall.py:125}}
Apr 02 13:13:20.398656 np0000162958 neutron-periodic-workers[104290]: DEBUG dbcounter [-] [104290] Writing DB stats neutron:SELECT=1 {{(pid=104290) stat_writer /opt/stack/data/venv/lib/python3.12/site-packages/dbcounter.py:115}}
Apr 02 13:13:34.423311 np0000162958 neutron-periodic-workers[104279]: DEBUG oslo.service.backend._threading.loopingcall [None req-5a268f7e-b4f7-4560-97b3-f12c78c80cb3 None None] Fixed interval looping call 'neutron.plugins.ml2.plugin.DhcpAgentSchedulerDbMixin.remove_networks_from_down_agents' sleeping for 36.99 seconds {{(pid=104279) _run_loop /opt/stack/data/venv/lib/python3.12/site-packages/oslo_service/backend/_threading/loopingcall.py:125}}
Apr 02 13:13:44.422267 np0000162958 neutron-periodic-workers[104279]: DEBUG dbcounter [-] [104279] Writing DB stats neutron:SELECT=3 {{(pid=104279) stat_writer /opt/stack/data/venv/lib/python3.12/site-packages/dbcounter.py:115}}
Apr 02 13:13:47.397262 np0000162958 neutron-periodic-workers[104290]: DEBUG neutron.db.agents_db [None req-a8215795-1614-460b-ae98-e4fb5657a9df None None] Agent healthcheck: found 0 active agents {{(pid=104290) agent_health_check /opt/stack/neutron/neutron/db/agents_db.py:317}}
Apr 02 13:13:47.397262 np0000162958 neutron-periodic-workers[104290]: DEBUG oslo.service.backend._threading.loopingcall [None req-a8215795-1614-460b-ae98-e4fb5657a9df None None] Fixed interval looping call 'neutron.plugins.ml2.plugin.AgentDbMixin.agent_health_check' sleeping for 36.99 seconds {{(pid=104290) _run_loop /opt/stack/data/venv/lib/python3.12/site-packages/oslo_service/backend/_threading/loopingcall.py:125}}
Apr 02 13:13:57.394592 np0000162958 neutron-periodic-workers[104290]: DEBUG dbcounter [-] [104290] Writing DB stats neutron:SELECT=1 {{(pid=104290) stat_writer /opt/stack/data/venv/lib/python3.12/site-packages/dbcounter.py:115}}
Apr 02 13:14:11.421607 np0000162958 neutron-periodic-workers[104279]: DEBUG oslo.service.backend._threading.loopingcall [None req-5a268f7e-b4f7-4560-97b3-f12c78c80cb3 None None] Fixed interval looping call 'neutron.plugins.ml2.plugin.DhcpAgentSchedulerDbMixin.remove_networks_from_down_agents' sleeping for 36.99 seconds {{(pid=104279) _run_loop /opt/stack/data/venv/lib/python3.12/site-packages/oslo_service/backend/_threading/loopingcall.py:125}}
Apr 02 13:14:21.420605 np0000162958 neutron-periodic-workers[104279]: DEBUG dbcounter [-] [104279] Writing DB stats neutron:SELECT=3 {{(pid=104279) stat_writer /opt/stack/data/venv/lib/python3.12/site-packages/dbcounter.py:115}}
Apr 02 13:14:24.394430 np0000162958 neutron-periodic-workers[104290]: DEBUG neutron.db.agents_db [None req-a8215795-1614-460b-ae98-e4fb5657a9df None None] Agent healthcheck: found 0 active agents {{(pid=104290) agent_health_check /opt/stack/neutron/neutron/db/agents_db.py:317}}
Apr 02 13:14:24.394430 np0000162958 neutron-periodic-workers[104290]: DEBUG oslo.service.backend._threading.loopingcall [None req-a8215795-1614-460b-ae98-e4fb5657a9df None None] Fixed interval looping call 'neutron.plugins.ml2.plugin.AgentDbMixin.agent_health_check' sleeping for 36.99 seconds {{(pid=104290) _run_loop /opt/stack/data/venv/lib/python3.12/site-packages/oslo_service/backend/_threading/loopingcall.py:125}}
Apr 02 13:14:34.392508 np0000162958 neutron-periodic-workers[104290]: DEBUG dbcounter [-] [104290] Writing DB stats neutron:SELECT=1 {{(pid=104290) stat_writer /opt/stack/data/venv/lib/python3.12/site-packages/dbcounter.py:115}}
Apr 02 13:14:42.449981 np0000162958 neutron-periodic-workers[104295]: DEBUG oslo.service.backend._threading.loopingcall [None req-34ca0c32-9f10-4827-8095-61be462a8d24 None None] Fixed interval looping call 'neutron.db.quota.driver_nolock.DbQuotaNoLockDriver._remove_expired_reservations' sleeping for 119.99 seconds {{(pid=104295) _run_loop /opt/stack/data/venv/lib/python3.12/site-packages/oslo_service/backend/_threading/loopingcall.py:125}}
Apr 02 13:14:48.421067 np0000162958 neutron-periodic-workers[104279]: DEBUG oslo.service.backend._threading.loopingcall [None req-5a268f7e-b4f7-4560-97b3-f12c78c80cb3 None None] Fixed interval looping call 'neutron.plugins.ml2.plugin.DhcpAgentSchedulerDbMixin.remove_networks_from_down_agents' sleeping for 36.99 seconds {{(pid=104279) _run_loop /opt/stack/data/venv/lib/python3.12/site-packages/oslo_service/backend/_threading/loopingcall.py:125}}
