2026-06-23 01:30:21.562 7 WARNING neutron.api.rpc.agentnotifiers.dhcp_rpc_agent_api [None req-4309a8f6-c8a1-47e3-bcd9-d20fb59d124a 0a2d744fe84d4de8af77c92c9529b3b2 7e6563d69de343168356524c7185bdd4 - - default default] Unable to schedule network 78be8ef1-4376-4418-b4c0-eccd0d3b98e1: no agents available; will retry on subsequent port and subnet creation events.
2026-06-23 01:30:21.623 7 INFO neutron.plugins.ml2.drivers.ovn.mech_driver.mech_driver [None req-1e29b0cb-4d0c-43f5-ae03-2e8d9f247363 - - - - - -] OVN reports status down for port: a40a257a-1af2-4b42-a89e-7b371826494b
2026-06-23 01:30:21.684 8 INFO neutron.db.ovn_revision_numbers_db [None req-86da9676-7901-4431-9454-2a1030b2782c ec8ee87e1f104be9901ea17a228cab14 5c572a9c35264af1a300ace71ad0b32b - - default default] Successfully bumped revision number for resource d7496ad7-d01f-4c21-8ab2-de5b58e327c5 (type: networks) to 1
2026-06-23 01:30:21.688 7 INFO neutron.db.ovn_revision_numbers_db [None req-4309a8f6-c8a1-47e3-bcd9-d20fb59d124a 0a2d744fe84d4de8af77c92c9529b3b2 7e6563d69de343168356524c7185bdd4 - - default default] Successfully bumped revision number for resource a40a257a-1af2-4b42-a89e-7b371826494b (type: ports) to 1 [pid: 7|app: 0|req: 709/1412] 10.0.0.34 () {34 vars in 663 bytes} [Tue Jun 23 01:30:21 2026] POST /v2.0/ports => generated 1505 bytes in 767 msecs (HTTP/1.1 201) 4 headers in 163 bytes (1 switches on core 0)
2026-06-23 01:30:21.802 7 WARNING keystonemiddleware.audit [None req-4309a8f6-c8a1-47e3-bcd9-d20fb59d124a 0a2d744fe84d4de8af77c92c9529b3b2 7e6563d69de343168356524c7185bdd4 - - default default] Skipping service tempest-service-473990267 as it have no endpoints. /var/lib/openstack/lib/python3.12/site-packages/pycadf/identifier.py:70: UserWarning: Invalid uuid: neutron. To ensure interoperability, identifiers should be a valid uuid. warnings.warn(('Invalid uuid: %s. To ensure interoperability, ' [pid: 7|app: 0|req: 710/1413] 10.0.0.118 () {34 vars in 989 bytes} [Tue Jun 23 01:30:21 2026] GET /v2.0/ports?device_id=4ea2069f-90c3-4cf6-b073-b8d9108c3ab0 => generated 12 bytes in 32 msecs (HTTP/1.1 200) 4 headers in 156 bytes (1 switches on core 0)
2026-06-23 01:30:21.881 8 WARNING neutron.scheduler.dhcp_agent_scheduler [None req-86da9676-7901-4431-9454-2a1030b2782c ec8ee87e1f104be9901ea17a228cab14 5c572a9c35264af1a300ace71ad0b32b - - default default] No more DHCP agents
2026-06-23 01:30:21.883 8 WARNING neutron.api.rpc.agentnotifiers.dhcp_rpc_agent_api [None req-86da9676-7901-4431-9454-2a1030b2782c ec8ee87e1f104be9901ea17a228cab14 5c572a9c35264af1a300ace71ad0b32b - - default default] Unable to schedule network d7496ad7-d01f-4c21-8ab2-de5b58e327c5: no agents available; will retry on subsequent port and subnet creation events. [pid: 7|app: 0|req: 711/1414] 10.0.0.34 () {32 vars in 641 bytes} [Tue Jun 23 01:30:21 2026] GET /v2.0/ports => generated 3017 bytes in 69 msecs (HTTP/1.1 200) 4 headers in 158 bytes (1 switches on core 0)
2026-06-23 01:30:21.937 8 INFO neutron.plugins.ml2.drivers.ovn.mech_driver.mech_driver [None req-cb26d77a-0d4b-4149-bf7d-acbcc546209a - - - - - -] OVN reports status down for port: 15720cbe-e1e1-4245-90c3-c8bad487f4a3
2026-06-23 01:30:21.995 8 INFO neutron.db.ovn_revision_numbers_db [None req-86da9676-7901-4431-9454-2a1030b2782c ec8ee87e1f104be9901ea17a228cab14 5c572a9c35264af1a300ace71ad0b32b - - default default] Successfully bumped revision number for resource 15720cbe-e1e1-4245-90c3-c8bad487f4a3 (type: ports) to 1 [pid: 8|app: 0|req: 704/1415] 10.0.0.34 () {34 vars in 669 bytes} [Tue Jun 23 01:30:21 2026] POST /v2.0/networks => generated 767 bytes in 898 msecs (HTTP/1.1 201) 4 headers in 162 bytes (1 switches on core 0)
2026-06-23 01:30:22.032 7 INFO neutron_taas.services.taas.taas_plugin [None req-2d959c69-0f8a-4453-8001-58e3d313e5d2 0a2d744fe84d4de8af77c92c9529b3b2 7e6563d69de343168356524c7185bdd4 - - default default] TaaS: Handle Delete Port: 12a3014d-fae5-4eed-bc2b-a2cbfb37b26a
2026-06-23 01:30:22.035 7 INFO neutron_taas.services.taas.tap_mirror_plugin [None req-2d959c69-0f8a-4453-8001-58e3d313e5d2 0a2d744fe84d4de8af77c92c9529b3b2 7e6563d69de343168356524c7185bdd4 - - default default] Tap Mirror: Handle Delete Port: 12a3014d-fae5-4eed-bc2b-a2cbfb37b26a [pid: 7|app: 0|req: 712/1416] 10.0.0.34 () {32 vars in 718 bytes} [Tue Jun 23 01:30:21 2026] DELETE /v2.0/ports/12a3014d-fae5-4eed-bc2b-a2cbfb37b26a => generated 0 bytes in 252 msecs (HTTP/1.1 204) 3 headers in 131 bytes (1 switches on core 0)
2026-06-23 01:30:22.192 8 WARNING neutron.scheduler.dhcp_agent_scheduler [None req-0e1cb83f-e884-4830-bc2c-81c2dd13935e ec8ee87e1f104be9901ea17a228cab14 5c572a9c35264af1a300ace71ad0b32b - - default default] No more DHCP agents
2026-06-23 01:30:22.193 8 WARNING neutron.api.rpc.agentnotifiers.dhcp_rpc_agent_api [None req-0e1cb83f-e884-4830-bc2c-81c2dd13935e ec8ee87e1f104be9901ea17a228cab14 5c572a9c35264af1a300ace71ad0b32b - - default default] Unable to schedule network d7496ad7-d01f-4c21-8ab2-de5b58e327c5: no agents available; will retry on subsequent port and subnet creation events.
2026-06-23 01:30:22.293 7 INFO neutron_taas.services.taas.taas_plugin [None req-7120b765-233b-4520-8ae5-a09ae6f91748 0a2d744fe84d4de8af77c92c9529b3b2 7e6563d69de343168356524c7185bdd4 - - default default] TaaS: Handle Delete Port: a40a257a-1af2-4b42-a89e-7b371826494b
2026-06-23 01:30:22.296 7 INFO neutron_taas.services.taas.tap_mirror_plugin [None req-7120b765-233b-4520-8ae5-a09ae6f91748 0a2d744fe84d4de8af77c92c9529b3b2 7e6563d69de343168356524c7185bdd4 - - default default] Tap Mirror: Handle Delete Port: a40a257a-1af2-4b42-a89e-7b371826494b [pid: 7|app: 0|req: 713/1417] 10.0.0.34 () {32 vars in 718 bytes} [Tue Jun 23 01:30:22 2026] DELETE /v2.0/ports/a40a257a-1af2-4b42-a89e-7b371826494b => generated 0 bytes in 249 msecs (HTTP/1.1 204) 3 headers in 131 bytes (1 switches on core 0) [pid: 7|app: 0|req: 714/1418] 10.0.0.34 () {32 vars in 641 bytes} [Tue Jun 23 01:30:22 2026] GET /v2.0/ports => generated 1523 bytes in 40 msecs (HTTP/1.1 200) 4 headers in 158 bytes (1 switches on core 0)
2026-06-23 01:30:22.555 7 INFO neutron.db.segments_db [None req-c6e2911b-440b-4b4e-8cb1-91f138aa71ce 0a2d744fe84d4de8af77c92c9529b3b2 7e6563d69de343168356524c7185bdd4 - - default default] Added segment a7561626-437b-4f9c-afd7-51adea3b6d5c of type geneve for network ec810a69-c647-4e8d-9e46-f9c87e310895
2026-06-23 01:30:22.667 7 INFO neutron.db.ovn_revision_numbers_db [None req-c6e2911b-440b-4b4e-8cb1-91f138aa71ce 0a2d744fe84d4de8af77c92c9529b3b2 7e6563d69de343168356524c7185bdd4 - - default default] Successfully bumped revision number for resource ec810a69-c647-4e8d-9e46-f9c87e310895 (type: networks) to 1
2026-06-23 01:30:22.674 8 INFO neutron.db.ovn_revision_numbers_db [None req-93956de7-f526-4a55-9721-66dbef5789cd - - - - - -] Successfully bumped revision number for resource 15720cbe-e1e1-4245-90c3-c8bad487f4a3 (type: ports) to 2
2026-06-23 01:30:22.707 8 INFO neutron.db.ovn_revision_numbers_db [None req-93956de7-f526-4a55-9721-66dbef5789cd - - - - - -] Successfully bumped revision number for resource ebb8cfc9-bff0-4e3a-91ff-96956ebea8df (type: subnets) to 0 [pid: 8|app: 0|req: 705/1419] 10.0.0.34 () {34 vars in 667 bytes} [Tue Jun 23 01:30:22 2026] POST /v2.0/subnets => generated 692 bytes in 689 msecs (HTTP/1.1 201) 4 headers in 162 bytes (1 switches on core 0)
2026-06-23 01:30:22.839 7 WARNING neutron.scheduler.dhcp_agent_scheduler [None req-c6e2911b-440b-4b4e-8cb1-91f138aa71ce 0a2d744fe84d4de8af77c92c9529b3b2 7e6563d69de343168356524c7185bdd4 - - default default] No more DHCP agents
2026-06-23 01:30:22.840 7 WARNING neutron.api.rpc.agentnotifiers.dhcp_rpc_agent_api [None req-c6e2911b-440b-4b4e-8cb1-91f138aa71ce 0a2d744fe84d4de8af77c92c9529b3b2 7e6563d69de343168356524c7185bdd4 - - default default] Unable to schedule network ec810a69-c647-4e8d-9e46-f9c87e310895: no agents available; will retry on subsequent port and subnet creation events.
2026-06-23 01:30:22.901 7 INFO neutron.plugins.ml2.drivers.ovn.mech_driver.mech_driver [None req-1e29b0cb-4d0c-43f5-ae03-2e8d9f247363 - - - - - -] OVN reports status down for port: 0bbf0553-fa3e-4a36-a6af-4c7062050e2e
2026-06-23 01:30:22.969 7 INFO neutron.db.ovn_revision_numbers_db [None req-c6e2911b-440b-4b4e-8cb1-91f138aa71ce 0a2d744fe84d4de8af77c92c9529b3b2 7e6563d69de343168356524c7185bdd4 - - default default] Successfully bumped revision number for resource 0bbf0553-fa3e-4a36-a6af-4c7062050e2e (type: ports) to 1 [pid: 7|app: 0|req: 715/1420] 10.0.0.34 () {34 vars in 668 bytes} [Tue Jun 23 01:30:22 2026] POST /v2.0/networks => generated 669 bytes in 551 msecs (HTTP/1.1 201) 4 headers in 162 bytes (1 switches on core 0)
2026-06-23 01:30:23.114 7 INFO neutron.db.segments_db [None req-1435558d-1e0d-4da7-a2aa-e00c12a10179 0a2d744fe84d4de8af77c92c9529b3b2 7e6563d69de343168356524c7185bdd4 - - default default] Added segment 087a7e74-bece-47b3-b730-f521bd4c8206 of type geneve for network c3f8d68d-5e2b-4461-8cc0-9c4ad28ecafe
2026-06-23 01:30:23.217 8 WARNING neutron.scheduler.dhcp_agent_scheduler [None req-ac8d9631-4ea4-4f38-b968-4edb2db36197 ec8ee87e1f104be9901ea17a228cab14 5c572a9c35264af1a300ace71ad0b32b - - default default] No more DHCP agents
2026-06-23 01:30:23.221 8 WARNING neutron.api.rpc.agentnotifiers.dhcp_rpc_agent_api [None req-ac8d9631-4ea4-4f38-b968-4edb2db36197 ec8ee87e1f104be9901ea17a228cab14 5c572a9c35264af1a300ace71ad0b32b - - default default] Unable to schedule network 2a4e6ff1-5137-45bb-9359-41e790e1fd96: no agents available; will retry on subsequent port and subnet creation events.
2026-06-23 01:30:23.243 7 INFO neutron.db.ovn_revision_numbers_db [None req-1435558d-1e0d-4da7-a2aa-e00c12a10179 0a2d744fe84d4de8af77c92c9529b3b2 7e6563d69de343168356524c7185bdd4 - - default default] Successfully bumped revision number for resource c3f8d68d-5e2b-4461-8cc0-9c4ad28ecafe (type: networks) to 1
2026-06-23 01:30:23.340 8 INFO neutron.plugins.ml2.drivers.ovn.mech_driver.mech_driver [None req-cb26d77a-0d4b-4149-bf7d-acbcc546209a - - - - - -] OVN reports status down for port: 4ebc1745-c448-442f-9626-07ee03ee9fa2
2026-06-23 01:30:23.405 8 INFO neutron.db.ovn_revision_numbers_db [None req-ac8d9631-4ea4-4f38-b968-4edb2db36197 ec8ee87e1f104be9901ea17a228cab14 5c572a9c35264af1a300ace71ad0b32b - - default default] Successfully bumped revision number for resource 4ebc1745-c448-442f-9626-07ee03ee9fa2 (type: ports) to 1
2026-06-23 01:30:23.409 7 WARNING neutron.scheduler.dhcp_agent_scheduler [None req-1435558d-1e0d-4da7-a2aa-e00c12a10179 0a2d744fe84d4de8af77c92c9529b3b2 7e6563d69de343168356524c7185bdd4 - - default default] No more DHCP agents
2026-06-23 01:30:23.415 7 WARNING neutron.api.rpc.agentnotifiers.dhcp_rpc_agent_api [None req-1435558d-1e0d-4da7-a2aa-e00c12a10179 0a2d744fe84d4de8af77c92c9529b3b2 7e6563d69de343168356524c7185bdd4 - - default default] Unable to schedule network c3f8d68d-5e2b-4461-8cc0-9c4ad28ecafe: no agents available; will retry on subsequent port and subnet creation events.
2026-06-23 01:30:23.497 7 INFO neutron.db.ovn_revision_numbers_db [None req-1435558d-1e0d-4da7-a2aa-e00c12a10179 0a2d744fe84d4de8af77c92c9529b3b2 7e6563d69de343168356524c7185bdd4 - - default default] Successfully bumped revision number for resource 57d103bb-6e3b-4045-8377-ddb0f5929726 (type: ports) to 1 [pid: 7|app: 0|req: 716/1421] 10.0.0.34 () {34 vars in 668 bytes} [Tue Jun 23 01:30:23 2026] POST /v2.0/networks => generated 669 bytes in 499 msecs (HTTP/1.1 201) 4 headers in 162 bytes (1 switches on core 0)
2026-06-23 01:30:23.528 8 INFO neutron.plugins.ml2.drivers.ovn.mech_driver.mech_driver [None req-cb26d77a-0d4b-4149-bf7d-acbcc546209a - - - - - -] OVN reports status down for port: 57d103bb-6e3b-4045-8377-ddb0f5929726
2026-06-23 01:30:23.811 7 WARNING neutron.scheduler.dhcp_agent_scheduler [None req-fb412597-de33-40f2-9229-8b64bb9608c6 0a2d744fe84d4de8af77c92c9529b3b2 7e6563d69de343168356524c7185bdd4 - - default default] No more DHCP agents
2026-06-23 01:30:23.813 7 WARNING neutron.api.rpc.agentnotifiers.dhcp_rpc_agent_api [None req-fb412597-de33-40f2-9229-8b64bb9608c6 0a2d744fe84d4de8af77c92c9529b3b2 7e6563d69de343168356524c7185bdd4 - - default default] Unable to schedule network ec810a69-c647-4e8d-9e46-f9c87e310895: no agents available; will retry on subsequent port and subnet creation events.
2026-06-23 01:30:24.080 8 INFO neutron.plugins.ml2.drivers.ovn.mech_driver.ovsdb.commands [None req-0026e28e-5b7c-4ba6-afd0-659340036295 - - - - - -] Schedule LRP lrp-4ebc1745-c448-442f-9626-07ee03ee9fa2 on gateway aef4fd89-816a-444c-b044-d425125e8b2c with priority 1
2026-06-23 01:30:24.134 8 INFO neutron.plugins.ml2.drivers.ovn.mech_driver.mech_driver [None req-cb26d77a-0d4b-4149-bf7d-acbcc546209a - - - - - -] OVN reports status up for port: 4ebc1745-c448-442f-9626-07ee03ee9fa2
2026-06-23 01:30:24.155 7 INFO neutron.plugins.ml2.drivers.ovn.mech_driver.ovsdb.ovsdb_monitor [None req-961dbe35-16df-426c-852f-3bcb75f6d08e - - - - - -] Router 74e1bbd7-bb0a-4dec-9cc0-26d24d6171ba is bound to host instance
2026-06-23 01:30:24.160 8 INFO neutron.plugins.ml2.plugin [None req-cb26d77a-0d4b-4149-bf7d-acbcc546209a - - - - - -] Attempt 1 to provision port 4ebc1745-c448-442f-9626-07ee03ee9fa2
2026-06-23 01:30:24.186 8 INFO neutron.db.ovn_revision_numbers_db [None req-ac8d9631-4ea4-4f38-b968-4edb2db36197 ec8ee87e1f104be9901ea17a228cab14 5c572a9c35264af1a300ace71ad0b32b - - default default] Successfully bumped revision number for resource 4ebc1745-c448-442f-9626-07ee03ee9fa2 (type: router_ports) to 1
2026-06-23 01:30:24.297 8 INFO neutron.db.ovn_revision_numbers_db [None req-ac8d9631-4ea4-4f38-b968-4edb2db36197 ec8ee87e1f104be9901ea17a228cab14 5c572a9c35264af1a300ace71ad0b32b - - default default] Successfully bumped revision number for resource 74e1bbd7-bb0a-4dec-9cc0-26d24d6171ba (type: routers) to 2 [pid: 8|app: 0|req: 706/1422] 10.0.0.34 () {34 vars in 667 bytes} [Tue Jun 23 01:30:22 2026] POST /v2.0/routers => generated 970 bytes in 1598 msecs (HTTP/1.1 201) 4 headers in 162 bytes (1 switches on core 0)
2026-06-23 01:30:24.449 7 INFO neutron.db.ovn_revision_numbers_db [None req-f9dfa9f6-25d1-4476-b1de-5d5e29cb31e9 - - - - - -] Successfully bumped revision number for resource 0bbf0553-fa3e-4a36-a6af-4c7062050e2e (type: ports) to 2
2026-06-23 01:30:24.509 7 INFO neutron.db.ovn_revision_numbers_db [None req-f9dfa9f6-25d1-4476-b1de-5d5e29cb31e9 - - - - - -] Successfully bumped revision number for resource 00717f81-5b8e-4549-bb1d-23444a983fc8 (type: subnets) to 0
2026-06-23 01:30:24.586 7 WARNING neutron.scheduler.dhcp_agent_scheduler [None req-fb412597-de33-40f2-9229-8b64bb9608c6 0a2d744fe84d4de8af77c92c9529b3b2 7e6563d69de343168356524c7185bdd4 - - default default] No more DHCP agents
2026-06-23 01:30:24.590 7 WARNING neutron.api.rpc.agentnotifiers.dhcp_rpc_agent_api [None req-fb412597-de33-40f2-9229-8b64bb9608c6 0a2d744fe84d4de8af77c92c9529b3b2 7e6563d69de343168356524c7185bdd4 - - default default] Unable to schedule network c3f8d68d-5e2b-4461-8cc0-9c4ad28ecafe: no agents available; will retry on subsequent port and subnet creation events.
2026-06-23 01:30:24.645 8 INFO neutron_taas.services.taas.taas_plugin [None req-22cadb2d-983c-414d-8e52-8c9221ace62f ec8ee87e1f104be9901ea17a228cab14 5c572a9c35264af1a300ace71ad0b32b - - default default] TaaS: Handle Delete Port: 4cf9e767-77f2-42dd-a3b9-9588361fcea0
2026-06-23 01:30:24.648 8 INFO neutron_taas.services.taas.tap_mirror_plugin [None req-22cadb2d-983c-414d-8e52-8c9221ace62f ec8ee87e1f104be9901ea17a228cab14 5c572a9c35264af1a300ace71ad0b32b - - default default] Tap Mirror: Handle Delete Port: 4cf9e767-77f2-42dd-a3b9-9588361fcea0 [pid: 8|app: 0|req: 707/1423] 10.0.0.34 () {34 vars in 787 bytes} [Tue Jun 23 01:30:24 2026] PUT /v2.0/routers/0fa72e17-efac-4626-bcde-d6459052a5d8/remove_router_interface => generated 309 bytes in 953 msecs (HTTP/1.1 200) 4 headers in 157 bytes (1 switches on core 0) /var/lib/openstack/lib/python3.12/site-packages/pycadf/identifier.py:70: UserWarning: Invalid uuid: neutron. To ensure interoperability, identifiers should be a valid uuid. warnings.warn(('Invalid uuid: %s. To ensure interoperability, '
2026-06-23 01:30:25.448 7 INFO neutron.db.ovn_revision_numbers_db [None req-e016dc2b-cf87-4a94-9893-876094a931a8 - - - - - -] Successfully bumped revision number for resource 57d103bb-6e3b-4045-8377-ddb0f5929726 (type: ports) to 2
2026-06-23 01:30:25.506 7 INFO neutron.db.ovn_revision_numbers_db [None req-e016dc2b-cf87-4a94-9893-876094a931a8 - - - - - -] Successfully bumped revision number for resource 90294057-70ea-4d40-b23c-f2b241ccaf9e (type: subnets) to 0 [pid: 7|app: 0|req: 717/1424] 10.0.0.34 () {34 vars in 667 bytes} [Tue Jun 23 01:30:23 2026] POST /v2.0/subnets => generated 1274 bytes in 2005 msecs (HTTP/1.1 201) 4 headers in 163 bytes (1 switches on core 0)
2026-06-23 01:30:25.676 7 INFO neutron.db.ovn_revision_numbers_db [None req-ee611bf2-4694-40e3-806d-dbe3eaefc5ef - - - - - -] Successfully bumped revision number for resource 4ebc1745-c448-442f-9626-07ee03ee9fa2 (type: ports) to 4
2026-06-23 01:30:25.783 8 WARNING neutron.scheduler.dhcp_agent_scheduler [None req-0ea65fb8-032a-4644-96fb-12cb78abfea8 ec8ee87e1f104be9901ea17a228cab14 5c572a9c35264af1a300ace71ad0b32b - - default default] No more DHCP agents
2026-06-23 01:30:25.784 8 WARNING neutron.api.rpc.agentnotifiers.dhcp_rpc_agent_api [None req-0ea65fb8-032a-4644-96fb-12cb78abfea8 ec8ee87e1f104be9901ea17a228cab14 5c572a9c35264af1a300ace71ad0b32b - - default default] Unable to schedule network d7496ad7-d01f-4c21-8ab2-de5b58e327c5: no agents available; will retry on subsequent port and subnet creation events.
2026-06-23 01:30:25.951 8 INFO neutron.db.ovn_revision_numbers_db [None req-0ea65fb8-032a-4644-96fb-12cb78abfea8 ec8ee87e1f104be9901ea17a228cab14 5c572a9c35264af1a300ace71ad0b32b - - default default] Successfully bumped revision number for resource 209346f8-a028-4a9d-ae01-6901e1896fbb (type: ports) to 1
2026-06-23 01:30:26.144 7 INFO neutron_taas.services.taas.taas_plugin [None req-543c5479-2089-4e9d-98d1-ef405c3ad62b ec8ee87e1f104be9901ea17a228cab14 5c572a9c35264af1a300ace71ad0b32b - - default default] TaaS: Handle Delete Port: 00d5f988-52eb-4698-9b30-3ce38f68978c
2026-06-23 01:30:26.151 7 INFO neutron_taas.services.taas.tap_mirror_plugin [None req-543c5479-2089-4e9d-98d1-ef405c3ad62b ec8ee87e1f104be9901ea17a228cab14 5c572a9c35264af1a300ace71ad0b32b - - default default] Tap Mirror: Handle Delete Port: 00d5f988-52eb-4698-9b30-3ce38f68978c
2026-06-23 01:30:26.297 7 INFO neutron.db.ovn_revision_numbers_db [None req-ee611bf2-4694-40e3-806d-dbe3eaefc5ef - - - - - -] Successfully bumped revision number for resource 4ebc1745-c448-442f-9626-07ee03ee9fa2 (type: ports) to 5
2026-06-23 01:30:26.356 8 INFO neutron.plugins.ml2.drivers.ovn.mech_driver.mech_driver [None req-cb26d77a-0d4b-4149-bf7d-acbcc546209a - - - - - -] OVN reports status down for port: 209346f8-a028-4a9d-ae01-6901e1896fbb
2026-06-23 01:30:26.594 8 INFO neutron.plugins.ml2.drivers.ovn.mech_driver.mech_driver [None req-cb26d77a-0d4b-4149-bf7d-acbcc546209a - - - - - -] OVN reports status up for port: 209346f8-a028-4a9d-ae01-6901e1896fbb
2026-06-23 01:30:26.618 8 INFO neutron.plugins.ml2.plugin [None req-cb26d77a-0d4b-4149-bf7d-acbcc546209a - - - - - -] Attempt 1 to provision port 209346f8-a028-4a9d-ae01-6901e1896fbb [pid: 7|app: 0|req: 718/1425] 10.0.0.34 () {32 vars in 722 bytes} [Tue Jun 23 01:30:25 2026] DELETE /v2.0/routers/0fa72e17-efac-4626-bcde-d6459052a5d8 => generated 0 bytes in 1157 msecs (HTTP/1.1 204) 2 headers in 112 bytes (1 switches on core 0)
2026-06-23 01:30:26.778 8 WARNING neutron.scheduler.dhcp_agent_scheduler [None req-0ea65fb8-032a-4644-96fb-12cb78abfea8 ec8ee87e1f104be9901ea17a228cab14 5c572a9c35264af1a300ace71ad0b32b - - default default] No more DHCP agents
2026-06-23 01:30:26.780 8 WARNING neutron.api.rpc.agentnotifiers.dhcp_rpc_agent_api [None req-0ea65fb8-032a-4644-96fb-12cb78abfea8 ec8ee87e1f104be9901ea17a228cab14 5c572a9c35264af1a300ace71ad0b32b - - default default] Unable to schedule network d7496ad7-d01f-4c21-8ab2-de5b58e327c5: no agents available; will retry on subsequent port and subnet creation events.
2026-06-23 01:30:26.963 7 INFO neutron.db.ovn_revision_numbers_db [None req-dc04a2fc-7886-4d26-92fc-99e5d0a2ece4 ec8ee87e1f104be9901ea17a228cab14 5c572a9c35264af1a300ace71ad0b32b - - default default] Successfully bumped revision number for resource a2948a14-d94e-42df-8843-91e4e63df7c0 (type: security_groups) to 1
2026-06-23 01:30:26.974 7 INFO neutron.db.ovn_revision_numbers_db [None req-dc04a2fc-7886-4d26-92fc-99e5d0a2ece4 ec8ee87e1f104be9901ea17a228cab14 5c572a9c35264af1a300ace71ad0b32b - - default default] Successfully bumped revision number for resource 26b6bd2b-be5d-4e39-aae9-4ad7daf57650 (type: security_group_rules) to 0
2026-06-23 01:30:26.983 7 INFO neutron.db.ovn_revision_numbers_db [None req-dc04a2fc-7886-4d26-92fc-99e5d0a2ece4 ec8ee87e1f104be9901ea17a228cab14 5c572a9c35264af1a300ace71ad0b32b - - default default] Successfully bumped revision number for resource ab845b33-3e8f-4b7b-90b4-e3987649e1ce (type: security_group_rules) to 0
2026-06-23 01:30:26.996 7 INFO neutron.db.ovn_revision_numbers_db [None req-dc04a2fc-7886-4d26-92fc-99e5d0a2ece4 ec8ee87e1f104be9901ea17a228cab14 5c572a9c35264af1a300ace71ad0b32b - - default default] Successfully bumped revision number for resource b114b068-a6f6-496d-b9b7-e6c17366ce57 (type: security_group_rules) to 0
2026-06-23 01:30:27.007 7 INFO neutron.db.ovn_revision_numbers_db [None req-dc04a2fc-7886-4d26-92fc-99e5d0a2ece4 ec8ee87e1f104be9901ea17a228cab14 5c572a9c35264af1a300ace71ad0b32b - - default default] Successfully bumped revision number for resource dc7e7035-9047-41a5-b27f-7b888df5801d (type: security_group_rules) to 0 [pid: 7|app: 0|req: 719/1426] 10.0.0.34 () {32 vars in 772 bytes} [Tue Jun 23 01:30:26 2026] GET /v2.0/security-groups?tenant_id=e7f8e26cf7cd4b3e8849a084d54fa534&name=default => generated 2925 bytes in 334 msecs (HTTP/1.1 200) 4 headers in 158 bytes (1 switches on core 0) [pid: 7|app: 0|req: 720/1427] 10.0.0.34 () {32 vars in 645 bytes} [Tue Jun 23 01:30:27 2026] GET /v2.0/subnets => generated 1910 bytes in 34 msecs (HTTP/1.1 200) 4 headers in 158 bytes (1 switches on core 0) [pid: 7|app: 0|req: 721/1428] 10.0.0.34 () {32 vars in 722 bytes} [Tue Jun 23 01:30:27 2026] DELETE /v2.0/subnets/37597317-2a36-44bc-a172-6b2a4433c957 => generated 0 bytes in 142 msecs (HTTP/1.1 204) 3 headers in 131 bytes (1 switches on core 0)
2026-06-23 01:30:27.275 8 INFO neutron.db.ovn_revision_numbers_db [None req-cb26d77a-0d4b-4149-bf7d-acbcc546209a - - - - - -] Successfully bumped revision number for resource 209346f8-a028-4a9d-ae01-6901e1896fbb (type: ports) to 2 [pid: 7|app: 0|req: 722/1429] 10.0.0.34 () {32 vars in 738 bytes} [Tue Jun 23 01:30:27 2026] DELETE /v2.0/security-groups/a2948a14-d94e-42df-8843-91e4e63df7c0 => generated 0 bytes in 202 msecs (HTTP/1.1 204) 2 headers in 112 bytes (1 switches on core 0) [pid: 7|app: 0|req: 723/1430] 10.0.0.34 () {32 vars in 722 bytes} [Tue Jun 23 01:30:27 2026] DELETE /v2.0/subnets/00717f81-5b8e-4549-bb1d-23444a983fc8 => generated 0 bytes in 201 msecs (HTTP/1.1 204) 3 headers in 131 bytes (1 switches on core 0)
2026-06-23 01:30:27.670 8 INFO neutron.db.ovn_revision_numbers_db [None req-0ea65fb8-032a-4644-96fb-12cb78abfea8 ec8ee87e1f104be9901ea17a228cab14 5c572a9c35264af1a300ace71ad0b32b - - default default] Successfully bumped revision number for resource 209346f8-a028-4a9d-ae01-6901e1896fbb (type: router_ports) to 1 [pid: 8|app: 0|req: 708/1431] 10.0.0.34 () {34 vars in 781 bytes} [Tue Jun 23 01:30:25 2026] PUT /v2.0/routers/74e1bbd7-bb0a-4dec-9cc0-26d24d6171ba/add_router_interface => generated 309 bytes in 2394 msecs (HTTP/1.1 200) 4 headers in 157 bytes (1 switches on core 0)
2026-06-23 01:30:27.728 7 INFO neutron_taas.services.taas.taas_plugin [None req-ed933413-e29f-4d38-ad7d-646017bd1279 ec8ee87e1f104be9901ea17a228cab14 5c572a9c35264af1a300ace71ad0b32b - - default default] TaaS: Handle Delete Port: 8e335d41-f72d-466e-9dca-cee91aca4825
2026-06-23 01:30:27.731 7 INFO neutron_taas.services.taas.tap_mirror_plugin [None req-ed933413-e29f-4d38-ad7d-646017bd1279 ec8ee87e1f104be9901ea17a228cab14 5c572a9c35264af1a300ace71ad0b32b - - default default] Tap Mirror: Handle Delete Port: 8e335d41-f72d-466e-9dca-cee91aca4825
2026-06-23 01:30:27.801 8 INFO neutron.db.ovn_revision_numbers_db [None req-80f602b5-7051-4278-85f0-8ad2f07c5d63 ec8ee87e1f104be9901ea17a228cab14 5c572a9c35264af1a300ace71ad0b32b - - default default] Successfully bumped revision number for resource 1e2b149d-e47b-46c7-bcb7-e8b09fa80991 (type: security_groups) to 1
2026-06-23 01:30:27.817 8 INFO neutron.db.ovn_revision_numbers_db [None req-80f602b5-7051-4278-85f0-8ad2f07c5d63 ec8ee87e1f104be9901ea17a228cab14 5c572a9c35264af1a300ace71ad0b32b - - default default] Successfully bumped revision number for resource 323af78f-aa70-4b4f-8f43-12c241618803 (type: security_group_rules) to 0
2026-06-23 01:30:27.849 8 INFO neutron.db.ovn_revision_numbers_db [None req-80f602b5-7051-4278-85f0-8ad2f07c5d63 ec8ee87e1f104be9901ea17a228cab14 5c572a9c35264af1a300ace71ad0b32b - - default default] Successfully bumped revision number for resource 9efd9f31-1c26-44bb-9ef5-7e139d0b69de (type: security_group_rules) to 0
2026-06-23 01:30:27.862 8 INFO neutron.db.ovn_revision_numbers_db [None req-80f602b5-7051-4278-85f0-8ad2f07c5d63 ec8ee87e1f104be9901ea17a228cab14 5c572a9c35264af1a300ace71ad0b32b - - default default] Successfully bumped revision number for resource cc3f196e-80ba-4bd7-a1f9-2a3e9008b7c1 (type: security_group_rules) to 0
2026-06-23 01:30:27.879 8 INFO neutron.db.ovn_revision_numbers_db [None req-80f602b5-7051-4278-85f0-8ad2f07c5d63 ec8ee87e1f104be9901ea17a228cab14 5c572a9c35264af1a300ace71ad0b32b - - default default] Successfully bumped revision number for resource dfbb685c-eeab-4180-ac93-e3790fee0b83 (type: security_group_rules) to 0
2026-06-23 01:30:27.926 7 INFO neutron.services.segments.plugin [-] Segment 8c7978e3-f5ce-449a-bc7b-5daa9f26c10a resource provider aggregate not found [pid: 8|app: 0|req: 709/1432] 10.0.0.34 () {32 vars in 772 bytes} [Tue Jun 23 01:30:27 2026] GET /v2.0/security-groups?tenant_id=15b561478d3443bda8a5f95694945221&name=default => generated 2925 bytes in 254 msecs (HTTP/1.1 200) 4 headers in 158 bytes (1 switches on core 0)
2026-06-23 01:30:27.931 7 INFO neutron.services.segments.plugin [-] Segment 8c7978e3-f5ce-449a-bc7b-5daa9f26c10a resource provider aggregate not found
2026-06-23 01:30:27.948 7 INFO neutron.services.segments.plugin [-] Segment 8c7978e3-f5ce-449a-bc7b-5daa9f26c10a resource provider not found; error: Placement Client Error (4xx): {"errors": [{"status": 404, "title": "Not Found", "detail": "The resource could not be found.\n\n No resource provider with uuid 8c7978e3-f5ce-449a-bc7b-5daa9f26c10a found for delete ", "request_id": "req-352e220a-20ca-4075-b45c-c4a38f79fbb9"}]}
2026-06-23 01:30:27.950 7 INFO neutron.services.segments.plugin [-] Segment 8c7978e3-f5ce-449a-bc7b-5daa9f26c10a resource provider not found; error: Placement Client Error (4xx): {"errors": [{"status": 404, "title": "Not Found", "detail": "The resource could not be found.\n\n No resource provider with uuid 8c7978e3-f5ce-449a-bc7b-5daa9f26c10a found for delete ", "request_id": "req-06228533-1493-429e-8abc-06ea005aac72"}]} [pid: 7|app: 0|req: 724/1433] 10.0.0.34 () {32 vars in 724 bytes} [Tue Jun 23 01:30:27 2026] DELETE /v2.0/networks/6ef5042b-cb9e-410e-90e0-b8d60e6386ff => generated 0 bytes in 354 msecs (HTTP/1.1 204) 3 headers in 131 bytes (1 switches on core 0) [pid: 8|app: 0|req: 710/1434] 10.0.0.34 () {32 vars in 722 bytes} [Tue Jun 23 01:30:27 2026] DELETE /v2.0/subnets/90294057-70ea-4d40-b23c-f2b241ccaf9e => generated 0 bytes in 179 msecs (HTTP/1.1 204) 3 headers in 131 bytes (1 switches on core 0) [pid: 8|app: 0|req: 711/1435] 10.0.0.34 () {32 vars in 645 bytes} [Tue Jun 23 01:30:28 2026] GET /v2.0/subnets => generated 649 bytes in 27 msecs (HTTP/1.1 200) 4 headers in 157 bytes (1 switches on core 0) [pid: 8|app: 0|req: 712/1436] 10.0.0.34 () {32 vars in 772 bytes} [Tue Jun 23 01:30:28 2026] GET /v2.0/security-groups?tenant_id=919d2ab91d684934bc30a77ed13f374c&name=default => generated 2925 bytes in 29 msecs (HTTP/1.1 200) 4 headers in 158 bytes (1 switches on core 0) [pid: 7|app: 0|req: 725/1437] 10.0.0.34 () {32 vars in 738 bytes} [Tue Jun 23 01:30:27 2026] DELETE /v2.0/security-groups/1e2b149d-e47b-46c7-bcb7-e8b09fa80991 => generated 0 bytes in 218 msecs (HTTP/1.1 204) 2 headers in 112 bytes (1 switches on core 0)
2026-06-23 01:30:28.271 8 INFO neutron_taas.services.taas.taas_plugin [None req-bc32c900-67bb-44b2-b51c-d89ec94b9ecc 0a2d744fe84d4de8af77c92c9529b3b2 7e6563d69de343168356524c7185bdd4 - - default default] TaaS: Handle Delete Port: 57d103bb-6e3b-4045-8377-ddb0f5929726
2026-06-23 01:30:28.274 8 INFO neutron_taas.services.taas.tap_mirror_plugin [None req-bc32c900-67bb-44b2-b51c-d89ec94b9ecc 0a2d744fe84d4de8af77c92c9529b3b2 7e6563d69de343168356524c7185bdd4 - - default default] Tap Mirror: Handle Delete Port: 57d103bb-6e3b-4045-8377-ddb0f5929726 [pid: 7|app: 0|req: 726/1438] 10.0.0.34 () {32 vars in 738 bytes} [Tue Jun 23 01:30:28 2026] DELETE /v2.0/security-groups/cd9e451b-5fc7-49b2-a491-f57290d04c95 => generated 0 bytes in 231 msecs (HTTP/1.1 204) 2 headers in 112 bytes (1 switches on core 0)
2026-06-23 01:30:28.450 8 INFO neutron.services.segments.plugin [-] Segment 087a7e74-bece-47b3-b730-f521bd4c8206 resource provider aggregate not found
2026-06-23 01:30:28.457 8 INFO neutron.services.segments.plugin [-] Segment 087a7e74-bece-47b3-b730-f521bd4c8206 resource provider aggregate not found
2026-06-23 01:30:28.471 8 INFO neutron.services.segments.plugin [-] Segment 087a7e74-bece-47b3-b730-f521bd4c8206 resource provider not found; error: Placement Client Error (4xx): {"errors": [{"status": 404, "title": "Not Found", "detail": "The resource could not be found.\n\n No resource provider with uuid 087a7e74-bece-47b3-b730-f521bd4c8206 found for delete ", "request_id": "req-faec5249-a8fb-4eeb-83a8-a9e98069ef9a"}]}
2026-06-23 01:30:28.484 8 INFO neutron.services.segments.plugin [-] Segment 087a7e74-bece-47b3-b730-f521bd4c8206 resource provider not found; error: Placement Client Error (4xx): {"errors": [{"status": 404, "title": "Not Found", "detail": "The resource could not be found.\n\n No resource provider with uuid 087a7e74-bece-47b3-b730-f521bd4c8206 found for delete ", "request_id": "req-50ca275e-4b12-48a6-a7ac-62c9d14966b2"}]} [pid: 8|app: 0|req: 713/1439] 10.0.0.34 () {32 vars in 724 bytes} [Tue Jun 23 01:30:28 2026] DELETE /v2.0/networks/c3f8d68d-5e2b-4461-8cc0-9c4ad28ecafe => generated 0 bytes in 334 msecs (HTTP/1.1 204) 3 headers in 131 bytes (1 switches on core 0)
2026-06-23 01:30:28.630 7 INFO neutron_taas.services.taas.taas_plugin [None req-13d349c9-720e-4267-bf59-c656447f803b 0a2d744fe84d4de8af77c92c9529b3b2 7e6563d69de343168356524c7185bdd4 - - default default] TaaS: Handle Delete Port: 0bbf0553-fa3e-4a36-a6af-4c7062050e2e
2026-06-23 01:30:28.633 7 INFO neutron_taas.services.taas.tap_mirror_plugin [None req-13d349c9-720e-4267-bf59-c656447f803b 0a2d744fe84d4de8af77c92c9529b3b2 7e6563d69de343168356524c7185bdd4 - - default default] Tap Mirror: Handle Delete Port: 0bbf0553-fa3e-4a36-a6af-4c7062050e2e [pid: 8|app: 0|req: 714/1440] 10.0.0.118 () {34 vars in 981 bytes} [Tue Jun 23 01:30:28 2026] GET /v2.0/networks?id=d7496ad7-d01f-4c21-8ab2-de5b58e327c5 => generated 715 bytes in 45 msecs (HTTP/1.1 200) 4 headers in 157 bytes (1 switches on core 0) [pid: 8|app: 0|req: 715/1441] 10.0.0.118 () {34 vars in 964 bytes} [Tue Jun 23 01:30:28 2026] GET /v2.0/quotas/233db74e5bf24ba0b5a47489b5821968 => generated 292 bytes in 8 msecs (HTTP/1.1 200) 4 headers in 157 bytes (1 switches on core 0) [pid: 8|app: 0|req: 716/1442] 10.0.0.118 () {34 vars in 1001 bytes} [Tue Jun 23 01:30:28 2026] GET /v2.0/ports?tenant_id=233db74e5bf24ba0b5a47489b5821968&fields=id => generated 103 bytes in 66 msecs (HTTP/1.1 200) 4 headers in 157 bytes (1 switches on core 0) [pid: 7|app: 0|req: 727/1443] 10.0.0.34 () {32 vars in 724 bytes} [Tue Jun 23 01:30:28 2026] DELETE /v2.0/networks/ec810a69-c647-4e8d-9e46-f9c87e310895 => generated 0 bytes in 370 msecs (HTTP/1.1 204) 3 headers in 131 bytes (1 switches on core 0) [pid: 8|app: 0|req: 717/1444] 10.0.0.118 () {34 vars in 1007 bytes} [Tue Jun 23 01:30:28 2026] GET /v2.0/networks/d7496ad7-d01f-4c21-8ab2-de5b58e327c5?fields=segments => generated 14 bytes in 68 msecs (HTTP/1.1 200) 4 headers in 156 bytes (1 switches on core 0)
2026-06-23 01:30:28.978 7 INFO neutron_taas.services.taas.taas_plugin [None req-3e235eef-f5e8-44ca-b5e7-a7c00a83d510 0a2d744fe84d4de8af77c92c9529b3b2 7e6563d69de343168356524c7185bdd4 - - default default] TaaS: Handle Delete Port: 6a5a66d1-b59e-47df-a27a-0b62ab7de3b7
2026-06-23 01:30:28.980 7 INFO neutron_taas.services.taas.tap_mirror_plugin [None req-3e235eef-f5e8-44ca-b5e7-a7c00a83d510 0a2d744fe84d4de8af77c92c9529b3b2 7e6563d69de343168356524c7185bdd4 - - default default] Tap Mirror: Handle Delete Port: 6a5a66d1-b59e-47df-a27a-0b62ab7de3b7 [pid: 8|app: 0|req: 718/1445] 10.0.0.118 () {34 vars in 1107 bytes} [Tue Jun 23 01:30:28 2026] GET /v2.0/networks/d7496ad7-d01f-4c21-8ab2-de5b58e327c5?fields=provider%3Aphysical_network&fields=provider%3Anetwork_type => generated 79 bytes in 50 msecs (HTTP/1.1 200) 4 headers in 156 bytes (1 switches on core 0) [pid: 7|app: 0|req: 728/1446] 10.0.0.34 () {32 vars in 724 bytes} [Tue Jun 23 01:30:28 2026] DELETE /v2.0/networks/78be8ef1-4376-4418-b4c0-eccd0d3b98e1 => generated 0 bytes in 264 msecs (HTTP/1.1 204) 3 headers in 131 bytes (1 switches on core 0) [pid: 8|app: 0|req: 719/1447] 10.0.0.118 () {34 vars in 989 bytes} [Tue Jun 23 01:30:29 2026] GET /v2.0/ports?device_id=8345eca6-fd06-4dad-a172-4a5efedff093 => generated 12 bytes in 20 msecs (HTTP/1.1 200) 4 headers in 156 bytes (1 switches on core 0)
2026-06-23 01:30:29.242 7 INFO neutron_taas.services.taas.taas_plugin [None req-59764ec3-1c56-4643-9661-d8dc726c2656 0a2d744fe84d4de8af77c92c9529b3b2 7e6563d69de343168356524c7185bdd4 - - default default] TaaS: Handle Delete Port: 6d728213-90fc-41c9-8f92-d827c9c2a039
2026-06-23 01:30:29.243 7 INFO neutron_taas.services.taas.tap_mirror_plugin [None req-59764ec3-1c56-4643-9661-d8dc726c2656 0a2d744fe84d4de8af77c92c9529b3b2 7e6563d69de343168356524c7185bdd4 - - default default] Tap Mirror: Handle Delete Port: 6d728213-90fc-41c9-8f92-d827c9c2a039 [pid: 7|app: 0|req: 729/1448] 10.0.0.34 () {32 vars in 724 bytes} [Tue Jun 23 01:30:29 2026] DELETE /v2.0/networks/40f7106c-8b7c-4590-8292-62ac65aa2576 => generated 0 bytes in 274 msecs (HTTP/1.1 204) 3 headers in 131 bytes (1 switches on core 0)
2026-06-23 01:30:29.970 7 INFO neutron.services.segments.plugin [-] Segment a7561626-437b-4f9c-afd7-51adea3b6d5c resource provider aggregate not found
2026-06-23 01:30:29.976 7 INFO neutron.services.segments.plugin [-] Segment a7561626-437b-4f9c-afd7-51adea3b6d5c resource provider aggregate not found
2026-06-23 01:30:29.989 7 INFO neutron.services.segments.plugin [-] Segment a7561626-437b-4f9c-afd7-51adea3b6d5c resource provider not found; error: Placement Client Error (4xx): {"errors": [{"status": 404, "title": "Not Found", "detail": "The resource could not be found.\n\n No resource provider with uuid a7561626-437b-4f9c-afd7-51adea3b6d5c found for delete ", "request_id": "req-36792da9-f1a4-4190-8877-4370d1b31490"}]}
2026-06-23 01:30:29.992 7 INFO neutron.services.segments.plugin [-] Segment a7561626-437b-4f9c-afd7-51adea3b6d5c resource provider not found; error: Placement Client Error (4xx): {"errors": [{"status": 404, "title": "Not Found", "detail": "The resource could not be found.\n\n No resource provider with uuid a7561626-437b-4f9c-afd7-51adea3b6d5c found for delete ", "request_id": "req-41b1ec62-7927-4e2d-a1ab-32f0c694a050"}]}
2026-06-23 01:30:30.004 7 INFO neutron.services.segments.plugin [-] Segment a429ab72-98c9-403b-9379-2670dc2120c6 resource provider aggregate not found
2026-06-23 01:30:30.007 7 INFO neutron.services.segments.plugin [-] Segment a429ab72-98c9-403b-9379-2670dc2120c6 resource provider aggregate not found
2026-06-23 01:30:30.018 7 INFO neutron.services.segments.plugin [-] Segment a429ab72-98c9-403b-9379-2670dc2120c6 resource provider not found; error: Placement Client Error (4xx): {"errors": [{"status": 404, "title": "Not Found", "detail": "The resource could not be found.\n\n No resource provider with uuid a429ab72-98c9-403b-9379-2670dc2120c6 found for delete ", "request_id": "req-84312f9a-8b33-4393-802d-66528e65fe1f"}]}
2026-06-23 01:30:30.021 7 INFO neutron.services.segments.plugin [-] Segment a429ab72-98c9-403b-9379-2670dc2120c6 resource provider not found; error: Placement Client Error (4xx): {"errors": [{"status": 404, "title": "Not Found", "detail": "The resource could not be found.\n\n No resource provider with uuid a429ab72-98c9-403b-9379-2670dc2120c6 found for delete ", "request_id": "req-29cc55da-acd4-4b6e-9ed1-b080cfbeb953"}]}
2026-06-23 01:30:30.039 7 INFO neutron.services.segments.plugin [-] Segment e581dc21-3956-4367-b4f2-75981a31feda resource provider aggregate not found
2026-06-23 01:30:30.040 7 INFO neutron.services.segments.plugin [-] Segment e581dc21-3956-4367-b4f2-75981a31feda resource provider aggregate not found [pid: 8|app: 0|req: 720/1449] 10.0.0.34 () {32 vars in 772 bytes} [Tue Jun 23 01:30:29 2026] GET /v2.0/security-groups?tenant_id=7e6563d69de343168356524c7185bdd4&name=default => generated 2925 bytes in 245 msecs (HTTP/1.1 200) 4 headers in 158 bytes (1 switches on core 0)
2026-06-23 01:30:30.052 7 INFO neutron.services.segments.plugin [-] Segment e581dc21-3956-4367-b4f2-75981a31feda resource provider not found; error: Placement Client Error (4xx): {"errors": [{"status": 404, "title": "Not Found", "detail": "The resource could not be found.\n\n No resource provider with uuid e581dc21-3956-4367-b4f2-75981a31feda found for delete ", "request_id": "req-57232470-0c29-4462-a5c8-5694be397ae7"}]}
2026-06-23 01:30:30.056 7 INFO neutron.services.segments.plugin [-] Segment e581dc21-3956-4367-b4f2-75981a31feda resource provider not found; error: Placement Client Error (4xx): {"errors": [{"status": 404, "title": "Not Found", "detail": "The resource could not be found.\n\n No resource provider with uuid e581dc21-3956-4367-b4f2-75981a31feda found for delete ", "request_id": "req-00b6de1b-9086-47d8-b594-d1c332059417"}]} [pid: 8|app: 0|req: 721/1450] 10.0.0.118 () {34 vars in 989 bytes} [Tue Jun 23 01:30:30 2026] GET /v2.0/ports?device_id=8345eca6-fd06-4dad-a172-4a5efedff093 => generated 12 bytes in 18 msecs (HTTP/1.1 200) 4 headers in 156 bytes (1 switches on core 0) [pid: 7|app: 0|req: 730/1451] 10.0.0.34 () {32 vars in 738 bytes} [Tue Jun 23 01:30:30 2026] DELETE /v2.0/security-groups/e8680c2e-c12b-4e1e-ab29-9dfb12acbdb6 => generated 0 bytes in 249 msecs (HTTP/1.1 204) 2 headers in 112 bytes (1 switches on core 0) [pid: 8|app: 0|req: 722/1452] 10.0.0.118 () {34 vars in 989 bytes} [Tue Jun 23 01:30:31 2026] GET /v2.0/ports?device_id=8345eca6-fd06-4dad-a172-4a5efedff093 => generated 12 bytes in 21 msecs (HTTP/1.1 200) 4 headers in 156 bytes (1 switches on core 0)
2026-06-23 01:30:32.113 7 INFO neutron.db.ovn_revision_numbers_db [None req-62c01c6e-5be2-4f3a-aa97-032f3e7b8a00 ec8ee87e1f104be9901ea17a228cab14 5c572a9c35264af1a300ace71ad0b32b - - default default] Successfully bumped revision number for resource 40355577-231b-4de1-ba63-aa8cfebef5c1 (type: security_groups) to 1
2026-06-23 01:30:32.123 7 INFO neutron.db.ovn_revision_numbers_db [None req-62c01c6e-5be2-4f3a-aa97-032f3e7b8a00 ec8ee87e1f104be9901ea17a228cab14 5c572a9c35264af1a300ace71ad0b32b - - default default] Successfully bumped revision number for resource 07a22f2f-c625-4328-b89a-e6d8a7c3c407 (type: security_group_rules) to 0
2026-06-23 01:30:32.133 7 INFO neutron.db.ovn_revision_numbers_db [None req-62c01c6e-5be2-4f3a-aa97-032f3e7b8a00 ec8ee87e1f104be9901ea17a228cab14 5c572a9c35264af1a300ace71ad0b32b - - default default] Successfully bumped revision number for resource 4ad1ab8f-1ace-49eb-a322-0849b6ea2b38 (type: security_group_rules) to 0
2026-06-23 01:30:32.142 7 INFO neutron.db.ovn_revision_numbers_db [None req-62c01c6e-5be2-4f3a-aa97-032f3e7b8a00 ec8ee87e1f104be9901ea17a228cab14 5c572a9c35264af1a300ace71ad0b32b - - default default] Successfully bumped revision number for resource a09221df-c5dc-420b-8760-eacd5ed4d07d (type: security_group_rules) to 0
2026-06-23 01:30:32.151 7 INFO neutron.db.ovn_revision_numbers_db [None req-62c01c6e-5be2-4f3a-aa97-032f3e7b8a00 ec8ee87e1f104be9901ea17a228cab14 5c572a9c35264af1a300ace71ad0b32b - - default default] Successfully bumped revision number for resource beaed065-3c69-4caf-8eea-c940d9e24687 (type: security_group_rules) to 0
2026-06-23 01:30:32.176 8 WARNING neutron.plugins.ml2.drivers.ovn.mech_driver.ovsdb.ovn_client [None req-5bff02ba-38f7-4a93-819f-ebd14e02dc67 - - - - - -] No hosting information found for port 209346f8-a028-4a9d-ae01-6901e1896fbb: RuntimeError: No hosting information found for port 209346f8-a028-4a9d-ae01-6901e1896fbb [pid: 7|app: 0|req: 731/1453] 10.0.0.34 () {32 vars in 772 bytes} [Tue Jun 23 01:30:31 2026] GET /v2.0/security-groups?tenant_id=2f2e0247ad4c47b7981966341652f162&name=default => generated 2925 bytes in 368 msecs (HTTP/1.1 200) 4 headers in 158 bytes (1 switches on core 0)
2026-06-23 01:30:32.324 8 INFO neutron.db.ovn_revision_numbers_db [None req-5bff02ba-38f7-4a93-819f-ebd14e02dc67 - - - - - -] Successfully bumped revision number for resource 209346f8-a028-4a9d-ae01-6901e1896fbb (type: router_ports) to 2 [pid: 7|app: 0|req: 732/1454] 10.0.0.34 () {32 vars in 738 bytes} [Tue Jun 23 01:30:32 2026] DELETE /v2.0/security-groups/40355577-231b-4de1-ba63-aa8cfebef5c1 => generated 0 bytes in 209 msecs (HTTP/1.1 204) 2 headers in 112 bytes (1 switches on core 0)
2026-06-23 01:30:32.405 8 INFO neutron.db.ovn_revision_numbers_db [None req-a4d1ef8d-aebd-4fa0-90ae-2ab61e85a305 cd08b6c3753048d8888a73653071d9f7 a24f708274bb4e3990f5f84838ab9b39 - - default default] Successfully bumped revision number for resource 6fe1fd6f-cd9d-43aa-a26d-7480fd2c8681 (type: security_groups) to 1
2026-06-23 01:30:32.420 8 INFO neutron.db.ovn_revision_numbers_db [None req-a4d1ef8d-aebd-4fa0-90ae-2ab61e85a305 cd08b6c3753048d8888a73653071d9f7 a24f708274bb4e3990f5f84838ab9b39 - - default default] Successfully bumped revision number for resource 025691e5-abdb-45d0-8ad0-e67b51b4f490 (type: security_group_rules) to 0
2026-06-23 01:30:32.430 8 INFO neutron.db.ovn_revision_numbers_db [None req-a4d1ef8d-aebd-4fa0-90ae-2ab61e85a305 cd08b6c3753048d8888a73653071d9f7 a24f708274bb4e3990f5f84838ab9b39 - - default default] Successfully bumped revision number for resource 6c7a363d-dc49-4131-92c9-bfc27df2151e (type: security_group_rules) to 0
2026-06-23 01:30:32.441 8 INFO neutron.db.ovn_revision_numbers_db [None req-a4d1ef8d-aebd-4fa0-90ae-2ab61e85a305 cd08b6c3753048d8888a73653071d9f7 a24f708274bb4e3990f5f84838ab9b39 - - default default] Successfully bumped revision number for resource 7e024cfe-c4c2-4ecf-8708-f55b71f0ae8c (type: security_group_rules) to 0 [pid: 7|app: 0|req: 733/1455] 10.0.0.118 () {34 vars in 989 bytes} [Tue Jun 23 01:30:32 2026] GET /v2.0/ports?device_id=8345eca6-fd06-4dad-a172-4a5efedff093 => generated 12 bytes in 24 msecs (HTTP/1.1 200) 4 headers in 156 bytes (1 switches on core 0)
2026-06-23 01:30:32.455 8 INFO neutron.db.ovn_revision_numbers_db [None req-a4d1ef8d-aebd-4fa0-90ae-2ab61e85a305 cd08b6c3753048d8888a73653071d9f7 a24f708274bb4e3990f5f84838ab9b39 - - default default] Successfully bumped revision number for resource 87138125-f7dc-4b3b-89bd-f07e65116f14 (type: security_group_rules) to 0
2026-06-23 01:30:32.533 8 INFO neutron.db.segments_db [None req-a4d1ef8d-aebd-4fa0-90ae-2ab61e85a305 cd08b6c3753048d8888a73653071d9f7 a24f708274bb4e3990f5f84838ab9b39 - - default default] Added segment 01e81e33-1708-4285-8adc-764576b862ff of type geneve for network cbf95e4a-f226-482a-a6e3-250f99373156
2026-06-23 01:30:32.625 8 INFO neutron.db.ovn_revision_numbers_db [None req-a4d1ef8d-aebd-4fa0-90ae-2ab61e85a305 cd08b6c3753048d8888a73653071d9f7 a24f708274bb4e3990f5f84838ab9b39 - - default default] Successfully bumped revision number for resource cbf95e4a-f226-482a-a6e3-250f99373156 (type: networks) to 1
2026-06-23 01:30:32.760 7 INFO neutron.db.ovn_revision_numbers_db [None req-a6d98815-b83b-4239-902c-704d5c47e12d fe59557b2cfe40c8bdc1762c17893130 4609676bee7248d6929183c88b706fef - - default default] Successfully bumped revision number for resource 52d2bb49-53ca-41fe-a005-2bd804c996ad (type: routers) to 1 [pid: 7|app: 0|req: 734/1456] 10.0.0.34 () {34 vars in 666 bytes} [Tue Jun 23 01:30:32 2026] POST /v2.0/routers => generated 570 bytes in 192 msecs (HTTP/1.1 201) 4 headers in 162 bytes (1 switches on core 0)
2026-06-23 01:30:32.777 8 WARNING neutron.scheduler.dhcp_agent_scheduler [None req-a4d1ef8d-aebd-4fa0-90ae-2ab61e85a305 cd08b6c3753048d8888a73653071d9f7 a24f708274bb4e3990f5f84838ab9b39 - - default default] No more DHCP agents
2026-06-23 01:30:32.779 8 WARNING neutron.api.rpc.agentnotifiers.dhcp_rpc_agent_api [None req-a4d1ef8d-aebd-4fa0-90ae-2ab61e85a305 cd08b6c3753048d8888a73653071d9f7 a24f708274bb4e3990f5f84838ab9b39 - - default default] Unable to schedule network cbf95e4a-f226-482a-a6e3-250f99373156: no agents available; will retry on subsequent port and subnet creation events.
2026-06-23 01:30:32.860 8 INFO neutron.db.ovn_revision_numbers_db [None req-a4d1ef8d-aebd-4fa0-90ae-2ab61e85a305 cd08b6c3753048d8888a73653071d9f7 a24f708274bb4e3990f5f84838ab9b39 - - default default] Successfully bumped revision number for resource d3d7c03f-d715-4a35-8f50-d25789a958a2 (type: ports) to 1
2026-06-23 01:30:32.872 7 INFO neutron.plugins.ml2.drivers.ovn.mech_driver.mech_driver [None req-1e29b0cb-4d0c-43f5-ae03-2e8d9f247363 - - - - - -] OVN reports status down for port: d3d7c03f-d715-4a35-8f50-d25789a958a2 [pid: 8|app: 0|req: 723/1457] 10.0.0.34 () {34 vars in 668 bytes} [Tue Jun 23 01:30:32 2026] POST /v2.0/networks => generated 662 bytes in 749 msecs (HTTP/1.1 201) 4 headers in 162 bytes (1 switches on core 0)
2026-06-23 01:30:32.958 7 INFO neutron.db.ovn_revision_numbers_db [None req-131e4e38-0823-4043-abc7-25d07cea5b52 fe59557b2cfe40c8bdc1762c17893130 4609676bee7248d6929183c88b706fef - - default default] Successfully bumped revision number for resource 703247c1-5645-4cc4-b615-72db448cf52e (type: routers) to 1 [pid: 7|app: 0|req: 735/1458] 10.0.0.34 () {34 vars in 666 bytes} [Tue Jun 23 01:30:32 2026] POST /v2.0/routers => generated 570 bytes in 200 msecs (HTTP/1.1 201) 4 headers in 162 bytes (1 switches on core 0)
2026-06-23 01:30:33.102 8 WARNING neutron.scheduler.dhcp_agent_scheduler [None req-93e66c88-39fe-409b-94c6-31986ed55e3b cd08b6c3753048d8888a73653071d9f7 a24f708274bb4e3990f5f84838ab9b39 - - default default] No more DHCP agents
2026-06-23 01:30:33.103 8 WARNING neutron.api.rpc.agentnotifiers.dhcp_rpc_agent_api [None req-93e66c88-39fe-409b-94c6-31986ed55e3b cd08b6c3753048d8888a73653071d9f7 a24f708274bb4e3990f5f84838ab9b39 - - default default] Unable to schedule network cbf95e4a-f226-482a-a6e3-250f99373156: no agents available; will retry on subsequent port and subnet creation events.
2026-06-23 01:30:33.125 7 INFO neutron.db.ovn_revision_numbers_db [None req-841cd913-be19-41b2-b0e7-028ecb295dbd fe59557b2cfe40c8bdc1762c17893130 4609676bee7248d6929183c88b706fef - - default default] Successfully bumped revision number for resource 12a0e47a-5f8a-4026-b181-c4498525b9f9 (type: routers) to 1 [pid: 7|app: 0|req: 736/1459] 10.0.0.34 () {34 vars in 666 bytes} [Tue Jun 23 01:30:32 2026] POST /v2.0/routers => generated 570 bytes in 143 msecs (HTTP/1.1 201) 4 headers in 162 bytes (1 switches on core 0)
2026-06-23 01:30:33.242 7 INFO neutron.db.ovn_revision_numbers_db [None req-52f40f39-e551-47e5-9db4-55d647568a1b fe59557b2cfe40c8bdc1762c17893130 4609676bee7248d6929183c88b706fef - - default default] Successfully bumped revision number for resource 80bb678f-9ecd-4ca1-89a9-fc77c22d32e3 (type: routers) to 1 [pid: 7|app: 0|req: 737/1460] 10.0.0.34 () {34 vars in 666 bytes} [Tue Jun 23 01:30:33 2026] POST /v2.0/routers => generated 570 bytes in 111 msecs (HTTP/1.1 201) 4 headers in 162 bytes (1 switches on core 0)
2026-06-23 01:30:33.360 7 INFO neutron.db.ovn_revision_numbers_db [None req-79a15382-1ab7-4e94-a561-1c402fa05660 fe59557b2cfe40c8bdc1762c17893130 4609676bee7248d6929183c88b706fef - - default default] Successfully bumped revision number for resource 0b2a5786-8253-442e-98eb-6bfdd0884743 (type: routers) to 1 [pid: 7|app: 0|req: 738/1461] 10.0.0.34 () {34 vars in 666 bytes} [Tue Jun 23 01:30:33 2026] POST /v2.0/routers => generated 570 bytes in 111 msecs (HTTP/1.1 201) 4 headers in 162 bytes (1 switches on core 0) [pid: 7|app: 0|req: 739/1462] 199.204.45.132 () {34 vars in 985 bytes} [Tue Jun 23 01:30:33 2026] GET /v2.0/networks?id=d7496ad7-d01f-4c21-8ab2-de5b58e327c5 => generated 715 bytes in 32 msecs (HTTP/1.1 200) 4 headers in 157 bytes (1 switches on core 0) [pid: 7|app: 0|req: 740/1463] 10.0.0.34 () {34 vars in 749 bytes} [Tue Jun 23 01:30:33 2026] PUT /v2.0/routers/52d2bb49-53ca-41fe-a005-2bd804c996ad/tags => generated 17 bytes in 83 msecs (HTTP/1.1 200) 4 headers in 156 bytes (1 switches on core 0)
2026-06-23 01:30:33.577 8 INFO neutron.db.ovn_revision_numbers_db [None req-76fd4473-a670-4d7d-9fc0-b7a435cdf14e - - - - - -] Successfully bumped revision number for resource d3d7c03f-d715-4a35-8f50-d25789a958a2 (type: ports) to 2
