2026-06-23 01:31:14.788 8 INFO neutron.db.segments_db [None req-72edab8f-b337-434b-a78e-218aaf520516 925947ca67d44aa39f89734f46b12cfe d3be9036d65a45b1b20ed8e5b83e16bb - - default default] Added segment 83fa8959-8639-4146-af13-dc1d68d3eadb of type geneve for network 677fe077-95c4-46ea-945d-0d26b8e545ca
2026-06-23 01:31:14.861 8 WARNING neutron.plugins.ml2.drivers.ovn.mech_driver.ovsdb.ovn_client [None req-6d399a93-5768-46f1-ae7e-ebd7591e03fb - - - - - -] No port found with ID d81f24c4-2c24-4bde-8bc2-936b200e438a: RuntimeError: No port found with ID d81f24c4-2c24-4bde-8bc2-936b200e438a
2026-06-23 01:31:14.871 8 INFO neutron.plugins.ml2.drivers.ovn.mech_driver.mech_driver [None req-6d399a93-5768-46f1-ae7e-ebd7591e03fb - - - - - -] OVN reports status down for port: e3d99ebf-b894-4192-a835-623531fd9733
2026-06-23 01:31:14.939 8 INFO neutron.db.ovn_revision_numbers_db [None req-72edab8f-b337-434b-a78e-218aaf520516 925947ca67d44aa39f89734f46b12cfe d3be9036d65a45b1b20ed8e5b83e16bb - - default default] Successfully bumped revision number for resource 2cd1707e-356a-4598-a4fb-69e4a0ca1887 (type: networks) to 1
2026-06-23 01:31:14.994 8 INFO neutron.plugins.ml2.drivers.ovn.mech_driver.mech_driver [None req-6d399a93-5768-46f1-ae7e-ebd7591e03fb - - - - - -] OVN reports status down for port: efdfb66e-a2b0-4f3c-843b-6d17b28486b3
2026-06-23 01:31:15.142 8 WARNING neutron.scheduler.dhcp_agent_scheduler [None req-72edab8f-b337-434b-a78e-218aaf520516 925947ca67d44aa39f89734f46b12cfe d3be9036d65a45b1b20ed8e5b83e16bb - - default default] No more DHCP agents
2026-06-23 01:31:15.144 8 WARNING neutron.api.rpc.agentnotifiers.dhcp_rpc_agent_api [None req-72edab8f-b337-434b-a78e-218aaf520516 925947ca67d44aa39f89734f46b12cfe d3be9036d65a45b1b20ed8e5b83e16bb - - default default] Unable to schedule network 2cd1707e-356a-4598-a4fb-69e4a0ca1887: no agents available; will retry on subsequent port and subnet creation events.
2026-06-23 01:31:15.190 8 INFO neutron.plugins.ml2.drivers.ovn.mech_driver.mech_driver [None req-6d399a93-5768-46f1-ae7e-ebd7591e03fb - - - - - -] OVN reports status down for port: 6dc55bfa-78e0-4a23-a0ee-f2003303185f
2026-06-23 01:31:15.274 8 INFO neutron.db.ovn_revision_numbers_db [None req-72edab8f-b337-434b-a78e-218aaf520516 925947ca67d44aa39f89734f46b12cfe d3be9036d65a45b1b20ed8e5b83e16bb - - default default] Successfully bumped revision number for resource 6dc55bfa-78e0-4a23-a0ee-f2003303185f (type: ports) to 1
2026-06-23 01:31:15.310 7 WARNING neutron.scheduler.dhcp_agent_scheduler [None req-7877b22c-8714-45ff-96a9-bccb1f20bc18 19ca3a273fc24d389faecf1608c9bf53 c40d6ae686a4473a97b381d29bc035cc - - default default] No more DHCP agents
2026-06-23 01:31:15.311 7 WARNING neutron.api.rpc.agentnotifiers.dhcp_rpc_agent_api [None req-7877b22c-8714-45ff-96a9-bccb1f20bc18 19ca3a273fc24d389faecf1608c9bf53 c40d6ae686a4473a97b381d29bc035cc - - default default] Unable to schedule network 89feaab8-8dd4-4950-9e45-eb773f98ecdc: no agents available; will retry on subsequent port and subnet creation events.
2026-06-23 01:31:15.338 8 INFO neutron.plugins.ml2.drivers.ovn.mech_driver.mech_driver [None req-6d399a93-5768-46f1-ae7e-ebd7591e03fb - - - - - -] OVN reports status up for port: efdfb66e-a2b0-4f3c-843b-6d17b28486b3
2026-06-23 01:31:15.350 8 INFO neutron.plugins.ml2.plugin [None req-6d399a93-5768-46f1-ae7e-ebd7591e03fb - - - - - -] Attempt 1 to provision port efdfb66e-a2b0-4f3c-843b-6d17b28486b3
2026-06-23 01:31:15.396 8 INFO neutron.db.ovn_revision_numbers_db [None req-72edab8f-b337-434b-a78e-218aaf520516 925947ca67d44aa39f89734f46b12cfe d3be9036d65a45b1b20ed8e5b83e16bb - - default default] Successfully bumped revision number for resource 677fe077-95c4-46ea-945d-0d26b8e545ca (type: networks) to 1
2026-06-23 01:31:15.512 7 INFO neutron.db.ovn_revision_numbers_db [None req-7877b22c-8714-45ff-96a9-bccb1f20bc18 19ca3a273fc24d389faecf1608c9bf53 c40d6ae686a4473a97b381d29bc035cc - - default default] Successfully bumped revision number for resource efdfb66e-a2b0-4f3c-843b-6d17b28486b3 (type: router_ports) to 1 [pid: 7|app: 0|req: 996/1863] 10.0.0.34 () {34 vars in 781 bytes} [Tue Jun 23 01:31:13 2026] PUT /v2.0/routers/3a83488b-53c0-4a42-9110-d9f9f3017b35/add_router_interface => generated 309 bytes in 1726 msecs (HTTP/1.1 200) 4 headers in 157 bytes (1 switches on core 0) [pid: 7|app: 0|req: 997/1864] 10.0.0.34 () {34 vars in 780 bytes} [Tue Jun 23 01:31:15 2026] PUT /v2.0/policies/aa58a814-883a-4b9c-8d2a-5350d56046f9/tags/black.or.white => generated 4 bytes in 89 msecs (HTTP/1.1 201) 4 headers in 160 bytes (1 switches on core 0) [pid: 7|app: 0|req: 998/1865] 10.0.0.34 () {32 vars in 715 bytes} [Tue Jun 23 01:31:15 2026] GET /v2.0/ports/efdfb66e-a2b0-4f3c-843b-6d17b28486b3 => generated 941 bytes in 29 msecs (HTTP/1.1 200) 4 headers in 157 bytes (1 switches on core 0) [pid: 7|app: 0|req: 999/1866] 10.0.0.34 () {32 vars in 731 bytes} [Tue Jun 23 01:31:15 2026] GET /v2.0/policies/aa58a814-883a-4b9c-8d2a-5350d56046f9/tags => generated 52 bytes in 29 msecs (HTTP/1.1 200) 4 headers in 156 bytes (1 switches on core 0) [pid: 7|app: 0|req: 1000/1867] 10.0.0.34 () {32 vars in 715 bytes} [Tue Jun 23 01:31:15 2026] GET /v2.0/ports/efdfb66e-a2b0-4f3c-843b-6d17b28486b3 => generated 943 bytes in 31 msecs (HTTP/1.1 200) 4 headers in 157 bytes (1 switches on core 0) [pid: 7|app: 0|req: 1001/1868] 10.0.0.34 () {34 vars in 751 bytes} [Tue Jun 23 01:31:15 2026] PUT /v2.0/policies/aa58a814-883a-4b9c-8d2a-5350d56046f9/tags => generated 37 bytes in 40 msecs (HTTP/1.1 200) 4 headers in 156 bytes (1 switches on core 0)
2026-06-23 01:31:15.754 8 WARNING neutron.scheduler.dhcp_agent_scheduler [None req-72edab8f-b337-434b-a78e-218aaf520516 925947ca67d44aa39f89734f46b12cfe d3be9036d65a45b1b20ed8e5b83e16bb - - default default] No more DHCP agents
2026-06-23 01:31:15.756 8 WARNING neutron.api.rpc.agentnotifiers.dhcp_rpc_agent_api [None req-72edab8f-b337-434b-a78e-218aaf520516 925947ca67d44aa39f89734f46b12cfe d3be9036d65a45b1b20ed8e5b83e16bb - - default default] Unable to schedule network 677fe077-95c4-46ea-945d-0d26b8e545ca: no agents available; will retry on subsequent port and subnet creation events.
2026-06-23 01:31:15.918 8 INFO neutron.db.ovn_revision_numbers_db [None req-72edab8f-b337-434b-a78e-218aaf520516 925947ca67d44aa39f89734f46b12cfe d3be9036d65a45b1b20ed8e5b83e16bb - - default default] Successfully bumped revision number for resource 6e77b82b-3292-4bdb-8dc0-a36cea25e0f8 (type: ports) to 1 [pid: 8|app: 0|req: 868/1869] 10.0.0.34 () {34 vars in 668 bytes} [Tue Jun 23 01:31:14 2026] POST /v2.0/networks => generated 1283 bytes in 1670 msecs (HTTP/1.1 201) 4 headers in 163 bytes (1 switches on core 0) [pid: 8|app: 0|req: 869/1870] 10.0.0.34 () {32 vars in 731 bytes} [Tue Jun 23 01:31:15 2026] GET /v2.0/policies/aa58a814-883a-4b9c-8d2a-5350d56046f9/tags => generated 37 bytes in 63 msecs (HTTP/1.1 200) 4 headers in 156 bytes (1 switches on core 0)
2026-06-23 01:31:16.063 8 INFO neutron.db.ovn_revision_numbers_db [None req-6d399a93-5768-46f1-ae7e-ebd7591e03fb - - - - - -] Successfully bumped revision number for resource efdfb66e-a2b0-4f3c-843b-6d17b28486b3 (type: ports) to 2
2026-06-23 01:31:16.073 7 INFO neutron_taas.services.taas.taas_plugin [None req-5d56561d-4950-4d2f-98b4-516c5ea3ef87 19ca3a273fc24d389faecf1608c9bf53 c40d6ae686a4473a97b381d29bc035cc - - default default] TaaS: Handle Delete Port: efdfb66e-a2b0-4f3c-843b-6d17b28486b3
2026-06-23 01:31:16.077 7 INFO neutron_taas.services.taas.tap_mirror_plugin [None req-5d56561d-4950-4d2f-98b4-516c5ea3ef87 19ca3a273fc24d389faecf1608c9bf53 c40d6ae686a4473a97b381d29bc035cc - - default default] Tap Mirror: Handle Delete Port: efdfb66e-a2b0-4f3c-843b-6d17b28486b3 [pid: 8|app: 0|req: 870/1871] 10.0.0.34 () {32 vars in 647 bytes} [Tue Jun 23 01:31:16 2026] GET /v2.0/networks => generated 1970 bytes in 90 msecs (HTTP/1.1 200) 4 headers in 158 bytes (1 switches on core 0) [pid: 8|app: 0|req: 871/1872] 10.0.0.34 () {32 vars in 739 bytes} [Tue Jun 23 01:31:16 2026] GET /v2.0/policies/aa58a814-883a-4b9c-8d2a-5350d56046f9/tags/red => generated 0 bytes in 50 msecs (HTTP/1.1 204) 2 headers in 112 bytes (1 switches on core 0)
2026-06-23 01:31:16.302 8 INFO neutron_taas.services.taas.taas_plugin [None req-0817efdf-63b6-4c7c-ae23-2e6c159d477a 925947ca67d44aa39f89734f46b12cfe d3be9036d65a45b1b20ed8e5b83e16bb - - default default] TaaS: Handle Delete Port: 6dc55bfa-78e0-4a23-a0ee-f2003303185f
2026-06-23 01:31:16.305 8 INFO neutron_taas.services.taas.tap_mirror_plugin [None req-0817efdf-63b6-4c7c-ae23-2e6c159d477a 925947ca67d44aa39f89734f46b12cfe d3be9036d65a45b1b20ed8e5b83e16bb - - default default] Tap Mirror: Handle Delete Port: 6dc55bfa-78e0-4a23-a0ee-f2003303185f [pid: 7|app: 0|req: 1002/1873] 10.0.0.34 () {34 vars in 787 bytes} [Tue Jun 23 01:31:15 2026] PUT /v2.0/routers/3a83488b-53c0-4a42-9110-d9f9f3017b35/remove_router_interface => generated 309 bytes in 638 msecs (HTTP/1.1 200) 4 headers in 157 bytes (1 switches on core 0) /var/lib/openstack/lib/python3.12/site-packages/pycadf/identifier.py:70: UserWarning: Invalid uuid: neutron. To ensure interoperability, identifiers should be a valid uuid. warnings.warn(('Invalid uuid: %s. To ensure interoperability, '
2026-06-23 01:31:16.413 7 INFO neutron.api.v2.resource [None req-25f07d65-9e61-4778-a1ec-9b27711d6805 74a87b046ce349a2b5af9512f2b15756 ae9fd95999df429bb523e412ee96f1b5 - - default default] show failed (client error): The resource could not be found. [pid: 7|app: 0|req: 1003/1874] 10.0.0.34 () {32 vars in 743 bytes} [Tue Jun 23 01:31:16 2026] GET /v2.0/policies/aa58a814-883a-4b9c-8d2a-5350d56046f9/tags/green => generated 99 bytes in 35 msecs (HTTP/1.1 404) 4 headers in 163 bytes (1 switches on core 0) [pid: 7|app: 0|req: 1004/1875] 10.0.0.34 () {32 vars in 734 bytes} [Tue Jun 23 01:31:16 2026] GET /v2.0/ports?device_id=3a83488b-53c0-4a42-9110-d9f9f3017b35 => generated 12 bytes in 20 msecs (HTTP/1.1 200) 4 headers in 156 bytes (1 switches on core 0)
2026-06-23 01:31:16.482 8 INFO neutron.services.segments.plugin [-] Segment 285e1e87-df29-4632-83d2-03d705e4be67 resource provider aggregate not found
2026-06-23 01:31:16.489 8 INFO neutron.services.segments.plugin [-] Segment 285e1e87-df29-4632-83d2-03d705e4be67 resource provider aggregate not found [pid: 7|app: 0|req: 1005/1876] 10.0.0.34 () {32 vars in 742 bytes} [Tue Jun 23 01:31:16 2026] DELETE /v2.0/policies/aa58a814-883a-4b9c-8d2a-5350d56046f9/tags/red => generated 0 bytes in 53 msecs (HTTP/1.1 204) 2 headers in 112 bytes (1 switches on core 0)
2026-06-23 01:31:16.506 8 INFO neutron.services.segments.plugin [-] Segment 285e1e87-df29-4632-83d2-03d705e4be67 resource provider not found; error: Placement Client Error (4xx): {"errors": [{"status": 404, "title": "Not Found", "detail": "The resource could not be found.\n\n No resource provider with uuid 285e1e87-df29-4632-83d2-03d705e4be67 found for delete ", "request_id": "req-ed5bde9c-34af-450c-a41f-a2b4fed8f127"}]}
2026-06-23 01:31:16.507 8 INFO neutron.services.segments.plugin [-] Segment 285e1e87-df29-4632-83d2-03d705e4be67 resource provider not found; error: Placement Client Error (4xx): {"errors": [{"status": 404, "title": "Not Found", "detail": "The resource could not be found.\n\n No resource provider with uuid 285e1e87-df29-4632-83d2-03d705e4be67 found for delete ", "request_id": "req-a5dddae2-771e-43f5-a418-838841631b06"}]} [pid: 8|app: 0|req: 872/1877] 10.0.0.34 () {32 vars in 724 bytes} [Tue Jun 23 01:31:16 2026] DELETE /v2.0/networks/2cd1707e-356a-4598-a4fb-69e4a0ca1887 => generated 0 bytes in 331 msecs (HTTP/1.1 204) 3 headers in 131 bytes (1 switches on core 0) [pid: 8|app: 0|req: 873/1878] 10.0.0.34 () {32 vars in 731 bytes} [Tue Jun 23 01:31:16 2026] GET /v2.0/policies/aa58a814-883a-4b9c-8d2a-5350d56046f9/tags => generated 30 bytes in 24 msecs (HTTP/1.1 200) 4 headers in 156 bytes (1 switches on core 0)
2026-06-23 01:31:16.648 8 INFO neutron_taas.services.taas.taas_plugin [None req-3c07fbcc-fac0-4948-a100-99fbfc362c0d 925947ca67d44aa39f89734f46b12cfe d3be9036d65a45b1b20ed8e5b83e16bb - - default default] TaaS: Handle Delete Port: 6e77b82b-3292-4bdb-8dc0-a36cea25e0f8
2026-06-23 01:31:16.651 8 INFO neutron_taas.services.taas.tap_mirror_plugin [None req-3c07fbcc-fac0-4948-a100-99fbfc362c0d 925947ca67d44aa39f89734f46b12cfe d3be9036d65a45b1b20ed8e5b83e16bb - - default default] Tap Mirror: Handle Delete Port: 6e77b82b-3292-4bdb-8dc0-a36cea25e0f8 [pid: 7|app: 0|req: 1006/1879] 10.0.0.34 () {32 vars in 722 bytes} [Tue Jun 23 01:31:16 2026] DELETE /v2.0/routers/3a83488b-53c0-4a42-9110-d9f9f3017b35 => generated 0 bytes in 190 msecs (HTTP/1.1 204) 2 headers in 112 bytes (1 switches on core 0)
2026-06-23 01:31:16.708 7 INFO neutron.api.v2.resource [None req-f117482f-f61d-4672-8b5e-bbb99ca4d46f 74a87b046ce349a2b5af9512f2b15756 ae9fd95999df429bb523e412ee96f1b5 - - default default] delete failed (client error): The resource could not be found. [pid: 7|app: 0|req: 1007/1880] 10.0.0.34 () {32 vars in 746 bytes} [Tue Jun 23 01:31:16 2026] DELETE /v2.0/policies/aa58a814-883a-4b9c-8d2a-5350d56046f9/tags/green => generated 99 bytes in 28 msecs (HTTP/1.1 404) 4 headers in 163 bytes (1 switches on core 0) [pid: 8|app: 0|req: 874/1881] 10.0.0.34 () {32 vars in 724 bytes} [Tue Jun 23 01:31:16 2026] DELETE /v2.0/networks/677fe077-95c4-46ea-945d-0d26b8e545ca => generated 0 bytes in 305 msecs (HTTP/1.1 204) 3 headers in 131 bytes (1 switches on core 0) [pid: 7|app: 0|req: 1008/1882] 10.0.0.34 () {32 vars in 722 bytes} [Tue Jun 23 01:31:16 2026] DELETE /v2.0/subnets/d54a73d8-8df3-40e8-a1bb-18be2a9be520 => generated 0 bytes in 164 msecs (HTTP/1.1 204) 3 headers in 131 bytes (1 switches on core 0) [pid: 8|app: 0|req: 875/1883] 10.0.0.34 () {32 vars in 734 bytes} [Tue Jun 23 01:31:16 2026] DELETE /v2.0/policies/aa58a814-883a-4b9c-8d2a-5350d56046f9/tags => generated 0 bytes in 56 msecs (HTTP/1.1 204) 2 headers in 112 bytes (1 switches on core 0) [pid: 7|app: 0|req: 1009/1884] 10.0.0.34 () {32 vars in 647 bytes} [Tue Jun 23 01:31:16 2026] GET /v2.0/networks => generated 689 bytes in 56 msecs (HTTP/1.1 200) 4 headers in 157 bytes (1 switches on core 0) [pid: 7|app: 0|req: 1010/1885] 10.0.0.34 () {32 vars in 731 bytes} [Tue Jun 23 01:31:16 2026] GET /v2.0/policies/aa58a814-883a-4b9c-8d2a-5350d56046f9/tags => generated 12 bytes in 29 msecs (HTTP/1.1 200) 4 headers in 156 bytes (1 switches on core 0)
2026-06-23 01:31:17.019 8 INFO neutron_taas.services.taas.taas_plugin [None req-4761d184-2a31-402e-becb-4c9810f3a04d 19ca3a273fc24d389faecf1608c9bf53 c40d6ae686a4473a97b381d29bc035cc - - default default] TaaS: Handle Delete Port: e3d99ebf-b894-4192-a835-623531fd9733
2026-06-23 01:31:17.022 8 INFO neutron_taas.services.taas.tap_mirror_plugin [None req-4761d184-2a31-402e-becb-4c9810f3a04d 19ca3a273fc24d389faecf1608c9bf53 c40d6ae686a4473a97b381d29bc035cc - - default default] Tap Mirror: Handle Delete Port: e3d99ebf-b894-4192-a835-623531fd9733
2026-06-23 01:31:17.046 7 INFO neutron.db.segments_db [None req-6ca1296a-ace6-4fe7-86b5-515f49730c85 925947ca67d44aa39f89734f46b12cfe d3be9036d65a45b1b20ed8e5b83e16bb - - default default] Added segment cba60937-ba9c-4e20-bbae-88dd95e4e169 of type geneve for network a586359f-7250-406c-a4af-ce5b3b48b2a8
2026-06-23 01:31:17.158 7 INFO neutron.db.ovn_revision_numbers_db [None req-6ca1296a-ace6-4fe7-86b5-515f49730c85 925947ca67d44aa39f89734f46b12cfe d3be9036d65a45b1b20ed8e5b83e16bb - - default default] Successfully bumped revision number for resource a586359f-7250-406c-a4af-ce5b3b48b2a8 (type: networks) to 1 [pid: 8|app: 0|req: 876/1886] 10.0.0.34 () {32 vars in 724 bytes} [Tue Jun 23 01:31:16 2026] DELETE /v2.0/networks/89feaab8-8dd4-4950-9e45-eb773f98ecdc => generated 0 bytes in 330 msecs (HTTP/1.1 204) 3 headers in 131 bytes (1 switches on core 0) [pid: 8|app: 0|req: 877/1887] 10.0.0.34 () {32 vars in 732 bytes} [Tue Jun 23 01:31:17 2026] DELETE /v2.0/qos/policies/aa58a814-883a-4b9c-8d2a-5350d56046f9 => generated 0 bytes in 56 msecs (HTTP/1.1 204) 2 headers in 112 bytes (1 switches on core 0)
2026-06-23 01:31:17.316 7 WARNING neutron.scheduler.dhcp_agent_scheduler [None req-6ca1296a-ace6-4fe7-86b5-515f49730c85 925947ca67d44aa39f89734f46b12cfe d3be9036d65a45b1b20ed8e5b83e16bb - - default default] No more DHCP agents
2026-06-23 01:31:17.318 7 WARNING neutron.api.rpc.agentnotifiers.dhcp_rpc_agent_api [None req-6ca1296a-ace6-4fe7-86b5-515f49730c85 925947ca67d44aa39f89734f46b12cfe d3be9036d65a45b1b20ed8e5b83e16bb - - default default] Unable to schedule network a586359f-7250-406c-a4af-ce5b3b48b2a8: no agents available; will retry on subsequent port and subnet creation events.
2026-06-23 01:31:17.371 7 INFO neutron.plugins.ml2.drivers.ovn.mech_driver.mech_driver [None req-1e29b0cb-4d0c-43f5-ae03-2e8d9f247363 - - - - - -] OVN reports status down for port: 2286c2d5-966d-4ef2-acbe-88c61ab4542c
2026-06-23 01:31:17.420 7 INFO neutron.db.ovn_revision_numbers_db [None req-6ca1296a-ace6-4fe7-86b5-515f49730c85 925947ca67d44aa39f89734f46b12cfe d3be9036d65a45b1b20ed8e5b83e16bb - - default default] Successfully bumped revision number for resource 2286c2d5-966d-4ef2-acbe-88c61ab4542c (type: ports) to 1 [pid: 7|app: 0|req: 1011/1888] 10.0.0.34 () {34 vars in 668 bytes} [Tue Jun 23 01:31:16 2026] POST /v2.0/networks => generated 673 bytes in 496 msecs (HTTP/1.1 201) 4 headers in 162 bytes (1 switches on core 0)
2026-06-23 01:31:17.714 8 WARNING neutron.scheduler.dhcp_agent_scheduler [None req-fa65ea78-cd83-467a-aa17-06bbdecf3812 19ca3a273fc24d389faecf1608c9bf53 c40d6ae686a4473a97b381d29bc035cc - - default default] No more DHCP agents
2026-06-23 01:31:17.716 8 WARNING neutron.api.rpc.agentnotifiers.dhcp_rpc_agent_api [None req-fa65ea78-cd83-467a-aa17-06bbdecf3812 19ca3a273fc24d389faecf1608c9bf53 c40d6ae686a4473a97b381d29bc035cc - - default default] Unable to schedule network 2a4e6ff1-5137-45bb-9359-41e790e1fd96: no agents available; will retry on subsequent port and subnet creation events.
2026-06-23 01:31:17.804 7 INFO neutron.db.ovn_revision_numbers_db [None req-02e8c53b-f7e8-494b-bfa4-9024688a25ee 78d9135452884f59994a9ad7562c2eea e2d033de5636420b9d71f5361af9302d - - default default] Successfully bumped revision number for resource 6650eb6d-ed68-48be-8e68-3b5c9d0aecce (type: security_groups) to 1
2026-06-23 01:31:17.818 7 INFO neutron.db.ovn_revision_numbers_db [None req-02e8c53b-f7e8-494b-bfa4-9024688a25ee 78d9135452884f59994a9ad7562c2eea e2d033de5636420b9d71f5361af9302d - - default default] Successfully bumped revision number for resource 144b07e2-c52f-48a6-ba02-542dc04ecc1b (type: security_group_rules) to 0
2026-06-23 01:31:17.837 7 INFO neutron.db.ovn_revision_numbers_db [None req-02e8c53b-f7e8-494b-bfa4-9024688a25ee 78d9135452884f59994a9ad7562c2eea e2d033de5636420b9d71f5361af9302d - - default default] Successfully bumped revision number for resource 4e2e0c61-fbc6-46bb-a25e-291c5c85bc0e (type: security_group_rules) to 0
2026-06-23 01:31:17.848 7 INFO neutron.db.ovn_revision_numbers_db [None req-02e8c53b-f7e8-494b-bfa4-9024688a25ee 78d9135452884f59994a9ad7562c2eea e2d033de5636420b9d71f5361af9302d - - default default] Successfully bumped revision number for resource a72385a2-a0c2-4c77-83d5-4b72a96ef837 (type: security_group_rules) to 0
2026-06-23 01:31:17.862 7 INFO neutron.db.ovn_revision_numbers_db [None req-02e8c53b-f7e8-494b-bfa4-9024688a25ee 78d9135452884f59994a9ad7562c2eea e2d033de5636420b9d71f5361af9302d - - default default] Successfully bumped revision number for resource ee1a5c15-6ae1-45ee-a0cd-f620701b9815 (type: security_group_rules) to 0
2026-06-23 01:31:17.895 7 INFO neutron.plugins.ml2.drivers.ovn.mech_driver.mech_driver [None req-1e29b0cb-4d0c-43f5-ae03-2e8d9f247363 - - - - - -] OVN reports status down for port: 2e10799e-b001-4f79-a1c7-a9825d7dcd3e
2026-06-23 01:31:17.927 8 INFO neutron.db.ovn_revision_numbers_db [None req-fa65ea78-cd83-467a-aa17-06bbdecf3812 19ca3a273fc24d389faecf1608c9bf53 c40d6ae686a4473a97b381d29bc035cc - - default default] Successfully bumped revision number for resource 2e10799e-b001-4f79-a1c7-a9825d7dcd3e (type: ports) to 1
2026-06-23 01:31:17.986 7 INFO neutron.db.segments_db [None req-02e8c53b-f7e8-494b-bfa4-9024688a25ee 78d9135452884f59994a9ad7562c2eea e2d033de5636420b9d71f5361af9302d - - default default] Added segment 813a5253-402a-4e84-a460-707ddc4956a4 of type geneve for network 27c3afbb-28b2-4f8c-99e8-b4e4769c0d67
2026-06-23 01:31:18.094 7 INFO neutron.db.ovn_revision_numbers_db [None req-02e8c53b-f7e8-494b-bfa4-9024688a25ee 78d9135452884f59994a9ad7562c2eea e2d033de5636420b9d71f5361af9302d - - default default] Successfully bumped revision number for resource 27c3afbb-28b2-4f8c-99e8-b4e4769c0d67 (type: networks) to 1
2026-06-23 01:31:18.255 7 WARNING neutron.scheduler.dhcp_agent_scheduler [None req-02e8c53b-f7e8-494b-bfa4-9024688a25ee 78d9135452884f59994a9ad7562c2eea e2d033de5636420b9d71f5361af9302d - - default default] No more DHCP agents
2026-06-23 01:31:18.256 7 WARNING neutron.api.rpc.agentnotifiers.dhcp_rpc_agent_api [None req-02e8c53b-f7e8-494b-bfa4-9024688a25ee 78d9135452884f59994a9ad7562c2eea e2d033de5636420b9d71f5361af9302d - - default default] Unable to schedule network 27c3afbb-28b2-4f8c-99e8-b4e4769c0d67: no agents available; will retry on subsequent port and subnet creation events.
2026-06-23 01:31:18.308 7 INFO neutron.plugins.ml2.drivers.ovn.mech_driver.mech_driver [None req-1e29b0cb-4d0c-43f5-ae03-2e8d9f247363 - - - - - -] OVN reports status down for port: b2e38dbd-c1fa-4f18-8aa0-ed4a082fe94b
2026-06-23 01:31:18.364 7 INFO neutron.db.ovn_revision_numbers_db [None req-02e8c53b-f7e8-494b-bfa4-9024688a25ee 78d9135452884f59994a9ad7562c2eea e2d033de5636420b9d71f5361af9302d - - default default] Successfully bumped revision number for resource b2e38dbd-c1fa-4f18-8aa0-ed4a082fe94b (type: ports) to 1 [pid: 7|app: 0|req: 1012/1889] 10.0.0.34 () {34 vars in 668 bytes} [Tue Jun 23 01:31:17 2026] POST /v2.0/networks => generated 651 bytes in 955 msecs (HTTP/1.1 201) 4 headers in 162 bytes (1 switches on core 0)
2026-06-23 01:31:18.467 8 INFO neutron.plugins.ml2.drivers.ovn.mech_driver.ovsdb.commands [None req-0026e28e-5b7c-4ba6-afd0-659340036295 - - - - - -] Schedule LRP lrp-2e10799e-b001-4f79-a1c7-a9825d7dcd3e on gateway aef4fd89-816a-444c-b044-d425125e8b2c with priority 1
2026-06-23 01:31:18.503 7 INFO neutron.db.segments_db [None req-0f6afb9b-57d1-4367-a039-24144dd0c6c6 925947ca67d44aa39f89734f46b12cfe d3be9036d65a45b1b20ed8e5b83e16bb - - default default] Added segment 7e2974f6-92b9-40ac-8ce7-7c6669589d9f of type geneve for network 805b2752-03fa-48a8-9d29-6fc7ff6d7421
2026-06-23 01:31:18.545 8 INFO neutron.services.segments.plugin [-] Segment 83fa8959-8639-4146-af13-dc1d68d3eadb resource provider aggregate not found
2026-06-23 01:31:18.557 7 INFO neutron.plugins.ml2.drivers.ovn.mech_driver.mech_driver [None req-1e29b0cb-4d0c-43f5-ae03-2e8d9f247363 - - - - - -] OVN reports status up for port: 2e10799e-b001-4f79-a1c7-a9825d7dcd3e
2026-06-23 01:31:18.567 8 INFO neutron.services.segments.plugin [-] Segment 83fa8959-8639-4146-af13-dc1d68d3eadb resource provider not found; error: Placement Client Error (4xx): {"errors": [{"status": 404, "title": "Not Found", "detail": "The resource could not be found.\n\n No resource provider with uuid 83fa8959-8639-4146-af13-dc1d68d3eadb found for delete ", "request_id": "req-9201eb09-1bf4-42b1-ace3-ac01194dc223"}]}
2026-06-23 01:31:18.569 8 INFO neutron.services.segments.plugin [-] Segment 83fa8959-8639-4146-af13-dc1d68d3eadb resource provider aggregate not found
2026-06-23 01:31:18.583 8 INFO neutron.db.ovn_revision_numbers_db [None req-fa65ea78-cd83-467a-aa17-06bbdecf3812 19ca3a273fc24d389faecf1608c9bf53 c40d6ae686a4473a97b381d29bc035cc - - default default] Successfully bumped revision number for resource 2e10799e-b001-4f79-a1c7-a9825d7dcd3e (type: router_ports) to 1
2026-06-23 01:31:18.598 8 INFO neutron.services.segments.plugin [-] Segment bceaa77d-7170-458d-aa91-b6a4e917aba0 resource provider aggregate not found
2026-06-23 01:31:18.603 7 INFO neutron.plugins.ml2.plugin [None req-1e29b0cb-4d0c-43f5-ae03-2e8d9f247363 - - - - - -] Attempt 1 to provision port 2e10799e-b001-4f79-a1c7-a9825d7dcd3e
2026-06-23 01:31:18.605 8 INFO neutron.services.segments.plugin [-] Segment 83fa8959-8639-4146-af13-dc1d68d3eadb resource provider not found; error: Placement Client Error (4xx): {"errors": [{"status": 404, "title": "Not Found", "detail": "The resource could not be found.\n\n No resource provider with uuid 83fa8959-8639-4146-af13-dc1d68d3eadb found for delete ", "request_id": "req-deb8e015-3391-42cd-8ea3-91219a616128"}]}
2026-06-23 01:31:18.623 8 INFO neutron.services.segments.plugin [-] Segment bceaa77d-7170-458d-aa91-b6a4e917aba0 resource provider not found; error: Placement Client Error (4xx): {"errors": [{"status": 404, "title": "Not Found", "detail": "The resource could not be found.\n\n No resource provider with uuid bceaa77d-7170-458d-aa91-b6a4e917aba0 found for delete ", "request_id": "req-8d6a1870-b49d-46e1-94f6-706e8e47f8eb"}]}
2026-06-23 01:31:18.624 8 INFO neutron.services.segments.plugin [-] Segment bceaa77d-7170-458d-aa91-b6a4e917aba0 resource provider aggregate not found
2026-06-23 01:31:18.642 8 INFO neutron.services.segments.plugin [-] Segment bceaa77d-7170-458d-aa91-b6a4e917aba0 resource provider not found; error: Placement Client Error (4xx): {"errors": [{"status": 404, "title": "Not Found", "detail": "The resource could not be found.\n\n No resource provider with uuid bceaa77d-7170-458d-aa91-b6a4e917aba0 found for delete ", "request_id": "req-1e51a7db-e404-4944-8a02-4dbbc14e34e0"}]}
2026-06-23 01:31:18.686 8 INFO neutron.db.ovn_revision_numbers_db [None req-fa65ea78-cd83-467a-aa17-06bbdecf3812 19ca3a273fc24d389faecf1608c9bf53 c40d6ae686a4473a97b381d29bc035cc - - default default] Successfully bumped revision number for resource d5400193-9f46-423c-a0ab-336a2bea703e (type: routers) to 2 [pid: 8|app: 0|req: 878/1890] 10.0.0.34 () {34 vars in 667 bytes} [Tue Jun 23 01:31:17 2026] POST /v2.0/routers => generated 948 bytes in 1405 msecs (HTTP/1.1 201) 4 headers in 162 bytes (1 switches on core 0)
2026-06-23 01:31:18.723 7 INFO neutron.db.ovn_revision_numbers_db [None req-0f6afb9b-57d1-4367-a039-24144dd0c6c6 925947ca67d44aa39f89734f46b12cfe d3be9036d65a45b1b20ed8e5b83e16bb - - default default] Successfully bumped revision number for resource 805b2752-03fa-48a8-9d29-6fc7ff6d7421 (type: networks) to 1
2026-06-23 01:31:18.880 7 WARNING neutron.scheduler.dhcp_agent_scheduler [None req-0f6afb9b-57d1-4367-a039-24144dd0c6c6 925947ca67d44aa39f89734f46b12cfe d3be9036d65a45b1b20ed8e5b83e16bb - - default default] No more DHCP agents
2026-06-23 01:31:18.881 7 WARNING neutron.api.rpc.agentnotifiers.dhcp_rpc_agent_api [None req-0f6afb9b-57d1-4367-a039-24144dd0c6c6 925947ca67d44aa39f89734f46b12cfe d3be9036d65a45b1b20ed8e5b83e16bb - - default default] Unable to schedule network 805b2752-03fa-48a8-9d29-6fc7ff6d7421: no agents available; will retry on subsequent port and subnet creation events.
2026-06-23 01:31:18.933 8 INFO neutron.db.ovn_revision_numbers_db [None req-dd09ad27-e8e4-4943-ad5c-1abd4a1c8fba ec8ee87e1f104be9901ea17a228cab14 5c572a9c35264af1a300ace71ad0b32b - - default default] Successfully bumped revision number for resource b127f975-378c-4318-af3f-7e08744aecaf (type: security_groups) to 1
2026-06-23 01:31:18.953 8 INFO neutron.db.ovn_revision_numbers_db [None req-dd09ad27-e8e4-4943-ad5c-1abd4a1c8fba ec8ee87e1f104be9901ea17a228cab14 5c572a9c35264af1a300ace71ad0b32b - - default default] Successfully bumped revision number for resource 716ad353-ddf1-4674-b44e-a8b7b8b76b2a (type: security_group_rules) to 0
2026-06-23 01:31:18.967 8 INFO neutron.db.ovn_revision_numbers_db [None req-dd09ad27-e8e4-4943-ad5c-1abd4a1c8fba ec8ee87e1f104be9901ea17a228cab14 5c572a9c35264af1a300ace71ad0b32b - - default default] Successfully bumped revision number for resource 8a79bf77-ac1c-4ee4-810e-823c6db75659 (type: security_group_rules) to 0
2026-06-23 01:31:18.968 7 INFO neutron.db.ovn_revision_numbers_db [None req-0f6afb9b-57d1-4367-a039-24144dd0c6c6 925947ca67d44aa39f89734f46b12cfe d3be9036d65a45b1b20ed8e5b83e16bb - - default default] Successfully bumped revision number for resource b5bd3ca9-427d-42d3-8517-2f5126a34589 (type: ports) to 1
2026-06-23 01:31:18.981 8 INFO neutron.db.ovn_revision_numbers_db [None req-dd09ad27-e8e4-4943-ad5c-1abd4a1c8fba ec8ee87e1f104be9901ea17a228cab14 5c572a9c35264af1a300ace71ad0b32b - - default default] Successfully bumped revision number for resource 983c4ca7-9d22-4108-9492-0984150021f5 (type: security_group_rules) to 0 [pid: 7|app: 0|req: 1013/1891] 10.0.0.34 () {34 vars in 668 bytes} [Tue Jun 23 01:31:18 2026] POST /v2.0/networks => generated 672 bytes in 577 msecs (HTTP/1.1 201) 4 headers in 162 bytes (1 switches on core 0)
2026-06-23 01:31:18.991 8 INFO neutron.db.ovn_revision_numbers_db [None req-dd09ad27-e8e4-4943-ad5c-1abd4a1c8fba ec8ee87e1f104be9901ea17a228cab14 5c572a9c35264af1a300ace71ad0b32b - - default default] Successfully bumped revision number for resource f2b8c11b-a121-4b15-8e0f-c5fb00dbd37f (type: security_group_rules) to 0 [pid: 8|app: 0|req: 879/1892] 10.0.0.34 () {32 vars in 772 bytes} [Tue Jun 23 01:31:18 2026] GET /v2.0/security-groups?tenant_id=7932eb7a2b5e4b9eaa24c389caea6caf&name=default => generated 2925 bytes in 321 msecs (HTTP/1.1 200) 4 headers in 158 bytes (1 switches on core 0) [pid: 8|app: 0|req: 880/1893] 10.0.0.34 () {32 vars in 719 bytes} [Tue Jun 23 01:31:19 2026] GET /v2.0/routers/d5400193-9f46-423c-a0ab-336a2bea703e => generated 954 bytes in 63 msecs (HTTP/1.1 200) 4 headers in 157 bytes (1 switches on core 0)
2026-06-23 01:31:19.198 7 WARNING neutron.scheduler.dhcp_agent_scheduler [None req-0ab5d50e-4d2c-468d-97ec-fe0a991693f8 78d9135452884f59994a9ad7562c2eea e2d033de5636420b9d71f5361af9302d - - default default] No more DHCP agents
2026-06-23 01:31:19.199 7 WARNING neutron.api.rpc.agentnotifiers.dhcp_rpc_agent_api [None req-0ab5d50e-4d2c-468d-97ec-fe0a991693f8 78d9135452884f59994a9ad7562c2eea e2d033de5636420b9d71f5361af9302d - - default default] Unable to schedule network 27c3afbb-28b2-4f8c-99e8-b4e4769c0d67: no agents available; will retry on subsequent port and subnet creation events.
2026-06-23 01:31:19.296 7 INFO neutron.db.ovn_revision_numbers_db [None req-0ab5d50e-4d2c-468d-97ec-fe0a991693f8 78d9135452884f59994a9ad7562c2eea e2d033de5636420b9d71f5361af9302d - - default default] Successfully bumped revision number for resource 3a7faa82-12fd-471c-9ced-6575c6677a7e (type: ports) to 1 [pid: 7|app: 0|req: 1014/1896] 10.0.0.34 () {34 vars in 662 bytes} [Tue Jun 23 01:31:18 2026] POST /v2.0/ports => generated 743 bytes in 363 msecs (HTTP/1.1 201) 4 headers in 162 bytes (1 switches on core 0) /var/lib/openstack/lib/python3.12/site-packages/pycadf/identifier.py:70: UserWarning: Invalid uuid: neutron. To ensure interoperability, identifiers should be a valid uuid. warnings.warn(('Invalid uuid: %s. To ensure interoperability, '
2026-06-23 01:31:19.441 8 WARNING neutron.scheduler.dhcp_agent_scheduler [None req-acc5bee8-cab7-4d6e-9669-11cda3584ddd 925947ca67d44aa39f89734f46b12cfe d3be9036d65a45b1b20ed8e5b83e16bb - - default default] No more DHCP agents
2026-06-23 01:31:19.442 8 WARNING neutron.api.rpc.agentnotifiers.dhcp_rpc_agent_api [None req-acc5bee8-cab7-4d6e-9669-11cda3584ddd 925947ca67d44aa39f89734f46b12cfe d3be9036d65a45b1b20ed8e5b83e16bb - - default default] Unable to schedule network a586359f-7250-406c-a4af-ce5b3b48b2a8: no agents available; will retry on subsequent port and subnet creation events.
2026-06-23 01:31:19.562 8 INFO neutron.db.ovn_revision_numbers_db [None req-acc5bee8-cab7-4d6e-9669-11cda3584ddd 925947ca67d44aa39f89734f46b12cfe d3be9036d65a45b1b20ed8e5b83e16bb - - default default] Successfully bumped revision number for resource 87dab764-bd25-4263-a879-ccdfcff09a07 (type: ports) to 1 [pid: 7|app: 0|req: 1015/1897] 10.0.0.34 () {32 vars in 738 bytes} [Tue Jun 23 01:31:19 2026] DELETE /v2.0/security-groups/b127f975-378c-4318-af3f-7e08744aecaf => generated 0 bytes in 238 msecs (HTTP/1.1 204) 2 headers in 112 bytes (1 switches on core 0)
2026-06-23 01:31:19.608 8 WARNING neutron.scheduler.dhcp_agent_scheduler [None req-acc5bee8-cab7-4d6e-9669-11cda3584ddd 925947ca67d44aa39f89734f46b12cfe d3be9036d65a45b1b20ed8e5b83e16bb - - default default] No more DHCP agents
2026-06-23 01:31:19.609 8 WARNING neutron.api.rpc.agentnotifiers.dhcp_rpc_agent_api [None req-acc5bee8-cab7-4d6e-9669-11cda3584ddd 925947ca67d44aa39f89734f46b12cfe d3be9036d65a45b1b20ed8e5b83e16bb - - default default] Unable to schedule network 805b2752-03fa-48a8-9d29-6fc7ff6d7421: no agents available; will retry on subsequent port and subnet creation events. [pid: 7|app: 0|req: 1016/1898] 10.0.0.34 () {32 vars in 645 bytes} [Tue Jun 23 01:31:19 2026] GET /v2.0/routers => generated 957 bytes in 97 msecs (HTTP/1.1 200) 4 headers in 157 bytes (1 switches on core 0)
2026-06-23 01:31:19.700 8 INFO neutron.db.ovn_revision_numbers_db [None req-acc5bee8-cab7-4d6e-9669-11cda3584ddd 925947ca67d44aa39f89734f46b12cfe d3be9036d65a45b1b20ed8e5b83e16bb - - default default] Successfully bumped revision number for resource bb350d52-38b4-4b48-8182-863e825f53f2 (type: ports) to 1 [pid: 8|app: 0|req: 883/1899] 10.0.0.34 () {34 vars in 663 bytes} [Tue Jun 23 01:31:19 2026] POST /v2.0/ports => generated 1503 bytes in 670 msecs (HTTP/1.1 201) 4 headers in 163 bytes (1 switches on core 0) /var/lib/openstack/lib/python3.12/site-packages/pycadf/identifier.py:70: UserWarning: Invalid uuid: neutron. To ensure interoperability, identifiers should be a valid uuid. warnings.warn(('Invalid uuid: %s. To ensure interoperability, '
2026-06-23 01:31:19.767 7 INFO neutron.db.segments_db [None req-c02c8c49-7150-45c5-a0b8-db1344df72d5 78d9135452884f59994a9ad7562c2eea e2d033de5636420b9d71f5361af9302d - - default default] Added segment cd6cd3c3-ca9a-4868-a68a-e474c778497f of type geneve for network 11e4f1bc-eab9-42a9-a8b2-f0172ed63dcc
2026-06-23 01:31:19.894 7 INFO neutron.db.ovn_revision_numbers_db [None req-c02c8c49-7150-45c5-a0b8-db1344df72d5 78d9135452884f59994a9ad7562c2eea e2d033de5636420b9d71f5361af9302d - - default default] Successfully bumped revision number for resource 11e4f1bc-eab9-42a9-a8b2-f0172ed63dcc (type: networks) to 1
2026-06-23 01:31:19.937 8 INFO neutron.db.ovn_revision_numbers_db [None req-ff465176-fac7-4ba1-a3d5-2b874fcc4335 ec8ee87e1f104be9901ea17a228cab14 5c572a9c35264af1a300ace71ad0b32b - - default default] Successfully bumped revision number for resource bdbd208f-fc73-4319-9eef-fc10b8191a74 (type: security_groups) to 1
2026-06-23 01:31:19.949 8 INFO neutron.db.ovn_revision_numbers_db [None req-ff465176-fac7-4ba1-a3d5-2b874fcc4335 ec8ee87e1f104be9901ea17a228cab14 5c572a9c35264af1a300ace71ad0b32b - - default default] Successfully bumped revision number for resource 0841dffd-518e-417b-86ba-6ccce42ff8c1 (type: security_group_rules) to 0
2026-06-23 01:31:19.958 8 INFO neutron.db.ovn_revision_numbers_db [None req-ff465176-fac7-4ba1-a3d5-2b874fcc4335 ec8ee87e1f104be9901ea17a228cab14 5c572a9c35264af1a300ace71ad0b32b - - default default] Successfully bumped revision number for resource 7c13a817-b36e-4741-ba55-94c7461da209 (type: security_group_rules) to 0
2026-06-23 01:31:19.968 8 INFO neutron.db.ovn_revision_numbers_db [None req-ff465176-fac7-4ba1-a3d5-2b874fcc4335 ec8ee87e1f104be9901ea17a228cab14 5c572a9c35264af1a300ace71ad0b32b - - default default] Successfully bumped revision number for resource e41b76f2-8da9-4f99-9071-61808d101a6d (type: security_group_rules) to 0
2026-06-23 01:31:19.979 8 INFO neutron.db.ovn_revision_numbers_db [None req-ff465176-fac7-4ba1-a3d5-2b874fcc4335 ec8ee87e1f104be9901ea17a228cab14 5c572a9c35264af1a300ace71ad0b32b - - default default] Successfully bumped revision number for resource ea2e4558-1011-4263-83cf-cb894f67e149 (type: security_group_rules) to 0 [pid: 8|app: 0|req: 884/1900] 10.0.0.34 () {32 vars in 772 bytes} [Tue Jun 23 01:31:19 2026] GET /v2.0/security-groups?tenant_id=ae9fd95999df429bb523e412ee96f1b5&name=default => generated 2925 bytes in 250 msecs (HTTP/1.1 200) 4 headers in 158 bytes (1 switches on core 0)
2026-06-23 01:31:20.056 7 WARNING neutron.scheduler.dhcp_agent_scheduler [None req-c02c8c49-7150-45c5-a0b8-db1344df72d5 78d9135452884f59994a9ad7562c2eea e2d033de5636420b9d71f5361af9302d - - default default] No more DHCP agents
2026-06-23 01:31:20.058 7 WARNING neutron.api.rpc.agentnotifiers.dhcp_rpc_agent_api [None req-c02c8c49-7150-45c5-a0b8-db1344df72d5 78d9135452884f59994a9ad7562c2eea e2d033de5636420b9d71f5361af9302d - - default default] Unable to schedule network 11e4f1bc-eab9-42a9-a8b2-f0172ed63dcc: no agents available; will retry on subsequent port and subnet creation events.
2026-06-23 01:31:20.125 7 INFO neutron.db.ovn_revision_numbers_db [None req-c02c8c49-7150-45c5-a0b8-db1344df72d5 78d9135452884f59994a9ad7562c2eea e2d033de5636420b9d71f5361af9302d - - default default] Successfully bumped revision number for resource 6fc35c31-7887-4c72-a9b1-176921b39515 (type: ports) to 1 [pid: 7|app: 0|req: 1017/1901] 10.0.0.34 () {34 vars in 668 bytes} [Tue Jun 23 01:31:19 2026] POST /v2.0/networks => generated 650 bytes in 456 msecs (HTTP/1.1 201) 4 headers in 162 bytes (1 switches on core 0) [pid: 7|app: 0|req: 1018/1902] 10.0.0.34 () {32 vars in 641 bytes} [Tue Jun 23 01:31:20 2026] GET /v2.0/ports => generated 3015 bytes in 108 msecs (HTTP/1.1 200) 4 headers in 158 bytes (1 switches on core 0)
2026-06-23 01:31:20.423 8 INFO neutron.db.ovn_revision_numbers_db [None req-82fd6703-4c89-4c9e-8ccb-30c4a1a98f50 19ca3a273fc24d389faecf1608c9bf53 c40d6ae686a4473a97b381d29bc035cc - - default default] Successfully bumped revision number for resource d5400193-9f46-423c-a0ab-336a2bea703e (type: routers) to 3 [pid: 8|app: 0|req: 885/1903] 10.0.0.34 () {34 vars in 739 bytes} [Tue Jun 23 01:31:20 2026] PUT /v2.0/routers/d5400193-9f46-423c-a0ab-336a2bea703e => generated 961 bytes in 422 msecs (HTTP/1.1 200) 4 headers in 157 bytes (1 switches on core 0) [pid: 7|app: 0|req: 1019/1904] 10.0.0.34 () {32 vars in 738 bytes} [Tue Jun 23 01:31:20 2026] DELETE /v2.0/security-groups/bdbd208f-fc73-4319-9eef-fc10b8191a74 => generated 0 bytes in 201 msecs (HTTP/1.1 204) 2 headers in 112 bytes (1 switches on core 0)
2026-06-23 01:31:20.561 7 INFO neutron_taas.services.taas.taas_plugin [None req-c575c3c1-962f-4f25-a28c-b8f58d22b005 925947ca67d44aa39f89734f46b12cfe d3be9036d65a45b1b20ed8e5b83e16bb - - default default] TaaS: Handle Delete Port: 87dab764-bd25-4263-a879-ccdfcff09a07
2026-06-23 01:31:20.564 7 INFO neutron_taas.services.taas.tap_mirror_plugin [None req-c575c3c1-962f-4f25-a28c-b8f58d22b005 925947ca67d44aa39f89734f46b12cfe d3be9036d65a45b1b20ed8e5b83e16bb - - default default] Tap Mirror: Handle Delete Port: 87dab764-bd25-4263-a879-ccdfcff09a07 [pid: 7|app: 0|req: 1020/1905] 10.0.0.34 () {32 vars in 718 bytes} [Tue Jun 23 01:31:20 2026] DELETE /v2.0/ports/87dab764-bd25-4263-a879-ccdfcff09a07 => generated 0 bytes in 220 msecs (HTTP/1.1 204) 3 headers in 131 bytes (1 switches on core 0)
2026-06-23 01:31:20.705 8 WARNING neutron.scheduler.dhcp_agent_scheduler [None req-26448b26-d7db-4de8-a995-af8b7c338a22 78d9135452884f59994a9ad7562c2eea e2d033de5636420b9d71f5361af9302d - - default default] No more DHCP agents
2026-06-23 01:31:20.706 8 WARNING neutron.api.rpc.agentnotifiers.dhcp_rpc_agent_api [None req-26448b26-d7db-4de8-a995-af8b7c338a22 78d9135452884f59994a9ad7562c2eea e2d033de5636420b9d71f5361af9302d - - default default] Unable to schedule network 11e4f1bc-eab9-42a9-a8b2-f0172ed63dcc: no agents available; will retry on subsequent port and subnet creation events. [pid: 7|app: 0|req: 1021/1906] 10.0.0.34 () {32 vars in 719 bytes} [Tue Jun 23 01:31:20 2026] GET /v2.0/routers/d5400193-9f46-423c-a0ab-336a2bea703e => generated 961 bytes in 82 msecs (HTTP/1.1 200) 4 headers in 157 bytes (1 switches on core 0)
2026-06-23 01:31:20.797 8 INFO neutron.db.ovn_revision_numbers_db [None req-26448b26-d7db-4de8-a995-af8b7c338a22 78d9135452884f59994a9ad7562c2eea e2d033de5636420b9d71f5361af9302d - - default default] Successfully bumped revision number for resource 1dd1c252-c657-4935-b1f1-0277b6bb4c4f (type: ports) to 1 [pid: 8|app: 0|req: 886/1907] 10.0.0.34 () {34 vars in 662 bytes} [Tue Jun 23 01:31:20 2026] POST /v2.0/ports => generated 743 bytes in 413 msecs (HTTP/1.1 201) 4 headers in 162 bytes (1 switches on core 0) /var/lib/openstack/lib/python3.12/site-packages/pycadf/identifier.py:70: UserWarning: Invalid uuid: neutron. To ensure interoperability, identifiers should be a valid uuid. warnings.warn(('Invalid uuid: %s. To ensure interoperability, ' [pid: 8|app: 0|req: 887/1908] 10.0.0.34 () {32 vars in 734 bytes} [Tue Jun 23 01:31:20 2026] GET /v2.0/ports?device_id=d5400193-9f46-423c-a0ab-336a2bea703e => generated 12 bytes in 21 msecs (HTTP/1.1 200) 4 headers in 156 bytes (1 switches on core 0)
2026-06-23 01:31:20.930 7 INFO neutron_taas.services.taas.taas_plugin [None req-31a6eeb6-9305-4f98-9b17-b5d619a1acd8 925947ca67d44aa39f89734f46b12cfe d3be9036d65a45b1b20ed8e5b83e16bb - - default default] TaaS: Handle Delete Port: bb350d52-38b4-4b48-8182-863e825f53f2
2026-06-23 01:31:20.936 7 INFO neutron_taas.services.taas.tap_mirror_plugin [None req-31a6eeb6-9305-4f98-9b17-b5d619a1acd8 925947ca67d44aa39f89734f46b12cfe d3be9036d65a45b1b20ed8e5b83e16bb - - default default] Tap Mirror: Handle Delete Port: bb350d52-38b4-4b48-8182-863e825f53f2
2026-06-23 01:31:20.963 8 INFO neutron.db.segments_db [None req-c4c3078c-cf5b-4181-a99b-5bbe9bbcddaa 78d9135452884f59994a9ad7562c2eea e2d033de5636420b9d71f5361af9302d - - default default] Added segment 8f26df48-ee88-44ab-a799-8fcf1ec9b134 of type geneve for network ba01c870-9f5c-4c3d-9f00-1a6a523512b1 [pid: 7|app: 0|req: 1022/1909] 10.0.0.34 () {32 vars in 718 bytes} [Tue Jun 23 01:31:20 2026] DELETE /v2.0/ports/bb350d52-38b4-4b48-8182-863e825f53f2 => generated 0 bytes in 287 msecs (HTTP/1.1 204) 3 headers in 131 bytes (1 switches on core 0)
2026-06-23 01:31:21.101 8 INFO neutron.db.ovn_revision_numbers_db [None req-c4c3078c-cf5b-4181-a99b-5bbe9bbcddaa 78d9135452884f59994a9ad7562c2eea e2d033de5636420b9d71f5361af9302d - - default default] Successfully bumped revision number for resource ba01c870-9f5c-4c3d-9f00-1a6a523512b1 (type: networks) to 1
2026-06-23 01:31:21.275 8 WARNING neutron.scheduler.dhcp_agent_scheduler [None req-c4c3078c-cf5b-4181-a99b-5bbe9bbcddaa 78d9135452884f59994a9ad7562c2eea e2d033de5636420b9d71f5361af9302d - - default default] No more DHCP agents
2026-06-23 01:31:21.277 8 WARNING neutron.api.rpc.agentnotifiers.dhcp_rpc_agent_api [None req-c4c3078c-cf5b-4181-a99b-5bbe9bbcddaa 78d9135452884f59994a9ad7562c2eea e2d033de5636420b9d71f5361af9302d - - default default] Unable to schedule network ba01c870-9f5c-4c3d-9f00-1a6a523512b1: no agents available; will retry on subsequent port and subnet creation events.
2026-06-23 01:31:21.337 7 INFO neutron_taas.services.taas.taas_plugin [None req-26005ba2-0d13-438d-a9ac-7a5ae1aef67e 19ca3a273fc24d389faecf1608c9bf53 c40d6ae686a4473a97b381d29bc035cc - - default default] TaaS: Handle Delete Port: 2e10799e-b001-4f79-a1c7-a9825d7dcd3e
2026-06-23 01:31:21.340 7 INFO neutron_taas.services.taas.tap_mirror_plugin [None req-26005ba2-0d13-438d-a9ac-7a5ae1aef67e 19ca3a273fc24d389faecf1608c9bf53 c40d6ae686a4473a97b381d29bc035cc - - default default] Tap Mirror: Handle Delete Port: 2e10799e-b001-4f79-a1c7-a9825d7dcd3e
2026-06-23 01:31:21.363 8 INFO neutron.db.ovn_revision_numbers_db [None req-c4c3078c-cf5b-4181-a99b-5bbe9bbcddaa 78d9135452884f59994a9ad7562c2eea e2d033de5636420b9d71f5361af9302d - - default default] Successfully bumped revision number for resource 3b33fb43-26d9-4263-b46e-c52bfa138503 (type: ports) to 1 [pid: 8|app: 0|req: 888/1910] 10.0.0.34 () {34 vars in 668 bytes} [Tue Jun 23 01:31:20 2026] POST /v2.0/networks => generated 650 bytes in 510 msecs (HTTP/1.1 201) 4 headers in 162 bytes (1 switches on core 0) [pid: 8|app: 0|req: 889/1911] 10.0.0.34 () {32 vars in 641 bytes} [Tue Jun 23 01:31:21 2026] GET /v2.0/ports => generated 1523 bytes in 34 msecs (HTTP/1.1 200) 4 headers in 158 bytes (1 switches on core 0)
2026-06-23 01:31:21.629 8 WARNING neutron.plugins.ml2.drivers.ovn.mech_driver.ovsdb.ovn_client [None req-723b0788-fa46-4fbe-ae4c-ab5d7756dbf9 - - - - - -] No port found with ID efdfb66e-a2b0-4f3c-843b-6d17b28486b3: RuntimeError: No port found with ID efdfb66e-a2b0-4f3c-843b-6d17b28486b3
2026-06-23 01:31:21.641 8 INFO neutron.plugins.ml2.drivers.ovn.mech_driver.mech_driver [None req-723b0788-fa46-4fbe-ae4c-ab5d7756dbf9 - - - - - -] OVN reports status down for port: 6e77b82b-3292-4bdb-8dc0-a36cea25e0f8
2026-06-23 01:31:21.643 8 WARNING neutron.scheduler.dhcp_agent_scheduler [None req-1d5b43c9-8d8c-4e38-9d97-078807e6bc3e 78d9135452884f59994a9ad7562c2eea e2d033de5636420b9d71f5361af9302d - - default default] No more DHCP agents
2026-06-23 01:31:21.650 8 WARNING neutron.api.rpc.agentnotifiers.dhcp_rpc_agent_api [None req-1d5b43c9-8d8c-4e38-9d97-078807e6bc3e 78d9135452884f59994a9ad7562c2eea e2d033de5636420b9d71f5361af9302d - - default default] Unable to schedule network ba01c870-9f5c-4c3d-9f00-1a6a523512b1: no agents available; will retry on subsequent port and subnet creation events.
2026-06-23 01:31:21.665 8 INFO neutron.plugins.ml2.drivers.ovn.mech_driver.mech_driver [None req-723b0788-fa46-4fbe-ae4c-ab5d7756dbf9 - - - - - -] OVN reports status down for port: b5bd3ca9-427d-42d3-8517-2f5126a34589 [pid: 7|app: 0|req: 1023/1912] 10.0.0.34 () {32 vars in 722 bytes} [Tue Jun 23 01:31:21 2026] DELETE /v2.0/routers/d5400193-9f46-423c-a0ab-336a2bea703e => generated 0 bytes in 652 msecs (HTTP/1.1 204) 2 headers in 112 bytes (1 switches on core 0)
2026-06-23 01:31:21.784 7 INFO neutron.db.segments_db [None req-65994106-e4c4-4f6c-b38a-91d99f80f671 925947ca67d44aa39f89734f46b12cfe d3be9036d65a45b1b20ed8e5b83e16bb - - default default] Added segment dd63348d-28b5-43fd-9bcd-246946bb68fd of type geneve for network 46617198-3009-4b4f-93f7-b035fb76aba2
2026-06-23 01:31:21.792 8 INFO neutron.plugins.ml2.drivers.ovn.mech_driver.mech_driver [None req-723b0788-fa46-4fbe-ae4c-ab5d7756dbf9 - - - - - -] OVN reports status down for port: 87dab764-bd25-4263-a879-ccdfcff09a07
2026-06-23 01:31:21.814 8 INFO neutron.plugins.ml2.drivers.ovn.mech_driver.mech_driver [None req-723b0788-fa46-4fbe-ae4c-ab5d7756dbf9 - - - - - -] OVN reports status down for port: bb350d52-38b4-4b48-8182-863e825f53f2
2026-06-23 01:31:21.836 8 INFO neutron.plugins.ml2.drivers.ovn.mech_driver.mech_driver [None req-723b0788-fa46-4fbe-ae4c-ab5d7756dbf9 - - - - - -] OVN reports status down for port: 6fc35c31-7887-4c72-a9b1-176921b39515
2026-06-23 01:31:21.839 8 INFO neutron.db.ovn_revision_numbers_db [None req-1d5b43c9-8d8c-4e38-9d97-078807e6bc3e 78d9135452884f59994a9ad7562c2eea e2d033de5636420b9d71f5361af9302d - - default default] Successfully bumped revision number for resource 41f2559b-1642-48fa-b745-4bbe14b2352e (type: ports) to 1
2026-06-23 01:31:21.896 7 INFO neutron.db.ovn_revision_numbers_db [None req-65994106-e4c4-4f6c-b38a-91d99f80f671 925947ca67d44aa39f89734f46b12cfe d3be9036d65a45b1b20ed8e5b83e16bb - - default default] Successfully bumped revision number for resource 46617198-3009-4b4f-93f7-b035fb76aba2 (type: networks) to 1 [pid: 8|app: 0|req: 890/1913] 10.0.0.34 () {34 vars in 662 bytes} [Tue Jun 23 01:31:21 2026] POST /v2.0/ports => generated 743 bytes in 511 msecs (HTTP/1.1 201) 4 headers in 162 bytes (1 switches on core 0) /var/lib/openstack/lib/python3.12/site-packages/pycadf/identifier.py:70: UserWarning: Invalid uuid: neutron. To ensure interoperability, identifiers should be a valid uuid. warnings.warn(('Invalid uuid: %s. To ensure interoperability, ' [pid: 8|app: 0|req: 891/1914] 10.0.0.34 () {32 vars in 734 bytes} [Tue Jun 23 01:31:21 2026] GET /v2.0/ports?device_id=d5400193-9f46-423c-a0ab-336a2bea703e => generated 12 bytes in 25 msecs (HTTP/1.1 200) 4 headers in 156 bytes (1 switches on core 0)
2026-06-23 01:31:21.962 8 INFO neutron.plugins.ml2.drivers.ovn.mech_driver.mech_driver [None req-723b0788-fa46-4fbe-ae4c-ab5d7756dbf9 - - - - - -] OVN reports status down for port: 1dd1c252-c657-4935-b1f1-0277b6bb4c4f
2026-06-23 01:31:22.049 8 INFO neutron.plugins.ml2.drivers.ovn.mech_driver.mech_driver [None req-723b0788-fa46-4fbe-ae4c-ab5d7756dbf9 - - - - - -] OVN reports status down for port: 3b33fb43-26d9-4263-b46e-c52bfa138503
2026-06-23 01:31:22.055 8 INFO neutron.db.segments_db [None req-d69f64a2-1602-4a1f-94b4-8583bfc4fa5f 78d9135452884f59994a9ad7562c2eea e2d033de5636420b9d71f5361af9302d - - default default] Added segment 9a6cc3b5-e2df-4d21-9034-7441eaab165e of type geneve for network 3f96a0ba-9f69-41ec-83a5-8dddfda892e2
2026-06-23 01:31:22.078 7 WARNING neutron.scheduler.dhcp_agent_scheduler [None req-65994106-e4c4-4f6c-b38a-91d99f80f671 925947ca67d44aa39f89734f46b12cfe d3be9036d65a45b1b20ed8e5b83e16bb - - default default] No more DHCP agents
2026-06-23 01:31:22.079 7 WARNING neutron.api.rpc.agentnotifiers.dhcp_rpc_agent_api [None req-65994106-e4c4-4f6c-b38a-91d99f80f671 925947ca67d44aa39f89734f46b12cfe d3be9036d65a45b1b20ed8e5b83e16bb - - default default] Unable to schedule network 46617198-3009-4b4f-93f7-b035fb76aba2: no agents available; will retry on subsequent port and subnet creation events.
2026-06-23 01:31:22.153 7 INFO neutron.db.ovn_revision_numbers_db [None req-65994106-e4c4-4f6c-b38a-91d99f80f671 925947ca67d44aa39f89734f46b12cfe d3be9036d65a45b1b20ed8e5b83e16bb - - default default] Successfully bumped revision number for resource 605ecc4a-1cf7-421c-8e07-d63b3bdb42ba (type: ports) to 1
