2026-06-23 01:31:46.517 7 WARNING neutron.scheduler.dhcp_agent_scheduler [None req-57c51880-fd14-4d39-8422-f446ee9ccb59 79c03a09a0ff483c9a398f863a9821ab ed5de76255004b05b5ed4a69d084f122 - - default default] No more DHCP agents
2026-06-23 01:31:46.518 7 WARNING neutron.api.rpc.agentnotifiers.dhcp_rpc_agent_api [None req-57c51880-fd14-4d39-8422-f446ee9ccb59 79c03a09a0ff483c9a398f863a9821ab ed5de76255004b05b5ed4a69d084f122 - - default default] Unable to schedule network 7f5c5419-e565-453f-b4fd-c975f267d8f2: no agents available; will retry on subsequent port and subnet creation events. [pid: 8|app: 0|req: 1006/2148] 10.0.0.34 () {32 vars in 738 bytes} [Tue Jun 23 01:31:46 2026] DELETE /v2.0/security-groups/1aa85aa3-1522-44e5-973e-ffe2f7bb873a => generated 0 bytes in 246 msecs (HTTP/1.1 204) 2 headers in 112 bytes (1 switches on core 0) [pid: 8|app: 0|req: 1007/2149] 10.0.0.66 () {28 vars in 581 bytes} [Tue Jun 23 01:31:46 2026] GET /v2.0/subnets => generated 1974 bytes in 30 msecs (HTTP/1.1 200) 4 headers in 158 bytes (1 switches on core 0)
2026-06-23 01:31:46.794 8 INFO neutron.db.ovn_revision_numbers_db [None req-31419d7b-b27d-4f97-b232-6b8f9bfa58cc ec8ee87e1f104be9901ea17a228cab14 5c572a9c35264af1a300ace71ad0b32b - - default default] Successfully bumped revision number for resource ab3652f6-af38-4159-89d2-0a449a60e424 (type: security_groups) to 1
2026-06-23 01:31:46.805 8 INFO neutron.db.ovn_revision_numbers_db [None req-31419d7b-b27d-4f97-b232-6b8f9bfa58cc ec8ee87e1f104be9901ea17a228cab14 5c572a9c35264af1a300ace71ad0b32b - - default default] Successfully bumped revision number for resource 1f51bda7-330a-4c0a-bacd-746f5b7d4c35 (type: security_group_rules) to 0
2026-06-23 01:31:46.816 8 INFO neutron.db.ovn_revision_numbers_db [None req-31419d7b-b27d-4f97-b232-6b8f9bfa58cc ec8ee87e1f104be9901ea17a228cab14 5c572a9c35264af1a300ace71ad0b32b - - default default] Successfully bumped revision number for resource 3998e001-eaf4-4525-8697-e4aff44e9f16 (type: security_group_rules) to 0
2026-06-23 01:31:46.830 8 INFO neutron.db.ovn_revision_numbers_db [None req-31419d7b-b27d-4f97-b232-6b8f9bfa58cc ec8ee87e1f104be9901ea17a228cab14 5c572a9c35264af1a300ace71ad0b32b - - default default] Successfully bumped revision number for resource 4ef2b006-c458-4715-9cca-9e52cd3c29a1 (type: security_group_rules) to 0
2026-06-23 01:31:46.845 8 INFO neutron.db.ovn_revision_numbers_db [None req-31419d7b-b27d-4f97-b232-6b8f9bfa58cc ec8ee87e1f104be9901ea17a228cab14 5c572a9c35264af1a300ace71ad0b32b - - default default] Successfully bumped revision number for resource 6f814c39-0c27-4465-ab36-c14702d7371f (type: security_group_rules) to 0 [pid: 8|app: 0|req: 1008/2150] 10.0.0.34 () {32 vars in 772 bytes} [Tue Jun 23 01:31:46 2026] GET /v2.0/security-groups?tenant_id=1deffc44ff7f4da59a00952e7abe9597&name=default => generated 2925 bytes in 241 msecs (HTTP/1.1 200) 4 headers in 158 bytes (1 switches on core 0)
2026-06-23 01:31:47.023 7 INFO neutron.db.ovn_revision_numbers_db [None req-18e6f3aa-c5e8-46d2-9727-8aac748b4537 - - - - - -] Successfully bumped revision number for resource a2349019-247f-4b3b-89d4-0c730c614cd7 (type: ports) to 2
2026-06-23 01:31:47.056 7 INFO neutron.db.ovn_revision_numbers_db [None req-18e6f3aa-c5e8-46d2-9727-8aac748b4537 - - - - - -] Successfully bumped revision number for resource 0362baaa-f631-4518-ac3d-8345da22e6e1 (type: subnets) to 0 [pid: 7|app: 0|req: 1143/2151] 10.0.0.34 () {34 vars in 667 bytes} [Tue Jun 23 01:31:46 2026] POST /v2.0/subnets => generated 658 bytes in 728 msecs (HTTP/1.1 201) 4 headers in 162 bytes (1 switches on core 0) [pid: 7|app: 0|req: 1144/2152] 10.0.0.66 () {28 vars in 581 bytes} [Tue Jun 23 01:31:47 2026] GET /v2.0/routers => generated 15 bytes in 13 msecs (HTTP/1.1 200) 4 headers in 156 bytes (1 switches on core 0) [pid: 7|app: 0|req: 1145/2153] 10.0.0.34 () {32 vars in 738 bytes} [Tue Jun 23 01:31:47 2026] DELETE /v2.0/security-groups/ab3652f6-af38-4159-89d2-0a449a60e424 => generated 0 bytes in 171 msecs (HTTP/1.1 204) 2 headers in 112 bytes (1 switches on core 0)
2026-06-23 01:31:47.305 8 WARNING neutron.scheduler.dhcp_agent_scheduler [None req-c008c6b4-7c16-45b4-9195-e46a9fe628f2 33aeae28cbeb49efb290bfb4765dcb9a dfd65f6b56134a349d06c6ef4d3497fe - - default default] No more DHCP agents
2026-06-23 01:31:47.306 8 WARNING neutron.api.rpc.agentnotifiers.dhcp_rpc_agent_api [None req-c008c6b4-7c16-45b4-9195-e46a9fe628f2 33aeae28cbeb49efb290bfb4765dcb9a dfd65f6b56134a349d06c6ef4d3497fe - - default default] Unable to schedule network 2a4e6ff1-5137-45bb-9359-41e790e1fd96: no agents available; will retry on subsequent port and subnet creation events. [pid: 7|app: 0|req: 1146/2154] 10.0.0.34 () {32 vars in 720 bytes} [Tue Jun 23 01:31:47 2026] GET /v2.0/subnetpools?name=shared-default-subnetpool-v6 => generated 19 bytes in 91 msecs (HTTP/1.1 200) 4 headers in 156 bytes (1 switches on core 0) [pid: 7|app: 0|req: 1147/2155] 10.0.0.66 () {28 vars in 622 bytes} [Tue Jun 23 01:31:47 2026] GET /v2.0/agents?binary=ovn-controller => generated 416 bytes in 17 msecs (HTTP/1.1 200) 4 headers in 157 bytes (1 switches on core 0)
2026-06-23 01:31:47.558 7 WARNING neutron.scheduler.dhcp_agent_scheduler [None req-565b4fea-9618-4eb2-b2d1-76b1b73000e0 79c03a09a0ff483c9a398f863a9821ab ed5de76255004b05b5ed4a69d084f122 - - default default] No more DHCP agents
2026-06-23 01:31:47.559 7 WARNING neutron.api.rpc.agentnotifiers.dhcp_rpc_agent_api [None req-565b4fea-9618-4eb2-b2d1-76b1b73000e0 79c03a09a0ff483c9a398f863a9821ab ed5de76255004b05b5ed4a69d084f122 - - default default] Unable to schedule network 7f5c5419-e565-453f-b4fd-c975f267d8f2: no agents available; will retry on subsequent port and subnet creation events. [pid: 8|app: 0|req: 1009/2156] 10.0.0.34 () {34 vars in 674 bytes} [Tue Jun 23 01:31:46 2026] POST /v2.0/floatingips => generated 552 bytes in 687 msecs (HTTP/1.1 201) 4 headers in 162 bytes (1 switches on core 0)
2026-06-23 01:31:47.584 7 INFO neutron.db.ovn_revision_numbers_db [None req-565b4fea-9618-4eb2-b2d1-76b1b73000e0 79c03a09a0ff483c9a398f863a9821ab ed5de76255004b05b5ed4a69d084f122 - - default default] Successfully bumped revision number for resource ec939fe8-2d5a-4f49-b410-c0b100c2b107 (type: subnets) to 0 [pid: 7|app: 0|req: 1148/2157] 10.0.0.34 () {34 vars in 667 bytes} [Tue Jun 23 01:31:47 2026] POST /v2.0/subnets => generated 731 bytes in 234 msecs (HTTP/1.1 201) 4 headers in 162 bytes (1 switches on core 0) [pid: 8|app: 0|req: 1010/2158] 10.0.0.66 () {28 vars in 583 bytes} [Tue Jun 23 01:31:47 2026] GET /v2.0/networks => generated 3118 bytes in 52 msecs (HTTP/1.1 200) 4 headers in 158 bytes (1 switches on core 0)
2026-06-23 01:31:47.707 8 INFO neutron.db.segments_db [None req-4e58ffd7-5850-49c2-813e-52f4ff7d21c4 79c03a09a0ff483c9a398f863a9821ab ed5de76255004b05b5ed4a69d084f122 - - default default] Added segment 7b471c3b-a10a-4c3c-b37e-b5850984dd9d of type geneve for network 2d03a3cb-bf2c-4df5-bc81-309a5eb52872
2026-06-23 01:31:47.808 8 INFO neutron.db.ovn_revision_numbers_db [None req-4e58ffd7-5850-49c2-813e-52f4ff7d21c4 79c03a09a0ff483c9a398f863a9821ab ed5de76255004b05b5ed4a69d084f122 - - default default] Successfully bumped revision number for resource 2d03a3cb-bf2c-4df5-bc81-309a5eb52872 (type: networks) to 1
2026-06-23 01:31:47.856 7 WARNING neutron.scheduler.dhcp_agent_scheduler [None req-2f9352a8-c4c1-47f8-8134-fa40ec12e356 33aeae28cbeb49efb290bfb4765dcb9a dfd65f6b56134a349d06c6ef4d3497fe - - default default] No more DHCP agents
2026-06-23 01:31:47.858 7 WARNING neutron.api.rpc.agentnotifiers.dhcp_rpc_agent_api [None req-2f9352a8-c4c1-47f8-8134-fa40ec12e356 33aeae28cbeb49efb290bfb4765dcb9a dfd65f6b56134a349d06c6ef4d3497fe - - default default] Unable to schedule network 2a4e6ff1-5137-45bb-9359-41e790e1fd96: no agents available; will retry on subsequent port and subnet creation events.
2026-06-23 01:31:47.992 8 WARNING neutron.scheduler.dhcp_agent_scheduler [None req-4e58ffd7-5850-49c2-813e-52f4ff7d21c4 79c03a09a0ff483c9a398f863a9821ab ed5de76255004b05b5ed4a69d084f122 - - default default] No more DHCP agents
2026-06-23 01:31:47.994 8 WARNING neutron.api.rpc.agentnotifiers.dhcp_rpc_agent_api [None req-4e58ffd7-5850-49c2-813e-52f4ff7d21c4 79c03a09a0ff483c9a398f863a9821ab ed5de76255004b05b5ed4a69d084f122 - - default default] Unable to schedule network 2d03a3cb-bf2c-4df5-bc81-309a5eb52872: no agents available; will retry on subsequent port and subnet creation events.
2026-06-23 01:31:48.037 8 INFO neutron.plugins.ml2.drivers.ovn.mech_driver.mech_driver [None req-723b0788-fa46-4fbe-ae4c-ab5d7756dbf9 - - - - - -] OVN reports status down for port: c9c6c3ab-4ddd-4801-89b1-49500cb170d7
2026-06-23 01:31:48.088 8 INFO neutron.db.ovn_revision_numbers_db [None req-4e58ffd7-5850-49c2-813e-52f4ff7d21c4 79c03a09a0ff483c9a398f863a9821ab ed5de76255004b05b5ed4a69d084f122 - - default default] Successfully bumped revision number for resource c9c6c3ab-4ddd-4801-89b1-49500cb170d7 (type: ports) to 1 [pid: 8|app: 0|req: 1011/2159] 10.0.0.34 () {34 vars in 668 bytes} [Tue Jun 23 01:31:47 2026] POST /v2.0/networks => generated 656 bytes in 497 msecs (HTTP/1.1 201) 4 headers in 162 bytes (1 switches on core 0) [pid: 8|app: 0|req: 1012/2160] 10.0.0.66 () {28 vars in 579 bytes} [Tue Jun 23 01:31:48 2026] GET /v2.0/agents => generated 1214 bytes in 20 msecs (HTTP/1.1 200) 4 headers in 158 bytes (1 switches on core 0) [pid: 7|app: 0|req: 1149/2161] 10.0.0.34 () {34 vars in 674 bytes} [Tue Jun 23 01:31:47 2026] POST /v2.0/floatingips => generated 552 bytes in 561 msecs (HTTP/1.1 201) 4 headers in 162 bytes (1 switches on core 0)
2026-06-23 01:31:48.331 8 WARNING neutron.scheduler.dhcp_agent_scheduler [None req-a15a6ca0-3b9f-44c0-8c9d-e8f0dfcb18b4 79c03a09a0ff483c9a398f863a9821ab ed5de76255004b05b5ed4a69d084f122 - - default default] No more DHCP agents
2026-06-23 01:31:48.333 8 WARNING neutron.api.rpc.agentnotifiers.dhcp_rpc_agent_api [None req-a15a6ca0-3b9f-44c0-8c9d-e8f0dfcb18b4 79c03a09a0ff483c9a398f863a9821ab ed5de76255004b05b5ed4a69d084f122 - - default default] Unable to schedule network 2d03a3cb-bf2c-4df5-bc81-309a5eb52872: no agents available; will retry on subsequent port and subnet creation events.
2026-06-23 01:31:48.384 7 WARNING neutron.scheduler.dhcp_agent_scheduler [None req-1adf7ee3-351b-4ea4-8eae-02e20cbd8cbf 33aeae28cbeb49efb290bfb4765dcb9a dfd65f6b56134a349d06c6ef4d3497fe - - default default] No more DHCP agents
2026-06-23 01:31:48.385 7 WARNING neutron.api.rpc.agentnotifiers.dhcp_rpc_agent_api [None req-1adf7ee3-351b-4ea4-8eae-02e20cbd8cbf 33aeae28cbeb49efb290bfb4765dcb9a dfd65f6b56134a349d06c6ef4d3497fe - - default default] Unable to schedule network 2a4e6ff1-5137-45bb-9359-41e790e1fd96: no agents available; will retry on subsequent port and subnet creation events. [pid: 7|app: 0|req: 1150/2162] 10.0.0.34 () {34 vars in 674 bytes} [Tue Jun 23 01:31:48 2026] POST /v2.0/floatingips => generated 552 bytes in 509 msecs (HTTP/1.1 201) 4 headers in 162 bytes (1 switches on core 0)
2026-06-23 01:31:48.793 8 INFO neutron.db.ovn_revision_numbers_db [None req-4500e852-807d-48e5-bf33-ad3ac415ddab - - - - - -] Successfully bumped revision number for resource c9c6c3ab-4ddd-4801-89b1-49500cb170d7 (type: ports) to 2
2026-06-23 01:31:48.842 8 INFO neutron.db.ovn_revision_numbers_db [None req-4500e852-807d-48e5-bf33-ad3ac415ddab - - - - - -] Successfully bumped revision number for resource 7d94f826-65ff-4113-ae05-39b445c49217 (type: subnets) to 0 [pid: 8|app: 0|req: 1013/2163] 10.0.0.34 () {34 vars in 667 bytes} [Tue Jun 23 01:31:48 2026] POST /v2.0/subnets => generated 655 bytes in 718 msecs (HTTP/1.1 201) 4 headers in 162 bytes (1 switches on core 0)
2026-06-23 01:31:48.947 7 WARNING neutron.scheduler.dhcp_agent_scheduler [None req-bf6f27a9-4917-4611-b501-af584b88c04d 33aeae28cbeb49efb290bfb4765dcb9a dfd65f6b56134a349d06c6ef4d3497fe - - default default] No more DHCP agents
2026-06-23 01:31:48.949 7 WARNING neutron.api.rpc.agentnotifiers.dhcp_rpc_agent_api [None req-bf6f27a9-4917-4611-b501-af584b88c04d 33aeae28cbeb49efb290bfb4765dcb9a dfd65f6b56134a349d06c6ef4d3497fe - - default default] Unable to schedule network 2a4e6ff1-5137-45bb-9359-41e790e1fd96: no agents available; will retry on subsequent port and subnet creation events.
2026-06-23 01:31:49.037 8 WARNING neutron.scheduler.dhcp_agent_scheduler [None req-83753c32-51d2-43bc-831c-e533e5d1734e 79c03a09a0ff483c9a398f863a9821ab ed5de76255004b05b5ed4a69d084f122 - - default default] No more DHCP agents
2026-06-23 01:31:49.038 8 WARNING neutron.api.rpc.agentnotifiers.dhcp_rpc_agent_api [None req-83753c32-51d2-43bc-831c-e533e5d1734e 79c03a09a0ff483c9a398f863a9821ab ed5de76255004b05b5ed4a69d084f122 - - default default] Unable to schedule network 2d03a3cb-bf2c-4df5-bc81-309a5eb52872: no agents available; will retry on subsequent port and subnet creation events.
2026-06-23 01:31:49.058 8 INFO neutron.db.ovn_revision_numbers_db [None req-83753c32-51d2-43bc-831c-e533e5d1734e 79c03a09a0ff483c9a398f863a9821ab ed5de76255004b05b5ed4a69d084f122 - - default default] Successfully bumped revision number for resource 135d0b53-bbf2-418c-bcf7-d378c95e1bae (type: subnets) to 0 [pid: 8|app: 0|req: 1014/2164] 10.0.0.34 () {34 vars in 667 bytes} [Tue Jun 23 01:31:48 2026] POST /v2.0/subnets => generated 725 bytes in 205 msecs (HTTP/1.1 201) 4 headers in 162 bytes (1 switches on core 0)
2026-06-23 01:31:49.169 8 INFO neutron.db.segments_db [None req-702e855b-0b64-46b7-899c-4f6e9f92170d 79c03a09a0ff483c9a398f863a9821ab ed5de76255004b05b5ed4a69d084f122 - - default default] Added segment 1f85426e-8c99-4cfe-819b-213ed9f510dd of type geneve for network 4e7f9838-690b-44ee-b521-0eed072c6205 [pid: 7|app: 0|req: 1151/2167] 10.0.0.34 () {34 vars in 674 bytes} [Tue Jun 23 01:31:48 2026] POST /v2.0/floatingips => generated 552 bytes in 545 msecs (HTTP/1.1 201) 4 headers in 162 bytes (1 switches on core 0)
2026-06-23 01:31:49.280 8 INFO neutron.db.ovn_revision_numbers_db [None req-702e855b-0b64-46b7-899c-4f6e9f92170d 79c03a09a0ff483c9a398f863a9821ab ed5de76255004b05b5ed4a69d084f122 - - default default] Successfully bumped revision number for resource 4e7f9838-690b-44ee-b521-0eed072c6205 (type: networks) to 1
2026-06-23 01:31:49.432 8 WARNING neutron.scheduler.dhcp_agent_scheduler [None req-702e855b-0b64-46b7-899c-4f6e9f92170d 79c03a09a0ff483c9a398f863a9821ab ed5de76255004b05b5ed4a69d084f122 - - default default] No more DHCP agents
2026-06-23 01:31:49.434 8 WARNING neutron.api.rpc.agentnotifiers.dhcp_rpc_agent_api [None req-702e855b-0b64-46b7-899c-4f6e9f92170d 79c03a09a0ff483c9a398f863a9821ab ed5de76255004b05b5ed4a69d084f122 - - default default] Unable to schedule network 4e7f9838-690b-44ee-b521-0eed072c6205: no agents available; will retry on subsequent port and subnet creation events.
2026-06-23 01:31:49.440 7 WARNING neutron.scheduler.dhcp_agent_scheduler [None req-06d4c43c-18da-4869-a3aa-aff83af890c8 33aeae28cbeb49efb290bfb4765dcb9a dfd65f6b56134a349d06c6ef4d3497fe - - default default] No more DHCP agents
2026-06-23 01:31:49.441 7 WARNING neutron.api.rpc.agentnotifiers.dhcp_rpc_agent_api [None req-06d4c43c-18da-4869-a3aa-aff83af890c8 33aeae28cbeb49efb290bfb4765dcb9a dfd65f6b56134a349d06c6ef4d3497fe - - default default] Unable to schedule network 2a4e6ff1-5137-45bb-9359-41e790e1fd96: no agents available; will retry on subsequent port and subnet creation events.
2026-06-23 01:31:49.478 7 INFO neutron.plugins.ml2.drivers.ovn.mech_driver.mech_driver [None req-1e29b0cb-4d0c-43f5-ae03-2e8d9f247363 - - - - - -] OVN reports status down for port: 99bdec53-3c28-48cf-bc6f-5462f564e9a1
2026-06-23 01:31:49.504 8 INFO neutron.db.ovn_revision_numbers_db [None req-702e855b-0b64-46b7-899c-4f6e9f92170d 79c03a09a0ff483c9a398f863a9821ab ed5de76255004b05b5ed4a69d084f122 - - default default] Successfully bumped revision number for resource 99bdec53-3c28-48cf-bc6f-5462f564e9a1 (type: ports) to 1 [pid: 8|app: 0|req: 1017/2168] 10.0.0.34 () {34 vars in 668 bytes} [Tue Jun 23 01:31:49 2026] POST /v2.0/networks => generated 657 bytes in 445 msecs (HTTP/1.1 201) 4 headers in 162 bytes (1 switches on core 0) [pid: 7|app: 0|req: 1152/2169] 10.0.0.34 () {34 vars in 674 bytes} [Tue Jun 23 01:31:49 2026] POST /v2.0/floatingips => generated 552 bytes in 492 msecs (HTTP/1.1 201) 4 headers in 162 bytes (1 switches on core 0)
2026-06-23 01:31:49.803 8 INFO neutron.db.ovn_revision_numbers_db [None req-3b2c08bf-ee62-478b-97c2-3f8e329a7960 aa3b598f7eac48a8a782d7ddb191a335 917f4c2153d34661997132e2023b6986 - - default default] Successfully bumped revision number for resource 8dd3bb63-1bb2-4c41-9986-3b92c259b4dc (type: security_groups) to 1
2026-06-23 01:31:49.815 8 INFO neutron.db.ovn_revision_numbers_db [None req-3b2c08bf-ee62-478b-97c2-3f8e329a7960 aa3b598f7eac48a8a782d7ddb191a335 917f4c2153d34661997132e2023b6986 - - default default] Successfully bumped revision number for resource 48ab4044-f2ed-48bc-91f2-70bcc7c8c00c (type: security_group_rules) to 0
2026-06-23 01:31:49.835 8 INFO neutron.db.ovn_revision_numbers_db [None req-3b2c08bf-ee62-478b-97c2-3f8e329a7960 aa3b598f7eac48a8a782d7ddb191a335 917f4c2153d34661997132e2023b6986 - - default default] Successfully bumped revision number for resource d7ee8fe2-830b-414b-b0a2-15e82f64960b (type: security_group_rules) to 0
2026-06-23 01:31:49.848 8 INFO neutron.db.ovn_revision_numbers_db [None req-3b2c08bf-ee62-478b-97c2-3f8e329a7960 aa3b598f7eac48a8a782d7ddb191a335 917f4c2153d34661997132e2023b6986 - - default default] Successfully bumped revision number for resource d9d54437-3743-4ac5-b54e-c3e7176246d5 (type: security_group_rules) to 0
2026-06-23 01:31:49.865 8 INFO neutron.db.ovn_revision_numbers_db [None req-3b2c08bf-ee62-478b-97c2-3f8e329a7960 aa3b598f7eac48a8a782d7ddb191a335 917f4c2153d34661997132e2023b6986 - - default default] Successfully bumped revision number for resource e4d7a043-dbaf-41fa-88fb-35c26c7c9bf2 (type: security_group_rules) to 0
2026-06-23 01:31:49.903 7 WARNING neutron.scheduler.dhcp_agent_scheduler [None req-74534d5d-c3f7-4bf9-a921-9e7a56b0ebf3 79c03a09a0ff483c9a398f863a9821ab ed5de76255004b05b5ed4a69d084f122 - - default default] No more DHCP agents
2026-06-23 01:31:49.905 7 WARNING neutron.api.rpc.agentnotifiers.dhcp_rpc_agent_api [None req-74534d5d-c3f7-4bf9-a921-9e7a56b0ebf3 79c03a09a0ff483c9a398f863a9821ab ed5de76255004b05b5ed4a69d084f122 - - default default] Unable to schedule network 4e7f9838-690b-44ee-b521-0eed072c6205: no agents available; will retry on subsequent port and subnet creation events.
2026-06-23 01:31:49.943 8 INFO neutron.db.segments_db [None req-3b2c08bf-ee62-478b-97c2-3f8e329a7960 aa3b598f7eac48a8a782d7ddb191a335 917f4c2153d34661997132e2023b6986 - - default default] Added segment 6cc843f2-28e6-4819-90ea-479e4dbd9db5 of type geneve for network e97ecb4a-5ced-449a-bdd5-1c2ea184b37b
2026-06-23 01:31:50.046 8 INFO neutron.db.ovn_revision_numbers_db [None req-3b2c08bf-ee62-478b-97c2-3f8e329a7960 aa3b598f7eac48a8a782d7ddb191a335 917f4c2153d34661997132e2023b6986 - - default default] Successfully bumped revision number for resource e97ecb4a-5ced-449a-bdd5-1c2ea184b37b (type: networks) to 1
2026-06-23 01:31:50.215 8 WARNING neutron.scheduler.dhcp_agent_scheduler [None req-3b2c08bf-ee62-478b-97c2-3f8e329a7960 aa3b598f7eac48a8a782d7ddb191a335 917f4c2153d34661997132e2023b6986 - - default default] No more DHCP agents
2026-06-23 01:31:50.217 8 WARNING neutron.api.rpc.agentnotifiers.dhcp_rpc_agent_api [None req-3b2c08bf-ee62-478b-97c2-3f8e329a7960 aa3b598f7eac48a8a782d7ddb191a335 917f4c2153d34661997132e2023b6986 - - default default] Unable to schedule network e97ecb4a-5ced-449a-bdd5-1c2ea184b37b: no agents available; will retry on subsequent port and subnet creation events.
2026-06-23 01:31:50.279 7 INFO neutron.plugins.ml2.drivers.ovn.mech_driver.mech_driver [None req-1e29b0cb-4d0c-43f5-ae03-2e8d9f247363 - - - - - -] OVN reports status down for port: 1bc42bef-833a-4ff0-a7d3-43f6353ee004
2026-06-23 01:31:50.305 8 INFO neutron.db.ovn_revision_numbers_db [None req-3b2c08bf-ee62-478b-97c2-3f8e329a7960 aa3b598f7eac48a8a782d7ddb191a335 917f4c2153d34661997132e2023b6986 - - default default] Successfully bumped revision number for resource 1bc42bef-833a-4ff0-a7d3-43f6353ee004 (type: ports) to 1
2026-06-23 01:31:50.321 7 INFO neutron.db.ovn_revision_numbers_db [None req-e0fb7c91-cbe1-4f51-8791-ce8e975ebf45 - - - - - -] Successfully bumped revision number for resource 99bdec53-3c28-48cf-bc6f-5462f564e9a1 (type: ports) to 2 [pid: 8|app: 0|req: 1018/2170] 10.0.0.34 () {34 vars in 669 bytes} [Tue Jun 23 01:31:49 2026] POST /v2.0/networks => generated 652 bytes in 824 msecs (HTTP/1.1 201) 4 headers in 162 bytes (1 switches on core 0)
2026-06-23 01:31:50.381 7 INFO neutron.db.ovn_revision_numbers_db [None req-e0fb7c91-cbe1-4f51-8791-ce8e975ebf45 - - - - - -] Successfully bumped revision number for resource 1fbac497-82ab-457c-b4de-2b3ac2827a2e (type: subnets) to 0 [pid: 8|app: 0|req: 1019/2171] 10.0.0.34 () {34 vars in 757 bytes} [Tue Jun 23 01:31:50 2026] PUT /v2.0/floatingips/ede43d32-122f-45ad-a05a-c2564000cd74/tags => generated 17 bytes in 48 msecs (HTTP/1.1 200) 4 headers in 156 bytes (1 switches on core 0) [pid: 7|app: 0|req: 1153/2172] 10.0.0.34 () {34 vars in 667 bytes} [Tue Jun 23 01:31:49 2026] POST /v2.0/subnets => generated 656 bytes in 675 msecs (HTTP/1.1 201) 4 headers in 162 bytes (1 switches on core 0) [pid: 7|app: 0|req: 1154/2173] 10.0.0.34 () {34 vars in 757 bytes} [Tue Jun 23 01:31:50 2026] PUT /v2.0/floatingips/a478b63c-0a53-47b5-823f-d86409af1b38/tags => generated 25 bytes in 62 msecs (HTTP/1.1 200) 4 headers in 156 bytes (1 switches on core 0)
2026-06-23 01:31:50.638 7 WARNING neutron.scheduler.dhcp_agent_scheduler [None req-c5b57008-faf8-40e1-a287-2fd72c58b7c3 79c03a09a0ff483c9a398f863a9821ab ed5de76255004b05b5ed4a69d084f122 - - default default] No more DHCP agents
2026-06-23 01:31:50.640 7 WARNING neutron.api.rpc.agentnotifiers.dhcp_rpc_agent_api [None req-c5b57008-faf8-40e1-a287-2fd72c58b7c3 79c03a09a0ff483c9a398f863a9821ab ed5de76255004b05b5ed4a69d084f122 - - default default] Unable to schedule network 4e7f9838-690b-44ee-b521-0eed072c6205: no agents available; will retry on subsequent port and subnet creation events.
2026-06-23 01:31:50.665 7 INFO neutron.db.ovn_revision_numbers_db [None req-c5b57008-faf8-40e1-a287-2fd72c58b7c3 79c03a09a0ff483c9a398f863a9821ab ed5de76255004b05b5ed4a69d084f122 - - default default] Successfully bumped revision number for resource 9d8d6a1d-4e44-440a-9082-5c52e64cc811 (type: subnets) to 0 [pid: 7|app: 0|req: 1155/2174] 10.0.0.34 () {34 vars in 667 bytes} [Tue Jun 23 01:31:50 2026] POST /v2.0/subnets => generated 729 bytes in 215 msecs (HTTP/1.1 201) 4 headers in 162 bytes (1 switches on core 0)
2026-06-23 01:31:50.882 7 INFO neutron.db.ovn_revision_numbers_db [None req-b85b3e13-ef1a-4d8a-b51f-d7e9bc25a621 956f0e35f2164573871c81dd3584b969 c6eda3fdf8f5424bbaa5766421126f93 - - default default] Successfully bumped revision number for resource 01e70c47-9502-4c9d-9f2f-7e1d3a44dc14 (type: security_groups) to 1
2026-06-23 01:31:50.897 7 INFO neutron.db.ovn_revision_numbers_db [None req-b85b3e13-ef1a-4d8a-b51f-d7e9bc25a621 956f0e35f2164573871c81dd3584b969 c6eda3fdf8f5424bbaa5766421126f93 - - default default] Successfully bumped revision number for resource 6c32c45a-ff02-4539-8b41-999b6d886b92 (type: security_group_rules) to 0
2026-06-23 01:31:50.914 7 INFO neutron.db.ovn_revision_numbers_db [None req-b85b3e13-ef1a-4d8a-b51f-d7e9bc25a621 956f0e35f2164573871c81dd3584b969 c6eda3fdf8f5424bbaa5766421126f93 - - default default] Successfully bumped revision number for resource 817cb76e-4179-4aca-b15a-0638f20270f9 (type: security_group_rules) to 0
2026-06-23 01:31:50.929 7 INFO neutron.db.ovn_revision_numbers_db [None req-b85b3e13-ef1a-4d8a-b51f-d7e9bc25a621 956f0e35f2164573871c81dd3584b969 c6eda3fdf8f5424bbaa5766421126f93 - - default default] Successfully bumped revision number for resource cd771123-e717-460e-9ffd-e179bb3b204f (type: security_group_rules) to 0
2026-06-23 01:31:50.939 7 INFO neutron.db.ovn_revision_numbers_db [None req-b85b3e13-ef1a-4d8a-b51f-d7e9bc25a621 956f0e35f2164573871c81dd3584b969 c6eda3fdf8f5424bbaa5766421126f93 - - default default] Successfully bumped revision number for resource fe7221aa-a3b3-48f3-9ede-bd729496171f (type: security_group_rules) to 0
2026-06-23 01:31:51.028 7 INFO neutron.db.segments_db [None req-b85b3e13-ef1a-4d8a-b51f-d7e9bc25a621 956f0e35f2164573871c81dd3584b969 c6eda3fdf8f5424bbaa5766421126f93 - - default default] Added segment 82a741f4-2215-4b51-8d9f-d902720e73f4 of type geneve for network a1ab583f-0e1f-47d1-891e-339066ce2f67
2026-06-23 01:31:51.141 7 INFO neutron.db.ovn_revision_numbers_db [None req-b85b3e13-ef1a-4d8a-b51f-d7e9bc25a621 956f0e35f2164573871c81dd3584b969 c6eda3fdf8f5424bbaa5766421126f93 - - default default] Successfully bumped revision number for resource a1ab583f-0e1f-47d1-891e-339066ce2f67 (type: networks) to 1
2026-06-23 01:31:51.311 7 WARNING neutron.scheduler.dhcp_agent_scheduler [None req-b85b3e13-ef1a-4d8a-b51f-d7e9bc25a621 956f0e35f2164573871c81dd3584b969 c6eda3fdf8f5424bbaa5766421126f93 - - default default] No more DHCP agents
2026-06-23 01:31:51.312 7 WARNING neutron.api.rpc.agentnotifiers.dhcp_rpc_agent_api [None req-b85b3e13-ef1a-4d8a-b51f-d7e9bc25a621 956f0e35f2164573871c81dd3584b969 c6eda3fdf8f5424bbaa5766421126f93 - - default default] Unable to schedule network a1ab583f-0e1f-47d1-891e-339066ce2f67: no agents available; will retry on subsequent port and subnet creation events.
2026-06-23 01:31:51.351 7 INFO neutron.plugins.ml2.drivers.ovn.mech_driver.mech_driver [None req-1e29b0cb-4d0c-43f5-ae03-2e8d9f247363 - - - - - -] OVN reports status down for port: e7ff371a-00e6-49b3-82e6-af92f610b177
2026-06-23 01:31:51.363 8 WARNING neutron.scheduler.dhcp_agent_scheduler [None req-140ede0f-1a0e-458b-972b-d27eb5c7aefc aa3b598f7eac48a8a782d7ddb191a335 917f4c2153d34661997132e2023b6986 - - default default] No more DHCP agents
2026-06-23 01:31:51.365 8 WARNING neutron.api.rpc.agentnotifiers.dhcp_rpc_agent_api [None req-140ede0f-1a0e-458b-972b-d27eb5c7aefc aa3b598f7eac48a8a782d7ddb191a335 917f4c2153d34661997132e2023b6986 - - default default] Unable to schedule network 2a4e6ff1-5137-45bb-9359-41e790e1fd96: no agents available; will retry on subsequent port and subnet creation events.
2026-06-23 01:31:51.416 7 INFO neutron.db.ovn_revision_numbers_db [None req-b85b3e13-ef1a-4d8a-b51f-d7e9bc25a621 956f0e35f2164573871c81dd3584b969 c6eda3fdf8f5424bbaa5766421126f93 - - default default] Successfully bumped revision number for resource e7ff371a-00e6-49b3-82e6-af92f610b177 (type: ports) to 1
2026-06-23 01:31:51.465 8 INFO neutron.plugins.ml2.drivers.ovn.mech_driver.mech_driver [None req-723b0788-fa46-4fbe-ae4c-ab5d7756dbf9 - - - - - -] OVN reports status down for port: 78f8943c-521b-42cf-991c-e10a866ff806 [pid: 7|app: 0|req: 1156/2175] 10.0.0.34 () {34 vars in 668 bytes} [Tue Jun 23 01:31:50 2026] POST /v2.0/networks => generated 651 bytes in 801 msecs (HTTP/1.1 201) 4 headers in 162 bytes (1 switches on core 0) [pid: 7|app: 0|req: 1157/2176] 10.0.0.34 () {34 vars in 757 bytes} [Tue Jun 23 01:31:51 2026] PUT /v2.0/floatingips/b3f8b729-1d4d-44aa-9027-77557d79a532/tags => generated 34 bytes in 38 msecs (HTTP/1.1 200) 4 headers in 156 bytes (1 switches on core 0)
2026-06-23 01:31:51.532 8 INFO neutron.db.ovn_revision_numbers_db [None req-140ede0f-1a0e-458b-972b-d27eb5c7aefc aa3b598f7eac48a8a782d7ddb191a335 917f4c2153d34661997132e2023b6986 - - default default] Successfully bumped revision number for resource 78f8943c-521b-42cf-991c-e10a866ff806 (type: ports) to 1
2026-06-23 01:31:51.851 7 WARNING neutron.scheduler.dhcp_agent_scheduler [None req-784031a2-b434-4d89-88a8-f1c8d08f1778 79c03a09a0ff483c9a398f863a9821ab ed5de76255004b05b5ed4a69d084f122 - - default default] No more DHCP agents
2026-06-23 01:31:51.852 7 WARNING neutron.api.rpc.agentnotifiers.dhcp_rpc_agent_api [None req-784031a2-b434-4d89-88a8-f1c8d08f1778 79c03a09a0ff483c9a398f863a9821ab ed5de76255004b05b5ed4a69d084f122 - - default default] Unable to schedule network 2a4e6ff1-5137-45bb-9359-41e790e1fd96: no agents available; will retry on subsequent port and subnet creation events.
2026-06-23 01:31:51.949 7 INFO neutron.plugins.ml2.drivers.ovn.mech_driver.mech_driver [None req-1e29b0cb-4d0c-43f5-ae03-2e8d9f247363 - - - - - -] OVN reports status down for port: 5ba6fc8e-03de-44e0-b633-49b148aec9ed
2026-06-23 01:31:52.022 7 INFO neutron.db.ovn_revision_numbers_db [None req-784031a2-b434-4d89-88a8-f1c8d08f1778 79c03a09a0ff483c9a398f863a9821ab ed5de76255004b05b5ed4a69d084f122 - - default default] Successfully bumped revision number for resource 5ba6fc8e-03de-44e0-b633-49b148aec9ed (type: ports) to 1
2026-06-23 01:31:52.132 8 INFO neutron.plugins.ml2.drivers.ovn.mech_driver.ovsdb.commands [None req-0026e28e-5b7c-4ba6-afd0-659340036295 - - - - - -] Schedule LRP lrp-78f8943c-521b-42cf-991c-e10a866ff806 on gateway aef4fd89-816a-444c-b044-d425125e8b2c with priority 1
2026-06-23 01:31:52.156 8 INFO neutron.plugins.ml2.drivers.ovn.mech_driver.mech_driver [None req-723b0788-fa46-4fbe-ae4c-ab5d7756dbf9 - - - - - -] OVN reports status up for port: 78f8943c-521b-42cf-991c-e10a866ff806
2026-06-23 01:31:52.195 8 INFO neutron.plugins.ml2.plugin [None req-723b0788-fa46-4fbe-ae4c-ab5d7756dbf9 - - - - - -] Attempt 1 to provision port 78f8943c-521b-42cf-991c-e10a866ff806
2026-06-23 01:31:52.240 8 INFO neutron.db.ovn_revision_numbers_db [None req-140ede0f-1a0e-458b-972b-d27eb5c7aefc aa3b598f7eac48a8a782d7ddb191a335 917f4c2153d34661997132e2023b6986 - - default default] Successfully bumped revision number for resource 78f8943c-521b-42cf-991c-e10a866ff806 (type: router_ports) to 1
2026-06-23 01:31:52.247 8 INFO neutron.plugins.ml2.drivers.ovn.mech_driver.ovsdb.ovsdb_monitor [None req-4c558d8e-0b28-4728-ad0f-5bf2005828fe - - - - - -] Router eacb400c-1117-4440-8d5c-9a72cd460b09 is bound to host instance
2026-06-23 01:31:52.429 8 INFO neutron.db.ovn_revision_numbers_db [None req-140ede0f-1a0e-458b-972b-d27eb5c7aefc aa3b598f7eac48a8a782d7ddb191a335 917f4c2153d34661997132e2023b6986 - - default default] Successfully bumped revision number for resource eacb400c-1117-4440-8d5c-9a72cd460b09 (type: routers) to 2 [pid: 8|app: 0|req: 1020/2177] 10.0.0.34 () {34 vars in 667 bytes} [Tue Jun 23 01:31:50 2026] POST /v2.0/routers => generated 955 bytes in 2074 msecs (HTTP/1.1 201) 4 headers in 162 bytes (1 switches on core 0)
2026-06-23 01:31:52.590 8 INFO neutron.db.segments_db [None req-10884be6-5e91-455f-9ad3-3e37b241c253 956f0e35f2164573871c81dd3584b969 c6eda3fdf8f5424bbaa5766421126f93 - - default default] Added segment 3e968518-ef49-41ef-9a39-63de83e44713 of type geneve for network 9acc6882-4a87-4ba7-aaef-8e840a482b96
2026-06-23 01:31:52.597 7 INFO neutron.plugins.ml2.drivers.ovn.mech_driver.ovsdb.commands [None req-159d842d-d078-4873-a3d7-55bd6f9879d5 - - - - - -] Schedule LRP lrp-5ba6fc8e-03de-44e0-b633-49b148aec9ed on gateway aef4fd89-816a-444c-b044-d425125e8b2c with priority 1
2026-06-23 01:31:52.613 7 INFO neutron.plugins.ml2.drivers.ovn.mech_driver.mech_driver [None req-1e29b0cb-4d0c-43f5-ae03-2e8d9f247363 - - - - - -] OVN reports status up for port: 5ba6fc8e-03de-44e0-b633-49b148aec9ed
2026-06-23 01:31:52.673 7 INFO neutron.plugins.ml2.plugin [None req-1e29b0cb-4d0c-43f5-ae03-2e8d9f247363 - - - - - -] Attempt 1 to provision port 5ba6fc8e-03de-44e0-b633-49b148aec9ed
2026-06-23 01:31:52.704 7 INFO neutron.db.ovn_revision_numbers_db [None req-784031a2-b434-4d89-88a8-f1c8d08f1778 79c03a09a0ff483c9a398f863a9821ab ed5de76255004b05b5ed4a69d084f122 - - default default] Successfully bumped revision number for resource 5ba6fc8e-03de-44e0-b633-49b148aec9ed (type: router_ports) to 1
2026-06-23 01:31:52.833 7 INFO neutron.db.ovn_revision_numbers_db [None req-784031a2-b434-4d89-88a8-f1c8d08f1778 79c03a09a0ff483c9a398f863a9821ab ed5de76255004b05b5ed4a69d084f122 - - default default] Successfully bumped revision number for resource e6a2ea1f-bb16-4112-8d40-ad6591991327 (type: routers) to 2
2026-06-23 01:31:52.836 8 INFO neutron.db.ovn_revision_numbers_db [None req-10884be6-5e91-455f-9ad3-3e37b241c253 956f0e35f2164573871c81dd3584b969 c6eda3fdf8f5424bbaa5766421126f93 - - default default] Successfully bumped revision number for resource 9acc6882-4a87-4ba7-aaef-8e840a482b96 (type: networks) to 1 [pid: 7|app: 0|req: 1158/2178] 10.0.0.34 () {34 vars in 667 bytes} [Tue Jun 23 01:31:51 2026] POST /v2.0/routers => generated 945 bytes in 1337 msecs (HTTP/1.1 201) 4 headers in 162 bytes (1 switches on core 0)
2026-06-23 01:31:53.162 8 WARNING neutron.scheduler.dhcp_agent_scheduler [None req-10884be6-5e91-455f-9ad3-3e37b241c253 956f0e35f2164573871c81dd3584b969 c6eda3fdf8f5424bbaa5766421126f93 - - default default] No more DHCP agents
2026-06-23 01:31:53.165 8 WARNING neutron.api.rpc.agentnotifiers.dhcp_rpc_agent_api [None req-10884be6-5e91-455f-9ad3-3e37b241c253 956f0e35f2164573871c81dd3584b969 c6eda3fdf8f5424bbaa5766421126f93 - - default default] Unable to schedule network 9acc6882-4a87-4ba7-aaef-8e840a482b96: no agents available; will retry on subsequent port and subnet creation events.
2026-06-23 01:31:53.285 8 INFO neutron.db.ovn_revision_numbers_db [None req-10884be6-5e91-455f-9ad3-3e37b241c253 956f0e35f2164573871c81dd3584b969 c6eda3fdf8f5424bbaa5766421126f93 - - default default] Successfully bumped revision number for resource 10adc9a4-768a-4409-ae0f-6e89eaaee7d0 (type: ports) to 1 [pid: 8|app: 0|req: 1021/2179] 10.0.0.34 () {34 vars in 668 bytes} [Tue Jun 23 01:31:52 2026] POST /v2.0/networks => generated 651 bytes in 859 msecs (HTTP/1.1 201) 4 headers in 162 bytes (1 switches on core 0) [pid: 7|app: 0|req: 1159/2180] 10.0.0.34 () {34 vars in 757 bytes} [Tue Jun 23 01:31:52 2026] PUT /v2.0/floatingips/e364040e-a363-48cc-b54f-10045acf4db2/tags => generated 19 bytes in 534 msecs (HTTP/1.1 200) 4 headers in 156 bytes (1 switches on core 0) [pid: 8|app: 0|req: 1022/2181] 10.0.0.34 () {32 vars in 774 bytes} [Tue Jun 23 01:31:53 2026] GET /v2.0/subnets?project_id=917f4c2153d34661997132e2023b6986&cidr=10.100.0.0%2F28 => generated 14 bytes in 112 msecs (HTTP/1.1 200) 4 headers in 156 bytes (1 switches on core 0) [pid: 8|app: 0|req: 1023/2182] 10.0.0.34 () {34 vars in 751 bytes} [Tue Jun 23 01:31:53 2026] PUT /v2.0/networks/a1ab583f-0e1f-47d1-891e-339066ce2f67/tags => generated 25 bytes in 109 msecs (HTTP/1.1 200) 4 headers in 156 bytes (1 switches on core 0) [pid: 8|app: 0|req: 1024/2183] 10.0.0.34 () {32 vars in 670 bytes} [Tue Jun 23 01:31:53 2026] GET /v2.0/floatingips?tags=red => generated 1671 bytes in 95 msecs (HTTP/1.1 200) 4 headers in 158 bytes (1 switches on core 0)
2026-06-23 01:31:53.667 8 INFO neutron.db.ovn_revision_numbers_db [None req-468aa82b-e31b-456a-8cba-6e0d280544e2 - - - - - -] Successfully bumped revision number for resource 78f8943c-521b-42cf-991c-e10a866ff806 (type: ports) to 4 [pid: 8|app: 0|req: 1025/2184] 10.0.0.34 () {32 vars in 692 bytes} [Tue Jun 23 01:31:53 2026] GET /v2.0/networks?router%3Aexternal=True => generated 791 bytes in 91 msecs (HTTP/1.1 200) 4 headers in 157 bytes (1 switches on core 0) [pid: 8|app: 0|req: 1026/2185] 10.0.0.34 () {32 vars in 731 bytes} [Tue Jun 23 01:31:53 2026] GET /v2.0/networks/a1ab583f-0e1f-47d1-891e-339066ce2f67/tags => generated 25 bytes in 70 msecs (HTTP/1.1 200) 4 headers in 156 bytes (1 switches on core 0)
2026-06-23 01:31:53.854 7 WARNING neutron.scheduler.dhcp_agent_scheduler [None req-9527c5a8-05b3-4a30-b5c7-d6b9fe08e8e0 79c03a09a0ff483c9a398f863a9821ab ed5de76255004b05b5ed4a69d084f122 - - default default] No more DHCP agents
2026-06-23 01:31:53.855 7 WARNING neutron.api.rpc.agentnotifiers.dhcp_rpc_agent_api [None req-9527c5a8-05b3-4a30-b5c7-d6b9fe08e8e0 79c03a09a0ff483c9a398f863a9821ab ed5de76255004b05b5ed4a69d084f122 - - default default] Unable to schedule network 7f5c5419-e565-453f-b4fd-c975f267d8f2: no agents available; will retry on subsequent port and subnet creation events. [pid: 8|app: 0|req: 1027/2186] 10.0.0.34 () {32 vars in 684 bytes} [Tue Jun 23 01:31:53 2026] GET /v2.0/floatingips?tags=red%2Cblue => generated 1128 bytes in 99 msecs (HTTP/1.1 200) 4 headers in 158 bytes (1 switches on core 0) [pid: 8|app: 0|req: 1028/2187] 10.0.0.34 () {32 vars in 782 bytes} [Tue Jun 23 01:31:53 2026] GET /v2.0/subnets?network_id=2a4e6ff1-5137-45bb-9359-41e790e1fd96&cidr=10.100.0.0%2F28 => generated 14 bytes in 58 msecs (HTTP/1.1 200) 4 headers in 156 bytes (1 switches on core 0)
2026-06-23 01:31:53.994 7 INFO neutron.db.ovn_revision_numbers_db [None req-9527c5a8-05b3-4a30-b5c7-d6b9fe08e8e0 79c03a09a0ff483c9a398f863a9821ab ed5de76255004b05b5ed4a69d084f122 - - default default] Successfully bumped revision number for resource 372f62e1-4f01-428c-b71d-8ac1bfccb1e7 (type: ports) to 1 [pid: 8|app: 0|req: 1029/2188] 10.0.0.34 () {34 vars in 751 bytes} [Tue Jun 23 01:31:53 2026] PUT /v2.0/networks/9acc6882-4a87-4ba7-aaef-8e840a482b96/tags => generated 17 bytes in 99 msecs (HTTP/1.1 200) 4 headers in 156 bytes (1 switches on core 0) [pid: 8|app: 0|req: 1030/2189] 10.0.0.34 () {32 vars in 680 bytes} [Tue Jun 23 01:31:54 2026] GET /v2.0/floatingips?tags-any=blue => generated 1128 bytes in 64 msecs (HTTP/1.1 200) 4 headers in 158 bytes (1 switches on core 0)
2026-06-23 01:31:54.363 8 INFO neutron.db.ovn_revision_numbers_db [None req-468aa82b-e31b-456a-8cba-6e0d280544e2 - - - - - -] Successfully bumped revision number for resource 78f8943c-521b-42cf-991c-e10a866ff806 (type: ports) to 5
2026-06-23 01:31:54.440 8 WARNING neutron.scheduler.dhcp_agent_scheduler [None req-059a1906-eb31-4a20-bae1-2c471b4d0346 aa3b598f7eac48a8a782d7ddb191a335 917f4c2153d34661997132e2023b6986 - - default default] No more DHCP agents
2026-06-23 01:31:54.442 8 WARNING neutron.api.rpc.agentnotifiers.dhcp_rpc_agent_api [None req-059a1906-eb31-4a20-bae1-2c471b4d0346 aa3b598f7eac48a8a782d7ddb191a335 917f4c2153d34661997132e2023b6986 - - default default] Unable to schedule network e97ecb4a-5ced-449a-bdd5-1c2ea184b37b: no agents available; will retry on subsequent port and subnet creation events.
2026-06-23 01:31:54.508 8 INFO neutron.plugins.ml2.drivers.ovn.mech_driver.ovsdb.ovsdb_monitor [None req-468aa82b-e31b-456a-8cba-6e0d280544e2 - - - - - -] Router e6a2ea1f-bb16-4112-8d40-ad6591991327 is bound to host instance
2026-06-23 01:31:54.689 7 WARNING neutron.scheduler.dhcp_agent_scheduler [None req-9527c5a8-05b3-4a30-b5c7-d6b9fe08e8e0 79c03a09a0ff483c9a398f863a9821ab ed5de76255004b05b5ed4a69d084f122 - - default default] No more DHCP agents
2026-06-23 01:31:54.691 7 WARNING neutron.api.rpc.agentnotifiers.dhcp_rpc_agent_api [None req-9527c5a8-05b3-4a30-b5c7-d6b9fe08e8e0 79c03a09a0ff483c9a398f863a9821ab ed5de76255004b05b5ed4a69d084f122 - - default default] Unable to schedule network 7f5c5419-e565-453f-b4fd-c975f267d8f2: no agents available; will retry on subsequent port and subnet creation events.
2026-06-23 01:31:55.066 7 INFO neutron.db.ovn_revision_numbers_db [None req-9527c5a8-05b3-4a30-b5c7-d6b9fe08e8e0 79c03a09a0ff483c9a398f863a9821ab ed5de76255004b05b5ed4a69d084f122 - - default default] Successfully bumped revision number for resource 372f62e1-4f01-428c-b71d-8ac1bfccb1e7 (type: router_ports) to 1 [pid: 7|app: 0|req: 1160/2190] 10.0.0.34 () {34 vars in 781 bytes} [Tue Jun 23 01:31:53 2026] PUT /v2.0/routers/e6a2ea1f-bb16-4112-8d40-ad6591991327/add_router_interface => generated 309 bytes in 1679 msecs (HTTP/1.1 200) 4 headers in 157 bytes (1 switches on core 0) [pid: 7|app: 0|req: 1161/2191] 10.0.0.34 () {32 vars in 731 bytes} [Tue Jun 23 01:31:55 2026] GET /v2.0/networks/9acc6882-4a87-4ba7-aaef-8e840a482b96/tags => generated 17 bytes in 46 msecs (HTTP/1.1 200) 4 headers in 156 bytes (1 switches on core 0) [pid: 7|app: 0|req: 1162/2192] 10.0.0.34 () {32 vars in 692 bytes} [Tue Jun 23 01:31:55 2026] GET /v2.0/floatingips?tags-any=red%2Cblue => generated 1671 bytes in 46 msecs (HTTP/1.1 200) 4 headers in 158 bytes (1 switches on core 0)
2026-06-23 01:31:55.288 8 INFO neutron.db.ovn_revision_numbers_db [None req-bd93b967-c67b-4941-94f7-463d0569ca77 - - - - - -] Successfully bumped revision number for resource 1bc42bef-833a-4ff0-a7d3-43f6353ee004 (type: ports) to 2
2026-06-23 01:31:55.358 8 INFO neutron.db.ovn_revision_numbers_db [None req-bd93b967-c67b-4941-94f7-463d0569ca77 - - - - - -] Successfully bumped revision number for resource 3e6ccbd0-f96a-482d-a005-ba0adb07cfd5 (type: subnets) to 0 [pid: 8|app: 0|req: 1031/2193] 10.0.0.34 () {34 vars in 667 bytes} [Tue Jun 23 01:31:54 2026] POST /v2.0/subnets => generated 656 bytes in 1257 msecs (HTTP/1.1 201) 4 headers in 162 bytes (1 switches on core 0) [pid: 8|app: 0|req: 1032/2194] 10.0.0.34 () {34 vars in 751 bytes} [Tue Jun 23 01:31:55 2026] PUT /v2.0/networks/9acc6882-4a87-4ba7-aaef-8e840a482b96/tags => generated 12 bytes in 105 msecs (HTTP/1.1 200) 4 headers in 156 bytes (1 switches on core 0) [pid: 8|app: 0|req: 1033/2195] 10.0.0.34 () {32 vars in 678 bytes} [Tue Jun 23 01:31:55 2026] GET /v2.0/floatingips?not-tags=red => generated 1100 bytes in 70 msecs (HTTP/1.1 200) 4 headers in 158 bytes (1 switches on core 0)
2026-06-23 01:31:55.670 7 INFO neutron.plugins.ml2.drivers.ovn.mech_driver.mech_driver [None req-1e29b0cb-4d0c-43f5-ae03-2e8d9f247363 - - - - - -] OVN reports status down for port: 10adc9a4-768a-4409-ae0f-6e89eaaee7d0
2026-06-23 01:31:55.695 7 WARNING neutron.scheduler.dhcp_agent_scheduler [None req-8f90f0f2-3313-4a6f-8922-607746f92d8b 79c03a09a0ff483c9a398f863a9821ab ed5de76255004b05b5ed4a69d084f122 - - default default] No more DHCP agents
2026-06-23 01:31:55.697 7 WARNING neutron.api.rpc.agentnotifiers.dhcp_rpc_agent_api [None req-8f90f0f2-3313-4a6f-8922-607746f92d8b 79c03a09a0ff483c9a398f863a9821ab ed5de76255004b05b5ed4a69d084f122 - - default default] Unable to schedule network 2d03a3cb-bf2c-4df5-bc81-309a5eb52872: no agents available; will retry on subsequent port and subnet creation events.
2026-06-23 01:31:55.756 7 INFO neutron.plugins.ml2.drivers.ovn.mech_driver.mech_driver [None req-1e29b0cb-4d0c-43f5-ae03-2e8d9f247363 - - - - - -] OVN reports status down for port: 372f62e1-4f01-428c-b71d-8ac1bfccb1e7
2026-06-23 01:31:55.873 7 WARNING neutron.plugins.ml2.drivers.ovn.mech_driver.ovsdb.ovn_client [None req-1e29b0cb-4d0c-43f5-ae03-2e8d9f247363 - - - - - -] Logical_Switch_Port %s host information not removed, the port state is up
2026-06-23 01:31:55.877 7 INFO neutron.plugins.ml2.drivers.ovn.mech_driver.mech_driver [None req-1e29b0cb-4d0c-43f5-ae03-2e8d9f247363 - - - - - -] OVN reports status up for port: 372f62e1-4f01-428c-b71d-8ac1bfccb1e7
2026-06-23 01:31:55.909 7 INFO neutron.plugins.ml2.plugin [None req-1e29b0cb-4d0c-43f5-ae03-2e8d9f247363 - - - - - -] Attempt 1 to provision port 372f62e1-4f01-428c-b71d-8ac1bfccb1e7
2026-06-23 01:31:55.930 7 INFO neutron.db.ovn_revision_numbers_db [None req-8f90f0f2-3313-4a6f-8922-607746f92d8b 79c03a09a0ff483c9a398f863a9821ab ed5de76255004b05b5ed4a69d084f122 - - default default] Successfully bumped revision number for resource 6caf6eff-54db-4d3f-ae5b-bc8fb3d324d2 (type: ports) to 1
2026-06-23 01:31:55.946 8 INFO neutron.db.ovn_revision_numbers_db [None req-2aca4222-d47b-46ee-967b-725365f68783 - - - - - -] Successfully bumped revision number for resource 5ba6fc8e-03de-44e0-b633-49b148aec9ed (type: ports) to 4
2026-06-23 01:31:56.491 8 WARNING neutron.scheduler.dhcp_agent_scheduler [None req-a5cad123-7e7e-4942-8ff8-b5f94f436dbb aa3b598f7eac48a8a782d7ddb191a335 917f4c2153d34661997132e2023b6986 - - default default] No more DHCP agents
2026-06-23 01:31:56.492 8 WARNING neutron.api.rpc.agentnotifiers.dhcp_rpc_agent_api [None req-a5cad123-7e7e-4942-8ff8-b5f94f436dbb aa3b598f7eac48a8a782d7ddb191a335 917f4c2153d34661997132e2023b6986 - - default default] Unable to schedule network e97ecb4a-5ced-449a-bdd5-1c2ea184b37b: no agents available; will retry on subsequent port and subnet creation events.
2026-06-23 01:31:56.496 8 INFO neutron.db.ovn_revision_numbers_db [None req-2aca4222-d47b-46ee-967b-725365f68783 - - - - - -] Successfully bumped revision number for resource 5ba6fc8e-03de-44e0-b633-49b148aec9ed (type: ports) to 5
2026-06-23 01:31:56.586 7 INFO neutron.db.ovn_revision_numbers_db [None req-1e29b0cb-4d0c-43f5-ae03-2e8d9f247363 - - - - - -] Successfully bumped revision number for resource 372f62e1-4f01-428c-b71d-8ac1bfccb1e7 (type: ports) to 2
2026-06-23 01:31:56.660 8 INFO neutron.db.ovn_revision_numbers_db [None req-a5cad123-7e7e-4942-8ff8-b5f94f436dbb aa3b598f7eac48a8a782d7ddb191a335 917f4c2153d34661997132e2023b6986 - - default default] Successfully bumped revision number for resource 066d480b-5fb2-4853-abb1-efb24f880540 (type: ports) to 1
2026-06-23 01:31:57.058 7 WARNING neutron.scheduler.dhcp_agent_scheduler [None req-8f90f0f2-3313-4a6f-8922-607746f92d8b 79c03a09a0ff483c9a398f863a9821ab ed5de76255004b05b5ed4a69d084f122 - - default default] No more DHCP agents
2026-06-23 01:31:57.059 7 WARNING neutron.api.rpc.agentnotifiers.dhcp_rpc_agent_api [None req-8f90f0f2-3313-4a6f-8922-607746f92d8b 79c03a09a0ff483c9a398f863a9821ab ed5de76255004b05b5ed4a69d084f122 - - default default] Unable to schedule network 2d03a3cb-bf2c-4df5-bc81-309a5eb52872: no agents available; will retry on subsequent port and subnet creation events.
2026-06-23 01:31:57.370 8 WARNING neutron.scheduler.dhcp_agent_scheduler [None req-a5cad123-7e7e-4942-8ff8-b5f94f436dbb aa3b598f7eac48a8a782d7ddb191a335 917f4c2153d34661997132e2023b6986 - - default default] No more DHCP agents
2026-06-23 01:31:57.371 8 WARNING neutron.api.rpc.agentnotifiers.dhcp_rpc_agent_api [None req-a5cad123-7e7e-4942-8ff8-b5f94f436dbb aa3b598f7eac48a8a782d7ddb191a335 917f4c2153d34661997132e2023b6986 - - default default] Unable to schedule network e97ecb4a-5ced-449a-bdd5-1c2ea184b37b: no agents available; will retry on subsequent port and subnet creation events.
2026-06-23 01:31:57.434 7 INFO neutron.db.ovn_revision_numbers_db [None req-8f90f0f2-3313-4a6f-8922-607746f92d8b 79c03a09a0ff483c9a398f863a9821ab ed5de76255004b05b5ed4a69d084f122 - - default default] Successfully bumped revision number for resource 6caf6eff-54db-4d3f-ae5b-bc8fb3d324d2 (type: router_ports) to 1 [pid: 7|app: 0|req: 1163/2196] 10.0.0.34 () {34 vars in 781 bytes} [Tue Jun 23 01:31:55 2026] PUT /v2.0/routers/e6a2ea1f-bb16-4112-8d40-ad6591991327/add_router_interface => generated 309 bytes in 2275 msecs (HTTP/1.1 200) 4 headers in 157 bytes (1 switches on core 0) [pid: 7|app: 0|req: 1164/2197] 10.0.0.34 () {32 vars in 731 bytes} [Tue Jun 23 01:31:57 2026] GET /v2.0/networks/9acc6882-4a87-4ba7-aaef-8e840a482b96/tags => generated 12 bytes in 35 msecs (HTTP/1.1 200) 4 headers in 156 bytes (1 switches on core 0) [pid: 7|app: 0|req: 1165/2198] 10.0.0.34 () {32 vars in 692 bytes} [Tue Jun 23 01:31:57 2026] GET /v2.0/floatingips?not-tags=red%2Cblue => generated 1643 bytes in 44 msecs (HTTP/1.1 200) 4 headers in 158 bytes (1 switches on core 0)
2026-06-23 01:31:57.677 8 INFO neutron.db.ovn_revision_numbers_db [None req-a5cad123-7e7e-4942-8ff8-b5f94f436dbb aa3b598f7eac48a8a782d7ddb191a335 917f4c2153d34661997132e2023b6986 - - default default] Successfully bumped revision number for resource 066d480b-5fb2-4853-abb1-efb24f880540 (type: router_ports) to 1 [pid: 8|app: 0|req: 1034/2199] 10.0.0.34 () {34 vars in 781 bytes} [Tue Jun 23 01:31:55 2026] PUT /v2.0/routers/eacb400c-1117-4440-8d5c-9a72cd460b09/add_router_interface => generated 309 bytes in 2116 msecs (HTTP/1.1 200) 4 headers in 157 bytes (1 switches on core 0) [pid: 8|app: 0|req: 1035/2200] 10.0.0.34 () {32 vars in 731 bytes} [Tue Jun 23 01:31:57 2026] GET /v2.0/networks/a1ab583f-0e1f-47d1-891e-339066ce2f67/tags => generated 25 bytes in 39 msecs (HTTP/1.1 200) 4 headers in 156 bytes (1 switches on core 0) [pid: 8|app: 0|req: 1036/2201] 10.0.0.34 () {32 vars in 688 bytes} [Tue Jun 23 01:31:57 2026] GET /v2.0/floatingips?not-tags-any=blue => generated 1643 bytes in 48 msecs (HTTP/1.1 200) 4 headers in 158 bytes (1 switches on core 0) [pid: 8|app: 0|req: 1037/2202] 10.0.0.34 () {32 vars in 647 bytes} [Tue Jun 23 01:31:57 2026] GET /v2.0/networks => generated 7059 bytes in 75 msecs (HTTP/1.1 200) 4 headers in 158 bytes (1 switches on core 0)
2026-06-23 01:31:57.988 8 INFO neutron_taas.services.taas.taas_plugin [None req-b1e82fd3-689a-4f16-8d3a-0ca3d8b5572e 956f0e35f2164573871c81dd3584b969 c6eda3fdf8f5424bbaa5766421126f93 - - default default] TaaS: Handle Delete Port: e7ff371a-00e6-49b3-82e6-af92f610b177
2026-06-23 01:31:57.990 8 INFO neutron_taas.services.taas.tap_mirror_plugin [None req-b1e82fd3-689a-4f16-8d3a-0ca3d8b5572e 956f0e35f2164573871c81dd3584b969 c6eda3fdf8f5424bbaa5766421126f93 - - default default] Tap Mirror: Handle Delete Port: e7ff371a-00e6-49b3-82e6-af92f610b177
2026-06-23 01:31:58.104 7 WARNING neutron.scheduler.dhcp_agent_scheduler [None req-c202fdb0-7be1-431e-8479-dbb82f11f05d 79c03a09a0ff483c9a398f863a9821ab ed5de76255004b05b5ed4a69d084f122 - - default default] No more DHCP agents
2026-06-23 01:31:58.105 7 WARNING neutron.api.rpc.agentnotifiers.dhcp_rpc_agent_api [None req-c202fdb0-7be1-431e-8479-dbb82f11f05d 79c03a09a0ff483c9a398f863a9821ab ed5de76255004b05b5ed4a69d084f122 - - default default] Unable to schedule network 4e7f9838-690b-44ee-b521-0eed072c6205: no agents available; will retry on subsequent port and subnet creation events.
2026-06-23 01:31:58.154 8 INFO neutron.services.segments.plugin [-] Segment 82a741f4-2215-4b51-8d9f-d902720e73f4 resource provider aggregate not found
2026-06-23 01:31:58.161 8 INFO neutron.services.segments.plugin [-] Segment 82a741f4-2215-4b51-8d9f-d902720e73f4 resource provider aggregate not found
