2026-06-23 01:30:43.039 7 INFO neutron.pecan_wsgi.hooks.translation [None req-4c41532f-9054-4ff2-b982-a2ce5f96afa8 9fbfdcdef87c486fa96b185127312591 01727937b58c45728e70f6b82976b85e - - default default] GET failed (client error): The resource could not be found. [pid: 7|app: 0|req: 788/1556] 10.0.0.34 () {32 vars in 715 bytes} [Tue Jun 23 01:30:43 2026] GET /v2.0/ports/1f38211f-9c4d-4c64-aeae-ef8f17584573 => generated 132 bytes in 23 msecs (HTTP/1.1 404) 4 headers in 164 bytes (1 switches on core 0) [pid: 8|app: 0|req: 769/1557] 10.0.0.34 () {32 vars in 722 bytes} [Tue Jun 23 01:30:43 2026] DELETE /v2.0/subnets/bba52cd9-5eae-44cf-810f-1ae60d93e044 => generated 0 bytes in 131 msecs (HTTP/1.1 204) 3 headers in 131 bytes (1 switches on core 0)
2026-06-23 01:30:43.293 8 INFO neutron.plugins.ml2.drivers.ovn.mech_driver.mech_driver [None req-e6051179-b859-4398-b2f5-c67e04381dc3 - - - - - -] OVN reports status down for port: 4df2feb4-b00b-4c97-bb62-bcc349de40b3
2026-06-23 01:30:43.307 7 INFO neutron_taas.services.taas.taas_plugin [None req-07993ff9-6ff7-4512-a6c3-cf6f011dfe17 9fbfdcdef87c486fa96b185127312591 01727937b58c45728e70f6b82976b85e - - default default] TaaS: Handle Delete Port: e858b6e5-d7a7-4a6e-9a84-c4be8c62f082
2026-06-23 01:30:43.311 7 INFO neutron_taas.services.taas.tap_mirror_plugin [None req-07993ff9-6ff7-4512-a6c3-cf6f011dfe17 9fbfdcdef87c486fa96b185127312591 01727937b58c45728e70f6b82976b85e - - default default] Tap Mirror: Handle Delete Port: e858b6e5-d7a7-4a6e-9a84-c4be8c62f082 [pid: 8|app: 0|req: 770/1558] 10.0.0.118 () {34 vars in 989 bytes} [Tue Jun 23 01:30:43 2026] GET /v2.0/ports?device_id=8345eca6-fd06-4dad-a172-4a5efedff093 => generated 971 bytes in 93 msecs (HTTP/1.1 200) 4 headers in 157 bytes (1 switches on core 0)
2026-06-23 01:30:43.518 7 INFO neutron.services.segments.plugin [-] Segment 675e243a-aef4-43c0-9d3c-51a17e265045 resource provider aggregate not found
2026-06-23 01:30:43.526 7 INFO neutron.services.segments.plugin [-] Segment 675e243a-aef4-43c0-9d3c-51a17e265045 resource provider aggregate not found
2026-06-23 01:30:43.542 7 INFO neutron.services.segments.plugin [-] Segment 675e243a-aef4-43c0-9d3c-51a17e265045 resource provider not found; error: Placement Client Error (4xx): {"errors": [{"status": 404, "title": "Not Found", "detail": "The resource could not be found.\n\n No resource provider with uuid 675e243a-aef4-43c0-9d3c-51a17e265045 found for delete ", "request_id": "req-f8768945-f8f6-4cb6-adf2-5410129fed09"}]}
2026-06-23 01:30:43.555 7 INFO neutron.services.segments.plugin [-] Segment 675e243a-aef4-43c0-9d3c-51a17e265045 resource provider not found; error: Placement Client Error (4xx): {"errors": [{"status": 404, "title": "Not Found", "detail": "The resource could not be found.\n\n No resource provider with uuid 675e243a-aef4-43c0-9d3c-51a17e265045 found for delete ", "request_id": "req-b87e1aff-57ab-464d-936a-24a9adcfd5ac"}]} [pid: 8|app: 0|req: 771/1559] 10.0.0.118 () {34 vars in 1039 bytes} [Tue Jun 23 01:30:43 2026] GET /v2.0/security-groups?id=082650b8-1aad-48e3-a17d-da115c76bbb1&fields=id&fields=name => generated 88 bytes in 49 msecs (HTTP/1.1 200) 4 headers in 156 bytes (1 switches on core 0) [pid: 7|app: 0|req: 789/1560] 10.0.0.34 () {32 vars in 724 bytes} [Tue Jun 23 01:30:43 2026] DELETE /v2.0/networks/33f3e80c-25b0-4d59-a44f-f1b12aded297 => generated 0 bytes in 402 msecs (HTTP/1.1 204) 3 headers in 131 bytes (1 switches on core 0)
2026-06-23 01:30:43.672 8 INFO neutron.db.ovn_revision_numbers_db [None req-e6051179-b859-4398-b2f5-c67e04381dc3 - - - - - -] Successfully bumped revision number for resource 4df2feb4-b00b-4c97-bb62-bcc349de40b3 (type: ports) to 6
2026-06-23 01:30:43.714 8 INFO neutron.db.segments_db [None req-7b027dad-2140-46e1-804e-fec5b1c15414 9fbfdcdef87c486fa96b185127312591 01727937b58c45728e70f6b82976b85e - - default default] Added segment a4d091bf-9897-4cdb-bc70-fb41bc98bba2 of type geneve for network bd0f21f9-b7e0-4913-9b58-38fa73375e87
2026-06-23 01:30:43.884 8 INFO neutron.db.ovn_revision_numbers_db [None req-7b027dad-2140-46e1-804e-fec5b1c15414 9fbfdcdef87c486fa96b185127312591 01727937b58c45728e70f6b82976b85e - - default default] Successfully bumped revision number for resource bd0f21f9-b7e0-4913-9b58-38fa73375e87 (type: networks) to 1
2026-06-23 01:30:44.067 8 WARNING neutron.scheduler.dhcp_agent_scheduler [None req-7b027dad-2140-46e1-804e-fec5b1c15414 9fbfdcdef87c486fa96b185127312591 01727937b58c45728e70f6b82976b85e - - default default] No more DHCP agents
2026-06-23 01:30:44.069 8 WARNING neutron.api.rpc.agentnotifiers.dhcp_rpc_agent_api [None req-7b027dad-2140-46e1-804e-fec5b1c15414 9fbfdcdef87c486fa96b185127312591 01727937b58c45728e70f6b82976b85e - - default default] Unable to schedule network bd0f21f9-b7e0-4913-9b58-38fa73375e87: no agents available; will retry on subsequent port and subnet creation events.
2026-06-23 01:30:44.129 8 INFO neutron.plugins.ml2.drivers.ovn.mech_driver.mech_driver [None req-4b7c41bf-77ca-4817-bf48-1e3050db518a - - - - - -] OVN reports status down for port: 21cb7d22-6a67-42d1-95c0-69e761ceee5e
2026-06-23 01:30:44.188 8 INFO neutron.db.ovn_revision_numbers_db [None req-7b027dad-2140-46e1-804e-fec5b1c15414 9fbfdcdef87c486fa96b185127312591 01727937b58c45728e70f6b82976b85e - - default default] Successfully bumped revision number for resource 21cb7d22-6a67-42d1-95c0-69e761ceee5e (type: ports) to 1 [pid: 8|app: 0|req: 772/1561] 10.0.0.34 () {34 vars in 668 bytes} [Tue Jun 23 01:30:43 2026] POST /v2.0/networks => generated 653 bytes in 644 msecs (HTTP/1.1 201) 4 headers in 162 bytes (1 switches on core 0)
2026-06-23 01:30:44.271 8 INFO neutron.notifiers.nova [-] Nova event matching ['req-516d7b25-80d1-4b8e-8458-d6602dfbb1e1'] response: {'server_uuid': '8345eca6-fd06-4dad-a172-4a5efedff093', 'name': 'network-vif-unplugged', 'status': 'completed', 'tag': '4df2feb4-b00b-4c97-bb62-bcc349de40b3', 'code': 200}
2026-06-23 01:30:44.271 8 INFO neutron.notifiers.nova [-] Nova event matching ['req-516d7b25-80d1-4b8e-8458-d6602dfbb1e1'] response: {'server_uuid': '8345eca6-fd06-4dad-a172-4a5efedff093', 'name': 'network-vif-unplugged', 'status': 'completed', 'tag': '4df2feb4-b00b-4c97-bb62-bcc349de40b3', 'code': 200}
2026-06-23 01:30:44.418 7 WARNING neutron.scheduler.dhcp_agent_scheduler [None req-c6eb10bc-f7ce-45da-901d-e3f7415d2bfe 9fbfdcdef87c486fa96b185127312591 01727937b58c45728e70f6b82976b85e - - default default] No more DHCP agents
2026-06-23 01:30:44.419 7 WARNING neutron.api.rpc.agentnotifiers.dhcp_rpc_agent_api [None req-c6eb10bc-f7ce-45da-901d-e3f7415d2bfe 9fbfdcdef87c486fa96b185127312591 01727937b58c45728e70f6b82976b85e - - default default] Unable to schedule network bd0f21f9-b7e0-4913-9b58-38fa73375e87: no agents available; will retry on subsequent port and subnet creation events.
2026-06-23 01:30:44.445 7 INFO neutron.db.ovn_revision_numbers_db [None req-c6eb10bc-f7ce-45da-901d-e3f7415d2bfe 9fbfdcdef87c486fa96b185127312591 01727937b58c45728e70f6b82976b85e - - default default] Successfully bumped revision number for resource d7692e88-425d-4af5-bf4e-999f561a2185 (type: subnets) to 0 [pid: 7|app: 0|req: 790/1562] 10.0.0.34 () {34 vars in 667 bytes} [Tue Jun 23 01:30:44 2026] POST /v2.0/subnets => generated 646 bytes in 219 msecs (HTTP/1.1 201) 4 headers in 162 bytes (1 switches on core 0) /var/lib/openstack/lib/python3.12/site-packages/pycadf/identifier.py:70: UserWarning: Invalid uuid: neutron. To ensure interoperability, identifiers should be a valid uuid. warnings.warn(('Invalid uuid: %s. To ensure interoperability, ' [pid: 7|app: 0|req: 791/1563] 199.204.45.132 () {34 vars in 993 bytes} [Tue Jun 23 01:30:44 2026] GET /v2.0/ports?device_id=8345eca6-fd06-4dad-a172-4a5efedff093 => generated 969 bytes in 71 msecs (HTTP/1.1 200) 4 headers in 157 bytes (1 switches on core 0)
2026-06-23 01:30:44.694 8 WARNING neutron.scheduler.dhcp_agent_scheduler [None req-0b11b4fa-d68b-4f05-9389-e36314b2b575 9fbfdcdef87c486fa96b185127312591 01727937b58c45728e70f6b82976b85e - - default default] No more DHCP agents
2026-06-23 01:30:44.696 8 WARNING neutron.api.rpc.agentnotifiers.dhcp_rpc_agent_api [None req-0b11b4fa-d68b-4f05-9389-e36314b2b575 9fbfdcdef87c486fa96b185127312591 01727937b58c45728e70f6b82976b85e - - default default] Unable to schedule network bd0f21f9-b7e0-4913-9b58-38fa73375e87: no agents available; will retry on subsequent port and subnet creation events.
2026-06-23 01:30:44.729 7 INFO neutron_taas.services.taas.taas_plugin [req-0ff82d60-8514-45ce-a48d-649d2c26a772 req-58f6e928-7b8e-426e-bc1a-36401d3bbc1a e6f3839c177a46e5a16735e1d588cfb5 233db74e5bf24ba0b5a47489b5821968 - - default default] TaaS: Handle Delete Port: 4df2feb4-b00b-4c97-bb62-bcc349de40b3
2026-06-23 01:30:44.734 7 INFO neutron_taas.services.taas.tap_mirror_plugin [req-0ff82d60-8514-45ce-a48d-649d2c26a772 req-58f6e928-7b8e-426e-bc1a-36401d3bbc1a e6f3839c177a46e5a16735e1d588cfb5 233db74e5bf24ba0b5a47489b5821968 - - default default] Tap Mirror: Handle Delete Port: 4df2feb4-b00b-4c97-bb62-bcc349de40b3
2026-06-23 01:30:44.780 8 INFO neutron.plugins.ml2.drivers.ovn.mech_driver.mech_driver [None req-4b7c41bf-77ca-4817-bf48-1e3050db518a - - - - - -] OVN reports status down for port: b1e2a5a0-a6d3-4b08-9b6a-af4f28b8fcb2
2026-06-23 01:30:44.853 8 INFO neutron.db.ovn_revision_numbers_db [None req-0b11b4fa-d68b-4f05-9389-e36314b2b575 9fbfdcdef87c486fa96b185127312591 01727937b58c45728e70f6b82976b85e - - default default] Successfully bumped revision number for resource b1e2a5a0-a6d3-4b08-9b6a-af4f28b8fcb2 (type: ports) to 1 [pid: 7|app: 0|req: 792/1564] 199.204.45.132 () {36 vars in 996 bytes} [Tue Jun 23 01:30:44 2026] DELETE /v2.0/ports/4df2feb4-b00b-4c97-bb62-bcc349de40b3 => generated 0 bytes in 331 msecs (HTTP/1.1 204) 3 headers in 131 bytes (1 switches on core 0) [pid: 7|app: 0|req: 793/1565] 10.0.0.118 () {34 vars in 989 bytes} [Tue Jun 23 01:30:44 2026] GET /v2.0/ports?device_id=8345eca6-fd06-4dad-a172-4a5efedff093 => generated 12 bytes in 25 msecs (HTTP/1.1 200) 4 headers in 156 bytes (1 switches on core 0)
2026-06-23 01:30:44.941 7 INFO neutron.notifiers.nova [-] Nova event matching ['req-f0dfdeb0-a73b-4174-9ea0-70b9a7f35174'] response: {'server_uuid': '8345eca6-fd06-4dad-a172-4a5efedff093', 'name': 'network-vif-deleted', 'tag': '4df2feb4-b00b-4c97-bb62-bcc349de40b3', 'status': 'completed', 'code': 200} [pid: 8|app: 0|req: 773/1566] 10.0.0.34 () {34 vars in 663 bytes} [Tue Jun 23 01:30:44 2026] POST /v2.0/ports => generated 928 bytes in 496 msecs (HTTP/1.1 201) 4 headers in 162 bytes (1 switches on core 0)
2026-06-23 01:30:45.075 8 INFO neutron_taas.services.taas.taas_plugin [None req-3ed6371a-9645-46ff-abaa-2ce27e5a7c77 9fbfdcdef87c486fa96b185127312591 01727937b58c45728e70f6b82976b85e - - default default] TaaS: Handle Delete Port: b1e2a5a0-a6d3-4b08-9b6a-af4f28b8fcb2
2026-06-23 01:30:45.077 8 INFO neutron_taas.services.taas.tap_mirror_plugin [None req-3ed6371a-9645-46ff-abaa-2ce27e5a7c77 9fbfdcdef87c486fa96b185127312591 01727937b58c45728e70f6b82976b85e - - default default] Tap Mirror: Handle Delete Port: b1e2a5a0-a6d3-4b08-9b6a-af4f28b8fcb2 [pid: 8|app: 0|req: 774/1567] 10.0.0.34 () {32 vars in 718 bytes} [Tue Jun 23 01:30:44 2026] DELETE /v2.0/ports/b1e2a5a0-a6d3-4b08-9b6a-af4f28b8fcb2 => generated 0 bytes in 226 msecs (HTTP/1.1 204) 3 headers in 131 bytes (1 switches on core 0) [pid: 7|app: 0|req: 794/1568] 10.0.0.66 () {28 vars in 577 bytes} [Tue Jun 23 01:30:44 2026] GET /v2.0/ports => generated 12082 bytes in 269 msecs (HTTP/1.1 200) 4 headers in 159 bytes (1 switches on core 0)
2026-06-23 01:30:45.217 8 INFO neutron.pecan_wsgi.hooks.translation [None req-da34532c-f9a9-4a43-9eef-dbc808a9c926 9fbfdcdef87c486fa96b185127312591 01727937b58c45728e70f6b82976b85e - - default default] GET failed (client error): The resource could not be found. [pid: 8|app: 0|req: 775/1569] 10.0.0.34 () {32 vars in 715 bytes} [Tue Jun 23 01:30:45 2026] GET /v2.0/ports/b1e2a5a0-a6d3-4b08-9b6a-af4f28b8fcb2 => generated 132 bytes in 18 msecs (HTTP/1.1 404) 4 headers in 164 bytes (1 switches on core 0) [pid: 7|app: 0|req: 795/1570] 10.0.0.66 () {28 vars in 579 bytes} [Tue Jun 23 01:30:45 2026] GET /v2.0/agents => generated 1214 bytes in 28 msecs (HTTP/1.1 200) 4 headers in 158 bytes (1 switches on core 0) [pid: 7|app: 0|req: 796/1571] 10.0.0.66 () {28 vars in 589 bytes} [Tue Jun 23 01:30:45 2026] GET /v2.0/floatingips => generated 19 bytes in 19 msecs (HTTP/1.1 200) 4 headers in 156 bytes (1 switches on core 0) [pid: 7|app: 0|req: 797/1572] 10.0.0.66 () {28 vars in 581 bytes} [Tue Jun 23 01:30:45 2026] GET /v2.0/subnets => generated 2644 bytes in 31 msecs (HTTP/1.1 200) 4 headers in 158 bytes (1 switches on core 0) [pid: 8|app: 0|req: 776/1573] 10.0.0.34 () {32 vars in 722 bytes} [Tue Jun 23 01:30:45 2026] DELETE /v2.0/subnets/d7692e88-425d-4af5-bf4e-999f561a2185 => generated 0 bytes in 129 msecs (HTTP/1.1 204) 3 headers in 131 bytes (1 switches on core 0) [pid: 7|app: 0|req: 798/1574] 10.0.0.66 () {28 vars in 583 bytes} [Tue Jun 23 01:30:45 2026] GET /v2.0/networks => generated 4635 bytes in 66 msecs (HTTP/1.1 200) 4 headers in 158 bytes (1 switches on core 0) [pid: 7|app: 0|req: 799/1575] 10.0.0.66 () {28 vars in 581 bytes} [Tue Jun 23 01:30:45 2026] GET /v2.0/routers => generated 979 bytes in 73 msecs (HTTP/1.1 200) 4 headers in 157 bytes (1 switches on core 0)
2026-06-23 01:30:45.506 8 INFO neutron_taas.services.taas.taas_plugin [None req-0584d738-adff-4223-a8ef-c1ca64af42f8 9fbfdcdef87c486fa96b185127312591 01727937b58c45728e70f6b82976b85e - - default default] TaaS: Handle Delete Port: 21cb7d22-6a67-42d1-95c0-69e761ceee5e
2026-06-23 01:30:45.508 8 INFO neutron_taas.services.taas.tap_mirror_plugin [None req-0584d738-adff-4223-a8ef-c1ca64af42f8 9fbfdcdef87c486fa96b185127312591 01727937b58c45728e70f6b82976b85e - - default default] Tap Mirror: Handle Delete Port: 21cb7d22-6a67-42d1-95c0-69e761ceee5e
2026-06-23 01:30:45.697 8 INFO neutron.services.segments.plugin [-] Segment a4d091bf-9897-4cdb-bc70-fb41bc98bba2 resource provider aggregate not found
2026-06-23 01:30:45.708 8 INFO neutron.services.segments.plugin [-] Segment a4d091bf-9897-4cdb-bc70-fb41bc98bba2 resource provider aggregate not found
2026-06-23 01:30:45.722 8 INFO neutron.services.segments.plugin [-] Segment a4d091bf-9897-4cdb-bc70-fb41bc98bba2 resource provider not found; error: Placement Client Error (4xx): {"errors": [{"status": 404, "title": "Not Found", "detail": "The resource could not be found.\n\n No resource provider with uuid a4d091bf-9897-4cdb-bc70-fb41bc98bba2 found for delete ", "request_id": "req-3356b660-c353-4100-bc5b-af6d5a968c35"}]}
2026-06-23 01:30:45.727 7 INFO neutron.db.ovn_revision_numbers_db [None req-bb183a5f-b11f-46ee-98cf-f59ca1a352ce ec8ee87e1f104be9901ea17a228cab14 5c572a9c35264af1a300ace71ad0b32b - - default default] Successfully bumped revision number for resource 041d2f05-8195-46bd-98da-5aa072592c27 (type: security_groups) to 1
2026-06-23 01:30:45.733 8 INFO neutron.services.segments.plugin [-] Segment a4d091bf-9897-4cdb-bc70-fb41bc98bba2 resource provider not found; error: Placement Client Error (4xx): {"errors": [{"status": 404, "title": "Not Found", "detail": "The resource could not be found.\n\n No resource provider with uuid a4d091bf-9897-4cdb-bc70-fb41bc98bba2 found for delete ", "request_id": "req-c1c4c90d-20f0-4f5a-b0bb-ce88b44f2ff8"}]}
2026-06-23 01:30:45.738 7 INFO neutron.db.ovn_revision_numbers_db [None req-bb183a5f-b11f-46ee-98cf-f59ca1a352ce ec8ee87e1f104be9901ea17a228cab14 5c572a9c35264af1a300ace71ad0b32b - - default default] Successfully bumped revision number for resource 2503f26b-45b9-4859-8a9a-32654398cbad (type: security_group_rules) to 0
2026-06-23 01:30:45.750 7 INFO neutron.db.ovn_revision_numbers_db [None req-bb183a5f-b11f-46ee-98cf-f59ca1a352ce ec8ee87e1f104be9901ea17a228cab14 5c572a9c35264af1a300ace71ad0b32b - - default default] Successfully bumped revision number for resource 5a907813-aef3-4150-8fec-814a3f3d4cc2 (type: security_group_rules) to 0 [pid: 8|app: 0|req: 777/1576] 10.0.0.34 () {32 vars in 724 bytes} [Tue Jun 23 01:30:45 2026] DELETE /v2.0/networks/bd0f21f9-b7e0-4913-9b58-38fa73375e87 => generated 0 bytes in 376 msecs (HTTP/1.1 204) 3 headers in 131 bytes (1 switches on core 0) [pid: 8|app: 0|req: 778/1577] 10.0.0.66 () {28 vars in 622 bytes} [Tue Jun 23 01:30:45 2026] GET /v2.0/agents?binary=ovn-controller => generated 416 bytes in 9 msecs (HTTP/1.1 200) 4 headers in 157 bytes (1 switches on core 0)
2026-06-23 01:30:45.763 7 INFO neutron.db.ovn_revision_numbers_db [None req-bb183a5f-b11f-46ee-98cf-f59ca1a352ce ec8ee87e1f104be9901ea17a228cab14 5c572a9c35264af1a300ace71ad0b32b - - default default] Successfully bumped revision number for resource 67f6f679-2804-45b8-b747-939dc349b79d (type: security_group_rules) to 0
2026-06-23 01:30:45.776 7 INFO neutron.db.ovn_revision_numbers_db [None req-bb183a5f-b11f-46ee-98cf-f59ca1a352ce ec8ee87e1f104be9901ea17a228cab14 5c572a9c35264af1a300ace71ad0b32b - - default default] Successfully bumped revision number for resource f048f760-12e6-4f33-a3aa-220eb66631e7 (type: security_group_rules) to 0 [pid: 7|app: 0|req: 800/1578] 10.0.0.34 () {32 vars in 772 bytes} [Tue Jun 23 01:30:45 2026] GET /v2.0/security-groups?tenant_id=10238fe3954a420d8ba5797e8575a37e&name=default => generated 2925 bytes in 358 msecs (HTTP/1.1 200) 4 headers in 158 bytes (1 switches on core 0) [pid: 7|app: 0|req: 801/1579] 10.0.0.66 () {28 vars in 581 bytes} [Tue Jun 23 01:30:45 2026] GET /v2.0/subnets => generated 1990 bytes in 37 msecs (HTTP/1.1 200) 4 headers in 158 bytes (1 switches on core 0)
2026-06-23 01:30:45.969 8 WARNING neutron.scheduler.dhcp_agent_scheduler [None req-347b327f-1b4c-4887-9551-a2b7c78887d9 9fbfdcdef87c486fa96b185127312591 01727937b58c45728e70f6b82976b85e - - default default] No more DHCP agents
2026-06-23 01:30:45.971 8 WARNING neutron.api.rpc.agentnotifiers.dhcp_rpc_agent_api [None req-347b327f-1b4c-4887-9551-a2b7c78887d9 9fbfdcdef87c486fa96b185127312591 01727937b58c45728e70f6b82976b85e - - default default] Unable to schedule network 88c18239-97a2-4bc0-9016-cb0faaf86341: no agents available; will retry on subsequent port and subnet creation events.
2026-06-23 01:30:46.020 8 INFO neutron.plugins.ml2.drivers.ovn.mech_driver.mech_driver [None req-4b7c41bf-77ca-4817-bf48-1e3050db518a - - - - - -] OVN reports status down for port: af960dba-0a0b-47a9-90a1-95a74ab6388e
2026-06-23 01:30:46.057 7 INFO neutron.db.ovn_revision_numbers_db [None req-91d6454b-e503-47ed-9010-db83af6406e0 81622e2df632479a85ac66d570a2dcd8 01f7d8acf6044b4386990b54e1abac40 - - default default] Successfully bumped revision number for resource 4baf737a-281d-4d9b-b795-913954fa2807 (type: security_groups) to 1
2026-06-23 01:30:46.063 8 INFO neutron.db.ovn_revision_numbers_db [None req-347b327f-1b4c-4887-9551-a2b7c78887d9 9fbfdcdef87c486fa96b185127312591 01727937b58c45728e70f6b82976b85e - - default default] Successfully bumped revision number for resource af960dba-0a0b-47a9-90a1-95a74ab6388e (type: ports) to 1
2026-06-23 01:30:46.073 7 INFO neutron.db.ovn_revision_numbers_db [None req-91d6454b-e503-47ed-9010-db83af6406e0 81622e2df632479a85ac66d570a2dcd8 01f7d8acf6044b4386990b54e1abac40 - - default default] Successfully bumped revision number for resource 25fcde92-1e37-4728-bb60-f78b0f9bae90 (type: security_group_rules) to 0
2026-06-23 01:30:46.092 7 INFO neutron.db.ovn_revision_numbers_db [None req-91d6454b-e503-47ed-9010-db83af6406e0 81622e2df632479a85ac66d570a2dcd8 01f7d8acf6044b4386990b54e1abac40 - - default default] Successfully bumped revision number for resource 2b2eed04-0040-44fe-b8f0-fe5464990be4 (type: security_group_rules) to 0 [pid: 8|app: 0|req: 779/1580] 10.0.0.34 () {34 vars in 663 bytes} [Tue Jun 23 01:30:45 2026] POST /v2.0/ports => generated 779 bytes in 335 msecs (HTTP/1.1 201) 4 headers in 162 bytes (1 switches on core 0) /var/lib/openstack/lib/python3.12/site-packages/pycadf/identifier.py:70: UserWarning: Invalid uuid: neutron. To ensure interoperability, identifiers should be a valid uuid. warnings.warn(('Invalid uuid: %s. To ensure interoperability, '
2026-06-23 01:30:46.118 7 INFO neutron.db.ovn_revision_numbers_db [None req-91d6454b-e503-47ed-9010-db83af6406e0 81622e2df632479a85ac66d570a2dcd8 01f7d8acf6044b4386990b54e1abac40 - - default default] Successfully bumped revision number for resource 4861daa3-0d1e-47d1-943d-89f58376f9b1 (type: security_group_rules) to 0
2026-06-23 01:30:46.129 7 INFO neutron.db.ovn_revision_numbers_db [None req-91d6454b-e503-47ed-9010-db83af6406e0 81622e2df632479a85ac66d570a2dcd8 01f7d8acf6044b4386990b54e1abac40 - - default default] Successfully bumped revision number for resource 4c898223-cea1-45af-8ccf-251f15a25424 (type: security_group_rules) to 0
2026-06-23 01:30:46.204 7 INFO neutron.db.segments_db [None req-91d6454b-e503-47ed-9010-db83af6406e0 81622e2df632479a85ac66d570a2dcd8 01f7d8acf6044b4386990b54e1abac40 - - default default] Added segment 55a2f1a3-07aa-41e0-8aa2-c0720bdfedf9 of type geneve for network aa3541e6-575c-43fb-b00f-84418acb6574
2026-06-23 01:30:46.303 7 INFO neutron.db.ovn_revision_numbers_db [None req-91d6454b-e503-47ed-9010-db83af6406e0 81622e2df632479a85ac66d570a2dcd8 01f7d8acf6044b4386990b54e1abac40 - - default default] Successfully bumped revision number for resource aa3541e6-575c-43fb-b00f-84418acb6574 (type: networks) to 1 [pid: 8|app: 0|req: 780/1581] 10.0.0.34 () {32 vars in 738 bytes} [Tue Jun 23 01:30:46 2026] DELETE /v2.0/security-groups/041d2f05-8195-46bd-98da-5aa072592c27 => generated 0 bytes in 212 msecs (HTTP/1.1 204) 2 headers in 112 bytes (1 switches on core 0) [pid: 8|app: 0|req: 781/1582] 10.0.0.66 () {28 vars in 589 bytes} [Tue Jun 23 01:30:46 2026] GET /v2.0/subnetpools => generated 19 bytes in 8 msecs (HTTP/1.1 200) 4 headers in 156 bytes (1 switches on core 0) [pid: 8|app: 0|req: 782/1583] 10.0.0.118 () {34 vars in 989 bytes} [Tue Jun 23 01:30:46 2026] GET /v2.0/ports?device_id=8345eca6-fd06-4dad-a172-4a5efedff093 => generated 12 bytes in 16 msecs (HTTP/1.1 200) 4 headers in 156 bytes (1 switches on core 0)
2026-06-23 01:30:46.472 7 WARNING neutron.scheduler.dhcp_agent_scheduler [None req-91d6454b-e503-47ed-9010-db83af6406e0 81622e2df632479a85ac66d570a2dcd8 01f7d8acf6044b4386990b54e1abac40 - - default default] No more DHCP agents
2026-06-23 01:30:46.476 7 WARNING neutron.api.rpc.agentnotifiers.dhcp_rpc_agent_api [None req-91d6454b-e503-47ed-9010-db83af6406e0 81622e2df632479a85ac66d570a2dcd8 01f7d8acf6044b4386990b54e1abac40 - - default default] Unable to schedule network aa3541e6-575c-43fb-b00f-84418acb6574: no agents available; will retry on subsequent port and subnet creation events.
2026-06-23 01:30:46.535 8 INFO neutron.plugins.ml2.drivers.ovn.mech_driver.mech_driver [None req-4b7c41bf-77ca-4817-bf48-1e3050db518a - - - - - -] OVN reports status down for port: 9b09a422-1877-44b7-a348-41375a98d5a8
2026-06-23 01:30:46.585 7 INFO neutron.db.ovn_revision_numbers_db [None req-91d6454b-e503-47ed-9010-db83af6406e0 81622e2df632479a85ac66d570a2dcd8 01f7d8acf6044b4386990b54e1abac40 - - default default] Successfully bumped revision number for resource 9b09a422-1877-44b7-a348-41375a98d5a8 (type: ports) to 1 [pid: 7|app: 0|req: 802/1584] 10.0.0.34 () {34 vars in 668 bytes} [Tue Jun 23 01:30:45 2026] POST /v2.0/networks => generated 650 bytes in 769 msecs (HTTP/1.1 201) 4 headers in 162 bytes (1 switches on core 0) [pid: 7|app: 0|req: 803/1585] 10.0.0.66 () {28 vars in 617 bytes} [Tue Jun 23 01:30:46 2026] GET /v2.0/network-ip-availabilities => generated 2136 bytes in 18 msecs (HTTP/1.1 200) 4 headers in 158 bytes (1 switches on core 0)
2026-06-23 01:30:46.653 8 INFO neutron.db.ovn_revision_numbers_db [None req-1900c7bb-7bce-4c76-a596-e7c623a22ca8 9fbfdcdef87c486fa96b185127312591 01727937b58c45728e70f6b82976b85e - - default default] Successfully bumped revision number for resource af960dba-0a0b-47a9-90a1-95a74ab6388e (type: ports) to 2
2026-06-23 01:30:46.661 8 INFO neutron.plugins.ml2.drivers.ovn.mech_driver.mech_driver [None req-4b7c41bf-77ca-4817-bf48-1e3050db518a - - - - - -] OVN reports status down for port: af960dba-0a0b-47a9-90a1-95a74ab6388e [pid: 8|app: 0|req: 783/1586] 10.0.0.34 () {34 vars in 735 bytes} [Tue Jun 23 01:30:46 2026] PUT /v2.0/ports/af960dba-0a0b-47a9-90a1-95a74ab6388e => generated 752 bytes in 386 msecs (HTTP/1.1 200) 4 headers in 157 bytes (1 switches on core 0) /var/lib/openstack/lib/python3.12/site-packages/pycadf/identifier.py:70: UserWarning: Invalid uuid: neutron. To ensure interoperability, identifiers should be a valid uuid. warnings.warn(('Invalid uuid: %s. To ensure interoperability, ' [pid: 8|app: 0|req: 784/1587] 10.0.0.66 () {28 vars in 597 bytes} [Tue Jun 23 01:30:46 2026] GET /v2.0/security-groups => generated 26113 bytes in 46 msecs (HTTP/1.1 200) 4 headers in 159 bytes (1 switches on core 0)
2026-06-23 01:30:46.801 7 WARNING neutron.scheduler.dhcp_agent_scheduler [None req-cf16ed85-71a8-4902-afb3-ba548592f8e3 81622e2df632479a85ac66d570a2dcd8 01f7d8acf6044b4386990b54e1abac40 - - default default] No more DHCP agents
2026-06-23 01:30:46.802 7 WARNING neutron.api.rpc.agentnotifiers.dhcp_rpc_agent_api [None req-cf16ed85-71a8-4902-afb3-ba548592f8e3 81622e2df632479a85ac66d570a2dcd8 01f7d8acf6044b4386990b54e1abac40 - - default default] Unable to schedule network aa3541e6-575c-43fb-b00f-84418acb6574: no agents available; will retry on subsequent port and subnet creation events.
2026-06-23 01:30:46.879 8 INFO neutron_taas.services.taas.taas_plugin [None req-7f573824-9655-44d2-82df-cca7508680c8 9fbfdcdef87c486fa96b185127312591 01727937b58c45728e70f6b82976b85e - - default default] TaaS: Handle Delete Port: af960dba-0a0b-47a9-90a1-95a74ab6388e
2026-06-23 01:30:46.882 8 INFO neutron_taas.services.taas.tap_mirror_plugin [None req-7f573824-9655-44d2-82df-cca7508680c8 9fbfdcdef87c486fa96b185127312591 01727937b58c45728e70f6b82976b85e - - default default] Tap Mirror: Handle Delete Port: af960dba-0a0b-47a9-90a1-95a74ab6388e [pid: 8|app: 0|req: 785/1588] 10.0.0.34 () {32 vars in 718 bytes} [Tue Jun 23 01:30:46 2026] DELETE /v2.0/ports/af960dba-0a0b-47a9-90a1-95a74ab6388e => generated 0 bytes in 215 msecs (HTTP/1.1 204) 3 headers in 131 bytes (1 switches on core 0) [pid: 8|app: 0|req: 786/1589] 10.0.0.34 () {32 vars in 641 bytes} [Tue Jun 23 01:30:46 2026] GET /v2.0/ports => generated 1537 bytes in 70 msecs (HTTP/1.1 200) 4 headers in 158 bytes (1 switches on core 0)
2026-06-23 01:30:47.078 8 INFO neutron.pecan_wsgi.hooks.translation [None req-ecb1bc6b-7e8f-4391-8e51-acf9a25c5300 9fbfdcdef87c486fa96b185127312591 01727937b58c45728e70f6b82976b85e - - default default] GET failed (client error): The resource could not be found. [pid: 8|app: 0|req: 787/1590] 10.0.0.34 () {32 vars in 715 bytes} [Tue Jun 23 01:30:47 2026] GET /v2.0/ports/af960dba-0a0b-47a9-90a1-95a74ab6388e => generated 132 bytes in 14 msecs (HTTP/1.1 404) 4 headers in 164 bytes (1 switches on core 0) [pid: 8|app: 0|req: 788/1591] 10.0.0.34 () {32 vars in 641 bytes} [Tue Jun 23 01:30:47 2026] GET /v2.0/ports => generated 1537 bytes in 35 msecs (HTTP/1.1 200) 4 headers in 158 bytes (1 switches on core 0) [pid: 8|app: 0|req: 789/1592] 10.0.0.34 () {32 vars in 715 bytes} [Tue Jun 23 01:30:47 2026] GET /v2.0/ports/5224267f-7ace-4302-a937-341ccec93cc2 => generated 778 bytes in 32 msecs (HTTP/1.1 200) 4 headers in 157 bytes (1 switches on core 0)
2026-06-23 01:30:47.173 8 INFO neutron.pecan_wsgi.hooks.translation [None req-e578e43c-2b58-41a8-ae65-311cd4919a05 9fbfdcdef87c486fa96b185127312591 01727937b58c45728e70f6b82976b85e - - default default] DELETE failed (client error): The resource could not be found. [pid: 8|app: 0|req: 790/1593] 10.0.0.34 () {32 vars in 718 bytes} [Tue Jun 23 01:30:47 2026] DELETE /v2.0/ports/b1e2a5a0-a6d3-4b08-9b6a-af4f28b8fcb2 => generated 132 bytes in 14 msecs (HTTP/1.1 404) 4 headers in 164 bytes (1 switches on core 0)
2026-06-23 01:30:47.186 8 INFO neutron.pecan_wsgi.hooks.translation [None req-0056b79d-0149-4be5-acce-791dc2e619c2 9fbfdcdef87c486fa96b185127312591 01727937b58c45728e70f6b82976b85e - - default default] DELETE failed (client error): The resource could not be found. [pid: 8|app: 0|req: 791/1594] 10.0.0.34 () {32 vars in 722 bytes} [Tue Jun 23 01:30:47 2026] DELETE /v2.0/subnets/d7692e88-425d-4af5-bf4e-999f561a2185 => generated 136 bytes in 11 msecs (HTTP/1.1 404) 4 headers in 164 bytes (1 switches on core 0)
2026-06-23 01:30:47.200 8 INFO neutron.pecan_wsgi.hooks.translation [None req-3e949afb-cbb9-42a8-95c7-a95ec9dcdb7a 9fbfdcdef87c486fa96b185127312591 01727937b58c45728e70f6b82976b85e - - default default] DELETE failed (client error): The resource could not be found. [pid: 8|app: 0|req: 792/1595] 10.0.0.34 () {32 vars in 722 bytes} [Tue Jun 23 01:30:47 2026] DELETE /v2.0/subnets/bba52cd9-5eae-44cf-810f-1ae60d93e044 => generated 136 bytes in 10 msecs (HTTP/1.1 404) 4 headers in 164 bytes (1 switches on core 0)
2026-06-23 01:30:47.245 7 INFO neutron.db.ovn_revision_numbers_db [None req-94f4e03b-4c9b-4375-ab1c-674f543a655c - - - - - -] Successfully bumped revision number for resource 9b09a422-1877-44b7-a348-41375a98d5a8 (type: ports) to 2
2026-06-23 01:30:47.277 7 INFO neutron.db.ovn_revision_numbers_db [None req-94f4e03b-4c9b-4375-ab1c-674f543a655c - - - - - -] Successfully bumped revision number for resource b9811243-f390-45e9-aed0-2a43a3924c23 (type: subnets) to 0 [pid: 7|app: 0|req: 804/1596] 10.0.0.34 () {34 vars in 667 bytes} [Tue Jun 23 01:30:46 2026] POST /v2.0/subnets => generated 626 bytes in 660 msecs (HTTP/1.1 201) 4 headers in 162 bytes (1 switches on core 0)
2026-06-23 01:30:47.335 8 INFO neutron_taas.services.taas.taas_plugin [None req-19fdf4d4-cc79-4bcb-84b7-dbdb0a7a54ce 9fbfdcdef87c486fa96b185127312591 01727937b58c45728e70f6b82976b85e - - default default] TaaS: Handle Delete Port: 5224267f-7ace-4302-a937-341ccec93cc2
2026-06-23 01:30:47.338 8 INFO neutron_taas.services.taas.tap_mirror_plugin [None req-19fdf4d4-cc79-4bcb-84b7-dbdb0a7a54ce 9fbfdcdef87c486fa96b185127312591 01727937b58c45728e70f6b82976b85e - - default default] Tap Mirror: Handle Delete Port: 5224267f-7ace-4302-a937-341ccec93cc2
2026-06-23 01:30:47.392 7 INFO neutron.db.segments_db [None req-9b29f0f6-6d80-4127-9b07-5a61dc3510f2 81622e2df632479a85ac66d570a2dcd8 01f7d8acf6044b4386990b54e1abac40 - - default default] Added segment 21e99977-e944-4fc5-b90d-c19eaa3f753a of type geneve for network 5eb9cce5-1076-49a4-876a-cfe121105890 [pid: 8|app: 0|req: 793/1597] 10.0.0.34 () {32 vars in 718 bytes} [Tue Jun 23 01:30:47 2026] DELETE /v2.0/ports/5224267f-7ace-4302-a937-341ccec93cc2 => generated 0 bytes in 251 msecs (HTTP/1.1 204) 3 headers in 131 bytes (1 switches on core 0) [pid: 8|app: 0|req: 794/1598] 10.0.0.118 () {34 vars in 989 bytes} [Tue Jun 23 01:30:47 2026] GET /v2.0/ports?device_id=8345eca6-fd06-4dad-a172-4a5efedff093 => generated 12 bytes in 40 msecs (HTTP/1.1 200) 4 headers in 156 bytes (1 switches on core 0)
2026-06-23 01:30:47.500 7 INFO neutron.db.ovn_revision_numbers_db [None req-9b29f0f6-6d80-4127-9b07-5a61dc3510f2 81622e2df632479a85ac66d570a2dcd8 01f7d8acf6044b4386990b54e1abac40 - - default default] Successfully bumped revision number for resource 5eb9cce5-1076-49a4-876a-cfe121105890 (type: networks) to 1
2026-06-23 01:30:47.606 8 INFO neutron_taas.services.taas.taas_plugin [None req-30b1c41e-f341-4058-a48d-ea1436ba0d4a 9fbfdcdef87c486fa96b185127312591 01727937b58c45728e70f6b82976b85e - - default default] TaaS: Handle Delete Port: 95b9e3bf-cf4b-4347-a62f-8dd6f2fb7570
2026-06-23 01:30:47.609 8 INFO neutron_taas.services.taas.tap_mirror_plugin [None req-30b1c41e-f341-4058-a48d-ea1436ba0d4a 9fbfdcdef87c486fa96b185127312591 01727937b58c45728e70f6b82976b85e - - default default] Tap Mirror: Handle Delete Port: 95b9e3bf-cf4b-4347-a62f-8dd6f2fb7570
2026-06-23 01:30:47.660 7 WARNING neutron.scheduler.dhcp_agent_scheduler [None req-9b29f0f6-6d80-4127-9b07-5a61dc3510f2 81622e2df632479a85ac66d570a2dcd8 01f7d8acf6044b4386990b54e1abac40 - - default default] No more DHCP agents
2026-06-23 01:30:47.662 7 WARNING neutron.api.rpc.agentnotifiers.dhcp_rpc_agent_api [None req-9b29f0f6-6d80-4127-9b07-5a61dc3510f2 81622e2df632479a85ac66d570a2dcd8 01f7d8acf6044b4386990b54e1abac40 - - default default] Unable to schedule network 5eb9cce5-1076-49a4-876a-cfe121105890: no agents available; will retry on subsequent port and subnet creation events.
2026-06-23 01:30:47.702 8 INFO neutron.plugins.ml2.drivers.ovn.mech_driver.mech_driver [None req-4b7c41bf-77ca-4817-bf48-1e3050db518a - - - - - -] OVN reports status down for port: d521fd5f-7f52-4d44-810d-2b0a19d7cbc7
2026-06-23 01:30:47.742 7 INFO neutron.db.ovn_revision_numbers_db [None req-9b29f0f6-6d80-4127-9b07-5a61dc3510f2 81622e2df632479a85ac66d570a2dcd8 01f7d8acf6044b4386990b54e1abac40 - - default default] Successfully bumped revision number for resource d521fd5f-7f52-4d44-810d-2b0a19d7cbc7 (type: ports) to 1 [pid: 7|app: 0|req: 805/1599] 10.0.0.34 () {34 vars in 668 bytes} [Tue Jun 23 01:30:47 2026] POST /v2.0/networks => generated 651 bytes in 449 msecs (HTTP/1.1 201) 4 headers in 162 bytes (1 switches on core 0)
2026-06-23 01:30:47.833 8 INFO neutron.services.segments.plugin [-] Segment 97527990-e340-49f5-99be-fe6596df8b2d resource provider aggregate not found
2026-06-23 01:30:47.839 8 INFO neutron.services.segments.plugin [-] Segment 97527990-e340-49f5-99be-fe6596df8b2d resource provider aggregate not found
2026-06-23 01:30:47.853 8 INFO neutron.services.segments.plugin [-] Segment 97527990-e340-49f5-99be-fe6596df8b2d resource provider not found; error: Placement Client Error (4xx): {"errors": [{"status": 404, "title": "Not Found", "detail": "The resource could not be found.\n\n No resource provider with uuid 97527990-e340-49f5-99be-fe6596df8b2d found for delete ", "request_id": "req-13803138-2201-47e6-b45e-ee840ea55e35"}]}
2026-06-23 01:30:47.861 8 INFO neutron.services.segments.plugin [-] Segment 97527990-e340-49f5-99be-fe6596df8b2d resource provider not found; error: Placement Client Error (4xx): {"errors": [{"status": 404, "title": "Not Found", "detail": "The resource could not be found.\n\n No resource provider with uuid 97527990-e340-49f5-99be-fe6596df8b2d found for delete ", "request_id": "req-d7125df7-d9d9-4410-b1af-3b09833b3a36"}]} [pid: 8|app: 0|req: 795/1600] 10.0.0.34 () {32 vars in 724 bytes} [Tue Jun 23 01:30:47 2026] DELETE /v2.0/networks/88c18239-97a2-4bc0-9016-cb0faaf86341 => generated 0 bytes in 394 msecs (HTTP/1.1 204) 3 headers in 131 bytes (1 switches on core 0)
2026-06-23 01:30:47.975 7 WARNING neutron.scheduler.dhcp_agent_scheduler [None req-74aafaed-3975-4897-9ff5-580d9f185baa 81622e2df632479a85ac66d570a2dcd8 01f7d8acf6044b4386990b54e1abac40 - - default default] No more DHCP agents
2026-06-23 01:30:47.976 7 WARNING neutron.api.rpc.agentnotifiers.dhcp_rpc_agent_api [None req-74aafaed-3975-4897-9ff5-580d9f185baa 81622e2df632479a85ac66d570a2dcd8 01f7d8acf6044b4386990b54e1abac40 - - default default] Unable to schedule network 5eb9cce5-1076-49a4-876a-cfe121105890: no agents available; will retry on subsequent port and subnet creation events.
2026-06-23 01:30:48.325 7 INFO neutron.db.ovn_revision_numbers_db [None req-51951bf6-2e31-49fa-acde-0a1e34fe0264 - - - - - -] Successfully bumped revision number for resource d521fd5f-7f52-4d44-810d-2b0a19d7cbc7 (type: ports) to 2
2026-06-23 01:30:48.353 7 INFO neutron.db.ovn_revision_numbers_db [None req-51951bf6-2e31-49fa-acde-0a1e34fe0264 - - - - - -] Successfully bumped revision number for resource 496d5f6d-3bc3-4add-8dec-4e0c6ac3fccc (type: subnets) to 0 [pid: 7|app: 0|req: 806/1601] 10.0.0.34 () {34 vars in 667 bytes} [Tue Jun 23 01:30:47 2026] POST /v2.0/subnets => generated 629 bytes in 601 msecs (HTTP/1.1 201) 4 headers in 162 bytes (1 switches on core 0)
2026-06-23 01:30:48.437 8 INFO neutron.db.segments_db [None req-669cc083-0901-4a5f-a3bd-17ab2308aaf7 81622e2df632479a85ac66d570a2dcd8 01f7d8acf6044b4386990b54e1abac40 - - default default] Added segment ef890fc9-79ed-4d93-8ae4-5ef8af7d610e of type geneve for network 1753999f-3a9a-4e65-996b-8af55a059dc3
2026-06-23 01:30:48.512 8 INFO neutron.db.ovn_revision_numbers_db [None req-669cc083-0901-4a5f-a3bd-17ab2308aaf7 81622e2df632479a85ac66d570a2dcd8 01f7d8acf6044b4386990b54e1abac40 - - default default] Successfully bumped revision number for resource 1753999f-3a9a-4e65-996b-8af55a059dc3 (type: networks) to 1 [pid: 7|app: 0|req: 807/1602] 10.0.0.34 () {32 vars in 772 bytes} [Tue Jun 23 01:30:48 2026] GET /v2.0/security-groups?tenant_id=01727937b58c45728e70f6b82976b85e&name=default => generated 2925 bytes in 214 msecs (HTTP/1.1 200) 4 headers in 158 bytes (1 switches on core 0)
2026-06-23 01:30:48.658 8 WARNING neutron.scheduler.dhcp_agent_scheduler [None req-669cc083-0901-4a5f-a3bd-17ab2308aaf7 81622e2df632479a85ac66d570a2dcd8 01f7d8acf6044b4386990b54e1abac40 - - default default] No more DHCP agents
2026-06-23 01:30:48.659 8 WARNING neutron.api.rpc.agentnotifiers.dhcp_rpc_agent_api [None req-669cc083-0901-4a5f-a3bd-17ab2308aaf7 81622e2df632479a85ac66d570a2dcd8 01f7d8acf6044b4386990b54e1abac40 - - default default] Unable to schedule network 1753999f-3a9a-4e65-996b-8af55a059dc3: no agents available; will retry on subsequent port and subnet creation events.
2026-06-23 01:30:48.696 7 INFO neutron.plugins.ml2.drivers.ovn.mech_driver.mech_driver [None req-1e29b0cb-4d0c-43f5-ae03-2e8d9f247363 - - - - - -] OVN reports status down for port: f1be29fc-a0ba-47c9-88e8-c1eca8986028
2026-06-23 01:30:48.725 8 INFO neutron.db.ovn_revision_numbers_db [None req-669cc083-0901-4a5f-a3bd-17ab2308aaf7 81622e2df632479a85ac66d570a2dcd8 01f7d8acf6044b4386990b54e1abac40 - - default default] Successfully bumped revision number for resource f1be29fc-a0ba-47c9-88e8-c1eca8986028 (type: ports) to 1 [pid: 8|app: 0|req: 796/1603] 10.0.0.34 () {34 vars in 668 bytes} [Tue Jun 23 01:30:48 2026] POST /v2.0/networks => generated 650 bytes in 373 msecs (HTTP/1.1 201) 4 headers in 162 bytes (1 switches on core 0)
2026-06-23 01:30:48.954 7 INFO neutron_taas.services.taas.taas_plugin [None req-ae93ebbc-d8af-4422-99e8-022b86fe0e2d ec8ee87e1f104be9901ea17a228cab14 5c572a9c35264af1a300ace71ad0b32b - - default default] TaaS: Handle Delete Port: 209346f8-a028-4a9d-ae01-6901e1896fbb
2026-06-23 01:30:48.957 7 INFO neutron_taas.services.taas.tap_mirror_plugin [None req-ae93ebbc-d8af-4422-99e8-022b86fe0e2d ec8ee87e1f104be9901ea17a228cab14 5c572a9c35264af1a300ace71ad0b32b - - default default] Tap Mirror: Handle Delete Port: 209346f8-a028-4a9d-ae01-6901e1896fbb [pid: 8|app: 0|req: 797/1604] 10.0.0.34 () {32 vars in 738 bytes} [Tue Jun 23 01:30:48 2026] DELETE /v2.0/security-groups/30f2f339-563b-4284-9179-b261c5ba02a4 => generated 0 bytes in 214 msecs (HTTP/1.1 204) 2 headers in 112 bytes (1 switches on core 0)
2026-06-23 01:30:49.168 8 WARNING neutron.scheduler.dhcp_agent_scheduler [None req-8d597592-2c26-4d32-852e-a9b94e19091a 81622e2df632479a85ac66d570a2dcd8 01f7d8acf6044b4386990b54e1abac40 - - default default] No more DHCP agents
2026-06-23 01:30:49.171 8 WARNING neutron.api.rpc.agentnotifiers.dhcp_rpc_agent_api [None req-8d597592-2c26-4d32-852e-a9b94e19091a 81622e2df632479a85ac66d570a2dcd8 01f7d8acf6044b4386990b54e1abac40 - - default default] Unable to schedule network 1753999f-3a9a-4e65-996b-8af55a059dc3: no agents available; will retry on subsequent port and subnet creation events. [pid: 7|app: 0|req: 808/1605] 10.0.0.34 () {34 vars in 787 bytes} [Tue Jun 23 01:30:48 2026] PUT /v2.0/routers/74e1bbd7-bb0a-4dec-9cc0-26d24d6171ba/remove_router_interface => generated 309 bytes in 937 msecs (HTTP/1.1 200) 4 headers in 157 bytes (1 switches on core 0) /var/lib/openstack/lib/python3.12/site-packages/pycadf/identifier.py:70: UserWarning: Invalid uuid: neutron. To ensure interoperability, identifiers should be a valid uuid. warnings.warn(('Invalid uuid: %s. To ensure interoperability, ' [pid: 7|app: 0|req: 811/1608] 10.0.0.150 () {32 vars in 800 bytes} [Tue Jun 23 01:30:49 2026] GET /v2.0/extensions => generated 20541 bytes in 81 msecs (HTTP/1.1 200) 4 headers in 159 bytes (1 switches on core 0)
2026-06-23 01:30:49.641 8 INFO neutron.db.ovn_revision_numbers_db [None req-4221b2ca-4296-4254-b84e-4b747636f7fd - - - - - -] Successfully bumped revision number for resource f1be29fc-a0ba-47c9-88e8-c1eca8986028 (type: ports) to 2
2026-06-23 01:30:49.672 8 INFO neutron.db.ovn_revision_numbers_db [None req-4221b2ca-4296-4254-b84e-4b747636f7fd - - - - - -] Successfully bumped revision number for resource f8b9acc4-302f-4617-9eb2-383765273349 (type: subnets) to 0 [pid: 8|app: 0|req: 798/1609] 10.0.0.34 () {34 vars in 667 bytes} [Tue Jun 23 01:30:48 2026] POST /v2.0/subnets => generated 629 bytes in 727 msecs (HTTP/1.1 201) 4 headers in 162 bytes (1 switches on core 0)
2026-06-23 01:30:49.785 8 INFO neutron.db.segments_db [None req-02e3c39a-120c-4b71-b3d9-7e8ceb842054 81622e2df632479a85ac66d570a2dcd8 01f7d8acf6044b4386990b54e1abac40 - - default default] Added segment 5a5cc230-a679-4478-ad52-13b165f2b724 of type geneve for network 12c93bab-4b5e-418c-bbb6-77cd5e0d1d85
2026-06-23 01:30:49.923 8 INFO neutron.db.ovn_revision_numbers_db [None req-02e3c39a-120c-4b71-b3d9-7e8ceb842054 81622e2df632479a85ac66d570a2dcd8 01f7d8acf6044b4386990b54e1abac40 - - default default] Successfully bumped revision number for resource 12c93bab-4b5e-418c-bbb6-77cd5e0d1d85 (type: networks) to 1
2026-06-23 01:30:49.956 7 INFO neutron_taas.services.taas.taas_plugin [None req-37d57df5-7f33-413e-8680-d2589ddf4d58 ec8ee87e1f104be9901ea17a228cab14 5c572a9c35264af1a300ace71ad0b32b - - default default] TaaS: Handle Delete Port: 4ebc1745-c448-442f-9626-07ee03ee9fa2
2026-06-23 01:30:49.959 7 INFO neutron_taas.services.taas.tap_mirror_plugin [None req-37d57df5-7f33-413e-8680-d2589ddf4d58 ec8ee87e1f104be9901ea17a228cab14 5c572a9c35264af1a300ace71ad0b32b - - default default] Tap Mirror: Handle Delete Port: 4ebc1745-c448-442f-9626-07ee03ee9fa2
2026-06-23 01:30:50.126 8 WARNING neutron.scheduler.dhcp_agent_scheduler [None req-02e3c39a-120c-4b71-b3d9-7e8ceb842054 81622e2df632479a85ac66d570a2dcd8 01f7d8acf6044b4386990b54e1abac40 - - default default] No more DHCP agents
2026-06-23 01:30:50.127 8 WARNING neutron.api.rpc.agentnotifiers.dhcp_rpc_agent_api [None req-02e3c39a-120c-4b71-b3d9-7e8ceb842054 81622e2df632479a85ac66d570a2dcd8 01f7d8acf6044b4386990b54e1abac40 - - default default] Unable to schedule network 12c93bab-4b5e-418c-bbb6-77cd5e0d1d85: no agents available; will retry on subsequent port and subnet creation events.
2026-06-23 01:30:50.170 8 INFO neutron.plugins.ml2.drivers.ovn.mech_driver.mech_driver [None req-4b7c41bf-77ca-4817-bf48-1e3050db518a - - - - - -] OVN reports status down for port: 4c21ebd4-2a3d-43a4-b272-a8f498d69c29
2026-06-23 01:30:50.235 8 INFO neutron.db.ovn_revision_numbers_db [None req-02e3c39a-120c-4b71-b3d9-7e8ceb842054 81622e2df632479a85ac66d570a2dcd8 01f7d8acf6044b4386990b54e1abac40 - - default default] Successfully bumped revision number for resource 4c21ebd4-2a3d-43a4-b272-a8f498d69c29 (type: ports) to 1 [pid: 8|app: 0|req: 799/1610] 10.0.0.34 () {34 vars in 668 bytes} [Tue Jun 23 01:30:49 2026] POST /v2.0/networks => generated 651 bytes in 589 msecs (HTTP/1.1 201) 4 headers in 162 bytes (1 switches on core 0) [pid: 8|app: 0|req: 800/1611] 10.0.0.150 () {30 vars in 723 bytes} [Tue Jun 23 01:30:50 2026] GET /v2.0/quotas/d0d58c84d5aa4a73b8577e6b791baad0/details => generated 847 bytes in 109 msecs (HTTP/1.1 200) 4 headers in 157 bytes (1 switches on core 0) [pid: 7|app: 0|req: 812/1612] 10.0.0.34 () {32 vars in 722 bytes} [Tue Jun 23 01:30:49 2026] DELETE /v2.0/routers/74e1bbd7-bb0a-4dec-9cc0-26d24d6171ba => generated 0 bytes in 788 msecs (HTTP/1.1 204) 2 headers in 112 bytes (1 switches on core 0) [pid: 7|app: 0|req: 813/1613] 10.0.0.34 () {32 vars in 722 bytes} [Tue Jun 23 01:30:50 2026] DELETE /v2.0/subnets/ebb8cfc9-bff0-4e3a-91ff-96956ebea8df => generated 0 bytes in 150 msecs (HTTP/1.1 204) 3 headers in 131 bytes (1 switches on core 0)
2026-06-23 01:30:50.577 8 WARNING neutron.scheduler.dhcp_agent_scheduler [None req-018f746a-8332-4e34-a517-a932f279d661 81622e2df632479a85ac66d570a2dcd8 01f7d8acf6044b4386990b54e1abac40 - - default default] No more DHCP agents
2026-06-23 01:30:50.578 8 WARNING neutron.api.rpc.agentnotifiers.dhcp_rpc_agent_api [None req-018f746a-8332-4e34-a517-a932f279d661 81622e2df632479a85ac66d570a2dcd8 01f7d8acf6044b4386990b54e1abac40 - - default default] Unable to schedule network 12c93bab-4b5e-418c-bbb6-77cd5e0d1d85: no agents available; will retry on subsequent port and subnet creation events.
2026-06-23 01:30:50.661 7 INFO neutron_taas.services.taas.taas_plugin [None req-2fa10797-8d6a-4fee-afd3-61257cfcd52d ec8ee87e1f104be9901ea17a228cab14 5c572a9c35264af1a300ace71ad0b32b - - default default] TaaS: Handle Delete Port: 15720cbe-e1e1-4245-90c3-c8bad487f4a3
2026-06-23 01:30:50.663 7 INFO neutron_taas.services.taas.tap_mirror_plugin [None req-2fa10797-8d6a-4fee-afd3-61257cfcd52d ec8ee87e1f104be9901ea17a228cab14 5c572a9c35264af1a300ace71ad0b32b - - default default] Tap Mirror: Handle Delete Port: 15720cbe-e1e1-4245-90c3-c8bad487f4a3
2026-06-23 01:30:50.825 7 INFO neutron.services.segments.plugin [-] Segment 98eac0b5-911c-4f58-a76f-7e4627c0fd27 resource provider aggregate not found
2026-06-23 01:30:50.835 7 INFO neutron.services.segments.plugin [-] Segment 98eac0b5-911c-4f58-a76f-7e4627c0fd27 resource provider aggregate not found
2026-06-23 01:30:50.849 7 INFO neutron.services.segments.plugin [-] Segment 98eac0b5-911c-4f58-a76f-7e4627c0fd27 resource provider not found; error: Placement Client Error (4xx): {"errors": [{"status": 404, "title": "Not Found", "detail": "The resource could not be found.\n\n No resource provider with uuid 98eac0b5-911c-4f58-a76f-7e4627c0fd27 found for delete ", "request_id": "req-860da769-5df2-4251-893e-03de6fd2cbc7"}]}
2026-06-23 01:30:50.860 7 INFO neutron.services.segments.plugin [-] Segment 98eac0b5-911c-4f58-a76f-7e4627c0fd27 resource provider not found; error: Placement Client Error (4xx): {"errors": [{"status": 404, "title": "Not Found", "detail": "The resource could not be found.\n\n No resource provider with uuid 98eac0b5-911c-4f58-a76f-7e4627c0fd27 found for delete ", "request_id": "req-a7204114-ecf0-49aa-83b9-55238a6f8a34"}]} [pid: 7|app: 0|req: 814/1614] 10.0.0.34 () {32 vars in 724 bytes} [Tue Jun 23 01:30:50 2026] DELETE /v2.0/networks/d7496ad7-d01f-4c21-8ab2-de5b58e327c5 => generated 0 bytes in 319 msecs (HTTP/1.1 204) 3 headers in 131 bytes (1 switches on core 0)
2026-06-23 01:30:51.041 8 INFO neutron.db.ovn_revision_numbers_db [None req-524330c2-2293-41b4-937f-f04d34b9fef5 - - - - - -] Successfully bumped revision number for resource 4c21ebd4-2a3d-43a4-b272-a8f498d69c29 (type: ports) to 2
2026-06-23 01:30:51.074 8 INFO neutron.db.ovn_revision_numbers_db [None req-524330c2-2293-41b4-937f-f04d34b9fef5 - - - - - -] Successfully bumped revision number for resource c4588d74-2704-4916-8f10-70b192ed8dbc (type: subnets) to 0 [pid: 8|app: 0|req: 801/1615] 10.0.0.34 () {34 vars in 667 bytes} [Tue Jun 23 01:30:50 2026] POST /v2.0/subnets => generated 629 bytes in 697 msecs (HTTP/1.1 201) 4 headers in 162 bytes (1 switches on core 0) [pid: 8|app: 0|req: 802/1616] 10.0.0.34 () {32 vars in 772 bytes} [Tue Jun 23 01:30:51 2026] GET /v2.0/security-groups?tenant_id=233db74e5bf24ba0b5a47489b5821968&name=default => generated 2925 bytes in 40 msecs (HTTP/1.1 200) 4 headers in 158 bytes (1 switches on core 0)
2026-06-23 01:30:51.168 7 INFO neutron.db.ovn_revision_numbers_db [None req-d8b06fbe-3927-415d-98ad-35a3082ac5b5 19ca3a273fc24d389faecf1608c9bf53 c40d6ae686a4473a97b381d29bc035cc - - default default] Successfully bumped revision number for resource 81fc50ba-8819-42be-93f2-2ac3e8c81e29 (type: security_groups) to 1
2026-06-23 01:30:51.179 7 INFO neutron.db.ovn_revision_numbers_db [None req-d8b06fbe-3927-415d-98ad-35a3082ac5b5 19ca3a273fc24d389faecf1608c9bf53 c40d6ae686a4473a97b381d29bc035cc - - default default] Successfully bumped revision number for resource 26c40a5e-62b4-4e8a-a059-d37d1b283e56 (type: security_group_rules) to 0
2026-06-23 01:30:51.191 7 INFO neutron.db.ovn_revision_numbers_db [None req-d8b06fbe-3927-415d-98ad-35a3082ac5b5 19ca3a273fc24d389faecf1608c9bf53 c40d6ae686a4473a97b381d29bc035cc - - default default] Successfully bumped revision number for resource 5b1fe2fd-e3e8-4dd4-a48c-0b07b44bd055 (type: security_group_rules) to 0
2026-06-23 01:30:51.202 7 INFO neutron.db.ovn_revision_numbers_db [None req-d8b06fbe-3927-415d-98ad-35a3082ac5b5 19ca3a273fc24d389faecf1608c9bf53 c40d6ae686a4473a97b381d29bc035cc - - default default] Successfully bumped revision number for resource c47bc5fd-4d4b-4c8d-a4e9-d735dbb18925 (type: security_group_rules) to 0
2026-06-23 01:30:51.208 8 INFO neutron.db.segments_db [None req-40b788b2-20c5-40d3-a0a6-3954672f4103 81622e2df632479a85ac66d570a2dcd8 01f7d8acf6044b4386990b54e1abac40 - - default default] Added segment 4949c036-d647-43fa-99cd-64d7447e268d of type geneve for network 7b53f6cc-a309-42d4-a60a-a63e911da633
2026-06-23 01:30:51.214 7 INFO neutron.db.ovn_revision_numbers_db [None req-d8b06fbe-3927-415d-98ad-35a3082ac5b5 19ca3a273fc24d389faecf1608c9bf53 c40d6ae686a4473a97b381d29bc035cc - - default default] Successfully bumped revision number for resource cc9f3658-5103-481e-83bf-3725da0bb785 (type: security_group_rules) to 0
2026-06-23 01:30:51.282 7 INFO neutron.db.segments_db [None req-d8b06fbe-3927-415d-98ad-35a3082ac5b5 19ca3a273fc24d389faecf1608c9bf53 c40d6ae686a4473a97b381d29bc035cc - - default default] Added segment d50577ee-6f6c-4acb-9d39-f5de41c6da76 of type geneve for network e02622b3-e0e1-4f6c-b7d5-a9b190e0458c
2026-06-23 01:30:51.292 8 INFO neutron.db.ovn_revision_numbers_db [None req-40b788b2-20c5-40d3-a0a6-3954672f4103 81622e2df632479a85ac66d570a2dcd8 01f7d8acf6044b4386990b54e1abac40 - - default default] Successfully bumped revision number for resource 7b53f6cc-a309-42d4-a60a-a63e911da633 (type: networks) to 1
