Jun 18 00:56:43.941786 np0000181715 devstack@neutron-api.service[107349]: DEBUG neutron_lib.callbacks.manager [None req-e80eed19-a97d-4274-b6ee-6b9684677b51 None None] Subscribe: > router precommit_create 55550000, False {{(pid=107349) subscribe /opt/stack/data/venv/lib/python3.12/site-packages/neutron_lib/callbacks/manager.py:52}}
Jun 18 00:56:43.941900 np0000181715 devstack@neutron-api.service[107347]: DEBUG neutron_lib.callbacks.manager [None req-e48eedce-3827-4eac-a6fd-1d8a67699682 None None] Subscribe: > process before_spawn 55550000, False {{(pid=107347) subscribe /opt/stack/data/venv/lib/python3.12/site-packages/neutron_lib/callbacks/manager.py:52}}
Jun 18 00:56:43.941936 np0000181715 devstack@neutron-api.service[107349]: DEBUG neutron_lib.callbacks.manager [None req-e80eed19-a97d-4274-b6ee-6b9684677b51 None None] Subscribe: > router after_delete 55550000, False {{(pid=107349) subscribe /opt/stack/data/venv/lib/python3.12/site-packages/neutron_lib/callbacks/manager.py:52}}
Jun 18 00:56:43.941936 np0000181715 devstack@neutron-api.service[107349]: DEBUG neutron_lib.callbacks.manager [None req-e80eed19-a97d-4274-b6ee-6b9684677b51 None None] Subscribe: > router after_update 55550000, False {{(pid=107349) subscribe /opt/stack/data/venv/lib/python3.12/site-packages/neutron_lib/callbacks/manager.py:52}}
Jun 18 00:56:43.941999 np0000181715 devstack@neutron-api.service[107347]: DEBUG neutron_lib.callbacks.manager [None req-e48eedce-3827-4eac-a6fd-1d8a67699682 None None] Subscribe: > process after_init 55550000, True {{(pid=107347) subscribe /opt/stack/data/venv/lib/python3.12/site-packages/neutron_lib/callbacks/manager.py:52}}
Jun 18 00:56:43.942031 np0000181715 devstack@neutron-api.service[107349]: DEBUG neutron.services.service_base [None req-e80eed19-a97d-4274-b6ee-6b9684677b51 None None] Loaded 'neutron.services.ovn_l3.service_providers.ovn.OvnDriver' provider for service L3_ROUTER_NAT {{(pid=107349) load_drivers /opt/stack/neutron/neutron/services/service_base.py:49}}
Jun 18 00:56:43.942063 np0000181715 devstack@neutron-api.service[107347]: DEBUG neutron_lib.callbacks.manager [None req-e48eedce-3827-4eac-a6fd-1d8a67699682 None None] Subscribe: > segment after_create 55550000, False {{(pid=107347) subscribe /opt/stack/data/venv/lib/python3.12/site-packages/neutron_lib/callbacks/manager.py:52}}
Jun 18 00:56:43.942097 np0000181715 devstack@neutron-api.service[107349]: DEBUG neutron_lib.callbacks.manager [None req-e80eed19-a97d-4274-b6ee-6b9684677b51 None None] Subscribe: > process after_init 55550001, True {{(pid=107349) subscribe /opt/stack/data/venv/lib/python3.12/site-packages/neutron_lib/callbacks/manager.py:52}}
Jun 18 00:56:43.942132 np0000181715 devstack@neutron-api.service[107347]: DEBUG neutron_lib.callbacks.manager [None req-e48eedce-3827-4eac-a6fd-1d8a67699682 None None] Subscribe: > segment after_create 55550000, False {{(pid=107347) subscribe /opt/stack/data/venv/lib/python3.12/site-packages/neutron_lib/callbacks/manager.py:52}}
Jun 18 00:56:43.942168 np0000181715 devstack@neutron-api.service[107349]: DEBUG neutron.manager [None req-e80eed19-a97d-4274-b6ee-6b9684677b51 None None] Successfully loaded L3_ROUTER_NAT plugin. Description: L3 Router Service Plugin for basic L3 forwarding using OVN {{(pid=107349) _create_and_add_service_plugin /opt/stack/neutron/neutron/manager.py:239}}
Jun 18 00:56:43.942201 np0000181715 devstack@neutron-api.service[107347]: DEBUG neutron_lib.callbacks.manager [None req-e48eedce-3827-4eac-a6fd-1d8a67699682 None None] Subscribe: > segment after_delete 55550000, False {{(pid=107347) subscribe /opt/stack/data/venv/lib/python3.12/site-packages/neutron_lib/callbacks/manager.py:52}}
Jun 18 00:56:43.942256 np0000181715 devstack@neutron-api.service[107349]: INFO neutron.manager [None req-e80eed19-a97d-4274-b6ee-6b9684677b51 None None] Loading Plugin: auto_allocate
Jun 18 00:56:43.942319 np0000181715 devstack@neutron-api.service[107347]: DEBUG neutron_lib.callbacks.manager [None req-e48eedce-3827-4eac-a6fd-1d8a67699682 None None] Subscribe: > allowed_address_pair before_create 55550000, False {{(pid=107347) subscribe /opt/stack/data/venv/lib/python3.12/site-packages/neutron_lib/callbacks/manager.py:52}}
Jun 18 00:56:43.942319 np0000181715 devstack@neutron-api.service[107347]: DEBUG neutron_lib.callbacks.manager [None req-e48eedce-3827-4eac-a6fd-1d8a67699682 None None] Subscribe: > security_group precommit_create 55550000, False {{(pid=107347) subscribe /opt/stack/data/venv/lib/python3.12/site-packages/neutron_lib/callbacks/manager.py:52}}
Jun 18 00:56:43.942319 np0000181715 devstack@neutron-api.service[107347]: DEBUG neutron_lib.callbacks.manager [None req-e48eedce-3827-4eac-a6fd-1d8a67699682 None None] Subscribe: > security_group after_update 55550000, False {{(pid=107347) subscribe /opt/stack/data/venv/lib/python3.12/site-packages/neutron_lib/callbacks/manager.py:52}}
Jun 18 00:56:43.942319 np0000181715 devstack@neutron-api.service[107347]: DEBUG neutron_lib.callbacks.manager [None req-e48eedce-3827-4eac-a6fd-1d8a67699682 None None] Subscribe: > security_group after_create 55550000, False {{(pid=107347) subscribe /opt/stack/data/venv/lib/python3.12/site-packages/neutron_lib/callbacks/manager.py:52}}
Jun 18 00:56:43.942443 np0000181715 devstack@neutron-api.service[107347]: DEBUG neutron_lib.callbacks.manager [None req-e48eedce-3827-4eac-a6fd-1d8a67699682 None None] Subscribe: > security_group precommit_delete 55550000, False {{(pid=107347) subscribe /opt/stack/data/venv/lib/python3.12/site-packages/neutron_lib/callbacks/manager.py:52}}
Jun 18 00:56:43.942443 np0000181715 devstack@neutron-api.service[107347]: DEBUG neutron_lib.callbacks.manager [None req-e48eedce-3827-4eac-a6fd-1d8a67699682 None None] Subscribe: > security_group after_delete 55550000, False {{(pid=107347) subscribe /opt/stack/data/venv/lib/python3.12/site-packages/neutron_lib/callbacks/manager.py:52}}
Jun 18 00:56:43.942443 np0000181715 devstack@neutron-api.service[107347]: DEBUG neutron_lib.callbacks.manager [None req-e48eedce-3827-4eac-a6fd-1d8a67699682 None None] Subscribe: > security_group_rule precommit_create 55550000, False {{(pid=107347) subscribe /opt/stack/data/venv/lib/python3.12/site-packages/neutron_lib/callbacks/manager.py:52}}
Jun 18 00:56:43.942528 np0000181715 devstack@neutron-api.service[107349]: DEBUG neutron_lib.callbacks.manager [None req-e80eed19-a97d-4274-b6ee-6b9684677b51 None None] Subscribe: network precommit_update 55550000, False {{(pid=107349) subscribe /opt/stack/data/venv/lib/python3.12/site-packages/neutron_lib/callbacks/manager.py:52}}
Jun 18 00:56:43.942563 np0000181715 devstack@neutron-api.service[107347]: DEBUG neutron_lib.callbacks.manager [None req-e48eedce-3827-4eac-a6fd-1d8a67699682 None None] Subscribe: > security_group_rule after_create 55550000, False {{(pid=107347) subscribe /opt/stack/data/venv/lib/python3.12/site-packages/neutron_lib/callbacks/manager.py:52}}
Jun 18 00:56:43.942592 np0000181715 devstack@neutron-api.service[107349]: DEBUG neutron_lib.callbacks.manager [None req-e80eed19-a97d-4274-b6ee-6b9684677b51 None None] Subscribe: network precommit_create 55550000, False {{(pid=107349) subscribe /opt/stack/data/venv/lib/python3.12/site-packages/neutron_lib/callbacks/manager.py:52}}
Jun 18 00:56:43.942623 np0000181715 devstack@neutron-api.service[107347]: DEBUG neutron_lib.callbacks.manager [None req-e48eedce-3827-4eac-a6fd-1d8a67699682 None None] Subscribe: > security_group_rule before_delete 55550000, False {{(pid=107347) subscribe /opt/stack/data/venv/lib/python3.12/site-packages/neutron_lib/callbacks/manager.py:52}}
Jun 18 00:56:43.942623 np0000181715 devstack@neutron-api.service[107347]: DEBUG neutron_lib.callbacks.manager [None req-e48eedce-3827-4eac-a6fd-1d8a67699682 None None] Subscribe: > address_group after_create 55550000, False {{(pid=107347) subscribe /opt/stack/data/venv/lib/python3.12/site-packages/neutron_lib/callbacks/manager.py:52}}
Jun 18 00:56:43.942683 np0000181715 devstack@neutron-api.service[107349]: DEBUG neutron.manager [None req-e80eed19-a97d-4274-b6ee-6b9684677b51 None None] Successfully loaded auto-allocated-topology plugin. Description: Auto Allocated Topology - aka get me a network. {{(pid=107349) _create_and_add_service_plugin /opt/stack/neutron/neutron/manager.py:239}}
Jun 18 00:56:43.942713 np0000181715 devstack@neutron-api.service[107347]: DEBUG neutron_lib.callbacks.manager [None req-e48eedce-3827-4eac-a6fd-1d8a67699682 None None] Subscribe: > address_group after_update 55550000, False {{(pid=107347) subscribe /opt/stack/data/venv/lib/python3.12/site-packages/neutron_lib/callbacks/manager.py:52}}
Jun 18 00:56:43.942749 np0000181715 devstack@neutron-api.service[107349]: INFO neutron.manager [None req-e80eed19-a97d-4274-b6ee-6b9684677b51 None None] Loading Plugin: tag
Jun 18 00:56:43.942778 np0000181715 devstack@neutron-api.service[107347]: DEBUG neutron_lib.callbacks.manager [None req-e48eedce-3827-4eac-a6fd-1d8a67699682 None None] Subscribe: > address_group after_delete 55550000, False {{(pid=107347) subscribe /opt/stack/data/venv/lib/python3.12/site-packages/neutron_lib/callbacks/manager.py:52}}
Jun 18 00:56:43.942778 np0000181715 devstack@neutron-api.service[107347]: DEBUG neutron_lib.callbacks.manager [None req-e48eedce-3827-4eac-a6fd-1d8a67699682 None None] Subscribe: > qos_plugin after_init 55550000, False {{(pid=107347) subscribe /opt/stack/data/venv/lib/python3.12/site-packages/neutron_lib/callbacks/manager.py:52}}
Jun 18 00:56:43.942778 np0000181715 devstack@neutron-api.service[107347]: DEBUG neutron_lib.callbacks.manager [None req-e48eedce-3827-4eac-a6fd-1d8a67699682 None None] Subscribe: > trunk_plugin after_init 55550000, False {{(pid=107347) subscribe /opt/stack/data/venv/lib/python3.12/site-packages/neutron_lib/callbacks/manager.py:52}}
Jun 18 00:56:43.942934 np0000181715 devstack@neutron-api.service[107347]: DEBUG neutron_lib.callbacks.manager [None req-e48eedce-3827-4eac-a6fd-1d8a67699682 None None] Subscribe: > logging-plugin after_init 55550000, False {{(pid=107347) subscribe /opt/stack/data/venv/lib/python3.12/site-packages/neutron_lib/callbacks/manager.py:52}}
Jun 18 00:56:43.946255 np0000181715 devstack@neutron-api.service[107347]: INFO neutron.services.logapi.drivers.ovn.driver [None req-e48eedce-3827-4eac-a6fd-1d8a67699682 None None] OVN logging driver registered
Jun 18 00:56:43.946255 np0000181715 devstack@neutron-api.service[107347]: DEBUG neutron_lib.callbacks.manager [None req-e48eedce-3827-4eac-a6fd-1d8a67699682 None None] Subscribe: ._register_pvlan_driver at 0x7c142f44fe20> pvlan_plugin before_spawn 55550000, False {{(pid=107347) subscribe /opt/stack/data/venv/lib/python3.12/site-packages/neutron_lib/callbacks/manager.py:52}}
Jun 18 00:56:43.946255 np0000181715 devstack@neutron-api.service[107347]: DEBUG neutron_lib.callbacks.manager [None req-e48eedce-3827-4eac-a6fd-1d8a67699682 None None] Subscribe: process after_init 55550000, False {{(pid=107347) subscribe /opt/stack/data/venv/lib/python3.12/site-packages/neutron_lib/callbacks/manager.py:52}}
Jun 18 00:56:43.946628 np0000181715 devstack@neutron-api.service[107349]: DEBUG neutron.manager [None req-e80eed19-a97d-4274-b6ee-6b9684677b51 None None] Successfully loaded TAG plugin. Description: Tag support {{(pid=107349) _create_and_add_service_plugin /opt/stack/neutron/neutron/manager.py:239}}
Jun 18 00:56:43.946628 np0000181715 devstack@neutron-api.service[107349]: INFO neutron.manager [None req-e80eed19-a97d-4274-b6ee-6b9684677b51 None None] Loading Plugin: timestamp
Jun 18 00:56:43.946694 np0000181715 devstack@neutron-api.service[107347]: DEBUG neutron.plugins.ml2.plugin [None req-e48eedce-3827-4eac-a6fd-1d8a67699682 None None] neutron.plugins.ml2.plugin.Ml2Plugin method _start_rpc_notifiers called with arguments () {} {{(pid=107347) wrapper /opt/stack/data/venv/lib/python3.12/site-packages/oslo_log/helpers.py:77}}
Jun 18 00:56:43.946694 np0000181715 devstack@neutron-api.service[107347]: DEBUG neutron_lib.callbacks.manager [None req-e48eedce-3827-4eac-a6fd-1d8a67699682 None None] Subscribe: > port after_create 55550000, False {{(pid=107347) subscribe /opt/stack/data/venv/lib/python3.12/site-packages/neutron_lib/callbacks/manager.py:52}}
Jun 18 00:56:43.946694 np0000181715 devstack@neutron-api.service[107347]: DEBUG neutron_lib.callbacks.manager [None req-e48eedce-3827-4eac-a6fd-1d8a67699682 None None] Subscribe: > port after_update 55550000, False {{(pid=107347) subscribe /opt/stack/data/venv/lib/python3.12/site-packages/neutron_lib/callbacks/manager.py:52}}
Jun 18 00:56:43.946694 np0000181715 devstack@neutron-api.service[107347]: DEBUG neutron_lib.callbacks.manager [None req-e48eedce-3827-4eac-a6fd-1d8a67699682 None None] Subscribe: > port after_delete 55550000, False {{(pid=107347) subscribe /opt/stack/data/venv/lib/python3.12/site-packages/neutron_lib/callbacks/manager.py:52}}
Jun 18 00:56:43.946902 np0000181715 devstack@neutron-api.service[107349]: DEBUG neutron.manager [None req-e80eed19-a97d-4274-b6ee-6b9684677b51 None None] Successfully loaded timestamp plugin. Description: Adds timestamps to Neutron resources with standard attributes {{(pid=107349) _create_and_add_service_plugin /opt/stack/neutron/neutron/manager.py:239}}
Jun 18 00:56:43.946935 np0000181715 devstack@neutron-api.service[107347]: DEBUG neutron_lib.callbacks.manager [None req-e48eedce-3827-4eac-a6fd-1d8a67699682 None None] Subscribe: > subnet after_create 55550000, False {{(pid=107347) subscribe /opt/stack/data/venv/lib/python3.12/site-packages/neutron_lib/callbacks/manager.py:52}}
Jun 18 00:56:43.946975 np0000181715 devstack@neutron-api.service[107349]: INFO neutron.manager [None req-e80eed19-a97d-4274-b6ee-6b9684677b51 None None] Loading Plugin: network_ip_availability
Jun 18 00:56:43.947005 np0000181715 devstack@neutron-api.service[107347]: DEBUG neutron_lib.callbacks.manager [None req-e48eedce-3827-4eac-a6fd-1d8a67699682 None None] Subscribe: > subnet after_update 55550000, False {{(pid=107347) subscribe /opt/stack/data/venv/lib/python3.12/site-packages/neutron_lib/callbacks/manager.py:52}}
Jun 18 00:56:43.947005 np0000181715 devstack@neutron-api.service[107347]: DEBUG neutron_lib.callbacks.manager [None req-e48eedce-3827-4eac-a6fd-1d8a67699682 None None] Subscribe: > subnet after_delete 55550000, False {{(pid=107347) subscribe /opt/stack/data/venv/lib/python3.12/site-packages/neutron_lib/callbacks/manager.py:52}}
Jun 18 00:56:43.947005 np0000181715 devstack@neutron-api.service[107347]: DEBUG neutron_lib.callbacks.manager [None req-e48eedce-3827-4eac-a6fd-1d8a67699682 None None] Subscribe: > network after_create 55550000, False {{(pid=107347) subscribe /opt/stack/data/venv/lib/python3.12/site-packages/neutron_lib/callbacks/manager.py:52}}
Jun 18 00:56:43.947005 np0000181715 devstack@neutron-api.service[107347]: DEBUG neutron_lib.callbacks.manager [None req-e48eedce-3827-4eac-a6fd-1d8a67699682 None None] Subscribe: > network after_update 55550000, False {{(pid=107347) subscribe /opt/stack/data/venv/lib/python3.12/site-packages/neutron_lib/callbacks/manager.py:52}}
Jun 18 00:56:43.947177 np0000181715 devstack@neutron-api.service[107347]: DEBUG neutron_lib.callbacks.manager [None req-e48eedce-3827-4eac-a6fd-1d8a67699682 None None] Subscribe: > network after_delete 55550000, False {{(pid=107347) subscribe /opt/stack/data/venv/lib/python3.12/site-packages/neutron_lib/callbacks/manager.py:52}}
Jun 18 00:56:43.947177 np0000181715 devstack@neutron-api.service[107347]: DEBUG neutron_lib.callbacks.manager [None req-e48eedce-3827-4eac-a6fd-1d8a67699682 None None] Subscribe: > security_group after_create 55550000, False {{(pid=107347) subscribe /opt/stack/data/venv/lib/python3.12/site-packages/neutron_lib/callbacks/manager.py:52}}
Jun 18 00:56:43.947177 np0000181715 devstack@neutron-api.service[107347]: DEBUG neutron_lib.callbacks.manager [None req-e48eedce-3827-4eac-a6fd-1d8a67699682 None None] Subscribe: > security_group after_update 55550000, False {{(pid=107347) subscribe /opt/stack/data/venv/lib/python3.12/site-packages/neutron_lib/callbacks/manager.py:52}}
Jun 18 00:56:43.947177 np0000181715 devstack@neutron-api.service[107347]: DEBUG neutron_lib.callbacks.manager [None req-e48eedce-3827-4eac-a6fd-1d8a67699682 None None] Subscribe: > security_group after_delete 55550000, False {{(pid=107347) subscribe /opt/stack/data/venv/lib/python3.12/site-packages/neutron_lib/callbacks/manager.py:52}}
Jun 18 00:56:43.947365 np0000181715 devstack@neutron-api.service[107347]: DEBUG neutron_lib.callbacks.manager [None req-e48eedce-3827-4eac-a6fd-1d8a67699682 None None] Subscribe: > security_group_rule after_create 55550000, False {{(pid=107347) subscribe /opt/stack/data/venv/lib/python3.12/site-packages/neutron_lib/callbacks/manager.py:52}}
Jun 18 00:56:43.947493 np0000181715 devstack@neutron-api.service[107347]: DEBUG neutron_lib.callbacks.manager [None req-e48eedce-3827-4eac-a6fd-1d8a67699682 None None] Subscribe: > security_group_rule after_update 55550000, False {{(pid=107347) subscribe /opt/stack/data/venv/lib/python3.12/site-packages/neutron_lib/callbacks/manager.py:52}}
Jun 18 00:56:43.947576 np0000181715 devstack@neutron-api.service[107347]: DEBUG neutron_lib.callbacks.manager [None req-e48eedce-3827-4eac-a6fd-1d8a67699682 None None] Subscribe: > security_group_rule after_delete 55550000, False {{(pid=107347) subscribe /opt/stack/data/venv/lib/python3.12/site-packages/neutron_lib/callbacks/manager.py:52}}
Jun 18 00:56:43.947723 np0000181715 devstack@neutron-api.service[107347]: DEBUG neutron_lib.callbacks.manager [None req-e48eedce-3827-4eac-a6fd-1d8a67699682 None None] Subscribe: > address_group after_create 55550000, False {{(pid=107347) subscribe /opt/stack/data/venv/lib/python3.12/site-packages/neutron_lib/callbacks/manager.py:52}}
Jun 18 00:56:43.949427 np0000181715 devstack@neutron-api.service[107347]: DEBUG neutron_lib.callbacks.manager [None req-e48eedce-3827-4eac-a6fd-1d8a67699682 None None] Subscribe: > address_group after_update 55550000, False {{(pid=107347) subscribe /opt/stack/data/venv/lib/python3.12/site-packages/neutron_lib/callbacks/manager.py:52}}
Jun 18 00:56:43.949908 np0000181715 devstack@neutron-api.service[107349]: DEBUG neutron.manager [None req-e80eed19-a97d-4274-b6ee-6b9684677b51 None None] Successfully loaded network-ip-availability plugin. Description: Provides IP availability data for each network and subnet. {{(pid=107349) _create_and_add_service_plugin /opt/stack/neutron/neutron/manager.py:239}}
Jun 18 00:56:43.950178 np0000181715 devstack@neutron-api.service[107347]: DEBUG neutron_lib.callbacks.manager [None req-e48eedce-3827-4eac-a6fd-1d8a67699682 None None] Subscribe: > address_group after_delete 55550000, False {{(pid=107347) subscribe /opt/stack/data/venv/lib/python3.12/site-packages/neutron_lib/callbacks/manager.py:52}}
Jun 18 00:56:43.950337 np0000181715 devstack@neutron-api.service[107349]: INFO neutron.manager [None req-e80eed19-a97d-4274-b6ee-6b9684677b51 None None] Loading Plugin: flavors
Jun 18 00:56:43.950377 np0000181715 devstack@neutron-api.service[107347]: DEBUG neutron.plugins.ml2.ovo_rpc [None req-e48eedce-3827-4eac-a6fd-1d8a67699682 None None] ML2 OVO RPC backend initialized. {{(pid=107347) __init__ /opt/stack/neutron/neutron/plugins/ml2/ovo_rpc.py:117}}
Jun 18 00:56:43.950416 np0000181715 devstack@neutron-api.service[107349]: DEBUG neutron.manager [None req-e80eed19-a97d-4274-b6ee-6b9684677b51 None None] Successfully loaded FLAVORS plugin. Description: Neutron Flavors and Service Profiles manager plugin {{(pid=107349) _create_and_add_service_plugin /opt/stack/neutron/neutron/manager.py:239}}
Jun 18 00:56:43.950416 np0000181715 devstack@neutron-api.service[107349]: INFO neutron.manager [None req-e80eed19-a97d-4274-b6ee-6b9684677b51 None None] Loading Plugin: revisions
Jun 18 00:56:43.950482 np0000181715 devstack@neutron-api.service[107347]: INFO neutron.quota [None req-e48eedce-3827-4eac-a6fd-1d8a67699682 None None] Loaded quota_driver: .
Jun 18 00:56:43.950482 np0000181715 devstack@neutron-api.service[107347]: INFO neutron.plugins.ml2.plugin [None req-e48eedce-3827-4eac-a6fd-1d8a67699682 None None] Modular L2 Plugin initialization complete
Jun 18 00:56:43.950482 np0000181715 devstack@neutron-api.service[107347]: DEBUG neutron.manager [None req-e48eedce-3827-4eac-a6fd-1d8a67699682 None None] Loading services supported by the core plugin {{(pid=107347) _load_services_from_core_plugin /opt/stack/neutron/neutron/manager.py:170}}
Jun 18 00:56:43.950482 np0000181715 devstack@neutron-api.service[107347]: INFO neutron.plugins.ml2.managers [None req-e48eedce-3827-4eac-a6fd-1d8a67699682 None None] Got port-security extension from driver 'port_security'
Jun 18 00:56:43.950482 np0000181715 devstack@neutron-api.service[107347]: DEBUG neutron.manager [None req-e48eedce-3827-4eac-a6fd-1d8a67699682 None None] Loading service plugins: ['ovn-router', 'auto_allocate', 'tag', 'timestamp', 'network_ip_availability', 'flavors', 'revisions'] {{(pid=107347) _load_service_plugins /opt/stack/neutron/neutron/manager.py:195}}
Jun 18 00:56:43.950713 np0000181715 devstack@neutron-api.service[107349]: DEBUG neutron.manager [None req-e80eed19-a97d-4274-b6ee-6b9684677b51 None None] Successfully loaded revision_plugin plugin. Description: Adds revision numbers to resources. {{(pid=107349) _create_and_add_service_plugin /opt/stack/neutron/neutron/manager.py:239}}
Jun 18 00:56:43.950801 np0000181715 devstack@neutron-api.service[107347]: INFO neutron.manager [None req-e48eedce-3827-4eac-a6fd-1d8a67699682 None None] Loading Plugin: ovn-router
Jun 18 00:56:43.950875 np0000181715 devstack@neutron-api.service[107349]: DEBUG oslo_concurrency.lockutils [None req-e80eed19-a97d-4274-b6ee-6b9684677b51 None None] Lock "manager" "released" by "neutron.manager.NeutronManager._create_instance" :: held 4.817s {{(pid=107349) inner /opt/stack/data/venv/lib/python3.12/site-packages/oslo_concurrency/lockutils.py:543}}
Jun 18 00:56:43.950875 np0000181715 devstack@neutron-api.service[107349]: DEBUG neutron.api.extensions [None req-e80eed19-a97d-4274-b6ee-6b9684677b51 None None] get_extension_paths = OrderedDict({'/opt/stack/neutron/neutron/extensions': 1}) {{(pid=107349) get_extensions_path /opt/stack/neutron/neutron/api/extensions.py:640}}
Jun 18 00:56:43.950875 np0000181715 devstack@neutron-api.service[107349]: INFO neutron.api.extensions [None req-e80eed19-a97d-4274-b6ee-6b9684677b51 None None] Initializing extension manager.
Jun 18 00:56:43.950875 np0000181715 devstack@neutron-api.service[107349]: DEBUG neutron.api.extensions [None req-e80eed19-a97d-4274-b6ee-6b9684677b51 None None] Loading extension file: __init__.py {{(pid=107349) _load_all_extensions_from_path /opt/stack/neutron/neutron/api/extensions.py:449}}
Jun 18 00:56:43.950875 np0000181715 devstack@neutron-api.service[107349]: DEBUG neutron.api.extensions [None req-e80eed19-a97d-4274-b6ee-6b9684677b51 None None] Loading extension file: __pycache__ {{(pid=107349) _load_all_extensions_from_path /opt/stack/neutron/neutron/api/extensions.py:449}}
Jun 18 00:56:43.950875 np0000181715 devstack@neutron-api.service[107349]: DEBUG neutron.api.extensions [None req-e80eed19-a97d-4274-b6ee-6b9684677b51 None None] Loading extension file: aap_reject_multicast.py {{(pid=107349) _load_all_extensions_from_path /opt/stack/neutron/neutron/api/extensions.py:449}}
Jun 18 00:56:43.951110 np0000181715 devstack@neutron-api.service[107349]: DEBUG neutron.api.extensions [None req-e80eed19-a97d-4274-b6ee-6b9684677b51 None None] Ext name="Allowed address pairs reject multicast extension" alias="aap-reject-multicast" description="Reject multicast addresses in Allowed Address Pairs" updated="2026-04-01T00:00:00-00:00" {{(pid=107349) _check_extension /opt/stack/neutron/neutron/api/extensions.py:415}}
Jun 18 00:56:43.951316 np0000181715 devstack@neutron-api.service[107349]: INFO neutron.api.extensions [None req-e80eed19-a97d-4274-b6ee-6b9684677b51 None None] Extension aap-reject-multicast not supported by any of loaded plugins
Jun 18 00:56:43.951447 np0000181715 devstack@neutron-api.service[107349]: DEBUG neutron.api.extensions [None req-e80eed19-a97d-4274-b6ee-6b9684677b51 None None] Loading extension file: address_group.py {{(pid=107349) _load_all_extensions_from_path /opt/stack/neutron/neutron/api/extensions.py:449}}
Jun 18 00:56:43.951687 np0000181715 devstack@neutron-api.service[107349]: DEBUG neutron.api.extensions [None req-e80eed19-a97d-4274-b6ee-6b9684677b51 None None] Ext name="Address group" alias="address-group" description="Support address group" updated="2020-07-15T10:00:00-00:00" {{(pid=107349) _check_extension /opt/stack/neutron/neutron/api/extensions.py:415}}
Jun 18 00:56:43.951877 np0000181715 devstack@neutron-api.service[107349]: INFO neutron.api.extensions [None req-e80eed19-a97d-4274-b6ee-6b9684677b51 None None] Loaded extension: address-group
Jun 18 00:56:43.951928 np0000181715 devstack@neutron-api.service[107349]: DEBUG neutron.api.extensions [None req-e80eed19-a97d-4274-b6ee-6b9684677b51 None None] Loading extension file: address_scope.py {{(pid=107349) _load_all_extensions_from_path /opt/stack/neutron/neutron/api/extensions.py:449}}
Jun 18 00:56:43.952250 np0000181715 devstack@neutron-api.service[107349]: DEBUG neutron.api.extensions [None req-e80eed19-a97d-4274-b6ee-6b9684677b51 None None] Ext name="Address scope" alias="address-scope" description="Address scopes extension." updated="2015-07-26T10:00:00-00:00" {{(pid=107349) _check_extension /opt/stack/neutron/neutron/api/extensions.py:415}}
Jun 18 00:56:43.952417 np0000181715 devstack@neutron-api.service[107349]: INFO neutron.api.extensions [None req-e80eed19-a97d-4274-b6ee-6b9684677b51 None None] Loaded extension: address-scope
Jun 18 00:56:43.952506 np0000181715 devstack@neutron-api.service[107349]: DEBUG neutron.api.extensions [None req-e80eed19-a97d-4274-b6ee-6b9684677b51 None None] Loading extension file: admin_state_down_before_update.py {{(pid=107349) _load_all_extensions_from_path /opt/stack/neutron/neutron/api/extensions.py:449}}
Jun 18 00:56:43.952834 np0000181715 devstack@neutron-api.service[107349]: DEBUG neutron.api.extensions [None req-e80eed19-a97d-4274-b6ee-6b9684677b51 None None] Ext name="Enforce Router's Admin State Down Before Update Extension" alias="router-admin-state-down-before-update" description="Ensure that the admin state of a router is DOWN (admin_state_up=False) before updating the distributed attribute" updated="2019-07-02T15:56:00" {{(pid=107349) _check_extension /opt/stack/neutron/neutron/api/extensions.py:415}}
Jun 18 00:56:43.953026 np0000181715 devstack@neutron-api.service[107349]: INFO neutron.api.extensions [None req-e80eed19-a97d-4274-b6ee-6b9684677b51 None None] Extension router-admin-state-down-before-update not supported by any of loaded plugins
Jun 18 00:56:43.953124 np0000181715 devstack@neutron-api.service[107349]: DEBUG neutron.api.extensions [None req-e80eed19-a97d-4274-b6ee-6b9684677b51 None None] Loading extension file: agent.py {{(pid=107349) _load_all_extensions_from_path /opt/stack/neutron/neutron/api/extensions.py:449}}
Jun 18 00:56:43.956644 np0000181715 devstack@neutron-api.service[107349]: DEBUG neutron.api.extensions [None req-e80eed19-a97d-4274-b6ee-6b9684677b51 None None] Ext name="agent" alias="agent" description="The agent management extension." updated="2013-02-03T10:00:00-00:00" {{(pid=107349) _check_extension /opt/stack/neutron/neutron/api/extensions.py:415}}
Jun 18 00:56:43.956644 np0000181715 devstack@neutron-api.service[107349]: INFO neutron.api.extensions [None req-e80eed19-a97d-4274-b6ee-6b9684677b51 None None] Loaded extension: agent
Jun 18 00:56:43.956644 np0000181715 devstack@neutron-api.service[107349]: DEBUG neutron.api.extensions [None req-e80eed19-a97d-4274-b6ee-6b9684677b51 None None] Loading extension file: agent_resources_synced.py {{(pid=107349) _load_all_extensions_from_path /opt/stack/neutron/neutron/api/extensions.py:449}}
Jun 18 00:56:43.956644 np0000181715 devstack@neutron-api.service[107349]: DEBUG neutron.api.extensions [None req-e80eed19-a97d-4274-b6ee-6b9684677b51 None None] Ext name="Agent's Resource View Synced to Placement" alias="agent-resources-synced" description="Stores success/failure of last sync to Placement" updated="2018-12-19T00:00:00-00:00" {{(pid=107349) _check_extension /opt/stack/neutron/neutron/api/extensions.py:415}}
Jun 18 00:56:43.956644 np0000181715 devstack@neutron-api.service[107349]: INFO neutron.api.extensions [None req-e80eed19-a97d-4274-b6ee-6b9684677b51 None None] Extension agent-resources-synced not supported by any of loaded plugins
Jun 18 00:56:43.956644 np0000181715 devstack@neutron-api.service[107349]: DEBUG neutron.api.extensions [None req-e80eed19-a97d-4274-b6ee-6b9684677b51 None None] Loading extension file: agent_sort_key.py {{(pid=107349) _load_all_extensions_from_path /opt/stack/neutron/neutron/api/extensions.py:449}}
Jun 18 00:56:43.956644 np0000181715 devstack@neutron-api.service[107349]: DEBUG neutron.api.extensions [None req-e80eed19-a97d-4274-b6ee-6b9684677b51 None None] Ext name="Agents Sort Key" alias="agent_sort_key" description="Enabling the keyword sort_key for sorting in agents." updated="2013-02-03T10:00:00-00:00" {{(pid=107349) _check_extension /opt/stack/neutron/neutron/api/extensions.py:415}}
Jun 18 00:56:43.957201 np0000181715 devstack@neutron-api.service[107349]: INFO neutron.api.extensions [None req-e80eed19-a97d-4274-b6ee-6b9684677b51 None None] Extension agent_sort_key not supported by any of loaded plugins
Jun 18 00:56:43.957201 np0000181715 devstack@neutron-api.service[107349]: DEBUG neutron.api.extensions [None req-e80eed19-a97d-4274-b6ee-6b9684677b51 None None] Loading extension file: allowedaddresspairs.py {{(pid=107349) _load_all_extensions_from_path /opt/stack/neutron/neutron/api/extensions.py:449}}
Jun 18 00:56:43.957201 np0000181715 devstack@neutron-api.service[107349]: DEBUG neutron.api.extensions [None req-e80eed19-a97d-4274-b6ee-6b9684677b51 None None] Ext name="Allowed Address Pairs" alias="allowed-address-pairs" description="Provides allowed address pairs" updated="2013-07-23T10:00:00-00:00" {{(pid=107349) _check_extension /opt/stack/neutron/neutron/api/extensions.py:415}}
Jun 18 00:56:43.957201 np0000181715 devstack@neutron-api.service[107349]: INFO neutron.api.extensions [None req-e80eed19-a97d-4274-b6ee-6b9684677b51 None None] Loaded extension: allowed-address-pairs
Jun 18 00:56:43.957201 np0000181715 devstack@neutron-api.service[107349]: DEBUG neutron.api.extensions [None req-e80eed19-a97d-4274-b6ee-6b9684677b51 None None] Loading extension file: auto_allocated_topology.py {{(pid=107349) _load_all_extensions_from_path /opt/stack/neutron/neutron/api/extensions.py:449}}
Jun 18 00:56:43.957201 np0000181715 devstack@neutron-api.service[107349]: DEBUG neutron.api.extensions [None req-e80eed19-a97d-4274-b6ee-6b9684677b51 None None] Ext name="Auto Allocated Topology Services" alias="auto-allocated-topology" description="Auto Allocated Topology Services." updated="2016-01-01T00:00:00-00:00" {{(pid=107349) _check_extension /opt/stack/neutron/neutron/api/extensions.py:415}}
Jun 18 00:56:43.957201 np0000181715 devstack@neutron-api.service[107349]: INFO neutron.api.extensions [None req-e80eed19-a97d-4274-b6ee-6b9684677b51 None None] Loaded extension: auto-allocated-topology
Jun 18 00:56:43.957201 np0000181715 devstack@neutron-api.service[107349]: DEBUG neutron.api.extensions [None req-e80eed19-a97d-4274-b6ee-6b9684677b51 None None] Loading extension file: availability_zone.py {{(pid=107349) _load_all_extensions_from_path /opt/stack/neutron/neutron/api/extensions.py:449}}
Jun 18 00:56:43.957703 np0000181715 devstack@neutron-api.service[107349]: DEBUG neutron.api.extensions [None req-e80eed19-a97d-4274-b6ee-6b9684677b51 None None] Ext name="Availability Zone" alias="availability_zone" description="The availability zone extension." updated="2015-01-01T10:00:00-00:00" {{(pid=107349) _check_extension /opt/stack/neutron/neutron/api/extensions.py:415}}
Jun 18 00:56:43.957703 np0000181715 devstack@neutron-api.service[107349]: INFO neutron.api.extensions [None req-e80eed19-a97d-4274-b6ee-6b9684677b51 None None] Loaded extension: availability_zone
Jun 18 00:56:43.957703 np0000181715 devstack@neutron-api.service[107349]: DEBUG neutron.api.extensions [None req-e80eed19-a97d-4274-b6ee-6b9684677b51 None None] Loading extension file: availability_zone_filter.py {{(pid=107349) _load_all_extensions_from_path /opt/stack/neutron/neutron/api/extensions.py:449}}
Jun 18 00:56:43.957703 np0000181715 devstack@neutron-api.service[107349]: DEBUG neutron.api.extensions [None req-e80eed19-a97d-4274-b6ee-6b9684677b51 None None] Ext name="Availability Zone Filter Extension" alias="availability_zone_filter" description="Add filter parameters to AvailabilityZone resource" updated="2018-06-22T10:00:00-00:00" {{(pid=107349) _check_extension /opt/stack/neutron/neutron/api/extensions.py:415}}
Jun 18 00:56:43.957703 np0000181715 devstack@neutron-api.service[107349]: INFO neutron.api.extensions [None req-e80eed19-a97d-4274-b6ee-6b9684677b51 None None] Extension availability_zone_filter not supported by any of loaded plugins
Jun 18 00:56:43.957703 np0000181715 devstack@neutron-api.service[107349]: DEBUG neutron.api.extensions [None req-e80eed19-a97d-4274-b6ee-6b9684677b51 None None] Loading extension file: data_plane_status.py {{(pid=107349) _load_all_extensions_from_path /opt/stack/neutron/neutron/api/extensions.py:449}}
Jun 18 00:56:43.957703 np0000181715 devstack@neutron-api.service[107349]: DEBUG neutron.api.extensions [None req-e80eed19-a97d-4274-b6ee-6b9684677b51 None None] Ext name="Port data plane status extension" alias="data-plane-status" description="Expose status of underlying data plane" updated="2017-01-24T10:00:00-00:00" {{(pid=107349) _check_extension /opt/stack/neutron/neutron/api/extensions.py:415}}
Jun 18 00:56:43.958064 np0000181715 devstack@neutron-api.service[107349]: INFO neutron.api.extensions [None req-e80eed19-a97d-4274-b6ee-6b9684677b51 None None] Extension data-plane-status not supported by any of loaded plugins
Jun 18 00:56:43.958064 np0000181715 devstack@neutron-api.service[107349]: DEBUG neutron.api.extensions [None req-e80eed19-a97d-4274-b6ee-6b9684677b51 None None] Loading extension file: default_subnetpools.py {{(pid=107349) _load_all_extensions_from_path /opt/stack/neutron/neutron/api/extensions.py:449}}
Jun 18 00:56:43.958271 np0000181715 devstack@neutron-api.service[107349]: DEBUG neutron.api.extensions [None req-e80eed19-a97d-4274-b6ee-6b9684677b51 None None] Ext name="Default Subnetpools" alias="default-subnetpools" description="Provides ability to mark and use a subnetpool as the default." updated="2016-02-18T18:00:00-00:00" {{(pid=107349) _check_extension /opt/stack/neutron/neutron/api/extensions.py:415}}
Jun 18 00:56:43.958604 np0000181715 devstack@neutron-api.service[107349]: INFO neutron.api.extensions [None req-e80eed19-a97d-4274-b6ee-6b9684677b51 None None] Loaded extension: default-subnetpools
Jun 18 00:56:43.958604 np0000181715 devstack@neutron-api.service[107349]: DEBUG neutron.api.extensions [None req-e80eed19-a97d-4274-b6ee-6b9684677b51 None None] Loading extension file: dhcpagentscheduler.py {{(pid=107349) _load_all_extensions_from_path /opt/stack/neutron/neutron/api/extensions.py:449}}
Jun 18 00:56:43.959124 np0000181715 devstack@neutron-api.service[107349]: DEBUG neutron.api.extensions [None req-e80eed19-a97d-4274-b6ee-6b9684677b51 None None] Ext name="DHCP Agent Scheduler" alias="dhcp_agent_scheduler" description="Schedule networks among dhcp agents" updated="2013-02-07T10:00:00-00:00" {{(pid=107349) _check_extension /opt/stack/neutron/neutron/api/extensions.py:415}}
Jun 18 00:56:43.959369 np0000181715 devstack@neutron-api.service[107349]: INFO neutron.api.extensions [None req-e80eed19-a97d-4274-b6ee-6b9684677b51 None None] Loaded extension: dhcp_agent_scheduler
Jun 18 00:56:43.959486 np0000181715 devstack@neutron-api.service[107349]: DEBUG neutron.api.extensions [None req-e80eed19-a97d-4274-b6ee-6b9684677b51 None None] Loading extension file: dns.py {{(pid=107349) _load_all_extensions_from_path /opt/stack/neutron/neutron/api/extensions.py:449}}
Jun 18 00:56:43.959814 np0000181715 devstack@neutron-api.service[107349]: DEBUG neutron.api.extensions [None req-e80eed19-a97d-4274-b6ee-6b9684677b51 None None] Ext name="DNS Integration" alias="dns-integration" description="Provides integration with DNS." updated="2015-08-15T18:00:00-00:00" {{(pid=107349) _check_extension /opt/stack/neutron/neutron/api/extensions.py:415}}
Jun 18 00:56:43.960072 np0000181715 devstack@neutron-api.service[107349]: INFO neutron.api.extensions [None req-e80eed19-a97d-4274-b6ee-6b9684677b51 None None] Loaded extension: dns-integration
Jun 18 00:56:43.960159 np0000181715 devstack@neutron-api.service[107349]: DEBUG neutron.api.extensions [None req-e80eed19-a97d-4274-b6ee-6b9684677b51 None None] Loading extension file: dns_domain_ports.py {{(pid=107349) _load_all_extensions_from_path /opt/stack/neutron/neutron/api/extensions.py:449}}
Jun 18 00:56:43.960587 np0000181715 devstack@neutron-api.service[107349]: DEBUG neutron.api.extensions [None req-e80eed19-a97d-4274-b6ee-6b9684677b51 None None] Ext name="dns_domain for ports" alias="dns-domain-ports" description="Allows the DNS domain to be specified for a network port." updated="2017-04-24T10:00:00-00:00" {{(pid=107349) _check_extension /opt/stack/neutron/neutron/api/extensions.py:415}}
Jun 18 00:56:43.960814 np0000181715 devstack@neutron-api.service[107349]: INFO neutron.api.extensions [None req-e80eed19-a97d-4274-b6ee-6b9684677b51 None None] Loaded extension: dns-domain-ports
Jun 18 00:56:43.960884 np0000181715 devstack@neutron-api.service[107349]: DEBUG neutron.api.extensions [None req-e80eed19-a97d-4274-b6ee-6b9684677b51 None None] Loading extension file: dns_integration_domain_keywords.py {{(pid=107349) _load_all_extensions_from_path /opt/stack/neutron/neutron/api/extensions.py:449}}
Jun 18 00:56:43.961199 np0000181715 devstack@neutron-api.service[107349]: DEBUG neutron.api.extensions [None req-e80eed19-a97d-4274-b6ee-6b9684677b51 None None] Ext name="DNS domain names with keywords allowed" alias="dns-integration-domain-keywords" description="Allows to use keywords like , , and as DNS domain name" updated="2020-06-15T18:00:00-00:00" {{(pid=107349) _check_extension /opt/stack/neutron/neutron/api/extensions.py:415}}
Jun 18 00:56:43.961259 np0000181715 devstack@neutron-api.service[107347]: DEBUG neutron_lib.callbacks.manager [None req-e48eedce-3827-4eac-a6fd-1d8a67699682 None None] Subscribe: > router before_delete 55550000, False {{(pid=107347) subscribe /opt/stack/data/venv/lib/python3.12/site-packages/neutron_lib/callbacks/manager.py:52}}
Jun 18 00:56:43.961487 np0000181715 devstack@neutron-api.service[107349]: INFO neutron.api.extensions [None req-e80eed19-a97d-4274-b6ee-6b9684677b51 None None] Loaded extension: dns-integration-domain-keywords
Jun 18 00:56:43.961578 np0000181715 devstack@neutron-api.service[107349]: DEBUG neutron.api.extensions [None req-e80eed19-a97d-4274-b6ee-6b9684677b51 None None] Loading extension file: dvr.py {{(pid=107349) _load_all_extensions_from_path /opt/stack/neutron/neutron/api/extensions.py:449}}
Jun 18 00:56:43.961679 np0000181715 devstack@neutron-api.service[107347]: DEBUG neutron_lib.callbacks.manager [None req-e48eedce-3827-4eac-a6fd-1d8a67699682 None None] Subscribe: port before_update 55550000, False {{(pid=107347) subscribe /opt/stack/data/venv/lib/python3.12/site-packages/neutron_lib/callbacks/manager.py:52}}
Jun 18 00:56:43.961780 np0000181715 devstack@neutron-api.service[107347]: DEBUG neutron_lib.callbacks.manager [None req-e48eedce-3827-4eac-a6fd-1d8a67699682 None None] Subscribe: port after_update 55550000, False {{(pid=107347) subscribe /opt/stack/data/venv/lib/python3.12/site-packages/neutron_lib/callbacks/manager.py:52}}
Jun 18 00:56:43.961900 np0000181715 devstack@neutron-api.service[107347]: DEBUG neutron_lib.callbacks.manager [None req-e48eedce-3827-4eac-a6fd-1d8a67699682 None None] Subscribe: > port precommit_delete 55550000, False {{(pid=107347) subscribe /opt/stack/data/venv/lib/python3.12/site-packages/neutron_lib/callbacks/manager.py:52}}
Jun 18 00:56:43.962006 np0000181715 devstack@neutron-api.service[107349]: DEBUG neutron.api.extensions [None req-e80eed19-a97d-4274-b6ee-6b9684677b51 None None] Ext name="Distributed Virtual Router" alias="dvr" description="Enables configuration of Distributed Virtual Routers." updated="2014-06-1T10:00:00-00:00" {{(pid=107349) _check_extension /opt/stack/neutron/neutron/api/extensions.py:415}}
Jun 18 00:56:43.962100 np0000181715 devstack@neutron-api.service[107347]: DEBUG neutron_lib.callbacks.manager [None req-e48eedce-3827-4eac-a6fd-1d8a67699682 None None] Subscribe: port before_update 55550000, False {{(pid=107347) subscribe /opt/stack/data/venv/lib/python3.12/site-packages/neutron_lib/callbacks/manager.py:52}}
Jun 18 00:56:43.962100 np0000181715 devstack@neutron-api.service[107347]: DEBUG neutron_lib.callbacks.manager [None req-e48eedce-3827-4eac-a6fd-1d8a67699682 None None] Subscribe: port before_delete 55550000, False {{(pid=107347) subscribe /opt/stack/data/venv/lib/python3.12/site-packages/neutron_lib/callbacks/manager.py:52}}
Jun 18 00:56:43.962178 np0000181715 devstack@neutron-api.service[107349]: INFO neutron.api.extensions [None req-e80eed19-a97d-4274-b6ee-6b9684677b51 None None] Extension dvr not supported by any of loaded plugins
Jun 18 00:56:43.962224 np0000181715 devstack@neutron-api.service[107347]: DEBUG neutron_lib.callbacks.manager [None req-e48eedce-3827-4eac-a6fd-1d8a67699682 None None] Subscribe: > router precommit_create 55550000, False {{(pid=107347) subscribe /opt/stack/data/venv/lib/python3.12/site-packages/neutron_lib/callbacks/manager.py:52}}
Jun 18 00:56:43.962321 np0000181715 devstack@neutron-api.service[107349]: DEBUG neutron.api.extensions [None req-e80eed19-a97d-4274-b6ee-6b9684677b51 None None] Loading extension file: ecmp_routes.py {{(pid=107349) _load_all_extensions_from_path /opt/stack/neutron/neutron/api/extensions.py:449}}
Jun 18 00:56:43.962414 np0000181715 devstack@neutron-api.service[107347]: DEBUG neutron_lib.callbacks.manager [None req-e48eedce-3827-4eac-a6fd-1d8a67699682 None None] Subscribe: > router precommit_create 55550000, False {{(pid=107347) subscribe /opt/stack/data/venv/lib/python3.12/site-packages/neutron_lib/callbacks/manager.py:52}}
Jun 18 00:56:43.962414 np0000181715 devstack@neutron-api.service[107347]: DEBUG neutron_lib.callbacks.manager [None req-e48eedce-3827-4eac-a6fd-1d8a67699682 None None] Subscribe: > router precommit_update 55550000, False {{(pid=107347) subscribe /opt/stack/data/venv/lib/python3.12/site-packages/neutron_lib/callbacks/manager.py:52}}
Jun 18 00:56:43.962541 np0000181715 devstack@neutron-api.service[107347]: DEBUG neutron_lib.callbacks.manager [None req-e48eedce-3827-4eac-a6fd-1d8a67699682 None None] Subscribe: subnet after_update 55550000, False {{(pid=107347) subscribe /opt/stack/data/venv/lib/python3.12/site-packages/neutron_lib/callbacks/manager.py:52}}
Jun 18 00:56:43.962632 np0000181715 devstack@neutron-api.service[107349]: DEBUG neutron.api.extensions [None req-e80eed19-a97d-4274-b6ee-6b9684677b51 None None] Ext name="Equal Cost Multipath Routing" alias="ecmp_routes" description="Allows traffic to reach thesame destination via multiple different links " updated="2020-11-26T18:00:00-00:00" {{(pid=107349) _check_extension /opt/stack/neutron/neutron/api/extensions.py:415}}
Jun 18 00:56:43.962702 np0000181715 devstack@neutron-api.service[107347]: DEBUG neutron.quota.resource_registry [None req-e48eedce-3827-4eac-a6fd-1d8a67699682 None None] Tracking information for resource: router configured {{(pid=107347) set_tracked_resource /opt/stack/neutron/neutron/quota/resource_registry.py:203}}
Jun 18 00:56:43.962795 np0000181715 devstack@neutron-api.service[107347]: DEBUG neutron.quota.resource_registry [None req-e48eedce-3827-4eac-a6fd-1d8a67699682 None None] Tracking information for resource: floatingip configured {{(pid=107347) set_tracked_resource /opt/stack/neutron/neutron/quota/resource_registry.py:203}}
Jun 18 00:56:43.962842 np0000181715 devstack@neutron-api.service[107349]: INFO neutron.api.extensions [None req-e80eed19-a97d-4274-b6ee-6b9684677b51 None None] Extension ecmp_routes not supported by any of loaded plugins
Jun 18 00:56:43.962924 np0000181715 devstack@neutron-api.service[107347]: INFO neutron.services.ovn_l3.plugin [None req-e48eedce-3827-4eac-a6fd-1d8a67699682 None None] Starting OVNL3RouterPlugin
Jun 18 00:56:43.962967 np0000181715 devstack@neutron-api.service[107349]: DEBUG neutron.api.extensions [None req-e80eed19-a97d-4274-b6ee-6b9684677b51 None None] Loading extension file: empty_string_filtering.py {{(pid=107349) _load_all_extensions_from_path /opt/stack/neutron/neutron/api/extensions.py:449}}
Jun 18 00:56:43.963104 np0000181715 devstack@neutron-api.service[107347]: DEBUG neutron_lib.callbacks.manager [None req-e48eedce-3827-4eac-a6fd-1d8a67699682 None None] Subscribe: > port_forwarding_plugin after_init 55550000, False {{(pid=107347) subscribe /opt/stack/data/venv/lib/python3.12/site-packages/neutron_lib/callbacks/manager.py:52}}
Jun 18 00:56:43.963278 np0000181715 devstack@neutron-api.service[107349]: DEBUG neutron.api.extensions [None req-e80eed19-a97d-4274-b6ee-6b9684677b51 None None] Ext name="Empty String Filtering Extension" alias="empty-string-filtering" description="Allow filtering by attributes with empty string value" updated="2018-05-01T10:00:00-00:00" {{(pid=107349) _check_extension /opt/stack/neutron/neutron/api/extensions.py:415}}
Jun 18 00:56:43.963334 np0000181715 devstack@neutron-api.service[107347]: DEBUG neutron_lib.callbacks.manager [None req-e48eedce-3827-4eac-a6fd-1d8a67699682 None None] Subscribe: > router before_create 55550100, False {{(pid=107347) subscribe /opt/stack/data/venv/lib/python3.12/site-packages/neutron_lib/callbacks/manager.py:52}}
Jun 18 00:56:43.963430 np0000181715 devstack@neutron-api.service[107347]: DEBUG neutron_lib.callbacks.manager [None req-e48eedce-3827-4eac-a6fd-1d8a67699682 None None] Subscribe: > router precommit_delete 55550100, False {{(pid=107347) subscribe /opt/stack/data/venv/lib/python3.12/site-packages/neutron_lib/callbacks/manager.py:52}}
Jun 18 00:56:43.963519 np0000181715 devstack@neutron-api.service[107349]: INFO neutron.api.extensions [None req-e80eed19-a97d-4274-b6ee-6b9684677b51 None None] Loaded extension: empty-string-filtering
Jun 18 00:56:43.963567 np0000181715 devstack@neutron-api.service[107347]: DEBUG neutron_lib.callbacks.manager [None req-e48eedce-3827-4eac-a6fd-1d8a67699682 None None] Subscribe: > router precommit_create 55550100, False {{(pid=107347) subscribe /opt/stack/data/venv/lib/python3.12/site-packages/neutron_lib/callbacks/manager.py:52}}
Jun 18 00:56:43.963702 np0000181715 devstack@neutron-api.service[107347]: DEBUG neutron_lib.callbacks.manager [None req-e48eedce-3827-4eac-a6fd-1d8a67699682 None None] Subscribe: > router precommit_update 55550100, False {{(pid=107347) subscribe /opt/stack/data/venv/lib/python3.12/site-packages/neutron_lib/callbacks/manager.py:52}}
Jun 18 00:56:43.963746 np0000181715 devstack@neutron-api.service[107349]: DEBUG neutron.api.extensions [None req-e80eed19-a97d-4274-b6ee-6b9684677b51 None None] Loading extension file: evpn.py {{(pid=107349) _load_all_extensions_from_path /opt/stack/neutron/neutron/api/extensions.py:449}}
Jun 18 00:56:43.963957 np0000181715 devstack@neutron-api.service[107349]: DEBUG neutron.api.extensions [None req-e80eed19-a97d-4274-b6ee-6b9684677b51 None None] Ext name="EVPN" alias="evpn" description="Router extension to support EVPN Type-5 route advertisement" updated="2026-04-28T00:00:00-00:00" {{(pid=107349) _check_extension /opt/stack/neutron/neutron/api/extensions.py:415}}
Jun 18 00:56:43.964175 np0000181715 devstack@neutron-api.service[107349]: INFO neutron.api.extensions [None req-e80eed19-a97d-4274-b6ee-6b9684677b51 None None] Extension evpn not supported by any of loaded plugins
Jun 18 00:56:43.964319 np0000181715 devstack@neutron-api.service[107349]: DEBUG neutron.api.extensions [None req-e80eed19-a97d-4274-b6ee-6b9684677b51 None None] Loading extension file: expose_l3_conntrack_helper.py {{(pid=107349) _load_all_extensions_from_path /opt/stack/neutron/neutron/api/extensions.py:449}}
Jun 18 00:56:43.964672 np0000181715 devstack@neutron-api.service[107349]: DEBUG neutron.api.extensions [None req-e80eed19-a97d-4274-b6ee-6b9684677b51 None None] Ext name="Expose CT target rules for conntrack helper" alias="expose-l3-conntrack-helper" description="Expose allow adding CT target rules for conntrack helper" updated="2019-04-04T10:00:00-00:00" {{(pid=107349) _check_extension /opt/stack/neutron/neutron/api/extensions.py:415}}
Jun 18 00:56:43.964953 np0000181715 devstack@neutron-api.service[107349]: INFO neutron.api.extensions [None req-e80eed19-a97d-4274-b6ee-6b9684677b51 None None] Extension expose-l3-conntrack-helper not supported by any of loaded plugins
Jun 18 00:56:43.965048 np0000181715 devstack@neutron-api.service[107349]: DEBUG neutron.api.extensions [None req-e80eed19-a97d-4274-b6ee-6b9684677b51 None None] Loading extension file: expose_port_forwarding_in_fip.py {{(pid=107349) _load_all_extensions_from_path /opt/stack/neutron/neutron/api/extensions.py:449}}
Jun 18 00:56:43.965430 np0000181715 devstack@neutron-api.service[107349]: DEBUG neutron.api.extensions [None req-e80eed19-a97d-4274-b6ee-6b9684677b51 None None] Ext name="Expose Floating IP port forwardings" alias="expose-port-forwarding-in-fip" description="Expose port forwarding fields in floating IP response" updated="2018-06-28T16:00:00-00:00" {{(pid=107349) _check_extension /opt/stack/neutron/neutron/api/extensions.py:415}}
