May 19 10:05:30.290034 np0000174686 devstack@neutron-api.service[103107]: DEBUG neutron.api.extensions [None req-0a925674-3950-4955-bec5-00ba05ce768e None None] Ext name="Security group rule belongs to the project's default security group" alias="security-groups-rules-belongs-to-default-sg" description="Flag to determine if the security group rule belongs to the project's default security group" updated="2023-05-23T10:00:00-00:00" {{(pid=103107) _check_extension /opt/stack/neutron/neutron/api/extensions.py:415}}
May 19 10:05:30.290210 np0000174686 devstack@neutron-api.service[103106]: DEBUG neutron.api.extensions [None req-f145cb95-e446-43ab-a873-48d0eec78d30 None None] Extended resource: service-providers {{(pid=103106) __init__ /opt/stack/neutron/neutron/api/extensions.py:156}}
May 19 10:05:30.290274 np0000174686 devstack@neutron-api.service[103107]: INFO neutron.api.extensions [None req-0a925674-3950-4955-bec5-00ba05ce768e None None] Loaded extension: security-groups-rules-belongs-to-default-sg
May 19 10:05:30.290399 np0000174686 devstack@neutron-api.service[103107]: DEBUG neutron.api.extensions [None req-0a925674-3950-4955-bec5-00ba05ce768e None None] Loading extension file: security_groups_shared_filtering.py {{(pid=103107) _load_all_extensions_from_path /opt/stack/neutron/neutron/api/extensions.py:449}}
May 19 10:05:30.290431 np0000174686 devstack@neutron-api.service[103109]: DEBUG neutron.api.extensions [None req-b4190243-fb11-47b0-976f-24e1fe529fed None None] Extended resource: network-ip-availabilities {{(pid=103109) __init__ /opt/stack/neutron/neutron/api/extensions.py:156}}
May 19 10:05:30.290701 np0000174686 devstack@neutron-api.service[103107]: DEBUG neutron.api.extensions [None req-0a925674-3950-4955-bec5-00ba05ce768e None None] Ext name="Security group filtering on the shared field" alias="security-groups-shared-filtering" description="Support filtering security groups on the shared field" updated="2021-10-05T09:00:00-00:00" {{(pid=103107) _check_extension /opt/stack/neutron/neutron/api/extensions.py:415}}
May 19 10:05:30.290778 np0000174686 devstack@neutron-api.service[103106]: DEBUG neutron.api.extensions [None req-f145cb95-e446-43ab-a873-48d0eec78d30 None None] Extended resource: subnetpools {{(pid=103106) __init__ /opt/stack/neutron/neutron/api/extensions.py:156}}
May 19 10:05:30.290926 np0000174686 devstack@neutron-api.service[103107]: INFO neutron.api.extensions [None req-0a925674-3950-4955-bec5-00ba05ce768e None None] Loaded extension: security-groups-shared-filtering
May 19 10:05:30.290963 np0000174686 devstack@neutron-api.service[103109]: DEBUG neutron.api.extensions [None req-b4190243-fb11-47b0-976f-24e1fe529fed None None] Extended resource: bindings {{(pid=103109) __init__ /opt/stack/neutron/neutron/api/extensions.py:156}}
May 19 10:05:30.291048 np0000174686 devstack@neutron-api.service[103107]: DEBUG neutron.api.extensions [None req-0a925674-3950-4955-bec5-00ba05ce768e None None] Loading extension file: securitygroup.py {{(pid=103107) _load_all_extensions_from_path /opt/stack/neutron/neutron/api/extensions.py:449}}
May 19 10:05:30.291424 np0000174686 devstack@neutron-api.service[103106]: DEBUG neutron.api.extensions [None req-f145cb95-e446-43ab-a873-48d0eec78d30 None None] Extended resource: tags {{(pid=103106) __init__ /opt/stack/neutron/neutron/api/extensions.py:156}}
May 19 10:05:30.291623 np0000174686 devstack@neutron-api.service[103109]: DEBUG neutron.api.extensions [None req-b4190243-fb11-47b0-976f-24e1fe529fed None None] Extended resource: quotas {{(pid=103109) __init__ /opt/stack/neutron/neutron/api/extensions.py:156}}
May 19 10:05:30.292172 np0000174686 devstack@neutron-api.service[103106]: DEBUG neutron.api.extensions [None req-f145cb95-e446-43ab-a873-48d0eec78d30 None None] Extended resource: tags {{(pid=103106) __init__ /opt/stack/neutron/neutron/api/extensions.py:156}}
May 19 10:05:30.292375 np0000174686 devstack@neutron-api.service[103109]: DEBUG neutron.api.extensions [None req-b4190243-fb11-47b0-976f-24e1fe529fed None None] Extended resource: quotas {{(pid=103109) __init__ /opt/stack/neutron/neutron/api/extensions.py:156}}
May 19 10:05:30.292983 np0000174686 devstack@neutron-api.service[103106]: DEBUG neutron.api.extensions [None req-f145cb95-e446-43ab-a873-48d0eec78d30 None None] Extended resource: tags {{(pid=103106) __init__ /opt/stack/neutron/neutron/api/extensions.py:156}}
May 19 10:05:30.293012 np0000174686 devstack@neutron-api.service[103107]: DEBUG neutron.api.extensions [None req-0a925674-3950-4955-bec5-00ba05ce768e None None] Ext name="security-group" alias="security-group" description="The security groups extension." updated="2012-10-05T10:00:00-00:00" {{(pid=103107) _check_extension /opt/stack/neutron/neutron/api/extensions.py:415}}
May 19 10:05:30.293037 np0000174686 devstack@neutron-api.service[103109]: DEBUG neutron.api.extensions [None req-b4190243-fb11-47b0-976f-24e1fe529fed None None] Extended resource: rbac-policies {{(pid=103109) __init__ /opt/stack/neutron/neutron/api/extensions.py:156}}
May 19 10:05:30.293231 np0000174686 devstack@neutron-api.service[103107]: INFO neutron.api.extensions [None req-0a925674-3950-4955-bec5-00ba05ce768e None None] Loaded extension: security-group
May 19 10:05:30.293356 np0000174686 devstack@neutron-api.service[103107]: DEBUG neutron.api.extensions [None req-0a925674-3950-4955-bec5-00ba05ce768e None None] Loading extension file: segment.py {{(pid=103107) _load_all_extensions_from_path /opt/stack/neutron/neutron/api/extensions.py:449}}
May 19 10:05:30.293546 np0000174686 devstack@neutron-api.service[103109]: DEBUG neutron.api.extensions [None req-b4190243-fb11-47b0-976f-24e1fe529fed None None] Extended resource: default-security-group-rules {{(pid=103109) __init__ /opt/stack/neutron/neutron/api/extensions.py:156}}
May 19 10:05:30.293721 np0000174686 devstack@neutron-api.service[103107]: DEBUG neutron.api.extensions [None req-0a925674-3950-4955-bec5-00ba05ce768e None None] Ext name="Segment" alias="segment" description="Segments extension." updated="2016-02-24T17:00:00-00:00" {{(pid=103107) _check_extension /opt/stack/neutron/neutron/api/extensions.py:415}}
May 19 10:05:30.293775 np0000174686 devstack@neutron-api.service[103106]: DEBUG neutron.api.extensions [None req-f145cb95-e446-43ab-a873-48d0eec78d30 None None] Extended resource: tags {{(pid=103106) __init__ /opt/stack/neutron/neutron/api/extensions.py:156}}
May 19 10:05:30.293948 np0000174686 devstack@neutron-api.service[103107]: INFO neutron.api.extensions [None req-0a925674-3950-4955-bec5-00ba05ce768e None None] Extension segment not supported by any of loaded plugins
May 19 10:05:30.294067 np0000174686 devstack@neutron-api.service[103107]: DEBUG neutron.api.extensions [None req-0a925674-3950-4955-bec5-00ba05ce768e None None] Loading extension file: segments_peer_subnet_host_routes.py {{(pid=103107) _load_all_extensions_from_path /opt/stack/neutron/neutron/api/extensions.py:449}}
May 19 10:05:30.294132 np0000174686 devstack@neutron-api.service[103109]: DEBUG neutron.api.extensions [None req-b4190243-fb11-47b0-976f-24e1fe529fed None None] Extended resource: security-groups {{(pid=103109) __init__ /opt/stack/neutron/neutron/api/extensions.py:156}}
May 19 10:05:30.294387 np0000174686 devstack@neutron-api.service[103107]: DEBUG neutron.api.extensions [None req-0a925674-3950-4955-bec5-00ba05ce768e None None] Ext name="Segments peer-subnet host routes" alias="segments-peer-subnet-host-routes" description="Add host routes to subnets on a routed network (segments)" updated="2018-06-12T10:00:00-00:00" {{(pid=103107) _check_extension /opt/stack/neutron/neutron/api/extensions.py:415}}
May 19 10:05:30.294524 np0000174686 devstack@neutron-api.service[103106]: DEBUG neutron.api.extensions [None req-f145cb95-e446-43ab-a873-48d0eec78d30 None None] Extended resource: tags {{(pid=103106) __init__ /opt/stack/neutron/neutron/api/extensions.py:156}}
May 19 10:05:30.294663 np0000174686 devstack@neutron-api.service[103109]: DEBUG neutron.api.extensions [None req-b4190243-fb11-47b0-976f-24e1fe529fed None None] Extended resource: security-group-rules {{(pid=103109) __init__ /opt/stack/neutron/neutron/api/extensions.py:156}}
May 19 10:05:30.294708 np0000174686 devstack@neutron-api.service[103107]: INFO neutron.api.extensions [None req-0a925674-3950-4955-bec5-00ba05ce768e None None] Extension segments-peer-subnet-host-routes not supported by any of loaded plugins
May 19 10:05:30.294792 np0000174686 devstack@neutron-api.service[103107]: DEBUG neutron.api.extensions [None req-0a925674-3950-4955-bec5-00ba05ce768e None None] Loading extension file: servicetype.py {{(pid=103107) _load_all_extensions_from_path /opt/stack/neutron/neutron/api/extensions.py:449}}
May 19 10:05:30.295102 np0000174686 devstack@neutron-api.service[103107]: DEBUG neutron.api.extensions [None req-0a925674-3950-4955-bec5-00ba05ce768e None None] Ext name="Neutron Service Type Management" alias="service-type" description="API for retrieving service providers for Neutron advanced services" updated="2013-01-20T00:00:00-00:00" {{(pid=103107) _check_extension /opt/stack/neutron/neutron/api/extensions.py:415}}
May 19 10:05:30.295184 np0000174686 devstack@neutron-api.service[103109]: DEBUG neutron.api.extensions [None req-b4190243-fb11-47b0-976f-24e1fe529fed None None] Extended resource: service-providers {{(pid=103109) __init__ /opt/stack/neutron/neutron/api/extensions.py:156}}
May 19 10:05:30.295345 np0000174686 devstack@neutron-api.service[103107]: INFO neutron.api.extensions [None req-0a925674-3950-4955-bec5-00ba05ce768e None None] Loaded extension: service-type
May 19 10:05:30.295401 np0000174686 devstack@neutron-api.service[103106]: DEBUG neutron.api.extensions [None req-f145cb95-e446-43ab-a873-48d0eec78d30 None None] Extended resource: tags {{(pid=103106) __init__ /opt/stack/neutron/neutron/api/extensions.py:156}}
May 19 10:05:30.295468 np0000174686 devstack@neutron-api.service[103107]: DEBUG neutron.api.extensions [None req-0a925674-3950-4955-bec5-00ba05ce768e None None] Loading extension file: sorting.py {{(pid=103107) _load_all_extensions_from_path /opt/stack/neutron/neutron/api/extensions.py:449}}
May 19 10:05:30.295752 np0000174686 devstack@neutron-api.service[103107]: DEBUG neutron.api.extensions [None req-0a925674-3950-4955-bec5-00ba05ce768e None None] Ext name="Sorting support" alias="sorting" description="Extension that indicates that sorting is enabled." updated="2016-06-12T00:00:00-00:00" {{(pid=103107) _check_extension /opt/stack/neutron/neutron/api/extensions.py:415}}
May 19 10:05:30.295791 np0000174686 devstack@neutron-api.service[103109]: DEBUG neutron.api.extensions [None req-b4190243-fb11-47b0-976f-24e1fe529fed None None] Extended resource: subnetpools {{(pid=103109) __init__ /opt/stack/neutron/neutron/api/extensions.py:156}}
May 19 10:05:30.295881 np0000174686 devstack@neutron-api.service[103107]: INFO neutron.api.extensions [None req-0a925674-3950-4955-bec5-00ba05ce768e None None] Loaded extension: sorting
May 19 10:05:30.296045 np0000174686 devstack@neutron-api.service[103107]: DEBUG neutron.api.extensions [None req-0a925674-3950-4955-bec5-00ba05ce768e None None] Loading extension file: standard_attr_segment.py {{(pid=103107) _load_all_extensions_from_path /opt/stack/neutron/neutron/api/extensions.py:449}}
May 19 10:05:30.296244 np0000174686 devstack@neutron-api.service[103106]: DEBUG neutron.api.extensions [None req-f145cb95-e446-43ab-a873-48d0eec78d30 None None] Extended resource: tags {{(pid=103106) __init__ /opt/stack/neutron/neutron/api/extensions.py:156}}
May 19 10:05:30.296353 np0000174686 devstack@neutron-api.service[103107]: DEBUG neutron.api.extensions [None req-0a925674-3950-4955-bec5-00ba05ce768e None None] Ext name="Standard Attribute Segment Extension" alias="standard-attr-segment" description="Add standard attributes to Segment resource" updated="2018-04-09T10:00:00-00:00" {{(pid=103107) _check_extension /opt/stack/neutron/neutron/api/extensions.py:415}}
May 19 10:05:30.296456 np0000174686 devstack@neutron-api.service[103109]: DEBUG neutron.api.extensions [None req-b4190243-fb11-47b0-976f-24e1fe529fed None None] Extended resource: tags {{(pid=103109) __init__ /opt/stack/neutron/neutron/api/extensions.py:156}}
May 19 10:05:30.296569 np0000174686 devstack@neutron-api.service[103107]: INFO neutron.api.extensions [None req-0a925674-3950-4955-bec5-00ba05ce768e None None] Extension standard-attr-segment not supported by any of loaded plugins
May 19 10:05:30.296693 np0000174686 devstack@neutron-api.service[103107]: DEBUG neutron.api.extensions [None req-0a925674-3950-4955-bec5-00ba05ce768e None None] Loading extension file: standardattrdescription.py {{(pid=103107) _load_all_extensions_from_path /opt/stack/neutron/neutron/api/extensions.py:449}}
May 19 10:05:30.297007 np0000174686 devstack@neutron-api.service[103107]: DEBUG neutron.api.extensions [None req-0a925674-3950-4955-bec5-00ba05ce768e None None] Ext name="standard-attr-description" alias="standard-attr-description" description="Extension to add descriptions to standard attributes" updated="2016-02-10T10:00:00-00:00" {{(pid=103107) _check_extension /opt/stack/neutron/neutron/api/extensions.py:415}}
May 19 10:05:30.297125 np0000174686 devstack@neutron-api.service[103106]: DEBUG neutron.api.extensions [None req-f145cb95-e446-43ab-a873-48d0eec78d30 None None] Extended resource: tags {{(pid=103106) __init__ /opt/stack/neutron/neutron/api/extensions.py:156}}
May 19 10:05:30.297188 np0000174686 devstack@neutron-api.service[103109]: DEBUG neutron.api.extensions [None req-b4190243-fb11-47b0-976f-24e1fe529fed None None] Extended resource: tags {{(pid=103109) __init__ /opt/stack/neutron/neutron/api/extensions.py:156}}
May 19 10:05:30.297236 np0000174686 devstack@neutron-api.service[103107]: INFO neutron.api.extensions [None req-0a925674-3950-4955-bec5-00ba05ce768e None None] Loaded extension: standard-attr-description
May 19 10:05:30.297335 np0000174686 devstack@neutron-api.service[103107]: DEBUG neutron.api.extensions [None req-0a925674-3950-4955-bec5-00ba05ce768e None None] Loading extension file: stateful_security_group.py {{(pid=103107) _load_all_extensions_from_path /opt/stack/neutron/neutron/api/extensions.py:449}}
May 19 10:05:30.297628 np0000174686 devstack@neutron-api.service[103107]: DEBUG neutron.api.extensions [None req-0a925674-3950-4955-bec5-00ba05ce768e None None] Ext name="Stateful security group" alias="stateful-security-group" description="Indicates if the security group is stateful or not" updated="2019-11-26T09:00:00-00:00" {{(pid=103107) _check_extension /opt/stack/neutron/neutron/api/extensions.py:415}}
May 19 10:05:30.297847 np0000174686 devstack@neutron-api.service[103107]: INFO neutron.api.extensions [None req-0a925674-3950-4955-bec5-00ba05ce768e None None] Loaded extension: stateful-security-group
May 19 10:05:30.297915 np0000174686 devstack@neutron-api.service[103106]: DEBUG neutron.api.extensions [None req-f145cb95-e446-43ab-a873-48d0eec78d30 None None] Extended resource: tags {{(pid=103106) __init__ /opt/stack/neutron/neutron/api/extensions.py:156}}
May 19 10:05:30.297966 np0000174686 devstack@neutron-api.service[103107]: DEBUG neutron.api.extensions [None req-0a925674-3950-4955-bec5-00ba05ce768e None None] Loading extension file: stdattrs_common.py {{(pid=103107) _load_all_extensions_from_path /opt/stack/neutron/neutron/api/extensions.py:449}}
May 19 10:05:30.297993 np0000174686 devstack@neutron-api.service[103109]: DEBUG neutron.api.extensions [None req-b4190243-fb11-47b0-976f-24e1fe529fed None None] Extended resource: tags {{(pid=103109) __init__ /opt/stack/neutron/neutron/api/extensions.py:156}}
May 19 10:05:30.298266 np0000174686 devstack@neutron-api.service[103107]: WARNING neutron.api.extensions [None req-0a925674-3950-4955-bec5-00ba05ce768e None None] Did not find expected name "Stdattrs_common" in /opt/stack/neutron/neutron/extensions/stdattrs_common.py
May 19 10:05:30.298379 np0000174686 devstack@neutron-api.service[103107]: DEBUG neutron.api.extensions [None req-0a925674-3950-4955-bec5-00ba05ce768e None None] Loading extension file: subnet_dns_publish_fixed_ip.py {{(pid=103107) _load_all_extensions_from_path /opt/stack/neutron/neutron/api/extensions.py:449}}
May 19 10:05:30.298672 np0000174686 devstack@neutron-api.service[103107]: DEBUG neutron.api.extensions [None req-0a925674-3950-4955-bec5-00ba05ce768e None None] Ext name="Subnet DNS publish fixed IP" alias="subnet-dns-publish-fixed-ip" description="Support choosing to publish DNS records for IPs from a subnet" updated="2019-05-24T10:00:00-00:00" {{(pid=103107) _check_extension /opt/stack/neutron/neutron/api/extensions.py:415}}
May 19 10:05:30.298713 np0000174686 devstack@neutron-api.service[103106]: DEBUG neutron.api.extensions [None req-f145cb95-e446-43ab-a873-48d0eec78d30 None None] Extended resource: tags {{(pid=103106) __init__ /opt/stack/neutron/neutron/api/extensions.py:156}}
May 19 10:05:30.298781 np0000174686 devstack@neutron-api.service[103109]: DEBUG neutron.api.extensions [None req-b4190243-fb11-47b0-976f-24e1fe529fed None None] Extended resource: tags {{(pid=103109) __init__ /opt/stack/neutron/neutron/api/extensions.py:156}}
May 19 10:05:30.298892 np0000174686 devstack@neutron-api.service[103107]: INFO neutron.api.extensions [None req-0a925674-3950-4955-bec5-00ba05ce768e None None] Loaded extension: subnet-dns-publish-fixed-ip
May 19 10:05:30.299014 np0000174686 devstack@neutron-api.service[103107]: DEBUG neutron.api.extensions [None req-0a925674-3950-4955-bec5-00ba05ce768e None None] Loading extension file: subnet_external_network.py {{(pid=103107) _load_all_extensions_from_path /opt/stack/neutron/neutron/api/extensions.py:449}}
May 19 10:05:30.299332 np0000174686 devstack@neutron-api.service[103107]: DEBUG neutron.api.extensions [None req-0a925674-3950-4955-bec5-00ba05ce768e None None] Ext name="Subnet belongs to an external network" alias="subnet-external-network" description="Informs if the subnet belongs to an external network" updated="2024-02-05T18:00:00-00:00" {{(pid=103107) _check_extension /opt/stack/neutron/neutron/api/extensions.py:415}}
May 19 10:05:30.299526 np0000174686 devstack@neutron-api.service[103109]: DEBUG neutron.api.extensions [None req-b4190243-fb11-47b0-976f-24e1fe529fed None None] Extended resource: tags {{(pid=103109) __init__ /opt/stack/neutron/neutron/api/extensions.py:156}}
May 19 10:05:30.299568 np0000174686 devstack@neutron-api.service[103107]: INFO neutron.api.extensions [None req-0a925674-3950-4955-bec5-00ba05ce768e None None] Loaded extension: subnet-external-network
May 19 10:05:30.299677 np0000174686 devstack@neutron-api.service[103107]: DEBUG neutron.api.extensions [None req-0a925674-3950-4955-bec5-00ba05ce768e None None] Loading extension file: subnet_onboard.py {{(pid=103107) _load_all_extensions_from_path /opt/stack/neutron/neutron/api/extensions.py:449}}
May 19 10:05:30.300009 np0000174686 devstack@neutron-api.service[103107]: DEBUG neutron.api.extensions [None req-0a925674-3950-4955-bec5-00ba05ce768e None None] Ext name="Subnet Onboard" alias="subnet_onboard" description="Provides support for onboarding subnets into subnet pools" updated="2018-12-18T09:00:00-00:00" {{(pid=103107) _check_extension /opt/stack/neutron/neutron/api/extensions.py:415}}
May 19 10:05:30.300257 np0000174686 devstack@neutron-api.service[103107]: INFO neutron.api.extensions [None req-0a925674-3950-4955-bec5-00ba05ce768e None None] Extension subnet_onboard not supported by any of loaded plugins
May 19 10:05:30.300381 np0000174686 devstack@neutron-api.service[103107]: DEBUG neutron.api.extensions [None req-0a925674-3950-4955-bec5-00ba05ce768e None None] Loading extension file: subnet_segmentid_writable.py {{(pid=103107) _load_all_extensions_from_path /opt/stack/neutron/neutron/api/extensions.py:449}}
May 19 10:05:30.300408 np0000174686 devstack@neutron-api.service[103109]: DEBUG neutron.api.extensions [None req-b4190243-fb11-47b0-976f-24e1fe529fed None None] Extended resource: tags {{(pid=103109) __init__ /opt/stack/neutron/neutron/api/extensions.py:156}}
May 19 10:05:30.300672 np0000174686 devstack@neutron-api.service[103107]: DEBUG neutron.api.extensions [None req-0a925674-3950-4955-bec5-00ba05ce768e None None] Ext name="Subnet SegmentID (writable)" alias="subnet-segmentid-writable" description="Provides a writable segment_id attribute for a subnet resource." updated="2018-03-12T00:00:00-00:00" {{(pid=103107) _check_extension /opt/stack/neutron/neutron/api/extensions.py:415}}
May 19 10:05:30.300868 np0000174686 devstack@neutron-api.service[103107]: INFO neutron.api.extensions [None req-0a925674-3950-4955-bec5-00ba05ce768e None None] Extension subnet-segmentid-writable not supported by any of loaded plugins
May 19 10:05:30.300984 np0000174686 devstack@neutron-api.service[103107]: DEBUG neutron.api.extensions [None req-0a925674-3950-4955-bec5-00ba05ce768e None None] Loading extension file: subnet_service_types.py {{(pid=103107) _load_all_extensions_from_path /opt/stack/neutron/neutron/api/extensions.py:449}}
May 19 10:05:30.301177 np0000174686 devstack@neutron-api.service[103109]: DEBUG neutron.api.extensions [None req-b4190243-fb11-47b0-976f-24e1fe529fed None None] Extended resource: tags {{(pid=103109) __init__ /opt/stack/neutron/neutron/api/extensions.py:156}}
May 19 10:05:30.301265 np0000174686 devstack@neutron-api.service[103107]: DEBUG neutron.api.extensions [None req-0a925674-3950-4955-bec5-00ba05ce768e None None] Ext name="Subnet service types" alias="subnet-service-types" description="Provides ability to set the subnet service_types field" updated="2016-03-15T18:00:00-00:00" {{(pid=103107) _check_extension /opt/stack/neutron/neutron/api/extensions.py:415}}
May 19 10:05:30.301475 np0000174686 devstack@neutron-api.service[103107]: INFO neutron.api.extensions [None req-0a925674-3950-4955-bec5-00ba05ce768e None None] Loaded extension: subnet-service-types
May 19 10:05:30.301587 np0000174686 devstack@neutron-api.service[103107]: DEBUG neutron.api.extensions [None req-0a925674-3950-4955-bec5-00ba05ce768e None None] Loading extension file: subnetallocation.py {{(pid=103107) _load_all_extensions_from_path /opt/stack/neutron/neutron/api/extensions.py:449}}
May 19 10:05:30.301891 np0000174686 devstack@neutron-api.service[103106]: WARNING keystonemiddleware.auth_token [None req-f145cb95-e446-43ab-a873-48d0eec78d30 None None] AuthToken middleware is set with keystone_authtoken.service_token_roles_required set to False. This is backwards compatible but deprecated behaviour. Please set this to True.
May 19 10:05:30.302064 np0000174686 devstack@neutron-api.service[103107]: DEBUG neutron.api.extensions [None req-0a925674-3950-4955-bec5-00ba05ce768e None None] Ext name="Subnet Allocation" alias="subnet_allocation" description="Enables allocation of subnets from a subnet pool" updated="2015-03-30T10:00:00-00:00" {{(pid=103107) _check_extension /opt/stack/neutron/neutron/api/extensions.py:415}}
May 19 10:05:30.302346 np0000174686 devstack@neutron-api.service[103107]: INFO neutron.api.extensions [None req-0a925674-3950-4955-bec5-00ba05ce768e None None] Loaded extension: subnet_allocation
May 19 10:05:30.302446 np0000174686 devstack@neutron-api.service[103107]: DEBUG neutron.api.extensions [None req-0a925674-3950-4955-bec5-00ba05ce768e None None] Loading extension file: subnetpool_prefix_ops.py {{(pid=103107) _load_all_extensions_from_path /opt/stack/neutron/neutron/api/extensions.py:449}}
May 19 10:05:30.302493 np0000174686 devstack@neutron-api.service[103109]: DEBUG neutron.api.extensions [None req-b4190243-fb11-47b0-976f-24e1fe529fed None None] Extended resource: tags {{(pid=103109) __init__ /opt/stack/neutron/neutron/api/extensions.py:156}}
May 19 10:05:30.302765 np0000174686 devstack@neutron-api.service[103107]: DEBUG neutron.api.extensions [None req-0a925674-3950-4955-bec5-00ba05ce768e None None] Ext name="Subnet Pool Prefix Operations" alias="subnetpool-prefix-ops" description="Provides support for adjusting the prefix list of subnet pools" updated="2019-02-08T10:00:00-00:00" {{(pid=103107) _check_extension /opt/stack/neutron/neutron/api/extensions.py:415}}
May 19 10:05:30.302994 np0000174686 devstack@neutron-api.service[103107]: INFO neutron.api.extensions [None req-0a925674-3950-4955-bec5-00ba05ce768e None None] Loaded extension: subnetpool-prefix-ops
May 19 10:05:30.303126 np0000174686 devstack@neutron-api.service[103107]: DEBUG neutron.api.extensions [None req-0a925674-3950-4955-bec5-00ba05ce768e None None] Loading extension file: tag_creation.py {{(pid=103107) _load_all_extensions_from_path /opt/stack/neutron/neutron/api/extensions.py:449}}
May 19 10:05:30.303278 np0000174686 devstack@neutron-api.service[103109]: DEBUG neutron.api.extensions [None req-b4190243-fb11-47b0-976f-24e1fe529fed None None] Extended resource: tags {{(pid=103109) __init__ /opt/stack/neutron/neutron/api/extensions.py:156}}
May 19 10:05:30.303442 np0000174686 devstack@neutron-api.service[103107]: DEBUG neutron.api.extensions [None req-0a925674-3950-4955-bec5-00ba05ce768e None None] Ext name="Tag creation extension" alias="tag-creation" description="Allow to create multiple tags for a resource" updated="2024-23-07T10:00:00-00:00" {{(pid=103107) _check_extension /opt/stack/neutron/neutron/api/extensions.py:415}}
May 19 10:05:30.303672 np0000174686 devstack@neutron-api.service[103107]: INFO neutron.api.extensions [None req-0a925674-3950-4955-bec5-00ba05ce768e None None] Loaded extension: tag-creation
May 19 10:05:30.303784 np0000174686 devstack@neutron-api.service[103107]: DEBUG neutron.api.extensions [None req-0a925674-3950-4955-bec5-00ba05ce768e None None] Loading extension file: tag_ports_during_bulk_creation.py {{(pid=103107) _load_all_extensions_from_path /opt/stack/neutron/neutron/api/extensions.py:449}}
May 19 10:05:30.304065 np0000174686 devstack@neutron-api.service[103109]: DEBUG neutron.api.extensions [None req-b4190243-fb11-47b0-976f-24e1fe529fed None None] Extended resource: tags {{(pid=103109) __init__ /opt/stack/neutron/neutron/api/extensions.py:156}}
May 19 10:05:30.304116 np0000174686 devstack@neutron-api.service[103107]: DEBUG neutron.api.extensions [None req-0a925674-3950-4955-bec5-00ba05ce768e None None] Ext name="Tag Ports During Bulk Creation" alias="tag-ports-during-bulk-creation" description="Allow to tag ports during bulk creation" updated="2019-12-29T19:00:00-00:00" {{(pid=103107) _check_extension /opt/stack/neutron/neutron/api/extensions.py:415}}
May 19 10:05:30.304296 np0000174686 devstack@neutron-api.service[103107]: INFO neutron.api.extensions [None req-0a925674-3950-4955-bec5-00ba05ce768e None None] Extension tag-ports-during-bulk-creation not supported by any of loaded plugins
May 19 10:05:30.304413 np0000174686 devstack@neutron-api.service[103107]: DEBUG neutron.api.extensions [None req-0a925674-3950-4955-bec5-00ba05ce768e None None] Loading extension file: tagging.py {{(pid=103107) _load_all_extensions_from_path /opt/stack/neutron/neutron/api/extensions.py:449}}
May 19 10:05:30.305276 np0000174686 devstack@neutron-api.service[103107]: DEBUG neutron.api.extensions [None req-0a925674-3950-4955-bec5-00ba05ce768e None None] Ext name="Tag support for resources with standard attribute: port, subnet, subnetpool, network, security_group, router, floatingip, policy, trunk, network_segment_range" alias="standard-attr-tag" description="Enables to set tag on resources with standard attribute." updated="2017-01-01T00:00:00-00:00" {{(pid=103107) _check_extension /opt/stack/neutron/neutron/api/extensions.py:415}}
May 19 10:05:30.305509 np0000174686 devstack@neutron-api.service[103107]: INFO neutron.api.extensions [None req-0a925674-3950-4955-bec5-00ba05ce768e None None] Loaded extension: standard-attr-tag
May 19 10:05:30.305639 np0000174686 devstack@neutron-api.service[103107]: DEBUG neutron.api.extensions [None req-0a925674-3950-4955-bec5-00ba05ce768e None None] Loading extension file: timestamp.py {{(pid=103107) _load_all_extensions_from_path /opt/stack/neutron/neutron/api/extensions.py:449}}
May 19 10:05:30.305972 np0000174686 devstack@neutron-api.service[103107]: DEBUG neutron.api.extensions [None req-0a925674-3950-4955-bec5-00ba05ce768e None None] Ext name="Resource timestamps" alias="standard-attr-timestamp" description="Adds created_at and updated_at fields to all Neutron resources that have Neutron standard attributes." updated="2016-09-12T10:00:00-00:00" {{(pid=103107) _check_extension /opt/stack/neutron/neutron/api/extensions.py:415}}
May 19 10:05:30.306218 np0000174686 devstack@neutron-api.service[103107]: INFO neutron.api.extensions [None req-0a925674-3950-4955-bec5-00ba05ce768e None None] Loaded extension: standard-attr-timestamp
May 19 10:05:30.306360 np0000174686 devstack@neutron-api.service[103107]: DEBUG neutron.api.extensions [None req-0a925674-3950-4955-bec5-00ba05ce768e None None] Loading extension file: trunk.py {{(pid=103107) _load_all_extensions_from_path /opt/stack/neutron/neutron/api/extensions.py:449}}
May 19 10:05:30.306748 np0000174686 devstack@neutron-api.service[103107]: DEBUG neutron.api.extensions [None req-0a925674-3950-4955-bec5-00ba05ce768e None None] Ext name="Trunk Extension" alias="trunk" description="Provides support for trunk ports" updated="2016-01-01T10:00:00-00:00" {{(pid=103107) _check_extension /opt/stack/neutron/neutron/api/extensions.py:415}}
May 19 10:05:30.306903 np0000174686 devstack@neutron-api.service[103107]: INFO neutron.api.extensions [None req-0a925674-3950-4955-bec5-00ba05ce768e None None] Extension trunk not supported by any of loaded plugins
May 19 10:05:30.307023 np0000174686 devstack@neutron-api.service[103107]: DEBUG neutron.api.extensions [None req-0a925674-3950-4955-bec5-00ba05ce768e None None] Loading extension file: trunk_details.py {{(pid=103107) _load_all_extensions_from_path /opt/stack/neutron/neutron/api/extensions.py:449}}
May 19 10:05:30.307493 np0000174686 devstack@neutron-api.service[103107]: DEBUG neutron.api.extensions [None req-0a925674-3950-4955-bec5-00ba05ce768e None None] Ext name="Trunk port details" alias="trunk-details" description="Expose trunk port details" updated="2016-01-01T10:00:00-00:00" {{(pid=103107) _check_extension /opt/stack/neutron/neutron/api/extensions.py:415}}
May 19 10:05:30.307617 np0000174686 devstack@neutron-api.service[103107]: INFO neutron.api.extensions [None req-0a925674-3950-4955-bec5-00ba05ce768e None None] Extension trunk-details not supported by any of loaded plugins
May 19 10:05:30.307732 np0000174686 devstack@neutron-api.service[103107]: DEBUG neutron.api.extensions [None req-0a925674-3950-4955-bec5-00ba05ce768e None None] Loading extension file: uplink_status_propagation.py {{(pid=103107) _load_all_extensions_from_path /opt/stack/neutron/neutron/api/extensions.py:449}}
May 19 10:05:30.308004 np0000174686 devstack@neutron-api.service[103107]: DEBUG neutron.api.extensions [None req-0a925674-3950-4955-bec5-00ba05ce768e None None] Ext name="Uplink status propagation extension" alias="uplink-status-propagation" description="Provides ability to propagate port uplink status." updated="2018-05-31T18:00:00-00:00" {{(pid=103107) _check_extension /opt/stack/neutron/neutron/api/extensions.py:415}}
May 19 10:05:30.308251 np0000174686 devstack@neutron-api.service[103107]: INFO neutron.api.extensions [None req-0a925674-3950-4955-bec5-00ba05ce768e None None] Extension uplink-status-propagation not supported by any of loaded plugins
May 19 10:05:30.308377 np0000174686 devstack@neutron-api.service[103107]: DEBUG neutron.api.extensions [None req-0a925674-3950-4955-bec5-00ba05ce768e None None] Loading extension file: uplink_status_propagation_updatable.py {{(pid=103107) _load_all_extensions_from_path /opt/stack/neutron/neutron/api/extensions.py:449}}
May 19 10:05:30.308644 np0000174686 devstack@neutron-api.service[103107]: DEBUG neutron.api.extensions [None req-0a925674-3950-4955-bec5-00ba05ce768e None None] Ext name="Uplink status propagation updatable extension" alias="uplink-status-propagation-updatable" description="Provides ability to update the port uplink status." updated="2024-09-03T18:00:00-00:00" {{(pid=103107) _check_extension /opt/stack/neutron/neutron/api/extensions.py:415}}
May 19 10:05:30.308839 np0000174686 devstack@neutron-api.service[103107]: INFO neutron.api.extensions [None req-0a925674-3950-4955-bec5-00ba05ce768e None None] Extension uplink-status-propagation-updatable not supported by any of loaded plugins
May 19 10:05:30.308875 np0000174686 devstack@neutron-api.service[103106]: DEBUG neutron_lib.callbacks.manager [None req-f145cb95-e446-43ab-a873-48d0eec78d30 None None] Publish callbacks ['neutron.plugins.ml2.drivers.ovn.mech_driver.mech_driver.OVNMechanismDriver.pre_fork_initialize-349439'] for process (None), before_spawn {{(pid=103106) _notify_loop /opt/stack/data/venv/lib/python3.12/site-packages/neutron_lib/callbacks/manager.py:184}}
May 19 10:05:30.308956 np0000174686 devstack@neutron-api.service[103107]: DEBUG neutron.api.extensions [None req-0a925674-3950-4955-bec5-00ba05ce768e None None] Loading extension file: vlantransparent.py {{(pid=103107) _load_all_extensions_from_path /opt/stack/neutron/neutron/api/extensions.py:449}}
May 19 10:05:30.309280 np0000174686 devstack@neutron-api.service[103106]: DEBUG oslo_concurrency.processutils [None req-f145cb95-e446-43ab-a873-48d0eec78d30 None None] Running cmd (subprocess): ovsdb-client transact ssl:199.19.213.84:6641 --timeout 180 -p /opt/stack/data/CA/int-ca/private/devstack-cert.key -c /opt/stack/data/CA/int-ca/devstack-cert.crt -C /opt/stack/data/CA/int-ca/ca-chain.pem ["OVN_Northbound", {"op": "wait", "timeout": 0, "table": "Port_Group", "where": [["name", "==", "neutron_pg_drop"]], "until": "==", "rows": []}, {"op": "insert", "table": "ACL", "row": {"action": "drop", "direction": "to-lport", "match": "outport == @neutron_pg_drop && ip", "priority": 1001}, "uuid-name": "droptoport"}, {"op": "insert", "table": "ACL", "row": {"action": "drop", "direction": "from-lport", "match": "inport == @neutron_pg_drop && ip", "priority": 1001}, "uuid-name": "dropfromport"}, {"op": "insert", "table": "Port_Group", "row": {"name": "neutron_pg_drop", "acls": ["set", [["named-uuid", "droptoport"], ["named-uuid", "dropfromport"]]]}}] {{(pid=103106) execute /opt/stack/data/venv/lib/python3.12/site-packages/oslo_concurrency/processutils.py:440}}
May 19 10:05:30.309345 np0000174686 devstack@neutron-api.service[103107]: DEBUG neutron.api.extensions [None req-0a925674-3950-4955-bec5-00ba05ce768e None None] Ext name="Vlantransparent" alias="vlan-transparent" description="Provides Vlan Transparent Networks" updated="2015-03-23T09:00:00-00:00" {{(pid=103107) _check_extension /opt/stack/neutron/neutron/api/extensions.py:415}}
May 19 10:05:30.309545 np0000174686 devstack@neutron-api.service[103107]: INFO neutron.api.extensions [None req-0a925674-3950-4955-bec5-00ba05ce768e None None] Loaded extension: vlan-transparent
May 19 10:05:30.311591 np0000174686 devstack@neutron-api.service[103107]: INFO neutron.quota.resource_registry [None req-0a925674-3950-4955-bec5-00ba05ce768e None None] Creating instance of TrackedResource for resource:network
May 19 10:05:30.311896 np0000174686 devstack@neutron-api.service[103107]: INFO neutron.quota.resource_registry [None req-0a925674-3950-4955-bec5-00ba05ce768e None None] Creating instance of TrackedResource for resource:subnet
May 19 10:05:30.312101 np0000174686 devstack@neutron-api.service[103107]: INFO neutron.quota.resource_registry [None req-0a925674-3950-4955-bec5-00ba05ce768e None None] Creating instance of TrackedResource for resource:subnetpool
May 19 10:05:30.312279 np0000174686 devstack@neutron-api.service[103107]: INFO neutron.quota.resource_registry [None req-0a925674-3950-4955-bec5-00ba05ce768e None None] Creating instance of TrackedResource for resource:port
May 19 10:05:30.313947 np0000174686 devstack@neutron-api.service[103107]: DEBUG neutron.api.v2.resource_helper [None req-0a925674-3950-4955-bec5-00ba05ce768e None None] Service L3_ROUTER_NAT assigned prefix: {{(pid=103107) build_resource_info /opt/stack/neutron/neutron/api/v2/resource_helper.py:77}}
May 19 10:05:30.314440 np0000174686 devstack@neutron-api.service[103107]: DEBUG neutron.api.v2.resource_helper [None req-0a925674-3950-4955-bec5-00ba05ce768e None None] Service FLAVORS assigned prefix: {{(pid=103107) build_resource_info /opt/stack/neutron/neutron/api/v2/resource_helper.py:77}}
May 19 10:05:30.315414 np0000174686 devstack@neutron-api.service[103107]: DEBUG neutron.api.v2.resource_helper [None req-0a925674-3950-4955-bec5-00ba05ce768e None None] Service L3_ROUTER_NAT assigned prefix: {{(pid=103107) build_resource_info /opt/stack/neutron/neutron/api/v2/resource_helper.py:77}}
May 19 10:05:30.315829 np0000174686 devstack@neutron-api.service[103107]: DEBUG neutron.api.v2.resource_helper [None req-0a925674-3950-4955-bec5-00ba05ce768e None None] Service L3_ROUTER_NAT assigned prefix: {{(pid=103107) build_resource_info /opt/stack/neutron/neutron/api/v2/resource_helper.py:77}}
May 19 10:05:30.316020 np0000174686 devstack@neutron-api.service[103107]: INFO neutron.quota.resource_registry [None req-0a925674-3950-4955-bec5-00ba05ce768e None None] Creating instance of TrackedResource for resource:router
May 19 10:05:30.316497 np0000174686 devstack@neutron-api.service[103107]: INFO neutron.quota.resource_registry [None req-0a925674-3950-4955-bec5-00ba05ce768e None None] Creating instance of TrackedResource for resource:floatingip
May 19 10:05:30.317617 np0000174686 devstack@neutron-api.service[103107]: INFO neutron.quota.resource_registry [None req-0a925674-3950-4955-bec5-00ba05ce768e None None] Creating instance of CountableResource for resource:rbac_policy
May 19 10:05:30.318400 np0000174686 devstack@neutron-api.service[103107]: INFO neutron.quota.resource_registry [None req-0a925674-3950-4955-bec5-00ba05ce768e None None] Creating instance of TrackedResource for resource:security_group
May 19 10:05:30.319052 np0000174686 devstack@neutron-api.service[103107]: INFO neutron.quota.resource_registry [None req-0a925674-3950-4955-bec5-00ba05ce768e None None] Creating instance of TrackedResource for resource:security_group_rule
May 19 10:05:30.319568 np0000174686 devstack@neutron-api.service[103107]: DEBUG neutron.api.v2.resource_helper [None req-0a925674-3950-4955-bec5-00ba05ce768e None None] Service CORE assigned prefix: {{(pid=103107) build_resource_info /opt/stack/neutron/neutron/api/v2/resource_helper.py:77}}
May 19 10:05:30.319709 np0000174686 devstack@neutron-api.service[103107]: INFO neutron.quota.resource_registry [None req-0a925674-3950-4955-bec5-00ba05ce768e None None] Creating instance of TrackedResource for resource:subnetpool
May 19 10:05:30.319867 np0000174686 devstack@neutron-api.service[103107]: WARNING neutron.quota.resource_registry [None req-0a925674-3950-4955-bec5-00ba05ce768e None None] subnetpool is already registered
May 19 10:05:30.322398 np0000174686 devstack@neutron-api.service[103107]: DEBUG neutron.api.v2.resource_helper [None req-0a925674-3950-4955-bec5-00ba05ce768e None None] Service L3_ROUTER_NAT assigned prefix: {{(pid=103107) build_resource_info /opt/stack/neutron/neutron/api/v2/resource_helper.py:77}}
May 19 10:05:30.322869 np0000174686 devstack@neutron-api.service[103107]: DEBUG neutron.api.v2.resource_helper [None req-0a925674-3950-4955-bec5-00ba05ce768e None None] Service FLAVORS assigned prefix: {{(pid=103107) build_resource_info /opt/stack/neutron/neutron/api/v2/resource_helper.py:77}}
May 19 10:05:30.323991 np0000174686 devstack@neutron-api.service[103107]: DEBUG neutron.api.v2.resource_helper [None req-0a925674-3950-4955-bec5-00ba05ce768e None None] Service L3_ROUTER_NAT assigned prefix: {{(pid=103107) build_resource_info /opt/stack/neutron/neutron/api/v2/resource_helper.py:77}}
May 19 10:05:30.324405 np0000174686 devstack@neutron-api.service[103107]: DEBUG neutron.api.v2.resource_helper [None req-0a925674-3950-4955-bec5-00ba05ce768e None None] Service L3_ROUTER_NAT assigned prefix: {{(pid=103107) build_resource_info /opt/stack/neutron/neutron/api/v2/resource_helper.py:77}}
May 19 10:05:30.324567 np0000174686 devstack@neutron-api.service[103107]: INFO neutron.quota.resource_registry [None req-0a925674-3950-4955-bec5-00ba05ce768e None None] Creating instance of TrackedResource for resource:router
May 19 10:05:30.324744 np0000174686 devstack@neutron-api.service[103107]: WARNING neutron.quota.resource_registry [None req-0a925674-3950-4955-bec5-00ba05ce768e None None] router is already registered
May 19 10:05:30.325175 np0000174686 devstack@neutron-api.service[103107]: INFO neutron.quota.resource_registry [None req-0a925674-3950-4955-bec5-00ba05ce768e None None] Creating instance of TrackedResource for resource:floatingip
May 19 10:05:30.325363 np0000174686 devstack@neutron-api.service[103107]: WARNING neutron.quota.resource_registry [None req-0a925674-3950-4955-bec5-00ba05ce768e None None] floatingip is already registered
May 19 10:05:30.326593 np0000174686 devstack@neutron-api.service[103107]: INFO neutron.quota.resource_registry [None req-0a925674-3950-4955-bec5-00ba05ce768e None None] Creating instance of CountableResource for resource:rbac_policy
May 19 10:05:30.326718 np0000174686 devstack@neutron-api.service[103107]: WARNING neutron.quota.resource_registry [None req-0a925674-3950-4955-bec5-00ba05ce768e None None] rbac_policy is already registered
May 19 10:05:30.327302 np0000174686 devstack@neutron-api.service[103107]: INFO neutron.quota.resource_registry [None req-0a925674-3950-4955-bec5-00ba05ce768e None None] Creating instance of TrackedResource for resource:security_group
May 19 10:05:30.327451 np0000174686 devstack@neutron-api.service[103107]: WARNING neutron.quota.resource_registry [None req-0a925674-3950-4955-bec5-00ba05ce768e None None] security_group is already registered
May 19 10:05:30.327828 np0000174686 devstack@neutron-api.service[103107]: INFO neutron.quota.resource_registry [None req-0a925674-3950-4955-bec5-00ba05ce768e None None] Creating instance of TrackedResource for resource:security_group_rule
May 19 10:05:30.327992 np0000174686 devstack@neutron-api.service[103107]: WARNING neutron.quota.resource_registry [None req-0a925674-3950-4955-bec5-00ba05ce768e None None] security_group_rule is already registered
May 19 10:05:30.328580 np0000174686 devstack@neutron-api.service[103107]: DEBUG neutron.api.v2.resource_helper [None req-0a925674-3950-4955-bec5-00ba05ce768e None None] Service CORE assigned prefix: {{(pid=103107) build_resource_info /opt/stack/neutron/neutron/api/v2/resource_helper.py:77}}
May 19 10:05:30.328715 np0000174686 devstack@neutron-api.service[103107]: INFO neutron.quota.resource_registry [None req-0a925674-3950-4955-bec5-00ba05ce768e None None] Creating instance of TrackedResource for resource:subnetpool
May 19 10:05:30.328862 np0000174686 devstack@neutron-api.service[103107]: WARNING neutron.quota.resource_registry [None req-0a925674-3950-4955-bec5-00ba05ce768e None None] subnetpool is already registered
May 19 10:05:30.329299 np0000174686 devstack@neutron-api.service[103107]: DEBUG neutron.api.extensions [None req-0a925674-3950-4955-bec5-00ba05ce768e None None] Extended resource: extensions {{(pid=103107) __init__ /opt/stack/neutron/neutron/api/extensions.py:156}}
May 19 10:05:30.330187 np0000174686 devstack@neutron-api.service[103107]: DEBUG neutron.api.extensions [None req-0a925674-3950-4955-bec5-00ba05ce768e None None] Extended resource: address-groups {{(pid=103107) __init__ /opt/stack/neutron/neutron/api/extensions.py:156}}
May 19 10:05:30.330977 np0000174686 devstack@neutron-api.service[103107]: DEBUG neutron.api.extensions [None req-0a925674-3950-4955-bec5-00ba05ce768e None None] Extended resource: address-scopes {{(pid=103107) __init__ /opt/stack/neutron/neutron/api/extensions.py:156}}
May 19 10:05:30.331607 np0000174686 devstack@neutron-api.service[103107]: DEBUG neutron.api.extensions [None req-0a925674-3950-4955-bec5-00ba05ce768e None None] Extended resource: agents {{(pid=103107) __init__ /opt/stack/neutron/neutron/api/extensions.py:156}}
May 19 10:05:30.332349 np0000174686 devstack@neutron-api.service[103107]: DEBUG neutron.api.extensions [None req-0a925674-3950-4955-bec5-00ba05ce768e None None] Extended resource: auto-allocated-topology {{(pid=103107) __init__ /opt/stack/neutron/neutron/api/extensions.py:156}}
May 19 10:05:30.333065 np0000174686 devstack@neutron-api.service[103107]: DEBUG neutron.api.extensions [None req-0a925674-3950-4955-bec5-00ba05ce768e None None] Extended resource: availability_zones {{(pid=103107) __init__ /opt/stack/neutron/neutron/api/extensions.py:156}}
May 19 10:05:30.333790 np0000174686 devstack@neutron-api.service[103107]: DEBUG neutron.api.extensions [None req-0a925674-3950-4955-bec5-00ba05ce768e None None] Extended resource: dhcp-networks {{(pid=103107) __init__ /opt/stack/neutron/neutron/api/extensions.py:156}}
May 19 10:05:30.334573 np0000174686 devstack@neutron-api.service[103107]: DEBUG neutron.api.extensions [None req-0a925674-3950-4955-bec5-00ba05ce768e None None] Extended resource: dhcp-agents {{(pid=103107) __init__ /opt/stack/neutron/neutron/api/extensions.py:156}}
May 19 10:05:30.335453 np0000174686 devstack@neutron-api.service[103107]: DEBUG neutron.api.extensions [None req-0a925674-3950-4955-bec5-00ba05ce768e None None] Extended resource: routers {{(pid=103107) __init__ /opt/stack/neutron/neutron/api/extensions.py:156}}
May 19 10:05:30.336840 np0000174686 devstack@neutron-api.service[103107]: DEBUG neutron.api.extensions [None req-0a925674-3950-4955-bec5-00ba05ce768e None None] Extended resource: flavors {{(pid=103107) __init__ /opt/stack/neutron/neutron/api/extensions.py:156}}
May 19 10:05:30.338684 np0000174686 devstack@neutron-api.service[103107]: DEBUG neutron.api.extensions [None req-0a925674-3950-4955-bec5-00ba05ce768e None None] Extended resource: service_profiles {{(pid=103107) __init__ /opt/stack/neutron/neutron/api/extensions.py:156}}
May 19 10:05:30.339255 np0000174686 devstack@neutron-api.service[103107]: DEBUG neutron.api.extensions [None req-0a925674-3950-4955-bec5-00ba05ce768e None None] Extended resource: next_providers {{(pid=103107) __init__ /opt/stack/neutron/neutron/api/extensions.py:156}}
May 19 10:05:30.339284 np0000174686 devstack@neutron-api.service[103106]: DEBUG oslo_concurrency.processutils [None req-f145cb95-e446-43ab-a873-48d0eec78d30 None None] CMD "ovsdb-client transact ssl:199.19.213.84:6641 --timeout 180 -p /opt/stack/data/CA/int-ca/private/devstack-cert.key -c /opt/stack/data/CA/int-ca/devstack-cert.crt -C /opt/stack/data/CA/int-ca/ca-chain.pem ["OVN_Northbound", {"op": "wait", "timeout": 0, "table": "Port_Group", "where": [["name", "==", "neutron_pg_drop"]], "until": "==", "rows": []}, {"op": "insert", "table": "ACL", "row": {"action": "drop", "direction": "to-lport", "match": "outport == @neutron_pg_drop && ip", "priority": 1001}, "uuid-name": "droptoport"}, {"op": "insert", "table": "ACL", "row": {"action": "drop", "direction": "from-lport", "match": "inport == @neutron_pg_drop && ip", "priority": 1001}, "uuid-name": "dropfromport"}, {"op": "insert", "table": "Port_Group", "row": {"name": "neutron_pg_drop", "acls": ["set", [["named-uuid", "droptoport"], ["named-uuid", "dropfromport"]]]}}]" returned: 0 in 0.029s {{(pid=103106) execute /opt/stack/data/venv/lib/python3.12/site-packages/oslo_concurrency/processutils.py:468}}
May 19 10:05:30.340015 np0000174686 devstack@neutron-api.service[103107]: DEBUG neutron.api.extensions [None req-0a925674-3950-4955-bec5-00ba05ce768e None None] Extended resource: service_profiles {{(pid=103107) __init__ /opt/stack/neutron/neutron/api/extensions.py:156}}
May 19 10:05:30.340050 np0000174686 devstack@neutron-api.service[103106]: DEBUG neutron_lib.callbacks.manager [None req-f145cb95-e446-43ab-a873-48d0eec78d30 None None] Publish callbacks ['neutron.plugins.ml2.drivers.ovn.mech_driver.mech_driver.OVNMechanismDriver.post_fork_initialize-349399', 'neutron.services.ovn_l3.plugin.OVNL3RouterPlugin._post_fork_initialize-27821'] for process (None), after_init {{(pid=103106) _notify_loop /opt/stack/data/venv/lib/python3.12/site-packages/neutron_lib/callbacks/manager.py:184}}
May 19 10:05:30.340676 np0000174686 devstack@neutron-api.service[103106]: DEBUG oslo_concurrency.lockutils [None req-f145cb95-e446-43ab-a873-48d0eec78d30 None None] Acquiring lock "singleton_lock" {{(pid=103106) lock /opt/stack/data/venv/lib/python3.12/site-packages/oslo_concurrency/lockutils.py:395}}
May 19 10:05:30.340759 np0000174686 devstack@neutron-api.service[103107]: DEBUG neutron.api.extensions [None req-0a925674-3950-4955-bec5-00ba05ce768e None None] Extended resource: floatingip-pools {{(pid=103107) __init__ /opt/stack/neutron/neutron/api/extensions.py:156}}
May 19 10:05:30.340904 np0000174686 devstack@neutron-api.service[103106]: DEBUG oslo_concurrency.lockutils [None req-f145cb95-e446-43ab-a873-48d0eec78d30 None None] Acquired lock "singleton_lock" {{(pid=103106) lock /opt/stack/data/venv/lib/python3.12/site-packages/oslo_concurrency/lockutils.py:398}}
May 19 10:05:30.341413 np0000174686 devstack@neutron-api.service[103106]: DEBUG oslo_concurrency.lockutils [None req-f145cb95-e446-43ab-a873-48d0eec78d30 None None] Releasing lock "singleton_lock" {{(pid=103106) lock /opt/stack/data/venv/lib/python3.12/site-packages/oslo_concurrency/lockutils.py:418}}
May 19 10:05:30.341487 np0000174686 devstack@neutron-api.service[103107]: DEBUG neutron.api.extensions [None req-0a925674-3950-4955-bec5-00ba05ce768e None None] Extended resource: routers {{(pid=103107) __init__ /opt/stack/neutron/neutron/api/extensions.py:156}}
