Mar 30 21:40:46.958722 np0000161675 systemd[1]: Starting devstack@n-api.service - Devstack devstack@n-api.service...
Mar 30 21:40:46.974823 np0000161675 devstack@n-api.service[98824]: [uWSGI] getting INI configuration from /etc/nova/nova-api-uwsgi.ini
Mar 30 21:40:46.975659 np0000161675 devstack@n-api.service[98824]: open("./http_plugin.so"): No such file or directory [core/utils.c line 3709]
Mar 30 21:40:46.975659 np0000161675 devstack@n-api.service[98824]: !!! UNABLE to load uWSGI plugin: ./http_plugin.so: cannot open shared object file: No such file or directory !!!
Mar 30 21:40:46.975659 np0000161675 devstack@n-api.service[98824]: open("./python3_plugin.so"): No such file or directory [core/utils.c line 3709]
Mar 30 21:40:46.975659 np0000161675 devstack@n-api.service[98824]: !!! UNABLE to load uWSGI plugin: ./python3_plugin.so: cannot open shared object file: No such file or directory !!!
Mar 30 21:40:46.975659 np0000161675 devstack@n-api.service[98824]: *** Starting uWSGI 2.0.31 (64bit) on [Mon Mar 30 21:40:46 2026] ***
Mar 30 21:40:46.975659 np0000161675 devstack@n-api.service[98824]: compiled with version: 13.3.0 on 30 March 2026 21:30:56
Mar 30 21:40:46.975659 np0000161675 devstack@n-api.service[98824]: os: Linux-6.8.0-106-generic #106-Ubuntu SMP PREEMPT_DYNAMIC Fri Mar 6 07:58:08 UTC 2026
Mar 30 21:40:46.975659 np0000161675 devstack@n-api.service[98824]: nodename: np0000161675
Mar 30 21:40:46.975659 np0000161675 devstack@n-api.service[98824]: machine: x86_64
Mar 30 21:40:46.975659 np0000161675 devstack@n-api.service[98824]: clock source: unix
Mar 30 21:40:46.975659 np0000161675 devstack@n-api.service[98824]: pcre jit disabled
Mar 30 21:40:46.975659 np0000161675 devstack@n-api.service[98824]: detected number of CPU cores: 16
Mar 30 21:40:46.975659 np0000161675 devstack@n-api.service[98824]: current working directory: /
Mar 30 21:40:46.975659 np0000161675 devstack@n-api.service[98824]: detected binary path: /opt/stack/data/venv/bin/uwsgi
Mar 30 21:40:46.975659 np0000161675 devstack@n-api.service[98824]: your processes number limit is 256917
Mar 30 21:40:46.975659 np0000161675 devstack@n-api.service[98824]: your memory page size is 4096 bytes
Mar 30 21:40:46.975659 np0000161675 devstack@n-api.service[98824]: detected max file descriptor number: 2048
Mar 30 21:40:46.975659 np0000161675 devstack@n-api.service[98824]: lock engine: pthread robust mutexes
Mar 30 21:40:46.975659 np0000161675 devstack@n-api.service[98824]: thunder lock: enabled
Mar 30 21:40:46.976612 np0000161675 devstack@n-api.service[98824]: uwsgi socket 0 bound to UNIX address /var/run/uwsgi/nova-api.socket fd 4
Mar 30 21:40:46.976612 np0000161675 devstack@n-api.service[98824]: Python version: 3.12.3 (main, Mar 3 2026, 12:15:18) [GCC 13.3.0]
Mar 30 21:40:46.976612 np0000161675 devstack@n-api.service[98824]: PEP 405 virtualenv detected: /opt/stack/data/venv
Mar 30 21:40:46.976612 np0000161675 devstack@n-api.service[98824]: Set PythonHome to /opt/stack/data/venv
Mar 30 21:40:47.022907 np0000161675 devstack@n-api.service[98824]: Python main interpreter initialized at 0x75f79d0a3668
Mar 30 21:40:47.022907 np0000161675 devstack@n-api.service[98824]: python threads support enabled
Mar 30 21:40:47.022907 np0000161675 devstack@n-api.service[98824]: your server socket listen backlog is limited to 100 connections
Mar 30 21:40:47.022907 np0000161675 devstack@n-api.service[98824]: your mercy for graceful operations on workers is 80 seconds
Mar 30 21:40:47.023517 np0000161675 devstack@n-api.service[98824]: mapped 671795 bytes (656 KB) for 4 cores
Mar 30 21:40:47.023674 np0000161675 devstack@n-api.service[98824]: *** Operational MODE: preforking ***
Mar 30 21:40:47.023931 np0000161675 devstack@n-api.service[98824]: *** uWSGI is running in multiple interpreter mode ***
Mar 30 21:40:47.023931 np0000161675 devstack@n-api.service[98824]: spawned uWSGI master process (pid: 98824)
Mar 30 21:40:47.024136 np0000161675 systemd[1]: Started devstack@n-api.service - Devstack devstack@n-api.service.
Mar 30 21:40:47.024710 np0000161675 devstack@n-api.service[98824]: spawned uWSGI worker 1 (pid: 98825, cores: 1)
Mar 30 21:40:47.025170 np0000161675 devstack@n-api.service[98824]: spawned uWSGI worker 2 (pid: 98826, cores: 1)
Mar 30 21:40:47.025915 np0000161675 devstack@n-api.service[98824]: spawned uWSGI worker 3 (pid: 98827, cores: 1)
Mar 30 21:40:47.026387 np0000161675 devstack@n-api.service[98824]: spawned uWSGI worker 4 (pid: 98828, cores: 1)
Mar 30 21:40:47.026518 np0000161675 devstack@n-api.service[98824]: running "unix_signal:15 gracefully_kill_them_all" (master-start)...
Mar 30 21:40:47.383419 np0000161675 devstack@n-api.service[98825]: Service is starting with native threading. This is currently experimental. Do not use it in production without first testing it in pre-production.
Mar 30 21:40:47.399327 np0000161675 devstack@n-api.service[98826]: Service is starting with native threading. This is currently experimental. Do not use it in production without first testing it in pre-production.
Mar 30 21:40:47.400015 np0000161675 devstack@n-api.service[98828]: Service is starting with native threading. This is currently experimental. Do not use it in production without first testing it in pre-production.
Mar 30 21:40:47.402562 np0000161675 devstack@n-api.service[98827]: Service is starting with native threading. This is currently experimental. Do not use it in production without first testing it in pre-production.
Mar 30 21:40:49.565460 np0000161675 devstack@n-api.service[98825]: INFO dbcounter [None req-c73fed6d-76e4-4000-9819-3099196c5c6a None None] Registered counter for database nova_api
Mar 30 21:40:49.581629 np0000161675 devstack@n-api.service[98825]: DEBUG oslo_db.sqlalchemy.engines [None req-c73fed6d-76e4-4000-9819-3099196c5c6a None None] MySQL server mode set to STRICT_TRANS_TABLES,STRICT_ALL_TABLES,NO_ZERO_IN_DATE,NO_ZERO_DATE,ERROR_FOR_DIVISION_BY_ZERO,TRADITIONAL,NO_ENGINE_SUBSTITUTION {{(pid=98825) _check_effective_sql_mode /opt/stack/data/venv/lib/python3.12/site-packages/oslo_db/sqlalchemy/engines.py:325}}
Mar 30 21:40:49.598106 np0000161675 devstack@n-api.service[98827]: INFO dbcounter [None req-ebf9f4e2-2bfc-4afe-8927-4672bcb6f7af None None] Registered counter for database nova_api
Mar 30 21:40:49.600025 np0000161675 devstack@n-api.service[98826]: INFO dbcounter [None req-a412ebc7-1d6d-45e8-95a5-e1153256c839 None None] Registered counter for database nova_api
Mar 30 21:40:49.611434 np0000161675 devstack@n-api.service[98827]: DEBUG oslo_db.sqlalchemy.engines [None req-ebf9f4e2-2bfc-4afe-8927-4672bcb6f7af None None] MySQL server mode set to STRICT_TRANS_TABLES,STRICT_ALL_TABLES,NO_ZERO_IN_DATE,NO_ZERO_DATE,ERROR_FOR_DIVISION_BY_ZERO,TRADITIONAL,NO_ENGINE_SUBSTITUTION {{(pid=98827) _check_effective_sql_mode /opt/stack/data/venv/lib/python3.12/site-packages/oslo_db/sqlalchemy/engines.py:325}}
Mar 30 21:40:49.614445 np0000161675 devstack@n-api.service[98826]: DEBUG oslo_db.sqlalchemy.engines [None req-a412ebc7-1d6d-45e8-95a5-e1153256c839 None None] MySQL server mode set to STRICT_TRANS_TABLES,STRICT_ALL_TABLES,NO_ZERO_IN_DATE,NO_ZERO_DATE,ERROR_FOR_DIVISION_BY_ZERO,TRADITIONAL,NO_ENGINE_SUBSTITUTION {{(pid=98826) _check_effective_sql_mode /opt/stack/data/venv/lib/python3.12/site-packages/oslo_db/sqlalchemy/engines.py:325}}
Mar 30 21:40:49.623824 np0000161675 devstack@n-api.service[98825]: DEBUG dbcounter [-] [98825] Writer thread running {{(pid=98825) stat_writer /opt/stack/data/venv/lib/python3.12/site-packages/dbcounter.py:102}}
Mar 30 21:40:49.627068 np0000161675 devstack@n-api.service[98825]: DEBUG nova.context [None req-c73fed6d-76e4-4000-9819-3099196c5c6a None None] Found 2 cells: 00000000-0000-0000-0000-000000000000(cell0),a013844a-293a-46ab-b20a-1b4d6775b618(cell1) {{(pid=98825) load_cells /opt/stack/nova/nova/context.py:509}}
Mar 30 21:40:49.627412 np0000161675 devstack@n-api.service[98825]: INFO nova.utils [None req-c73fed6d-76e4-4000-9819-3099196c5c6a None None] The cell worker thread pool MainProcess.cell_worker is initialized
Mar 30 21:40:49.629896 np0000161675 devstack@n-api.service[98825]: DEBUG oslo_concurrency.lockutils [None req-c73fed6d-76e4-4000-9819-3099196c5c6a None None] Acquiring lock "00000000-0000-0000-0000-000000000000" by "nova.context.set_target_cell..get_or_set_cached_cell_and_set_connections" {{(pid=98825) inner /opt/stack/data/venv/lib/python3.12/site-packages/oslo_concurrency/lockutils.py:506}}
Mar 30 21:40:49.630145 np0000161675 devstack@n-api.service[98825]: DEBUG oslo_concurrency.lockutils [None req-c73fed6d-76e4-4000-9819-3099196c5c6a None None] Lock "00000000-0000-0000-0000-000000000000" acquired by "nova.context.set_target_cell..get_or_set_cached_cell_and_set_connections" :: waited 0.000s {{(pid=98825) inner /opt/stack/data/venv/lib/python3.12/site-packages/oslo_concurrency/lockutils.py:519}}
Mar 30 21:40:49.630642 np0000161675 devstack@n-api.service[98825]: DEBUG oslo_concurrency.lockutils [None req-c73fed6d-76e4-4000-9819-3099196c5c6a None None] Lock "00000000-0000-0000-0000-000000000000" "released" by "nova.context.set_target_cell..get_or_set_cached_cell_and_set_connections" :: held 0.001s {{(pid=98825) inner /opt/stack/data/venv/lib/python3.12/site-packages/oslo_concurrency/lockutils.py:538}}
Mar 30 21:40:49.631913 np0000161675 devstack@n-api.service[98825]: DEBUG oslo_concurrency.lockutils [None req-c73fed6d-76e4-4000-9819-3099196c5c6a None None] Acquiring lock "a013844a-293a-46ab-b20a-1b4d6775b618" by "nova.context.set_target_cell..get_or_set_cached_cell_and_set_connections" {{(pid=98825) inner /opt/stack/data/venv/lib/python3.12/site-packages/oslo_concurrency/lockutils.py:506}}
Mar 30 21:40:49.634531 np0000161675 devstack@n-api.service[98825]: INFO dbcounter [None req-c73fed6d-76e4-4000-9819-3099196c5c6a None None] Registered counter for database nova_cell0
Mar 30 21:40:49.636030 np0000161675 devstack@n-api.service[98825]: DEBUG oslo_concurrency.lockutils [None req-c73fed6d-76e4-4000-9819-3099196c5c6a None None] Lock "a013844a-293a-46ab-b20a-1b4d6775b618" acquired by "nova.context.set_target_cell..get_or_set_cached_cell_and_set_connections" :: waited 0.003s {{(pid=98825) inner /opt/stack/data/venv/lib/python3.12/site-packages/oslo_concurrency/lockutils.py:519}}
Mar 30 21:40:49.638494 np0000161675 devstack@n-api.service[98825]: DEBUG oslo_concurrency.lockutils [None req-c73fed6d-76e4-4000-9819-3099196c5c6a None None] Lock "a013844a-293a-46ab-b20a-1b4d6775b618" "released" by "nova.context.set_target_cell..get_or_set_cached_cell_and_set_connections" :: held 0.004s {{(pid=98825) inner /opt/stack/data/venv/lib/python3.12/site-packages/oslo_concurrency/lockutils.py:538}}
Mar 30 21:40:49.641729 np0000161675 devstack@n-api.service[98825]: INFO dbcounter [None req-c73fed6d-76e4-4000-9819-3099196c5c6a None None] Registered counter for database nova_cell1
Mar 30 21:40:49.645412 np0000161675 devstack@n-api.service[98827]: DEBUG dbcounter [-] [98827] Writer thread running {{(pid=98827) stat_writer /opt/stack/data/venv/lib/python3.12/site-packages/dbcounter.py:102}}
Mar 30 21:40:49.647799 np0000161675 devstack@n-api.service[98827]: DEBUG nova.context [None req-ebf9f4e2-2bfc-4afe-8927-4672bcb6f7af None None] Found 2 cells: 00000000-0000-0000-0000-000000000000(cell0),a013844a-293a-46ab-b20a-1b4d6775b618(cell1) {{(pid=98827) load_cells /opt/stack/nova/nova/context.py:509}}
Mar 30 21:40:49.648036 np0000161675 devstack@n-api.service[98827]: INFO nova.utils [None req-ebf9f4e2-2bfc-4afe-8927-4672bcb6f7af None None] The cell worker thread pool MainProcess.cell_worker is initialized
Mar 30 21:40:49.649353 np0000161675 devstack@n-api.service[98825]: DEBUG oslo_db.sqlalchemy.engines [None req-c73fed6d-76e4-4000-9819-3099196c5c6a None None] MySQL server mode set to STRICT_TRANS_TABLES,STRICT_ALL_TABLES,NO_ZERO_IN_DATE,NO_ZERO_DATE,ERROR_FOR_DIVISION_BY_ZERO,TRADITIONAL,NO_ENGINE_SUBSTITUTION {{(pid=98825) _check_effective_sql_mode /opt/stack/data/venv/lib/python3.12/site-packages/oslo_db/sqlalchemy/engines.py:325}}
Mar 30 21:40:49.649604 np0000161675 devstack@n-api.service[98826]: DEBUG dbcounter [-] [98826] Writer thread running {{(pid=98826) stat_writer /opt/stack/data/venv/lib/python3.12/site-packages/dbcounter.py:102}}
Mar 30 21:40:49.649853 np0000161675 devstack@n-api.service[98827]: DEBUG oslo_concurrency.lockutils [None req-ebf9f4e2-2bfc-4afe-8927-4672bcb6f7af None None] Acquiring lock "00000000-0000-0000-0000-000000000000" by "nova.context.set_target_cell..get_or_set_cached_cell_and_set_connections" {{(pid=98827) inner /opt/stack/data/venv/lib/python3.12/site-packages/oslo_concurrency/lockutils.py:506}}
Mar 30 21:40:49.650033 np0000161675 devstack@n-api.service[98827]: DEBUG oslo_concurrency.lockutils [None req-ebf9f4e2-2bfc-4afe-8927-4672bcb6f7af None None] Lock "00000000-0000-0000-0000-000000000000" acquired by "nova.context.set_target_cell..get_or_set_cached_cell_and_set_connections" :: waited 0.000s {{(pid=98827) inner /opt/stack/data/venv/lib/python3.12/site-packages/oslo_concurrency/lockutils.py:519}}
Mar 30 21:40:49.650395 np0000161675 devstack@n-api.service[98827]: DEBUG oslo_concurrency.lockutils [None req-ebf9f4e2-2bfc-4afe-8927-4672bcb6f7af None None] Lock "00000000-0000-0000-0000-000000000000" "released" by "nova.context.set_target_cell..get_or_set_cached_cell_and_set_connections" :: held 0.000s {{(pid=98827) inner /opt/stack/data/venv/lib/python3.12/site-packages/oslo_concurrency/lockutils.py:538}}
Mar 30 21:40:49.651285 np0000161675 devstack@n-api.service[98827]: DEBUG oslo_concurrency.lockutils [None req-ebf9f4e2-2bfc-4afe-8927-4672bcb6f7af None None] Acquiring lock "a013844a-293a-46ab-b20a-1b4d6775b618" by "nova.context.set_target_cell..get_or_set_cached_cell_and_set_connections" {{(pid=98827) inner /opt/stack/data/venv/lib/python3.12/site-packages/oslo_concurrency/lockutils.py:506}}
Mar 30 21:40:49.651470 np0000161675 devstack@n-api.service[98827]: DEBUG oslo_concurrency.lockutils [None req-ebf9f4e2-2bfc-4afe-8927-4672bcb6f7af None None] Lock "a013844a-293a-46ab-b20a-1b4d6775b618" acquired by "nova.context.set_target_cell..get_or_set_cached_cell_and_set_connections" :: waited 0.000s {{(pid=98827) inner /opt/stack/data/venv/lib/python3.12/site-packages/oslo_concurrency/lockutils.py:519}}
Mar 30 21:40:49.652253 np0000161675 devstack@n-api.service[98826]: DEBUG nova.context [None req-a412ebc7-1d6d-45e8-95a5-e1153256c839 None None] Found 2 cells: 00000000-0000-0000-0000-000000000000(cell0),a013844a-293a-46ab-b20a-1b4d6775b618(cell1) {{(pid=98826) load_cells /opt/stack/nova/nova/context.py:509}}
Mar 30 21:40:49.652357 np0000161675 devstack@n-api.service[98827]: DEBUG oslo_concurrency.lockutils [None req-ebf9f4e2-2bfc-4afe-8927-4672bcb6f7af None None] Lock "a013844a-293a-46ab-b20a-1b4d6775b618" "released" by "nova.context.set_target_cell..get_or_set_cached_cell_and_set_connections" :: held 0.001s {{(pid=98827) inner /opt/stack/data/venv/lib/python3.12/site-packages/oslo_concurrency/lockutils.py:538}}
Mar 30 21:40:49.652494 np0000161675 devstack@n-api.service[98826]: INFO nova.utils [None req-a412ebc7-1d6d-45e8-95a5-e1153256c839 None None] The cell worker thread pool MainProcess.cell_worker is initialized
Mar 30 21:40:49.654336 np0000161675 devstack@n-api.service[98826]: DEBUG oslo_concurrency.lockutils [None req-a412ebc7-1d6d-45e8-95a5-e1153256c839 None None] Acquiring lock "00000000-0000-0000-0000-000000000000" by "nova.context.set_target_cell..get_or_set_cached_cell_and_set_connections" {{(pid=98826) inner /opt/stack/data/venv/lib/python3.12/site-packages/oslo_concurrency/lockutils.py:506}}
Mar 30 21:40:49.654427 np0000161675 devstack@n-api.service[98825]: DEBUG oslo_db.sqlalchemy.engines [None req-c73fed6d-76e4-4000-9819-3099196c5c6a None None] MySQL server mode set to STRICT_TRANS_TABLES,STRICT_ALL_TABLES,NO_ZERO_IN_DATE,NO_ZERO_DATE,ERROR_FOR_DIVISION_BY_ZERO,TRADITIONAL,NO_ENGINE_SUBSTITUTION {{(pid=98825) _check_effective_sql_mode /opt/stack/data/venv/lib/python3.12/site-packages/oslo_db/sqlalchemy/engines.py:325}}
Mar 30 21:40:49.654518 np0000161675 devstack@n-api.service[98826]: DEBUG oslo_concurrency.lockutils [None req-a412ebc7-1d6d-45e8-95a5-e1153256c839 None None] Lock "00000000-0000-0000-0000-000000000000" acquired by "nova.context.set_target_cell..get_or_set_cached_cell_and_set_connections" :: waited 0.000s {{(pid=98826) inner /opt/stack/data/venv/lib/python3.12/site-packages/oslo_concurrency/lockutils.py:519}}
Mar 30 21:40:49.654876 np0000161675 devstack@n-api.service[98826]: DEBUG oslo_concurrency.lockutils [None req-a412ebc7-1d6d-45e8-95a5-e1153256c839 None None] Lock "00000000-0000-0000-0000-000000000000" "released" by "nova.context.set_target_cell..get_or_set_cached_cell_and_set_connections" :: held 0.000s {{(pid=98826) inner /opt/stack/data/venv/lib/python3.12/site-packages/oslo_concurrency/lockutils.py:538}}
Mar 30 21:40:49.655395 np0000161675 devstack@n-api.service[98827]: INFO dbcounter [None req-ebf9f4e2-2bfc-4afe-8927-4672bcb6f7af None None] Registered counter for database nova_cell0
Mar 30 21:40:49.655642 np0000161675 devstack@n-api.service[98826]: DEBUG oslo_concurrency.lockutils [None req-a412ebc7-1d6d-45e8-95a5-e1153256c839 None None] Acquiring lock "a013844a-293a-46ab-b20a-1b4d6775b618" by "nova.context.set_target_cell..get_or_set_cached_cell_and_set_connections" {{(pid=98826) inner /opt/stack/data/venv/lib/python3.12/site-packages/oslo_concurrency/lockutils.py:506}}
Mar 30 21:40:49.655795 np0000161675 devstack@n-api.service[98826]: DEBUG oslo_concurrency.lockutils [None req-a412ebc7-1d6d-45e8-95a5-e1153256c839 None None] Lock "a013844a-293a-46ab-b20a-1b4d6775b618" acquired by "nova.context.set_target_cell..get_or_set_cached_cell_and_set_connections" :: waited 0.000s {{(pid=98826) inner /opt/stack/data/venv/lib/python3.12/site-packages/oslo_concurrency/lockutils.py:519}}
Mar 30 21:40:49.656679 np0000161675 devstack@n-api.service[98826]: DEBUG oslo_concurrency.lockutils [None req-a412ebc7-1d6d-45e8-95a5-e1153256c839 None None] Lock "a013844a-293a-46ab-b20a-1b4d6775b618" "released" by "nova.context.set_target_cell..get_or_set_cached_cell_and_set_connections" :: held 0.001s {{(pid=98826) inner /opt/stack/data/venv/lib/python3.12/site-packages/oslo_concurrency/lockutils.py:538}}
Mar 30 21:40:49.660200 np0000161675 devstack@n-api.service[98826]: INFO dbcounter [None req-a412ebc7-1d6d-45e8-95a5-e1153256c839 None None] Registered counter for database nova_cell0
Mar 30 21:40:49.662220 np0000161675 devstack@n-api.service[98827]: INFO dbcounter [None req-ebf9f4e2-2bfc-4afe-8927-4672bcb6f7af None None] Registered counter for database nova_cell1
Mar 30 21:40:49.665106 np0000161675 devstack@n-api.service[98826]: INFO dbcounter [None req-a412ebc7-1d6d-45e8-95a5-e1153256c839 None None] Registered counter for database nova_cell1
Mar 30 21:40:49.668791 np0000161675 devstack@n-api.service[98828]: INFO dbcounter [None req-31f3fadc-7899-44e3-a28d-099220772016 None None] Registered counter for database nova_api
Mar 30 21:40:49.672005 np0000161675 devstack@n-api.service[98827]: DEBUG oslo_db.sqlalchemy.engines [None req-ebf9f4e2-2bfc-4afe-8927-4672bcb6f7af None None] MySQL server mode set to STRICT_TRANS_TABLES,STRICT_ALL_TABLES,NO_ZERO_IN_DATE,NO_ZERO_DATE,ERROR_FOR_DIVISION_BY_ZERO,TRADITIONAL,NO_ENGINE_SUBSTITUTION {{(pid=98827) _check_effective_sql_mode /opt/stack/data/venv/lib/python3.12/site-packages/oslo_db/sqlalchemy/engines.py:325}}
Mar 30 21:40:49.676118 np0000161675 devstack@n-api.service[98826]: DEBUG oslo_db.sqlalchemy.engines [None req-a412ebc7-1d6d-45e8-95a5-e1153256c839 None None] MySQL server mode set to STRICT_TRANS_TABLES,STRICT_ALL_TABLES,NO_ZERO_IN_DATE,NO_ZERO_DATE,ERROR_FOR_DIVISION_BY_ZERO,TRADITIONAL,NO_ENGINE_SUBSTITUTION {{(pid=98826) _check_effective_sql_mode /opt/stack/data/venv/lib/python3.12/site-packages/oslo_db/sqlalchemy/engines.py:325}}
Mar 30 21:40:49.687631 np0000161675 devstack@n-api.service[98827]: DEBUG oslo_db.sqlalchemy.engines [None req-ebf9f4e2-2bfc-4afe-8927-4672bcb6f7af None None] MySQL server mode set to STRICT_TRANS_TABLES,STRICT_ALL_TABLES,NO_ZERO_IN_DATE,NO_ZERO_DATE,ERROR_FOR_DIVISION_BY_ZERO,TRADITIONAL,NO_ENGINE_SUBSTITUTION {{(pid=98827) _check_effective_sql_mode /opt/stack/data/venv/lib/python3.12/site-packages/oslo_db/sqlalchemy/engines.py:325}}
Mar 30 21:40:49.694320 np0000161675 devstack@n-api.service[98828]: DEBUG oslo_db.sqlalchemy.engines [None req-31f3fadc-7899-44e3-a28d-099220772016 None None] MySQL server mode set to STRICT_TRANS_TABLES,STRICT_ALL_TABLES,NO_ZERO_IN_DATE,NO_ZERO_DATE,ERROR_FOR_DIVISION_BY_ZERO,TRADITIONAL,NO_ENGINE_SUBSTITUTION {{(pid=98828) _check_effective_sql_mode /opt/stack/data/venv/lib/python3.12/site-packages/oslo_db/sqlalchemy/engines.py:325}}
Mar 30 21:40:49.694541 np0000161675 devstack@n-api.service[98826]: DEBUG oslo_db.sqlalchemy.engines [None req-a412ebc7-1d6d-45e8-95a5-e1153256c839 None None] MySQL server mode set to STRICT_TRANS_TABLES,STRICT_ALL_TABLES,NO_ZERO_IN_DATE,NO_ZERO_DATE,ERROR_FOR_DIVISION_BY_ZERO,TRADITIONAL,NO_ENGINE_SUBSTITUTION {{(pid=98826) _check_effective_sql_mode /opt/stack/data/venv/lib/python3.12/site-packages/oslo_db/sqlalchemy/engines.py:325}}
Mar 30 21:40:49.728573 np0000161675 devstack@n-api.service[98828]: DEBUG dbcounter [-] [98828] Writer thread running {{(pid=98828) stat_writer /opt/stack/data/venv/lib/python3.12/site-packages/dbcounter.py:102}}
Mar 30 21:40:49.731554 np0000161675 devstack@n-api.service[98828]: DEBUG nova.context [None req-31f3fadc-7899-44e3-a28d-099220772016 None None] Found 2 cells: 00000000-0000-0000-0000-000000000000(cell0),a013844a-293a-46ab-b20a-1b4d6775b618(cell1) {{(pid=98828) load_cells /opt/stack/nova/nova/context.py:509}}
Mar 30 21:40:49.731799 np0000161675 devstack@n-api.service[98828]: INFO nova.utils [None req-31f3fadc-7899-44e3-a28d-099220772016 None None] The cell worker thread pool MainProcess.cell_worker is initialized
Mar 30 21:40:49.733762 np0000161675 devstack@n-api.service[98828]: DEBUG oslo_concurrency.lockutils [None req-31f3fadc-7899-44e3-a28d-099220772016 None None] Acquiring lock "00000000-0000-0000-0000-000000000000" by "nova.context.set_target_cell..get_or_set_cached_cell_and_set_connections" {{(pid=98828) inner /opt/stack/data/venv/lib/python3.12/site-packages/oslo_concurrency/lockutils.py:506}}
Mar 30 21:40:49.733973 np0000161675 devstack@n-api.service[98828]: DEBUG oslo_concurrency.lockutils [None req-31f3fadc-7899-44e3-a28d-099220772016 None None] Lock "00000000-0000-0000-0000-000000000000" acquired by "nova.context.set_target_cell..get_or_set_cached_cell_and_set_connections" :: waited 0.000s {{(pid=98828) inner /opt/stack/data/venv/lib/python3.12/site-packages/oslo_concurrency/lockutils.py:519}}
Mar 30 21:40:49.734361 np0000161675 devstack@n-api.service[98828]: DEBUG oslo_concurrency.lockutils [None req-31f3fadc-7899-44e3-a28d-099220772016 None None] Lock "00000000-0000-0000-0000-000000000000" "released" by "nova.context.set_target_cell..get_or_set_cached_cell_and_set_connections" :: held 0.000s {{(pid=98828) inner /opt/stack/data/venv/lib/python3.12/site-packages/oslo_concurrency/lockutils.py:538}}
Mar 30 21:40:49.735271 np0000161675 devstack@n-api.service[98828]: DEBUG oslo_concurrency.lockutils [None req-31f3fadc-7899-44e3-a28d-099220772016 None None] Acquiring lock "a013844a-293a-46ab-b20a-1b4d6775b618" by "nova.context.set_target_cell..get_or_set_cached_cell_and_set_connections" {{(pid=98828) inner /opt/stack/data/venv/lib/python3.12/site-packages/oslo_concurrency/lockutils.py:506}}
Mar 30 21:40:49.735493 np0000161675 devstack@n-api.service[98828]: DEBUG oslo_concurrency.lockutils [None req-31f3fadc-7899-44e3-a28d-099220772016 None None] Lock "a013844a-293a-46ab-b20a-1b4d6775b618" acquired by "nova.context.set_target_cell..get_or_set_cached_cell_and_set_connections" :: waited 0.000s {{(pid=98828) inner /opt/stack/data/venv/lib/python3.12/site-packages/oslo_concurrency/lockutils.py:519}}
Mar 30 21:40:49.736737 np0000161675 devstack@n-api.service[98828]: DEBUG oslo_concurrency.lockutils [None req-31f3fadc-7899-44e3-a28d-099220772016 None None] Lock "a013844a-293a-46ab-b20a-1b4d6775b618" "released" by "nova.context.set_target_cell..get_or_set_cached_cell_and_set_connections" :: held 0.001s {{(pid=98828) inner /opt/stack/data/venv/lib/python3.12/site-packages/oslo_concurrency/lockutils.py:538}}
Mar 30 21:40:49.740369 np0000161675 devstack@n-api.service[98828]: INFO dbcounter [None req-31f3fadc-7899-44e3-a28d-099220772016 None None] Registered counter for database nova_cell0
Mar 30 21:40:49.745347 np0000161675 devstack@n-api.service[98828]: INFO dbcounter [None req-31f3fadc-7899-44e3-a28d-099220772016 None None] Registered counter for database nova_cell1
Mar 30 21:40:49.746599 np0000161675 devstack@n-api.service[98825]: DEBUG dbcounter [-] [98825] Writer thread running {{(pid=98825) stat_writer /opt/stack/data/venv/lib/python3.12/site-packages/dbcounter.py:102}}
Mar 30 21:40:49.751992 np0000161675 devstack@n-api.service[98825]: DEBUG dbcounter [-] [98825] Writer thread running {{(pid=98825) stat_writer /opt/stack/data/venv/lib/python3.12/site-packages/dbcounter.py:102}}
Mar 30 21:40:49.758871 np0000161675 devstack@n-api.service[98828]: DEBUG oslo_db.sqlalchemy.engines [None req-31f3fadc-7899-44e3-a28d-099220772016 None None] MySQL server mode set to STRICT_TRANS_TABLES,STRICT_ALL_TABLES,NO_ZERO_IN_DATE,NO_ZERO_DATE,ERROR_FOR_DIVISION_BY_ZERO,TRADITIONAL,NO_ENGINE_SUBSTITUTION {{(pid=98828) _check_effective_sql_mode /opt/stack/data/venv/lib/python3.12/site-packages/oslo_db/sqlalchemy/engines.py:325}}
Mar 30 21:40:49.761024 np0000161675 devstack@n-api.service[98825]: INFO dbcounter [None req-c73fed6d-76e4-4000-9819-3099196c5c6a None None] Registered counter for database nova_cell0
Mar 30 21:40:49.765367 np0000161675 devstack@n-api.service[98827]: DEBUG dbcounter [-] [98827] Writer thread running {{(pid=98827) stat_writer /opt/stack/data/venv/lib/python3.12/site-packages/dbcounter.py:102}}
Mar 30 21:40:49.770660 np0000161675 devstack@n-api.service[98827]: DEBUG dbcounter [-] [98827] Writer thread running {{(pid=98827) stat_writer /opt/stack/data/venv/lib/python3.12/site-packages/dbcounter.py:102}}
Mar 30 21:40:49.774621 np0000161675 devstack@n-api.service[98827]: INFO dbcounter [None req-ebf9f4e2-2bfc-4afe-8927-4672bcb6f7af None None] Registered counter for database nova_cell0
Mar 30 21:40:49.777319 np0000161675 devstack@n-api.service[98825]: DEBUG oslo_db.sqlalchemy.engines [None req-c73fed6d-76e4-4000-9819-3099196c5c6a None None] MySQL server mode set to STRICT_TRANS_TABLES,STRICT_ALL_TABLES,NO_ZERO_IN_DATE,NO_ZERO_DATE,ERROR_FOR_DIVISION_BY_ZERO,TRADITIONAL,NO_ENGINE_SUBSTITUTION {{(pid=98825) _check_effective_sql_mode /opt/stack/data/venv/lib/python3.12/site-packages/oslo_db/sqlalchemy/engines.py:325}}
Mar 30 21:40:49.780017 np0000161675 devstack@n-api.service[98828]: DEBUG oslo_db.sqlalchemy.engines [None req-31f3fadc-7899-44e3-a28d-099220772016 None None] MySQL server mode set to STRICT_TRANS_TABLES,STRICT_ALL_TABLES,NO_ZERO_IN_DATE,NO_ZERO_DATE,ERROR_FOR_DIVISION_BY_ZERO,TRADITIONAL,NO_ENGINE_SUBSTITUTION {{(pid=98828) _check_effective_sql_mode /opt/stack/data/venv/lib/python3.12/site-packages/oslo_db/sqlalchemy/engines.py:325}}
Mar 30 21:40:49.783600 np0000161675 devstack@n-api.service[98827]: DEBUG oslo_db.sqlalchemy.engines [None req-ebf9f4e2-2bfc-4afe-8927-4672bcb6f7af None None] MySQL server mode set to STRICT_TRANS_TABLES,STRICT_ALL_TABLES,NO_ZERO_IN_DATE,NO_ZERO_DATE,ERROR_FOR_DIVISION_BY_ZERO,TRADITIONAL,NO_ENGINE_SUBSTITUTION {{(pid=98827) _check_effective_sql_mode /opt/stack/data/venv/lib/python3.12/site-packages/oslo_db/sqlalchemy/engines.py:325}}
Mar 30 21:40:49.785291 np0000161675 devstack@n-api.service[98825]: DEBUG dbcounter [-] [98825] Writer thread running {{(pid=98825) stat_writer /opt/stack/data/venv/lib/python3.12/site-packages/dbcounter.py:102}}
Mar 30 21:40:49.791757 np0000161675 devstack@n-api.service[98827]: DEBUG dbcounter [-] [98827] Writer thread running {{(pid=98827) stat_writer /opt/stack/data/venv/lib/python3.12/site-packages/dbcounter.py:102}}
Mar 30 21:40:49.806451 np0000161675 devstack@n-api.service[98826]: DEBUG dbcounter [-] [98826] Writer thread running {{(pid=98826) stat_writer /opt/stack/data/venv/lib/python3.12/site-packages/dbcounter.py:102}}
Mar 30 21:40:49.808111 np0000161675 devstack@n-api.service[98826]: DEBUG dbcounter [-] [98826] Writer thread running {{(pid=98826) stat_writer /opt/stack/data/venv/lib/python3.12/site-packages/dbcounter.py:102}}
Mar 30 21:40:49.879478 np0000161675 devstack@n-api.service[98828]: DEBUG dbcounter [-] [98828] Writer thread running {{(pid=98828) stat_writer /opt/stack/data/venv/lib/python3.12/site-packages/dbcounter.py:102}}
Mar 30 21:40:49.886913 np0000161675 devstack@n-api.service[98828]: DEBUG dbcounter [-] [98828] Writer thread running {{(pid=98828) stat_writer /opt/stack/data/venv/lib/python3.12/site-packages/dbcounter.py:102}}
Mar 30 21:40:49.904055 np0000161675 devstack@n-api.service[98826]: INFO dbcounter [None req-a412ebc7-1d6d-45e8-95a5-e1153256c839 None None] Registered counter for database nova_cell0
Mar 30 21:40:49.904305 np0000161675 devstack@n-api.service[98828]: INFO dbcounter [None req-31f3fadc-7899-44e3-a28d-099220772016 None None] Registered counter for database nova_cell0
Mar 30 21:40:49.915800 np0000161675 devstack@n-api.service[98828]: DEBUG oslo_db.sqlalchemy.engines [None req-31f3fadc-7899-44e3-a28d-099220772016 None None] MySQL server mode set to STRICT_TRANS_TABLES,STRICT_ALL_TABLES,NO_ZERO_IN_DATE,NO_ZERO_DATE,ERROR_FOR_DIVISION_BY_ZERO,TRADITIONAL,NO_ENGINE_SUBSTITUTION {{(pid=98828) _check_effective_sql_mode /opt/stack/data/venv/lib/python3.12/site-packages/oslo_db/sqlalchemy/engines.py:325}}
Mar 30 21:40:49.920218 np0000161675 devstack@n-api.service[98826]: DEBUG oslo_db.sqlalchemy.engines [None req-a412ebc7-1d6d-45e8-95a5-e1153256c839 None None] MySQL server mode set to STRICT_TRANS_TABLES,STRICT_ALL_TABLES,NO_ZERO_IN_DATE,NO_ZERO_DATE,ERROR_FOR_DIVISION_BY_ZERO,TRADITIONAL,NO_ENGINE_SUBSTITUTION {{(pid=98826) _check_effective_sql_mode /opt/stack/data/venv/lib/python3.12/site-packages/oslo_db/sqlalchemy/engines.py:325}}
Mar 30 21:40:49.928030 np0000161675 devstack@n-api.service[98828]: DEBUG dbcounter [-] [98828] Writer thread running {{(pid=98828) stat_writer /opt/stack/data/venv/lib/python3.12/site-packages/dbcounter.py:102}}
Mar 30 21:40:49.937615 np0000161675 devstack@n-api.service[98826]: DEBUG dbcounter [-] [98826] Writer thread running {{(pid=98826) stat_writer /opt/stack/data/venv/lib/python3.12/site-packages/dbcounter.py:102}}
Mar 30 21:40:50.308301 np0000161675 devstack@n-api.service[98825]: DEBUG oslo_concurrency.processutils [None req-c73fed6d-76e4-4000-9819-3099196c5c6a None None] Running cmd (subprocess): grep -F node.session.scan /sbin/iscsiadm {{(pid=98825) execute /opt/stack/data/venv/lib/python3.12/site-packages/oslo_concurrency/processutils.py:440}}
Mar 30 21:40:50.312719 np0000161675 devstack@n-api.service[98828]: DEBUG oslo_concurrency.processutils [None req-31f3fadc-7899-44e3-a28d-099220772016 None None] Running cmd (subprocess): grep -F node.session.scan /sbin/iscsiadm {{(pid=98828) execute /opt/stack/data/venv/lib/python3.12/site-packages/oslo_concurrency/processutils.py:440}}
Mar 30 21:40:50.312881 np0000161675 devstack@n-api.service[98826]: DEBUG oslo_concurrency.processutils [None req-a412ebc7-1d6d-45e8-95a5-e1153256c839 None None] Running cmd (subprocess): grep -F node.session.scan /sbin/iscsiadm {{(pid=98826) execute /opt/stack/data/venv/lib/python3.12/site-packages/oslo_concurrency/processutils.py:440}}
Mar 30 21:40:50.324153 np0000161675 devstack@n-api.service[98827]: DEBUG oslo_concurrency.processutils [None req-ebf9f4e2-2bfc-4afe-8927-4672bcb6f7af None None] Running cmd (subprocess): grep -F node.session.scan /sbin/iscsiadm {{(pid=98827) execute /opt/stack/data/venv/lib/python3.12/site-packages/oslo_concurrency/processutils.py:440}}
Mar 30 21:40:50.327459 np0000161675 devstack@n-api.service[98825]: DEBUG oslo_concurrency.processutils [None req-c73fed6d-76e4-4000-9819-3099196c5c6a None None] CMD "grep -F node.session.scan /sbin/iscsiadm" returned: 0 in 0.019s {{(pid=98825) execute /opt/stack/data/venv/lib/python3.12/site-packages/oslo_concurrency/processutils.py:468}}
Mar 30 21:40:50.328749 np0000161675 devstack@n-api.service[98828]: DEBUG oslo_concurrency.processutils [None req-31f3fadc-7899-44e3-a28d-099220772016 None None] CMD "grep -F node.session.scan /sbin/iscsiadm" returned: 0 in 0.016s {{(pid=98828) execute /opt/stack/data/venv/lib/python3.12/site-packages/oslo_concurrency/processutils.py:468}}
Mar 30 21:40:50.341241 np0000161675 devstack@n-api.service[98826]: DEBUG oslo_concurrency.processutils [None req-a412ebc7-1d6d-45e8-95a5-e1153256c839 None None] CMD "grep -F node.session.scan /sbin/iscsiadm" returned: 0 in 0.028s {{(pid=98826) execute /opt/stack/data/venv/lib/python3.12/site-packages/oslo_concurrency/processutils.py:468}}
Mar 30 21:40:50.344556 np0000161675 devstack@n-api.service[98827]: DEBUG oslo_concurrency.processutils [None req-ebf9f4e2-2bfc-4afe-8927-4672bcb6f7af None None] CMD "grep -F node.session.scan /sbin/iscsiadm" returned: 0 in 0.021s {{(pid=98827) execute /opt/stack/data/venv/lib/python3.12/site-packages/oslo_concurrency/processutils.py:468}}
Mar 30 21:40:50.916694 np0000161675 devstack@n-api.service[98826]: WARNING keystonemiddleware.auth_token [None req-a412ebc7-1d6d-45e8-95a5-e1153256c839 None None] AuthToken middleware is set with keystone_authtoken.service_token_roles_required set to False. This is backwards compatible but deprecated behaviour. Please set this to True.
Mar 30 21:40:50.924643 np0000161675 devstack@n-api.service[98827]: WARNING keystonemiddleware.auth_token [None req-ebf9f4e2-2bfc-4afe-8927-4672bcb6f7af None None] AuthToken middleware is set with keystone_authtoken.service_token_roles_required set to False. This is backwards compatible but deprecated behaviour. Please set this to True.
Mar 30 21:40:50.925225 np0000161675 devstack@n-api.service[98825]: WARNING keystonemiddleware.auth_token [None req-c73fed6d-76e4-4000-9819-3099196c5c6a None None] AuthToken middleware is set with keystone_authtoken.service_token_roles_required set to False. This is backwards compatible but deprecated behaviour. Please set this to True.
Mar 30 21:40:50.938261 np0000161675 devstack@n-api.service[98828]: WARNING keystonemiddleware.auth_token [None req-31f3fadc-7899-44e3-a28d-099220772016 None None] AuthToken middleware is set with keystone_authtoken.service_token_roles_required set to False. This is backwards compatible but deprecated behaviour. Please set this to True.
Mar 30 21:40:50.995151 np0000161675 devstack@n-api.service[98825]: WARNING keystonemiddleware.auth_token [None req-c73fed6d-76e4-4000-9819-3099196c5c6a None None] AuthToken middleware is set with keystone_authtoken.service_token_roles_required set to False. This is backwards compatible but deprecated behaviour. Please set this to True.
Mar 30 21:40:51.014117 np0000161675 devstack@n-api.service[98828]: WARNING keystonemiddleware.auth_token [None req-31f3fadc-7899-44e3-a28d-099220772016 None None] AuthToken middleware is set with keystone_authtoken.service_token_roles_required set to False. This is backwards compatible but deprecated behaviour. Please set this to True.
Mar 30 21:40:51.155468 np0000161675 devstack@n-api.service[98826]: WARNING keystonemiddleware.auth_token [None req-a412ebc7-1d6d-45e8-95a5-e1153256c839 None None] AuthToken middleware is set with keystone_authtoken.service_token_roles_required set to False. This is backwards compatible but deprecated behaviour. Please set this to True.
Mar 30 21:40:51.161465 np0000161675 devstack@n-api.service[98826]: DEBUG nova.api.openstack.wsgi_app [None req-a412ebc7-1d6d-45e8-95a5-e1153256c839 None None] ******************************************************************************** {{(pid=98826) log_opt_values /opt/stack/data/venv/lib/python3.12/site-packages/oslo_config/cfg.py:2979}}
Mar 30 21:40:51.161659 np0000161675 devstack@n-api.service[98826]: DEBUG nova.api.openstack.wsgi_app [None req-a412ebc7-1d6d-45e8-95a5-e1153256c839 None None] Configuration options gathered from: {{(pid=98826) log_opt_values /opt/stack/data/venv/lib/python3.12/site-packages/oslo_config/cfg.py:2980}}
Mar 30 21:40:51.162033 np0000161675 devstack@n-api.service[98826]: DEBUG nova.api.openstack.wsgi_app [None req-a412ebc7-1d6d-45e8-95a5-e1153256c839 None None] command line args: [] {{(pid=98826) log_opt_values /opt/stack/data/venv/lib/python3.12/site-packages/oslo_config/cfg.py:2981}}
Mar 30 21:40:51.162255 np0000161675 devstack@n-api.service[98826]: DEBUG nova.api.openstack.wsgi_app [None req-a412ebc7-1d6d-45e8-95a5-e1153256c839 None None] config files: ['/etc/nova/api-paste.ini', '/etc/nova/nova.conf'] {{(pid=98826) log_opt_values /opt/stack/data/venv/lib/python3.12/site-packages/oslo_config/cfg.py:2982}}
Mar 30 21:40:51.162441 np0000161675 devstack@n-api.service[98826]: DEBUG nova.api.openstack.wsgi_app [None req-a412ebc7-1d6d-45e8-95a5-e1153256c839 None None] ================================================================================ {{(pid=98826) log_opt_values /opt/stack/data/venv/lib/python3.12/site-packages/oslo_config/cfg.py:2987}}
Mar 30 21:40:51.162666 np0000161675 devstack@n-api.service[98826]: DEBUG nova.api.openstack.wsgi_app [None req-a412ebc7-1d6d-45e8-95a5-e1153256c839 None None] allow_resize_to_same_host = True {{(pid=98826) log_opt_values /opt/stack/data/venv/lib/python3.12/site-packages/oslo_config/cfg.py:2995}}
Mar 30 21:40:51.162857 np0000161675 devstack@n-api.service[98826]: DEBUG nova.api.openstack.wsgi_app [None req-a412ebc7-1d6d-45e8-95a5-e1153256c839 None None] arq_binding_timeout = 300 {{(pid=98826) log_opt_values /opt/stack/data/venv/lib/python3.12/site-packages/oslo_config/cfg.py:2995}}
Mar 30 21:40:51.163053 np0000161675 devstack@n-api.service[98826]: DEBUG nova.api.openstack.wsgi_app [None req-a412ebc7-1d6d-45e8-95a5-e1153256c839 None None] block_device_allocate_retries = 60 {{(pid=98826) log_opt_values /opt/stack/data/venv/lib/python3.12/site-packages/oslo_config/cfg.py:2995}}
Mar 30 21:40:51.163304 np0000161675 devstack@n-api.service[98826]: DEBUG nova.api.openstack.wsgi_app [None req-a412ebc7-1d6d-45e8-95a5-e1153256c839 None None] block_device_allocate_retries_interval = 3 {{(pid=98826) log_opt_values /opt/stack/data/venv/lib/python3.12/site-packages/oslo_config/cfg.py:2995}}
Mar 30 21:40:51.163457 np0000161675 devstack@n-api.service[98826]: DEBUG nova.api.openstack.wsgi_app [None req-a412ebc7-1d6d-45e8-95a5-e1153256c839 None None] cell_worker_thread_pool_size = 5 {{(pid=98826) log_opt_values /opt/stack/data/venv/lib/python3.12/site-packages/oslo_config/cfg.py:2995}}
Mar 30 21:40:51.163574 np0000161675 devstack@n-api.service[98826]: DEBUG nova.api.openstack.wsgi_app [None req-a412ebc7-1d6d-45e8-95a5-e1153256c839 None None] cert = self.pem {{(pid=98826) log_opt_values /opt/stack/data/venv/lib/python3.12/site-packages/oslo_config/cfg.py:2995}}
Mar 30 21:40:51.163789 np0000161675 devstack@n-api.service[98826]: DEBUG nova.api.openstack.wsgi_app [None req-a412ebc7-1d6d-45e8-95a5-e1153256c839 None None] compute_driver = libvirt.LibvirtDriver {{(pid=98826) log_opt_values /opt/stack/data/venv/lib/python3.12/site-packages/oslo_config/cfg.py:2995}}
Mar 30 21:40:51.163973 np0000161675 devstack@n-api.service[98826]: DEBUG nova.api.openstack.wsgi_app [None req-a412ebc7-1d6d-45e8-95a5-e1153256c839 None None] compute_monitors = [] {{(pid=98826) log_opt_values /opt/stack/data/venv/lib/python3.12/site-packages/oslo_config/cfg.py:2995}}
Mar 30 21:40:51.164248 np0000161675 devstack@n-api.service[98826]: DEBUG nova.api.openstack.wsgi_app [None req-a412ebc7-1d6d-45e8-95a5-e1153256c839 None None] config_dir = [] {{(pid=98826) log_opt_values /opt/stack/data/venv/lib/python3.12/site-packages/oslo_config/cfg.py:2995}}
Mar 30 21:40:51.164452 np0000161675 devstack@n-api.service[98826]: DEBUG nova.api.openstack.wsgi_app [None req-a412ebc7-1d6d-45e8-95a5-e1153256c839 None None] config_drive_format = iso9660 {{(pid=98826) log_opt_values /opt/stack/data/venv/lib/python3.12/site-packages/oslo_config/cfg.py:2995}}
Mar 30 21:40:51.164612 np0000161675 devstack@n-api.service[98826]: DEBUG nova.api.openstack.wsgi_app [None req-a412ebc7-1d6d-45e8-95a5-e1153256c839 None None] config_file = ['/etc/nova/api-paste.ini', '/etc/nova/nova.conf'] {{(pid=98826) log_opt_values /opt/stack/data/venv/lib/python3.12/site-packages/oslo_config/cfg.py:2995}}
Mar 30 21:40:51.164756 np0000161675 devstack@n-api.service[98827]: WARNING keystonemiddleware.auth_token [None req-ebf9f4e2-2bfc-4afe-8927-4672bcb6f7af None None] AuthToken middleware is set with keystone_authtoken.service_token_roles_required set to False. This is backwards compatible but deprecated behaviour. Please set this to True.
Mar 30 21:40:51.164918 np0000161675 devstack@n-api.service[98826]: DEBUG nova.api.openstack.wsgi_app [None req-a412ebc7-1d6d-45e8-95a5-e1153256c839 None None] config_source = [] {{(pid=98826) log_opt_values /opt/stack/data/venv/lib/python3.12/site-packages/oslo_config/cfg.py:2995}}
Mar 30 21:40:51.165005 np0000161675 devstack@n-api.service[98826]: DEBUG nova.api.openstack.wsgi_app [None req-a412ebc7-1d6d-45e8-95a5-e1153256c839 None None] console_host = np0000161675 {{(pid=98826) log_opt_values /opt/stack/data/venv/lib/python3.12/site-packages/oslo_config/cfg.py:2995}}
Mar 30 21:40:51.165202 np0000161675 devstack@n-api.service[98826]: DEBUG nova.api.openstack.wsgi_app [None req-a412ebc7-1d6d-45e8-95a5-e1153256c839 None None] control_exchange = nova {{(pid=98826) log_opt_values /opt/stack/data/venv/lib/python3.12/site-packages/oslo_config/cfg.py:2995}}
Mar 30 21:40:51.165388 np0000161675 devstack@n-api.service[98826]: DEBUG nova.api.openstack.wsgi_app [None req-a412ebc7-1d6d-45e8-95a5-e1153256c839 None None] cpu_allocation_ratio = None {{(pid=98826) log_opt_values /opt/stack/data/venv/lib/python3.12/site-packages/oslo_config/cfg.py:2995}}
Mar 30 21:40:51.165580 np0000161675 devstack@n-api.service[98826]: DEBUG nova.api.openstack.wsgi_app [None req-a412ebc7-1d6d-45e8-95a5-e1153256c839 None None] daemon = False {{(pid=98826) log_opt_values /opt/stack/data/venv/lib/python3.12/site-packages/oslo_config/cfg.py:2995}}
Mar 30 21:40:51.165759 np0000161675 devstack@n-api.service[98826]: DEBUG nova.api.openstack.wsgi_app [None req-a412ebc7-1d6d-45e8-95a5-e1153256c839 None None] debug = True {{(pid=98826) log_opt_values /opt/stack/data/venv/lib/python3.12/site-packages/oslo_config/cfg.py:2995}}
Mar 30 21:40:51.165927 np0000161675 devstack@n-api.service[98826]: DEBUG nova.api.openstack.wsgi_app [None req-a412ebc7-1d6d-45e8-95a5-e1153256c839 None None] default_access_ip_network_name = None {{(pid=98826) log_opt_values /opt/stack/data/venv/lib/python3.12/site-packages/oslo_config/cfg.py:2995}}
Mar 30 21:40:51.166140 np0000161675 devstack@n-api.service[98826]: DEBUG nova.api.openstack.wsgi_app [None req-a412ebc7-1d6d-45e8-95a5-e1153256c839 None None] default_availability_zone = nova {{(pid=98826) log_opt_values /opt/stack/data/venv/lib/python3.12/site-packages/oslo_config/cfg.py:2995}}
Mar 30 21:40:51.166328 np0000161675 devstack@n-api.service[98826]: DEBUG nova.api.openstack.wsgi_app [None req-a412ebc7-1d6d-45e8-95a5-e1153256c839 None None] default_ephemeral_format = ext4 {{(pid=98826) log_opt_values /opt/stack/data/venv/lib/python3.12/site-packages/oslo_config/cfg.py:2995}}
Mar 30 21:40:51.166505 np0000161675 devstack@n-api.service[98826]: DEBUG nova.api.openstack.wsgi_app [None req-a412ebc7-1d6d-45e8-95a5-e1153256c839 None None] default_green_pool_size = 1000 {{(pid=98826) log_opt_values /opt/stack/data/venv/lib/python3.12/site-packages/oslo_config/cfg.py:2995}}
Mar 30 21:40:51.166855 np0000161675 devstack@n-api.service[98826]: DEBUG nova.api.openstack.wsgi_app [None req-a412ebc7-1d6d-45e8-95a5-e1153256c839 None None] default_log_levels = ['amqp=WARN', 'boto=WARN', 'sqlalchemy=WARN', 'suds=INFO', 'oslo.messaging=INFO', 'oslo_messaging=INFO', 'iso8601=WARN', 'requests.packages.urllib3.connectionpool=WARN', 'urllib3.connectionpool=WARN', 'websocket=WARN', 'requests.packages.urllib3.util.retry=WARN', 'urllib3.util.retry=WARN', 'keystonemiddleware=WARN', 'routes.middleware=WARN', 'stevedore=WARN', 'taskflow=WARN', 'keystoneauth=WARN', 'oslo.cache=INFO', 'oslo_policy=INFO', 'dogpile.core.dogpile=INFO', 'glanceclient=WARN', 'oslo.privsep.daemon=INFO'] {{(pid=98826) log_opt_values /opt/stack/data/venv/lib/python3.12/site-packages/oslo_config/cfg.py:2995}}
Mar 30 21:40:51.167039 np0000161675 devstack@n-api.service[98826]: DEBUG nova.api.openstack.wsgi_app [None req-a412ebc7-1d6d-45e8-95a5-e1153256c839 None None] default_schedule_zone = None {{(pid=98826) log_opt_values /opt/stack/data/venv/lib/python3.12/site-packages/oslo_config/cfg.py:2995}}
Mar 30 21:40:51.167039 np0000161675 devstack@n-api.service[98826]: DEBUG nova.api.openstack.wsgi_app [None req-a412ebc7-1d6d-45e8-95a5-e1153256c839 None None] default_thread_pool_size = 10 {{(pid=98826) log_opt_values /opt/stack/data/venv/lib/python3.12/site-packages/oslo_config/cfg.py:2995}}
Mar 30 21:40:51.167291 np0000161675 devstack@n-api.service[98826]: DEBUG nova.api.openstack.wsgi_app [None req-a412ebc7-1d6d-45e8-95a5-e1153256c839 None None] disk_allocation_ratio = None {{(pid=98826) log_opt_values /opt/stack/data/venv/lib/python3.12/site-packages/oslo_config/cfg.py:2995}}
Mar 30 21:40:51.167453 np0000161675 devstack@n-api.service[98826]: DEBUG nova.api.openstack.wsgi_app [None req-a412ebc7-1d6d-45e8-95a5-e1153256c839 None None] enable_new_services = True {{(pid=98826) log_opt_values /opt/stack/data/venv/lib/python3.12/site-packages/oslo_config/cfg.py:2995}}
Mar 30 21:40:51.167622 np0000161675 devstack@n-api.service[98826]: DEBUG nova.api.openstack.wsgi_app [None req-a412ebc7-1d6d-45e8-95a5-e1153256c839 None None] flat_injected = False {{(pid=98826) log_opt_values /opt/stack/data/venv/lib/python3.12/site-packages/oslo_config/cfg.py:2995}}
Mar 30 21:40:51.167805 np0000161675 devstack@n-api.service[98826]: DEBUG nova.api.openstack.wsgi_app [None req-a412ebc7-1d6d-45e8-95a5-e1153256c839 None None] force_config_drive = False {{(pid=98826) log_opt_values /opt/stack/data/venv/lib/python3.12/site-packages/oslo_config/cfg.py:2995}}
Mar 30 21:40:51.167975 np0000161675 devstack@n-api.service[98826]: DEBUG nova.api.openstack.wsgi_app [None req-a412ebc7-1d6d-45e8-95a5-e1153256c839 None None] force_raw_images = True {{(pid=98826) log_opt_values /opt/stack/data/venv/lib/python3.12/site-packages/oslo_config/cfg.py:2995}}
Mar 30 21:40:51.168211 np0000161675 devstack@n-api.service[98826]: DEBUG nova.api.openstack.wsgi_app [None req-a412ebc7-1d6d-45e8-95a5-e1153256c839 None None] graceful_shutdown_timeout = 5 {{(pid=98826) log_opt_values /opt/stack/data/venv/lib/python3.12/site-packages/oslo_config/cfg.py:2995}}
Mar 30 21:40:51.168393 np0000161675 devstack@n-api.service[98826]: DEBUG nova.api.openstack.wsgi_app [None req-a412ebc7-1d6d-45e8-95a5-e1153256c839 None None] heal_instance_info_cache_interval = -1 {{(pid=98826) log_opt_values /opt/stack/data/venv/lib/python3.12/site-packages/oslo_config/cfg.py:2995}}
Mar 30 21:40:51.168635 np0000161675 devstack@n-api.service[98826]: DEBUG nova.api.openstack.wsgi_app [None req-a412ebc7-1d6d-45e8-95a5-e1153256c839 None None] host = np0000161675 {{(pid=98826) log_opt_values /opt/stack/data/venv/lib/python3.12/site-packages/oslo_config/cfg.py:2995}}
Mar 30 21:40:51.168843 np0000161675 devstack@n-api.service[98826]: DEBUG nova.api.openstack.wsgi_app [None req-a412ebc7-1d6d-45e8-95a5-e1153256c839 None None] initial_cpu_allocation_ratio = 4.0 {{(pid=98826) log_opt_values /opt/stack/data/venv/lib/python3.12/site-packages/oslo_config/cfg.py:2995}}
Mar 30 21:40:51.169018 np0000161675 devstack@n-api.service[98826]: DEBUG nova.api.openstack.wsgi_app [None req-a412ebc7-1d6d-45e8-95a5-e1153256c839 None None] initial_disk_allocation_ratio = 1.0 {{(pid=98826) log_opt_values /opt/stack/data/venv/lib/python3.12/site-packages/oslo_config/cfg.py:2995}}
Mar 30 21:40:51.169259 np0000161675 devstack@n-api.service[98826]: DEBUG nova.api.openstack.wsgi_app [None req-a412ebc7-1d6d-45e8-95a5-e1153256c839 None None] initial_ram_allocation_ratio = 1.0 {{(pid=98826) log_opt_values /opt/stack/data/venv/lib/python3.12/site-packages/oslo_config/cfg.py:2995}}
Mar 30 21:40:51.169525 np0000161675 devstack@n-api.service[98826]: DEBUG nova.api.openstack.wsgi_app [None req-a412ebc7-1d6d-45e8-95a5-e1153256c839 None None] injected_network_template = /opt/stack/nova/nova/virt/interfaces.template {{(pid=98826) log_opt_values /opt/stack/data/venv/lib/python3.12/site-packages/oslo_config/cfg.py:2995}}
Mar 30 21:40:51.169699 np0000161675 devstack@n-api.service[98826]: DEBUG nova.api.openstack.wsgi_app [None req-a412ebc7-1d6d-45e8-95a5-e1153256c839 None None] instance_build_timeout = 0 {{(pid=98826) log_opt_values /opt/stack/data/venv/lib/python3.12/site-packages/oslo_config/cfg.py:2995}}
Mar 30 21:40:51.169895 np0000161675 devstack@n-api.service[98826]: DEBUG nova.api.openstack.wsgi_app [None req-a412ebc7-1d6d-45e8-95a5-e1153256c839 None None] instance_delete_interval = 300 {{(pid=98826) log_opt_values /opt/stack/data/venv/lib/python3.12/site-packages/oslo_config/cfg.py:2995}}
Mar 30 21:40:51.170076 np0000161675 devstack@n-api.service[98826]: DEBUG nova.api.openstack.wsgi_app [None req-a412ebc7-1d6d-45e8-95a5-e1153256c839 None None] instance_format = [instance: %(uuid)s] {{(pid=98826) log_opt_values /opt/stack/data/venv/lib/python3.12/site-packages/oslo_config/cfg.py:2995}}
Mar 30 21:40:51.170265 np0000161675 devstack@n-api.service[98826]: DEBUG nova.api.openstack.wsgi_app [None req-a412ebc7-1d6d-45e8-95a5-e1153256c839 None None] instance_name_template = instance-%08x {{(pid=98826) log_opt_values /opt/stack/data/venv/lib/python3.12/site-packages/oslo_config/cfg.py:2995}}
