Mar 06 05:38:17.695656 np0000158050 devstack@neutron-api.service[103423]: DEBUG neutron.db.ovn_revision_numbers_db [None req-3c358216-37f7-4f0d-b70c-ed32dcd9c2bf admin admin] create_initial_revision uuid=080454e9-7cfe-4af0-8e4f-d43539c2aa4f, type=subnets, rev=-1 {{(pid=103423) create_initial_revision /opt/stack/neutron/neutron/db/ovn_revision_numbers_db.py:98}}
Mar 06 05:38:17.747447 np0000158050 devstack@neutron-api.service[103421]: DEBUG ovsdbapp.backend.ovs_idl.event [None req-0f5eca42-68c3-4a08-8894-3fd8bcd1c852 None None] Matched UPDATE: LogicalSwitchPortUpdateLogicalRouterPortEvent(events=('update',), table='Logical_Switch_Port', conditions=None, old_conditions=None), priority=20 to row=Logical_Switch_Port(uuid=f2e84796-8253-492e-8a32-f74f3051521a, addresses=['router'], dhcpv4_options=[], dhcpv6_options=[], dynamic_addresses=[], enabled=True, external_ids={'neutron:cidrs': '10.1.0.1/26', 'neutron:device_id': '972e064e-3b72-4c3a-a2e5-3e41ebd01390', 'neutron:device_owner': 'network:router_interface', 'neutron:mtu': '', 'neutron:network_name': 'neutron-3c676472-eb23-4205-b958-27843b549beb', 'neutron:port_capabilities': '', 'neutron:port_name': '', 'neutron:project_id': 'ad69d968e5744d6083c8fdb6aea5bb5f', 'neutron:revision_number': '2', 'neutron:security_group_ids': '', 'neutron:subnet_pool_addr_scope4': '', 'neutron:subnet_pool_addr_scope6': '', 'neutron:vnic_type': 'normal'}, ha_chassis_group=[], mirror_rules=[], name='d262b925-47bd-4e98-b4a6-671298056216', options={'router-port': 'lrp-d262b925-47bd-4e98-b4a6-671298056216'}, parent_name=[], port_security=[], tag=[], tag_request=[], type='router', up=True) old=Logical_Switch_Port(uuid=f2e84796-8253-492e-8a32-f74f3051521a, external_ids={'neutron:cidrs': '10.1.0.1/26', 'neutron:device_id': '972e064e-3b72-4c3a-a2e5-3e41ebd01390', 'neutron:device_owner': 'network:router_interface', 'neutron:mtu': '', 'neutron:network_name': 'neutron-3c676472-eb23-4205-b958-27843b549beb', 'neutron:port_capabilities': '', 'neutron:port_name': '', 'neutron:project_id': 'ad69d968e5744d6083c8fdb6aea5bb5f', 'neutron:revision_number': '1', 'neutron:security_group_ids': '', 'neutron:subnet_pool_addr_scope4': '', 'neutron:subnet_pool_addr_scope6': '', 'neutron:vnic_type': 'normal'}) {{(pid=103421) matches /opt/stack/data/venv/lib/python3.12/site-packages/ovsdbapp/backend/ovs_idl/event.py:55}}
Mar 06 05:38:17.763287 np0000158050 devstack@neutron-api.service[103423]: DEBUG neutron.objects.ports [None req-3c358216-37f7-4f0d-b70c-ed32dcd9c2bf admin admin] Time-cost: Fetching 0 ports in 0 security groups {{(pid=103423) get_objects /opt/stack/neutron/neutron/objects/ports.py:499}}
Mar 06 05:38:17.763537 np0000158050 devstack@neutron-api.service[103423]: DEBUG neutron_lib.callbacks.manager [None req-3c358216-37f7-4f0d-b70c-ed32dcd9c2bf admin admin] Publish callbacks ['neutron.plugins.ml2.ovo_rpc._ObjectChangeHandler.handle_event-2636077'] for subnet (080454e9-7cfe-4af0-8e4f-d43539c2aa4f), after_create {{(pid=103423) _notify_loop /opt/stack/data/venv/lib/python3.12/site-packages/neutron_lib/callbacks/manager.py:184}}
Mar 06 05:38:17.776965 np0000158050 devstack@neutron-api.service[103423]: DEBUG neutron.api.rpc.handlers.resources_rpc [None req-3c358216-37f7-4f0d-b70c-ed32dcd9c2bf admin admin] Pushing event updated for resources: {'Subnet': ['ID=080454e9-7cfe-4af0-8e4f-d43539c2aa4f,revision_number=0']} {{(pid=103423) push /opt/stack/neutron/neutron/api/rpc/handlers/resources_rpc.py:237}}
Mar 06 05:38:17.791102 np0000158050 devstack@neutron-api.service[103421]: INFO neutron.db.ovn_revision_numbers_db [None req-f3c26cc7-3fa0-4ff4-8472-1b4318330f6c None None] Successfully bumped revision number for resource d262b925-47bd-4e98-b4a6-671298056216 (type: ports) to 2
Mar 06 05:38:17.795266 np0000158050 devstack@neutron-api.service[103421]: DEBUG neutron_lib.callbacks.manager [None req-f3c26cc7-3fa0-4ff4-8472-1b4318330f6c None None] Publish callbacks ['neutron.plugins.ml2.ovo_rpc._ObjectChangeHandler.handle_event-1138602', 'neutron.db.l3_db.L3RpcNotifierMixin._notify_gateway_port_ip_changed-8100970331006', 'neutron.services.ovn_l3.plugin.OVNL3RouterPlugin._port_update-8100968796964'] for port (d262b925-47bd-4e98-b4a6-671298056216), after_update {{(pid=103421) _notify_loop /opt/stack/data/venv/lib/python3.12/site-packages/neutron_lib/callbacks/manager.py:184}}
Mar 06 05:38:17.815321 np0000158050 devstack@neutron-api.service[103423]: INFO neutron.db.ovn_revision_numbers_db [None req-3c358216-37f7-4f0d-b70c-ed32dcd9c2bf admin admin] Successfully bumped revision number for resource 080454e9-7cfe-4af0-8e4f-d43539c2aa4f (type: subnets) to 0
Mar 06 05:38:17.816255 np0000158050 devstack@neutron-api.service[103423]: DEBUG neutron.pecan_wsgi.hooks.policy_enforcement [None req-3c358216-37f7-4f0d-b70c-ed32dcd9c2bf admin admin] Attributes excluded by policy engine: ['standard_attr_id', 'shared', 'network'] {{(pid=103423) _exclude_attributes_by_policy /opt/stack/neutron/neutron/pecan_wsgi/hooks/policy_enforcement.py:258}}
Mar 06 05:38:17.816515 np0000158050 devstack@neutron-api.service[103423]: DEBUG neutron_lib.callbacks.manager [None req-3c358216-37f7-4f0d-b70c-ed32dcd9c2bf admin admin] Publish callbacks [] for subnet (None), before_response {{(pid=103423) _notify_loop /opt/stack/data/venv/lib/python3.12/site-packages/neutron_lib/callbacks/manager.py:184}}
Mar 06 05:38:17.827137 np0000158050 devstack@neutron-api.service[103423]: [pid: 103423|app: 0|req: 5/21] 162.253.55.49 () {68 vars in 1348 bytes} [Fri Mar 6 05:38:17 2026] POST /networking/v2.0/subnets => generated 640 bytes in 254 msecs (HTTP/1.1 201) 4 headers in 162 bytes (1 switches on core 0)
Mar 06 05:38:17.832781 np0000158050 devstack@neutron-api.service[103421]: DEBUG neutron.api.rpc.handlers.resources_rpc [None req-31a7a5a0-1e81-4e29-9e86-2bbf69318d0b None None] Pushing event updated for resources: {'Port': ['ID=d262b925-47bd-4e98-b4a6-671298056216,revision_number=2']} {{(pid=103421) push /opt/stack/neutron/neutron/api/rpc/handlers/resources_rpc.py:237}}
Mar 06 05:38:17.839869 np0000158050 devstack@neutron-api.service[103421]: DEBUG neutron.api.rpc.callbacks.version_manager [None req-31a7a5a0-1e81-4e29-9e86-2bbf69318d0b None None] Tracked resource versions report:
Mar 06 05:38:17.839869 np0000158050 devstack@neutron-api.service[103421]: pushed versions:
Mar 06 05:38:17.839869 np0000158050 devstack@neutron-api.service[103421]: { 'AddressGroup': {'1.2'},
Mar 06 05:38:17.839869 np0000158050 devstack@neutron-api.service[103421]: 'Agent': {'1.1'},
Mar 06 05:38:17.839869 np0000158050 devstack@neutron-api.service[103421]: 'ConntrackHelper': {'1.0'},
Mar 06 05:38:17.839869 np0000158050 devstack@neutron-api.service[103421]: 'LocalIPAssociation': {'1.0'},
Mar 06 05:38:17.839869 np0000158050 devstack@neutron-api.service[103421]: 'Log': {'1.0'},
Mar 06 05:38:17.839869 np0000158050 devstack@neutron-api.service[103421]: 'NDPProxy': {'1.0'},
Mar 06 05:38:17.839869 np0000158050 devstack@neutron-api.service[103421]: 'Network': {'1.2'},
Mar 06 05:38:17.839869 np0000158050 devstack@neutron-api.service[103421]: 'Port': {'1.10'},
Mar 06 05:38:17.839869 np0000158050 devstack@neutron-api.service[103421]: 'PortForwarding': {'1.3'},
Mar 06 05:38:17.839869 np0000158050 devstack@neutron-api.service[103421]: 'QosPolicy': {'1.10'},
Mar 06 05:38:17.839869 np0000158050 devstack@neutron-api.service[103421]: 'SecurityGroup': {'1.6'},
Mar 06 05:38:17.839869 np0000158050 devstack@neutron-api.service[103421]: 'SecurityGroupRule': {'1.3'},
Mar 06 05:38:17.839869 np0000158050 devstack@neutron-api.service[103421]: 'SubPort': {'1.0'},
Mar 06 05:38:17.839869 np0000158050 devstack@neutron-api.service[103421]: 'Subnet': {'1.2'},
Mar 06 05:38:17.839869 np0000158050 devstack@neutron-api.service[103421]: 'Trunk': {'1.1'}}
Mar 06 05:38:17.839869 np0000158050 devstack@neutron-api.service[103421]: consumer versions:
Mar 06 05:38:17.839869 np0000158050 devstack@neutron-api.service[103421]: { OVN Controller Gateway agent@np0000158050: {},
Mar 06 05:38:17.839869 np0000158050 devstack@neutron-api.service[103421]: OVN Neutron agent@np0000158050: {}}
Mar 06 05:38:17.839869 np0000158050 devstack@neutron-api.service[103421]: {{(pid=103421) report /opt/stack/neutron/neutron/api/rpc/callbacks/version_manager.py:183}}
Mar 06 05:38:18.175634 np0000158050 devstack@neutron-api.service[103421]: DEBUG neutron.api.wsgi [None req-12889640-97f8-44b2-8c3c-59474dcc6636 admin admin] Missing Content-Type {{(pid=103421) get_content_type /opt/stack/neutron/neutron/api/wsgi.py:85}}
Mar 06 05:38:18.218528 np0000158050 devstack@neutron-api.service[103421]: [pid: 103421|app: 0|req: 7/22] 162.253.55.49 () {64 vars in 1405 bytes} [Fri Mar 6 05:38:18 2026] GET /networking/v2.0/routers/972e064e-3b72-4c3a-a2e5-3e41ebd01390 => generated 599 bytes in 46 msecs (HTTP/1.1 200) 4 headers in 157 bytes (1 switches on core 0)
Mar 06 05:38:18.267632 np0000158050 devstack@neutron-api.service[103422]: DEBUG neutron.pecan_wsgi.hooks.policy_enforcement [None req-f9ad162a-77d3-48fa-99f1-05c933b2b43e admin admin] Attributes excluded by policy engine: ['standard_attr_id'] {{(pid=103422) _exclude_attributes_by_policy /opt/stack/neutron/neutron/pecan_wsgi/hooks/policy_enforcement.py:258}}
Mar 06 05:38:18.268272 np0000158050 devstack@neutron-api.service[103422]: [pid: 103422|app: 0|req: 6/23] 162.253.55.49 () {64 vars in 1408 bytes} [Fri Mar 6 05:38:18 2026] GET /networking/v2.0/networks/bd29031a-f596-4bd5-b4b8-e056d8e440f2 => generated 717 bytes in 36 msecs (HTTP/1.1 200) 4 headers in 157 bytes (1 switches on core 0)
Mar 06 05:38:18.286327 np0000158050 devstack@neutron-api.service[103420]: DEBUG neutron.api.wsgi [None req-afab6ea9-d7db-44e9-83cd-efc9c25bf2c3 admin admin] Missing Content-Type {{(pid=103420) get_content_type /opt/stack/neutron/neutron/api/wsgi.py:85}}
Mar 06 05:38:18.286831 np0000158050 devstack@neutron-api.service[103420]: DEBUG neutron.api.wsgi [None req-afab6ea9-d7db-44e9-83cd-efc9c25bf2c3 admin admin] https://162.253.55.49/networking/v2.0/extensions/external-gateway-multihoming returned with HTTP 200 {{(pid=103420) __call__ /opt/stack/neutron/neutron/api/wsgi.py:545}}
Mar 06 05:38:18.287532 np0000158050 devstack@neutron-api.service[103420]: [pid: 103420|app: 0|req: 6/24] 162.253.55.49 () {64 vars in 1390 bytes} [Fri Mar 6 05:38:18 2026] GET /networking/v2.0/extensions/external-gateway-multihoming => generated 227 bytes in 5 msecs (HTTP/1.1 200) 4 headers in 157 bytes (1 switches on core 0)
Mar 06 05:38:18.546345 np0000158050 devstack@neutron-api.service[103423]: DEBUG neutron_lib.callbacks.manager [None req-78f0762b-f919-4deb-9f83-bdde254b89c5 admin admin] Publish callbacks [] for router_gateway (972e064e-3b72-4c3a-a2e5-3e41ebd01390), precommit_update {{(pid=103423) _notify_loop /opt/stack/data/venv/lib/python3.12/site-packages/neutron_lib/callbacks/manager.py:184}}
Mar 06 05:38:18.639686 np0000158050 devstack@neutron-api.service[103423]: DEBUG neutron_lib.callbacks.manager [None req-78f0762b-f919-4deb-9f83-bdde254b89c5 admin admin] Publish callbacks [] for router_gateway (972e064e-3b72-4c3a-a2e5-3e41ebd01390), before_create {{(pid=103423) _notify_loop /opt/stack/data/venv/lib/python3.12/site-packages/neutron_lib/callbacks/manager.py:184}}
Mar 06 05:38:18.671717 np0000158050 devstack@neutron-api.service[103423]: DEBUG neutron_lib.callbacks.manager [None req-78f0762b-f919-4deb-9f83-bdde254b89c5 admin admin] Publish callbacks ['neutron.plugins.ml2.plugin.SecurityGroupDbMixin._ensure_default_security_group_handler-15669618'] for port (None), before_create {{(pid=103423) _notify_loop /opt/stack/data/venv/lib/python3.12/site-packages/neutron_lib/callbacks/manager.py:184}}
Mar 06 05:38:18.747318 np0000158050 devstack@neutron-api.service[103423]: DEBUG neutron.db.db_base_plugin_common [None req-78f0762b-f919-4deb-9f83-bdde254b89c5 admin admin] Allocated IP 172.24.5.192 (bd29031a-f596-4bd5-b4b8-e056d8e440f2/080454e9-7cfe-4af0-8e4f-d43539c2aa4f/6b572863-fe54-4f87-86d0-415a0c7bf3ba) {{(pid=103423) _store_ip_allocation /opt/stack/neutron/neutron/db/db_base_plugin_common.py:131}}
Mar 06 05:38:18.830335 np0000158050 devstack@neutron-api.service[103423]: DEBUG neutron_lib.callbacks.manager [None req-78f0762b-f919-4deb-9f83-bdde254b89c5 admin admin] Publish callbacks ['neutron.plugins.ml2.drivers.ovn.mech_driver.mech_driver.OVNMechanismDriver._validate_allowed_address_pairs-329598'] for allowed_address_pair (6b572863-fe54-4f87-86d0-415a0c7bf3ba), before_create {{(pid=103423) _notify_loop /opt/stack/data/venv/lib/python3.12/site-packages/neutron_lib/callbacks/manager.py:184}}
Mar 06 05:38:18.831065 np0000158050 devstack@neutron-api.service[103423]: DEBUG neutron_lib.callbacks.manager [None req-78f0762b-f919-4deb-9f83-bdde254b89c5 admin admin] Publish callbacks [] for port (6b572863-fe54-4f87-86d0-415a0c7bf3ba), precommit_create {{(pid=103423) _notify_loop /opt/stack/data/venv/lib/python3.12/site-packages/neutron_lib/callbacks/manager.py:184}}
Mar 06 05:38:18.831320 np0000158050 devstack@neutron-api.service[103423]: DEBUG neutron.plugins.ml2.drivers.ovn.mech_driver.mech_driver [None req-78f0762b-f919-4deb-9f83-bdde254b89c5 admin admin] No provisioning block for port 6b572863-fe54-4f87-86d0-415a0c7bf3ba since it does not have a host {{(pid=103423) _is_port_provisioning_required /opt/stack/neutron/neutron/plugins/ml2/drivers/ovn/mech_driver/mech_driver.py:883}}
Mar 06 05:38:18.831569 np0000158050 devstack@neutron-api.service[103423]: DEBUG neutron.db.ovn_revision_numbers_db [None req-78f0762b-f919-4deb-9f83-bdde254b89c5 admin admin] create_initial_revision uuid=6b572863-fe54-4f87-86d0-415a0c7bf3ba, type=ports, rev=-1 {{(pid=103423) create_initial_revision /opt/stack/neutron/neutron/db/ovn_revision_numbers_db.py:98}}
Mar 06 05:38:18.931016 np0000158050 devstack@neutron-api.service[103423]: DEBUG neutron.db.ovn_revision_numbers_db [None req-78f0762b-f919-4deb-9f83-bdde254b89c5 admin admin] create_initial_revision uuid=6b572863-fe54-4f87-86d0-415a0c7bf3ba, type=router_ports, rev=-1 {{(pid=103423) create_initial_revision /opt/stack/neutron/neutron/db/ovn_revision_numbers_db.py:98}}
Mar 06 05:38:18.966179 np0000158050 devstack@neutron-api.service[103423]: DEBUG neutron_lib.callbacks.manager [None req-78f0762b-f919-4deb-9f83-bdde254b89c5 admin admin] Publish callbacks ['neutron.plugins.ml2.ovo_rpc._ObjectChangeHandler.handle_event-2636070'] for port (6b572863-fe54-4f87-86d0-415a0c7bf3ba), after_create {{(pid=103423) _notify_loop /opt/stack/data/venv/lib/python3.12/site-packages/neutron_lib/callbacks/manager.py:184}}
Mar 06 05:38:19.003579 np0000158050 devstack@neutron-api.service[103423]: DEBUG neutron.api.rpc.handlers.resources_rpc [None req-78f0762b-f919-4deb-9f83-bdde254b89c5 admin admin] Pushing event updated for resources: {'Port': ['ID=6b572863-fe54-4f87-86d0-415a0c7bf3ba,revision_number=1']} {{(pid=103423) push /opt/stack/neutron/neutron/api/rpc/handlers/resources_rpc.py:237}}
Mar 06 05:38:19.051884 np0000158050 devstack@neutron-api.service[103423]: DEBUG ovsdbapp.backend.ovs_idl.transaction [None req-4c0e9a40-beef-4244-a01a-d69593c11f9e None None] Running txn n=1 command(idx=0): AddLSwitchPortCommand(_result=None, lport=6b572863-fe54-4f87-86d0-415a0c7bf3ba, lswitch=neutron-bd29031a-f596-4bd5-b4b8-e056d8e440f2, may_exist=True, network_uuid=bd29031a-f596-4bd5-b4b8-e056d8e440f2, columns={'addresses': ['unknown'], 'external_ids': {'neutron:port_name': '', 'neutron:device_id': '972e064e-3b72-4c3a-a2e5-3e41ebd01390', 'neutron:project_id': '', 'neutron:cidrs': '172.24.5.192/24', 'neutron:device_owner': 'network:router_gateway', 'neutron:subnet_pool_addr_scope4': '', 'neutron:subnet_pool_addr_scope6': '', 'neutron:network_name': 'neutron-bd29031a-f596-4bd5-b4b8-e056d8e440f2', 'neutron:security_group_ids': '', 'neutron:revision_number': '1', 'neutron:vnic_type': 'normal', 'neutron:port_capabilities': '', 'neutron:mtu': ''}, 'parent_name': [], 'tag': [], 'enabled': True, 'options': {}, 'type': '', 'port_security': [], 'dhcpv4_options': [], 'dhcpv6_options': []}) {{(pid=103423) do_commit /opt/stack/data/venv/lib/python3.12/site-packages/ovsdbapp/backend/ovs_idl/transaction.py:89}}
Mar 06 05:38:19.052823 np0000158050 devstack@neutron-api.service[103423]: DEBUG ovsdbapp.backend.ovs_idl.transaction [None req-4c0e9a40-beef-4244-a01a-d69593c11f9e None None] Running txn n=1 command(idx=1): QoSDelCommand(_result=None, switch=neutron-bd29031a-f596-4bd5-b4b8-e056d8e440f2, conditions=[('direction', '=', 'to-lport'), ('priority', '=', 2002), ('match', '=', 'outport == "6b572863-fe54-4f87-86d0-415a0c7bf3ba"')], if_exists=True) {{(pid=103423) do_commit /opt/stack/data/venv/lib/python3.12/site-packages/ovsdbapp/backend/ovs_idl/transaction.py:89}}
Mar 06 05:38:19.053209 np0000158050 devstack@neutron-api.service[103423]: DEBUG ovsdbapp.backend.ovs_idl.transaction [None req-4c0e9a40-beef-4244-a01a-d69593c11f9e None None] Running txn n=1 command(idx=2): QoSDelCommand(_result=None, switch=neutron-bd29031a-f596-4bd5-b4b8-e056d8e440f2, conditions=[('direction', '=', 'from-lport'), ('priority', '=', 2002), ('match', '=', 'inport == "6b572863-fe54-4f87-86d0-415a0c7bf3ba"')], if_exists=True) {{(pid=103423) do_commit /opt/stack/data/venv/lib/python3.12/site-packages/ovsdbapp/backend/ovs_idl/transaction.py:89}}
Mar 06 05:38:19.053647 np0000158050 devstack@neutron-api.service[103423]: DEBUG ovsdbapp.backend.ovs_idl.transaction [None req-4c0e9a40-beef-4244-a01a-d69593c11f9e None None] Running txn n=1 command(idx=3): UpdateLSwitchPortQosOptionsCommand(_result=None, lport=AddLSwitchPortCommand(_result=862932fd-945b-4018-b336-1aa546bd2a6c, lport=6b572863-fe54-4f87-86d0-415a0c7bf3ba, lswitch=neutron-bd29031a-f596-4bd5-b4b8-e056d8e440f2, may_exist=True, network_uuid=bd29031a-f596-4bd5-b4b8-e056d8e440f2, columns={'addresses': ['unknown'], 'external_ids': {'neutron:port_name': '', 'neutron:device_id': '972e064e-3b72-4c3a-a2e5-3e41ebd01390', 'neutron:project_id': '', 'neutron:cidrs': '172.24.5.192/24', 'neutron:device_owner': 'network:router_gateway', 'neutron:subnet_pool_addr_scope4': '', 'neutron:subnet_pool_addr_scope6': '', 'neutron:network_name': 'neutron-bd29031a-f596-4bd5-b4b8-e056d8e440f2', 'neutron:security_group_ids': '', 'neutron:revision_number': '1', 'neutron:vnic_type': 'normal', 'neutron:port_capabilities': '', 'neutron:mtu': ''}, 'parent_name': [], 'enabled': True, 'options': {}, 'type': '', 'port_security': []}), if_exists=True, qos={'qos_max_rate': None, 'qos_burst': None, 'qos_min_rate': None}) {{(pid=103423) do_commit /opt/stack/data/venv/lib/python3.12/site-packages/ovsdbapp/backend/ovs_idl/transaction.py:89}}
Mar 06 05:38:19.068134 np0000158050 devstack@neutron-api.service[103421]: DEBUG neutron.plugins.ml2.drivers.ovn.mech_driver.ovsdb.ovsdb_monitor [None req-0f5eca42-68c3-4a08-8894-3fd8bcd1c852 None None] Touching Hash Ring node "561509f70740539f92b29492151f8d96" from IDL notify handler {{(pid=103421) notify /opt/stack/neutron/neutron/plugins/ml2/drivers/ovn/mech_driver/ovsdb/ovsdb_monitor.py:898}}
Mar 06 05:38:19.070776 np0000158050 devstack@neutron-api.service[103421]: DEBUG neutron.plugins.ml2.drivers.ovn.mech_driver.ovsdb.ovsdb_monitor [None req-0a0204ca-0815-471a-9697-d93deb78f00b None None] Touching Hash Ring node "561509f70740539f92b29492151f8d96" from IDL notify handler {{(pid=103421) notify /opt/stack/neutron/neutron/plugins/ml2/drivers/ovn/mech_driver/ovsdb/ovsdb_monitor.py:898}}
Mar 06 05:38:19.078947 np0000158050 devstack@neutron-api.service[103421]: DEBUG neutron.plugins.ml2.drivers.ovn.mech_driver.ovsdb.ovsdb_monitor [None req-0f5eca42-68c3-4a08-8894-3fd8bcd1c852 None None] Hash Ring: Node 561509f70740539f92b29492151f8d96 (host: np0000158050) handling event "update" for row bd29031a-f596-4bd5-b4b8-e056d8e440f2 (table: Logical_Switch) {{(pid=103421) notify /opt/stack/neutron/neutron/plugins/ml2/drivers/ovn/mech_driver/ovsdb/ovsdb_monitor.py:906}}
Mar 06 05:38:19.080751 np0000158050 devstack@neutron-api.service[103421]: DEBUG neutron.plugins.ml2.drivers.ovn.mech_driver.ovsdb.ovsdb_monitor [None req-0a0204ca-0815-471a-9697-d93deb78f00b None None] Hash Ring: Node 561509f70740539f92b29492151f8d96 (host: np0000158050) handling event "create" for row 0648f91d-3180-4101-bfb6-78421ab20e0a (table: Port_Binding) {{(pid=103421) notify /opt/stack/neutron/neutron/plugins/ml2/drivers/ovn/mech_driver/ovsdb/ovsdb_monitor.py:906}}
Mar 06 05:38:19.081210 np0000158050 devstack@neutron-api.service[103421]: DEBUG neutron.plugins.ml2.drivers.ovn.mech_driver.ovsdb.ovsdb_monitor [None req-0f5eca42-68c3-4a08-8894-3fd8bcd1c852 None None] Touching Hash Ring node "561509f70740539f92b29492151f8d96" from IDL notify handler {{(pid=103421) notify /opt/stack/neutron/neutron/plugins/ml2/drivers/ovn/mech_driver/ovsdb/ovsdb_monitor.py:898}}
Mar 06 05:38:19.083872 np0000158050 devstack@neutron-api.service[103421]: DEBUG neutron.plugins.ml2.drivers.ovn.mech_driver.ovsdb.ovsdb_monitor [None req-0f5eca42-68c3-4a08-8894-3fd8bcd1c852 None None] Hash Ring: Node 561509f70740539f92b29492151f8d96 (host: np0000158050) handling event "create" for row bfd8514e-24bf-44e8-aa50-cc81cdfb1f8e (table: Logical_Switch_Port) {{(pid=103421) notify /opt/stack/neutron/neutron/plugins/ml2/drivers/ovn/mech_driver/ovsdb/ovsdb_monitor.py:906}}
Mar 06 05:38:19.085061 np0000158050 devstack@neutron-api.service[103421]: DEBUG ovsdbapp.backend.ovs_idl.event [None req-0f5eca42-68c3-4a08-8894-3fd8bcd1c852 None None] Matched CREATE: LogicalSwitchPortCreateEvent(events=('create',), table='Logical_Switch_Port', conditions=[], old_conditions=None), priority=20 to row=Logical_Switch_Port(uuid=bfd8514e-24bf-44e8-aa50-cc81cdfb1f8e, addresses=['unknown'], dhcpv4_options=[], dhcpv6_options=[], dynamic_addresses=[], enabled=True, external_ids={'neutron:cidrs': '172.24.5.192/24', 'neutron:device_id': '972e064e-3b72-4c3a-a2e5-3e41ebd01390', 'neutron:device_owner': 'network:router_gateway', 'neutron:mtu': '', 'neutron:network_name': 'neutron-bd29031a-f596-4bd5-b4b8-e056d8e440f2', 'neutron:port_capabilities': '', 'neutron:port_name': '', 'neutron:project_id': '', 'neutron:revision_number': '1', 'neutron:security_group_ids': '', 'neutron:subnet_pool_addr_scope4': '', 'neutron:subnet_pool_addr_scope6': '', 'neutron:vnic_type': 'normal'}, ha_chassis_group=[], mirror_rules=[], name='6b572863-fe54-4f87-86d0-415a0c7bf3ba', options={}, parent_name=[], port_security=[], tag=[], tag_request=[], type='', up=[]) old= {{(pid=103421) matches /opt/stack/data/venv/lib/python3.12/site-packages/ovsdbapp/backend/ovs_idl/event.py:55}}
Mar 06 05:38:19.086971 np0000158050 devstack@neutron-api.service[103421]: DEBUG neutron.plugins.ml2.drivers.ovn.mech_driver.ovsdb.ovsdb_monitor [None req-0f5eca42-68c3-4a08-8894-3fd8bcd1c852 None None] Touching Hash Ring node "561509f70740539f92b29492151f8d96" from IDL notify handler {{(pid=103421) notify /opt/stack/neutron/neutron/plugins/ml2/drivers/ovn/mech_driver/ovsdb/ovsdb_monitor.py:898}}
Mar 06 05:38:19.088948 np0000158050 devstack@neutron-api.service[103421]: DEBUG neutron.plugins.ml2.drivers.ovn.mech_driver.ovsdb.ovsdb_monitor [None req-0f5eca42-68c3-4a08-8894-3fd8bcd1c852 None None] Hash Ring: Node 561509f70740539f92b29492151f8d96 (host: np0000158050) handling event "update" for row bfd8514e-24bf-44e8-aa50-cc81cdfb1f8e (table: Logical_Switch_Port) {{(pid=103421) notify /opt/stack/neutron/neutron/plugins/ml2/drivers/ovn/mech_driver/ovsdb/ovsdb_monitor.py:906}}
Mar 06 05:38:19.094971 np0000158050 devstack@neutron-api.service[103423]: INFO neutron.db.ovn_revision_numbers_db [None req-78f0762b-f919-4deb-9f83-bdde254b89c5 admin admin] Successfully bumped revision number for resource 6b572863-fe54-4f87-86d0-415a0c7bf3ba (type: ports) to 1
Mar 06 05:38:19.235849 np0000158050 devstack@neutron-api.service[103423]: DEBUG neutron_lib.callbacks.manager [None req-78f0762b-f919-4deb-9f83-bdde254b89c5 admin admin] Publish callbacks [] for router_gateway (972e064e-3b72-4c3a-a2e5-3e41ebd01390), after_create {{(pid=103423) _notify_loop /opt/stack/data/venv/lib/python3.12/site-packages/neutron_lib/callbacks/manager.py:184}}
Mar 06 05:38:19.675912 np0000158050 devstack@neutron-api.service[103423]: DEBUG neutron_lib.callbacks.manager [None req-78f0762b-f919-4deb-9f83-bdde254b89c5 admin admin] Publish callbacks ['neutron.services.ovn_l3.plugin.ExtraGatewaysDbOnlyMixin._process_bfd_ecmp_update-3541', 'neutron.services.ovn_l3.service_providers.driver_controller.DriverController._update_router_provider-28872'] for router (972e064e-3b72-4c3a-a2e5-3e41ebd01390), precommit_update {{(pid=103423) _notify_loop /opt/stack/data/venv/lib/python3.12/site-packages/neutron_lib/callbacks/manager.py:184}}
Mar 06 05:38:19.678601 np0000158050 devstack@neutron-api.service[103423]: DEBUG neutron_lib.callbacks.manager [None req-78f0762b-f919-4deb-9f83-bdde254b89c5 admin admin] Publish callbacks ['neutron.services.ovn_l3.service_providers.ovn.OvnDriver._process_router_update-3727'] for router (972e064e-3b72-4c3a-a2e5-3e41ebd01390), after_update {{(pid=103423) _notify_loop /opt/stack/data/venv/lib/python3.12/site-packages/neutron_lib/callbacks/manager.py:184}}
Mar 06 05:38:19.678723 np0000158050 devstack@neutron-api.service[103423]: INFO neutron.plugins.ml2.drivers.ovn.mech_driver.ovsdb.extensions.qos [None req-78f0762b-f919-4deb-9f83-bdde254b89c5 admin admin] Starting OVNClientQosExtension
Mar 06 05:38:20.181188 np0000158050 devstack@neutron-api.service[103423]: DEBUG ovsdbapp.backend.ovs_idl.transaction [None req-4c0e9a40-beef-4244-a01a-d69593c11f9e None None] Running txn n=1 command(idx=0): CheckRevisionNumberCommand(_result=None, name=neutron-972e064e-3b72-4c3a-a2e5-3e41ebd01390, resource={'id': '972e064e-3b72-4c3a-a2e5-3e41ebd01390', 'name': 'router1', 'project_id': 'ad69d968e5744d6083c8fdb6aea5bb5f', 'admin_state_up': True, 'status': 'ACTIVE', 'enable_snat': True, 'external_gateway_info': {'network_id': 'bd29031a-f596-4bd5-b4b8-e056d8e440f2', 'external_fixed_ips': [{'subnet_id': '080454e9-7cfe-4af0-8e4f-d43539c2aa4f', 'ip_address': '172.24.5.192'}], 'enable_snat': True}, 'gw_port_id': '6b572863-fe54-4f87-86d0-415a0c7bf3ba', 'description': '', 'availability_zones': [], 'distributed': False, 'ha': True, 'ha_vr_id': 0, 'availability_zone_hints': [], 'enable_default_route_ecmp': False, 'enable_default_route_bfd': False, 'external_gateways': [{'network_id': 'bd29031a-f596-4bd5-b4b8-e056d8e440f2', 'external_fixed_ips': [{'ip_address': '172.24.5.192', 'subnet_id': '080454e9-7cfe-4af0-8e4f-d43539c2aa4f'}]}], 'routes': [], 'flavor_id': None, 'tags': [], 'created_at': '2026-03-06T05:38:14Z', 'updated_at': '2026-03-06T05:38:19Z', 'revision_number': 3, 'tenant_id': 'ad69d968e5744d6083c8fdb6aea5bb5f'}, resource_type=routers, if_exists=True) {{(pid=103423) do_commit /opt/stack/data/venv/lib/python3.12/site-packages/ovsdbapp/backend/ovs_idl/transaction.py:89}}
Mar 06 05:38:20.181983 np0000158050 devstack@neutron-api.service[103423]: DEBUG ovsdbapp.backend.ovs_idl.transaction [None req-4c0e9a40-beef-4244-a01a-d69593c11f9e None None] Running txn n=1 command(idx=1): DeleteLRouterExtGwCommand(_result=None, lrouter=neutron-972e064e-3b72-4c3a-a2e5-3e41ebd01390, if_exists=True, maintain_bfd=True) {{(pid=103423) do_commit /opt/stack/data/venv/lib/python3.12/site-packages/ovsdbapp/backend/ovs_idl/transaction.py:89}}
Mar 06 05:38:20.182914 np0000158050 devstack@neutron-api.service[103423]: DEBUG ovsdbapp.backend.ovs_idl.transaction [None req-4c0e9a40-beef-4244-a01a-d69593c11f9e None None] Running txn n=1 command(idx=2): DeleteNATRuleInLRouterCommand(_result=None, lrouter=neutron-972e064e-3b72-4c3a-a2e5-3e41ebd01390, type=snat, logical_ip=10.1.0.0/26, external_ip=172.24.5.192, if_exists=True) {{(pid=103423) do_commit /opt/stack/data/venv/lib/python3.12/site-packages/ovsdbapp/backend/ovs_idl/transaction.py:89}}
Mar 06 05:38:20.183242 np0000158050 devstack@neutron-api.service[103423]: DEBUG ovsdbapp.backend.ovs_idl.transaction [None req-4c0e9a40-beef-4244-a01a-d69593c11f9e None None] Running txn n=1 command(idx=3): DelStaticRoutesCommand(_result=None, lrouter=neutron-972e064e-3b72-4c3a-a2e5-3e41ebd01390, routes=[('0.0.0.0/0', '172.24.5.1')], if_exists=True) {{(pid=103423) do_commit /opt/stack/data/venv/lib/python3.12/site-packages/ovsdbapp/backend/ovs_idl/transaction.py:89}}
Mar 06 05:38:20.183599 np0000158050 devstack@neutron-api.service[103423]: DEBUG ovsdbapp.backend.ovs_idl.transaction [None req-4c0e9a40-beef-4244-a01a-d69593c11f9e None None] Running txn n=1 command(idx=4): DelLRouterPortCommand(_result=None, name=lrp-6b572863-fe54-4f87-86d0-415a0c7bf3ba, lrouter=neutron-972e064e-3b72-4c3a-a2e5-3e41ebd01390, if_exists=True) {{(pid=103423) do_commit /opt/stack/data/venv/lib/python3.12/site-packages/ovsdbapp/backend/ovs_idl/transaction.py:89}}
Mar 06 05:38:20.184000 np0000158050 devstack@neutron-api.service[103423]: DEBUG ovsdbapp.backend.ovs_idl.transaction [None req-4c0e9a40-beef-4244-a01a-d69593c11f9e None None] Running txn n=1 command(idx=5): AddLRouterPortCommand(_result=None, name=lrp-6b572863-fe54-4f87-86d0-415a0c7bf3ba, lrouter=neutron-972e064e-3b72-4c3a-a2e5-3e41ebd01390, may_exist=True, columns={'mac': 'fa:16:3e:8d:d1:1d', 'networks': ['172.24.5.192/24'], 'external_ids': {'neutron:revision_number': '1', 'neutron:subnet_ids': '080454e9-7cfe-4af0-8e4f-d43539c2aa4f', 'neutron:network_name': 'neutron-bd29031a-f596-4bd5-b4b8-e056d8e440f2', 'neutron:is_ext_gw': 'True', 'neutron:router_name': 'neutron-972e064e-3b72-4c3a-a2e5-3e41ebd01390'}, 'options': {'reside-on-redirect-chassis': 'true', 'gateway_mtu': '1372'}}) {{(pid=103423) do_commit /opt/stack/data/venv/lib/python3.12/site-packages/ovsdbapp/backend/ovs_idl/transaction.py:89}}
Mar 06 05:38:20.184997 np0000158050 devstack@neutron-api.service[103423]: DEBUG ovsdbapp.backend.ovs_idl.transaction [None req-4c0e9a40-beef-4244-a01a-d69593c11f9e None None] Running txn n=1 command(idx=6): ScheduleNewGatewayCommand(_result=None, g_name=lrp-6b572863-fe54-4f87-86d0-415a0c7bf3ba, sb_api=, lrouter_name=neutron-972e064e-3b72-4c3a-a2e5-3e41ebd01390, ovn_client=, scheduler=, physnet=public, az_hints=[]) {{(pid=103423) do_commit /opt/stack/data/venv/lib/python3.12/site-packages/ovsdbapp/backend/ovs_idl/transaction.py:89}}
Mar 06 05:38:20.186118 np0000158050 devstack@neutron-api.service[103423]: DEBUG neutron.plugins.ml2.drivers.ovn.mech_driver.ovsdb.ovn_client [None req-4c0e9a40-beef-4244-a01a-d69593c11f9e None None] Chassis candidates for scheduling gateway router ports for "public" physical network: ['f11dd310-8a43-4007-9778-f4202c44da8b'] {{(pid=103423) get_candidates_for_scheduling /opt/stack/neutron/neutron/plugins/ml2/drivers/ovn/mech_driver/ovsdb/ovn_client.py:1685}}
Mar 06 05:38:20.186598 np0000158050 devstack@neutron-api.service[103423]: DEBUG neutron.scheduler.l3_ovn_scheduler [None req-4c0e9a40-beef-4244-a01a-d69593c11f9e None None] Gateway lrp-6b572863-fe54-4f87-86d0-415a0c7bf3ba scheduled on chassis ['f11dd310-8a43-4007-9778-f4202c44da8b'] {{(pid=103423) _schedule_gateway /opt/stack/neutron/neutron/scheduler/l3_ovn_scheduler.py:88}}
Mar 06 05:38:20.186879 np0000158050 devstack@neutron-api.service[103423]: INFO neutron.plugins.ml2.drivers.ovn.mech_driver.ovsdb.commands [None req-4c0e9a40-beef-4244-a01a-d69593c11f9e None None] Schedule LRP lrp-6b572863-fe54-4f87-86d0-415a0c7bf3ba on gateway f11dd310-8a43-4007-9778-f4202c44da8b with priority 1
Mar 06 05:38:20.187026 np0000158050 devstack@neutron-api.service[103423]: DEBUG ovsdbapp.backend.ovs_idl.transaction [None req-4c0e9a40-beef-4244-a01a-d69593c11f9e None None] Running txn n=1 command(idx=7): SetLRouterPortInLSwitchPortCommand(_result=None, lswitch_port=6b572863-fe54-4f87-86d0-415a0c7bf3ba, lrouter_port=lrp-6b572863-fe54-4f87-86d0-415a0c7bf3ba, is_gw_port=True, if_exists=True, lsp_address=router) {{(pid=103423) do_commit /opt/stack/data/venv/lib/python3.12/site-packages/ovsdbapp/backend/ovs_idl/transaction.py:89}}
Mar 06 05:38:20.187289 np0000158050 devstack@neutron-api.service[103423]: DEBUG ovsdbapp.backend.ovs_idl.transaction [None req-4c0e9a40-beef-4244-a01a-d69593c11f9e None None] Running txn n=1 command(idx=8): AddStaticRouteCommand(_result=None, lrouter=neutron-972e064e-3b72-4c3a-a2e5-3e41ebd01390, maintain_bfd=False, columns={'ip_prefix': '0.0.0.0/0', 'nexthop': '172.24.5.1', 'external_ids': {'neutron:is_ext_gw': 'true', 'neutron:subnet_id': '080454e9-7cfe-4af0-8e4f-d43539c2aa4f', 'neutron:is_static_route': 'true'}}) {{(pid=103423) do_commit /opt/stack/data/venv/lib/python3.12/site-packages/ovsdbapp/backend/ovs_idl/transaction.py:89}}
Mar 06 05:38:20.187519 np0000158050 devstack@neutron-api.service[103423]: DEBUG ovsdbapp.backend.ovs_idl.transaction [None req-4c0e9a40-beef-4244-a01a-d69593c11f9e None None] Running txn n=1 command(idx=9): AddNATRuleInLRouterCommand(_result=None, lrouter=neutron-972e064e-3b72-4c3a-a2e5-3e41ebd01390, columns={'type': 'snat', 'logical_ip': '10.1.0.0/26', 'external_ip': '172.24.5.192'}) {{(pid=103423) do_commit /opt/stack/data/venv/lib/python3.12/site-packages/ovsdbapp/backend/ovs_idl/transaction.py:89}}
Mar 06 05:38:20.187743 np0000158050 devstack@neutron-api.service[103423]: DEBUG ovsdbapp.backend.ovs_idl.transaction [None req-4c0e9a40-beef-4244-a01a-d69593c11f9e None None] Running txn n=1 command(idx=10): UpdateLRouterCommand(_result=None, name=neutron-972e064e-3b72-4c3a-a2e5-3e41ebd01390, columns={'external_ids': {'neutron:router_name': 'router1', 'neutron:revision_number': '3', 'neutron:availability_zone_hints': ''}, 'enabled': True}, if_exists=True) {{(pid=103423) do_commit /opt/stack/data/venv/lib/python3.12/site-packages/ovsdbapp/backend/ovs_idl/transaction.py:89}}
Mar 06 05:38:20.187963 np0000158050 devstack@neutron-api.service[103423]: DEBUG ovsdbapp.backend.ovs_idl.transaction [None req-4c0e9a40-beef-4244-a01a-d69593c11f9e None None] Running txn n=1 command(idx=11): QoSDelCommand(_result=None, switch=neutron-bd29031a-f596-4bd5-b4b8-e056d8e440f2, conditions=[('direction', '=', 'from-lport'), ('priority', '=', 2002), ('match', '=', 'inport == "6b572863-fe54-4f87-86d0-415a0c7bf3ba"')], if_exists=True) {{(pid=103423) do_commit /opt/stack/data/venv/lib/python3.12/site-packages/ovsdbapp/backend/ovs_idl/transaction.py:89}}
Mar 06 05:38:20.188107 np0000158050 devstack@neutron-api.service[103423]: DEBUG ovsdbapp.backend.ovs_idl.transaction [None req-4c0e9a40-beef-4244-a01a-d69593c11f9e None None] Running txn n=1 command(idx=12): QoSDelCommand(_result=None, switch=neutron-bd29031a-f596-4bd5-b4b8-e056d8e440f2, conditions=[('direction', '=', 'to-lport'), ('priority', '=', 2002), ('match', '=', 'outport == "6b572863-fe54-4f87-86d0-415a0c7bf3ba"')], if_exists=True) {{(pid=103423) do_commit /opt/stack/data/venv/lib/python3.12/site-packages/ovsdbapp/backend/ovs_idl/transaction.py:89}}
Mar 06 05:38:20.193656 np0000158050 devstack@neutron-api.service[103423]: DEBUG neutron.plugins.ml2.drivers.ovn.mech_driver.ovsdb.ovsdb_monitor [None req-4c0e9a40-beef-4244-a01a-d69593c11f9e None None] Touching Hash Ring node "7b8eac3ac39d5cbfa3076dc1ed1b1cfe" from IDL notify handler {{(pid=103423) notify /opt/stack/neutron/neutron/plugins/ml2/drivers/ovn/mech_driver/ovsdb/ovsdb_monitor.py:898}}
Mar 06 05:38:20.198571 np0000158050 devstack@neutron-api.service[103422]: DEBUG neutron.plugins.ml2.drivers.ovn.mech_driver.ovsdb.ovsdb_monitor [None req-2bf53249-f643-44fd-8275-fee9e48f40c4 None None] Touching Hash Ring node "f46c97234c5152dc8e761172c476f457" from IDL notify handler {{(pid=103422) notify /opt/stack/neutron/neutron/plugins/ml2/drivers/ovn/mech_driver/ovsdb/ovsdb_monitor.py:898}}
Mar 06 05:38:20.199150 np0000158050 devstack@neutron-api.service[103421]: DEBUG neutron.plugins.ml2.drivers.ovn.mech_driver.ovsdb.ovsdb_monitor [None req-0f5eca42-68c3-4a08-8894-3fd8bcd1c852 None None] Touching Hash Ring node "561509f70740539f92b29492151f8d96" from IDL notify handler {{(pid=103421) notify /opt/stack/neutron/neutron/plugins/ml2/drivers/ovn/mech_driver/ovsdb/ovsdb_monitor.py:898}}
Mar 06 05:38:20.205770 np0000158050 devstack@neutron-api.service[103421]: DEBUG neutron.plugins.ml2.drivers.ovn.mech_driver.ovsdb.ovsdb_monitor [None req-0a0204ca-0815-471a-9697-d93deb78f00b None None] Touching Hash Ring node "561509f70740539f92b29492151f8d96" from IDL notify handler {{(pid=103421) notify /opt/stack/neutron/neutron/plugins/ml2/drivers/ovn/mech_driver/ovsdb/ovsdb_monitor.py:898}}
Mar 06 05:38:20.208494 np0000158050 devstack@neutron-api.service[103422]: DEBUG neutron.plugins.ml2.drivers.ovn.mech_driver.ovsdb.ovsdb_monitor [None req-ee872cb5-2b38-420e-9dff-7680b2f747e5 None None] Touching Hash Ring node "f46c97234c5152dc8e761172c476f457" from IDL notify handler {{(pid=103422) notify /opt/stack/neutron/neutron/plugins/ml2/drivers/ovn/mech_driver/ovsdb/ovsdb_monitor.py:898}}
Mar 06 05:38:20.210031 np0000158050 devstack@neutron-api.service[103423]: DEBUG neutron.plugins.ml2.drivers.ovn.mech_driver.ovsdb.ovsdb_monitor [None req-4c0e9a40-beef-4244-a01a-d69593c11f9e None None] Hash Ring: Node 7b8eac3ac39d5cbfa3076dc1ed1b1cfe (host: np0000158050) handling event "update" for row c683254e-8323-48da-b1d7-39156b5617b7 (table: Logical_Router) {{(pid=103423) notify /opt/stack/neutron/neutron/plugins/ml2/drivers/ovn/mech_driver/ovsdb/ovsdb_monitor.py:906}}
Mar 06 05:38:20.211571 np0000158050 devstack@neutron-api.service[103423]: DEBUG neutron.plugins.ml2.drivers.ovn.mech_driver.ovsdb.ovsdb_monitor [None req-41859bd5-0c09-4d62-b1c0-2fd71e9dd8df None None] Touching Hash Ring node "7b8eac3ac39d5cbfa3076dc1ed1b1cfe" from IDL notify handler {{(pid=103423) notify /opt/stack/neutron/neutron/plugins/ml2/drivers/ovn/mech_driver/ovsdb/ovsdb_monitor.py:898}}
Mar 06 05:38:20.213605 np0000158050 devstack@neutron-api.service[103421]: DEBUG neutron.plugins.ml2.drivers.ovn.mech_driver.ovsdb.ovsdb_monitor [None req-0f5eca42-68c3-4a08-8894-3fd8bcd1c852 None None] Hash Ring: Node 561509f70740539f92b29492151f8d96 (host: np0000158050) handling event "create" for row bb98c78a-006c-4927-af0b-37c600769561 (table: Gateway_Chassis) {{(pid=103421) notify /opt/stack/neutron/neutron/plugins/ml2/drivers/ovn/mech_driver/ovsdb/ovsdb_monitor.py:906}}
Mar 06 05:38:20.214877 np0000158050 devstack@neutron-api.service[103421]: DEBUG neutron.plugins.ml2.drivers.ovn.mech_driver.ovsdb.ovsdb_monitor [None req-0f5eca42-68c3-4a08-8894-3fd8bcd1c852 None None] Touching Hash Ring node "561509f70740539f92b29492151f8d96" from IDL notify handler {{(pid=103421) notify /opt/stack/neutron/neutron/plugins/ml2/drivers/ovn/mech_driver/ovsdb/ovsdb_monitor.py:898}}
Mar 06 05:38:20.216153 np0000158050 devstack@neutron-api.service[103423]: DEBUG neutron.plugins.ml2.drivers.ovn.mech_driver.ovsdb.ovsdb_monitor [None req-4c0e9a40-beef-4244-a01a-d69593c11f9e None None] Touching Hash Ring node "7b8eac3ac39d5cbfa3076dc1ed1b1cfe" from IDL notify handler {{(pid=103423) notify /opt/stack/neutron/neutron/plugins/ml2/drivers/ovn/mech_driver/ovsdb/ovsdb_monitor.py:898}}
Mar 06 05:38:20.216223 np0000158050 devstack@neutron-api.service[103422]: DEBUG neutron.plugins.ml2.drivers.ovn.mech_driver.ovsdb.ovsdb_monitor [None req-2bf53249-f643-44fd-8275-fee9e48f40c4 None None] Hash Ring: Node f46c97234c5152dc8e761172c476f457 (host: np0000158050) handling event "create" for row bb98c78a-006c-4927-af0b-37c600769561 (table: Gateway_Chassis) {{(pid=103422) notify /opt/stack/neutron/neutron/plugins/ml2/drivers/ovn/mech_driver/ovsdb/ovsdb_monitor.py:906}}
Mar 06 05:38:20.217122 np0000158050 devstack@neutron-api.service[103421]: DEBUG neutron.plugins.ml2.drivers.ovn.mech_driver.ovsdb.ovsdb_monitor [None req-0a0204ca-0815-471a-9697-d93deb78f00b None None] Hash Ring: Node 561509f70740539f92b29492151f8d96 (host: np0000158050) handling event "update" for row 0648f91d-3180-4101-bfb6-78421ab20e0a (table: Port_Binding) {{(pid=103421) notify /opt/stack/neutron/neutron/plugins/ml2/drivers/ovn/mech_driver/ovsdb/ovsdb_monitor.py:906}}
Mar 06 05:38:20.217808 np0000158050 devstack@neutron-api.service[103422]: DEBUG neutron.plugins.ml2.drivers.ovn.mech_driver.ovsdb.ovsdb_monitor [None req-ee872cb5-2b38-420e-9dff-7680b2f747e5 None None] Hash Ring: Node f46c97234c5152dc8e761172c476f457 (host: np0000158050) handling event "create" for row cd0bea28-70a7-49a1-b770-01ff11688dbf (table: Port_Binding) {{(pid=103422) notify /opt/stack/neutron/neutron/plugins/ml2/drivers/ovn/mech_driver/ovsdb/ovsdb_monitor.py:906}}
Mar 06 05:38:20.217859 np0000158050 devstack@neutron-api.service[103423]: DEBUG neutron.plugins.ml2.drivers.ovn.mech_driver.ovsdb.ovsdb_monitor [None req-41859bd5-0c09-4d62-b1c0-2fd71e9dd8df None None] Hash Ring: Node 7b8eac3ac39d5cbfa3076dc1ed1b1cfe (host: np0000158050) handling event "create" for row fdc6f9f5-6fdb-4204-88a8-55558f6927fe (table: Port_Binding) {{(pid=103423) notify /opt/stack/neutron/neutron/plugins/ml2/drivers/ovn/mech_driver/ovsdb/ovsdb_monitor.py:906}}
Mar 06 05:38:20.219511 np0000158050 devstack@neutron-api.service[103423]: DEBUG neutron.plugins.ml2.drivers.ovn.mech_driver.ovsdb.ovsdb_monitor [None req-41859bd5-0c09-4d62-b1c0-2fd71e9dd8df None None] Touching Hash Ring node "7b8eac3ac39d5cbfa3076dc1ed1b1cfe" from IDL notify handler {{(pid=103423) notify /opt/stack/neutron/neutron/plugins/ml2/drivers/ovn/mech_driver/ovsdb/ovsdb_monitor.py:898}}
Mar 06 05:38:20.219778 np0000158050 devstack@neutron-api.service[103421]: DEBUG neutron.plugins.ml2.drivers.ovn.mech_driver.ovsdb.ovsdb_monitor [None req-0a0204ca-0815-471a-9697-d93deb78f00b None None] Touching Hash Ring node "561509f70740539f92b29492151f8d96" from IDL notify handler {{(pid=103421) notify /opt/stack/neutron/neutron/plugins/ml2/drivers/ovn/mech_driver/ovsdb/ovsdb_monitor.py:898}}
Mar 06 05:38:20.221400 np0000158050 devstack@neutron-api.service[103421]: DEBUG neutron.plugins.ml2.drivers.ovn.mech_driver.ovsdb.ovsdb_monitor [None req-0f5eca42-68c3-4a08-8894-3fd8bcd1c852 None None] Hash Ring: Node 561509f70740539f92b29492151f8d96 (host: np0000158050) handling event "update" for row c683254e-8323-48da-b1d7-39156b5617b7 (table: Logical_Router) {{(pid=103421) notify /opt/stack/neutron/neutron/plugins/ml2/drivers/ovn/mech_driver/ovsdb/ovsdb_monitor.py:906}}
Mar 06 05:38:20.222822 np0000158050 devstack@neutron-api.service[103423]: DEBUG neutron.plugins.ml2.drivers.ovn.mech_driver.ovsdb.ovsdb_monitor [None req-41859bd5-0c09-4d62-b1c0-2fd71e9dd8df None None] Hash Ring: Node 7b8eac3ac39d5cbfa3076dc1ed1b1cfe (host: np0000158050) handling event "update" for row fdc6f9f5-6fdb-4204-88a8-55558f6927fe (table: Port_Binding) {{(pid=103423) notify /opt/stack/neutron/neutron/plugins/ml2/drivers/ovn/mech_driver/ovsdb/ovsdb_monitor.py:906}}
Mar 06 05:38:20.223609 np0000158050 devstack@neutron-api.service[103421]: DEBUG neutron.plugins.ml2.drivers.ovn.mech_driver.ovsdb.ovsdb_monitor [None req-0f5eca42-68c3-4a08-8894-3fd8bcd1c852 None None] Touching Hash Ring node "561509f70740539f92b29492151f8d96" from IDL notify handler {{(pid=103421) notify /opt/stack/neutron/neutron/plugins/ml2/drivers/ovn/mech_driver/ovsdb/ovsdb_monitor.py:898}}
Mar 06 05:38:20.224718 np0000158050 devstack@neutron-api.service[103423]: DEBUG ovsdbapp.backend.ovs_idl.event [None req-41859bd5-0c09-4d62-b1c0-2fd71e9dd8df None None] Matched UPDATE: PortBindingChassisEvent(events=('update',), table='Port_Binding', conditions=None, old_conditions=None), priority=20 to row=Port_Binding(uuid=fdc6f9f5-6fdb-4204-88a8-55558f6927fe, additional_chassis=[], additional_encap=[], chassis=10afb7a3-d10d-4670-8785-6759072fe6d4, datapath=0761a73f-af1f-4cb5-87fb-a515ae5c8eb3, encap=[], external_ids={'neutron:is_ext_gw': 'True', 'neutron:network_name': 'neutron-bd29031a-f596-4bd5-b4b8-e056d8e440f2', 'neutron:revision_number': '1', 'neutron:router_name': 'neutron-972e064e-3b72-4c3a-a2e5-3e41ebd01390', 'neutron:subnet_ids': '080454e9-7cfe-4af0-8e4f-d43539c2aa4f'}, gateway_chassis=[], logical_port='cr-lrp-6b572863-fe54-4f87-86d0-415a0c7bf3ba', mac=['fa:16:3e:8d:d1:1d 172.24.5.192/24'], mirror_rules=[], nat_addresses=[], options={'always-redirect': 'true', 'distributed-port': 'lrp-6b572863-fe54-4f87-86d0-415a0c7bf3ba'}, parent_port=[], port_security=[], requested_additional_chassis=[], requested_chassis=[], tag=[], tunnel_key=3, type='chassisredirect', up=True, virtual_parent=[]) old=Port_Binding(uuid=fdc6f9f5-6fdb-4204-88a8-55558f6927fe, chassis=[], up=False) {{(pid=103423) matches /opt/stack/data/venv/lib/python3.12/site-packages/ovsdbapp/backend/ovs_idl/event.py:55}}
Mar 06 05:38:20.226266 np0000158050 devstack@neutron-api.service[103423]: INFO neutron.plugins.ml2.drivers.ovn.mech_driver.ovsdb.ovsdb_monitor [-] Router 972e064e-3b72-4c3a-a2e5-3e41ebd01390 is bound to host np0000158050
Mar 06 05:38:20.226346 np0000158050 devstack@neutron-api.service[103421]: DEBUG neutron.plugins.ml2.drivers.ovn.mech_driver.ovsdb.ovsdb_monitor [None req-0a0204ca-0815-471a-9697-d93deb78f00b None None] Hash Ring: Node 561509f70740539f92b29492151f8d96 (host: np0000158050) handling event "create" for row cd0bea28-70a7-49a1-b770-01ff11688dbf (table: Port_Binding) {{(pid=103421) notify /opt/stack/neutron/neutron/plugins/ml2/drivers/ovn/mech_driver/ovsdb/ovsdb_monitor.py:906}}
Mar 06 05:38:20.227639 np0000158050 devstack@neutron-api.service[103421]: DEBUG neutron.plugins.ml2.drivers.ovn.mech_driver.ovsdb.ovsdb_monitor [None req-0f5eca42-68c3-4a08-8894-3fd8bcd1c852 None None] Hash Ring: Node 561509f70740539f92b29492151f8d96 (host: np0000158050) handling event "create" for row 510741f8-4598-4c1c-887b-9013cd1e4c98 (table: Logical_Router_Port) {{(pid=103421) notify /opt/stack/neutron/neutron/plugins/ml2/drivers/ovn/mech_driver/ovsdb/ovsdb_monitor.py:906}}
Mar 06 05:38:20.228778 np0000158050 devstack@neutron-api.service[103421]: DEBUG ovsdbapp.backend.ovs_idl.event [None req-0f5eca42-68c3-4a08-8894-3fd8bcd1c852 None None] Matched CREATE: LogicalRouterPortEvent(events=('create', 'delete'), table='Logical_Router_Port', conditions=None, old_conditions=None), priority=20 to row=Logical_Router_Port(uuid=510741f8-4598-4c1c-887b-9013cd1e4c98, enabled=[], external_ids={'neutron:is_ext_gw': 'True', 'neutron:network_name': 'neutron-bd29031a-f596-4bd5-b4b8-e056d8e440f2', 'neutron:revision_number': '1', 'neutron:router_name': 'neutron-972e064e-3b72-4c3a-a2e5-3e41ebd01390', 'neutron:subnet_ids': '080454e9-7cfe-4af0-8e4f-d43539c2aa4f'}, gateway_chassis=[bb98c78a-006c-4927-af0b-37c600769561], ha_chassis_group=[], ipv6_prefix=[], ipv6_ra_configs={}, mac='fa:16:3e:8d:d1:1d', name='lrp-6b572863-fe54-4f87-86d0-415a0c7bf3ba', networks=['172.24.5.192/24'], options={'gateway_mtu': '1372', 'reside-on-redirect-chassis': 'true'}, peer=[], status={}) old= {{(pid=103421) matches /opt/stack/data/venv/lib/python3.12/site-packages/ovsdbapp/backend/ovs_idl/event.py:55}}
Mar 06 05:38:20.229289 np0000158050 devstack@neutron-api.service[103423]: DEBUG neutron.plugins.ml2.drivers.ovn.mech_driver.ovsdb.ovsdb_monitor [None req-4c0e9a40-beef-4244-a01a-d69593c11f9e None None] Hash Ring: Node 7b8eac3ac39d5cbfa3076dc1ed1b1cfe (host: np0000158050) handling event "create" for row af322800-323e-4739-a284-bb4fcb558a05 (table: Logical_Router_Static_Route) {{(pid=103423) notify /opt/stack/neutron/neutron/plugins/ml2/drivers/ovn/mech_driver/ovsdb/ovsdb_monitor.py:906}}
Mar 06 05:38:20.230303 np0000158050 devstack@neutron-api.service[103421]: DEBUG neutron.plugins.ml2.drivers.ovn.mech_driver.ovsdb.ovsdb_monitor [None req-0a0204ca-0815-471a-9697-d93deb78f00b None None] Touching Hash Ring node "561509f70740539f92b29492151f8d96" from IDL notify handler {{(pid=103421) notify /opt/stack/neutron/neutron/plugins/ml2/drivers/ovn/mech_driver/ovsdb/ovsdb_monitor.py:898}}
Mar 06 05:38:20.231456 np0000158050 devstack@neutron-api.service[103421]: DEBUG neutron.plugins.ml2.drivers.ovn.mech_driver.ovsdb.ovsdb_monitor [None req-0f5eca42-68c3-4a08-8894-3fd8bcd1c852 None None] Touching Hash Ring node "561509f70740539f92b29492151f8d96" from IDL notify handler {{(pid=103421) notify /opt/stack/neutron/neutron/plugins/ml2/drivers/ovn/mech_driver/ovsdb/ovsdb_monitor.py:898}}
Mar 06 05:38:20.235358 np0000158050 devstack@neutron-api.service[103421]: DEBUG neutron.plugins.ml2.drivers.ovn.mech_driver.ovsdb.ovsdb_monitor [None req-0a0204ca-0815-471a-9697-d93deb78f00b None None] Hash Ring: Node 561509f70740539f92b29492151f8d96 (host: np0000158050) handling event "create" for row fdc6f9f5-6fdb-4204-88a8-55558f6927fe (table: Port_Binding) {{(pid=103421) notify /opt/stack/neutron/neutron/plugins/ml2/drivers/ovn/mech_driver/ovsdb/ovsdb_monitor.py:906}}
Mar 06 05:38:20.237898 np0000158050 devstack@neutron-api.service[103421]: DEBUG neutron.plugins.ml2.drivers.ovn.mech_driver.ovsdb.ovsdb_monitor [None req-0f5eca42-68c3-4a08-8894-3fd8bcd1c852 None None] Hash Ring: Node 561509f70740539f92b29492151f8d96 (host: np0000158050) handling event "create" for row af322800-323e-4739-a284-bb4fcb558a05 (table: Logical_Router_Static_Route) {{(pid=103421) notify /opt/stack/neutron/neutron/plugins/ml2/drivers/ovn/mech_driver/ovsdb/ovsdb_monitor.py:906}}
Mar 06 05:38:20.238588 np0000158050 devstack@neutron-api.service[103421]: DEBUG neutron.plugins.ml2.drivers.ovn.mech_driver.ovsdb.ovsdb_monitor [None req-0a0204ca-0815-471a-9697-d93deb78f00b None None] Touching Hash Ring node "561509f70740539f92b29492151f8d96" from IDL notify handler {{(pid=103421) notify /opt/stack/neutron/neutron/plugins/ml2/drivers/ovn/mech_driver/ovsdb/ovsdb_monitor.py:898}}
Mar 06 05:38:20.241895 np0000158050 devstack@neutron-api.service[103421]: DEBUG neutron.plugins.ml2.drivers.ovn.mech_driver.ovsdb.ovsdb_monitor [None req-0f5eca42-68c3-4a08-8894-3fd8bcd1c852 None None] Touching Hash Ring node "561509f70740539f92b29492151f8d96" from IDL notify handler {{(pid=103421) notify /opt/stack/neutron/neutron/plugins/ml2/drivers/ovn/mech_driver/ovsdb/ovsdb_monitor.py:898}}
