Apr 02 05:49:41.993874 np0000162731 neutron-periodic-workers[104021]: DEBUG cotyledon.oslo_config_glue [-] ml2.type_drivers = ['local', 'flat', 'vlan', 'geneve'] {{(pid=104021) log_opt_values /opt/stack/data/venv/lib/python3.12/site-packages/oslo_config/cfg.py:3006}}
Apr 02 05:49:41.993874 np0000162731 neutron-periodic-workers[104021]: DEBUG cotyledon.oslo_config_glue [-] ml2_type_flat.flat_networks = ['public'] {{(pid=104021) log_opt_values /opt/stack/data/venv/lib/python3.12/site-packages/oslo_config/cfg.py:3006}}
Apr 02 05:49:41.994027 np0000162731 neutron-periodic-workers[104021]: DEBUG cotyledon.oslo_config_glue [-] ml2_type_geneve.max_header_size = 38 {{(pid=104021) log_opt_values /opt/stack/data/venv/lib/python3.12/site-packages/oslo_config/cfg.py:3006}}
Apr 02 05:49:41.994027 np0000162731 neutron-periodic-workers[104021]: DEBUG cotyledon.oslo_config_glue [-] ml2_type_geneve.vni_ranges = ['1:65536'] {{(pid=104021) log_opt_values /opt/stack/data/venv/lib/python3.12/site-packages/oslo_config/cfg.py:3006}}
Apr 02 05:49:41.994158 np0000162731 neutron-periodic-workers[104021]: DEBUG cotyledon.oslo_config_glue [-] ml2_type_vlan.network_vlan_ranges = ['public'] {{(pid=104021) log_opt_values /opt/stack/data/venv/lib/python3.12/site-packages/oslo_config/cfg.py:3006}}
Apr 02 05:49:41.994158 np0000162731 neutron-periodic-workers[104021]: DEBUG cotyledon.oslo_config_glue [-] network_log.burst_limit = 25 {{(pid=104021) log_opt_values /opt/stack/data/venv/lib/python3.12/site-packages/oslo_config/cfg.py:3006}}
Apr 02 05:49:41.994236 np0000162731 neutron-periodic-workers[104021]: DEBUG cotyledon.oslo_config_glue [-] network_log.local_output_log_base = None {{(pid=104021) log_opt_values /opt/stack/data/venv/lib/python3.12/site-packages/oslo_config/cfg.py:3006}}
Apr 02 05:49:41.994282 np0000162731 neutron-periodic-workers[104021]: DEBUG cotyledon.oslo_config_glue [-] network_log.rate_limit = 100 {{(pid=104021) log_opt_values /opt/stack/data/venv/lib/python3.12/site-packages/oslo_config/cfg.py:3006}}
Apr 02 05:49:41.994626 np0000162731 neutron-periodic-workers[104021]: DEBUG cotyledon.oslo_config_glue [-] database.asyncio_connection = **** {{(pid=104021) log_opt_values /opt/stack/data/venv/lib/python3.12/site-packages/oslo_config/cfg.py:3006}}
Apr 02 05:49:41.994626 np0000162731 neutron-periodic-workers[104021]: DEBUG cotyledon.oslo_config_glue [-] database.asyncio_slave_connection = **** {{(pid=104021) log_opt_values /opt/stack/data/venv/lib/python3.12/site-packages/oslo_config/cfg.py:3006}}
Apr 02 05:49:41.994626 np0000162731 neutron-periodic-workers[104021]: DEBUG cotyledon.oslo_config_glue [-] database.backend = sqlalchemy {{(pid=104021) log_opt_values /opt/stack/data/venv/lib/python3.12/site-packages/oslo_config/cfg.py:3006}}
Apr 02 05:49:41.994626 np0000162731 neutron-periodic-workers[104021]: DEBUG cotyledon.oslo_config_glue [-] database.connection = **** {{(pid=104021) log_opt_values /opt/stack/data/venv/lib/python3.12/site-packages/oslo_config/cfg.py:3006}}
Apr 02 05:49:41.994796 np0000162731 neutron-periodic-workers[104021]: DEBUG cotyledon.oslo_config_glue [-] database.connection_debug = 0 {{(pid=104021) log_opt_values /opt/stack/data/venv/lib/python3.12/site-packages/oslo_config/cfg.py:3006}}
Apr 02 05:49:41.994796 np0000162731 neutron-periodic-workers[104021]: DEBUG cotyledon.oslo_config_glue [-] database.connection_parameters = {{(pid=104021) log_opt_values /opt/stack/data/venv/lib/python3.12/site-packages/oslo_config/cfg.py:3006}}
Apr 02 05:49:41.994796 np0000162731 neutron-periodic-workers[104021]: DEBUG cotyledon.oslo_config_glue [-] database.connection_recycle_time = 3600 {{(pid=104021) log_opt_values /opt/stack/data/venv/lib/python3.12/site-packages/oslo_config/cfg.py:3006}}
Apr 02 05:49:41.994937 np0000162731 neutron-periodic-workers[104021]: DEBUG cotyledon.oslo_config_glue [-] database.connection_trace = False {{(pid=104021) log_opt_values /opt/stack/data/venv/lib/python3.12/site-packages/oslo_config/cfg.py:3006}}
Apr 02 05:49:41.994937 np0000162731 neutron-periodic-workers[104021]: DEBUG cotyledon.oslo_config_glue [-] database.db_inc_retry_interval = True {{(pid=104021) log_opt_values /opt/stack/data/venv/lib/python3.12/site-packages/oslo_config/cfg.py:3006}}
Apr 02 05:49:41.995033 np0000162731 neutron-periodic-workers[104021]: DEBUG cotyledon.oslo_config_glue [-] database.db_max_retries = 20 {{(pid=104021) log_opt_values /opt/stack/data/venv/lib/python3.12/site-packages/oslo_config/cfg.py:3006}}
Apr 02 05:49:41.995033 np0000162731 neutron-periodic-workers[104021]: DEBUG cotyledon.oslo_config_glue [-] database.db_max_retry_interval = 10 {{(pid=104021) log_opt_values /opt/stack/data/venv/lib/python3.12/site-packages/oslo_config/cfg.py:3006}}
Apr 02 05:49:41.995114 np0000162731 neutron-periodic-workers[104021]: DEBUG cotyledon.oslo_config_glue [-] database.db_retry_interval = 1 {{(pid=104021) log_opt_values /opt/stack/data/venv/lib/python3.12/site-packages/oslo_config/cfg.py:3006}}
Apr 02 05:49:41.995156 np0000162731 neutron-periodic-workers[104021]: DEBUG cotyledon.oslo_config_glue [-] database.max_overflow = 50 {{(pid=104021) log_opt_values /opt/stack/data/venv/lib/python3.12/site-packages/oslo_config/cfg.py:3006}}
Apr 02 05:49:41.995197 np0000162731 neutron-periodic-workers[104021]: DEBUG cotyledon.oslo_config_glue [-] database.max_pool_size = 5 {{(pid=104021) log_opt_values /opt/stack/data/venv/lib/python3.12/site-packages/oslo_config/cfg.py:3006}}
Apr 02 05:49:41.995256 np0000162731 neutron-periodic-workers[104021]: DEBUG cotyledon.oslo_config_glue [-] database.max_retries = 10 {{(pid=104021) log_opt_values /opt/stack/data/venv/lib/python3.12/site-packages/oslo_config/cfg.py:3006}}
Apr 02 05:49:41.995330 np0000162731 neutron-periodic-workers[104021]: DEBUG cotyledon.oslo_config_glue [-] database.mysql_sql_mode = TRADITIONAL {{(pid=104021) log_opt_values /opt/stack/data/venv/lib/python3.12/site-packages/oslo_config/cfg.py:3006}}
Apr 02 05:49:41.995392 np0000162731 neutron-periodic-workers[104021]: DEBUG cotyledon.oslo_config_glue [-] database.mysql_wsrep_sync_wait = None {{(pid=104021) log_opt_values /opt/stack/data/venv/lib/python3.12/site-packages/oslo_config/cfg.py:3006}}
Apr 02 05:49:41.995437 np0000162731 neutron-periodic-workers[104021]: DEBUG cotyledon.oslo_config_glue [-] database.pool_timeout = None {{(pid=104021) log_opt_values /opt/stack/data/venv/lib/python3.12/site-packages/oslo_config/cfg.py:3006}}
Apr 02 05:49:41.995499 np0000162731 neutron-periodic-workers[104021]: DEBUG cotyledon.oslo_config_glue [-] database.retry_interval = 10 {{(pid=104021) log_opt_values /opt/stack/data/venv/lib/python3.12/site-packages/oslo_config/cfg.py:3006}}
Apr 02 05:49:41.995559 np0000162731 neutron-periodic-workers[104021]: DEBUG cotyledon.oslo_config_glue [-] database.slave_connection = **** {{(pid=104021) log_opt_values /opt/stack/data/venv/lib/python3.12/site-packages/oslo_config/cfg.py:3006}}
Apr 02 05:49:41.995649 np0000162731 neutron-periodic-workers[104021]: DEBUG cotyledon.oslo_config_glue [-] database.sqlite_synchronous = True {{(pid=104021) log_opt_values /opt/stack/data/venv/lib/python3.12/site-packages/oslo_config/cfg.py:3006}}
Apr 02 05:49:41.995708 np0000162731 neutron-periodic-workers[104021]: DEBUG cotyledon.oslo_config_glue [-] database.synchronous_reader = True {{(pid=104021) log_opt_values /opt/stack/data/venv/lib/python3.12/site-packages/oslo_config/cfg.py:3006}}
Apr 02 05:49:41.995755 np0000162731 neutron-periodic-workers[104021]: DEBUG cotyledon.oslo_config_glue [-] database.use_db_reconnect = False {{(pid=104021) log_opt_values /opt/stack/data/venv/lib/python3.12/site-packages/oslo_config/cfg.py:3006}}
Apr 02 05:49:41.995867 np0000162731 neutron-periodic-workers[104021]: DEBUG cotyledon.oslo_config_glue [-] ovn.bfd_min_rx = 1000 {{(pid=104021) log_opt_values /opt/stack/data/venv/lib/python3.12/site-packages/oslo_config/cfg.py:3006}}
Apr 02 05:49:41.995943 np0000162731 neutron-periodic-workers[104021]: DEBUG cotyledon.oslo_config_glue [-] ovn.bfd_min_tx = 100 {{(pid=104021) log_opt_values /opt/stack/data/venv/lib/python3.12/site-packages/oslo_config/cfg.py:3006}}
Apr 02 05:49:41.996007 np0000162731 neutron-periodic-workers[104021]: DEBUG cotyledon.oslo_config_glue [-] ovn.bfd_mult = 3 {{(pid=104021) log_opt_values /opt/stack/data/venv/lib/python3.12/site-packages/oslo_config/cfg.py:3006}}
Apr 02 05:49:41.996075 np0000162731 neutron-periodic-workers[104021]: DEBUG cotyledon.oslo_config_glue [-] ovn.broadcast_arps_to_all_routers = True {{(pid=104021) log_opt_values /opt/stack/data/venv/lib/python3.12/site-packages/oslo_config/cfg.py:3006}}
Apr 02 05:49:41.996137 np0000162731 neutron-periodic-workers[104021]: DEBUG cotyledon.oslo_config_glue [-] ovn.dhcp_default_lease_time = 43200 {{(pid=104021) log_opt_values /opt/stack/data/venv/lib/python3.12/site-packages/oslo_config/cfg.py:3006}}
Apr 02 05:49:41.996197 np0000162731 neutron-periodic-workers[104021]: DEBUG cotyledon.oslo_config_glue [-] ovn.disable_ovn_dhcp_for_baremetal_ports = False {{(pid=104021) log_opt_values /opt/stack/data/venv/lib/python3.12/site-packages/oslo_config/cfg.py:3006}}
Apr 02 05:49:41.996253 np0000162731 neutron-periodic-workers[104021]: DEBUG cotyledon.oslo_config_glue [-] ovn.dns_records_ovn_owned = False {{(pid=104021) log_opt_values /opt/stack/data/venv/lib/python3.12/site-packages/oslo_config/cfg.py:3006}}
Apr 02 05:49:41.996315 np0000162731 neutron-periodic-workers[104021]: DEBUG cotyledon.oslo_config_glue [-] ovn.dns_servers = [] {{(pid=104021) log_opt_values /opt/stack/data/venv/lib/python3.12/site-packages/oslo_config/cfg.py:3006}}
Apr 02 05:49:41.996370 np0000162731 neutron-periodic-workers[104021]: DEBUG cotyledon.oslo_config_glue [-] ovn.enable_distributed_floating_ip = False {{(pid=104021) log_opt_values /opt/stack/data/venv/lib/python3.12/site-packages/oslo_config/cfg.py:3006}}
Apr 02 05:49:41.996435 np0000162731 neutron-periodic-workers[104021]: DEBUG cotyledon.oslo_config_glue [-] ovn.fdb_age_threshold = 300 {{(pid=104021) log_opt_values /opt/stack/data/venv/lib/python3.12/site-packages/oslo_config/cfg.py:3006}}
Apr 02 05:49:41.996495 np0000162731 neutron-periodic-workers[104021]: DEBUG cotyledon.oslo_config_glue [-] ovn.ha_failover_strategy = normal {{(pid=104021) log_opt_values /opt/stack/data/venv/lib/python3.12/site-packages/oslo_config/cfg.py:3006}}
Apr 02 05:49:41.996557 np0000162731 neutron-periodic-workers[104021]: DEBUG cotyledon.oslo_config_glue [-] ovn.live_migration_activation_strategy = rarp {{(pid=104021) log_opt_values /opt/stack/data/venv/lib/python3.12/site-packages/oslo_config/cfg.py:3006}}
Apr 02 05:49:41.996614 np0000162731 neutron-periodic-workers[104021]: DEBUG cotyledon.oslo_config_glue [-] ovn.localnet_learn_fdb = False {{(pid=104021) log_opt_values /opt/stack/data/venv/lib/python3.12/site-packages/oslo_config/cfg.py:3006}}
Apr 02 05:49:41.996671 np0000162731 neutron-periodic-workers[104021]: DEBUG cotyledon.oslo_config_glue [-] ovn.mac_binding_age_threshold = 300 {{(pid=104021) log_opt_values /opt/stack/data/venv/lib/python3.12/site-packages/oslo_config/cfg.py:3006}}
Apr 02 05:49:41.996734 np0000162731 neutron-periodic-workers[104021]: DEBUG cotyledon.oslo_config_glue [-] ovn.neutron_sync_mode = log {{(pid=104021) log_opt_values /opt/stack/data/venv/lib/python3.12/site-packages/oslo_config/cfg.py:3006}}
Apr 02 05:49:41.996795 np0000162731 neutron-periodic-workers[104021]: DEBUG cotyledon.oslo_config_glue [-] ovn.ovn_dhcp4_global_options = {} {{(pid=104021) log_opt_values /opt/stack/data/venv/lib/python3.12/site-packages/oslo_config/cfg.py:3006}}
Apr 02 05:49:41.996855 np0000162731 neutron-periodic-workers[104021]: DEBUG cotyledon.oslo_config_glue [-] ovn.ovn_dhcp6_global_options = {} {{(pid=104021) log_opt_values /opt/stack/data/venv/lib/python3.12/site-packages/oslo_config/cfg.py:3006}}
Apr 02 05:49:41.996935 np0000162731 neutron-periodic-workers[104021]: DEBUG cotyledon.oslo_config_glue [-] ovn.ovn_l3_scheduler = leastloaded {{(pid=104021) log_opt_values /opt/stack/data/venv/lib/python3.12/site-packages/oslo_config/cfg.py:3006}}
Apr 02 05:49:41.996999 np0000162731 neutron-periodic-workers[104021]: DEBUG cotyledon.oslo_config_glue [-] ovn.ovn_metadata_enabled = True {{(pid=104021) log_opt_values /opt/stack/data/venv/lib/python3.12/site-packages/oslo_config/cfg.py:3006}}
Apr 02 05:49:41.997066 np0000162731 neutron-periodic-workers[104021]: DEBUG cotyledon.oslo_config_glue [-] ovn.ovn_nb_ca_cert = /opt/stack/data/CA/int-ca/ca-chain.pem {{(pid=104021) log_opt_values /opt/stack/data/venv/lib/python3.12/site-packages/oslo_config/cfg.py:3006}}
Apr 02 05:49:41.997140 np0000162731 neutron-periodic-workers[104021]: DEBUG cotyledon.oslo_config_glue [-] ovn.ovn_nb_certificate = /opt/stack/data/CA/int-ca/devstack-cert.crt {{(pid=104021) log_opt_values /opt/stack/data/venv/lib/python3.12/site-packages/oslo_config/cfg.py:3006}}
Apr 02 05:49:41.997198 np0000162731 neutron-periodic-workers[104021]: DEBUG cotyledon.oslo_config_glue [-] ovn.ovn_nb_connection = ['ssl:199.19.213.126:6641'] {{(pid=104021) log_opt_values /opt/stack/data/venv/lib/python3.12/site-packages/oslo_config/cfg.py:3006}}
Apr 02 05:49:41.997271 np0000162731 neutron-periodic-workers[104021]: DEBUG cotyledon.oslo_config_glue [-] ovn.ovn_nb_private_key = /opt/stack/data/CA/int-ca/private/devstack-cert.key {{(pid=104021) log_opt_values /opt/stack/data/venv/lib/python3.12/site-packages/oslo_config/cfg.py:3006}}
Apr 02 05:49:41.997326 np0000162731 neutron-periodic-workers[104021]: DEBUG cotyledon.oslo_config_glue [-] ovn.ovn_router_indirect_snat = False {{(pid=104021) log_opt_values /opt/stack/data/venv/lib/python3.12/site-packages/oslo_config/cfg.py:3006}}
Apr 02 05:49:41.997391 np0000162731 neutron-periodic-workers[104021]: DEBUG cotyledon.oslo_config_glue [-] ovn.ovn_sb_ca_cert = /opt/stack/data/CA/int-ca/ca-chain.pem {{(pid=104021) log_opt_values /opt/stack/data/venv/lib/python3.12/site-packages/oslo_config/cfg.py:3006}}
Apr 02 05:49:41.997512 np0000162731 neutron-periodic-workers[104021]: DEBUG cotyledon.oslo_config_glue [-] ovn.ovn_sb_certificate = /opt/stack/data/CA/int-ca/devstack-cert.crt {{(pid=104021) log_opt_values /opt/stack/data/venv/lib/python3.12/site-packages/oslo_config/cfg.py:3006}}
Apr 02 05:49:41.997512 np0000162731 neutron-periodic-workers[104021]: DEBUG cotyledon.oslo_config_glue [-] ovn.ovn_sb_connection = ['ssl:199.19.213.126:6642'] {{(pid=104021) log_opt_values /opt/stack/data/venv/lib/python3.12/site-packages/oslo_config/cfg.py:3006}}
Apr 02 05:49:41.997602 np0000162731 neutron-periodic-workers[104021]: DEBUG cotyledon.oslo_config_glue [-] ovn.ovn_sb_private_key = /opt/stack/data/CA/int-ca/private/devstack-cert.key {{(pid=104021) log_opt_values /opt/stack/data/venv/lib/python3.12/site-packages/oslo_config/cfg.py:3006}}
Apr 02 05:49:41.997647 np0000162731 neutron-periodic-workers[104021]: DEBUG cotyledon.oslo_config_glue [-] ovn.ovs_create_tap = False {{(pid=104021) log_opt_values /opt/stack/data/venv/lib/python3.12/site-packages/oslo_config/cfg.py:3006}}
Apr 02 05:49:41.997689 np0000162731 neutron-periodic-workers[104021]: DEBUG cotyledon.oslo_config_glue [-] ovn.ovsdb_connection_timeout = 180 {{(pid=104021) log_opt_values /opt/stack/data/venv/lib/python3.12/site-packages/oslo_config/cfg.py:3006}}
Apr 02 05:49:41.997730 np0000162731 neutron-periodic-workers[104021]: DEBUG cotyledon.oslo_config_glue [-] ovn.ovsdb_log_level = INFO {{(pid=104021) log_opt_values /opt/stack/data/venv/lib/python3.12/site-packages/oslo_config/cfg.py:3006}}
Apr 02 05:49:41.997932 np0000162731 neutron-periodic-workers[104021]: DEBUG cotyledon.oslo_config_glue [-] ovn.ovsdb_probe_interval = 60000 {{(pid=104021) log_opt_values /opt/stack/data/venv/lib/python3.12/site-packages/oslo_config/cfg.py:3006}}
Apr 02 05:49:41.997932 np0000162731 neutron-periodic-workers[104021]: DEBUG cotyledon.oslo_config_glue [-] ovn.ovsdb_retry_max_interval = 180 {{(pid=104021) log_opt_values /opt/stack/data/venv/lib/python3.12/site-packages/oslo_config/cfg.py:3006}}
Apr 02 05:49:41.997932 np0000162731 neutron-periodic-workers[104021]: DEBUG cotyledon.oslo_config_glue [-] ovn.stateless_nat_enabled = False {{(pid=104021) log_opt_values /opt/stack/data/venv/lib/python3.12/site-packages/oslo_config/cfg.py:3006}}
Apr 02 05:49:41.998066 np0000162731 neutron-periodic-workers[104021]: DEBUG cotyledon.oslo_config_glue [-] ovn.vhost_sock_dir = /var/run/openvswitch {{(pid=104021) log_opt_values /opt/stack/data/venv/lib/python3.12/site-packages/oslo_config/cfg.py:3006}}
Apr 02 05:49:41.998174 np0000162731 neutron-periodic-workers[104021]: DEBUG cotyledon.oslo_config_glue [-] OVS.bridge_mac_table_size = 50000 {{(pid=104021) log_opt_values /opt/stack/data/venv/lib/python3.12/site-packages/oslo_config/cfg.py:3006}}
Apr 02 05:49:41.998218 np0000162731 neutron-periodic-workers[104021]: DEBUG cotyledon.oslo_config_glue [-] OVS.igmp_flood = False {{(pid=104021) log_opt_values /opt/stack/data/venv/lib/python3.12/site-packages/oslo_config/cfg.py:3006}}
Apr 02 05:49:41.998274 np0000162731 neutron-periodic-workers[104021]: DEBUG cotyledon.oslo_config_glue [-] OVS.igmp_flood_reports = True {{(pid=104021) log_opt_values /opt/stack/data/venv/lib/python3.12/site-packages/oslo_config/cfg.py:3006}}
Apr 02 05:49:41.998346 np0000162731 neutron-periodic-workers[104021]: DEBUG cotyledon.oslo_config_glue [-] OVS.igmp_flood_unregistered = False {{(pid=104021) log_opt_values /opt/stack/data/venv/lib/python3.12/site-packages/oslo_config/cfg.py:3006}}
Apr 02 05:49:41.998416 np0000162731 neutron-periodic-workers[104021]: DEBUG cotyledon.oslo_config_glue [-] OVS.igmp_snooping_enable = False {{(pid=104021) log_opt_values /opt/stack/data/venv/lib/python3.12/site-packages/oslo_config/cfg.py:3006}}
Apr 02 05:49:41.998473 np0000162731 neutron-periodic-workers[104021]: DEBUG cotyledon.oslo_config_glue [-] OVS.ovsdb_timeout = 10 {{(pid=104021) log_opt_values /opt/stack/data/venv/lib/python3.12/site-packages/oslo_config/cfg.py:3006}}
Apr 02 05:49:41.998565 np0000162731 neutron-periodic-workers[104021]: DEBUG cotyledon.oslo_config_glue [-] ovn_nb_global.fdb_removal_limit = 0 {{(pid=104021) log_opt_values /opt/stack/data/venv/lib/python3.12/site-packages/oslo_config/cfg.py:3006}}
Apr 02 05:49:41.998635 np0000162731 neutron-periodic-workers[104021]: DEBUG cotyledon.oslo_config_glue [-] ovn_nb_global.ignore_lsp_down = False {{(pid=104021) log_opt_values /opt/stack/data/venv/lib/python3.12/site-packages/oslo_config/cfg.py:3006}}
Apr 02 05:49:41.998696 np0000162731 neutron-periodic-workers[104021]: DEBUG cotyledon.oslo_config_glue [-] ovn_nb_global.mac_binding_removal_limit = 0 {{(pid=104021) log_opt_values /opt/stack/data/venv/lib/python3.12/site-packages/oslo_config/cfg.py:3006}}
Apr 02 05:49:41.998753 np0000162731 neutron-periodic-workers[104021]: DEBUG cotyledon.oslo_config_glue [-] ******************************************************************************** {{(pid=104021) log_opt_values /opt/stack/data/venv/lib/python3.12/site-packages/oslo_config/cfg.py:3013}}
Apr 02 05:49:42.000143 np0000162731 neutron-periodic-workers[104021]: DEBUG cotyledon._service_worker [-] Run service ServiceWrapper(0) [104021] {{(pid=104021) wait_forever /opt/stack/data/venv/lib/python3.12/site-packages/cotyledon/_service_worker.py:218}}
Apr 02 05:49:51.622899 np0000162731 neutron-periodic-workers[103168]: DEBUG dbcounter [-] [103168] Writing DB stats neutron:SELECT=4 {{(pid=103168) stat_writer /opt/stack/data/venv/lib/python3.12/site-packages/dbcounter.py:115}}
Apr 02 05:50:36.962078 np0000162731 neutron-periodic-workers[103999]: DEBUG oslo_db.sqlalchemy.engines [None req-28db3c7d-b38b-4c83-83e0-e39a670afec7 None None] Parent process 103168 forked (103999) with an open database connection, which is being discarded and recreated. {{(pid=103999) checkout /opt/stack/data/venv/lib/python3.12/site-packages/oslo_db/sqlalchemy/engines.py:402}}
Apr 02 05:50:36.968511 np0000162731 neutron-periodic-workers[103999]: DEBUG dbcounter [-] [103999] Writer thread running {{(pid=103999) stat_writer /opt/stack/data/venv/lib/python3.12/site-packages/dbcounter.py:102}}
Apr 02 05:50:36.976068 np0000162731 neutron-periodic-workers[103999]: DEBUG oslo.service.backend._threading.loopingcall [None req-28db3c7d-b38b-4c83-83e0-e39a670afec7 None None] Fixed interval looping call 'neutron.plugins.ml2.plugin.DhcpAgentSchedulerDbMixin.remove_networks_from_down_agents' sleeping for 36.98 seconds {{(pid=103999) _run_loop /opt/stack/data/venv/lib/python3.12/site-packages/oslo_service/backend/_threading/loopingcall.py:125}}
Apr 02 05:50:41.986538 np0000162731 neutron-periodic-workers[104010]: DEBUG dbcounter [-] [104010] Writer thread running {{(pid=104010) stat_writer /opt/stack/data/venv/lib/python3.12/site-packages/dbcounter.py:102}}
Apr 02 05:50:41.990289 np0000162731 neutron-periodic-workers[104010]: DEBUG neutron.db.agents_db [None req-0d2b0bba-25fe-4c3e-ab31-99bb11603889 None None] Agent healthcheck: found 0 active agents {{(pid=104010) agent_health_check /opt/stack/neutron/neutron/db/agents_db.py:317}}
Apr 02 05:50:41.990567 np0000162731 neutron-periodic-workers[104010]: DEBUG oslo.service.backend._threading.loopingcall [None req-0d2b0bba-25fe-4c3e-ab31-99bb11603889 None None] Fixed interval looping call 'neutron.plugins.ml2.plugin.AgentDbMixin.agent_health_check' sleeping for 36.98 seconds {{(pid=104010) _run_loop /opt/stack/data/venv/lib/python3.12/site-packages/oslo_service/backend/_threading/loopingcall.py:125}}
Apr 02 05:50:47.096722 np0000162731 neutron-periodic-workers[103987]: DEBUG dbcounter [-] [103987] Writer thread running {{(pid=103987) stat_writer /opt/stack/data/venv/lib/python3.12/site-packages/dbcounter.py:102}}
Apr 02 05:50:47.097174 np0000162731 neutron-periodic-workers[103999]: DEBUG dbcounter [-] [103999] Writing DB stats neutron:SELECT=3 {{(pid=103999) stat_writer /opt/stack/data/venv/lib/python3.12/site-packages/dbcounter.py:115}}
Apr 02 05:50:47.097525 np0000162731 neutron-periodic-workers[103987]: DEBUG oslo.service.backend._threading.loopingcall [None req-9750f74d-aa4b-48c3-bbe9-56ba092ea388 None None] Fixed interval looping call 'neutron.services.ovn_l3.plugin.L3_NAT_dbonly_mixin._clean_garbage' sleeping for 299.96 seconds {{(pid=103987) _run_loop /opt/stack/data/venv/lib/python3.12/site-packages/oslo_service/backend/_threading/loopingcall.py:125}}
Apr 02 05:50:51.987301 np0000162731 neutron-periodic-workers[104010]: DEBUG dbcounter [-] [104010] Writing DB stats neutron:SELECT=1 {{(pid=104010) stat_writer /opt/stack/data/venv/lib/python3.12/site-packages/dbcounter.py:115}}
Apr 02 05:50:56.968817 np0000162731 neutron-periodic-workers[103987]: DEBUG dbcounter [-] [103987] Writing DB stats neutron:SELECT=1 {{(pid=103987) stat_writer /opt/stack/data/venv/lib/python3.12/site-packages/dbcounter.py:115}}
Apr 02 05:51:13.964389 np0000162731 neutron-periodic-workers[103999]: DEBUG oslo.service.backend._threading.loopingcall [None req-28db3c7d-b38b-4c83-83e0-e39a670afec7 None None] Fixed interval looping call 'neutron.plugins.ml2.plugin.DhcpAgentSchedulerDbMixin.remove_networks_from_down_agents' sleeping for 36.99 seconds {{(pid=103999) _run_loop /opt/stack/data/venv/lib/python3.12/site-packages/oslo_service/backend/_threading/loopingcall.py:125}}
Apr 02 05:51:18.974399 np0000162731 neutron-periodic-workers[104010]: DEBUG neutron.db.agents_db [None req-0d2b0bba-25fe-4c3e-ab31-99bb11603889 None None] Agent healthcheck: found 0 active agents {{(pid=104010) agent_health_check /opt/stack/neutron/neutron/db/agents_db.py:317}}
Apr 02 05:51:18.975002 np0000162731 neutron-periodic-workers[104010]: DEBUG oslo.service.backend._threading.loopingcall [None req-0d2b0bba-25fe-4c3e-ab31-99bb11603889 None None] Fixed interval looping call 'neutron.plugins.ml2.plugin.AgentDbMixin.agent_health_check' sleeping for 37.00 seconds {{(pid=104010) _run_loop /opt/stack/data/venv/lib/python3.12/site-packages/oslo_service/backend/_threading/loopingcall.py:125}}
Apr 02 05:51:23.963256 np0000162731 neutron-periodic-workers[103999]: DEBUG dbcounter [-] [103999] Writing DB stats neutron:SELECT=3 {{(pid=103999) stat_writer /opt/stack/data/venv/lib/python3.12/site-packages/dbcounter.py:115}}
Apr 02 05:51:28.975703 np0000162731 neutron-periodic-workers[104010]: DEBUG dbcounter [-] [104010] Writing DB stats neutron:SELECT=1 {{(pid=104010) stat_writer /opt/stack/data/venv/lib/python3.12/site-packages/dbcounter.py:115}}
Apr 02 05:51:42.016271 np0000162731 neutron-periodic-workers[104021]: DEBUG dbcounter [-] [104021] Writer thread running {{(pid=104021) stat_writer /opt/stack/data/venv/lib/python3.12/site-packages/dbcounter.py:102}}
Apr 02 05:51:42.018639 np0000162731 neutron-periodic-workers[104021]: DEBUG oslo.service.backend._threading.loopingcall [None req-00db2077-9002-4ffb-946c-ad58031ec109 None None] Fixed interval looping call 'neutron.db.quota.driver_nolock.DbQuotaNoLockDriver._remove_expired_reservations' sleeping for 119.98 seconds {{(pid=104021) _run_loop /opt/stack/data/venv/lib/python3.12/site-packages/oslo_service/backend/_threading/loopingcall.py:125}}
Apr 02 05:51:50.962408 np0000162731 neutron-periodic-workers[103999]: DEBUG oslo.service.backend._threading.loopingcall [None req-28db3c7d-b38b-4c83-83e0-e39a670afec7 None None] Fixed interval looping call 'neutron.plugins.ml2.plugin.DhcpAgentSchedulerDbMixin.remove_networks_from_down_agents' sleeping for 36.99 seconds {{(pid=103999) _run_loop /opt/stack/data/venv/lib/python3.12/site-packages/oslo_service/backend/_threading/loopingcall.py:125}}
Apr 02 05:51:52.016731 np0000162731 neutron-periodic-workers[104021]: DEBUG dbcounter [-] [104021] Writing DB stats neutron:DELETE=1 {{(pid=104021) stat_writer /opt/stack/data/venv/lib/python3.12/site-packages/dbcounter.py:115}}
Apr 02 05:51:55.979481 np0000162731 neutron-periodic-workers[104010]: DEBUG neutron.db.agents_db [None req-0d2b0bba-25fe-4c3e-ab31-99bb11603889 None None] Agent healthcheck: found 0 active agents {{(pid=104010) agent_health_check /opt/stack/neutron/neutron/db/agents_db.py:317}}
Apr 02 05:51:55.980113 np0000162731 neutron-periodic-workers[104010]: DEBUG oslo.service.backend._threading.loopingcall [None req-0d2b0bba-25fe-4c3e-ab31-99bb11603889 None None] Fixed interval looping call 'neutron.plugins.ml2.plugin.AgentDbMixin.agent_health_check' sleeping for 37.00 seconds {{(pid=104010) _run_loop /opt/stack/data/venv/lib/python3.12/site-packages/oslo_service/backend/_threading/loopingcall.py:125}}
Apr 02 05:52:00.961419 np0000162731 neutron-periodic-workers[103999]: DEBUG dbcounter [-] [103999] Writing DB stats neutron:SELECT=3 {{(pid=103999) stat_writer /opt/stack/data/venv/lib/python3.12/site-packages/dbcounter.py:115}}
Apr 02 05:52:05.978134 np0000162731 neutron-periodic-workers[104010]: DEBUG dbcounter [-] [104010] Writing DB stats neutron:SELECT=1 {{(pid=104010) stat_writer /opt/stack/data/venv/lib/python3.12/site-packages/dbcounter.py:115}}
Apr 02 05:52:27.961711 np0000162731 neutron-periodic-workers[103999]: DEBUG oslo.service.backend._threading.loopingcall [None req-28db3c7d-b38b-4c83-83e0-e39a670afec7 None None] Fixed interval looping call 'neutron.plugins.ml2.plugin.DhcpAgentSchedulerDbMixin.remove_networks_from_down_agents' sleeping for 36.99 seconds {{(pid=103999) _run_loop /opt/stack/data/venv/lib/python3.12/site-packages/oslo_service/backend/_threading/loopingcall.py:125}}
Apr 02 05:52:32.985413 np0000162731 neutron-periodic-workers[104010]: DEBUG neutron.db.agents_db [None req-0d2b0bba-25fe-4c3e-ab31-99bb11603889 None None] Agent healthcheck: found 0 active agents {{(pid=104010) agent_health_check /opt/stack/neutron/neutron/db/agents_db.py:317}}
Apr 02 05:52:32.986181 np0000162731 neutron-periodic-workers[104010]: DEBUG oslo.service.backend._threading.loopingcall [None req-0d2b0bba-25fe-4c3e-ab31-99bb11603889 None None] Fixed interval looping call 'neutron.plugins.ml2.plugin.AgentDbMixin.agent_health_check' sleeping for 36.99 seconds {{(pid=104010) _run_loop /opt/stack/data/venv/lib/python3.12/site-packages/oslo_service/backend/_threading/loopingcall.py:125}}
Apr 02 05:52:37.961139 np0000162731 neutron-periodic-workers[103999]: DEBUG dbcounter [-] [103999] Writing DB stats neutron:SELECT=3 {{(pid=103999) stat_writer /opt/stack/data/venv/lib/python3.12/site-packages/dbcounter.py:115}}
Apr 02 05:52:42.983403 np0000162731 neutron-periodic-workers[104010]: DEBUG dbcounter [-] [104010] Writing DB stats neutron:SELECT=1 {{(pid=104010) stat_writer /opt/stack/data/venv/lib/python3.12/site-packages/dbcounter.py:115}}
Apr 02 05:53:04.962477 np0000162731 neutron-periodic-workers[103999]: DEBUG oslo.service.backend._threading.loopingcall [None req-28db3c7d-b38b-4c83-83e0-e39a670afec7 None None] Fixed interval looping call 'neutron.plugins.ml2.plugin.DhcpAgentSchedulerDbMixin.remove_networks_from_down_agents' sleeping for 36.99 seconds {{(pid=103999) _run_loop /opt/stack/data/venv/lib/python3.12/site-packages/oslo_service/backend/_threading/loopingcall.py:125}}
Apr 02 05:53:09.981022 np0000162731 neutron-periodic-workers[104010]: DEBUG neutron.db.agents_db [None req-0d2b0bba-25fe-4c3e-ab31-99bb11603889 None None] Agent healthcheck: found 0 active agents {{(pid=104010) agent_health_check /opt/stack/neutron/neutron/db/agents_db.py:317}}
Apr 02 05:53:09.981721 np0000162731 neutron-periodic-workers[104010]: DEBUG oslo.service.backend._threading.loopingcall [None req-0d2b0bba-25fe-4c3e-ab31-99bb11603889 None None] Fixed interval looping call 'neutron.plugins.ml2.plugin.AgentDbMixin.agent_health_check' sleeping for 36.99 seconds {{(pid=104010) _run_loop /opt/stack/data/venv/lib/python3.12/site-packages/oslo_service/backend/_threading/loopingcall.py:125}}
Apr 02 05:53:14.961251 np0000162731 neutron-periodic-workers[103999]: DEBUG dbcounter [-] [103999] Writing DB stats neutron:SELECT=3 {{(pid=103999) stat_writer /opt/stack/data/venv/lib/python3.12/site-packages/dbcounter.py:115}}
Apr 02 05:53:19.979778 np0000162731 neutron-periodic-workers[104010]: DEBUG dbcounter [-] [104010] Writing DB stats neutron:SELECT=1 {{(pid=104010) stat_writer /opt/stack/data/venv/lib/python3.12/site-packages/dbcounter.py:115}}
Apr 02 05:53:41.963055 np0000162731 neutron-periodic-workers[103999]: DEBUG oslo.service.backend._threading.loopingcall [None req-28db3c7d-b38b-4c83-83e0-e39a670afec7 None None] Fixed interval looping call 'neutron.plugins.ml2.plugin.DhcpAgentSchedulerDbMixin.remove_networks_from_down_agents' sleeping for 36.99 seconds {{(pid=103999) _run_loop /opt/stack/data/venv/lib/python3.12/site-packages/oslo_service/backend/_threading/loopingcall.py:125}}
Apr 02 05:53:42.004161 np0000162731 neutron-periodic-workers[104021]: DEBUG oslo.service.backend._threading.loopingcall [None req-00db2077-9002-4ffb-946c-ad58031ec109 None None] Fixed interval looping call 'neutron.db.quota.driver_nolock.DbQuotaNoLockDriver._remove_expired_reservations' sleeping for 120.00 seconds {{(pid=104021) _run_loop /opt/stack/data/venv/lib/python3.12/site-packages/oslo_service/backend/_threading/loopingcall.py:125}}
Apr 02 05:53:46.976606 np0000162731 neutron-periodic-workers[104010]: DEBUG neutron.db.agents_db [None req-0d2b0bba-25fe-4c3e-ab31-99bb11603889 None None] Agent healthcheck: found 0 active agents {{(pid=104010) agent_health_check /opt/stack/neutron/neutron/db/agents_db.py:317}}
Apr 02 05:53:46.977104 np0000162731 neutron-periodic-workers[104010]: DEBUG oslo.service.backend._threading.loopingcall [None req-0d2b0bba-25fe-4c3e-ab31-99bb11603889 None None] Fixed interval looping call 'neutron.plugins.ml2.plugin.AgentDbMixin.agent_health_check' sleeping for 36.99 seconds {{(pid=104010) _run_loop /opt/stack/data/venv/lib/python3.12/site-packages/oslo_service/backend/_threading/loopingcall.py:125}}
Apr 02 05:53:51.961728 np0000162731 neutron-periodic-workers[103999]: DEBUG dbcounter [-] [103999] Writing DB stats neutron:SELECT=3 {{(pid=103999) stat_writer /opt/stack/data/venv/lib/python3.12/site-packages/dbcounter.py:115}}
Apr 02 05:53:52.002558 np0000162731 neutron-periodic-workers[104021]: DEBUG dbcounter [-] [104021] Writing DB stats neutron:DELETE=1 {{(pid=104021) stat_writer /opt/stack/data/venv/lib/python3.12/site-packages/dbcounter.py:115}}
Apr 02 05:53:56.974778 np0000162731 neutron-periodic-workers[104010]: DEBUG dbcounter [-] [104010] Writing DB stats neutron:SELECT=1 {{(pid=104010) stat_writer /opt/stack/data/venv/lib/python3.12/site-packages/dbcounter.py:115}}
Apr 02 05:54:18.966857 np0000162731 neutron-periodic-workers[103999]: DEBUG oslo.service.backend._threading.loopingcall [None req-28db3c7d-b38b-4c83-83e0-e39a670afec7 None None] Fixed interval looping call 'neutron.plugins.ml2.plugin.DhcpAgentSchedulerDbMixin.remove_networks_from_down_agents' sleeping for 36.99 seconds {{(pid=103999) _run_loop /opt/stack/data/venv/lib/python3.12/site-packages/oslo_service/backend/_threading/loopingcall.py:125}}
Apr 02 05:54:23.973628 np0000162731 neutron-periodic-workers[104010]: DEBUG neutron.db.agents_db [None req-0d2b0bba-25fe-4c3e-ab31-99bb11603889 None None] Agent healthcheck: found 0 active agents {{(pid=104010) agent_health_check /opt/stack/neutron/neutron/db/agents_db.py:317}}
Apr 02 05:54:23.975171 np0000162731 neutron-periodic-workers[104010]: DEBUG oslo.service.backend._threading.loopingcall [None req-0d2b0bba-25fe-4c3e-ab31-99bb11603889 None None] Fixed interval looping call 'neutron.plugins.ml2.plugin.AgentDbMixin.agent_health_check' sleeping for 36.99 seconds {{(pid=104010) _run_loop /opt/stack/data/venv/lib/python3.12/site-packages/oslo_service/backend/_threading/loopingcall.py:125}}
Apr 02 05:54:28.964298 np0000162731 neutron-periodic-workers[103999]: DEBUG dbcounter [-] [103999] Writing DB stats neutron:SELECT=3 {{(pid=103999) stat_writer /opt/stack/data/venv/lib/python3.12/site-packages/dbcounter.py:115}}
Apr 02 05:54:33.970392 np0000162731 neutron-periodic-workers[104010]: DEBUG dbcounter [-] [104010] Writing DB stats neutron:SELECT=1 {{(pid=104010) stat_writer /opt/stack/data/venv/lib/python3.12/site-packages/dbcounter.py:115}}
Apr 02 05:54:55.965220 np0000162731 neutron-periodic-workers[103999]: DEBUG oslo.service.backend._threading.loopingcall [None req-28db3c7d-b38b-4c83-83e0-e39a670afec7 None None] Fixed interval looping call 'neutron.plugins.ml2.plugin.DhcpAgentSchedulerDbMixin.remove_networks_from_down_agents' sleeping for 36.99 seconds {{(pid=103999) _run_loop /opt/stack/data/venv/lib/python3.12/site-packages/oslo_service/backend/_threading/loopingcall.py:125}}
Apr 02 05:55:00.968169 np0000162731 neutron-periodic-workers[104010]: DEBUG neutron.db.agents_db [None req-0d2b0bba-25fe-4c3e-ab31-99bb11603889 None None] Agent healthcheck: found 0 active agents {{(pid=104010) agent_health_check /opt/stack/neutron/neutron/db/agents_db.py:317}}
Apr 02 05:55:00.968999 np0000162731 neutron-periodic-workers[104010]: DEBUG oslo.service.backend._threading.loopingcall [None req-0d2b0bba-25fe-4c3e-ab31-99bb11603889 None None] Fixed interval looping call 'neutron.plugins.ml2.plugin.AgentDbMixin.agent_health_check' sleeping for 37.00 seconds {{(pid=104010) _run_loop /opt/stack/data/venv/lib/python3.12/site-packages/oslo_service/backend/_threading/loopingcall.py:125}}
Apr 02 05:55:05.964378 np0000162731 neutron-periodic-workers[103999]: DEBUG dbcounter [-] [103999] Writing DB stats neutron:SELECT=3 {{(pid=103999) stat_writer /opt/stack/data/venv/lib/python3.12/site-packages/dbcounter.py:115}}
Apr 02 05:55:10.967577 np0000162731 neutron-periodic-workers[104010]: DEBUG dbcounter [-] [104010] Writing DB stats neutron:SELECT=1 {{(pid=104010) stat_writer /opt/stack/data/venv/lib/python3.12/site-packages/dbcounter.py:115}}
Apr 02 05:55:32.964022 np0000162731 neutron-periodic-workers[103999]: DEBUG oslo.service.backend._threading.loopingcall [None req-28db3c7d-b38b-4c83-83e0-e39a670afec7 None None] Fixed interval looping call 'neutron.plugins.ml2.plugin.DhcpAgentSchedulerDbMixin.remove_networks_from_down_agents' sleeping for 36.99 seconds {{(pid=103999) _run_loop /opt/stack/data/venv/lib/python3.12/site-packages/oslo_service/backend/_threading/loopingcall.py:125}}
Apr 02 05:55:37.973216 np0000162731 neutron-periodic-workers[104010]: DEBUG neutron.db.agents_db [None req-0d2b0bba-25fe-4c3e-ab31-99bb11603889 None None] Agent healthcheck: found 0 active agents {{(pid=104010) agent_health_check /opt/stack/neutron/neutron/db/agents_db.py:317}}
Apr 02 05:55:37.973984 np0000162731 neutron-periodic-workers[104010]: DEBUG oslo.service.backend._threading.loopingcall [None req-0d2b0bba-25fe-4c3e-ab31-99bb11603889 None None] Fixed interval looping call 'neutron.plugins.ml2.plugin.AgentDbMixin.agent_health_check' sleeping for 37.00 seconds {{(pid=104010) _run_loop /opt/stack/data/venv/lib/python3.12/site-packages/oslo_service/backend/_threading/loopingcall.py:125}}
Apr 02 05:55:42.009759 np0000162731 neutron-periodic-workers[104021]: DEBUG oslo.service.backend._threading.loopingcall [None req-00db2077-9002-4ffb-946c-ad58031ec109 None None] Fixed interval looping call 'neutron.db.quota.driver_nolock.DbQuotaNoLockDriver._remove_expired_reservations' sleeping for 119.99 seconds {{(pid=104021) _run_loop /opt/stack/data/venv/lib/python3.12/site-packages/oslo_service/backend/_threading/loopingcall.py:125}}
Apr 02 05:55:42.963203 np0000162731 neutron-periodic-workers[103999]: DEBUG dbcounter [-] [103999] Writing DB stats neutron:SELECT=3 {{(pid=103999) stat_writer /opt/stack/data/venv/lib/python3.12/site-packages/dbcounter.py:115}}
Apr 02 05:55:46.954233 np0000162731 neutron-periodic-workers[103987]: DEBUG oslo.service.backend._threading.loopingcall [None req-9750f74d-aa4b-48c3-bbe9-56ba092ea388 None None] Fixed interval looping call 'neutron.services.ovn_l3.plugin.L3_NAT_dbonly_mixin._clean_garbage' sleeping for 299.99 seconds {{(pid=103987) _run_loop /opt/stack/data/venv/lib/python3.12/site-packages/oslo_service/backend/_threading/loopingcall.py:125}}
Apr 02 05:55:47.971370 np0000162731 neutron-periodic-workers[104010]: DEBUG dbcounter [-] [104010] Writing DB stats neutron:SELECT=1 {{(pid=104010) stat_writer /opt/stack/data/venv/lib/python3.12/site-packages/dbcounter.py:115}}
Apr 02 05:55:52.008129 np0000162731 neutron-periodic-workers[104021]: DEBUG dbcounter [-] [104021] Writing DB stats neutron:DELETE=1 {{(pid=104021) stat_writer /opt/stack/data/venv/lib/python3.12/site-packages/dbcounter.py:115}}
Apr 02 05:55:56.945395 np0000162731 neutron-periodic-workers[103987]: DEBUG dbcounter [-] [103987] Writing DB stats neutron:SELECT=1 {{(pid=103987) stat_writer /opt/stack/data/venv/lib/python3.12/site-packages/dbcounter.py:115}}
Apr 02 05:56:09.963841 np0000162731 neutron-periodic-workers[103999]: DEBUG oslo.service.backend._threading.loopingcall [None req-28db3c7d-b38b-4c83-83e0-e39a670afec7 None None] Fixed interval looping call 'neutron.plugins.ml2.plugin.DhcpAgentSchedulerDbMixin.remove_networks_from_down_agents' sleeping for 36.99 seconds {{(pid=103999) _run_loop /opt/stack/data/venv/lib/python3.12/site-packages/oslo_service/backend/_threading/loopingcall.py:125}}
Apr 02 05:56:14.979004 np0000162731 neutron-periodic-workers[104010]: DEBUG neutron.db.agents_db [None req-0d2b0bba-25fe-4c3e-ab31-99bb11603889 None None] Agent healthcheck: found 0 active agents {{(pid=104010) agent_health_check /opt/stack/neutron/neutron/db/agents_db.py:317}}
Apr 02 05:56:14.979831 np0000162731 neutron-periodic-workers[104010]: DEBUG oslo.service.backend._threading.loopingcall [None req-0d2b0bba-25fe-4c3e-ab31-99bb11603889 None None] Fixed interval looping call 'neutron.plugins.ml2.plugin.AgentDbMixin.agent_health_check' sleeping for 36.99 seconds {{(pid=104010) _run_loop /opt/stack/data/venv/lib/python3.12/site-packages/oslo_service/backend/_threading/loopingcall.py:125}}
Apr 02 05:56:19.962544 np0000162731 neutron-periodic-workers[103999]: DEBUG dbcounter [-] [103999] Writing DB stats neutron:SELECT=3 {{(pid=103999) stat_writer /opt/stack/data/venv/lib/python3.12/site-packages/dbcounter.py:115}}
Apr 02 05:56:24.977453 np0000162731 neutron-periodic-workers[104010]: DEBUG dbcounter [-] [104010] Writing DB stats neutron:SELECT=1 {{(pid=104010) stat_writer /opt/stack/data/venv/lib/python3.12/site-packages/dbcounter.py:115}}
Apr 02 05:56:46.964606 np0000162731 neutron-periodic-workers[103999]: DEBUG oslo.service.backend._threading.loopingcall [None req-28db3c7d-b38b-4c83-83e0-e39a670afec7 None None] Fixed interval looping call 'neutron.plugins.ml2.plugin.DhcpAgentSchedulerDbMixin.remove_networks_from_down_agents' sleeping for 36.99 seconds {{(pid=103999) _run_loop /opt/stack/data/venv/lib/python3.12/site-packages/oslo_service/backend/_threading/loopingcall.py:125}}
Apr 02 05:56:51.978547 np0000162731 neutron-periodic-workers[104010]: DEBUG neutron.db.agents_db [None req-0d2b0bba-25fe-4c3e-ab31-99bb11603889 None None] Agent healthcheck: found 0 active agents {{(pid=104010) agent_health_check /opt/stack/neutron/neutron/db/agents_db.py:317}}
Apr 02 05:56:51.979496 np0000162731 neutron-periodic-workers[104010]: DEBUG oslo.service.backend._threading.loopingcall [None req-0d2b0bba-25fe-4c3e-ab31-99bb11603889 None None] Fixed interval looping call 'neutron.plugins.ml2.plugin.AgentDbMixin.agent_health_check' sleeping for 36.99 seconds {{(pid=104010) _run_loop /opt/stack/data/venv/lib/python3.12/site-packages/oslo_service/backend/_threading/loopingcall.py:125}}
Apr 02 05:56:56.964131 np0000162731 neutron-periodic-workers[103999]: DEBUG dbcounter [-] [103999] Writing DB stats neutron:SELECT=3 {{(pid=103999) stat_writer /opt/stack/data/venv/lib/python3.12/site-packages/dbcounter.py:115}}
Apr 02 05:57:02.222879 np0000162731 neutron-periodic-workers[104010]: DEBUG dbcounter [-] [104010] Writing DB stats neutron:SELECT=1 {{(pid=104010) stat_writer /opt/stack/data/venv/lib/python3.12/site-packages/dbcounter.py:115}}
Apr 02 05:57:23.963350 np0000162731 neutron-periodic-workers[103999]: DEBUG oslo.service.backend._threading.loopingcall [None req-28db3c7d-b38b-4c83-83e0-e39a670afec7 None None] Fixed interval looping call 'neutron.plugins.ml2.plugin.DhcpAgentSchedulerDbMixin.remove_networks_from_down_agents' sleeping for 36.99 seconds {{(pid=103999) _run_loop /opt/stack/data/venv/lib/python3.12/site-packages/oslo_service/backend/_threading/loopingcall.py:125}}
Apr 02 05:57:28.972619 np0000162731 neutron-periodic-workers[104010]: DEBUG neutron.db.agents_db [None req-0d2b0bba-25fe-4c3e-ab31-99bb11603889 None None] Agent healthcheck: found 0 active agents {{(pid=104010) agent_health_check /opt/stack/neutron/neutron/db/agents_db.py:317}}
Apr 02 05:57:28.972961 np0000162731 neutron-periodic-workers[104010]: DEBUG oslo.service.backend._threading.loopingcall [None req-0d2b0bba-25fe-4c3e-ab31-99bb11603889 None None] Fixed interval looping call 'neutron.plugins.ml2.plugin.AgentDbMixin.agent_health_check' sleeping for 37.00 seconds {{(pid=104010) _run_loop /opt/stack/data/venv/lib/python3.12/site-packages/oslo_service/backend/_threading/loopingcall.py:125}}
Apr 02 05:57:33.962449 np0000162731 neutron-periodic-workers[103999]: DEBUG dbcounter [-] [103999] Writing DB stats neutron:SELECT=3 {{(pid=103999) stat_writer /opt/stack/data/venv/lib/python3.12/site-packages/dbcounter.py:115}}
Apr 02 05:57:38.971991 np0000162731 neutron-periodic-workers[104010]: DEBUG dbcounter [-] [104010] Writing DB stats neutron:SELECT=1 {{(pid=104010) stat_writer /opt/stack/data/venv/lib/python3.12/site-packages/dbcounter.py:115}}
Apr 02 05:57:42.003321 np0000162731 neutron-periodic-workers[104021]: DEBUG oslo.service.backend._threading.loopingcall [None req-00db2077-9002-4ffb-946c-ad58031ec109 None None] Fixed interval looping call 'neutron.db.quota.driver_nolock.DbQuotaNoLockDriver._remove_expired_reservations' sleeping for 120.00 seconds {{(pid=104021) _run_loop /opt/stack/data/venv/lib/python3.12/site-packages/oslo_service/backend/_threading/loopingcall.py:125}}
Apr 02 05:57:52.002562 np0000162731 neutron-periodic-workers[104021]: DEBUG dbcounter [-] [104021] Writing DB stats neutron:DELETE=1 {{(pid=104021) stat_writer /opt/stack/data/venv/lib/python3.12/site-packages/dbcounter.py:115}}
Apr 02 05:58:00.963049 np0000162731 neutron-periodic-workers[103999]: DEBUG oslo.service.backend._threading.loopingcall [None req-28db3c7d-b38b-4c83-83e0-e39a670afec7 None None] Fixed interval looping call 'neutron.plugins.ml2.plugin.DhcpAgentSchedulerDbMixin.remove_networks_from_down_agents' sleeping for 36.99 seconds {{(pid=103999) _run_loop /opt/stack/data/venv/lib/python3.12/site-packages/oslo_service/backend/_threading/loopingcall.py:125}}
Apr 02 05:58:05.976967 np0000162731 neutron-periodic-workers[104010]: DEBUG neutron.db.agents_db [None req-0d2b0bba-25fe-4c3e-ab31-99bb11603889 None None] Agent healthcheck: found 0 active agents {{(pid=104010) agent_health_check /opt/stack/neutron/neutron/db/agents_db.py:317}}
Apr 02 05:58:05.977642 np0000162731 neutron-periodic-workers[104010]: DEBUG oslo.service.backend._threading.loopingcall [None req-0d2b0bba-25fe-4c3e-ab31-99bb11603889 None None] Fixed interval looping call 'neutron.plugins.ml2.plugin.AgentDbMixin.agent_health_check' sleeping for 37.00 seconds {{(pid=104010) _run_loop /opt/stack/data/venv/lib/python3.12/site-packages/oslo_service/backend/_threading/loopingcall.py:125}}
Apr 02 05:58:10.962571 np0000162731 neutron-periodic-workers[103999]: DEBUG dbcounter [-] [103999] Writing DB stats neutron:SELECT=3 {{(pid=103999) stat_writer /opt/stack/data/venv/lib/python3.12/site-packages/dbcounter.py:115}}
Apr 02 05:58:15.976064 np0000162731 neutron-periodic-workers[104010]: DEBUG dbcounter [-] [104010] Writing DB stats neutron:SELECT=1 {{(pid=104010) stat_writer /opt/stack/data/venv/lib/python3.12/site-packages/dbcounter.py:115}}
Apr 02 05:58:37.965052 np0000162731 neutron-periodic-workers[103999]: DEBUG oslo.service.backend._threading.loopingcall [None req-28db3c7d-b38b-4c83-83e0-e39a670afec7 None None] Fixed interval looping call 'neutron.plugins.ml2.plugin.DhcpAgentSchedulerDbMixin.remove_networks_from_down_agents' sleeping for 36.99 seconds {{(pid=103999) _run_loop /opt/stack/data/venv/lib/python3.12/site-packages/oslo_service/backend/_threading/loopingcall.py:125}}
Apr 02 05:58:42.983295 np0000162731 neutron-periodic-workers[104010]: DEBUG neutron.db.agents_db [None req-0d2b0bba-25fe-4c3e-ab31-99bb11603889 None None] Agent healthcheck: found 0 active agents {{(pid=104010) agent_health_check /opt/stack/neutron/neutron/db/agents_db.py:317}}
Apr 02 05:58:42.984020 np0000162731 neutron-periodic-workers[104010]: DEBUG oslo.service.backend._threading.loopingcall [None req-0d2b0bba-25fe-4c3e-ab31-99bb11603889 None None] Fixed interval looping call 'neutron.plugins.ml2.plugin.AgentDbMixin.agent_health_check' sleeping for 36.99 seconds {{(pid=104010) _run_loop /opt/stack/data/venv/lib/python3.12/site-packages/oslo_service/backend/_threading/loopingcall.py:125}}
Apr 02 05:58:47.964299 np0000162731 neutron-periodic-workers[103999]: DEBUG dbcounter [-] [103999] Writing DB stats neutron:SELECT=3 {{(pid=103999) stat_writer /opt/stack/data/venv/lib/python3.12/site-packages/dbcounter.py:115}}
Apr 02 05:58:52.980973 np0000162731 neutron-periodic-workers[104010]: DEBUG dbcounter [-] [104010] Writing DB stats neutron:SELECT=1 {{(pid=104010) stat_writer /opt/stack/data/venv/lib/python3.12/site-packages/dbcounter.py:115}}
Apr 02 05:59:14.962825 np0000162731 neutron-periodic-workers[103999]: DEBUG oslo.service.backend._threading.loopingcall [None req-28db3c7d-b38b-4c83-83e0-e39a670afec7 None None] Fixed interval looping call 'neutron.plugins.ml2.plugin.DhcpAgentSchedulerDbMixin.remove_networks_from_down_agents' sleeping for 36.99 seconds {{(pid=103999) _run_loop /opt/stack/data/venv/lib/python3.12/site-packages/oslo_service/backend/_threading/loopingcall.py:125}}
Apr 02 05:59:19.980157 np0000162731 neutron-periodic-workers[104010]: DEBUG neutron.db.agents_db [None req-0d2b0bba-25fe-4c3e-ab31-99bb11603889 None None] Agent healthcheck: found 0 active agents {{(pid=104010) agent_health_check /opt/stack/neutron/neutron/db/agents_db.py:317}}
Apr 02 05:59:19.980623 np0000162731 neutron-periodic-workers[104010]: DEBUG oslo.service.backend._threading.loopingcall [None req-0d2b0bba-25fe-4c3e-ab31-99bb11603889 None None] Fixed interval looping call 'neutron.plugins.ml2.plugin.AgentDbMixin.agent_health_check' sleeping for 36.99 seconds {{(pid=104010) _run_loop /opt/stack/data/venv/lib/python3.12/site-packages/oslo_service/backend/_threading/loopingcall.py:125}}
Apr 02 05:59:24.963032 np0000162731 neutron-periodic-workers[103999]: DEBUG dbcounter [-] [103999] Writing DB stats neutron:SELECT=3 {{(pid=103999) stat_writer /opt/stack/data/venv/lib/python3.12/site-packages/dbcounter.py:115}}
Apr 02 05:59:29.979003 np0000162731 neutron-periodic-workers[104010]: DEBUG dbcounter [-] [104010] Writing DB stats neutron:SELECT=1 {{(pid=104010) stat_writer /opt/stack/data/venv/lib/python3.12/site-packages/dbcounter.py:115}}
Apr 02 05:59:42.007927 np0000162731 neutron-periodic-workers[104021]: DEBUG oslo.service.backend._threading.loopingcall [None req-00db2077-9002-4ffb-946c-ad58031ec109 None None] Fixed interval looping call 'neutron.db.quota.driver_nolock.DbQuotaNoLockDriver._remove_expired_reservations' sleeping for 120.00 seconds {{(pid=104021) _run_loop /opt/stack/data/venv/lib/python3.12/site-packages/oslo_service/backend/_threading/loopingcall.py:125}}
Apr 02 05:59:51.963678 np0000162731 neutron-periodic-workers[103999]: DEBUG oslo.service.backend._threading.loopingcall [None req-28db3c7d-b38b-4c83-83e0-e39a670afec7 None None] Fixed interval looping call 'neutron.plugins.ml2.plugin.DhcpAgentSchedulerDbMixin.remove_networks_from_down_agents' sleeping for 36.99 seconds {{(pid=103999) _run_loop /opt/stack/data/venv/lib/python3.12/site-packages/oslo_service/backend/_threading/loopingcall.py:125}}
