Apr 11 17:02:22.806137 np0000165175 systemd[1]: Starting devstack@n-api-meta.service - Devstack devstack@n-api-meta.service...
Apr 11 17:02:22.818855 np0000165175 devstack@n-api-meta.service[109096]: [uWSGI] getting INI configuration from /etc/nova/nova-metadata-uwsgi.ini
Apr 11 17:02:22.819504 np0000165175 devstack@n-api-meta.service[109096]: open("./http_plugin.so"): No such file or directory [core/utils.c line 3709]
Apr 11 17:02:22.819504 np0000165175 devstack@n-api-meta.service[109096]: !!! UNABLE to load uWSGI plugin: ./http_plugin.so: cannot open shared object file: No such file or directory !!!
Apr 11 17:02:22.819504 np0000165175 devstack@n-api-meta.service[109096]: open("./python3_plugin.so"): No such file or directory [core/utils.c line 3709]
Apr 11 17:02:22.819504 np0000165175 devstack@n-api-meta.service[109096]: !!! UNABLE to load uWSGI plugin: ./python3_plugin.so: cannot open shared object file: No such file or directory !!!
Apr 11 17:02:22.819504 np0000165175 devstack@n-api-meta.service[109096]: *** Starting uWSGI 2.0.31 (64bit) on [Sat Apr 11 17:02:22 2026] ***
Apr 11 17:02:22.819504 np0000165175 devstack@n-api-meta.service[109096]: compiled with version: 13.3.0 on 11 April 2026 16:52:16
Apr 11 17:02:22.819504 np0000165175 devstack@n-api-meta.service[109096]: os: Linux-6.8.0-107-generic #107-Ubuntu SMP PREEMPT_DYNAMIC Fri Mar 13 19:51:50 UTC 2026
Apr 11 17:02:22.819504 np0000165175 devstack@n-api-meta.service[109096]: nodename: np0000165175
Apr 11 17:02:22.819504 np0000165175 devstack@n-api-meta.service[109096]: machine: x86_64
Apr 11 17:02:22.819504 np0000165175 devstack@n-api-meta.service[109096]: clock source: unix
Apr 11 17:02:22.819504 np0000165175 devstack@n-api-meta.service[109096]: pcre jit disabled
Apr 11 17:02:22.819504 np0000165175 devstack@n-api-meta.service[109096]: detected number of CPU cores: 16
Apr 11 17:02:22.819504 np0000165175 devstack@n-api-meta.service[109096]: current working directory: /
Apr 11 17:02:22.819504 np0000165175 devstack@n-api-meta.service[109096]: detected binary path: /opt/stack/data/venv/bin/uwsgi
Apr 11 17:02:22.819504 np0000165175 devstack@n-api-meta.service[109096]: your processes number limit is 256917
Apr 11 17:02:22.819504 np0000165175 devstack@n-api-meta.service[109096]: your memory page size is 4096 bytes
Apr 11 17:02:22.819504 np0000165175 devstack@n-api-meta.service[109096]: detected max file descriptor number: 2048
Apr 11 17:02:22.819504 np0000165175 devstack@n-api-meta.service[109096]: lock engine: pthread robust mutexes
Apr 11 17:02:22.819504 np0000165175 devstack@n-api-meta.service[109096]: thunder lock: enabled
Apr 11 17:02:22.820461 np0000165175 devstack@n-api-meta.service[109096]: uWSGI http bound on 0.0.0.0:8775 fd 5
Apr 11 17:02:22.820461 np0000165175 devstack@n-api-meta.service[109096]: uwsgi socket 0 bound to TCP address 127.0.0.1:44517 (port auto-assigned) fd 4
Apr 11 17:02:22.820461 np0000165175 devstack@n-api-meta.service[109096]: Python version: 3.12.3 (main, Mar 3 2026, 12:15:18) [GCC 13.3.0]
Apr 11 17:02:22.820461 np0000165175 devstack@n-api-meta.service[109096]: PEP 405 virtualenv detected: /opt/stack/data/venv
Apr 11 17:02:22.820461 np0000165175 devstack@n-api-meta.service[109096]: Set PythonHome to /opt/stack/data/venv
Apr 11 17:02:22.857479 np0000165175 devstack@n-api-meta.service[109096]: Python main interpreter initialized at 0x7f908f2a3668
Apr 11 17:02:22.857479 np0000165175 devstack@n-api-meta.service[109096]: python threads support enabled
Apr 11 17:02:22.857479 np0000165175 devstack@n-api-meta.service[109096]: your server socket listen backlog is limited to 100 connections
Apr 11 17:02:22.857479 np0000165175 devstack@n-api-meta.service[109096]: your mercy for graceful operations on workers is 80 seconds
Apr 11 17:02:22.858063 np0000165175 devstack@n-api-meta.service[109096]: mapped 671795 bytes (656 KB) for 4 cores
Apr 11 17:02:22.858178 np0000165175 devstack@n-api-meta.service[109096]: *** Operational MODE: preforking ***
Apr 11 17:02:22.858479 np0000165175 devstack@n-api-meta.service[109096]: *** uWSGI is running in multiple interpreter mode ***
Apr 11 17:02:22.858479 np0000165175 devstack@n-api-meta.service[109096]: spawned uWSGI master process (pid: 109096)
Apr 11 17:02:22.858691 np0000165175 systemd[1]: Started devstack@n-api-meta.service - Devstack devstack@n-api-meta.service.
Apr 11 17:02:22.859795 np0000165175 devstack@n-api-meta.service[109096]: spawned uWSGI worker 1 (pid: 109097, cores: 1)
Apr 11 17:02:22.859795 np0000165175 devstack@n-api-meta.service[109096]: spawned uWSGI worker 2 (pid: 109098, cores: 1)
Apr 11 17:02:22.860017 np0000165175 devstack@n-api-meta.service[109096]: spawned uWSGI worker 3 (pid: 109099, cores: 1)
Apr 11 17:02:22.860456 np0000165175 devstack@n-api-meta.service[109096]: spawned uWSGI worker 4 (pid: 109100, cores: 1)
Apr 11 17:02:22.860938 np0000165175 devstack@n-api-meta.service[109096]: spawned uWSGI http 1 (pid: 109101)
Apr 11 17:02:22.860938 np0000165175 devstack@n-api-meta.service[109096]: running "unix_signal:15 gracefully_kill_them_all" (master-start)...
Apr 11 17:02:23.172996 np0000165175 devstack@n-api-meta.service[109097]: /opt/stack/data/venv/lib/python3.12/site-packages/oslo_concurrency/lockutils.py:41: EventletDeprecationWarning:
Apr 11 17:02:23.172996 np0000165175 devstack@n-api-meta.service[109097]: Eventlet is deprecated. It is currently being maintained in bugfix mode, and
Apr 11 17:02:23.172996 np0000165175 devstack@n-api-meta.service[109097]: we strongly recommend against using it for new projects.
Apr 11 17:02:23.172996 np0000165175 devstack@n-api-meta.service[109097]: If you are already using Eventlet, we recommend migrating to a different
Apr 11 17:02:23.172996 np0000165175 devstack@n-api-meta.service[109097]: framework. For more detail see
Apr 11 17:02:23.172996 np0000165175 devstack@n-api-meta.service[109097]: https://eventlet.readthedocs.io/en/latest/asyncio/migration.html
Apr 11 17:02:23.172996 np0000165175 devstack@n-api-meta.service[109097]: import eventlet
Apr 11 17:02:23.180640 np0000165175 devstack@n-api-meta.service[109099]: /opt/stack/data/venv/lib/python3.12/site-packages/oslo_concurrency/lockutils.py:41: EventletDeprecationWarning:
Apr 11 17:02:23.180640 np0000165175 devstack@n-api-meta.service[109099]: Eventlet is deprecated. It is currently being maintained in bugfix mode, and
Apr 11 17:02:23.180640 np0000165175 devstack@n-api-meta.service[109099]: we strongly recommend against using it for new projects.
Apr 11 17:02:23.180640 np0000165175 devstack@n-api-meta.service[109099]: If you are already using Eventlet, we recommend migrating to a different
Apr 11 17:02:23.180640 np0000165175 devstack@n-api-meta.service[109099]: framework. For more detail see
Apr 11 17:02:23.180640 np0000165175 devstack@n-api-meta.service[109099]: https://eventlet.readthedocs.io/en/latest/asyncio/migration.html
Apr 11 17:02:23.180640 np0000165175 devstack@n-api-meta.service[109099]: import eventlet
Apr 11 17:02:23.181381 np0000165175 devstack@n-api-meta.service[109098]: /opt/stack/data/venv/lib/python3.12/site-packages/oslo_concurrency/lockutils.py:41: EventletDeprecationWarning:
Apr 11 17:02:23.181381 np0000165175 devstack@n-api-meta.service[109098]: Eventlet is deprecated. It is currently being maintained in bugfix mode, and
Apr 11 17:02:23.181381 np0000165175 devstack@n-api-meta.service[109098]: we strongly recommend against using it for new projects.
Apr 11 17:02:23.181381 np0000165175 devstack@n-api-meta.service[109098]: If you are already using Eventlet, we recommend migrating to a different
Apr 11 17:02:23.181381 np0000165175 devstack@n-api-meta.service[109098]: framework. For more detail see
Apr 11 17:02:23.181381 np0000165175 devstack@n-api-meta.service[109098]: https://eventlet.readthedocs.io/en/latest/asyncio/migration.html
Apr 11 17:02:23.181381 np0000165175 devstack@n-api-meta.service[109098]: import eventlet
Apr 11 17:02:23.184080 np0000165175 devstack@n-api-meta.service[109100]: /opt/stack/data/venv/lib/python3.12/site-packages/oslo_concurrency/lockutils.py:41: EventletDeprecationWarning:
Apr 11 17:02:23.184080 np0000165175 devstack@n-api-meta.service[109100]: Eventlet is deprecated. It is currently being maintained in bugfix mode, and
Apr 11 17:02:23.184080 np0000165175 devstack@n-api-meta.service[109100]: we strongly recommend against using it for new projects.
Apr 11 17:02:23.184080 np0000165175 devstack@n-api-meta.service[109100]: If you are already using Eventlet, we recommend migrating to a different
Apr 11 17:02:23.184080 np0000165175 devstack@n-api-meta.service[109100]: framework. For more detail see
Apr 11 17:02:23.184080 np0000165175 devstack@n-api-meta.service[109100]: https://eventlet.readthedocs.io/en/latest/asyncio/migration.html
Apr 11 17:02:23.184080 np0000165175 devstack@n-api-meta.service[109100]: import eventlet
Apr 11 17:02:23.227274 np0000165175 devstack@n-api-meta.service[109097]: Service is starting with native threading. This is currently experimental. Do not use it in production without first testing it in pre-production.
Apr 11 17:02:23.227800 np0000165175 devstack@n-api-meta.service[109098]: Service is starting with native threading. This is currently experimental. Do not use it in production without first testing it in pre-production.
Apr 11 17:02:23.230156 np0000165175 devstack@n-api-meta.service[109099]: Service is starting with native threading. This is currently experimental. Do not use it in production without first testing it in pre-production.
Apr 11 17:02:23.233074 np0000165175 devstack@n-api-meta.service[109100]: Service is starting with native threading. This is currently experimental. Do not use it in production without first testing it in pre-production.
Apr 11 17:02:24.631164 np0000165175 devstack@n-api-meta.service[109100]: INFO dbcounter [None req-38866b7a-b362-4498-a862-d1436c2d1b05 None None] Registered counter for database nova_api
Apr 11 17:02:24.647118 np0000165175 devstack@n-api-meta.service[109100]: DEBUG oslo_db.sqlalchemy.engines [None req-38866b7a-b362-4498-a862-d1436c2d1b05 None None] MySQL server mode set to STRICT_TRANS_TABLES,STRICT_ALL_TABLES,NO_ZERO_IN_DATE,NO_ZERO_DATE,ERROR_FOR_DIVISION_BY_ZERO,TRADITIONAL,NO_ENGINE_SUBSTITUTION {{(pid=109100) _check_effective_sql_mode /opt/stack/data/venv/lib/python3.12/site-packages/oslo_db/sqlalchemy/engines.py:325}}
Apr 11 17:02:24.659183 np0000165175 devstack@n-api-meta.service[109098]: INFO dbcounter [None req-721b43e7-6bf8-460b-a185-6819ddb1d5d8 None None] Registered counter for database nova_api
Apr 11 17:02:24.674535 np0000165175 devstack@n-api-meta.service[109097]: INFO dbcounter [None req-1de3e6dc-529e-41ef-849d-d8b47e6c07e1 None None] Registered counter for database nova_api
Apr 11 17:02:24.675904 np0000165175 devstack@n-api-meta.service[109098]: DEBUG oslo_db.sqlalchemy.engines [None req-721b43e7-6bf8-460b-a185-6819ddb1d5d8 None None] MySQL server mode set to STRICT_TRANS_TABLES,STRICT_ALL_TABLES,NO_ZERO_IN_DATE,NO_ZERO_DATE,ERROR_FOR_DIVISION_BY_ZERO,TRADITIONAL,NO_ENGINE_SUBSTITUTION {{(pid=109098) _check_effective_sql_mode /opt/stack/data/venv/lib/python3.12/site-packages/oslo_db/sqlalchemy/engines.py:325}}
Apr 11 17:02:24.682308 np0000165175 devstack@n-api-meta.service[109100]: DEBUG dbcounter [-] [109100] Writer thread running {{(pid=109100) stat_writer /opt/stack/data/venv/lib/python3.12/site-packages/dbcounter.py:102}}
Apr 11 17:02:24.682830 np0000165175 devstack@n-api-meta.service[109099]: INFO dbcounter [None req-91389e2d-9639-42bb-8e65-99208cf59995 None None] Registered counter for database nova_api
Apr 11 17:02:24.684571 np0000165175 devstack@n-api-meta.service[109100]: DEBUG nova.context [None req-38866b7a-b362-4498-a862-d1436c2d1b05 None None] Found 2 cells: 00000000-0000-0000-0000-000000000000(cell0),8f4d914f-9aa9-4ffc-af18-7a47dc7ddea1(cell1) {{(pid=109100) load_cells /opt/stack/nova/nova/context.py:509}}
Apr 11 17:02:24.684822 np0000165175 devstack@n-api-meta.service[109100]: INFO nova.utils [None req-38866b7a-b362-4498-a862-d1436c2d1b05 None None] The cell worker thread pool MainProcess.cell_worker is initialized
Apr 11 17:02:24.686560 np0000165175 devstack@n-api-meta.service[109100]: DEBUG oslo_concurrency.lockutils [None req-38866b7a-b362-4498-a862-d1436c2d1b05 None None] Acquiring lock "00000000-0000-0000-0000-000000000000" by "nova.context.set_target_cell..get_or_set_cached_cell_and_set_connections" {{(pid=109100) inner /opt/stack/data/venv/lib/python3.12/site-packages/oslo_concurrency/lockutils.py:506}}
Apr 11 17:02:24.686740 np0000165175 devstack@n-api-meta.service[109100]: DEBUG oslo_concurrency.lockutils [None req-38866b7a-b362-4498-a862-d1436c2d1b05 None None] Lock "00000000-0000-0000-0000-000000000000" acquired by "nova.context.set_target_cell..get_or_set_cached_cell_and_set_connections" :: waited 0.000s {{(pid=109100) inner /opt/stack/data/venv/lib/python3.12/site-packages/oslo_concurrency/lockutils.py:519}}
Apr 11 17:02:24.687099 np0000165175 devstack@n-api-meta.service[109100]: DEBUG oslo_concurrency.lockutils [None req-38866b7a-b362-4498-a862-d1436c2d1b05 None None] Lock "00000000-0000-0000-0000-000000000000" "released" by "nova.context.set_target_cell..get_or_set_cached_cell_and_set_connections" :: held 0.000s {{(pid=109100) inner /opt/stack/data/venv/lib/python3.12/site-packages/oslo_concurrency/lockutils.py:538}}
Apr 11 17:02:24.687878 np0000165175 devstack@n-api-meta.service[109100]: DEBUG oslo_concurrency.lockutils [None req-38866b7a-b362-4498-a862-d1436c2d1b05 None None] Acquiring lock "8f4d914f-9aa9-4ffc-af18-7a47dc7ddea1" by "nova.context.set_target_cell..get_or_set_cached_cell_and_set_connections" {{(pid=109100) inner /opt/stack/data/venv/lib/python3.12/site-packages/oslo_concurrency/lockutils.py:506}}
Apr 11 17:02:24.688010 np0000165175 devstack@n-api-meta.service[109100]: DEBUG oslo_concurrency.lockutils [None req-38866b7a-b362-4498-a862-d1436c2d1b05 None None] Lock "8f4d914f-9aa9-4ffc-af18-7a47dc7ddea1" acquired by "nova.context.set_target_cell..get_or_set_cached_cell_and_set_connections" :: waited 0.000s {{(pid=109100) inner /opt/stack/data/venv/lib/python3.12/site-packages/oslo_concurrency/lockutils.py:519}}
Apr 11 17:02:24.688841 np0000165175 devstack@n-api-meta.service[109100]: DEBUG oslo_concurrency.lockutils [None req-38866b7a-b362-4498-a862-d1436c2d1b05 None None] Lock "8f4d914f-9aa9-4ffc-af18-7a47dc7ddea1" "released" by "nova.context.set_target_cell..get_or_set_cached_cell_and_set_connections" :: held 0.001s {{(pid=109100) inner /opt/stack/data/venv/lib/python3.12/site-packages/oslo_concurrency/lockutils.py:538}}
Apr 11 17:02:24.690086 np0000165175 devstack@n-api-meta.service[109097]: DEBUG oslo_db.sqlalchemy.engines [None req-1de3e6dc-529e-41ef-849d-d8b47e6c07e1 None None] MySQL server mode set to STRICT_TRANS_TABLES,STRICT_ALL_TABLES,NO_ZERO_IN_DATE,NO_ZERO_DATE,ERROR_FOR_DIVISION_BY_ZERO,TRADITIONAL,NO_ENGINE_SUBSTITUTION {{(pid=109097) _check_effective_sql_mode /opt/stack/data/venv/lib/python3.12/site-packages/oslo_db/sqlalchemy/engines.py:325}}
Apr 11 17:02:24.691625 np0000165175 devstack@n-api-meta.service[109100]: INFO dbcounter [None req-38866b7a-b362-4498-a862-d1436c2d1b05 None None] Registered counter for database nova_cell0
Apr 11 17:02:24.697149 np0000165175 devstack@n-api-meta.service[109100]: INFO dbcounter [None req-38866b7a-b362-4498-a862-d1436c2d1b05 None None] Registered counter for database nova_cell1
Apr 11 17:02:24.699419 np0000165175 devstack@n-api-meta.service[109099]: DEBUG oslo_db.sqlalchemy.engines [None req-91389e2d-9639-42bb-8e65-99208cf59995 None None] MySQL server mode set to STRICT_TRANS_TABLES,STRICT_ALL_TABLES,NO_ZERO_IN_DATE,NO_ZERO_DATE,ERROR_FOR_DIVISION_BY_ZERO,TRADITIONAL,NO_ENGINE_SUBSTITUTION {{(pid=109099) _check_effective_sql_mode /opt/stack/data/venv/lib/python3.12/site-packages/oslo_db/sqlalchemy/engines.py:325}}
Apr 11 17:02:24.707819 np0000165175 devstack@n-api-meta.service[109100]: DEBUG oslo_db.sqlalchemy.engines [None req-38866b7a-b362-4498-a862-d1436c2d1b05 None None] MySQL server mode set to STRICT_TRANS_TABLES,STRICT_ALL_TABLES,NO_ZERO_IN_DATE,NO_ZERO_DATE,ERROR_FOR_DIVISION_BY_ZERO,TRADITIONAL,NO_ENGINE_SUBSTITUTION {{(pid=109100) _check_effective_sql_mode /opt/stack/data/venv/lib/python3.12/site-packages/oslo_db/sqlalchemy/engines.py:325}}
Apr 11 17:02:24.710785 np0000165175 devstack@n-api-meta.service[109098]: DEBUG dbcounter [-] [109098] Writer thread running {{(pid=109098) stat_writer /opt/stack/data/venv/lib/python3.12/site-packages/dbcounter.py:102}}
Apr 11 17:02:24.712062 np0000165175 devstack@n-api-meta.service[109100]: DEBUG oslo_db.sqlalchemy.engines [None req-38866b7a-b362-4498-a862-d1436c2d1b05 None None] MySQL server mode set to STRICT_TRANS_TABLES,STRICT_ALL_TABLES,NO_ZERO_IN_DATE,NO_ZERO_DATE,ERROR_FOR_DIVISION_BY_ZERO,TRADITIONAL,NO_ENGINE_SUBSTITUTION {{(pid=109100) _check_effective_sql_mode /opt/stack/data/venv/lib/python3.12/site-packages/oslo_db/sqlalchemy/engines.py:325}}
Apr 11 17:02:24.713352 np0000165175 devstack@n-api-meta.service[109098]: DEBUG nova.context [None req-721b43e7-6bf8-460b-a185-6819ddb1d5d8 None None] Found 2 cells: 00000000-0000-0000-0000-000000000000(cell0),8f4d914f-9aa9-4ffc-af18-7a47dc7ddea1(cell1) {{(pid=109098) load_cells /opt/stack/nova/nova/context.py:509}}
Apr 11 17:02:24.713574 np0000165175 devstack@n-api-meta.service[109098]: INFO nova.utils [None req-721b43e7-6bf8-460b-a185-6819ddb1d5d8 None None] The cell worker thread pool MainProcess.cell_worker is initialized
Apr 11 17:02:24.715369 np0000165175 devstack@n-api-meta.service[109098]: DEBUG oslo_concurrency.lockutils [None req-721b43e7-6bf8-460b-a185-6819ddb1d5d8 None None] Acquiring lock "00000000-0000-0000-0000-000000000000" by "nova.context.set_target_cell..get_or_set_cached_cell_and_set_connections" {{(pid=109098) inner /opt/stack/data/venv/lib/python3.12/site-packages/oslo_concurrency/lockutils.py:506}}
Apr 11 17:02:24.715521 np0000165175 devstack@n-api-meta.service[109098]: DEBUG oslo_concurrency.lockutils [None req-721b43e7-6bf8-460b-a185-6819ddb1d5d8 None None] Lock "00000000-0000-0000-0000-000000000000" acquired by "nova.context.set_target_cell..get_or_set_cached_cell_and_set_connections" :: waited 0.000s {{(pid=109098) inner /opt/stack/data/venv/lib/python3.12/site-packages/oslo_concurrency/lockutils.py:519}}
Apr 11 17:02:24.716006 np0000165175 devstack@n-api-meta.service[109098]: DEBUG oslo_concurrency.lockutils [None req-721b43e7-6bf8-460b-a185-6819ddb1d5d8 None None] Lock "00000000-0000-0000-0000-000000000000" "released" by "nova.context.set_target_cell..get_or_set_cached_cell_and_set_connections" :: held 0.000s {{(pid=109098) inner /opt/stack/data/venv/lib/python3.12/site-packages/oslo_concurrency/lockutils.py:538}}
Apr 11 17:02:24.716780 np0000165175 devstack@n-api-meta.service[109098]: DEBUG oslo_concurrency.lockutils [None req-721b43e7-6bf8-460b-a185-6819ddb1d5d8 None None] Acquiring lock "8f4d914f-9aa9-4ffc-af18-7a47dc7ddea1" by "nova.context.set_target_cell..get_or_set_cached_cell_and_set_connections" {{(pid=109098) inner /opt/stack/data/venv/lib/python3.12/site-packages/oslo_concurrency/lockutils.py:506}}
Apr 11 17:02:24.716990 np0000165175 devstack@n-api-meta.service[109098]: DEBUG oslo_concurrency.lockutils [None req-721b43e7-6bf8-460b-a185-6819ddb1d5d8 None None] Lock "8f4d914f-9aa9-4ffc-af18-7a47dc7ddea1" acquired by "nova.context.set_target_cell..get_or_set_cached_cell_and_set_connections" :: waited 0.000s {{(pid=109098) inner /opt/stack/data/venv/lib/python3.12/site-packages/oslo_concurrency/lockutils.py:519}}
Apr 11 17:02:24.718089 np0000165175 devstack@n-api-meta.service[109098]: DEBUG oslo_concurrency.lockutils [None req-721b43e7-6bf8-460b-a185-6819ddb1d5d8 None None] Lock "8f4d914f-9aa9-4ffc-af18-7a47dc7ddea1" "released" by "nova.context.set_target_cell..get_or_set_cached_cell_and_set_connections" :: held 0.001s {{(pid=109098) inner /opt/stack/data/venv/lib/python3.12/site-packages/oslo_concurrency/lockutils.py:538}}
Apr 11 17:02:24.720858 np0000165175 devstack@n-api-meta.service[109098]: INFO dbcounter [None req-721b43e7-6bf8-460b-a185-6819ddb1d5d8 None None] Registered counter for database nova_cell0
Apr 11 17:02:24.724170 np0000165175 devstack@n-api-meta.service[109097]: DEBUG dbcounter [-] [109097] Writer thread running {{(pid=109097) stat_writer /opt/stack/data/venv/lib/python3.12/site-packages/dbcounter.py:102}}
Apr 11 17:02:24.726154 np0000165175 devstack@n-api-meta.service[109098]: INFO dbcounter [None req-721b43e7-6bf8-460b-a185-6819ddb1d5d8 None None] Registered counter for database nova_cell1
Apr 11 17:02:24.726408 np0000165175 devstack@n-api-meta.service[109097]: DEBUG nova.context [None req-1de3e6dc-529e-41ef-849d-d8b47e6c07e1 None None] Found 2 cells: 00000000-0000-0000-0000-000000000000(cell0),8f4d914f-9aa9-4ffc-af18-7a47dc7ddea1(cell1) {{(pid=109097) load_cells /opt/stack/nova/nova/context.py:509}}
Apr 11 17:02:24.726657 np0000165175 devstack@n-api-meta.service[109097]: INFO nova.utils [None req-1de3e6dc-529e-41ef-849d-d8b47e6c07e1 None None] The cell worker thread pool MainProcess.cell_worker is initialized
Apr 11 17:02:24.728349 np0000165175 devstack@n-api-meta.service[109097]: DEBUG oslo_concurrency.lockutils [None req-1de3e6dc-529e-41ef-849d-d8b47e6c07e1 None None] Acquiring lock "00000000-0000-0000-0000-000000000000" by "nova.context.set_target_cell..get_or_set_cached_cell_and_set_connections" {{(pid=109097) inner /opt/stack/data/venv/lib/python3.12/site-packages/oslo_concurrency/lockutils.py:506}}
Apr 11 17:02:24.728720 np0000165175 devstack@n-api-meta.service[109097]: DEBUG oslo_concurrency.lockutils [None req-1de3e6dc-529e-41ef-849d-d8b47e6c07e1 None None] Lock "00000000-0000-0000-0000-000000000000" acquired by "nova.context.set_target_cell..get_or_set_cached_cell_and_set_connections" :: waited 0.000s {{(pid=109097) inner /opt/stack/data/venv/lib/python3.12/site-packages/oslo_concurrency/lockutils.py:519}}
Apr 11 17:02:24.728873 np0000165175 devstack@n-api-meta.service[109097]: DEBUG oslo_concurrency.lockutils [None req-1de3e6dc-529e-41ef-849d-d8b47e6c07e1 None None] Lock "00000000-0000-0000-0000-000000000000" "released" by "nova.context.set_target_cell..get_or_set_cached_cell_and_set_connections" :: held 0.000s {{(pid=109097) inner /opt/stack/data/venv/lib/python3.12/site-packages/oslo_concurrency/lockutils.py:538}}
Apr 11 17:02:24.729538 np0000165175 devstack@n-api-meta.service[109097]: DEBUG oslo_concurrency.lockutils [None req-1de3e6dc-529e-41ef-849d-d8b47e6c07e1 None None] Acquiring lock "8f4d914f-9aa9-4ffc-af18-7a47dc7ddea1" by "nova.context.set_target_cell..get_or_set_cached_cell_and_set_connections" {{(pid=109097) inner /opt/stack/data/venv/lib/python3.12/site-packages/oslo_concurrency/lockutils.py:506}}
Apr 11 17:02:24.729669 np0000165175 devstack@n-api-meta.service[109097]: DEBUG oslo_concurrency.lockutils [None req-1de3e6dc-529e-41ef-849d-d8b47e6c07e1 None None] Lock "8f4d914f-9aa9-4ffc-af18-7a47dc7ddea1" acquired by "nova.context.set_target_cell..get_or_set_cached_cell_and_set_connections" :: waited 0.000s {{(pid=109097) inner /opt/stack/data/venv/lib/python3.12/site-packages/oslo_concurrency/lockutils.py:519}}
Apr 11 17:02:24.730492 np0000165175 devstack@n-api-meta.service[109097]: DEBUG oslo_concurrency.lockutils [None req-1de3e6dc-529e-41ef-849d-d8b47e6c07e1 None None] Lock "8f4d914f-9aa9-4ffc-af18-7a47dc7ddea1" "released" by "nova.context.set_target_cell..get_or_set_cached_cell_and_set_connections" :: held 0.001s {{(pid=109097) inner /opt/stack/data/venv/lib/python3.12/site-packages/oslo_concurrency/lockutils.py:538}}
Apr 11 17:02:24.733497 np0000165175 devstack@n-api-meta.service[109097]: INFO dbcounter [None req-1de3e6dc-529e-41ef-849d-d8b47e6c07e1 None None] Registered counter for database nova_cell0
Apr 11 17:02:24.733811 np0000165175 devstack@n-api-meta.service[109099]: DEBUG dbcounter [-] [109099] Writer thread running {{(pid=109099) stat_writer /opt/stack/data/venv/lib/python3.12/site-packages/dbcounter.py:102}}
Apr 11 17:02:24.736747 np0000165175 devstack@n-api-meta.service[109098]: DEBUG oslo_db.sqlalchemy.engines [None req-721b43e7-6bf8-460b-a185-6819ddb1d5d8 None None] MySQL server mode set to STRICT_TRANS_TABLES,STRICT_ALL_TABLES,NO_ZERO_IN_DATE,NO_ZERO_DATE,ERROR_FOR_DIVISION_BY_ZERO,TRADITIONAL,NO_ENGINE_SUBSTITUTION {{(pid=109098) _check_effective_sql_mode /opt/stack/data/venv/lib/python3.12/site-packages/oslo_db/sqlalchemy/engines.py:325}}
Apr 11 17:02:24.737010 np0000165175 devstack@n-api-meta.service[109099]: DEBUG nova.context [None req-91389e2d-9639-42bb-8e65-99208cf59995 None None] Found 2 cells: 00000000-0000-0000-0000-000000000000(cell0),8f4d914f-9aa9-4ffc-af18-7a47dc7ddea1(cell1) {{(pid=109099) load_cells /opt/stack/nova/nova/context.py:509}}
Apr 11 17:02:24.737324 np0000165175 devstack@n-api-meta.service[109099]: INFO nova.utils [None req-91389e2d-9639-42bb-8e65-99208cf59995 None None] The cell worker thread pool MainProcess.cell_worker is initialized
Apr 11 17:02:24.739306 np0000165175 devstack@n-api-meta.service[109097]: INFO dbcounter [None req-1de3e6dc-529e-41ef-849d-d8b47e6c07e1 None None] Registered counter for database nova_cell1
Apr 11 17:02:24.739870 np0000165175 devstack@n-api-meta.service[109099]: DEBUG oslo_concurrency.lockutils [None req-91389e2d-9639-42bb-8e65-99208cf59995 None None] Acquiring lock "00000000-0000-0000-0000-000000000000" by "nova.context.set_target_cell..get_or_set_cached_cell_and_set_connections" {{(pid=109099) inner /opt/stack/data/venv/lib/python3.12/site-packages/oslo_concurrency/lockutils.py:506}}
Apr 11 17:02:24.740052 np0000165175 devstack@n-api-meta.service[109099]: DEBUG oslo_concurrency.lockutils [None req-91389e2d-9639-42bb-8e65-99208cf59995 None None] Lock "00000000-0000-0000-0000-000000000000" acquired by "nova.context.set_target_cell..get_or_set_cached_cell_and_set_connections" :: waited 0.000s {{(pid=109099) inner /opt/stack/data/venv/lib/python3.12/site-packages/oslo_concurrency/lockutils.py:519}}
Apr 11 17:02:24.740386 np0000165175 devstack@n-api-meta.service[109099]: DEBUG oslo_concurrency.lockutils [None req-91389e2d-9639-42bb-8e65-99208cf59995 None None] Lock "00000000-0000-0000-0000-000000000000" "released" by "nova.context.set_target_cell..get_or_set_cached_cell_and_set_connections" :: held 0.000s {{(pid=109099) inner /opt/stack/data/venv/lib/python3.12/site-packages/oslo_concurrency/lockutils.py:538}}
Apr 11 17:02:24.741087 np0000165175 devstack@n-api-meta.service[109099]: DEBUG oslo_concurrency.lockutils [None req-91389e2d-9639-42bb-8e65-99208cf59995 None None] Acquiring lock "8f4d914f-9aa9-4ffc-af18-7a47dc7ddea1" by "nova.context.set_target_cell..get_or_set_cached_cell_and_set_connections" {{(pid=109099) inner /opt/stack/data/venv/lib/python3.12/site-packages/oslo_concurrency/lockutils.py:506}}
Apr 11 17:02:24.741259 np0000165175 devstack@n-api-meta.service[109099]: DEBUG oslo_concurrency.lockutils [None req-91389e2d-9639-42bb-8e65-99208cf59995 None None] Lock "8f4d914f-9aa9-4ffc-af18-7a47dc7ddea1" acquired by "nova.context.set_target_cell..get_or_set_cached_cell_and_set_connections" :: waited 0.000s {{(pid=109099) inner /opt/stack/data/venv/lib/python3.12/site-packages/oslo_concurrency/lockutils.py:519}}
Apr 11 17:02:24.742084 np0000165175 devstack@n-api-meta.service[109099]: DEBUG oslo_concurrency.lockutils [None req-91389e2d-9639-42bb-8e65-99208cf59995 None None] Lock "8f4d914f-9aa9-4ffc-af18-7a47dc7ddea1" "released" by "nova.context.set_target_cell..get_or_set_cached_cell_and_set_connections" :: held 0.001s {{(pid=109099) inner /opt/stack/data/venv/lib/python3.12/site-packages/oslo_concurrency/lockutils.py:538}}
Apr 11 17:02:24.743866 np0000165175 devstack@n-api-meta.service[109098]: DEBUG oslo_db.sqlalchemy.engines [None req-721b43e7-6bf8-460b-a185-6819ddb1d5d8 None None] MySQL server mode set to STRICT_TRANS_TABLES,STRICT_ALL_TABLES,NO_ZERO_IN_DATE,NO_ZERO_DATE,ERROR_FOR_DIVISION_BY_ZERO,TRADITIONAL,NO_ENGINE_SUBSTITUTION {{(pid=109098) _check_effective_sql_mode /opt/stack/data/venv/lib/python3.12/site-packages/oslo_db/sqlalchemy/engines.py:325}}
Apr 11 17:02:24.745364 np0000165175 devstack@n-api-meta.service[109099]: INFO dbcounter [None req-91389e2d-9639-42bb-8e65-99208cf59995 None None] Registered counter for database nova_cell0
Apr 11 17:02:24.746910 np0000165175 devstack@n-api-meta.service[109097]: DEBUG oslo_db.sqlalchemy.engines [None req-1de3e6dc-529e-41ef-849d-d8b47e6c07e1 None None] MySQL server mode set to STRICT_TRANS_TABLES,STRICT_ALL_TABLES,NO_ZERO_IN_DATE,NO_ZERO_DATE,ERROR_FOR_DIVISION_BY_ZERO,TRADITIONAL,NO_ENGINE_SUBSTITUTION {{(pid=109097) _check_effective_sql_mode /opt/stack/data/venv/lib/python3.12/site-packages/oslo_db/sqlalchemy/engines.py:325}}
Apr 11 17:02:24.751803 np0000165175 devstack@n-api-meta.service[109099]: INFO dbcounter [None req-91389e2d-9639-42bb-8e65-99208cf59995 None None] Registered counter for database nova_cell1
Apr 11 17:02:24.752891 np0000165175 devstack@n-api-meta.service[109097]: DEBUG oslo_db.sqlalchemy.engines [None req-1de3e6dc-529e-41ef-849d-d8b47e6c07e1 None None] MySQL server mode set to STRICT_TRANS_TABLES,STRICT_ALL_TABLES,NO_ZERO_IN_DATE,NO_ZERO_DATE,ERROR_FOR_DIVISION_BY_ZERO,TRADITIONAL,NO_ENGINE_SUBSTITUTION {{(pid=109097) _check_effective_sql_mode /opt/stack/data/venv/lib/python3.12/site-packages/oslo_db/sqlalchemy/engines.py:325}}
Apr 11 17:02:24.763181 np0000165175 devstack@n-api-meta.service[109099]: DEBUG oslo_db.sqlalchemy.engines [None req-91389e2d-9639-42bb-8e65-99208cf59995 None None] MySQL server mode set to STRICT_TRANS_TABLES,STRICT_ALL_TABLES,NO_ZERO_IN_DATE,NO_ZERO_DATE,ERROR_FOR_DIVISION_BY_ZERO,TRADITIONAL,NO_ENGINE_SUBSTITUTION {{(pid=109099) _check_effective_sql_mode /opt/stack/data/venv/lib/python3.12/site-packages/oslo_db/sqlalchemy/engines.py:325}}
Apr 11 17:02:24.766371 np0000165175 devstack@n-api-meta.service[109099]: DEBUG oslo_db.sqlalchemy.engines [None req-91389e2d-9639-42bb-8e65-99208cf59995 None None] MySQL server mode set to STRICT_TRANS_TABLES,STRICT_ALL_TABLES,NO_ZERO_IN_DATE,NO_ZERO_DATE,ERROR_FOR_DIVISION_BY_ZERO,TRADITIONAL,NO_ENGINE_SUBSTITUTION {{(pid=109099) _check_effective_sql_mode /opt/stack/data/venv/lib/python3.12/site-packages/oslo_db/sqlalchemy/engines.py:325}}
Apr 11 17:02:24.808532 np0000165175 devstack@n-api-meta.service[109100]: DEBUG dbcounter [-] [109100] Writer thread running {{(pid=109100) stat_writer /opt/stack/data/venv/lib/python3.12/site-packages/dbcounter.py:102}}
Apr 11 17:02:24.809230 np0000165175 devstack@n-api-meta.service[109100]: DEBUG dbcounter [-] [109100] Writer thread running {{(pid=109100) stat_writer /opt/stack/data/venv/lib/python3.12/site-packages/dbcounter.py:102}}
Apr 11 17:02:24.814213 np0000165175 devstack@n-api-meta.service[109100]: INFO dbcounter [None req-38866b7a-b362-4498-a862-d1436c2d1b05 None None] Registered counter for database nova_cell0
Apr 11 17:02:24.825165 np0000165175 devstack@n-api-meta.service[109100]: DEBUG oslo_db.sqlalchemy.engines [None req-38866b7a-b362-4498-a862-d1436c2d1b05 None None] MySQL server mode set to STRICT_TRANS_TABLES,STRICT_ALL_TABLES,NO_ZERO_IN_DATE,NO_ZERO_DATE,ERROR_FOR_DIVISION_BY_ZERO,TRADITIONAL,NO_ENGINE_SUBSTITUTION {{(pid=109100) _check_effective_sql_mode /opt/stack/data/venv/lib/python3.12/site-packages/oslo_db/sqlalchemy/engines.py:325}}
Apr 11 17:02:24.831807 np0000165175 devstack@n-api-meta.service[109098]: DEBUG dbcounter [-] [109098] Writer thread running {{(pid=109098) stat_writer /opt/stack/data/venv/lib/python3.12/site-packages/dbcounter.py:102}}
Apr 11 17:02:24.835142 np0000165175 devstack@n-api-meta.service[109100]: DEBUG dbcounter [-] [109100] Writer thread running {{(pid=109100) stat_writer /opt/stack/data/venv/lib/python3.12/site-packages/dbcounter.py:102}}
Apr 11 17:02:24.836494 np0000165175 devstack@n-api-meta.service[109098]: DEBUG dbcounter [-] [109098] Writer thread running {{(pid=109098) stat_writer /opt/stack/data/venv/lib/python3.12/site-packages/dbcounter.py:102}}
Apr 11 17:02:24.842916 np0000165175 devstack@n-api-meta.service[109098]: INFO dbcounter [None req-721b43e7-6bf8-460b-a185-6819ddb1d5d8 None None] Registered counter for database nova_cell0
Apr 11 17:02:24.850530 np0000165175 devstack@n-api-meta.service[109097]: DEBUG dbcounter [-] [109097] Writer thread running {{(pid=109097) stat_writer /opt/stack/data/venv/lib/python3.12/site-packages/dbcounter.py:102}}
Apr 11 17:02:24.851143 np0000165175 devstack@n-api-meta.service[109097]: DEBUG dbcounter [-] [109097] Writer thread running {{(pid=109097) stat_writer /opt/stack/data/venv/lib/python3.12/site-packages/dbcounter.py:102}}
Apr 11 17:02:24.851313 np0000165175 devstack@n-api-meta.service[109098]: DEBUG oslo_db.sqlalchemy.engines [None req-721b43e7-6bf8-460b-a185-6819ddb1d5d8 None None] MySQL server mode set to STRICT_TRANS_TABLES,STRICT_ALL_TABLES,NO_ZERO_IN_DATE,NO_ZERO_DATE,ERROR_FOR_DIVISION_BY_ZERO,TRADITIONAL,NO_ENGINE_SUBSTITUTION {{(pid=109098) _check_effective_sql_mode /opt/stack/data/venv/lib/python3.12/site-packages/oslo_db/sqlalchemy/engines.py:325}}
Apr 11 17:02:24.857136 np0000165175 devstack@n-api-meta.service[109097]: INFO dbcounter [None req-1de3e6dc-529e-41ef-849d-d8b47e6c07e1 None None] Registered counter for database nova_cell0
Apr 11 17:02:24.857406 np0000165175 devstack@n-api-meta.service[109098]: DEBUG dbcounter [-] [109098] Writer thread running {{(pid=109098) stat_writer /opt/stack/data/venv/lib/python3.12/site-packages/dbcounter.py:102}}
Apr 11 17:02:24.861301 np0000165175 devstack@n-api-meta.service[109099]: DEBUG dbcounter [-] [109099] Writer thread running {{(pid=109099) stat_writer /opt/stack/data/venv/lib/python3.12/site-packages/dbcounter.py:102}}
Apr 11 17:02:24.864701 np0000165175 devstack@n-api-meta.service[109099]: DEBUG dbcounter [-] [109099] Writer thread running {{(pid=109099) stat_writer /opt/stack/data/venv/lib/python3.12/site-packages/dbcounter.py:102}}
Apr 11 17:02:24.869905 np0000165175 devstack@n-api-meta.service[109099]: INFO dbcounter [None req-91389e2d-9639-42bb-8e65-99208cf59995 None None] Registered counter for database nova_cell0
Apr 11 17:02:24.872281 np0000165175 devstack@n-api-meta.service[109097]: DEBUG oslo_db.sqlalchemy.engines [None req-1de3e6dc-529e-41ef-849d-d8b47e6c07e1 None None] MySQL server mode set to STRICT_TRANS_TABLES,STRICT_ALL_TABLES,NO_ZERO_IN_DATE,NO_ZERO_DATE,ERROR_FOR_DIVISION_BY_ZERO,TRADITIONAL,NO_ENGINE_SUBSTITUTION {{(pid=109097) _check_effective_sql_mode /opt/stack/data/venv/lib/python3.12/site-packages/oslo_db/sqlalchemy/engines.py:325}}
Apr 11 17:02:24.877041 np0000165175 devstack@n-api-meta.service[109100]: WARNING nova.api.metadata.handler [None req-38866b7a-b362-4498-a862-d1436c2d1b05 None None] metadata_proxy_shared_secret is not configured, the metadata information returned by the proxy cannot be trusted
Apr 11 17:02:24.879256 np0000165175 devstack@n-api-meta.service[109100]: DEBUG nova.api.openstack.wsgi_app [None req-38866b7a-b362-4498-a862-d1436c2d1b05 None None] ******************************************************************************** {{(pid=109100) log_opt_values /opt/stack/data/venv/lib/python3.12/site-packages/oslo_config/cfg.py:2979}}
Apr 11 17:02:24.879329 np0000165175 devstack@n-api-meta.service[109100]: DEBUG nova.api.openstack.wsgi_app [None req-38866b7a-b362-4498-a862-d1436c2d1b05 None None] Configuration options gathered from: {{(pid=109100) log_opt_values /opt/stack/data/venv/lib/python3.12/site-packages/oslo_config/cfg.py:2980}}
Apr 11 17:02:24.879448 np0000165175 devstack@n-api-meta.service[109100]: DEBUG nova.api.openstack.wsgi_app [None req-38866b7a-b362-4498-a862-d1436c2d1b05 None None] command line args: [] {{(pid=109100) log_opt_values /opt/stack/data/venv/lib/python3.12/site-packages/oslo_config/cfg.py:2981}}
Apr 11 17:02:24.879594 np0000165175 devstack@n-api-meta.service[109100]: DEBUG nova.api.openstack.wsgi_app [None req-38866b7a-b362-4498-a862-d1436c2d1b05 None None] config files: ['/etc/nova/api-paste.ini', '/etc/nova/nova.conf'] {{(pid=109100) log_opt_values /opt/stack/data/venv/lib/python3.12/site-packages/oslo_config/cfg.py:2982}}
Apr 11 17:02:24.879737 np0000165175 devstack@n-api-meta.service[109100]: DEBUG nova.api.openstack.wsgi_app [None req-38866b7a-b362-4498-a862-d1436c2d1b05 None None] ================================================================================ {{(pid=109100) log_opt_values /opt/stack/data/venv/lib/python3.12/site-packages/oslo_config/cfg.py:2987}}
Apr 11 17:02:24.879887 np0000165175 devstack@n-api-meta.service[109100]: DEBUG nova.api.openstack.wsgi_app [None req-38866b7a-b362-4498-a862-d1436c2d1b05 None None] allow_resize_to_same_host = True {{(pid=109100) log_opt_values /opt/stack/data/venv/lib/python3.12/site-packages/oslo_config/cfg.py:2995}}
Apr 11 17:02:24.880031 np0000165175 devstack@n-api-meta.service[109100]: DEBUG nova.api.openstack.wsgi_app [None req-38866b7a-b362-4498-a862-d1436c2d1b05 None None] arq_binding_timeout = 300 {{(pid=109100) log_opt_values /opt/stack/data/venv/lib/python3.12/site-packages/oslo_config/cfg.py:2995}}
Apr 11 17:02:24.880149 np0000165175 devstack@n-api-meta.service[109100]: DEBUG nova.api.openstack.wsgi_app [None req-38866b7a-b362-4498-a862-d1436c2d1b05 None None] block_device_allocate_retries = 60 {{(pid=109100) log_opt_values /opt/stack/data/venv/lib/python3.12/site-packages/oslo_config/cfg.py:2995}}
Apr 11 17:02:24.880277 np0000165175 devstack@n-api-meta.service[109100]: DEBUG nova.api.openstack.wsgi_app [None req-38866b7a-b362-4498-a862-d1436c2d1b05 None None] block_device_allocate_retries_interval = 3 {{(pid=109100) log_opt_values /opt/stack/data/venv/lib/python3.12/site-packages/oslo_config/cfg.py:2995}}
Apr 11 17:02:24.880402 np0000165175 devstack@n-api-meta.service[109100]: DEBUG nova.api.openstack.wsgi_app [None req-38866b7a-b362-4498-a862-d1436c2d1b05 None None] cell_worker_thread_pool_size = 5 {{(pid=109100) log_opt_values /opt/stack/data/venv/lib/python3.12/site-packages/oslo_config/cfg.py:2995}}
Apr 11 17:02:24.880538 np0000165175 devstack@n-api-meta.service[109100]: DEBUG nova.api.openstack.wsgi_app [None req-38866b7a-b362-4498-a862-d1436c2d1b05 None None] cert = self.pem {{(pid=109100) log_opt_values /opt/stack/data/venv/lib/python3.12/site-packages/oslo_config/cfg.py:2995}}
Apr 11 17:02:24.880672 np0000165175 devstack@n-api-meta.service[109100]: DEBUG nova.api.openstack.wsgi_app [None req-38866b7a-b362-4498-a862-d1436c2d1b05 None None] compute_driver = libvirt.LibvirtDriver {{(pid=109100) log_opt_values /opt/stack/data/venv/lib/python3.12/site-packages/oslo_config/cfg.py:2995}}
Apr 11 17:02:24.880823 np0000165175 devstack@n-api-meta.service[109100]: DEBUG nova.api.openstack.wsgi_app [None req-38866b7a-b362-4498-a862-d1436c2d1b05 None None] compute_monitors = [] {{(pid=109100) log_opt_values /opt/stack/data/venv/lib/python3.12/site-packages/oslo_config/cfg.py:2995}}
Apr 11 17:02:24.880957 np0000165175 devstack@n-api-meta.service[109100]: DEBUG nova.api.openstack.wsgi_app [None req-38866b7a-b362-4498-a862-d1436c2d1b05 None None] config_dir = [] {{(pid=109100) log_opt_values /opt/stack/data/venv/lib/python3.12/site-packages/oslo_config/cfg.py:2995}}
Apr 11 17:02:24.881035 np0000165175 devstack@n-api-meta.service[109099]: DEBUG oslo_db.sqlalchemy.engines [None req-91389e2d-9639-42bb-8e65-99208cf59995 None None] MySQL server mode set to STRICT_TRANS_TABLES,STRICT_ALL_TABLES,NO_ZERO_IN_DATE,NO_ZERO_DATE,ERROR_FOR_DIVISION_BY_ZERO,TRADITIONAL,NO_ENGINE_SUBSTITUTION {{(pid=109099) _check_effective_sql_mode /opt/stack/data/venv/lib/python3.12/site-packages/oslo_db/sqlalchemy/engines.py:325}}
Apr 11 17:02:24.881091 np0000165175 devstack@n-api-meta.service[109100]: DEBUG nova.api.openstack.wsgi_app [None req-38866b7a-b362-4498-a862-d1436c2d1b05 None None] config_drive_format = iso9660 {{(pid=109100) log_opt_values /opt/stack/data/venv/lib/python3.12/site-packages/oslo_config/cfg.py:2995}}
Apr 11 17:02:24.881195 np0000165175 devstack@n-api-meta.service[109100]: DEBUG nova.api.openstack.wsgi_app [None req-38866b7a-b362-4498-a862-d1436c2d1b05 None None] config_file = ['/etc/nova/api-paste.ini', '/etc/nova/nova.conf'] {{(pid=109100) log_opt_values /opt/stack/data/venv/lib/python3.12/site-packages/oslo_config/cfg.py:2995}}
Apr 11 17:02:24.881325 np0000165175 devstack@n-api-meta.service[109100]: DEBUG nova.api.openstack.wsgi_app [None req-38866b7a-b362-4498-a862-d1436c2d1b05 None None] config_source = [] {{(pid=109100) log_opt_values /opt/stack/data/venv/lib/python3.12/site-packages/oslo_config/cfg.py:2995}}
Apr 11 17:02:24.881455 np0000165175 devstack@n-api-meta.service[109100]: DEBUG nova.api.openstack.wsgi_app [None req-38866b7a-b362-4498-a862-d1436c2d1b05 None None] console_host = np0000165175 {{(pid=109100) log_opt_values /opt/stack/data/venv/lib/python3.12/site-packages/oslo_config/cfg.py:2995}}
Apr 11 17:02:24.881598 np0000165175 devstack@n-api-meta.service[109100]: DEBUG nova.api.openstack.wsgi_app [None req-38866b7a-b362-4498-a862-d1436c2d1b05 None None] control_exchange = nova {{(pid=109100) log_opt_values /opt/stack/data/venv/lib/python3.12/site-packages/oslo_config/cfg.py:2995}}
Apr 11 17:02:24.881715 np0000165175 devstack@n-api-meta.service[109100]: DEBUG nova.api.openstack.wsgi_app [None req-38866b7a-b362-4498-a862-d1436c2d1b05 None None] cpu_allocation_ratio = None {{(pid=109100) log_opt_values /opt/stack/data/venv/lib/python3.12/site-packages/oslo_config/cfg.py:2995}}
Apr 11 17:02:24.881862 np0000165175 devstack@n-api-meta.service[109100]: DEBUG nova.api.openstack.wsgi_app [None req-38866b7a-b362-4498-a862-d1436c2d1b05 None None] daemon = False {{(pid=109100) log_opt_values /opt/stack/data/venv/lib/python3.12/site-packages/oslo_config/cfg.py:2995}}
Apr 11 17:02:24.881995 np0000165175 devstack@n-api-meta.service[109100]: DEBUG nova.api.openstack.wsgi_app [None req-38866b7a-b362-4498-a862-d1436c2d1b05 None None] debug = True {{(pid=109100) log_opt_values /opt/stack/data/venv/lib/python3.12/site-packages/oslo_config/cfg.py:2995}}
Apr 11 17:02:24.882117 np0000165175 devstack@n-api-meta.service[109100]: DEBUG nova.api.openstack.wsgi_app [None req-38866b7a-b362-4498-a862-d1436c2d1b05 None None] default_access_ip_network_name = None {{(pid=109100) log_opt_values /opt/stack/data/venv/lib/python3.12/site-packages/oslo_config/cfg.py:2995}}
Apr 11 17:02:24.882248 np0000165175 devstack@n-api-meta.service[109100]: DEBUG nova.api.openstack.wsgi_app [None req-38866b7a-b362-4498-a862-d1436c2d1b05 None None] default_availability_zone = nova {{(pid=109100) log_opt_values /opt/stack/data/venv/lib/python3.12/site-packages/oslo_config/cfg.py:2995}}
Apr 11 17:02:24.882303 np0000165175 devstack@n-api-meta.service[109097]: DEBUG dbcounter [-] [109097] Writer thread running {{(pid=109097) stat_writer /opt/stack/data/venv/lib/python3.12/site-packages/dbcounter.py:102}}
Apr 11 17:02:24.882380 np0000165175 devstack@n-api-meta.service[109100]: DEBUG nova.api.openstack.wsgi_app [None req-38866b7a-b362-4498-a862-d1436c2d1b05 None None] default_ephemeral_format = ext4 {{(pid=109100) log_opt_values /opt/stack/data/venv/lib/python3.12/site-packages/oslo_config/cfg.py:2995}}
Apr 11 17:02:24.882511 np0000165175 devstack@n-api-meta.service[109100]: DEBUG nova.api.openstack.wsgi_app [None req-38866b7a-b362-4498-a862-d1436c2d1b05 None None] default_green_pool_size = 1000 {{(pid=109100) log_opt_values /opt/stack/data/venv/lib/python3.12/site-packages/oslo_config/cfg.py:2995}}
Apr 11 17:02:24.882737 np0000165175 devstack@n-api-meta.service[109100]: DEBUG nova.api.openstack.wsgi_app [None req-38866b7a-b362-4498-a862-d1436c2d1b05 None None] default_log_levels = ['amqp=WARN', 'boto=WARN', 'sqlalchemy=WARN', 'suds=INFO', 'oslo.messaging=INFO', 'oslo_messaging=INFO', 'iso8601=WARN', 'requests.packages.urllib3.connectionpool=WARN', 'urllib3.connectionpool=WARN', 'websocket=WARN', 'requests.packages.urllib3.util.retry=WARN', 'urllib3.util.retry=WARN', 'keystonemiddleware=WARN', 'routes.middleware=WARN', 'stevedore=WARN', 'taskflow=WARN', 'keystoneauth=WARN', 'oslo.cache=INFO', 'oslo_policy=INFO', 'dogpile.core.dogpile=INFO', 'glanceclient=WARN', 'oslo.privsep.daemon=INFO'] {{(pid=109100) log_opt_values /opt/stack/data/venv/lib/python3.12/site-packages/oslo_config/cfg.py:2995}}
Apr 11 17:02:24.882879 np0000165175 devstack@n-api-meta.service[109100]: DEBUG nova.api.openstack.wsgi_app [None req-38866b7a-b362-4498-a862-d1436c2d1b05 None None] default_schedule_zone = None {{(pid=109100) log_opt_values /opt/stack/data/venv/lib/python3.12/site-packages/oslo_config/cfg.py:2995}}
Apr 11 17:02:24.882993 np0000165175 devstack@n-api-meta.service[109100]: DEBUG nova.api.openstack.wsgi_app [None req-38866b7a-b362-4498-a862-d1436c2d1b05 None None] default_thread_pool_size = 10 {{(pid=109100) log_opt_values /opt/stack/data/venv/lib/python3.12/site-packages/oslo_config/cfg.py:2995}}
Apr 11 17:02:24.883115 np0000165175 devstack@n-api-meta.service[109100]: DEBUG nova.api.openstack.wsgi_app [None req-38866b7a-b362-4498-a862-d1436c2d1b05 None None] disk_allocation_ratio = None {{(pid=109100) log_opt_values /opt/stack/data/venv/lib/python3.12/site-packages/oslo_config/cfg.py:2995}}
Apr 11 17:02:24.883240 np0000165175 devstack@n-api-meta.service[109100]: DEBUG nova.api.openstack.wsgi_app [None req-38866b7a-b362-4498-a862-d1436c2d1b05 None None] enable_new_services = True {{(pid=109100) log_opt_values /opt/stack/data/venv/lib/python3.12/site-packages/oslo_config/cfg.py:2995}}
Apr 11 17:02:24.883365 np0000165175 devstack@n-api-meta.service[109100]: DEBUG nova.api.openstack.wsgi_app [None req-38866b7a-b362-4498-a862-d1436c2d1b05 None None] flat_injected = False {{(pid=109100) log_opt_values /opt/stack/data/venv/lib/python3.12/site-packages/oslo_config/cfg.py:2995}}
Apr 11 17:02:24.883490 np0000165175 devstack@n-api-meta.service[109100]: DEBUG nova.api.openstack.wsgi_app [None req-38866b7a-b362-4498-a862-d1436c2d1b05 None None] force_config_drive = False {{(pid=109100) log_opt_values /opt/stack/data/venv/lib/python3.12/site-packages/oslo_config/cfg.py:2995}}
Apr 11 17:02:24.883616 np0000165175 devstack@n-api-meta.service[109100]: DEBUG nova.api.openstack.wsgi_app [None req-38866b7a-b362-4498-a862-d1436c2d1b05 None None] force_raw_images = True {{(pid=109100) log_opt_values /opt/stack/data/venv/lib/python3.12/site-packages/oslo_config/cfg.py:2995}}
Apr 11 17:02:24.883754 np0000165175 devstack@n-api-meta.service[109100]: DEBUG nova.api.openstack.wsgi_app [None req-38866b7a-b362-4498-a862-d1436c2d1b05 None None] graceful_shutdown_timeout = 5 {{(pid=109100) log_opt_values /opt/stack/data/venv/lib/python3.12/site-packages/oslo_config/cfg.py:2995}}
Apr 11 17:02:24.883921 np0000165175 devstack@n-api-meta.service[109100]: DEBUG nova.api.openstack.wsgi_app [None req-38866b7a-b362-4498-a862-d1436c2d1b05 None None] heal_instance_info_cache_interval = -1 {{(pid=109100) log_opt_values /opt/stack/data/venv/lib/python3.12/site-packages/oslo_config/cfg.py:2995}}
Apr 11 17:02:24.884094 np0000165175 devstack@n-api-meta.service[109100]: DEBUG nova.api.openstack.wsgi_app [None req-38866b7a-b362-4498-a862-d1436c2d1b05 None None] host = np0000165175 {{(pid=109100) log_opt_values /opt/stack/data/venv/lib/python3.12/site-packages/oslo_config/cfg.py:2995}}
Apr 11 17:02:24.884227 np0000165175 devstack@n-api-meta.service[109100]: DEBUG nova.api.openstack.wsgi_app [None req-38866b7a-b362-4498-a862-d1436c2d1b05 None None] initial_cpu_allocation_ratio = 4.0 {{(pid=109100) log_opt_values /opt/stack/data/venv/lib/python3.12/site-packages/oslo_config/cfg.py:2995}}
Apr 11 17:02:24.884354 np0000165175 devstack@n-api-meta.service[109100]: DEBUG nova.api.openstack.wsgi_app [None req-38866b7a-b362-4498-a862-d1436c2d1b05 None None] initial_disk_allocation_ratio = 1.0 {{(pid=109100) log_opt_values /opt/stack/data/venv/lib/python3.12/site-packages/oslo_config/cfg.py:2995}}
Apr 11 17:02:24.884488 np0000165175 devstack@n-api-meta.service[109100]: DEBUG nova.api.openstack.wsgi_app [None req-38866b7a-b362-4498-a862-d1436c2d1b05 None None] initial_ram_allocation_ratio = 1.0 {{(pid=109100) log_opt_values /opt/stack/data/venv/lib/python3.12/site-packages/oslo_config/cfg.py:2995}}
Apr 11 17:02:24.884656 np0000165175 devstack@n-api-meta.service[109100]: DEBUG nova.api.openstack.wsgi_app [None req-38866b7a-b362-4498-a862-d1436c2d1b05 None None] injected_network_template = /opt/stack/nova/nova/virt/interfaces.template {{(pid=109100) log_opt_values /opt/stack/data/venv/lib/python3.12/site-packages/oslo_config/cfg.py:2995}}
Apr 11 17:02:24.884821 np0000165175 devstack@n-api-meta.service[109100]: DEBUG nova.api.openstack.wsgi_app [None req-38866b7a-b362-4498-a862-d1436c2d1b05 None None] instance_build_timeout = 0 {{(pid=109100) log_opt_values /opt/stack/data/venv/lib/python3.12/site-packages/oslo_config/cfg.py:2995}}
Apr 11 17:02:24.884953 np0000165175 devstack@n-api-meta.service[109100]: DEBUG nova.api.openstack.wsgi_app [None req-38866b7a-b362-4498-a862-d1436c2d1b05 None None] instance_delete_interval = 300 {{(pid=109100) log_opt_values /opt/stack/data/venv/lib/python3.12/site-packages/oslo_config/cfg.py:2995}}
Apr 11 17:02:24.885086 np0000165175 devstack@n-api-meta.service[109100]: DEBUG nova.api.openstack.wsgi_app [None req-38866b7a-b362-4498-a862-d1436c2d1b05 None None] instance_format = [instance: %(uuid)s] {{(pid=109100) log_opt_values /opt/stack/data/venv/lib/python3.12/site-packages/oslo_config/cfg.py:2995}}
Apr 11 17:02:24.885217 np0000165175 devstack@n-api-meta.service[109100]: DEBUG nova.api.openstack.wsgi_app [None req-38866b7a-b362-4498-a862-d1436c2d1b05 None None] instance_name_template = instance-%08x {{(pid=109100) log_opt_values /opt/stack/data/venv/lib/python3.12/site-packages/oslo_config/cfg.py:2995}}
