File "/opt/stack/neutron/neutron/common/ovn/hash_ring_manager.py", line 95, in _load_hash_ring
Jun 28 22:44:21.801277 np0000183312 neutron-rpc-server[105025]: ERROR neutron.plugins.ml2.drivers.ovn.mech_driver.ovsdb.ovsdb_monitor self._wait_startup_before_caching or
Jun 28 22:44:21.801277 np0000183312 neutron-rpc-server[105025]: ERROR neutron.plugins.ml2.drivers.ovn.mech_driver.ovsdb.ovsdb_monitor ^^^^^^^^^^^^^^^^^^^^^^^^^^^^^^^^^
Jun 28 22:44:21.801277 np0000183312 neutron-rpc-server[105025]: ERROR neutron.plugins.ml2.drivers.ovn.mech_driver.ovsdb.ovsdb_monitor
File "/opt/stack/neutron/neutron/common/ovn/hash_ring_manager.py", line 63, in _wait_startup_before_caching
Jun 28 22:44:21.801277 np0000183312 neutron-rpc-server[105025]: ERROR neutron.plugins.ml2.drivers.ovn.mech_driver.ovsdb.ovsdb_monitor raise RuntimeError(msg)
Jun 28 22:44:21.801277 np0000183312 neutron-rpc-server[105025]: ERROR neutron.plugins.ml2.drivers.ovn.mech_driver.ovsdb.ovsdb_monitor RuntimeError: The Neutron API workers count is zero
Jun 28 22:44:21.801678 np0000183312 neutron-rpc-server[105025]: ERROR neutron.plugins.ml2.drivers.ovn.mech_driver.ovsdb.ovsdb_monitor
Jun 28 22:44:21.801789 np0000183312 neutron-rpc-server[105097]: DEBUG cotyledon.oslo_config_glue [-] instance_uuid_format = [instance: %(uuid)s] {{(pid=105097) log_opt_values /opt/stack/data/venv/lib/python3.12/site-packages/oslo_config/cfg.py:3242}}
Jun 28 22:44:21.801930 np0000183312 neutron-rpc-server[105025]: ERROR neutron.common.ovn.hash_ring_manager [None req-1d740e6e-ae9e-4914-b707-a5da1406f2bb None None] The Neutron API workers count is zero
Jun 28 22:44:21.802064 np0000183312 neutron-rpc-server[105097]: DEBUG cotyledon.oslo_config_glue [-] ipam_driver = internal {{(pid=105097) log_opt_values /opt/stack/data/venv/lib/python3.12/site-packages/oslo_config/cfg.py:3242}}
Jun 28 22:44:21.802064 np0000183312 neutron-rpc-server[105097]: DEBUG cotyledon.oslo_config_glue [-] ipv6_pd_enabled = False {{(pid=105097) log_opt_values /opt/stack/data/venv/lib/python3.12/site-packages/oslo_config/cfg.py:3242}}
Jun 28 22:44:21.802211 np0000183312 neutron-rpc-server[105025]: ERROR neutron.plugins.ml2.drivers.ovn.mech_driver.ovsdb.ovsdb_monitor [None req-1d740e6e-ae9e-4914-b707-a5da1406f2bb None None] The Neutron API workers count is zero: RuntimeError: The Neutron API workers count is zero
Jun 28 22:44:21.802211 np0000183312 neutron-rpc-server[105025]: ERROR neutron.plugins.ml2.drivers.ovn.mech_driver.ovsdb.ovsdb_monitor
Traceback (most recent call last):
Jun 28 22:44:21.802211 np0000183312 neutron-rpc-server[105025]: ERROR neutron.plugins.ml2.drivers.ovn.mech_driver.ovsdb.ovsdb_monitor
File "/opt/stack/neutron/neutron/plugins/ml2/drivers/ovn/mech_driver/ovsdb/ovsdb_monitor.py", line 989, in notify
Jun 28 22:44:21.802211 np0000183312 neutron-rpc-server[105025]: ERROR neutron.plugins.ml2.drivers.ovn.mech_driver.ovsdb.ovsdb_monitor target_node, node_last_touch = self._hash_ring.get_node(
Jun 28 22:44:21.802211 np0000183312 neutron-rpc-server[105025]: ERROR neutron.plugins.ml2.drivers.ovn.mech_driver.ovsdb.ovsdb_monitor ^^^^^^^^^^^^^^^^^^^^^^^^^
Jun 28 22:44:21.802211 np0000183312 neutron-rpc-server[105025]: ERROR neutron.plugins.ml2.drivers.ovn.mech_driver.ovsdb.ovsdb_monitor
File "/opt/stack/neutron/neutron/common/ovn/hash_ring_manager.py", line 117, in get_node
Jun 28 22:44:21.802211 np0000183312 neutron-rpc-server[105025]: ERROR neutron.plugins.ml2.drivers.ovn.mech_driver.ovsdb.ovsdb_monitor self._load_hash_ring()
Jun 28 22:44:21.802211 np0000183312 neutron-rpc-server[105025]: ERROR neutron.plugins.ml2.drivers.ovn.mech_driver.ovsdb.ovsdb_monitor
File "/opt/stack/neutron/neutron/common/ovn/hash_ring_manager.py", line 95, in _load_hash_ring
Jun 28 22:44:21.802211 np0000183312 neutron-rpc-server[105025]: ERROR neutron.plugins.ml2.drivers.ovn.mech_driver.ovsdb.ovsdb_monitor self._wait_startup_before_caching or
Jun 28 22:44:21.802211 np0000183312 neutron-rpc-server[105025]: ERROR neutron.plugins.ml2.drivers.ovn.mech_driver.ovsdb.ovsdb_monitor ^^^^^^^^^^^^^^^^^^^^^^^^^^^^^^^^^
Jun 28 22:44:21.802211 np0000183312 neutron-rpc-server[105025]: ERROR neutron.plugins.ml2.drivers.ovn.mech_driver.ovsdb.ovsdb_monitor
File "/opt/stack/neutron/neutron/common/ovn/hash_ring_manager.py", line 63, in _wait_startup_before_caching
Jun 28 22:44:21.802211 np0000183312 neutron-rpc-server[105025]: ERROR neutron.plugins.ml2.drivers.ovn.mech_driver.ovsdb.ovsdb_monitor raise RuntimeError(msg)
Jun 28 22:44:21.802211 np0000183312 neutron-rpc-server[105025]: ERROR neutron.plugins.ml2.drivers.ovn.mech_driver.ovsdb.ovsdb_monitor RuntimeError: The Neutron API workers count is zero
Jun 28 22:44:21.802573 np0000183312 neutron-rpc-server[105025]: ERROR neutron.plugins.ml2.drivers.ovn.mech_driver.ovsdb.ovsdb_monitor
Jun 28 22:44:21.802573 np0000183312 neutron-rpc-server[105025]: ERROR neutron.common.ovn.hash_ring_manager [None req-1d740e6e-ae9e-4914-b707-a5da1406f2bb None None] The Neutron API workers count is zero
Jun 28 22:44:21.802709 np0000183312 neutron-rpc-server[105097]: DEBUG cotyledon.oslo_config_glue [-] l3_ha = False {{(pid=105097) log_opt_values /opt/stack/data/venv/lib/python3.12/site-packages/oslo_config/cfg.py:3242}}
Jun 28 22:44:21.802849 np0000183312 neutron-rpc-server[105025]: ERROR neutron.plugins.ml2.drivers.ovn.mech_driver.ovsdb.ovsdb_monitor [None req-1d740e6e-ae9e-4914-b707-a5da1406f2bb None None] The Neutron API workers count is zero: RuntimeError: The Neutron API workers count is zero
Jun 28 22:44:21.802849 np0000183312 neutron-rpc-server[105025]: ERROR neutron.plugins.ml2.drivers.ovn.mech_driver.ovsdb.ovsdb_monitor
Traceback (most recent call last):
Jun 28 22:44:21.802849 np0000183312 neutron-rpc-server[105025]: ERROR neutron.plugins.ml2.drivers.ovn.mech_driver.ovsdb.ovsdb_monitor
File "/opt/stack/neutron/neutron/plugins/ml2/drivers/ovn/mech_driver/ovsdb/ovsdb_monitor.py", line 989, in notify
Jun 28 22:44:21.802849 np0000183312 neutron-rpc-server[105025]: ERROR neutron.plugins.ml2.drivers.ovn.mech_driver.ovsdb.ovsdb_monitor target_node, node_last_touch = self._hash_ring.get_node(
Jun 28 22:44:21.802849 np0000183312 neutron-rpc-server[105025]: ERROR neutron.plugins.ml2.drivers.ovn.mech_driver.ovsdb.ovsdb_monitor ^^^^^^^^^^^^^^^^^^^^^^^^^
Jun 28 22:44:21.802849 np0000183312 neutron-rpc-server[105025]: ERROR neutron.plugins.ml2.drivers.ovn.mech_driver.ovsdb.ovsdb_monitor
File "/opt/stack/neutron/neutron/common/ovn/hash_ring_manager.py", line 117, in get_node
Jun 28 22:44:21.802849 np0000183312 neutron-rpc-server[105025]: ERROR neutron.plugins.ml2.drivers.ovn.mech_driver.ovsdb.ovsdb_monitor self._load_hash_ring()
Jun 28 22:44:21.802849 np0000183312 neutron-rpc-server[105025]: ERROR neutron.plugins.ml2.drivers.ovn.mech_driver.ovsdb.ovsdb_monitor
File "/opt/stack/neutron/neutron/common/ovn/hash_ring_manager.py", line 95, in _load_hash_ring
Jun 28 22:44:21.802849 np0000183312 neutron-rpc-server[105025]: ERROR neutron.plugins.ml2.drivers.ovn.mech_driver.ovsdb.ovsdb_monitor self._wait_startup_before_caching or
Jun 28 22:44:21.802849 np0000183312 neutron-rpc-server[105025]: ERROR neutron.plugins.ml2.drivers.ovn.mech_driver.ovsdb.ovsdb_monitor ^^^^^^^^^^^^^^^^^^^^^^^^^^^^^^^^^
Jun 28 22:44:21.802849 np0000183312 neutron-rpc-server[105025]: ERROR neutron.plugins.ml2.drivers.ovn.mech_driver.ovsdb.ovsdb_monitor
File "/opt/stack/neutron/neutron/common/ovn/hash_ring_manager.py", line 63, in _wait_startup_before_caching
Jun 28 22:44:21.802849 np0000183312 neutron-rpc-server[105025]: ERROR neutron.plugins.ml2.drivers.ovn.mech_driver.ovsdb.ovsdb_monitor raise RuntimeError(msg)
Jun 28 22:44:21.802849 np0000183312 neutron-rpc-server[105025]: ERROR neutron.plugins.ml2.drivers.ovn.mech_driver.ovsdb.ovsdb_monitor RuntimeError: The Neutron API workers count is zero
Jun 28 22:44:21.803208 np0000183312 neutron-rpc-server[105025]: ERROR neutron.plugins.ml2.drivers.ovn.mech_driver.ovsdb.ovsdb_monitor
Jun 28 22:44:21.803208 np0000183312 neutron-rpc-server[105025]: ERROR neutron.common.ovn.hash_ring_manager [None req-1d740e6e-ae9e-4914-b707-a5da1406f2bb None None] The Neutron API workers count is zero
Jun 28 22:44:21.803332 np0000183312 neutron-rpc-server[105097]: DEBUG cotyledon.oslo_config_glue [-] l3_ha_net_cidr = 169.254.192.0/18 {{(pid=105097) log_opt_values /opt/stack/data/venv/lib/python3.12/site-packages/oslo_config/cfg.py:3242}}
Jun 28 22:44:21.803332 np0000183312 neutron-rpc-server[105097]: DEBUG cotyledon.oslo_config_glue [-] l3_ha_network_physical_name = {{(pid=105097) log_opt_values /opt/stack/data/venv/lib/python3.12/site-packages/oslo_config/cfg.py:3242}}
Jun 28 22:44:21.803458 np0000183312 neutron-rpc-server[105025]: ERROR neutron.plugins.ml2.drivers.ovn.mech_driver.ovsdb.ovsdb_monitor [None req-1d740e6e-ae9e-4914-b707-a5da1406f2bb None None] The Neutron API workers count is zero: RuntimeError: The Neutron API workers count is zero
Jun 28 22:44:21.803458 np0000183312 neutron-rpc-server[105025]: ERROR neutron.plugins.ml2.drivers.ovn.mech_driver.ovsdb.ovsdb_monitor
Traceback (most recent call last):
Jun 28 22:44:21.803458 np0000183312 neutron-rpc-server[105025]: ERROR neutron.plugins.ml2.drivers.ovn.mech_driver.ovsdb.ovsdb_monitor
File "/opt/stack/neutron/neutron/plugins/ml2/drivers/ovn/mech_driver/ovsdb/ovsdb_monitor.py", line 989, in notify
Jun 28 22:44:21.803458 np0000183312 neutron-rpc-server[105025]: ERROR neutron.plugins.ml2.drivers.ovn.mech_driver.ovsdb.ovsdb_monitor target_node, node_last_touch = self._hash_ring.get_node(
Jun 28 22:44:21.803458 np0000183312 neutron-rpc-server[105025]: ERROR neutron.plugins.ml2.drivers.ovn.mech_driver.ovsdb.ovsdb_monitor ^^^^^^^^^^^^^^^^^^^^^^^^^
Jun 28 22:44:21.803458 np0000183312 neutron-rpc-server[105025]: ERROR neutron.plugins.ml2.drivers.ovn.mech_driver.ovsdb.ovsdb_monitor
File "/opt/stack/neutron/neutron/common/ovn/hash_ring_manager.py", line 117, in get_node
Jun 28 22:44:21.803458 np0000183312 neutron-rpc-server[105025]: ERROR neutron.plugins.ml2.drivers.ovn.mech_driver.ovsdb.ovsdb_monitor self._load_hash_ring()
Jun 28 22:44:21.803458 np0000183312 neutron-rpc-server[105025]: ERROR neutron.plugins.ml2.drivers.ovn.mech_driver.ovsdb.ovsdb_monitor
File "/opt/stack/neutron/neutron/common/ovn/hash_ring_manager.py", line 95, in _load_hash_ring
Jun 28 22:44:21.803458 np0000183312 neutron-rpc-server[105025]: ERROR neutron.plugins.ml2.drivers.ovn.mech_driver.ovsdb.ovsdb_monitor self._wait_startup_before_caching or
Jun 28 22:44:21.803458 np0000183312 neutron-rpc-server[105025]: ERROR neutron.plugins.ml2.drivers.ovn.mech_driver.ovsdb.ovsdb_monitor ^^^^^^^^^^^^^^^^^^^^^^^^^^^^^^^^^
Jun 28 22:44:21.803458 np0000183312 neutron-rpc-server[105025]: ERROR neutron.plugins.ml2.drivers.ovn.mech_driver.ovsdb.ovsdb_monitor
File "/opt/stack/neutron/neutron/common/ovn/hash_ring_manager.py", line 63, in _wait_startup_before_caching
Jun 28 22:44:21.803458 np0000183312 neutron-rpc-server[105025]: ERROR neutron.plugins.ml2.drivers.ovn.mech_driver.ovsdb.ovsdb_monitor raise RuntimeError(msg)
Jun 28 22:44:21.803458 np0000183312 neutron-rpc-server[105025]: ERROR neutron.plugins.ml2.drivers.ovn.mech_driver.ovsdb.ovsdb_monitor RuntimeError: The Neutron API workers count is zero
Jun 28 22:44:21.803779 np0000183312 neutron-rpc-server[105025]: ERROR neutron.plugins.ml2.drivers.ovn.mech_driver.ovsdb.ovsdb_monitor
Jun 28 22:44:21.803879 np0000183312 neutron-rpc-server[105097]: DEBUG cotyledon.oslo_config_glue [-] l3_ha_network_type = {{(pid=105097) log_opt_values /opt/stack/data/venv/lib/python3.12/site-packages/oslo_config/cfg.py:3242}}
Jun 28 22:44:21.803879 np0000183312 neutron-rpc-server[105097]: DEBUG cotyledon.oslo_config_glue [-] log_color = False {{(pid=105097) log_opt_values /opt/stack/data/venv/lib/python3.12/site-packages/oslo_config/cfg.py:3242}}
Jun 28 22:44:21.804019 np0000183312 neutron-rpc-server[105041]: INFO ovsdbapp.backend.ovs_idl.vlog [None req-856e4144-f587-4e80-be94-066162cb8501 None None] ssl:199.204.45.240:6641: connecting...
Jun 28 22:44:21.804173 np0000183312 neutron-rpc-server[105097]: DEBUG cotyledon.oslo_config_glue [-] log_config_append = None {{(pid=105097) log_opt_values /opt/stack/data/venv/lib/python3.12/site-packages/oslo_config/cfg.py:3242}}
Jun 28 22:44:21.804173 np0000183312 neutron-rpc-server[105097]: DEBUG cotyledon.oslo_config_glue [-] log_date_format = %Y-%m-%d %H:%M:%S {{(pid=105097) log_opt_values /opt/stack/data/venv/lib/python3.12/site-packages/oslo_config/cfg.py:3242}}
Jun 28 22:44:21.804173 np0000183312 neutron-rpc-server[105097]: DEBUG cotyledon.oslo_config_glue [-] log_dir = None {{(pid=105097) log_opt_values /opt/stack/data/venv/lib/python3.12/site-packages/oslo_config/cfg.py:3242}}
Jun 28 22:44:21.804173 np0000183312 neutron-rpc-server[105097]: DEBUG cotyledon.oslo_config_glue [-] log_file = None {{(pid=105097) log_opt_values /opt/stack/data/venv/lib/python3.12/site-packages/oslo_config/cfg.py:3242}}
Jun 28 22:44:21.804376 np0000183312 neutron-rpc-server[105025]: INFO neutron.plugins.ml2.drivers.ovn.mech_driver.ovsdb.impl_idl_ovn [None req-1d740e6e-ae9e-4914-b707-a5da1406f2bb None None] Getting OvsdbSbOvnIdl for RpcWorker with retry
Jun 28 22:44:21.804523 np0000183312 neutron-rpc-server[105097]: DEBUG cotyledon.oslo_config_glue [-] log_options = True {{(pid=105097) log_opt_values /opt/stack/data/venv/lib/python3.12/site-packages/oslo_config/cfg.py:3242}}
Jun 28 22:44:21.804523 np0000183312 neutron-rpc-server[105097]: DEBUG cotyledon.oslo_config_glue [-] log_rotate_interval = 1 {{(pid=105097) log_opt_values /opt/stack/data/venv/lib/python3.12/site-packages/oslo_config/cfg.py:3242}}
Jun 28 22:44:21.804523 np0000183312 neutron-rpc-server[105097]: DEBUG cotyledon.oslo_config_glue [-] log_rotate_interval_type = days {{(pid=105097) log_opt_values /opt/stack/data/venv/lib/python3.12/site-packages/oslo_config/cfg.py:3242}}
Jun 28 22:44:21.804523 np0000183312 neutron-rpc-server[105097]: DEBUG cotyledon.oslo_config_glue [-] log_rotation_type = none {{(pid=105097) log_opt_values /opt/stack/data/venv/lib/python3.12/site-packages/oslo_config/cfg.py:3242}}
Jun 28 22:44:21.804523 np0000183312 neutron-rpc-server[105097]: DEBUG cotyledon.oslo_config_glue [-] logging_context_format_string = %(color)s%(levelname)s %(name)s [%(global_request_id)s %(request_id)s %(project_name)s %(user_name)s%(color)s] %(instance)s%(color)s%(message)s {{(pid=105097) log_opt_values /opt/stack/data/venv/lib/python3.12/site-packages/oslo_config/cfg.py:3242}}
Jun 28 22:44:21.804523 np0000183312 neutron-rpc-server[105097]: DEBUG cotyledon.oslo_config_glue [-] logging_debug_format_suffix = {{(pid=%(process)d) %(funcName)s %(pathname)s:%(lineno)d}} {{(pid=105097) log_opt_values /opt/stack/data/venv/lib/python3.12/site-packages/oslo_config/cfg.py:3242}}
Jun 28 22:44:21.804523 np0000183312 neutron-rpc-server[105097]: DEBUG cotyledon.oslo_config_glue [-] logging_default_format_string = %(color)s%(levelname)s %(name)s [-%(color)s] %(instance)s%(color)s%(message)s {{(pid=105097) log_opt_values /opt/stack/data/venv/lib/python3.12/site-packages/oslo_config/cfg.py:3242}}
Jun 28 22:44:21.804801 np0000183312 neutron-rpc-server[105097]: DEBUG cotyledon.oslo_config_glue [-] logging_exception_prefix = ERROR %(name)s %(instance)s {{(pid=105097) log_opt_values /opt/stack/data/venv/lib/python3.12/site-packages/oslo_config/cfg.py:3242}}
Jun 28 22:44:21.804801 np0000183312 neutron-rpc-server[105097]: DEBUG cotyledon.oslo_config_glue [-] logging_user_identity_format = %(user)s %(project)s %(domain)s %(system_scope)s %(user_domain)s %(project_domain)s {{(pid=105097) log_opt_values /opt/stack/data/venv/lib/python3.12/site-packages/oslo_config/cfg.py:3242}}
Jun 28 22:44:21.804801 np0000183312 neutron-rpc-server[105097]: DEBUG cotyledon.oslo_config_glue [-] max_allowed_address_pair = 10 {{(pid=105097) log_opt_values /opt/stack/data/venv/lib/python3.12/site-packages/oslo_config/cfg.py:3242}}
Jun 28 22:44:21.804801 np0000183312 neutron-rpc-server[105097]: DEBUG cotyledon.oslo_config_glue [-] max_dns_nameservers = 5 {{(pid=105097) log_opt_values /opt/stack/data/venv/lib/python3.12/site-packages/oslo_config/cfg.py:3242}}
Jun 28 22:44:21.804801 np0000183312 neutron-rpc-server[105097]: DEBUG cotyledon.oslo_config_glue [-] max_header_line = 16384 {{(pid=105097) log_opt_values /opt/stack/data/venv/lib/python3.12/site-packages/oslo_config/cfg.py:3242}}
Jun 28 22:44:21.804801 np0000183312 neutron-rpc-server[105097]: DEBUG cotyledon.oslo_config_glue [-] max_l3_agents_per_router = 3 {{(pid=105097) log_opt_values /opt/stack/data/venv/lib/python3.12/site-packages/oslo_config/cfg.py:3242}}
Jun 28 22:44:21.804801 np0000183312 neutron-rpc-server[105097]: DEBUG cotyledon.oslo_config_glue [-] max_logfile_count = 30 {{(pid=105097) log_opt_values /opt/stack/data/venv/lib/python3.12/site-packages/oslo_config/cfg.py:3242}}
Jun 28 22:44:21.804801 np0000183312 neutron-rpc-server[105097]: DEBUG cotyledon.oslo_config_glue [-] max_logfile_size_mb = 200 {{(pid=105097) log_opt_values /opt/stack/data/venv/lib/python3.12/site-packages/oslo_config/cfg.py:3242}}
Jun 28 22:44:21.805115 np0000183312 neutron-rpc-server[105048]: WARNING neutron.plugins.ml2.drivers.ovn.mech_driver.mech_driver [-] uWSGI is the only supported loader for the Neutron API; it provides, via ``uwsgi`` library, the worker ID. If other loader is used, a random hash ring node UUID will be provided
Jun 28 22:44:21.805232 np0000183312 neutron-rpc-server[105097]: DEBUG cotyledon.oslo_config_glue [-] max_subnet_host_routes = 20 {{(pid=105097) log_opt_values /opt/stack/data/venv/lib/python3.12/site-packages/oslo_config/cfg.py:3242}}
Jun 28 22:44:21.805232 np0000183312 neutron-rpc-server[105097]: DEBUG cotyledon.oslo_config_glue [-] my_ip = 199.204.45.240 {{(pid=105097) log_opt_values /opt/stack/data/venv/lib/python3.12/site-packages/oslo_config/cfg.py:3242}}
Jun 28 22:44:21.805232 np0000183312 neutron-rpc-server[105097]: DEBUG cotyledon.oslo_config_glue [-] my_ipv6 = 2604:e100:1:0:f816:3eff:fed7:2d50 {{(pid=105097) log_opt_values /opt/stack/data/venv/lib/python3.12/site-packages/oslo_config/cfg.py:3242}}
Jun 28 22:44:21.805232 np0000183312 neutron-rpc-server[105097]: DEBUG cotyledon.oslo_config_glue [-] network_auto_schedule = True {{(pid=105097) log_opt_values /opt/stack/data/venv/lib/python3.12/site-packages/oslo_config/cfg.py:3242}}
Jun 28 22:44:21.805232 np0000183312 neutron-rpc-server[105097]: DEBUG cotyledon.oslo_config_glue [-] network_link_prefix = None {{(pid=105097) log_opt_values /opt/stack/data/venv/lib/python3.12/site-packages/oslo_config/cfg.py:3242}}
Jun 28 22:44:21.805232 np0000183312 neutron-rpc-server[105097]: DEBUG cotyledon.oslo_config_glue [-] network_scheduler_driver = neutron.scheduler.dhcp_agent_scheduler.WeightScheduler {{(pid=105097) log_opt_values /opt/stack/data/venv/lib/python3.12/site-packages/oslo_config/cfg.py:3242}}
Jun 28 22:44:21.805232 np0000183312 neutron-rpc-server[105097]: DEBUG cotyledon.oslo_config_glue [-] notify_nova_on_port_data_changes = True {{(pid=105097) log_opt_values /opt/stack/data/venv/lib/python3.12/site-packages/oslo_config/cfg.py:3242}}
Jun 28 22:44:21.805232 np0000183312 neutron-rpc-server[105097]: DEBUG cotyledon.oslo_config_glue [-] notify_nova_on_port_status_changes = True {{(pid=105097) log_opt_values /opt/stack/data/venv/lib/python3.12/site-packages/oslo_config/cfg.py:3242}}
Jun 28 22:44:21.805232 np0000183312 neutron-rpc-server[105097]: DEBUG cotyledon.oslo_config_glue [-] pagination_max_limit = -1 {{(pid=105097) log_opt_values /opt/stack/data/venv/lib/python3.12/site-packages/oslo_config/cfg.py:3242}}
Jun 28 22:44:21.805522 np0000183312 neutron-rpc-server[105097]: DEBUG cotyledon.oslo_config_glue [-] periodic_fuzzy_delay = 5 {{(pid=105097) log_opt_values /opt/stack/data/venv/lib/python3.12/site-packages/oslo_config/cfg.py:3242}}
Jun 28 22:44:21.805522 np0000183312 neutron-rpc-server[105097]: DEBUG cotyledon.oslo_config_glue [-] periodic_interval = 40 {{(pid=105097) log_opt_values /opt/stack/data/venv/lib/python3.12/site-packages/oslo_config/cfg.py:3242}}
Jun 28 22:44:21.805522 np0000183312 neutron-rpc-server[105097]: DEBUG cotyledon.oslo_config_glue [-] publish_errors = False {{(pid=105097) log_opt_values /opt/stack/data/venv/lib/python3.12/site-packages/oslo_config/cfg.py:3242}}
Jun 28 22:44:21.805658 np0000183312 neutron-rpc-server[105041]: INFO ovsdbapp.backend.ovs_idl.vlog [None req-856e4144-f587-4e80-be94-066162cb8501 None None] ssl:199.204.45.240:6641: connected
Jun 28 22:44:21.805767 np0000183312 neutron-rpc-server[105097]: DEBUG cotyledon.oslo_config_glue [-] rate_limit_burst = 0 {{(pid=105097) log_opt_values /opt/stack/data/venv/lib/python3.12/site-packages/oslo_config/cfg.py:3242}}
Jun 28 22:44:21.805767 np0000183312 neutron-rpc-server[105097]: DEBUG cotyledon.oslo_config_glue [-] rate_limit_except_level = CRITICAL {{(pid=105097) log_opt_values /opt/stack/data/venv/lib/python3.12/site-packages/oslo_config/cfg.py:3242}}
Jun 28 22:44:21.805767 np0000183312 neutron-rpc-server[105097]: DEBUG cotyledon.oslo_config_glue [-] rate_limit_interval = 0 {{(pid=105097) log_opt_values /opt/stack/data/venv/lib/python3.12/site-packages/oslo_config/cfg.py:3242}}
Jun 28 22:44:21.805767 np0000183312 neutron-rpc-server[105097]: DEBUG cotyledon.oslo_config_glue [-] router_distributed = False {{(pid=105097) log_opt_values /opt/stack/data/venv/lib/python3.12/site-packages/oslo_config/cfg.py:3242}}
Jun 28 22:44:21.805767 np0000183312 neutron-rpc-server[105097]: DEBUG cotyledon.oslo_config_glue [-] rpc_resources_processing_step = 20 {{(pid=105097) log_opt_values /opt/stack/data/venv/lib/python3.12/site-packages/oslo_config/cfg.py:3242}}
Jun 28 22:44:21.805767 np0000183312 neutron-rpc-server[105097]: DEBUG cotyledon.oslo_config_glue [-] rpc_response_max_timeout = 600 {{(pid=105097) log_opt_values /opt/stack/data/venv/lib/python3.12/site-packages/oslo_config/cfg.py:3242}}
Jun 28 22:44:21.806001 np0000183312 neutron-rpc-server[105068]: WARNING neutron.plugins.ml2.drivers.ovn.mech_driver.mech_driver [-] uWSGI is the only supported loader for the Neutron API; it provides, via ``uwsgi`` library, the worker ID. If other loader is used, a random hash ring node UUID will be provided
Jun 28 22:44:21.806127 np0000183312 neutron-rpc-server[105097]: DEBUG cotyledon.oslo_config_glue [-] rpc_response_timeout = 60 {{(pid=105097) log_opt_values /opt/stack/data/venv/lib/python3.12/site-packages/oslo_config/cfg.py:3242}}
Jun 28 22:44:21.806127 np0000183312 neutron-rpc-server[105097]: DEBUG cotyledon.oslo_config_glue [-] rpc_state_report_workers = 0 {{(pid=105097) log_opt_values /opt/stack/data/venv/lib/python3.12/site-packages/oslo_config/cfg.py:3242}}
Jun 28 22:44:21.806127 np0000183312 neutron-rpc-server[105097]: DEBUG cotyledon.oslo_config_glue [-] rpc_workers = None {{(pid=105097) log_opt_values /opt/stack/data/venv/lib/python3.12/site-packages/oslo_config/cfg.py:3242}}
Jun 28 22:44:21.806127 np0000183312 neutron-rpc-server[105097]: DEBUG cotyledon.oslo_config_glue [-] send_events_interval = 2 {{(pid=105097) log_opt_values /opt/stack/data/venv/lib/python3.12/site-packages/oslo_config/cfg.py:3242}}
Jun 28 22:44:21.806301 np0000183312 neutron-rpc-server[105048]: DEBUG ovsdbapp.backend.ovs_idl [None req-9014f5cd-17db-4bf8-bd1e-a1b8a923a64e None None] Created lookup_table index Logical_Switch.name {{(pid=105048) autocreate_indices /opt/stack/data/venv/lib/python3.12/site-packages/ovsdbapp/backend/ovs_idl/__init__.py:87}}
Jun 28 22:44:21.806301 np0000183312 neutron-rpc-server[105048]: DEBUG ovsdbapp.backend.ovs_idl [None req-9014f5cd-17db-4bf8-bd1e-a1b8a923a64e None None] Created lookup_table index Logical_Router.name {{(pid=105048) autocreate_indices /opt/stack/data/venv/lib/python3.12/site-packages/ovsdbapp/backend/ovs_idl/__init__.py:87}}
Jun 28 22:44:21.806439 np0000183312 neutron-rpc-server[105097]: DEBUG cotyledon.oslo_config_glue [-] service_plugins = ['ovn-router'] {{(pid=105097) log_opt_values /opt/stack/data/venv/lib/python3.12/site-packages/oslo_config/cfg.py:3242}}
Jun 28 22:44:21.806535 np0000183312 neutron-rpc-server[105048]: DEBUG ovsdbapp.backend.ovs_idl [None req-9014f5cd-17db-4bf8-bd1e-a1b8a923a64e None None] Created lookup_table index Load_Balancer.name {{(pid=105048) autocreate_indices /opt/stack/data/venv/lib/python3.12/site-packages/ovsdbapp/backend/ovs_idl/__init__.py:87}}
Jun 28 22:44:21.806535 np0000183312 neutron-rpc-server[105048]: DEBUG ovsdbapp.backend.ovs_idl [None req-9014f5cd-17db-4bf8-bd1e-a1b8a923a64e None None] Created schema index Copp.name {{(pid=105048) autocreate_indices /opt/stack/data/venv/lib/python3.12/site-packages/ovsdbapp/backend/ovs_idl/__init__.py:106}}
Jun 28 22:44:21.806647 np0000183312 neutron-rpc-server[105097]: DEBUG cotyledon.oslo_config_glue [-] setproctitle = on {{(pid=105097) log_opt_values /opt/stack/data/venv/lib/python3.12/site-packages/oslo_config/cfg.py:3242}}
Jun 28 22:44:21.806739 np0000183312 neutron-rpc-server[105048]: DEBUG ovsdbapp.backend.ovs_idl [None req-9014f5cd-17db-4bf8-bd1e-a1b8a923a64e None None] Created schema index Meter.name {{(pid=105048) autocreate_indices /opt/stack/data/venv/lib/python3.12/site-packages/ovsdbapp/backend/ovs_idl/__init__.py:106}}
Jun 28 22:44:21.806739 np0000183312 neutron-rpc-server[105048]: DEBUG ovsdbapp.backend.ovs_idl [None req-9014f5cd-17db-4bf8-bd1e-a1b8a923a64e None None] Created schema index Load_Balancer_Group.name {{(pid=105048) autocreate_indices /opt/stack/data/venv/lib/python3.12/site-packages/ovsdbapp/backend/ovs_idl/__init__.py:106}}
Jun 28 22:44:21.806872 np0000183312 neutron-rpc-server[105097]: DEBUG cotyledon.oslo_config_glue [-] shell_completion = None {{(pid=105097) log_opt_values /opt/stack/data/venv/lib/python3.12/site-packages/oslo_config/cfg.py:3242}}
Jun 28 22:44:21.806998 np0000183312 neutron-rpc-server[105048]: DEBUG ovsdbapp.backend.ovs_idl [None req-9014f5cd-17db-4bf8-bd1e-a1b8a923a64e None None] Created schema index HA_Chassis_Group.name {{(pid=105048) autocreate_indices /opt/stack/data/venv/lib/python3.12/site-packages/ovsdbapp/backend/ovs_idl/__init__.py:106}}
Jun 28 22:44:21.806998 np0000183312 neutron-rpc-server[105048]: DEBUG ovsdbapp.backend.ovs_idl [None req-9014f5cd-17db-4bf8-bd1e-a1b8a923a64e None None] Created schema index Address_Set.name {{(pid=105048) autocreate_indices /opt/stack/data/venv/lib/python3.12/site-packages/ovsdbapp/backend/ovs_idl/__init__.py:106}}
Jun 28 22:44:21.806998 np0000183312 neutron-rpc-server[105048]: DEBUG ovsdbapp.backend.ovs_idl [None req-9014f5cd-17db-4bf8-bd1e-a1b8a923a64e None None] Created schema index Connection.target {{(pid=105048) autocreate_indices /opt/stack/data/venv/lib/python3.12/site-packages/ovsdbapp/backend/ovs_idl/__init__.py:106}}
Jun 28 22:44:21.807170 np0000183312 neutron-rpc-server[105068]: DEBUG ovsdbapp.backend.ovs_idl [None req-d71e926f-91bd-4d0a-80c8-16513ad34b1b None None] Created lookup_table index Logical_Switch.name {{(pid=105068) autocreate_indices /opt/stack/data/venv/lib/python3.12/site-packages/ovsdbapp/backend/ovs_idl/__init__.py:87}}
Jun 28 22:44:21.807265 np0000183312 neutron-rpc-server[105097]: DEBUG cotyledon.oslo_config_glue [-] state_path = /opt/stack/data/neutron {{(pid=105097) log_opt_values /opt/stack/data/venv/lib/python3.12/site-packages/oslo_config/cfg.py:3242}}
Jun 28 22:44:21.807372 np0000183312 neutron-rpc-server[105068]: DEBUG ovsdbapp.backend.ovs_idl [None req-d71e926f-91bd-4d0a-80c8-16513ad34b1b None None] Created lookup_table index Logical_Router.name {{(pid=105068) autocreate_indices /opt/stack/data/venv/lib/python3.12/site-packages/ovsdbapp/backend/ovs_idl/__init__.py:87}}
Jun 28 22:44:21.807655 np0000183312 neutron-rpc-server[105048]: DEBUG ovsdbapp.backend.ovs_idl [None req-9014f5cd-17db-4bf8-bd1e-a1b8a923a64e None None] Created schema index Gateway_Chassis.name {{(pid=105048) autocreate_indices /opt/stack/data/venv/lib/python3.12/site-packages/ovsdbapp/backend/ovs_idl/__init__.py:106}}
Jun 28 22:44:21.807761 np0000183312 neutron-rpc-server[105068]: DEBUG ovsdbapp.backend.ovs_idl [None req-d71e926f-91bd-4d0a-80c8-16513ad34b1b None None] Created lookup_table index Load_Balancer.name {{(pid=105068) autocreate_indices /opt/stack/data/venv/lib/python3.12/site-packages/ovsdbapp/backend/ovs_idl/__init__.py:87}}
Jun 28 22:44:21.807883 np0000183312 neutron-rpc-server[105048]: DEBUG ovsdbapp.backend.ovs_idl [None req-9014f5cd-17db-4bf8-bd1e-a1b8a923a64e None None] Created schema index Mirror.name {{(pid=105048) autocreate_indices /opt/stack/data/venv/lib/python3.12/site-packages/ovsdbapp/backend/ovs_idl/__init__.py:106}}
Jun 28 22:44:21.808007 np0000183312 neutron-rpc-server[105068]: DEBUG ovsdbapp.backend.ovs_idl [None req-d71e926f-91bd-4d0a-80c8-16513ad34b1b None None] Created schema index Copp.name {{(pid=105068) autocreate_indices /opt/stack/data/venv/lib/python3.12/site-packages/ovsdbapp/backend/ovs_idl/__init__.py:106}}
Jun 28 22:44:21.808136 np0000183312 neutron-rpc-server[105097]: DEBUG cotyledon.oslo_config_glue [-] syslog_log_facility = LOG_USER {{(pid=105097) log_opt_values /opt/stack/data/venv/lib/python3.12/site-packages/oslo_config/cfg.py:3242}}
Jun 28 22:44:21.808236 np0000183312 neutron-rpc-server[105048]: DEBUG ovsdbapp.backend.ovs_idl [None req-9014f5cd-17db-4bf8-bd1e-a1b8a923a64e None None] Created schema index Chassis_Template_Var.chassis {{(pid=105048) autocreate_indices /opt/stack/data/venv/lib/python3.12/site-packages/ovsdbapp/backend/ovs_idl/__init__.py:106}}
Jun 28 22:44:21.808353 np0000183312 neutron-rpc-server[105068]: DEBUG ovsdbapp.backend.ovs_idl [None req-d71e926f-91bd-4d0a-80c8-16513ad34b1b None None] Created schema index Meter.name {{(pid=105068) autocreate_indices /opt/stack/data/venv/lib/python3.12/site-packages/ovsdbapp/backend/ovs_idl/__init__.py:106}}
Jun 28 22:44:21.808353 np0000183312 neutron-rpc-server[105068]: DEBUG ovsdbapp.backend.ovs_idl [None req-d71e926f-91bd-4d0a-80c8-16513ad34b1b None None] Created schema index Load_Balancer_Group.name {{(pid=105068) autocreate_indices /opt/stack/data/venv/lib/python3.12/site-packages/ovsdbapp/backend/ovs_idl/__init__.py:106}}
Jun 28 22:44:21.808486 np0000183312 neutron-rpc-server[105048]: DEBUG ovsdbapp.backend.ovs_idl [None req-9014f5cd-17db-4bf8-bd1e-a1b8a923a64e None None] Created schema index Logical_Router_Port.name {{(pid=105048) autocreate_indices /opt/stack/data/venv/lib/python3.12/site-packages/ovsdbapp/backend/ovs_idl/__init__.py:106}}
Jun 28 22:44:21.808587 np0000183312 neutron-rpc-server[105068]: DEBUG ovsdbapp.backend.ovs_idl [None req-d71e926f-91bd-4d0a-80c8-16513ad34b1b None None] Created schema index HA_Chassis_Group.name {{(pid=105068) autocreate_indices /opt/stack/data/venv/lib/python3.12/site-packages/ovsdbapp/backend/ovs_idl/__init__.py:106}}
Jun 28 22:44:21.808587 np0000183312 neutron-rpc-server[105068]: DEBUG ovsdbapp.backend.ovs_idl [None req-d71e926f-91bd-4d0a-80c8-16513ad34b1b None None] Created schema index Address_Set.name {{(pid=105068) autocreate_indices /opt/stack/data/venv/lib/python3.12/site-packages/ovsdbapp/backend/ovs_idl/__init__.py:106}}
Jun 28 22:44:21.808712 np0000183312 neutron-rpc-server[105097]: DEBUG cotyledon.oslo_config_glue [-] tcp_keepidle = 600 {{(pid=105097) log_opt_values /opt/stack/data/venv/lib/python3.12/site-packages/oslo_config/cfg.py:3242}}
Jun 28 22:44:21.808801 np0000183312 neutron-rpc-server[105048]: DEBUG ovsdbapp.backend.ovs_idl [None req-9014f5cd-17db-4bf8-bd1e-a1b8a923a64e None None] Created schema index Port_Group.name {{(pid=105048) autocreate_indices /opt/stack/data/venv/lib/python3.12/site-packages/ovsdbapp/backend/ovs_idl/__init__.py:106}}
Jun 28 22:44:21.808899 np0000183312 neutron-rpc-server[105068]: DEBUG ovsdbapp.backend.ovs_idl [None req-d71e926f-91bd-4d0a-80c8-16513ad34b1b None None] Created schema index Connection.target {{(pid=105068) autocreate_indices /opt/stack/data/venv/lib/python3.12/site-packages/ovsdbapp/backend/ovs_idl/__init__.py:106}}
Jun 28 22:44:21.809027 np0000183312 neutron-rpc-server[105048]: DEBUG ovsdbapp.backend.ovs_idl [None req-9014f5cd-17db-4bf8-bd1e-a1b8a923a64e None None] Created schema index Logical_Switch_Port.name {{(pid=105048) autocreate_indices /opt/stack/data/venv/lib/python3.12/site-packages/ovsdbapp/backend/ovs_idl/__init__.py:106}}
Jun 28 22:44:21.809148 np0000183312 neutron-rpc-server[105068]: DEBUG ovsdbapp.backend.ovs_idl [None req-d71e926f-91bd-4d0a-80c8-16513ad34b1b None None] Created schema index Gateway_Chassis.name {{(pid=105068) autocreate_indices /opt/stack/data/venv/lib/python3.12/site-packages/ovsdbapp/backend/ovs_idl/__init__.py:106}}
Jun 28 22:44:21.809148 np0000183312 neutron-rpc-server[105068]: DEBUG ovsdbapp.backend.ovs_idl [None req-d71e926f-91bd-4d0a-80c8-16513ad34b1b None None] Created schema index Mirror.name {{(pid=105068) autocreate_indices /opt/stack/data/venv/lib/python3.12/site-packages/ovsdbapp/backend/ovs_idl/__init__.py:106}}
Jun 28 22:44:21.809148 np0000183312 neutron-rpc-server[105068]: DEBUG ovsdbapp.backend.ovs_idl [None req-d71e926f-91bd-4d0a-80c8-16513ad34b1b None None] Created schema index Chassis_Template_Var.chassis {{(pid=105068) autocreate_indices /opt/stack/data/venv/lib/python3.12/site-packages/ovsdbapp/backend/ovs_idl/__init__.py:106}}
Jun 28 22:44:21.809302 np0000183312 neutron-rpc-server[105097]: DEBUG cotyledon.oslo_config_glue [-] transport_url = **** {{(pid=105097) log_opt_values /opt/stack/data/venv/lib/python3.12/site-packages/oslo_config/cfg.py:3242}}
Jun 28 22:44:21.809403 np0000183312 neutron-rpc-server[105068]: DEBUG ovsdbapp.backend.ovs_idl [None req-d71e926f-91bd-4d0a-80c8-16513ad34b1b None None] Created schema index Logical_Router_Port.name {{(pid=105068) autocreate_indices /opt/stack/data/venv/lib/python3.12/site-packages/ovsdbapp/backend/ovs_idl/__init__.py:106}}
Jun 28 22:44:21.809403 np0000183312 neutron-rpc-server[105068]: DEBUG ovsdbapp.backend.ovs_idl [None req-d71e926f-91bd-4d0a-80c8-16513ad34b1b None None] Created schema index Port_Group.name {{(pid=105068) autocreate_indices /opt/stack/data/venv/lib/python3.12/site-packages/ovsdbapp/backend/ovs_idl/__init__.py:106}}
Jun 28 22:44:21.809403 np0000183312 neutron-rpc-server[105068]: DEBUG ovsdbapp.backend.ovs_idl [None req-d71e926f-91bd-4d0a-80c8-16513ad34b1b None None] Created schema index Logical_Switch_Port.name {{(pid=105068) autocreate_indices /opt/stack/data/venv/lib/python3.12/site-packages/ovsdbapp/backend/ovs_idl/__init__.py:106}}
Jun 28 22:44:21.809569 np0000183312 neutron-rpc-server[105097]: DEBUG cotyledon.oslo_config_glue [-] use_journal = False {{(pid=105097) log_opt_values /opt/stack/data/venv/lib/python3.12/site-packages/oslo_config/cfg.py:3242}}
Jun 28 22:44:21.809569 np0000183312 neutron-rpc-server[105097]: DEBUG cotyledon.oslo_config_glue [-] use_json = False {{(pid=105097) log_opt_values /opt/stack/data/venv/lib/python3.12/site-packages/oslo_config/cfg.py:3242}}
Jun 28 22:44:21.809569 np0000183312 neutron-rpc-server[105097]: DEBUG cotyledon.oslo_config_glue [-] use_stderr = False {{(pid=105097) log_opt_values /opt/stack/data/venv/lib/python3.12/site-packages/oslo_config/cfg.py:3242}}
Jun 28 22:44:21.809569 np0000183312 neutron-rpc-server[105097]: DEBUG cotyledon.oslo_config_glue [-] use_syslog = False {{(pid=105097) log_opt_values /opt/stack/data/venv/lib/python3.12/site-packages/oslo_config/cfg.py:3242}}
Jun 28 22:44:21.809569 np0000183312 neutron-rpc-server[105097]: DEBUG cotyledon.oslo_config_glue [-] vlan_qinq = None {{(pid=105097) log_opt_values /opt/stack/data/venv/lib/python3.12/site-packages/oslo_config/cfg.py:3242}}
Jun 28 22:44:21.809569 np0000183312 neutron-rpc-server[105097]: DEBUG cotyledon.oslo_config_glue [-] vlan_transparent = None {{(pid=105097) log_opt_values /opt/stack/data/venv/lib/python3.12/site-packages/oslo_config/cfg.py:3242}}
Jun 28 22:44:21.809569 np0000183312 neutron-rpc-server[105097]: DEBUG cotyledon.oslo_config_glue [-] wsgi_default_pool_size = 100 {{(pid=105097) log_opt_values /opt/stack/data/venv/lib/python3.12/site-packages/oslo_config/cfg.py:3242}}
Jun 28 22:44:21.809569 np0000183312 neutron-rpc-server[105097]: DEBUG cotyledon.oslo_config_glue [-] wsgi_keep_alive = True {{(pid=105097) log_opt_values /opt/stack/data/venv/lib/python3.12/site-packages/oslo_config/cfg.py:3242}}
Jun 28 22:44:21.809569 np0000183312 neutron-rpc-server[105097]: DEBUG cotyledon.oslo_config_glue [-] wsgi_log_format = %(client_ip)s "%(request_line)s" status: %(status_code)s len: %(body_length)s time: %(wall_seconds).7f {{(pid=105097) log_opt_values /opt/stack/data/venv/lib/python3.12/site-packages/oslo_config/cfg.py:3242}}
Jun 28 22:44:21.809865 np0000183312 neutron-rpc-server[105097]: DEBUG cotyledon.oslo_config_glue [-] wsgi_server_debug = False {{(pid=105097) log_opt_values /opt/stack/data/venv/lib/python3.12/site-packages/oslo_config/cfg.py:3242}}
Jun 28 22:44:21.809865 np0000183312 neutron-rpc-server[105097]: DEBUG cotyledon.oslo_config_glue [-] oslo_concurrency.disable_process_locking = False {{(pid=105097) log_opt_values /opt/stack/data/venv/lib/python3.12/site-packages/oslo_config/cfg.py:3253}}
Jun 28 22:44:21.810031 np0000183312 neutron-rpc-server[105068]: INFO ovsdbapp.backend.ovs_idl.vlog [None req-d71e926f-91bd-4d0a-80c8-16513ad34b1b None None] ssl:199.204.45.240:6641: connecting...
Jun 28 22:44:21.810126 np0000183312 neutron-rpc-server[105097]: DEBUG cotyledon.oslo_config_glue [-] oslo_concurrency.lock_path = /opt/stack/data/neutron/lock {{(pid=105097) log_opt_values /opt/stack/data/venv/lib/python3.12/site-packages/oslo_config/cfg.py:3253}}
Jun 28 22:44:21.810126 np0000183312 neutron-rpc-server[105097]: DEBUG cotyledon.oslo_config_glue [-] profiler.connection_string = messaging:// {{(pid=105097) log_opt_values /opt/stack/data/venv/lib/python3.12/site-packages/oslo_config/cfg.py:3253}}
Jun 28 22:44:21.810126 np0000183312 neutron-rpc-server[105097]: DEBUG cotyledon.oslo_config_glue [-] profiler.enabled = False {{(pid=105097) log_opt_values /opt/stack/data/venv/lib/python3.12/site-packages/oslo_config/cfg.py:3253}}
Jun 28 22:44:21.810126 np0000183312 neutron-rpc-server[105097]: DEBUG cotyledon.oslo_config_glue [-] profiler.es_doc_type = notification {{(pid=105097) log_opt_values /opt/stack/data/venv/lib/python3.12/site-packages/oslo_config/cfg.py:3253}}
Jun 28 22:44:21.810126 np0000183312 neutron-rpc-server[105097]: DEBUG cotyledon.oslo_config_glue [-] profiler.es_scroll_size = 10000 {{(pid=105097) log_opt_values /opt/stack/data/venv/lib/python3.12/site-packages/oslo_config/cfg.py:3253}}
Jun 28 22:44:21.810126 np0000183312 neutron-rpc-server[105097]: DEBUG cotyledon.oslo_config_glue [-] profiler.es_scroll_time = 2m {{(pid=105097) log_opt_values /opt/stack/data/venv/lib/python3.12/site-packages/oslo_config/cfg.py:3253}}
Jun 28 22:44:21.810419 np0000183312 neutron-rpc-server[105020]: ERROR neutron.common.ovn.hash_ring_manager [None req-47a724bd-bb16-4fa2-8c99-d0ce4b562cd0 None None] The Neutron API workers count is zero
Jun 28 22:44:21.810567 np0000183312 neutron-rpc-server[105097]: DEBUG cotyledon.oslo_config_glue [-] profiler.filter_error_trace = False {{(pid=105097) log_opt_values /opt/stack/data/venv/lib/python3.12/site-packages/oslo_config/cfg.py:3253}}
Jun 28 22:44:21.810567 np0000183312 neutron-rpc-server[105097]: DEBUG cotyledon.oslo_config_glue [-] profiler.hmac_keys = **** {{(pid=105097) log_opt_values /opt/stack/data/venv/lib/python3.12/site-packages/oslo_config/cfg.py:3253}}
Jun 28 22:44:21.810567 np0000183312 neutron-rpc-server[105097]: DEBUG cotyledon.oslo_config_glue [-] profiler.sentinel_service_name = mymaster {{(pid=105097) log_opt_values /opt/stack/data/venv/lib/python3.12/site-packages/oslo_config/cfg.py:3253}}
Jun 28 22:44:21.810726 np0000183312 neutron-rpc-server[105048]: INFO ovsdbapp.backend.ovs_idl.vlog [None req-9014f5cd-17db-4bf8-bd1e-a1b8a923a64e None None] ssl:199.204.45.240:6641: connecting...
Jun 28 22:44:21.810848 np0000183312 neutron-rpc-server[105020]: ERROR neutron.plugins.ml2.drivers.ovn.mech_driver.ovsdb.ovsdb_monitor [None req-47a724bd-bb16-4fa2-8c99-d0ce4b562cd0 None None] The Neutron API workers count is zero: RuntimeError: The Neutron API workers count is zero
Jun 28 22:44:21.810848 np0000183312 neutron-rpc-server[105020]: ERROR neutron.plugins.ml2.drivers.ovn.mech_driver.ovsdb.ovsdb_monitor
Traceback (most recent call last):
Jun 28 22:44:21.810848 np0000183312 neutron-rpc-server[105020]: ERROR neutron.plugins.ml2.drivers.ovn.mech_driver.ovsdb.ovsdb_monitor
File "/opt/stack/neutron/neutron/plugins/ml2/drivers/ovn/mech_driver/ovsdb/ovsdb_monitor.py", line 989, in notify
Jun 28 22:44:21.810848 np0000183312 neutron-rpc-server[105020]: ERROR neutron.plugins.ml2.drivers.ovn.mech_driver.ovsdb.ovsdb_monitor target_node, node_last_touch = self._hash_ring.get_node(
Jun 28 22:44:21.810848 np0000183312 neutron-rpc-server[105020]: ERROR neutron.plugins.ml2.drivers.ovn.mech_driver.ovsdb.ovsdb_monitor ^^^^^^^^^^^^^^^^^^^^^^^^^
Jun 28 22:44:21.810848 np0000183312 neutron-rpc-server[105020]: ERROR neutron.plugins.ml2.drivers.ovn.mech_driver.ovsdb.ovsdb_monitor
File "/opt/stack/neutron/neutron/common/ovn/hash_ring_manager.py", line 117, in get_node
Jun 28 22:44:21.810848 np0000183312 neutron-rpc-server[105020]: ERROR neutron.plugins.ml2.drivers.ovn.mech_driver.ovsdb.ovsdb_monitor self._load_hash_ring()
Jun 28 22:44:21.810848 np0000183312 neutron-rpc-server[105020]: ERROR neutron.plugins.ml2.drivers.ovn.mech_driver.ovsdb.ovsdb_monitor
File "/opt/stack/neutron/neutron/common/ovn/hash_ring_manager.py", line 95, in _load_hash_ring
Jun 28 22:44:21.810848 np0000183312 neutron-rpc-server[105020]: ERROR neutron.plugins.ml2.drivers.ovn.mech_driver.ovsdb.ovsdb_monitor self._wait_startup_before_caching or
Jun 28 22:44:21.810848 np0000183312 neutron-rpc-server[105020]: ERROR neutron.plugins.ml2.drivers.ovn.mech_driver.ovsdb.ovsdb_monitor ^^^^^^^^^^^^^^^^^^^^^^^^^^^^^^^^^
Jun 28 22:44:21.810848 np0000183312 neutron-rpc-server[105020]: ERROR neutron.plugins.ml2.drivers.ovn.mech_driver.ovsdb.ovsdb_monitor
File "/opt/stack/neutron/neutron/common/ovn/hash_ring_manager.py", line 63, in _wait_startup_before_caching
Jun 28 22:44:21.810848 np0000183312 neutron-rpc-server[105020]: ERROR neutron.plugins.ml2.drivers.ovn.mech_driver.ovsdb.ovsdb_monitor raise RuntimeError(msg)
Jun 28 22:44:21.810848 np0000183312 neutron-rpc-server[105020]: ERROR neutron.plugins.ml2.drivers.ovn.mech_driver.ovsdb.ovsdb_monitor RuntimeError: The Neutron API workers count is zero
Jun 28 22:44:21.811336 np0000183312 neutron-rpc-server[105020]: ERROR neutron.plugins.ml2.drivers.ovn.mech_driver.ovsdb.ovsdb_monitor
Jun 28 22:44:21.811432 np0000183312 neutron-rpc-server[105097]: DEBUG cotyledon.oslo_config_glue [-] profiler.socket_timeout = 0.1 {{(pid=105097) log_opt_values /opt/stack/data/venv/lib/python3.12/site-packages/oslo_config/cfg.py:3253}}
Jun 28 22:44:21.811535 np0000183312 neutron-rpc-server[105020]: ERROR neutron.common.ovn.hash_ring_manager [None req-47a724bd-bb16-4fa2-8c99-d0ce4b562cd0 None None] The Neutron API workers count is zero
Jun 28 22:44:21.811626 np0000183312 neutron-rpc-server[105097]: DEBUG cotyledon.oslo_config_glue [-] profiler.trace_requests = False {{(pid=105097) log_opt_values /opt/stack/data/venv/lib/python3.12/site-packages/oslo_config/cfg.py:3253}}
Jun 28 22:44:21.811716 np0000183312 neutron-rpc-server[105020]: ERROR neutron.plugins.ml2.drivers.ovn.mech_driver.ovsdb.ovsdb_monitor [None req-47a724bd-bb16-4fa2-8c99-d0ce4b562cd0 None None] The Neutron API workers count is zero: RuntimeError: The Neutron API workers count is zero
Jun 28 22:44:21.811716 np0000183312 neutron-rpc-server[105020]: ERROR neutron.plugins.ml2.drivers.ovn.mech_driver.ovsdb.ovsdb_monitor
Traceback (most recent call last):
Jun 28 22:44:21.811716 np0000183312 neutron-rpc-server[105020]: ERROR neutron.plugins.ml2.drivers.ovn.mech_driver.ovsdb.ovsdb_monitor
File "/opt/stack/neutron/neutron/plugins/ml2/drivers/ovn/mech_driver/ovsdb/ovsdb_monitor.py", line 989, in notify
Jun 28 22:44:21.811716 np0000183312 neutron-rpc-server[105020]: ERROR neutron.plugins.ml2.drivers.ovn.mech_driver.ovsdb.ovsdb_monitor target_node, node_last_touch = self._hash_ring.get_node(
Jun 28 22:44:21.811716 np0000183312 neutron-rpc-server[105020]: ERROR neutron.plugins.ml2.drivers.ovn.mech_driver.ovsdb.ovsdb_monitor ^^^^^^^^^^^^^^^^^^^^^^^^^
Jun 28 22:44:21.811716 np0000183312 neutron-rpc-server[105020]: ERROR neutron.plugins.ml2.drivers.ovn.mech_driver.ovsdb.ovsdb_monitor
File "/opt/stack/neutron/neutron/common/ovn/hash_ring_manager.py", line 117, in get_node
Jun 28 22:44:21.811716 np0000183312 neutron-rpc-server[105020]: ERROR neutron.plugins.ml2.drivers.ovn.mech_driver.ovsdb.ovsdb_monitor self._load_hash_ring()
Jun 28 22:44:21.811716 np0000183312 neutron-rpc-server[105020]: ERROR neutron.plugins.ml2.drivers.ovn.mech_driver.ovsdb.ovsdb_monitor
File "/opt/stack/neutron/neutron/common/ovn/hash_ring_manager.py", line 95, in _load_hash_ring
Jun 28 22:44:21.811716 np0000183312 neutron-rpc-server[105020]: ERROR neutron.plugins.ml2.drivers.ovn.mech_driver.ovsdb.ovsdb_monitor self._wait_startup_before_caching or
Jun 28 22:44:21.811716 np0000183312 neutron-rpc-server[105020]: ERROR neutron.plugins.ml2.drivers.ovn.mech_driver.ovsdb.ovsdb_monitor ^^^^^^^^^^^^^^^^^^^^^^^^^^^^^^^^^
Jun 28 22:44:21.811716 np0000183312 neutron-rpc-server[105020]: ERROR neutron.plugins.ml2.drivers.ovn.mech_driver.ovsdb.ovsdb_monitor
File "/opt/stack/neutron/neutron/common/ovn/hash_ring_manager.py", line 63, in _wait_startup_before_caching
Jun 28 22:44:21.811716 np0000183312 neutron-rpc-server[105020]: ERROR neutron.plugins.ml2.drivers.ovn.mech_driver.ovsdb.ovsdb_monitor raise RuntimeError(msg)
Jun 28 22:44:21.811716 np0000183312 neutron-rpc-server[105020]: ERROR neutron.plugins.ml2.drivers.ovn.mech_driver.ovsdb.ovsdb_monitor RuntimeError: The Neutron API workers count is zero
Jun 28 22:44:21.812177 np0000183312 neutron-rpc-server[105020]: ERROR neutron.plugins.ml2.drivers.ovn.mech_driver.ovsdb.ovsdb_monitor
Jun 28 22:44:21.812296 np0000183312 neutron-rpc-server[105097]: DEBUG cotyledon.oslo_config_glue [-] profiler.trace_sqlalchemy = False {{(pid=105097) log_opt_values /opt/stack/data/venv/lib/python3.12/site-packages/oslo_config/cfg.py:3253}}
Jun 28 22:44:21.812392 np0000183312 neutron-rpc-server[105020]: ERROR neutron.common.ovn.hash_ring_manager [None req-47a724bd-bb16-4fa2-8c99-d0ce4b562cd0 None None] The Neutron API workers count is zero
Jun 28 22:44:21.812392 np0000183312 neutron-rpc-server[105020]: ERROR neutron.plugins.ml2.drivers.ovn.mech_driver.ovsdb.ovsdb_monitor [None req-47a724bd-bb16-4fa2-8c99-d0ce4b562cd0 None None] The Neutron API workers count is zero: RuntimeError: The Neutron API workers count is zero
Jun 28 22:44:21.812392 np0000183312 neutron-rpc-server[105020]: ERROR neutron.plugins.ml2.drivers.ovn.mech_driver.ovsdb.ovsdb_monitor
Traceback (most recent call last):
Jun 28 22:44:21.812392 np0000183312 neutron-rpc-server[105020]: ERROR neutron.plugins.ml2.drivers.ovn.mech_driver.ovsdb.ovsdb_monitor
File "/opt/stack/neutron/neutron/plugins/ml2/drivers/ovn/mech_driver/ovsdb/ovsdb_monitor.py", line 989, in notify
Jun 28 22:44:21.812392 np0000183312 neutron-rpc-server[105020]: ERROR neutron.plugins.ml2.drivers.ovn.mech_driver.ovsdb.ovsdb_monitor target_node, node_last_touch = self._hash_ring.get_node(
Jun 28 22:44:21.812392 np0000183312 neutron-rpc-server[105020]: ERROR neutron.plugins.ml2.drivers.ovn.mech_driver.ovsdb.ovsdb_monitor ^^^^^^^^^^^^^^^^^^^^^^^^^
Jun 28 22:44:21.812392 np0000183312 neutron-rpc-server[105020]: ERROR neutron.plugins.ml2.drivers.ovn.mech_driver.ovsdb.ovsdb_monitor
File "/opt/stack/neutron/neutron/common/ovn/hash_ring_manager.py", line 117, in get_node
Jun 28 22:44:21.812392 np0000183312 neutron-rpc-server[105020]: ERROR neutron.plugins.ml2.drivers.ovn.mech_driver.ovsdb.ovsdb_monitor self._load_hash_ring()
Jun 28 22:44:21.812392 np0000183312 neutron-rpc-server[105020]: ERROR neutron.plugins.ml2.drivers.ovn.mech_driver.ovsdb.ovsdb_monitor
File "/opt/stack/neutron/neutron/common/ovn/hash_ring_manager.py", line 95, in _load_hash_ring
Jun 28 22:44:21.812392 np0000183312 neutron-rpc-server[105020]: ERROR neutron.plugins.ml2.drivers.ovn.mech_driver.ovsdb.ovsdb_monitor self._wait_startup_before_caching or
Jun 28 22:44:21.812392 np0000183312 neutron-rpc-server[105020]: ERROR neutron.plugins.ml2.drivers.ovn.mech_driver.ovsdb.ovsdb_monitor ^^^^^^^^^^^^^^^^^^^^^^^^^^^^^^^^^
Jun 28 22:44:21.812392 np0000183312 neutron-rpc-server[105020]: ERROR neutron.plugins.ml2.drivers.ovn.mech_driver.ovsdb.ovsdb_monitor
File "/opt/stack/neutron/neutron/common/ovn/hash_ring_manager.py", line 63, in _wait_startup_before_caching
Jun 28 22:44:21.812392 np0000183312 neutron-rpc-server[105020]: ERROR neutron.plugins.ml2.drivers.ovn.mech_driver.ovsdb.ovsdb_monitor raise RuntimeError(msg)
Jun 28 22:44:21.812687 np0000183312 neutron-rpc-server[105020]: ERROR neutron.plugins.ml2.drivers.ovn.mech_driver.ovsdb.ovsdb_monitor RuntimeError: The Neutron API workers count is zero
Jun 28 22:44:21.812687 np0000183312 neutron-rpc-server[105020]: ERROR neutron.plugins.ml2.drivers.ovn.mech_driver.ovsdb.ovsdb_monitor
Jun 28 22:44:21.812792 np0000183312 neutron-rpc-server[105097]: DEBUG cotyledon.oslo_config_glue [-] profiler_jaeger.process_tags = {} {{(pid=105097) log_opt_values /opt/stack/data/venv/lib/python3.12/site-packages/oslo_config/cfg.py:3253}}
Jun 28 22:44:21.812880 np0000183312 neutron-rpc-server[105020]: ERROR neutron.common.ovn.hash_ring_manager [None req-47a724bd-bb16-4fa2-8c99-d0ce4b562cd0 None None] The Neutron API workers count is zero
Jun 28 22:44:21.812992 np0000183312 neutron-rpc-server[105097]: DEBUG cotyledon.oslo_config_glue [-] profiler_jaeger.service_name_prefix = None {{(pid=105097) log_opt_values /opt/stack/data/venv/lib/python3.12/site-packages/oslo_config/cfg.py:3253}}
Jun 28 22:44:21.813082 np0000183312 neutron-rpc-server[105068]: INFO ovsdbapp.backend.ovs_idl.vlog [None req-d71e926f-91bd-4d0a-80c8-16513ad34b1b None None] ssl:199.204.45.240:6641: connected
