Jun 28 22:44:56.860327 np0000183312 systemd[1]: Starting devstack@n-api-meta.service - Devstack devstack@n-api-meta.service...
Jun 28 22:44:56.870809 np0000183312 devstack@n-api-meta.service[108644]: [uWSGI] getting INI configuration from /etc/nova/nova-metadata-uwsgi.ini
Jun 28 22:44:56.874052 np0000183312 devstack@n-api-meta.service[108644]: *** Starting uWSGI 2.0.24-debian (64bit) on [Sun Jun 28 22:44:56 2026] ***
Jun 28 22:44:56.874052 np0000183312 devstack@n-api-meta.service[108644]: compiled with version: 13.2.0 on 17 April 2024 16:23:48
Jun 28 22:44:56.874052 np0000183312 devstack@n-api-meta.service[108644]: os: Linux-6.8.0-124-generic #124-Ubuntu SMP PREEMPT_DYNAMIC Tue May 26 13:00:45 UTC 2026
Jun 28 22:44:56.874052 np0000183312 devstack@n-api-meta.service[108644]: nodename: np0000183312
Jun 28 22:44:56.874052 np0000183312 devstack@n-api-meta.service[108644]: machine: x86_64
Jun 28 22:44:56.874052 np0000183312 devstack@n-api-meta.service[108644]: clock source: unix
Jun 28 22:44:56.874052 np0000183312 devstack@n-api-meta.service[108644]: pcre jit disabled
Jun 28 22:44:56.874052 np0000183312 devstack@n-api-meta.service[108644]: detected number of CPU cores: 16
Jun 28 22:44:56.874052 np0000183312 devstack@n-api-meta.service[108644]: current working directory: /
Jun 28 22:44:56.874052 np0000183312 devstack@n-api-meta.service[108644]: detected binary path: /usr/bin/uwsgi-core
Jun 28 22:44:56.874052 np0000183312 devstack@n-api-meta.service[108644]: your processes number limit is 256917
Jun 28 22:44:56.874652 np0000183312 devstack@n-api-meta.service[108644]: your memory page size is 4096 bytes
Jun 28 22:44:56.874652 np0000183312 devstack@n-api-meta.service[108644]: detected max file descriptor number: 2048
Jun 28 22:44:56.874652 np0000183312 devstack@n-api-meta.service[108644]: lock engine: pthread robust mutexes
Jun 28 22:44:56.874652 np0000183312 devstack@n-api-meta.service[108644]: thunder lock: enabled
Jun 28 22:44:56.874862 np0000183312 devstack@n-api-meta.service[108644]: uWSGI http bound on 0.0.0.0:8775 fd 5
Jun 28 22:44:56.874862 np0000183312 devstack@n-api-meta.service[108644]: uwsgi socket 0 bound to TCP address 127.0.0.1:33639 (port auto-assigned) fd 4
Jun 28 22:44:56.874862 np0000183312 devstack@n-api-meta.service[108644]: Python version: 3.12.3 (main, Mar 23 2026, 19:04:32) [GCC 13.3.0]
Jun 28 22:44:56.874862 np0000183312 devstack@n-api-meta.service[108644]: PEP 405 virtualenv detected: /opt/stack/data/venv
Jun 28 22:44:56.874862 np0000183312 devstack@n-api-meta.service[108644]: Set PythonHome to /opt/stack/data/venv
Jun 28 22:44:56.912903 np0000183312 devstack@n-api-meta.service[108644]: Python main interpreter initialized at 0x77fcaeca3668
Jun 28 22:44:56.912903 np0000183312 devstack@n-api-meta.service[108644]: python threads support enabled
Jun 28 22:44:56.912903 np0000183312 devstack@n-api-meta.service[108644]: your server socket listen backlog is limited to 100 connections
Jun 28 22:44:56.912903 np0000183312 devstack@n-api-meta.service[108644]: your mercy for graceful operations on workers is 80 seconds
Jun 28 22:44:56.913456 np0000183312 devstack@n-api-meta.service[108644]: mapped 671795 bytes (656 KB) for 4 cores
Jun 28 22:44:56.913608 np0000183312 devstack@n-api-meta.service[108644]: *** Operational MODE: preforking ***
Jun 28 22:44:56.913771 np0000183312 devstack@n-api-meta.service[108644]: *** uWSGI is running in multiple interpreter mode ***
Jun 28 22:44:56.913771 np0000183312 devstack@n-api-meta.service[108644]: spawned uWSGI master process (pid: 108644)
Jun 28 22:44:56.913958 np0000183312 systemd[1]: Started devstack@n-api-meta.service - Devstack devstack@n-api-meta.service.
Jun 28 22:44:56.914529 np0000183312 devstack@n-api-meta.service[108644]: spawned uWSGI worker 1 (pid: 108645, cores: 1)
Jun 28 22:44:56.915352 np0000183312 devstack@n-api-meta.service[108644]: spawned uWSGI worker 2 (pid: 108646, cores: 1)
Jun 28 22:44:56.915807 np0000183312 devstack@n-api-meta.service[108644]: spawned uWSGI worker 3 (pid: 108647, cores: 1)
Jun 28 22:44:56.916311 np0000183312 devstack@n-api-meta.service[108644]: spawned uWSGI worker 4 (pid: 108648, cores: 1)
Jun 28 22:44:56.916825 np0000183312 devstack@n-api-meta.service[108644]: spawned uWSGI http 1 (pid: 108649)
Jun 28 22:44:56.916825 np0000183312 devstack@n-api-meta.service[108644]: running "unix_signal:15 gracefully_kill_them_all" (master-start)...
Jun 28 22:44:58.908152 np0000183312 devstack@n-api-meta.service[108646]: INFO dbcounter [None req-a3b8726d-1bc9-4632-9eb9-c9c2cb3f9d85 None None] Registered counter for database nova_api
Jun 28 22:44:58.954814 np0000183312 devstack@n-api-meta.service[108646]: DEBUG oslo_db.sqlalchemy.engines [None req-a3b8726d-1bc9-4632-9eb9-c9c2cb3f9d85 None None] MySQL server mode set to STRICT_TRANS_TABLES,STRICT_ALL_TABLES,NO_ZERO_IN_DATE,NO_ZERO_DATE,ERROR_FOR_DIVISION_BY_ZERO,TRADITIONAL,NO_ENGINE_SUBSTITUTION {{(pid=108646) _check_effective_sql_mode /opt/stack/data/venv/lib/python3.12/site-packages/oslo_db/sqlalchemy/engines.py:325}}
Jun 28 22:44:58.981786 np0000183312 devstack@n-api-meta.service[108648]: INFO dbcounter [None req-0d3ba793-67b0-4f3c-8808-bd9e306973fe None None] Registered counter for database nova_api
Jun 28 22:44:58.991784 np0000183312 devstack@n-api-meta.service[108646]: DEBUG dbcounter [-] [108646] Writer thread running {{(pid=108646) stat_writer /opt/stack/data/venv/lib/python3.12/site-packages/dbcounter.py:102}}
Jun 28 22:44:58.995221 np0000183312 devstack@n-api-meta.service[108646]: DEBUG nova.context [None req-a3b8726d-1bc9-4632-9eb9-c9c2cb3f9d85 None None] Found 2 cells: 00000000-0000-0000-0000-000000000000(cell0),9389154e-bf36-43e7-b598-8db2212e19a4(cell1) {{(pid=108646) load_cells /opt/stack/nova/nova/context.py:509}}
Jun 28 22:44:58.995570 np0000183312 devstack@n-api-meta.service[108646]: INFO nova.utils [None req-a3b8726d-1bc9-4632-9eb9-c9c2cb3f9d85 None None] The cell worker thread pool MainProcess.cell_worker is initialized
Jun 28 22:44:58.998280 np0000183312 devstack@n-api-meta.service[108646]: DEBUG oslo_concurrency.lockutils [None req-a3b8726d-1bc9-4632-9eb9-c9c2cb3f9d85 None None] Acquiring lock "00000000-0000-0000-0000-000000000000" by "nova.context.set_target_cell..get_or_set_cached_cell_and_set_connections" {{(pid=108646) inner /opt/stack/data/venv/lib/python3.12/site-packages/oslo_concurrency/lockutils.py:511}}
Jun 28 22:44:58.998521 np0000183312 devstack@n-api-meta.service[108646]: DEBUG oslo_concurrency.lockutils [None req-a3b8726d-1bc9-4632-9eb9-c9c2cb3f9d85 None None] Lock "00000000-0000-0000-0000-000000000000" acquired by "nova.context.set_target_cell..get_or_set_cached_cell_and_set_connections" :: waited 0.000s {{(pid=108646) inner /opt/stack/data/venv/lib/python3.12/site-packages/oslo_concurrency/lockutils.py:524}}
Jun 28 22:44:58.999063 np0000183312 devstack@n-api-meta.service[108646]: DEBUG oslo_concurrency.lockutils [None req-a3b8726d-1bc9-4632-9eb9-c9c2cb3f9d85 None None] Lock "00000000-0000-0000-0000-000000000000" "released" by "nova.context.set_target_cell..get_or_set_cached_cell_and_set_connections" :: held 0.001s {{(pid=108646) inner /opt/stack/data/venv/lib/python3.12/site-packages/oslo_concurrency/lockutils.py:543}}
Jun 28 22:44:59.000345 np0000183312 devstack@n-api-meta.service[108646]: DEBUG oslo_concurrency.lockutils [None req-a3b8726d-1bc9-4632-9eb9-c9c2cb3f9d85 None None] Acquiring lock "9389154e-bf36-43e7-b598-8db2212e19a4" by "nova.context.set_target_cell..get_or_set_cached_cell_and_set_connections" {{(pid=108646) inner /opt/stack/data/venv/lib/python3.12/site-packages/oslo_concurrency/lockutils.py:511}}
Jun 28 22:44:59.000701 np0000183312 devstack@n-api-meta.service[108646]: DEBUG oslo_concurrency.lockutils [None req-a3b8726d-1bc9-4632-9eb9-c9c2cb3f9d85 None None] Lock "9389154e-bf36-43e7-b598-8db2212e19a4" acquired by "nova.context.set_target_cell..get_or_set_cached_cell_and_set_connections" :: waited 0.000s {{(pid=108646) inner /opt/stack/data/venv/lib/python3.12/site-packages/oslo_concurrency/lockutils.py:524}}
Jun 28 22:44:59.001941 np0000183312 devstack@n-api-meta.service[108646]: DEBUG oslo_concurrency.lockutils [None req-a3b8726d-1bc9-4632-9eb9-c9c2cb3f9d85 None None] Lock "9389154e-bf36-43e7-b598-8db2212e19a4" "released" by "nova.context.set_target_cell..get_or_set_cached_cell_and_set_connections" :: held 0.001s {{(pid=108646) inner /opt/stack/data/venv/lib/python3.12/site-packages/oslo_concurrency/lockutils.py:543}}
Jun 28 22:44:59.006135 np0000183312 devstack@n-api-meta.service[108646]: INFO dbcounter [None req-a3b8726d-1bc9-4632-9eb9-c9c2cb3f9d85 None None] Registered counter for database nova_cell0
Jun 28 22:44:59.010644 np0000183312 devstack@n-api-meta.service[108645]: INFO dbcounter [None req-27463e79-770e-4f3b-ac7a-c305056332ce None None] Registered counter for database nova_api
Jun 28 22:44:59.014353 np0000183312 devstack@n-api-meta.service[108646]: INFO dbcounter [None req-a3b8726d-1bc9-4632-9eb9-c9c2cb3f9d85 None None] Registered counter for database nova_cell1
Jun 28 22:44:59.033076 np0000183312 devstack@n-api-meta.service[108648]: DEBUG oslo_db.sqlalchemy.engines [None req-0d3ba793-67b0-4f3c-8808-bd9e306973fe None None] MySQL server mode set to STRICT_TRANS_TABLES,STRICT_ALL_TABLES,NO_ZERO_IN_DATE,NO_ZERO_DATE,ERROR_FOR_DIVISION_BY_ZERO,TRADITIONAL,NO_ENGINE_SUBSTITUTION {{(pid=108648) _check_effective_sql_mode /opt/stack/data/venv/lib/python3.12/site-packages/oslo_db/sqlalchemy/engines.py:325}}
Jun 28 22:44:59.059628 np0000183312 devstack@n-api-meta.service[108645]: DEBUG oslo_db.sqlalchemy.engines [None req-27463e79-770e-4f3b-ac7a-c305056332ce None None] MySQL server mode set to STRICT_TRANS_TABLES,STRICT_ALL_TABLES,NO_ZERO_IN_DATE,NO_ZERO_DATE,ERROR_FOR_DIVISION_BY_ZERO,TRADITIONAL,NO_ENGINE_SUBSTITUTION {{(pid=108645) _check_effective_sql_mode /opt/stack/data/venv/lib/python3.12/site-packages/oslo_db/sqlalchemy/engines.py:325}}
Jun 28 22:44:59.070266 np0000183312 devstack@n-api-meta.service[108648]: DEBUG dbcounter [-] [108648] Writer thread running {{(pid=108648) stat_writer /opt/stack/data/venv/lib/python3.12/site-packages/dbcounter.py:102}}
Jun 28 22:44:59.073642 np0000183312 devstack@n-api-meta.service[108648]: DEBUG nova.context [None req-0d3ba793-67b0-4f3c-8808-bd9e306973fe None None] Found 2 cells: 00000000-0000-0000-0000-000000000000(cell0),9389154e-bf36-43e7-b598-8db2212e19a4(cell1) {{(pid=108648) load_cells /opt/stack/nova/nova/context.py:509}}
Jun 28 22:44:59.073914 np0000183312 devstack@n-api-meta.service[108648]: INFO nova.utils [None req-0d3ba793-67b0-4f3c-8808-bd9e306973fe None None] The cell worker thread pool MainProcess.cell_worker is initialized
Jun 28 22:44:59.076328 np0000183312 devstack@n-api-meta.service[108648]: DEBUG oslo_concurrency.lockutils [None req-0d3ba793-67b0-4f3c-8808-bd9e306973fe None None] Acquiring lock "00000000-0000-0000-0000-000000000000" by "nova.context.set_target_cell..get_or_set_cached_cell_and_set_connections" {{(pid=108648) inner /opt/stack/data/venv/lib/python3.12/site-packages/oslo_concurrency/lockutils.py:511}}
Jun 28 22:44:59.076572 np0000183312 devstack@n-api-meta.service[108648]: DEBUG oslo_concurrency.lockutils [None req-0d3ba793-67b0-4f3c-8808-bd9e306973fe None None] Lock "00000000-0000-0000-0000-000000000000" acquired by "nova.context.set_target_cell..get_or_set_cached_cell_and_set_connections" :: waited 0.000s {{(pid=108648) inner /opt/stack/data/venv/lib/python3.12/site-packages/oslo_concurrency/lockutils.py:524}}
Jun 28 22:44:59.077069 np0000183312 devstack@n-api-meta.service[108648]: DEBUG oslo_concurrency.lockutils [None req-0d3ba793-67b0-4f3c-8808-bd9e306973fe None None] Lock "00000000-0000-0000-0000-000000000000" "released" by "nova.context.set_target_cell..get_or_set_cached_cell_and_set_connections" :: held 0.000s {{(pid=108648) inner /opt/stack/data/venv/lib/python3.12/site-packages/oslo_concurrency/lockutils.py:543}}
Jun 28 22:44:59.077426 np0000183312 devstack@n-api-meta.service[108646]: DEBUG oslo_db.sqlalchemy.engines [None req-a3b8726d-1bc9-4632-9eb9-c9c2cb3f9d85 None None] MySQL server mode set to STRICT_TRANS_TABLES,STRICT_ALL_TABLES,NO_ZERO_IN_DATE,NO_ZERO_DATE,ERROR_FOR_DIVISION_BY_ZERO,TRADITIONAL,NO_ENGINE_SUBSTITUTION {{(pid=108646) _check_effective_sql_mode /opt/stack/data/venv/lib/python3.12/site-packages/oslo_db/sqlalchemy/engines.py:325}}
Jun 28 22:44:59.078139 np0000183312 devstack@n-api-meta.service[108648]: DEBUG oslo_concurrency.lockutils [None req-0d3ba793-67b0-4f3c-8808-bd9e306973fe None None] Acquiring lock "9389154e-bf36-43e7-b598-8db2212e19a4" by "nova.context.set_target_cell..get_or_set_cached_cell_and_set_connections" {{(pid=108648) inner /opt/stack/data/venv/lib/python3.12/site-packages/oslo_concurrency/lockutils.py:511}}
Jun 28 22:44:59.078289 np0000183312 devstack@n-api-meta.service[108648]: DEBUG oslo_concurrency.lockutils [None req-0d3ba793-67b0-4f3c-8808-bd9e306973fe None None] Lock "9389154e-bf36-43e7-b598-8db2212e19a4" acquired by "nova.context.set_target_cell..get_or_set_cached_cell_and_set_connections" :: waited 0.000s {{(pid=108648) inner /opt/stack/data/venv/lib/python3.12/site-packages/oslo_concurrency/lockutils.py:524}}
Jun 28 22:44:59.079293 np0000183312 devstack@n-api-meta.service[108648]: DEBUG oslo_concurrency.lockutils [None req-0d3ba793-67b0-4f3c-8808-bd9e306973fe None None] Lock "9389154e-bf36-43e7-b598-8db2212e19a4" "released" by "nova.context.set_target_cell..get_or_set_cached_cell_and_set_connections" :: held 0.001s {{(pid=108648) inner /opt/stack/data/venv/lib/python3.12/site-packages/oslo_concurrency/lockutils.py:543}}
Jun 28 22:44:59.083310 np0000183312 devstack@n-api-meta.service[108648]: INFO dbcounter [None req-0d3ba793-67b0-4f3c-8808-bd9e306973fe None None] Registered counter for database nova_cell0
Jun 28 22:44:59.089590 np0000183312 devstack@n-api-meta.service[108648]: INFO dbcounter [None req-0d3ba793-67b0-4f3c-8808-bd9e306973fe None None] Registered counter for database nova_cell1
Jun 28 22:44:59.094305 np0000183312 devstack@n-api-meta.service[108647]: INFO dbcounter [None req-58330cab-28c1-42d8-8cbb-1ac6f223a2d7 None None] Registered counter for database nova_api
Jun 28 22:44:59.096327 np0000183312 devstack@n-api-meta.service[108645]: DEBUG dbcounter [-] [108645] Writer thread running {{(pid=108645) stat_writer /opt/stack/data/venv/lib/python3.12/site-packages/dbcounter.py:102}}
Jun 28 22:44:59.099345 np0000183312 devstack@n-api-meta.service[108645]: DEBUG nova.context [None req-27463e79-770e-4f3b-ac7a-c305056332ce None None] Found 2 cells: 00000000-0000-0000-0000-000000000000(cell0),9389154e-bf36-43e7-b598-8db2212e19a4(cell1) {{(pid=108645) load_cells /opt/stack/nova/nova/context.py:509}}
Jun 28 22:44:59.099614 np0000183312 devstack@n-api-meta.service[108645]: INFO nova.utils [None req-27463e79-770e-4f3b-ac7a-c305056332ce None None] The cell worker thread pool MainProcess.cell_worker is initialized
Jun 28 22:44:59.101812 np0000183312 devstack@n-api-meta.service[108645]: DEBUG oslo_concurrency.lockutils [None req-27463e79-770e-4f3b-ac7a-c305056332ce None None] Acquiring lock "00000000-0000-0000-0000-000000000000" by "nova.context.set_target_cell..get_or_set_cached_cell_and_set_connections" {{(pid=108645) inner /opt/stack/data/venv/lib/python3.12/site-packages/oslo_concurrency/lockutils.py:511}}
Jun 28 22:44:59.102072 np0000183312 devstack@n-api-meta.service[108645]: DEBUG oslo_concurrency.lockutils [None req-27463e79-770e-4f3b-ac7a-c305056332ce None None] Lock "00000000-0000-0000-0000-000000000000" acquired by "nova.context.set_target_cell..get_or_set_cached_cell_and_set_connections" :: waited 0.000s {{(pid=108645) inner /opt/stack/data/venv/lib/python3.12/site-packages/oslo_concurrency/lockutils.py:524}}
Jun 28 22:44:59.102612 np0000183312 devstack@n-api-meta.service[108645]: DEBUG oslo_concurrency.lockutils [None req-27463e79-770e-4f3b-ac7a-c305056332ce None None] Lock "00000000-0000-0000-0000-000000000000" "released" by "nova.context.set_target_cell..get_or_set_cached_cell_and_set_connections" :: held 0.001s {{(pid=108645) inner /opt/stack/data/venv/lib/python3.12/site-packages/oslo_concurrency/lockutils.py:543}}
Jun 28 22:44:59.103723 np0000183312 devstack@n-api-meta.service[108645]: DEBUG oslo_concurrency.lockutils [None req-27463e79-770e-4f3b-ac7a-c305056332ce None None] Acquiring lock "9389154e-bf36-43e7-b598-8db2212e19a4" by "nova.context.set_target_cell..get_or_set_cached_cell_and_set_connections" {{(pid=108645) inner /opt/stack/data/venv/lib/python3.12/site-packages/oslo_concurrency/lockutils.py:511}}
Jun 28 22:44:59.103929 np0000183312 devstack@n-api-meta.service[108645]: DEBUG oslo_concurrency.lockutils [None req-27463e79-770e-4f3b-ac7a-c305056332ce None None] Lock "9389154e-bf36-43e7-b598-8db2212e19a4" acquired by "nova.context.set_target_cell..get_or_set_cached_cell_and_set_connections" :: waited 0.000s {{(pid=108645) inner /opt/stack/data/venv/lib/python3.12/site-packages/oslo_concurrency/lockutils.py:524}}
Jun 28 22:44:59.105262 np0000183312 devstack@n-api-meta.service[108645]: DEBUG oslo_concurrency.lockutils [None req-27463e79-770e-4f3b-ac7a-c305056332ce None None] Lock "9389154e-bf36-43e7-b598-8db2212e19a4" "released" by "nova.context.set_target_cell..get_or_set_cached_cell_and_set_connections" :: held 0.001s {{(pid=108645) inner /opt/stack/data/venv/lib/python3.12/site-packages/oslo_concurrency/lockutils.py:543}}
Jun 28 22:44:59.106695 np0000183312 devstack@n-api-meta.service[108646]: DEBUG oslo_db.sqlalchemy.engines [None req-a3b8726d-1bc9-4632-9eb9-c9c2cb3f9d85 None None] MySQL server mode set to STRICT_TRANS_TABLES,STRICT_ALL_TABLES,NO_ZERO_IN_DATE,NO_ZERO_DATE,ERROR_FOR_DIVISION_BY_ZERO,TRADITIONAL,NO_ENGINE_SUBSTITUTION {{(pid=108646) _check_effective_sql_mode /opt/stack/data/venv/lib/python3.12/site-packages/oslo_db/sqlalchemy/engines.py:325}}
Jun 28 22:44:59.109090 np0000183312 devstack@n-api-meta.service[108645]: INFO dbcounter [None req-27463e79-770e-4f3b-ac7a-c305056332ce None None] Registered counter for database nova_cell0
Jun 28 22:44:59.116480 np0000183312 devstack@n-api-meta.service[108645]: INFO dbcounter [None req-27463e79-770e-4f3b-ac7a-c305056332ce None None] Registered counter for database nova_cell1
Jun 28 22:44:59.157863 np0000183312 devstack@n-api-meta.service[108647]: DEBUG oslo_db.sqlalchemy.engines [None req-58330cab-28c1-42d8-8cbb-1ac6f223a2d7 None None] MySQL server mode set to STRICT_TRANS_TABLES,STRICT_ALL_TABLES,NO_ZERO_IN_DATE,NO_ZERO_DATE,ERROR_FOR_DIVISION_BY_ZERO,TRADITIONAL,NO_ENGINE_SUBSTITUTION {{(pid=108647) _check_effective_sql_mode /opt/stack/data/venv/lib/python3.12/site-packages/oslo_db/sqlalchemy/engines.py:325}}
Jun 28 22:44:59.166282 np0000183312 devstack@n-api-meta.service[108648]: DEBUG oslo_db.sqlalchemy.engines [None req-0d3ba793-67b0-4f3c-8808-bd9e306973fe None None] MySQL server mode set to STRICT_TRANS_TABLES,STRICT_ALL_TABLES,NO_ZERO_IN_DATE,NO_ZERO_DATE,ERROR_FOR_DIVISION_BY_ZERO,TRADITIONAL,NO_ENGINE_SUBSTITUTION {{(pid=108648) _check_effective_sql_mode /opt/stack/data/venv/lib/python3.12/site-packages/oslo_db/sqlalchemy/engines.py:325}}
Jun 28 22:44:59.185782 np0000183312 devstack@n-api-meta.service[108648]: DEBUG oslo_db.sqlalchemy.engines [None req-0d3ba793-67b0-4f3c-8808-bd9e306973fe None None] MySQL server mode set to STRICT_TRANS_TABLES,STRICT_ALL_TABLES,NO_ZERO_IN_DATE,NO_ZERO_DATE,ERROR_FOR_DIVISION_BY_ZERO,TRADITIONAL,NO_ENGINE_SUBSTITUTION {{(pid=108648) _check_effective_sql_mode /opt/stack/data/venv/lib/python3.12/site-packages/oslo_db/sqlalchemy/engines.py:325}}
Jun 28 22:44:59.185937 np0000183312 devstack@n-api-meta.service[108646]: DEBUG dbcounter [-] [108646] Writer thread running {{(pid=108646) stat_writer /opt/stack/data/venv/lib/python3.12/site-packages/dbcounter.py:102}}
Jun 28 22:44:59.189314 np0000183312 devstack@n-api-meta.service[108645]: DEBUG oslo_db.sqlalchemy.engines [None req-27463e79-770e-4f3b-ac7a-c305056332ce None None] MySQL server mode set to STRICT_TRANS_TABLES,STRICT_ALL_TABLES,NO_ZERO_IN_DATE,NO_ZERO_DATE,ERROR_FOR_DIVISION_BY_ZERO,TRADITIONAL,NO_ENGINE_SUBSTITUTION {{(pid=108645) _check_effective_sql_mode /opt/stack/data/venv/lib/python3.12/site-packages/oslo_db/sqlalchemy/engines.py:325}}
Jun 28 22:44:59.195604 np0000183312 devstack@n-api-meta.service[108646]: DEBUG dbcounter [-] [108646] Writer thread running {{(pid=108646) stat_writer /opt/stack/data/venv/lib/python3.12/site-packages/dbcounter.py:102}}
Jun 28 22:44:59.198071 np0000183312 devstack@n-api-meta.service[108647]: DEBUG dbcounter [-] [108647] Writer thread running {{(pid=108647) stat_writer /opt/stack/data/venv/lib/python3.12/site-packages/dbcounter.py:102}}
Jun 28 22:44:59.198231 np0000183312 devstack@n-api-meta.service[108645]: DEBUG oslo_db.sqlalchemy.engines [None req-27463e79-770e-4f3b-ac7a-c305056332ce None None] MySQL server mode set to STRICT_TRANS_TABLES,STRICT_ALL_TABLES,NO_ZERO_IN_DATE,NO_ZERO_DATE,ERROR_FOR_DIVISION_BY_ZERO,TRADITIONAL,NO_ENGINE_SUBSTITUTION {{(pid=108645) _check_effective_sql_mode /opt/stack/data/venv/lib/python3.12/site-packages/oslo_db/sqlalchemy/engines.py:325}}
Jun 28 22:44:59.200620 np0000183312 devstack@n-api-meta.service[108647]: DEBUG nova.context [None req-58330cab-28c1-42d8-8cbb-1ac6f223a2d7 None None] Found 2 cells: 00000000-0000-0000-0000-000000000000(cell0),9389154e-bf36-43e7-b598-8db2212e19a4(cell1) {{(pid=108647) load_cells /opt/stack/nova/nova/context.py:509}}
Jun 28 22:44:59.200802 np0000183312 devstack@n-api-meta.service[108646]: INFO dbcounter [None req-a3b8726d-1bc9-4632-9eb9-c9c2cb3f9d85 None None] Registered counter for database nova_cell0
Jun 28 22:44:59.200877 np0000183312 devstack@n-api-meta.service[108647]: INFO nova.utils [None req-58330cab-28c1-42d8-8cbb-1ac6f223a2d7 None None] The cell worker thread pool MainProcess.cell_worker is initialized
Jun 28 22:44:59.203049 np0000183312 devstack@n-api-meta.service[108647]: DEBUG oslo_concurrency.lockutils [None req-58330cab-28c1-42d8-8cbb-1ac6f223a2d7 None None] Acquiring lock "00000000-0000-0000-0000-000000000000" by "nova.context.set_target_cell..get_or_set_cached_cell_and_set_connections" {{(pid=108647) inner /opt/stack/data/venv/lib/python3.12/site-packages/oslo_concurrency/lockutils.py:511}}
Jun 28 22:44:59.203190 np0000183312 devstack@n-api-meta.service[108647]: DEBUG oslo_concurrency.lockutils [None req-58330cab-28c1-42d8-8cbb-1ac6f223a2d7 None None] Lock "00000000-0000-0000-0000-000000000000" acquired by "nova.context.set_target_cell..get_or_set_cached_cell_and_set_connections" :: waited 0.000s {{(pid=108647) inner /opt/stack/data/venv/lib/python3.12/site-packages/oslo_concurrency/lockutils.py:524}}
Jun 28 22:44:59.203715 np0000183312 devstack@n-api-meta.service[108647]: DEBUG oslo_concurrency.lockutils [None req-58330cab-28c1-42d8-8cbb-1ac6f223a2d7 None None] Lock "00000000-0000-0000-0000-000000000000" "released" by "nova.context.set_target_cell..get_or_set_cached_cell_and_set_connections" :: held 0.000s {{(pid=108647) inner /opt/stack/data/venv/lib/python3.12/site-packages/oslo_concurrency/lockutils.py:543}}
Jun 28 22:44:59.204511 np0000183312 devstack@n-api-meta.service[108647]: DEBUG oslo_concurrency.lockutils [None req-58330cab-28c1-42d8-8cbb-1ac6f223a2d7 None None] Acquiring lock "9389154e-bf36-43e7-b598-8db2212e19a4" by "nova.context.set_target_cell..get_or_set_cached_cell_and_set_connections" {{(pid=108647) inner /opt/stack/data/venv/lib/python3.12/site-packages/oslo_concurrency/lockutils.py:511}}
Jun 28 22:44:59.204678 np0000183312 devstack@n-api-meta.service[108647]: DEBUG oslo_concurrency.lockutils [None req-58330cab-28c1-42d8-8cbb-1ac6f223a2d7 None None] Lock "9389154e-bf36-43e7-b598-8db2212e19a4" acquired by "nova.context.set_target_cell..get_or_set_cached_cell_and_set_connections" :: waited 0.000s {{(pid=108647) inner /opt/stack/data/venv/lib/python3.12/site-packages/oslo_concurrency/lockutils.py:524}}
Jun 28 22:44:59.205712 np0000183312 devstack@n-api-meta.service[108647]: DEBUG oslo_concurrency.lockutils [None req-58330cab-28c1-42d8-8cbb-1ac6f223a2d7 None None] Lock "9389154e-bf36-43e7-b598-8db2212e19a4" "released" by "nova.context.set_target_cell..get_or_set_cached_cell_and_set_connections" :: held 0.001s {{(pid=108647) inner /opt/stack/data/venv/lib/python3.12/site-packages/oslo_concurrency/lockutils.py:543}}
Jun 28 22:44:59.209816 np0000183312 devstack@n-api-meta.service[108647]: INFO dbcounter [None req-58330cab-28c1-42d8-8cbb-1ac6f223a2d7 None None] Registered counter for database nova_cell0
Jun 28 22:44:59.216286 np0000183312 devstack@n-api-meta.service[108647]: INFO dbcounter [None req-58330cab-28c1-42d8-8cbb-1ac6f223a2d7 None None] Registered counter for database nova_cell1
Jun 28 22:44:59.255631 np0000183312 devstack@n-api-meta.service[108646]: DEBUG oslo_db.sqlalchemy.engines [None req-a3b8726d-1bc9-4632-9eb9-c9c2cb3f9d85 None None] MySQL server mode set to STRICT_TRANS_TABLES,STRICT_ALL_TABLES,NO_ZERO_IN_DATE,NO_ZERO_DATE,ERROR_FOR_DIVISION_BY_ZERO,TRADITIONAL,NO_ENGINE_SUBSTITUTION {{(pid=108646) _check_effective_sql_mode /opt/stack/data/venv/lib/python3.12/site-packages/oslo_db/sqlalchemy/engines.py:325}}
Jun 28 22:44:59.266891 np0000183312 devstack@n-api-meta.service[108646]: DEBUG dbcounter [-] [108646] Writer thread running {{(pid=108646) stat_writer /opt/stack/data/venv/lib/python3.12/site-packages/dbcounter.py:102}}
Jun 28 22:44:59.286877 np0000183312 devstack@n-api-meta.service[108648]: DEBUG dbcounter [-] [108648] Writer thread running {{(pid=108648) stat_writer /opt/stack/data/venv/lib/python3.12/site-packages/dbcounter.py:102}}
Jun 28 22:44:59.290030 np0000183312 devstack@n-api-meta.service[108647]: DEBUG oslo_db.sqlalchemy.engines [None req-58330cab-28c1-42d8-8cbb-1ac6f223a2d7 None None] MySQL server mode set to STRICT_TRANS_TABLES,STRICT_ALL_TABLES,NO_ZERO_IN_DATE,NO_ZERO_DATE,ERROR_FOR_DIVISION_BY_ZERO,TRADITIONAL,NO_ENGINE_SUBSTITUTION {{(pid=108647) _check_effective_sql_mode /opt/stack/data/venv/lib/python3.12/site-packages/oslo_db/sqlalchemy/engines.py:325}}
Jun 28 22:44:59.295043 np0000183312 devstack@n-api-meta.service[108648]: DEBUG dbcounter [-] [108648] Writer thread running {{(pid=108648) stat_writer /opt/stack/data/venv/lib/python3.12/site-packages/dbcounter.py:102}}
Jun 28 22:44:59.300533 np0000183312 devstack@n-api-meta.service[108648]: INFO dbcounter [None req-0d3ba793-67b0-4f3c-8808-bd9e306973fe None None] Registered counter for database nova_cell0
Jun 28 22:44:59.308789 np0000183312 devstack@n-api-meta.service[108647]: DEBUG oslo_db.sqlalchemy.engines [None req-58330cab-28c1-42d8-8cbb-1ac6f223a2d7 None None] MySQL server mode set to STRICT_TRANS_TABLES,STRICT_ALL_TABLES,NO_ZERO_IN_DATE,NO_ZERO_DATE,ERROR_FOR_DIVISION_BY_ZERO,TRADITIONAL,NO_ENGINE_SUBSTITUTION {{(pid=108647) _check_effective_sql_mode /opt/stack/data/venv/lib/python3.12/site-packages/oslo_db/sqlalchemy/engines.py:325}}
Jun 28 22:44:59.316906 np0000183312 devstack@n-api-meta.service[108645]: DEBUG dbcounter [-] [108645] Writer thread running {{(pid=108645) stat_writer /opt/stack/data/venv/lib/python3.12/site-packages/dbcounter.py:102}}
Jun 28 22:44:59.317705 np0000183312 devstack@n-api-meta.service[108645]: DEBUG dbcounter [-] [108645] Writer thread running {{(pid=108645) stat_writer /opt/stack/data/venv/lib/python3.12/site-packages/dbcounter.py:102}}
Jun 28 22:44:59.324688 np0000183312 devstack@n-api-meta.service[108645]: INFO dbcounter [None req-27463e79-770e-4f3b-ac7a-c305056332ce None None] Registered counter for database nova_cell0
Jun 28 22:44:59.339362 np0000183312 devstack@n-api-meta.service[108646]: WARNING nova.api.metadata.handler [None req-a3b8726d-1bc9-4632-9eb9-c9c2cb3f9d85 None None] metadata_proxy_shared_secret is not configured, the metadata information returned by the proxy cannot be trusted
Jun 28 22:44:59.342173 np0000183312 devstack@n-api-meta.service[108646]: DEBUG nova.api.openstack.wsgi_app [None req-a3b8726d-1bc9-4632-9eb9-c9c2cb3f9d85 None None] ******************************************************************************** {{(pid=108646) log_opt_values /opt/stack/data/venv/lib/python3.12/site-packages/oslo_config/cfg.py:3226}}
Jun 28 22:44:59.342270 np0000183312 devstack@n-api-meta.service[108646]: DEBUG nova.api.openstack.wsgi_app [None req-a3b8726d-1bc9-4632-9eb9-c9c2cb3f9d85 None None] Configuration options gathered from: {{(pid=108646) log_opt_values /opt/stack/data/venv/lib/python3.12/site-packages/oslo_config/cfg.py:3227}}
Jun 28 22:44:59.342365 np0000183312 devstack@n-api-meta.service[108646]: DEBUG nova.api.openstack.wsgi_app [None req-a3b8726d-1bc9-4632-9eb9-c9c2cb3f9d85 None None] command line args: [] {{(pid=108646) log_opt_values /opt/stack/data/venv/lib/python3.12/site-packages/oslo_config/cfg.py:3228}}
Jun 28 22:44:59.342546 np0000183312 devstack@n-api-meta.service[108646]: DEBUG nova.api.openstack.wsgi_app [None req-a3b8726d-1bc9-4632-9eb9-c9c2cb3f9d85 None None] config files: ['/etc/nova/api-paste.ini', '/etc/nova/nova.conf'] {{(pid=108646) log_opt_values /opt/stack/data/venv/lib/python3.12/site-packages/oslo_config/cfg.py:3229}}
Jun 28 22:44:59.342648 np0000183312 devstack@n-api-meta.service[108646]: DEBUG nova.api.openstack.wsgi_app [None req-a3b8726d-1bc9-4632-9eb9-c9c2cb3f9d85 None None] ================================================================================ {{(pid=108646) log_opt_values /opt/stack/data/venv/lib/python3.12/site-packages/oslo_config/cfg.py:3234}}
Jun 28 22:44:59.342857 np0000183312 devstack@n-api-meta.service[108646]: DEBUG nova.api.openstack.wsgi_app [None req-a3b8726d-1bc9-4632-9eb9-c9c2cb3f9d85 None None] allow_resize_to_same_host = True {{(pid=108646) log_opt_values /opt/stack/data/venv/lib/python3.12/site-packages/oslo_config/cfg.py:3242}}
Jun 28 22:44:59.343040 np0000183312 devstack@n-api-meta.service[108646]: DEBUG nova.api.openstack.wsgi_app [None req-a3b8726d-1bc9-4632-9eb9-c9c2cb3f9d85 None None] arq_binding_timeout = 300 {{(pid=108646) log_opt_values /opt/stack/data/venv/lib/python3.12/site-packages/oslo_config/cfg.py:3242}}
Jun 28 22:44:59.343168 np0000183312 devstack@n-api-meta.service[108646]: DEBUG nova.api.openstack.wsgi_app [None req-a3b8726d-1bc9-4632-9eb9-c9c2cb3f9d85 None None] block_device_allocate_retries = 60 {{(pid=108646) log_opt_values /opt/stack/data/venv/lib/python3.12/site-packages/oslo_config/cfg.py:3242}}
Jun 28 22:44:59.343304 np0000183312 devstack@n-api-meta.service[108646]: DEBUG nova.api.openstack.wsgi_app [None req-a3b8726d-1bc9-4632-9eb9-c9c2cb3f9d85 None None] block_device_allocate_retries_interval = 3 {{(pid=108646) log_opt_values /opt/stack/data/venv/lib/python3.12/site-packages/oslo_config/cfg.py:3242}}
Jun 28 22:44:59.343437 np0000183312 devstack@n-api-meta.service[108646]: DEBUG nova.api.openstack.wsgi_app [None req-a3b8726d-1bc9-4632-9eb9-c9c2cb3f9d85 None None] cell_worker_thread_pool_size = 5 {{(pid=108646) log_opt_values /opt/stack/data/venv/lib/python3.12/site-packages/oslo_config/cfg.py:3242}}
Jun 28 22:44:59.343579 np0000183312 devstack@n-api-meta.service[108646]: DEBUG nova.api.openstack.wsgi_app [None req-a3b8726d-1bc9-4632-9eb9-c9c2cb3f9d85 None None] cert = self.pem {{(pid=108646) log_opt_values /opt/stack/data/venv/lib/python3.12/site-packages/oslo_config/cfg.py:3242}}
Jun 28 22:44:59.343775 np0000183312 devstack@n-api-meta.service[108646]: DEBUG nova.api.openstack.wsgi_app [None req-a3b8726d-1bc9-4632-9eb9-c9c2cb3f9d85 None None] compute_driver = libvirt.LibvirtDriver {{(pid=108646) log_opt_values /opt/stack/data/venv/lib/python3.12/site-packages/oslo_config/cfg.py:3242}}
Jun 28 22:44:59.343999 np0000183312 devstack@n-api-meta.service[108646]: DEBUG nova.api.openstack.wsgi_app [None req-a3b8726d-1bc9-4632-9eb9-c9c2cb3f9d85 None None] compute_monitors = [] {{(pid=108646) log_opt_values /opt/stack/data/venv/lib/python3.12/site-packages/oslo_config/cfg.py:3242}}
Jun 28 22:44:59.344227 np0000183312 devstack@n-api-meta.service[108646]: DEBUG nova.api.openstack.wsgi_app [None req-a3b8726d-1bc9-4632-9eb9-c9c2cb3f9d85 None None] config_dir = [] {{(pid=108646) log_opt_values /opt/stack/data/venv/lib/python3.12/site-packages/oslo_config/cfg.py:3242}}
Jun 28 22:44:59.344387 np0000183312 devstack@n-api-meta.service[108646]: DEBUG nova.api.openstack.wsgi_app [None req-a3b8726d-1bc9-4632-9eb9-c9c2cb3f9d85 None None] config_drive_format = iso9660 {{(pid=108646) log_opt_values /opt/stack/data/venv/lib/python3.12/site-packages/oslo_config/cfg.py:3242}}
Jun 28 22:44:59.344511 np0000183312 devstack@n-api-meta.service[108646]: DEBUG nova.api.openstack.wsgi_app [None req-a3b8726d-1bc9-4632-9eb9-c9c2cb3f9d85 None None] config_file = ['/etc/nova/api-paste.ini', '/etc/nova/nova.conf'] {{(pid=108646) log_opt_values /opt/stack/data/venv/lib/python3.12/site-packages/oslo_config/cfg.py:3242}}
Jun 28 22:44:59.344663 np0000183312 devstack@n-api-meta.service[108646]: DEBUG nova.api.openstack.wsgi_app [None req-a3b8726d-1bc9-4632-9eb9-c9c2cb3f9d85 None None] config_source = [] {{(pid=108646) log_opt_values /opt/stack/data/venv/lib/python3.12/site-packages/oslo_config/cfg.py:3242}}
Jun 28 22:44:59.344831 np0000183312 devstack@n-api-meta.service[108646]: DEBUG nova.api.openstack.wsgi_app [None req-a3b8726d-1bc9-4632-9eb9-c9c2cb3f9d85 None None] console_host = np0000183312 {{(pid=108646) log_opt_values /opt/stack/data/venv/lib/python3.12/site-packages/oslo_config/cfg.py:3242}}
Jun 28 22:44:59.345040 np0000183312 devstack@n-api-meta.service[108646]: DEBUG nova.api.openstack.wsgi_app [None req-a3b8726d-1bc9-4632-9eb9-c9c2cb3f9d85 None None] control_exchange = nova {{(pid=108646) log_opt_values /opt/stack/data/venv/lib/python3.12/site-packages/oslo_config/cfg.py:3242}}
Jun 28 22:44:59.345180 np0000183312 devstack@n-api-meta.service[108646]: DEBUG nova.api.openstack.wsgi_app [None req-a3b8726d-1bc9-4632-9eb9-c9c2cb3f9d85 None None] cpu_allocation_ratio = None {{(pid=108646) log_opt_values /opt/stack/data/venv/lib/python3.12/site-packages/oslo_config/cfg.py:3242}}
Jun 28 22:44:59.345430 np0000183312 devstack@n-api-meta.service[108646]: DEBUG nova.api.openstack.wsgi_app [None req-a3b8726d-1bc9-4632-9eb9-c9c2cb3f9d85 None None] daemon = False {{(pid=108646) log_opt_values /opt/stack/data/venv/lib/python3.12/site-packages/oslo_config/cfg.py:3242}}
Jun 28 22:44:59.345574 np0000183312 devstack@n-api-meta.service[108646]: DEBUG nova.api.openstack.wsgi_app [None req-a3b8726d-1bc9-4632-9eb9-c9c2cb3f9d85 None None] debug = True {{(pid=108646) log_opt_values /opt/stack/data/venv/lib/python3.12/site-packages/oslo_config/cfg.py:3242}}
Jun 28 22:44:59.345891 np0000183312 devstack@n-api-meta.service[108646]: DEBUG nova.api.openstack.wsgi_app [None req-a3b8726d-1bc9-4632-9eb9-c9c2cb3f9d85 None None] default_access_ip_network_name = None {{(pid=108646) log_opt_values /opt/stack/data/venv/lib/python3.12/site-packages/oslo_config/cfg.py:3242}}
Jun 28 22:44:59.346538 np0000183312 devstack@n-api-meta.service[108646]: DEBUG nova.api.openstack.wsgi_app [None req-a3b8726d-1bc9-4632-9eb9-c9c2cb3f9d85 None None] default_availability_zone = nova {{(pid=108646) log_opt_values /opt/stack/data/venv/lib/python3.12/site-packages/oslo_config/cfg.py:3242}}
Jun 28 22:44:59.346680 np0000183312 devstack@n-api-meta.service[108646]: DEBUG nova.api.openstack.wsgi_app [None req-a3b8726d-1bc9-4632-9eb9-c9c2cb3f9d85 None None] default_ephemeral_format = ext4 {{(pid=108646) log_opt_values /opt/stack/data/venv/lib/python3.12/site-packages/oslo_config/cfg.py:3242}}
Jun 28 22:44:59.346807 np0000183312 devstack@n-api-meta.service[108646]: DEBUG nova.api.openstack.wsgi_app [None req-a3b8726d-1bc9-4632-9eb9-c9c2cb3f9d85 None None] default_green_pool_size = 1000 {{(pid=108646) log_opt_values /opt/stack/data/venv/lib/python3.12/site-packages/oslo_config/cfg.py:3242}}
Jun 28 22:44:59.347066 np0000183312 devstack@n-api-meta.service[108646]: DEBUG nova.api.openstack.wsgi_app [None req-a3b8726d-1bc9-4632-9eb9-c9c2cb3f9d85 None None] default_log_levels = ['amqp=WARN', 'boto=WARN', 'sqlalchemy=WARN', 'suds=INFO', 'oslo.messaging=INFO', 'oslo_messaging=INFO', 'iso8601=WARN', 'requests.packages.urllib3.connectionpool=WARN', 'urllib3.connectionpool=WARN', 'websocket=WARN', 'requests.packages.urllib3.util.retry=WARN', 'urllib3.util.retry=WARN', 'keystonemiddleware=WARN', 'routes.middleware=WARN', 'stevedore=WARN', 'taskflow=WARN', 'keystoneauth=WARN', 'oslo.cache=INFO', 'oslo_policy=INFO', 'dogpile.core.dogpile=INFO', 'glanceclient=WARN', 'oslo.privsep.daemon=INFO'] {{(pid=108646) log_opt_values /opt/stack/data/venv/lib/python3.12/site-packages/oslo_config/cfg.py:3242}}
Jun 28 22:44:59.347215 np0000183312 devstack@n-api-meta.service[108646]: DEBUG nova.api.openstack.wsgi_app [None req-a3b8726d-1bc9-4632-9eb9-c9c2cb3f9d85 None None] default_schedule_zone = None {{(pid=108646) log_opt_values /opt/stack/data/venv/lib/python3.12/site-packages/oslo_config/cfg.py:3242}}
Jun 28 22:44:59.347318 np0000183312 devstack@n-api-meta.service[108646]: DEBUG nova.api.openstack.wsgi_app [None req-a3b8726d-1bc9-4632-9eb9-c9c2cb3f9d85 None None] default_thread_pool_size = 10 {{(pid=108646) log_opt_values /opt/stack/data/venv/lib/python3.12/site-packages/oslo_config/cfg.py:3242}}
Jun 28 22:44:59.347462 np0000183312 devstack@n-api-meta.service[108646]: DEBUG nova.api.openstack.wsgi_app [None req-a3b8726d-1bc9-4632-9eb9-c9c2cb3f9d85 None None] disk_allocation_ratio = None {{(pid=108646) log_opt_values /opt/stack/data/venv/lib/python3.12/site-packages/oslo_config/cfg.py:3242}}
Jun 28 22:44:59.347571 np0000183312 devstack@n-api-meta.service[108646]: DEBUG nova.api.openstack.wsgi_app [None req-a3b8726d-1bc9-4632-9eb9-c9c2cb3f9d85 None None] enable_new_services = True {{(pid=108646) log_opt_values /opt/stack/data/venv/lib/python3.12/site-packages/oslo_config/cfg.py:3242}}
Jun 28 22:44:59.347724 np0000183312 devstack@n-api-meta.service[108646]: DEBUG nova.api.openstack.wsgi_app [None req-a3b8726d-1bc9-4632-9eb9-c9c2cb3f9d85 None None] flat_injected = False {{(pid=108646) log_opt_values /opt/stack/data/venv/lib/python3.12/site-packages/oslo_config/cfg.py:3242}}
Jun 28 22:44:59.347853 np0000183312 devstack@n-api-meta.service[108646]: DEBUG nova.api.openstack.wsgi_app [None req-a3b8726d-1bc9-4632-9eb9-c9c2cb3f9d85 None None] force_config_drive = False {{(pid=108646) log_opt_values /opt/stack/data/venv/lib/python3.12/site-packages/oslo_config/cfg.py:3242}}
Jun 28 22:44:59.348038 np0000183312 devstack@n-api-meta.service[108646]: DEBUG nova.api.openstack.wsgi_app [None req-a3b8726d-1bc9-4632-9eb9-c9c2cb3f9d85 None None] force_raw_images = True {{(pid=108646) log_opt_values /opt/stack/data/venv/lib/python3.12/site-packages/oslo_config/cfg.py:3242}}
Jun 28 22:44:59.348184 np0000183312 devstack@n-api-meta.service[108646]: DEBUG nova.api.openstack.wsgi_app [None req-a3b8726d-1bc9-4632-9eb9-c9c2cb3f9d85 None None] graceful_shutdown_timeout = 5 {{(pid=108646) log_opt_values /opt/stack/data/venv/lib/python3.12/site-packages/oslo_config/cfg.py:3242}}
Jun 28 22:44:59.348326 np0000183312 devstack@n-api-meta.service[108646]: DEBUG nova.api.openstack.wsgi_app [None req-a3b8726d-1bc9-4632-9eb9-c9c2cb3f9d85 None None] heal_instance_info_cache_interval = -1 {{(pid=108646) log_opt_values /opt/stack/data/venv/lib/python3.12/site-packages/oslo_config/cfg.py:3242}}
Jun 28 22:44:59.348550 np0000183312 devstack@n-api-meta.service[108646]: DEBUG nova.api.openstack.wsgi_app [None req-a3b8726d-1bc9-4632-9eb9-c9c2cb3f9d85 None None] host = np0000183312 {{(pid=108646) log_opt_values /opt/stack/data/venv/lib/python3.12/site-packages/oslo_config/cfg.py:3242}}
Jun 28 22:44:59.348678 np0000183312 devstack@n-api-meta.service[108646]: DEBUG nova.api.openstack.wsgi_app [None req-a3b8726d-1bc9-4632-9eb9-c9c2cb3f9d85 None None] initial_cpu_allocation_ratio = 4.0 {{(pid=108646) log_opt_values /opt/stack/data/venv/lib/python3.12/site-packages/oslo_config/cfg.py:3242}}
Jun 28 22:44:59.348813 np0000183312 devstack@n-api-meta.service[108646]: DEBUG nova.api.openstack.wsgi_app [None req-a3b8726d-1bc9-4632-9eb9-c9c2cb3f9d85 None None] initial_disk_allocation_ratio = 1.0 {{(pid=108646) log_opt_values /opt/stack/data/venv/lib/python3.12/site-packages/oslo_config/cfg.py:3242}}
Jun 28 22:44:59.348968 np0000183312 devstack@n-api-meta.service[108646]: DEBUG nova.api.openstack.wsgi_app [None req-a3b8726d-1bc9-4632-9eb9-c9c2cb3f9d85 None None] initial_ram_allocation_ratio = 1.0 {{(pid=108646) log_opt_values /opt/stack/data/venv/lib/python3.12/site-packages/oslo_config/cfg.py:3242}}
Jun 28 22:44:59.350666 np0000183312 devstack@n-api-meta.service[108648]: DEBUG oslo_db.sqlalchemy.engines [None req-0d3ba793-67b0-4f3c-8808-bd9e306973fe None None] MySQL server mode set to STRICT_TRANS_TABLES,STRICT_ALL_TABLES,NO_ZERO_IN_DATE,NO_ZERO_DATE,ERROR_FOR_DIVISION_BY_ZERO,TRADITIONAL,NO_ENGINE_SUBSTITUTION {{(pid=108648) _check_effective_sql_mode /opt/stack/data/venv/lib/python3.12/site-packages/oslo_db/sqlalchemy/engines.py:325}}
Jun 28 22:44:59.392016 np0000183312 devstack@n-api-meta.service[108646]: DEBUG nova.api.openstack.wsgi_app [None req-a3b8726d-1bc9-4632-9eb9-c9c2cb3f9d85 None None] injected_network_template = /opt/stack/nova/nova/virt/interfaces.template {{(pid=108646) log_opt_values /opt/stack/data/venv/lib/python3.12/site-packages/oslo_config/cfg.py:3242}}
Jun 28 22:44:59.392016 np0000183312 devstack@n-api-meta.service[108646]: DEBUG nova.api.openstack.wsgi_app [None req-a3b8726d-1bc9-4632-9eb9-c9c2cb3f9d85 None None] instance_build_timeout = 0 {{(pid=108646) log_opt_values /opt/stack/data/venv/lib/python3.12/site-packages/oslo_config/cfg.py:3242}}
Jun 28 22:44:59.392016 np0000183312 devstack@n-api-meta.service[108646]: DEBUG nova.api.openstack.wsgi_app [None req-a3b8726d-1bc9-4632-9eb9-c9c2cb3f9d85 None None] instance_delete_interval = 300 {{(pid=108646) log_opt_values /opt/stack/data/venv/lib/python3.12/site-packages/oslo_config/cfg.py:3242}}
Jun 28 22:44:59.392016 np0000183312 devstack@n-api-meta.service[108646]: DEBUG nova.api.openstack.wsgi_app [None req-a3b8726d-1bc9-4632-9eb9-c9c2cb3f9d85 None None] instance_format = [instance: %(uuid)s] {{(pid=108646) log_opt_values /opt/stack/data/venv/lib/python3.12/site-packages/oslo_config/cfg.py:3242}}
Jun 28 22:44:59.392016 np0000183312 devstack@n-api-meta.service[108646]: DEBUG nova.api.openstack.wsgi_app [None req-a3b8726d-1bc9-4632-9eb9-c9c2cb3f9d85 None None] instance_name_template = instance-%08x {{(pid=108646) log_opt_values /opt/stack/data/venv/lib/python3.12/site-packages/oslo_config/cfg.py:3242}}
Jun 28 22:44:59.392016 np0000183312 devstack@n-api-meta.service[108646]: DEBUG nova.api.openstack.wsgi_app [None req-a3b8726d-1bc9-4632-9eb9-c9c2cb3f9d85 None None] instance_usage_audit = False {{(pid=108646) log_opt_values /opt/stack/data/venv/lib/python3.12/site-packages/oslo_config/cfg.py:3242}}
Jun 28 22:44:59.392016 np0000183312 devstack@n-api-meta.service[108646]: DEBUG nova.api.openstack.wsgi_app [None req-a3b8726d-1bc9-4632-9eb9-c9c2cb3f9d85 None None] instance_usage_audit_period = month {{(pid=108646) log_opt_values /opt/stack/data/venv/lib/python3.12/site-packages/oslo_config/cfg.py:3242}}
Jun 28 22:44:59.392524 np0000183312 devstack@n-api-meta.service[108646]: DEBUG nova.api.openstack.wsgi_app [None req-a3b8726d-1bc9-4632-9eb9-c9c2cb3f9d85 None None] instance_uuid_format = [instance: %(uuid)s] {{(pid=108646) log_opt_values /opt/stack/data/venv/lib/python3.12/site-packages/oslo_config/cfg.py:3242}}
Jun 28 22:44:59.392524 np0000183312 devstack@n-api-meta.service[108646]: DEBUG nova.api.openstack.wsgi_app [None req-a3b8726d-1bc9-4632-9eb9-c9c2cb3f9d85 None None] instances_path = /opt/stack/data/nova/instances {{(pid=108646) log_opt_values /opt/stack/data/venv/lib/python3.12/site-packages/oslo_config/cfg.py:3242}}
Jun 28 22:44:59.392524 np0000183312 devstack@n-api-meta.service[108646]: DEBUG nova.api.openstack.wsgi_app [None req-a3b8726d-1bc9-4632-9eb9-c9c2cb3f9d85 None None] internal_service_availability_zone = internal {{(pid=108646) log_opt_values /opt/stack/data/venv/lib/python3.12/site-packages/oslo_config/cfg.py:3242}}
Jun 28 22:44:59.392524 np0000183312 devstack@n-api-meta.service[108646]: DEBUG nova.api.openstack.wsgi_app [None req-a3b8726d-1bc9-4632-9eb9-c9c2cb3f9d85 None None] key = None {{(pid=108646) log_opt_values /opt/stack/data/venv/lib/python3.12/site-packages/oslo_config/cfg.py:3242}}
Jun 28 22:44:59.392626 np0000183312 devstack@n-api-meta.service[108646]: DEBUG nova.api.openstack.wsgi_app [None req-a3b8726d-1bc9-4632-9eb9-c9c2cb3f9d85 None None] live_migration_retry_count = 30 {{(pid=108646) log_opt_values /opt/stack/data/venv/lib/python3.12/site-packages/oslo_config/cfg.py:3242}}
Jun 28 22:44:59.392761 np0000183312 devstack@n-api-meta.service[108646]: DEBUG nova.api.openstack.wsgi_app [None req-a3b8726d-1bc9-4632-9eb9-c9c2cb3f9d85 None None] log_color = False {{(pid=108646) log_opt_values /opt/stack/data/venv/lib/python3.12/site-packages/oslo_config/cfg.py:3242}}
Jun 28 22:44:59.392954 np0000183312 devstack@n-api-meta.service[108646]: DEBUG nova.api.openstack.wsgi_app [None req-a3b8726d-1bc9-4632-9eb9-c9c2cb3f9d85 None None] log_config_append = None {{(pid=108646) log_opt_values /opt/stack/data/venv/lib/python3.12/site-packages/oslo_config/cfg.py:3242}}
Jun 28 22:44:59.393192 np0000183312 devstack@n-api-meta.service[108646]: DEBUG nova.api.openstack.wsgi_app [None req-a3b8726d-1bc9-4632-9eb9-c9c2cb3f9d85 None None] log_date_format = %Y-%m-%d %H:%M:%S {{(pid=108646) log_opt_values /opt/stack/data/venv/lib/python3.12/site-packages/oslo_config/cfg.py:3242}}
Jun 28 22:44:59.393386 np0000183312 devstack@n-api-meta.service[108646]: DEBUG nova.api.openstack.wsgi_app [None req-a3b8726d-1bc9-4632-9eb9-c9c2cb3f9d85 None None] log_dir = None {{(pid=108646) log_opt_values /opt/stack/data/venv/lib/python3.12/site-packages/oslo_config/cfg.py:3242}}
Jun 28 22:44:59.393562 np0000183312 devstack@n-api-meta.service[108646]: DEBUG nova.api.openstack.wsgi_app [None req-a3b8726d-1bc9-4632-9eb9-c9c2cb3f9d85 None None] log_file = None {{(pid=108646) log_opt_values /opt/stack/data/venv/lib/python3.12/site-packages/oslo_config/cfg.py:3242}}
Jun 28 22:44:59.393707 np0000183312 devstack@n-api-meta.service[108646]: DEBUG nova.api.openstack.wsgi_app [None req-a3b8726d-1bc9-4632-9eb9-c9c2cb3f9d85 None None] log_options = True {{(pid=108646) log_opt_values /opt/stack/data/venv/lib/python3.12/site-packages/oslo_config/cfg.py:3242}}
Jun 28 22:44:59.393885 np0000183312 devstack@n-api-meta.service[108646]: DEBUG nova.api.openstack.wsgi_app [None req-a3b8726d-1bc9-4632-9eb9-c9c2cb3f9d85 None None] log_rotate_interval = 1 {{(pid=108646) log_opt_values /opt/stack/data/venv/lib/python3.12/site-packages/oslo_config/cfg.py:3242}}
Jun 28 22:44:59.394095 np0000183312 devstack@n-api-meta.service[108646]: DEBUG nova.api.openstack.wsgi_app [None req-a3b8726d-1bc9-4632-9eb9-c9c2cb3f9d85 None None] log_rotate_interval_type = days {{(pid=108646) log_opt_values /opt/stack/data/venv/lib/python3.12/site-packages/oslo_config/cfg.py:3242}}
Jun 28 22:44:59.394281 np0000183312 devstack@n-api-meta.service[108646]: DEBUG nova.api.openstack.wsgi_app [None req-a3b8726d-1bc9-4632-9eb9-c9c2cb3f9d85 None None] log_rotation_type = none {{(pid=108646) log_opt_values /opt/stack/data/venv/lib/python3.12/site-packages/oslo_config/cfg.py:3242}}
Jun 28 22:44:59.395988 np0000183312 devstack@n-api-meta.service[108646]: DEBUG nova.api.openstack.wsgi_app [None req-a3b8726d-1bc9-4632-9eb9-c9c2cb3f9d85 None None] logging_context_format_string = %(color)s%(levelname)s %(name)s [%(global_request_id)s %(request_id)s %(project_name)s %(user_name)s%(color)s] %(instance)s%(color)s%(message)s {{(pid=108646) log_opt_values /opt/stack/data/venv/lib/python3.12/site-packages/oslo_config/cfg.py:3242}}
Jun 28 22:44:59.395988 np0000183312 devstack@n-api-meta.service[108646]: DEBUG nova.api.openstack.wsgi_app [None req-a3b8726d-1bc9-4632-9eb9-c9c2cb3f9d85 None None] logging_debug_format_suffix = {{(pid=%(process)d) %(funcName)s %(pathname)s:%(lineno)d}} {{(pid=108646) log_opt_values /opt/stack/data/venv/lib/python3.12/site-packages/oslo_config/cfg.py:3242}}
Jun 28 22:44:59.395988 np0000183312 devstack@n-api-meta.service[108646]: DEBUG nova.api.openstack.wsgi_app [None req-a3b8726d-1bc9-4632-9eb9-c9c2cb3f9d85 None None] logging_default_format_string = %(color)s%(levelname)s %(name)s [-%(color)s] %(instance)s%(color)s%(message)s {{(pid=108646) log_opt_values /opt/stack/data/venv/lib/python3.12/site-packages/oslo_config/cfg.py:3242}}
Jun 28 22:44:59.395988 np0000183312 devstack@n-api-meta.service[108646]: DEBUG nova.api.openstack.wsgi_app [None req-a3b8726d-1bc9-4632-9eb9-c9c2cb3f9d85 None None] logging_exception_prefix = ERROR %(name)s %(instance)s {{(pid=108646) log_opt_values /opt/stack/data/venv/lib/python3.12/site-packages/oslo_config/cfg.py:3242}}
Jun 28 22:44:59.395988 np0000183312 devstack@n-api-meta.service[108646]: DEBUG nova.api.openstack.wsgi_app [None req-a3b8726d-1bc9-4632-9eb9-c9c2cb3f9d85 None None] logging_user_identity_format = %(user)s %(project)s %(domain)s %(system_scope)s %(user_domain)s %(project_domain)s {{(pid=108646) log_opt_values /opt/stack/data/venv/lib/python3.12/site-packages/oslo_config/cfg.py:3242}}
Jun 28 22:44:59.396138 np0000183312 devstack@n-api-meta.service[108646]: DEBUG nova.api.openstack.wsgi_app [None req-a3b8726d-1bc9-4632-9eb9-c9c2cb3f9d85 None None] long_rpc_timeout = 1800 {{(pid=108646) log_opt_values /opt/stack/data/venv/lib/python3.12/site-packages/oslo_config/cfg.py:3242}}
Jun 28 22:44:59.396138 np0000183312 devstack@n-api-meta.service[108646]: DEBUG nova.api.openstack.wsgi_app [None req-a3b8726d-1bc9-4632-9eb9-c9c2cb3f9d85 None None] manager_shutdown_timeout = 160 {{(pid=108646) log_opt_values /opt/stack/data/venv/lib/python3.12/site-packages/oslo_config/cfg.py:3242}}
