Mar 30 12:20:57.017999 np0000161222 neutron-periodic-workers[103994]: DEBUG cotyledon.oslo_config_glue [-] ml2.type_drivers = ['local', 'flat', 'vlan', 'geneve'] {{(pid=103994) log_opt_values /opt/stack/data/venv/lib/python3.12/site-packages/oslo_config/cfg.py:3006}}
Mar 30 12:20:57.017999 np0000161222 neutron-periodic-workers[103994]: DEBUG cotyledon.oslo_config_glue [-] ml2_type_flat.flat_networks = ['public'] {{(pid=103994) log_opt_values /opt/stack/data/venv/lib/python3.12/site-packages/oslo_config/cfg.py:3006}}
Mar 30 12:20:57.017999 np0000161222 neutron-periodic-workers[103994]: DEBUG cotyledon.oslo_config_glue [-] ml2_type_geneve.max_header_size = 38 {{(pid=103994) log_opt_values /opt/stack/data/venv/lib/python3.12/site-packages/oslo_config/cfg.py:3006}}
Mar 30 12:20:57.018276 np0000161222 neutron-periodic-workers[103994]: DEBUG cotyledon.oslo_config_glue [-] ml2_type_geneve.vni_ranges = ['1:65536'] {{(pid=103994) log_opt_values /opt/stack/data/venv/lib/python3.12/site-packages/oslo_config/cfg.py:3006}}
Mar 30 12:20:57.018276 np0000161222 neutron-periodic-workers[103994]: DEBUG cotyledon.oslo_config_glue [-] ml2_type_vlan.network_vlan_ranges = ['public'] {{(pid=103994) log_opt_values /opt/stack/data/venv/lib/python3.12/site-packages/oslo_config/cfg.py:3006}}
Mar 30 12:20:57.018276 np0000161222 neutron-periodic-workers[103994]: DEBUG cotyledon.oslo_config_glue [-] network_log.burst_limit = 25 {{(pid=103994) log_opt_values /opt/stack/data/venv/lib/python3.12/site-packages/oslo_config/cfg.py:3006}}
Mar 30 12:20:57.018276 np0000161222 neutron-periodic-workers[103994]: DEBUG cotyledon.oslo_config_glue [-] network_log.local_output_log_base = None {{(pid=103994) log_opt_values /opt/stack/data/venv/lib/python3.12/site-packages/oslo_config/cfg.py:3006}}
Mar 30 12:20:57.018276 np0000161222 neutron-periodic-workers[103994]: DEBUG cotyledon.oslo_config_glue [-] network_log.rate_limit = 100 {{(pid=103994) log_opt_values /opt/stack/data/venv/lib/python3.12/site-packages/oslo_config/cfg.py:3006}}
Mar 30 12:20:57.018276 np0000161222 neutron-periodic-workers[103994]: DEBUG cotyledon.oslo_config_glue [-] database.asyncio_connection = **** {{(pid=103994) log_opt_values /opt/stack/data/venv/lib/python3.12/site-packages/oslo_config/cfg.py:3006}}
Mar 30 12:20:57.018276 np0000161222 neutron-periodic-workers[103994]: DEBUG cotyledon.oslo_config_glue [-] database.asyncio_slave_connection = **** {{(pid=103994) log_opt_values /opt/stack/data/venv/lib/python3.12/site-packages/oslo_config/cfg.py:3006}}
Mar 30 12:20:57.018276 np0000161222 neutron-periodic-workers[103994]: DEBUG cotyledon.oslo_config_glue [-] database.backend = sqlalchemy {{(pid=103994) log_opt_values /opt/stack/data/venv/lib/python3.12/site-packages/oslo_config/cfg.py:3006}}
Mar 30 12:20:57.018276 np0000161222 neutron-periodic-workers[103994]: DEBUG cotyledon.oslo_config_glue [-] database.connection = **** {{(pid=103994) log_opt_values /opt/stack/data/venv/lib/python3.12/site-packages/oslo_config/cfg.py:3006}}
Mar 30 12:20:57.018580 np0000161222 neutron-periodic-workers[103994]: DEBUG cotyledon.oslo_config_glue [-] database.connection_debug = 0 {{(pid=103994) log_opt_values /opt/stack/data/venv/lib/python3.12/site-packages/oslo_config/cfg.py:3006}}
Mar 30 12:20:57.018580 np0000161222 neutron-periodic-workers[103994]: DEBUG cotyledon.oslo_config_glue [-] database.connection_parameters = {{(pid=103994) log_opt_values /opt/stack/data/venv/lib/python3.12/site-packages/oslo_config/cfg.py:3006}}
Mar 30 12:20:57.018580 np0000161222 neutron-periodic-workers[103994]: DEBUG cotyledon.oslo_config_glue [-] database.connection_recycle_time = 3600 {{(pid=103994) log_opt_values /opt/stack/data/venv/lib/python3.12/site-packages/oslo_config/cfg.py:3006}}
Mar 30 12:20:57.018580 np0000161222 neutron-periodic-workers[103994]: DEBUG cotyledon.oslo_config_glue [-] database.connection_trace = False {{(pid=103994) log_opt_values /opt/stack/data/venv/lib/python3.12/site-packages/oslo_config/cfg.py:3006}}
Mar 30 12:20:57.018580 np0000161222 neutron-periodic-workers[103994]: DEBUG cotyledon.oslo_config_glue [-] database.db_inc_retry_interval = True {{(pid=103994) log_opt_values /opt/stack/data/venv/lib/python3.12/site-packages/oslo_config/cfg.py:3006}}
Mar 30 12:20:57.018580 np0000161222 neutron-periodic-workers[103994]: DEBUG cotyledon.oslo_config_glue [-] database.db_max_retries = 20 {{(pid=103994) log_opt_values /opt/stack/data/venv/lib/python3.12/site-packages/oslo_config/cfg.py:3006}}
Mar 30 12:20:57.018580 np0000161222 neutron-periodic-workers[103994]: DEBUG cotyledon.oslo_config_glue [-] database.db_max_retry_interval = 10 {{(pid=103994) log_opt_values /opt/stack/data/venv/lib/python3.12/site-packages/oslo_config/cfg.py:3006}}
Mar 30 12:20:57.018580 np0000161222 neutron-periodic-workers[103994]: DEBUG cotyledon.oslo_config_glue [-] database.db_retry_interval = 1 {{(pid=103994) log_opt_values /opt/stack/data/venv/lib/python3.12/site-packages/oslo_config/cfg.py:3006}}
Mar 30 12:20:57.018580 np0000161222 neutron-periodic-workers[103994]: DEBUG cotyledon.oslo_config_glue [-] database.max_overflow = 50 {{(pid=103994) log_opt_values /opt/stack/data/venv/lib/python3.12/site-packages/oslo_config/cfg.py:3006}}
Mar 30 12:20:57.018878 np0000161222 neutron-periodic-workers[103994]: DEBUG cotyledon.oslo_config_glue [-] database.max_pool_size = 5 {{(pid=103994) log_opt_values /opt/stack/data/venv/lib/python3.12/site-packages/oslo_config/cfg.py:3006}}
Mar 30 12:20:57.018878 np0000161222 neutron-periodic-workers[103994]: DEBUG cotyledon.oslo_config_glue [-] database.max_retries = 10 {{(pid=103994) log_opt_values /opt/stack/data/venv/lib/python3.12/site-packages/oslo_config/cfg.py:3006}}
Mar 30 12:20:57.018878 np0000161222 neutron-periodic-workers[103994]: DEBUG cotyledon.oslo_config_glue [-] database.mysql_sql_mode = TRADITIONAL {{(pid=103994) log_opt_values /opt/stack/data/venv/lib/python3.12/site-packages/oslo_config/cfg.py:3006}}
Mar 30 12:20:57.018878 np0000161222 neutron-periodic-workers[103994]: DEBUG cotyledon.oslo_config_glue [-] database.mysql_wsrep_sync_wait = None {{(pid=103994) log_opt_values /opt/stack/data/venv/lib/python3.12/site-packages/oslo_config/cfg.py:3006}}
Mar 30 12:20:57.018878 np0000161222 neutron-periodic-workers[103994]: DEBUG cotyledon.oslo_config_glue [-] database.pool_timeout = None {{(pid=103994) log_opt_values /opt/stack/data/venv/lib/python3.12/site-packages/oslo_config/cfg.py:3006}}
Mar 30 12:20:57.018878 np0000161222 neutron-periodic-workers[103994]: DEBUG cotyledon.oslo_config_glue [-] database.retry_interval = 10 {{(pid=103994) log_opt_values /opt/stack/data/venv/lib/python3.12/site-packages/oslo_config/cfg.py:3006}}
Mar 30 12:20:57.018878 np0000161222 neutron-periodic-workers[103994]: DEBUG cotyledon.oslo_config_glue [-] database.slave_connection = **** {{(pid=103994) log_opt_values /opt/stack/data/venv/lib/python3.12/site-packages/oslo_config/cfg.py:3006}}
Mar 30 12:20:57.018878 np0000161222 neutron-periodic-workers[103994]: DEBUG cotyledon.oslo_config_glue [-] database.sqlite_synchronous = True {{(pid=103994) log_opt_values /opt/stack/data/venv/lib/python3.12/site-packages/oslo_config/cfg.py:3006}}
Mar 30 12:20:57.018878 np0000161222 neutron-periodic-workers[103994]: DEBUG cotyledon.oslo_config_glue [-] database.synchronous_reader = True {{(pid=103994) log_opt_values /opt/stack/data/venv/lib/python3.12/site-packages/oslo_config/cfg.py:3006}}
Mar 30 12:20:57.019156 np0000161222 neutron-periodic-workers[103994]: DEBUG cotyledon.oslo_config_glue [-] database.use_db_reconnect = False {{(pid=103994) log_opt_values /opt/stack/data/venv/lib/python3.12/site-packages/oslo_config/cfg.py:3006}}
Mar 30 12:20:57.019156 np0000161222 neutron-periodic-workers[103994]: DEBUG cotyledon.oslo_config_glue [-] ovn.bfd_min_rx = 1000 {{(pid=103994) log_opt_values /opt/stack/data/venv/lib/python3.12/site-packages/oslo_config/cfg.py:3006}}
Mar 30 12:20:57.019156 np0000161222 neutron-periodic-workers[103994]: DEBUG cotyledon.oslo_config_glue [-] ovn.bfd_min_tx = 100 {{(pid=103994) log_opt_values /opt/stack/data/venv/lib/python3.12/site-packages/oslo_config/cfg.py:3006}}
Mar 30 12:20:57.019156 np0000161222 neutron-periodic-workers[103994]: DEBUG cotyledon.oslo_config_glue [-] ovn.bfd_mult = 3 {{(pid=103994) log_opt_values /opt/stack/data/venv/lib/python3.12/site-packages/oslo_config/cfg.py:3006}}
Mar 30 12:20:57.019156 np0000161222 neutron-periodic-workers[103994]: DEBUG cotyledon.oslo_config_glue [-] ovn.broadcast_arps_to_all_routers = True {{(pid=103994) log_opt_values /opt/stack/data/venv/lib/python3.12/site-packages/oslo_config/cfg.py:3006}}
Mar 30 12:20:57.019156 np0000161222 neutron-periodic-workers[103994]: DEBUG cotyledon.oslo_config_glue [-] ovn.dhcp_default_lease_time = 43200 {{(pid=103994) log_opt_values /opt/stack/data/venv/lib/python3.12/site-packages/oslo_config/cfg.py:3006}}
Mar 30 12:20:57.019156 np0000161222 neutron-periodic-workers[103994]: DEBUG cotyledon.oslo_config_glue [-] ovn.disable_ovn_dhcp_for_baremetal_ports = False {{(pid=103994) log_opt_values /opt/stack/data/venv/lib/python3.12/site-packages/oslo_config/cfg.py:3006}}
Mar 30 12:20:57.019156 np0000161222 neutron-periodic-workers[103994]: DEBUG cotyledon.oslo_config_glue [-] ovn.dns_records_ovn_owned = False {{(pid=103994) log_opt_values /opt/stack/data/venv/lib/python3.12/site-packages/oslo_config/cfg.py:3006}}
Mar 30 12:20:57.019156 np0000161222 neutron-periodic-workers[103994]: DEBUG cotyledon.oslo_config_glue [-] ovn.dns_servers = [] {{(pid=103994) log_opt_values /opt/stack/data/venv/lib/python3.12/site-packages/oslo_config/cfg.py:3006}}
Mar 30 12:20:57.019447 np0000161222 neutron-periodic-workers[103994]: DEBUG cotyledon.oslo_config_glue [-] ovn.enable_distributed_floating_ip = False {{(pid=103994) log_opt_values /opt/stack/data/venv/lib/python3.12/site-packages/oslo_config/cfg.py:3006}}
Mar 30 12:20:57.019447 np0000161222 neutron-periodic-workers[103994]: DEBUG cotyledon.oslo_config_glue [-] ovn.fdb_age_threshold = 300 {{(pid=103994) log_opt_values /opt/stack/data/venv/lib/python3.12/site-packages/oslo_config/cfg.py:3006}}
Mar 30 12:20:57.019447 np0000161222 neutron-periodic-workers[103994]: DEBUG cotyledon.oslo_config_glue [-] ovn.ha_failover_strategy = normal {{(pid=103994) log_opt_values /opt/stack/data/venv/lib/python3.12/site-packages/oslo_config/cfg.py:3006}}
Mar 30 12:20:57.019447 np0000161222 neutron-periodic-workers[103994]: DEBUG cotyledon.oslo_config_glue [-] ovn.live_migration_activation_strategy = rarp {{(pid=103994) log_opt_values /opt/stack/data/venv/lib/python3.12/site-packages/oslo_config/cfg.py:3006}}
Mar 30 12:20:57.019447 np0000161222 neutron-periodic-workers[103994]: DEBUG cotyledon.oslo_config_glue [-] ovn.localnet_learn_fdb = False {{(pid=103994) log_opt_values /opt/stack/data/venv/lib/python3.12/site-packages/oslo_config/cfg.py:3006}}
Mar 30 12:20:57.019447 np0000161222 neutron-periodic-workers[103994]: DEBUG cotyledon.oslo_config_glue [-] ovn.mac_binding_age_threshold = 300 {{(pid=103994) log_opt_values /opt/stack/data/venv/lib/python3.12/site-packages/oslo_config/cfg.py:3006}}
Mar 30 12:20:57.019447 np0000161222 neutron-periodic-workers[103994]: DEBUG cotyledon.oslo_config_glue [-] ovn.neutron_sync_mode = log {{(pid=103994) log_opt_values /opt/stack/data/venv/lib/python3.12/site-packages/oslo_config/cfg.py:3006}}
Mar 30 12:20:57.019447 np0000161222 neutron-periodic-workers[103994]: DEBUG cotyledon.oslo_config_glue [-] ovn.ovn_dhcp4_global_options = {} {{(pid=103994) log_opt_values /opt/stack/data/venv/lib/python3.12/site-packages/oslo_config/cfg.py:3006}}
Mar 30 12:20:57.019447 np0000161222 neutron-periodic-workers[103994]: DEBUG cotyledon.oslo_config_glue [-] ovn.ovn_dhcp6_global_options = {} {{(pid=103994) log_opt_values /opt/stack/data/venv/lib/python3.12/site-packages/oslo_config/cfg.py:3006}}
Mar 30 12:20:57.019708 np0000161222 neutron-periodic-workers[103994]: DEBUG cotyledon.oslo_config_glue [-] ovn.ovn_l3_scheduler = leastloaded {{(pid=103994) log_opt_values /opt/stack/data/venv/lib/python3.12/site-packages/oslo_config/cfg.py:3006}}
Mar 30 12:20:57.019708 np0000161222 neutron-periodic-workers[103994]: DEBUG cotyledon.oslo_config_glue [-] ovn.ovn_metadata_enabled = True {{(pid=103994) log_opt_values /opt/stack/data/venv/lib/python3.12/site-packages/oslo_config/cfg.py:3006}}
Mar 30 12:20:57.019708 np0000161222 neutron-periodic-workers[103994]: DEBUG cotyledon.oslo_config_glue [-] ovn.ovn_nb_ca_cert = /opt/stack/data/CA/int-ca/ca-chain.pem {{(pid=103994) log_opt_values /opt/stack/data/venv/lib/python3.12/site-packages/oslo_config/cfg.py:3006}}
Mar 30 12:20:57.019708 np0000161222 neutron-periodic-workers[103994]: DEBUG cotyledon.oslo_config_glue [-] ovn.ovn_nb_certificate = /opt/stack/data/CA/int-ca/devstack-cert.crt {{(pid=103994) log_opt_values /opt/stack/data/venv/lib/python3.12/site-packages/oslo_config/cfg.py:3006}}
Mar 30 12:20:57.019708 np0000161222 neutron-periodic-workers[103994]: DEBUG cotyledon.oslo_config_glue [-] ovn.ovn_nb_connection = ['ssl:199.204.45.153:6641'] {{(pid=103994) log_opt_values /opt/stack/data/venv/lib/python3.12/site-packages/oslo_config/cfg.py:3006}}
Mar 30 12:20:57.019708 np0000161222 neutron-periodic-workers[103994]: DEBUG cotyledon.oslo_config_glue [-] ovn.ovn_nb_private_key = /opt/stack/data/CA/int-ca/private/devstack-cert.key {{(pid=103994) log_opt_values /opt/stack/data/venv/lib/python3.12/site-packages/oslo_config/cfg.py:3006}}
Mar 30 12:20:57.019708 np0000161222 neutron-periodic-workers[103994]: DEBUG cotyledon.oslo_config_glue [-] ovn.ovn_router_indirect_snat = False {{(pid=103994) log_opt_values /opt/stack/data/venv/lib/python3.12/site-packages/oslo_config/cfg.py:3006}}
Mar 30 12:20:57.019708 np0000161222 neutron-periodic-workers[103994]: DEBUG cotyledon.oslo_config_glue [-] ovn.ovn_sb_ca_cert = /opt/stack/data/CA/int-ca/ca-chain.pem {{(pid=103994) log_opt_values /opt/stack/data/venv/lib/python3.12/site-packages/oslo_config/cfg.py:3006}}
Mar 30 12:20:57.020014 np0000161222 neutron-periodic-workers[103994]: DEBUG cotyledon.oslo_config_glue [-] ovn.ovn_sb_certificate = /opt/stack/data/CA/int-ca/devstack-cert.crt {{(pid=103994) log_opt_values /opt/stack/data/venv/lib/python3.12/site-packages/oslo_config/cfg.py:3006}}
Mar 30 12:20:57.020014 np0000161222 neutron-periodic-workers[103994]: DEBUG cotyledon.oslo_config_glue [-] ovn.ovn_sb_connection = ['ssl:199.204.45.153:6642'] {{(pid=103994) log_opt_values /opt/stack/data/venv/lib/python3.12/site-packages/oslo_config/cfg.py:3006}}
Mar 30 12:20:57.020014 np0000161222 neutron-periodic-workers[103994]: DEBUG cotyledon.oslo_config_glue [-] ovn.ovn_sb_private_key = /opt/stack/data/CA/int-ca/private/devstack-cert.key {{(pid=103994) log_opt_values /opt/stack/data/venv/lib/python3.12/site-packages/oslo_config/cfg.py:3006}}
Mar 30 12:20:57.020014 np0000161222 neutron-periodic-workers[103994]: DEBUG cotyledon.oslo_config_glue [-] ovn.ovs_create_tap = False {{(pid=103994) log_opt_values /opt/stack/data/venv/lib/python3.12/site-packages/oslo_config/cfg.py:3006}}
Mar 30 12:20:57.020014 np0000161222 neutron-periodic-workers[103994]: DEBUG cotyledon.oslo_config_glue [-] ovn.ovsdb_connection_timeout = 180 {{(pid=103994) log_opt_values /opt/stack/data/venv/lib/python3.12/site-packages/oslo_config/cfg.py:3006}}
Mar 30 12:20:57.020014 np0000161222 neutron-periodic-workers[103994]: DEBUG cotyledon.oslo_config_glue [-] ovn.ovsdb_log_level = INFO {{(pid=103994) log_opt_values /opt/stack/data/venv/lib/python3.12/site-packages/oslo_config/cfg.py:3006}}
Mar 30 12:20:57.020014 np0000161222 neutron-periodic-workers[103994]: DEBUG cotyledon.oslo_config_glue [-] ovn.ovsdb_probe_interval = 60000 {{(pid=103994) log_opt_values /opt/stack/data/venv/lib/python3.12/site-packages/oslo_config/cfg.py:3006}}
Mar 30 12:20:57.020014 np0000161222 neutron-periodic-workers[103994]: DEBUG cotyledon.oslo_config_glue [-] ovn.ovsdb_retry_max_interval = 180 {{(pid=103994) log_opt_values /opt/stack/data/venv/lib/python3.12/site-packages/oslo_config/cfg.py:3006}}
Mar 30 12:20:57.020014 np0000161222 neutron-periodic-workers[103994]: DEBUG cotyledon.oslo_config_glue [-] ovn.stateless_nat_enabled = False {{(pid=103994) log_opt_values /opt/stack/data/venv/lib/python3.12/site-packages/oslo_config/cfg.py:3006}}
Mar 30 12:20:57.020281 np0000161222 neutron-periodic-workers[103994]: DEBUG cotyledon.oslo_config_glue [-] ovn.vhost_sock_dir = /var/run/openvswitch {{(pid=103994) log_opt_values /opt/stack/data/venv/lib/python3.12/site-packages/oslo_config/cfg.py:3006}}
Mar 30 12:20:57.020281 np0000161222 neutron-periodic-workers[103994]: DEBUG cotyledon.oslo_config_glue [-] OVS.bridge_mac_table_size = 50000 {{(pid=103994) log_opt_values /opt/stack/data/venv/lib/python3.12/site-packages/oslo_config/cfg.py:3006}}
Mar 30 12:20:57.020281 np0000161222 neutron-periodic-workers[103994]: DEBUG cotyledon.oslo_config_glue [-] OVS.igmp_flood = False {{(pid=103994) log_opt_values /opt/stack/data/venv/lib/python3.12/site-packages/oslo_config/cfg.py:3006}}
Mar 30 12:20:57.020281 np0000161222 neutron-periodic-workers[103994]: DEBUG cotyledon.oslo_config_glue [-] OVS.igmp_flood_reports = True {{(pid=103994) log_opt_values /opt/stack/data/venv/lib/python3.12/site-packages/oslo_config/cfg.py:3006}}
Mar 30 12:20:57.020281 np0000161222 neutron-periodic-workers[103994]: DEBUG cotyledon.oslo_config_glue [-] OVS.igmp_flood_unregistered = False {{(pid=103994) log_opt_values /opt/stack/data/venv/lib/python3.12/site-packages/oslo_config/cfg.py:3006}}
Mar 30 12:20:57.020281 np0000161222 neutron-periodic-workers[103994]: DEBUG cotyledon.oslo_config_glue [-] OVS.igmp_snooping_enable = False {{(pid=103994) log_opt_values /opt/stack/data/venv/lib/python3.12/site-packages/oslo_config/cfg.py:3006}}
Mar 30 12:20:57.020281 np0000161222 neutron-periodic-workers[103994]: DEBUG cotyledon.oslo_config_glue [-] OVS.ovsdb_timeout = 10 {{(pid=103994) log_opt_values /opt/stack/data/venv/lib/python3.12/site-packages/oslo_config/cfg.py:3006}}
Mar 30 12:20:57.020281 np0000161222 neutron-periodic-workers[103994]: DEBUG cotyledon.oslo_config_glue [-] ovn_nb_global.fdb_removal_limit = 0 {{(pid=103994) log_opt_values /opt/stack/data/venv/lib/python3.12/site-packages/oslo_config/cfg.py:3006}}
Mar 30 12:20:57.020281 np0000161222 neutron-periodic-workers[103994]: DEBUG cotyledon.oslo_config_glue [-] ovn_nb_global.ignore_lsp_down = False {{(pid=103994) log_opt_values /opt/stack/data/venv/lib/python3.12/site-packages/oslo_config/cfg.py:3006}}
Mar 30 12:20:57.020549 np0000161222 neutron-periodic-workers[103994]: DEBUG cotyledon.oslo_config_glue [-] ovn_nb_global.mac_binding_removal_limit = 0 {{(pid=103994) log_opt_values /opt/stack/data/venv/lib/python3.12/site-packages/oslo_config/cfg.py:3006}}
Mar 30 12:20:57.020549 np0000161222 neutron-periodic-workers[103994]: DEBUG cotyledon.oslo_config_glue [-] ******************************************************************************** {{(pid=103994) log_opt_values /opt/stack/data/venv/lib/python3.12/site-packages/oslo_config/cfg.py:3013}}
Mar 30 12:20:57.020549 np0000161222 neutron-periodic-workers[103994]: DEBUG cotyledon._service_worker [-] Run service ServiceWrapper(0) [103994] {{(pid=103994) wait_forever /opt/stack/data/venv/lib/python3.12/site-packages/cotyledon/_service_worker.py:218}}
Mar 30 12:21:06.681779 np0000161222 neutron-periodic-workers[103267]: DEBUG dbcounter [-] [103267] Writing DB stats neutron:SELECT=4 {{(pid=103267) stat_writer /opt/stack/data/venv/lib/python3.12/site-packages/dbcounter.py:115}}
Mar 30 12:21:43.012164 np0000161222 neutron-periodic-workers[103972]: DEBUG oslo_db.sqlalchemy.engines [None req-2f4e57c0-8c23-4aa0-8a6a-69574a9e620e None None] Parent process 103267 forked (103972) with an open database connection, which is being discarded and recreated. {{(pid=103972) checkout /opt/stack/data/venv/lib/python3.12/site-packages/oslo_db/sqlalchemy/engines.py:402}}
Mar 30 12:21:43.019204 np0000161222 neutron-periodic-workers[103972]: DEBUG dbcounter [-] [103972] Writer thread running {{(pid=103972) stat_writer /opt/stack/data/venv/lib/python3.12/site-packages/dbcounter.py:102}}
Mar 30 12:21:43.022105 np0000161222 neutron-periodic-workers[103972]: DEBUG neutron.db.agents_db [None req-2f4e57c0-8c23-4aa0-8a6a-69574a9e620e None None] Agent healthcheck: found 0 active agents {{(pid=103972) agent_health_check /opt/stack/neutron/neutron/db/agents_db.py:317}}
Mar 30 12:21:43.022270 np0000161222 neutron-periodic-workers[103972]: DEBUG oslo.service.backend._threading.loopingcall [None req-2f4e57c0-8c23-4aa0-8a6a-69574a9e620e None None] Fixed interval looping call 'neutron.plugins.ml2.plugin.AgentDbMixin.agent_health_check' sleeping for 36.98 seconds {{(pid=103972) _run_loop /opt/stack/data/venv/lib/python3.12/site-packages/oslo_service/backend/_threading/loopingcall.py:125}}
Mar 30 12:21:45.990852 np0000161222 neutron-periodic-workers[103962]: DEBUG dbcounter [-] [103962] Writer thread running {{(pid=103962) stat_writer /opt/stack/data/venv/lib/python3.12/site-packages/dbcounter.py:102}}
Mar 30 12:21:46.000683 np0000161222 neutron-periodic-workers[103962]: DEBUG oslo.service.backend._threading.loopingcall [None req-702ee1eb-4e1f-4e2a-9b07-c52fe78d146e None None] Fixed interval looping call 'neutron.plugins.ml2.plugin.DhcpAgentSchedulerDbMixin.remove_networks_from_down_agents' sleeping for 36.98 seconds {{(pid=103962) _run_loop /opt/stack/data/venv/lib/python3.12/site-packages/oslo_service/backend/_threading/loopingcall.py:125}}
Mar 30 12:21:53.020134 np0000161222 neutron-periodic-workers[103972]: DEBUG dbcounter [-] [103972] Writing DB stats neutron:SELECT=1 {{(pid=103972) stat_writer /opt/stack/data/venv/lib/python3.12/site-packages/dbcounter.py:115}}
Mar 30 12:21:55.999296 np0000161222 neutron-periodic-workers[103962]: DEBUG dbcounter [-] [103962] Writing DB stats neutron:SELECT=3 {{(pid=103962) stat_writer /opt/stack/data/venv/lib/python3.12/site-packages/dbcounter.py:115}}
Mar 30 12:22:20.008533 np0000161222 neutron-periodic-workers[103972]: DEBUG neutron.db.agents_db [None req-2f4e57c0-8c23-4aa0-8a6a-69574a9e620e None None] Agent healthcheck: found 0 active agents {{(pid=103972) agent_health_check /opt/stack/neutron/neutron/db/agents_db.py:317}}
Mar 30 12:22:20.009098 np0000161222 neutron-periodic-workers[103972]: DEBUG oslo.service.backend._threading.loopingcall [None req-2f4e57c0-8c23-4aa0-8a6a-69574a9e620e None None] Fixed interval looping call 'neutron.plugins.ml2.plugin.AgentDbMixin.agent_health_check' sleeping for 36.99 seconds {{(pid=103972) _run_loop /opt/stack/data/venv/lib/python3.12/site-packages/oslo_service/backend/_threading/loopingcall.py:125}}
Mar 30 12:22:22.990462 np0000161222 neutron-periodic-workers[103962]: DEBUG oslo.service.backend._threading.loopingcall [None req-702ee1eb-4e1f-4e2a-9b07-c52fe78d146e None None] Fixed interval looping call 'neutron.plugins.ml2.plugin.DhcpAgentSchedulerDbMixin.remove_networks_from_down_agents' sleeping for 36.99 seconds {{(pid=103962) _run_loop /opt/stack/data/venv/lib/python3.12/site-packages/oslo_service/backend/_threading/loopingcall.py:125}}
Mar 30 12:22:30.007409 np0000161222 neutron-periodic-workers[103972]: DEBUG dbcounter [-] [103972] Writing DB stats neutron:SELECT=1 {{(pid=103972) stat_writer /opt/stack/data/venv/lib/python3.12/site-packages/dbcounter.py:115}}
Mar 30 12:22:32.989297 np0000161222 neutron-periodic-workers[103962]: DEBUG dbcounter [-] [103962] Writing DB stats neutron:SELECT=3 {{(pid=103962) stat_writer /opt/stack/data/venv/lib/python3.12/site-packages/dbcounter.py:115}}
Mar 30 12:22:57.004424 np0000161222 neutron-periodic-workers[103972]: DEBUG neutron.db.agents_db [None req-2f4e57c0-8c23-4aa0-8a6a-69574a9e620e None None] Agent healthcheck: found 0 active agents {{(pid=103972) agent_health_check /opt/stack/neutron/neutron/db/agents_db.py:317}}
Mar 30 12:22:57.005062 np0000161222 neutron-periodic-workers[103972]: DEBUG oslo.service.backend._threading.loopingcall [None req-2f4e57c0-8c23-4aa0-8a6a-69574a9e620e None None] Fixed interval looping call 'neutron.plugins.ml2.plugin.AgentDbMixin.agent_health_check' sleeping for 36.99 seconds {{(pid=103972) _run_loop /opt/stack/data/venv/lib/python3.12/site-packages/oslo_service/backend/_threading/loopingcall.py:125}}
Mar 30 12:22:57.017603 np0000161222 neutron-periodic-workers[103983]: DEBUG dbcounter [-] [103983] Writer thread running {{(pid=103983) stat_writer /opt/stack/data/venv/lib/python3.12/site-packages/dbcounter.py:102}}
Mar 30 12:22:57.019421 np0000161222 neutron-periodic-workers[103983]: DEBUG oslo.service.backend._threading.loopingcall [None req-30ffb48c-0683-48e6-a662-2fdf4ab881ca None None] Fixed interval looping call 'neutron.db.quota.driver_nolock.DbQuotaNoLockDriver._remove_expired_reservations' sleeping for 119.98 seconds {{(pid=103983) _run_loop /opt/stack/data/venv/lib/python3.12/site-packages/oslo_service/backend/_threading/loopingcall.py:125}}
Mar 30 12:22:59.991357 np0000161222 neutron-periodic-workers[103962]: DEBUG oslo.service.backend._threading.loopingcall [None req-702ee1eb-4e1f-4e2a-9b07-c52fe78d146e None None] Fixed interval looping call 'neutron.plugins.ml2.plugin.DhcpAgentSchedulerDbMixin.remove_networks_from_down_agents' sleeping for 36.99 seconds {{(pid=103962) _run_loop /opt/stack/data/venv/lib/python3.12/site-packages/oslo_service/backend/_threading/loopingcall.py:125}}
Mar 30 12:23:07.002499 np0000161222 neutron-periodic-workers[103972]: DEBUG dbcounter [-] [103972] Writing DB stats neutron:SELECT=1 {{(pid=103972) stat_writer /opt/stack/data/venv/lib/python3.12/site-packages/dbcounter.py:115}}
Mar 30 12:23:09.990660 np0000161222 neutron-periodic-workers[103962]: DEBUG dbcounter [-] [103962] Writing DB stats neutron:SELECT=3 {{(pid=103962) stat_writer /opt/stack/data/venv/lib/python3.12/site-packages/dbcounter.py:115}}
Mar 30 12:23:17.019006 np0000161222 neutron-periodic-workers[103983]: DEBUG dbcounter [-] [103983] Writing DB stats neutron:DELETE=1 {{(pid=103983) stat_writer /opt/stack/data/venv/lib/python3.12/site-packages/dbcounter.py:115}}
Mar 30 12:23:33.998554 np0000161222 neutron-periodic-workers[103972]: DEBUG neutron.db.agents_db [None req-2f4e57c0-8c23-4aa0-8a6a-69574a9e620e None None] Agent healthcheck: found 0 active agents {{(pid=103972) agent_health_check /opt/stack/neutron/neutron/db/agents_db.py:317}}
Mar 30 12:23:33.999311 np0000161222 neutron-periodic-workers[103972]: DEBUG oslo.service.backend._threading.loopingcall [None req-2f4e57c0-8c23-4aa0-8a6a-69574a9e620e None None] Fixed interval looping call 'neutron.plugins.ml2.plugin.AgentDbMixin.agent_health_check' sleeping for 37.00 seconds {{(pid=103972) _run_loop /opt/stack/data/venv/lib/python3.12/site-packages/oslo_service/backend/_threading/loopingcall.py:125}}
Mar 30 12:23:36.991859 np0000161222 neutron-periodic-workers[103962]: DEBUG oslo.service.backend._threading.loopingcall [None req-702ee1eb-4e1f-4e2a-9b07-c52fe78d146e None None] Fixed interval looping call 'neutron.plugins.ml2.plugin.DhcpAgentSchedulerDbMixin.remove_networks_from_down_agents' sleeping for 36.99 seconds {{(pid=103962) _run_loop /opt/stack/data/venv/lib/python3.12/site-packages/oslo_service/backend/_threading/loopingcall.py:125}}
Mar 30 12:23:43.997613 np0000161222 neutron-periodic-workers[103972]: DEBUG dbcounter [-] [103972] Writing DB stats neutron:SELECT=1 {{(pid=103972) stat_writer /opt/stack/data/venv/lib/python3.12/site-packages/dbcounter.py:115}}
Mar 30 12:23:46.990285 np0000161222 neutron-periodic-workers[103962]: DEBUG dbcounter [-] [103962] Writing DB stats neutron:SELECT=3 {{(pid=103962) stat_writer /opt/stack/data/venv/lib/python3.12/site-packages/dbcounter.py:115}}
Mar 30 12:24:11.004341 np0000161222 neutron-periodic-workers[103972]: DEBUG neutron.db.agents_db [None req-2f4e57c0-8c23-4aa0-8a6a-69574a9e620e None None] Agent healthcheck: found 0 active agents {{(pid=103972) agent_health_check /opt/stack/neutron/neutron/db/agents_db.py:317}}
Mar 30 12:24:11.005161 np0000161222 neutron-periodic-workers[103972]: DEBUG oslo.service.backend._threading.loopingcall [None req-2f4e57c0-8c23-4aa0-8a6a-69574a9e620e None None] Fixed interval looping call 'neutron.plugins.ml2.plugin.AgentDbMixin.agent_health_check' sleeping for 36.99 seconds {{(pid=103972) _run_loop /opt/stack/data/venv/lib/python3.12/site-packages/oslo_service/backend/_threading/loopingcall.py:125}}
Mar 30 12:24:13.991367 np0000161222 neutron-periodic-workers[103962]: DEBUG oslo.service.backend._threading.loopingcall [None req-702ee1eb-4e1f-4e2a-9b07-c52fe78d146e None None] Fixed interval looping call 'neutron.plugins.ml2.plugin.DhcpAgentSchedulerDbMixin.remove_networks_from_down_agents' sleeping for 36.99 seconds {{(pid=103962) _run_loop /opt/stack/data/venv/lib/python3.12/site-packages/oslo_service/backend/_threading/loopingcall.py:125}}
Mar 30 12:24:21.002364 np0000161222 neutron-periodic-workers[103972]: DEBUG dbcounter [-] [103972] Writing DB stats neutron:SELECT=1 {{(pid=103972) stat_writer /opt/stack/data/venv/lib/python3.12/site-packages/dbcounter.py:115}}
Mar 30 12:24:23.990448 np0000161222 neutron-periodic-workers[103962]: DEBUG dbcounter [-] [103962] Writing DB stats neutron:SELECT=3 {{(pid=103962) stat_writer /opt/stack/data/venv/lib/python3.12/site-packages/dbcounter.py:115}}
Mar 30 12:24:46.050052 np0000161222 neutron-periodic-workers[103994]: DEBUG dbcounter [-] [103994] Writer thread running {{(pid=103994) stat_writer /opt/stack/data/venv/lib/python3.12/site-packages/dbcounter.py:102}}
Mar 30 12:24:46.061486 np0000161222 neutron-periodic-workers[103994]: DEBUG oslo.service.backend._threading.loopingcall [None req-980f1908-7f3d-41ec-a374-46b78225eb24 None None] Fixed interval looping call 'neutron.services.ovn_l3.plugin.L3_NAT_dbonly_mixin._clean_garbage' sleeping for 299.96 seconds {{(pid=103994) _run_loop /opt/stack/data/venv/lib/python3.12/site-packages/oslo_service/backend/_threading/loopingcall.py:125}}
Mar 30 12:24:47.999953 np0000161222 neutron-periodic-workers[103972]: DEBUG neutron.db.agents_db [None req-2f4e57c0-8c23-4aa0-8a6a-69574a9e620e None None] Agent healthcheck: found 0 active agents {{(pid=103972) agent_health_check /opt/stack/neutron/neutron/db/agents_db.py:317}}
Mar 30 12:24:48.000620 np0000161222 neutron-periodic-workers[103972]: DEBUG oslo.service.backend._threading.loopingcall [None req-2f4e57c0-8c23-4aa0-8a6a-69574a9e620e None None] Fixed interval looping call 'neutron.plugins.ml2.plugin.AgentDbMixin.agent_health_check' sleeping for 36.99 seconds {{(pid=103972) _run_loop /opt/stack/data/venv/lib/python3.12/site-packages/oslo_service/backend/_threading/loopingcall.py:125}}
Mar 30 12:24:50.989699 np0000161222 neutron-periodic-workers[103962]: DEBUG oslo.service.backend._threading.loopingcall [None req-702ee1eb-4e1f-4e2a-9b07-c52fe78d146e None None] Fixed interval looping call 'neutron.plugins.ml2.plugin.DhcpAgentSchedulerDbMixin.remove_networks_from_down_agents' sleeping for 36.99 seconds {{(pid=103962) _run_loop /opt/stack/data/venv/lib/python3.12/site-packages/oslo_service/backend/_threading/loopingcall.py:125}}
Mar 30 12:24:56.050823 np0000161222 neutron-periodic-workers[103994]: DEBUG dbcounter [-] [103994] Writing DB stats neutron:SELECT=1 {{(pid=103994) stat_writer /opt/stack/data/venv/lib/python3.12/site-packages/dbcounter.py:115}}
Mar 30 12:24:57.007146 np0000161222 neutron-periodic-workers[103983]: DEBUG oslo.service.backend._threading.loopingcall [None req-30ffb48c-0683-48e6-a662-2fdf4ab881ca None None] Fixed interval looping call 'neutron.db.quota.driver_nolock.DbQuotaNoLockDriver._remove_expired_reservations' sleeping for 119.99 seconds {{(pid=103983) _run_loop /opt/stack/data/venv/lib/python3.12/site-packages/oslo_service/backend/_threading/loopingcall.py:125}}
Mar 30 12:24:57.998063 np0000161222 neutron-periodic-workers[103972]: DEBUG dbcounter [-] [103972] Writing DB stats neutron:SELECT=1 {{(pid=103972) stat_writer /opt/stack/data/venv/lib/python3.12/site-packages/dbcounter.py:115}}
Mar 30 12:25:00.988874 np0000161222 neutron-periodic-workers[103962]: DEBUG dbcounter [-] [103962] Writing DB stats neutron:SELECT=3 {{(pid=103962) stat_writer /opt/stack/data/venv/lib/python3.12/site-packages/dbcounter.py:115}}
Mar 30 12:25:07.005664 np0000161222 neutron-periodic-workers[103983]: DEBUG dbcounter [-] [103983] Writing DB stats neutron:DELETE=1 {{(pid=103983) stat_writer /opt/stack/data/venv/lib/python3.12/site-packages/dbcounter.py:115}}
Mar 30 12:25:24.996196 np0000161222 neutron-periodic-workers[103972]: DEBUG neutron.db.agents_db [None req-2f4e57c0-8c23-4aa0-8a6a-69574a9e620e None None] Agent healthcheck: found 0 active agents {{(pid=103972) agent_health_check /opt/stack/neutron/neutron/db/agents_db.py:317}}
Mar 30 12:25:24.996795 np0000161222 neutron-periodic-workers[103972]: DEBUG oslo.service.backend._threading.loopingcall [None req-2f4e57c0-8c23-4aa0-8a6a-69574a9e620e None None] Fixed interval looping call 'neutron.plugins.ml2.plugin.AgentDbMixin.agent_health_check' sleeping for 36.99 seconds {{(pid=103972) _run_loop /opt/stack/data/venv/lib/python3.12/site-packages/oslo_service/backend/_threading/loopingcall.py:125}}
Mar 30 12:25:27.989901 np0000161222 neutron-periodic-workers[103962]: DEBUG oslo.service.backend._threading.loopingcall [None req-702ee1eb-4e1f-4e2a-9b07-c52fe78d146e None None] Fixed interval looping call 'neutron.plugins.ml2.plugin.DhcpAgentSchedulerDbMixin.remove_networks_from_down_agents' sleeping for 36.99 seconds {{(pid=103962) _run_loop /opt/stack/data/venv/lib/python3.12/site-packages/oslo_service/backend/_threading/loopingcall.py:125}}
Mar 30 12:25:34.994166 np0000161222 neutron-periodic-workers[103972]: DEBUG dbcounter [-] [103972] Writing DB stats neutron:SELECT=1 {{(pid=103972) stat_writer /opt/stack/data/venv/lib/python3.12/site-packages/dbcounter.py:115}}
Mar 30 12:25:37.989011 np0000161222 neutron-periodic-workers[103962]: DEBUG dbcounter [-] [103962] Writing DB stats neutron:SELECT=3 {{(pid=103962) stat_writer /opt/stack/data/venv/lib/python3.12/site-packages/dbcounter.py:115}}
Mar 30 12:26:02.019731 np0000161222 neutron-periodic-workers[103972]: DEBUG neutron.db.agents_db [None req-2f4e57c0-8c23-4aa0-8a6a-69574a9e620e None None] Agent healthcheck: found 0 active agents {{(pid=103972) agent_health_check /opt/stack/neutron/neutron/db/agents_db.py:317}}
Mar 30 12:26:02.019731 np0000161222 neutron-periodic-workers[103972]: DEBUG oslo.service.backend._threading.loopingcall [None req-2f4e57c0-8c23-4aa0-8a6a-69574a9e620e None None] Fixed interval looping call 'neutron.plugins.ml2.plugin.AgentDbMixin.agent_health_check' sleeping for 37.00 seconds {{(pid=103972) _run_loop /opt/stack/data/venv/lib/python3.12/site-packages/oslo_service/backend/_threading/loopingcall.py:125}}
Mar 30 12:26:04.988548 np0000161222 neutron-periodic-workers[103962]: DEBUG oslo.service.backend._threading.loopingcall [None req-702ee1eb-4e1f-4e2a-9b07-c52fe78d146e None None] Fixed interval looping call 'neutron.plugins.ml2.plugin.DhcpAgentSchedulerDbMixin.remove_networks_from_down_agents' sleeping for 36.99 seconds {{(pid=103962) _run_loop /opt/stack/data/venv/lib/python3.12/site-packages/oslo_service/backend/_threading/loopingcall.py:125}}
Mar 30 12:26:12.018806 np0000161222 neutron-periodic-workers[103972]: DEBUG dbcounter [-] [103972] Writing DB stats neutron:SELECT=1 {{(pid=103972) stat_writer /opt/stack/data/venv/lib/python3.12/site-packages/dbcounter.py:115}}
Mar 30 12:26:14.987400 np0000161222 neutron-periodic-workers[103962]: DEBUG dbcounter [-] [103962] Writing DB stats neutron:SELECT=3 {{(pid=103962) stat_writer /opt/stack/data/venv/lib/python3.12/site-packages/dbcounter.py:115}}
Mar 30 12:26:39.024857 np0000161222 neutron-periodic-workers[103972]: DEBUG neutron.db.agents_db [None req-2f4e57c0-8c23-4aa0-8a6a-69574a9e620e None None] Agent healthcheck: found 0 active agents {{(pid=103972) agent_health_check /opt/stack/neutron/neutron/db/agents_db.py:317}}
Mar 30 12:26:39.025636 np0000161222 neutron-periodic-workers[103972]: DEBUG oslo.service.backend._threading.loopingcall [None req-2f4e57c0-8c23-4aa0-8a6a-69574a9e620e None None] Fixed interval looping call 'neutron.plugins.ml2.plugin.AgentDbMixin.agent_health_check' sleeping for 36.99 seconds {{(pid=103972) _run_loop /opt/stack/data/venv/lib/python3.12/site-packages/oslo_service/backend/_threading/loopingcall.py:125}}
Mar 30 12:26:41.990291 np0000161222 neutron-periodic-workers[103962]: DEBUG oslo.service.backend._threading.loopingcall [None req-702ee1eb-4e1f-4e2a-9b07-c52fe78d146e None None] Fixed interval looping call 'neutron.plugins.ml2.plugin.DhcpAgentSchedulerDbMixin.remove_networks_from_down_agents' sleeping for 36.99 seconds {{(pid=103962) _run_loop /opt/stack/data/venv/lib/python3.12/site-packages/oslo_service/backend/_threading/loopingcall.py:125}}
Mar 30 12:26:49.023099 np0000161222 neutron-periodic-workers[103972]: DEBUG dbcounter [-] [103972] Writing DB stats neutron:SELECT=1 {{(pid=103972) stat_writer /opt/stack/data/venv/lib/python3.12/site-packages/dbcounter.py:115}}
Mar 30 12:26:51.988321 np0000161222 neutron-periodic-workers[103962]: DEBUG dbcounter [-] [103962] Writing DB stats neutron:SELECT=3 {{(pid=103962) stat_writer /opt/stack/data/venv/lib/python3.12/site-packages/dbcounter.py:115}}
Mar 30 12:26:57.003016 np0000161222 neutron-periodic-workers[103983]: DEBUG oslo.service.backend._threading.loopingcall [None req-30ffb48c-0683-48e6-a662-2fdf4ab881ca None None] Fixed interval looping call 'neutron.db.quota.driver_nolock.DbQuotaNoLockDriver._remove_expired_reservations' sleeping for 119.99 seconds {{(pid=103983) _run_loop /opt/stack/data/venv/lib/python3.12/site-packages/oslo_service/backend/_threading/loopingcall.py:125}}
Mar 30 12:27:07.000955 np0000161222 neutron-periodic-workers[103983]: DEBUG dbcounter [-] [103983] Writing DB stats neutron:DELETE=1 {{(pid=103983) stat_writer /opt/stack/data/venv/lib/python3.12/site-packages/dbcounter.py:115}}
Mar 30 12:27:16.020498 np0000161222 neutron-periodic-workers[103972]: DEBUG neutron.db.agents_db [None req-2f4e57c0-8c23-4aa0-8a6a-69574a9e620e None None] Agent healthcheck: found 0 active agents {{(pid=103972) agent_health_check /opt/stack/neutron/neutron/db/agents_db.py:317}}
Mar 30 12:27:16.021240 np0000161222 neutron-periodic-workers[103972]: DEBUG oslo.service.backend._threading.loopingcall [None req-2f4e57c0-8c23-4aa0-8a6a-69574a9e620e None None] Fixed interval looping call 'neutron.plugins.ml2.plugin.AgentDbMixin.agent_health_check' sleeping for 36.99 seconds {{(pid=103972) _run_loop /opt/stack/data/venv/lib/python3.12/site-packages/oslo_service/backend/_threading/loopingcall.py:125}}
Mar 30 12:27:18.988726 np0000161222 neutron-periodic-workers[103962]: DEBUG oslo.service.backend._threading.loopingcall [None req-702ee1eb-4e1f-4e2a-9b07-c52fe78d146e None None] Fixed interval looping call 'neutron.plugins.ml2.plugin.DhcpAgentSchedulerDbMixin.remove_networks_from_down_agents' sleeping for 36.99 seconds {{(pid=103962) _run_loop /opt/stack/data/venv/lib/python3.12/site-packages/oslo_service/backend/_threading/loopingcall.py:125}}
Mar 30 12:27:26.019082 np0000161222 neutron-periodic-workers[103972]: DEBUG dbcounter [-] [103972] Writing DB stats neutron:SELECT=1 {{(pid=103972) stat_writer /opt/stack/data/venv/lib/python3.12/site-packages/dbcounter.py:115}}
Mar 30 12:27:28.988816 np0000161222 neutron-periodic-workers[103962]: DEBUG dbcounter [-] [103962] Writing DB stats neutron:SELECT=3 {{(pid=103962) stat_writer /opt/stack/data/venv/lib/python3.12/site-packages/dbcounter.py:115}}
Mar 30 12:27:53.017751 np0000161222 neutron-periodic-workers[103972]: DEBUG neutron.db.agents_db [None req-2f4e57c0-8c23-4aa0-8a6a-69574a9e620e None None] Agent healthcheck: found 0 active agents {{(pid=103972) agent_health_check /opt/stack/neutron/neutron/db/agents_db.py:317}}
Mar 30 12:27:53.018411 np0000161222 neutron-periodic-workers[103972]: DEBUG oslo.service.backend._threading.loopingcall [None req-2f4e57c0-8c23-4aa0-8a6a-69574a9e620e None None] Fixed interval looping call 'neutron.plugins.ml2.plugin.AgentDbMixin.agent_health_check' sleeping for 36.99 seconds {{(pid=103972) _run_loop /opt/stack/data/venv/lib/python3.12/site-packages/oslo_service/backend/_threading/loopingcall.py:125}}
Mar 30 12:27:55.988689 np0000161222 neutron-periodic-workers[103962]: DEBUG oslo.service.backend._threading.loopingcall [None req-702ee1eb-4e1f-4e2a-9b07-c52fe78d146e None None] Fixed interval looping call 'neutron.plugins.ml2.plugin.DhcpAgentSchedulerDbMixin.remove_networks_from_down_agents' sleeping for 36.99 seconds {{(pid=103962) _run_loop /opt/stack/data/venv/lib/python3.12/site-packages/oslo_service/backend/_threading/loopingcall.py:125}}
Mar 30 12:28:03.015308 np0000161222 neutron-periodic-workers[103972]: DEBUG dbcounter [-] [103972] Writing DB stats neutron:SELECT=1 {{(pid=103972) stat_writer /opt/stack/data/venv/lib/python3.12/site-packages/dbcounter.py:115}}
Mar 30 12:28:05.988787 np0000161222 neutron-periodic-workers[103962]: DEBUG dbcounter [-] [103962] Writing DB stats neutron:SELECT=3 {{(pid=103962) stat_writer /opt/stack/data/venv/lib/python3.12/site-packages/dbcounter.py:115}}
Mar 30 12:28:30.012001 np0000161222 neutron-periodic-workers[103972]: DEBUG neutron.db.agents_db [None req-2f4e57c0-8c23-4aa0-8a6a-69574a9e620e None None] Agent healthcheck: found 0 active agents {{(pid=103972) agent_health_check /opt/stack/neutron/neutron/db/agents_db.py:317}}
Mar 30 12:28:30.012911 np0000161222 neutron-periodic-workers[103972]: DEBUG oslo.service.backend._threading.loopingcall [None req-2f4e57c0-8c23-4aa0-8a6a-69574a9e620e None None] Fixed interval looping call 'neutron.plugins.ml2.plugin.AgentDbMixin.agent_health_check' sleeping for 37.00 seconds {{(pid=103972) _run_loop /opt/stack/data/venv/lib/python3.12/site-packages/oslo_service/backend/_threading/loopingcall.py:125}}
Mar 30 12:28:32.987955 np0000161222 neutron-periodic-workers[103962]: DEBUG oslo.service.backend._threading.loopingcall [None req-702ee1eb-4e1f-4e2a-9b07-c52fe78d146e None None] Fixed interval looping call 'neutron.plugins.ml2.plugin.DhcpAgentSchedulerDbMixin.remove_networks_from_down_agents' sleeping for 36.99 seconds {{(pid=103962) _run_loop /opt/stack/data/venv/lib/python3.12/site-packages/oslo_service/backend/_threading/loopingcall.py:125}}
Mar 30 12:28:40.010790 np0000161222 neutron-periodic-workers[103972]: DEBUG dbcounter [-] [103972] Writing DB stats neutron:SELECT=1 {{(pid=103972) stat_writer /opt/stack/data/venv/lib/python3.12/site-packages/dbcounter.py:115}}
Mar 30 12:28:42.986348 np0000161222 neutron-periodic-workers[103962]: DEBUG dbcounter [-] [103962] Writing DB stats neutron:SELECT=3 {{(pid=103962) stat_writer /opt/stack/data/venv/lib/python3.12/site-packages/dbcounter.py:115}}
Mar 30 12:28:56.998179 np0000161222 neutron-periodic-workers[103983]: DEBUG oslo.service.backend._threading.loopingcall [None req-30ffb48c-0683-48e6-a662-2fdf4ab881ca None None] Fixed interval looping call 'neutron.db.quota.driver_nolock.DbQuotaNoLockDriver._remove_expired_reservations' sleeping for 120.00 seconds {{(pid=103983) _run_loop /opt/stack/data/venv/lib/python3.12/site-packages/oslo_service/backend/_threading/loopingcall.py:125}}
Mar 30 12:29:06.996798 np0000161222 neutron-periodic-workers[103983]: DEBUG dbcounter [-] [103983] Writing DB stats neutron:DELETE=1 {{(pid=103983) stat_writer /opt/stack/data/venv/lib/python3.12/site-packages/dbcounter.py:115}}
Mar 30 12:29:07.017213 np0000161222 neutron-periodic-workers[103972]: DEBUG neutron.db.agents_db [None req-2f4e57c0-8c23-4aa0-8a6a-69574a9e620e None None] Agent healthcheck: found 0 active agents {{(pid=103972) agent_health_check /opt/stack/neutron/neutron/db/agents_db.py:317}}
Mar 30 12:29:07.017811 np0000161222 neutron-periodic-workers[103972]: DEBUG oslo.service.backend._threading.loopingcall [None req-2f4e57c0-8c23-4aa0-8a6a-69574a9e620e None None] Fixed interval looping call 'neutron.plugins.ml2.plugin.AgentDbMixin.agent_health_check' sleeping for 37.00 seconds {{(pid=103972) _run_loop /opt/stack/data/venv/lib/python3.12/site-packages/oslo_service/backend/_threading/loopingcall.py:125}}
Mar 30 12:29:09.988679 np0000161222 neutron-periodic-workers[103962]: DEBUG oslo.service.backend._threading.loopingcall [None req-702ee1eb-4e1f-4e2a-9b07-c52fe78d146e None None] Fixed interval looping call 'neutron.plugins.ml2.plugin.DhcpAgentSchedulerDbMixin.remove_networks_from_down_agents' sleeping for 36.99 seconds {{(pid=103962) _run_loop /opt/stack/data/venv/lib/python3.12/site-packages/oslo_service/backend/_threading/loopingcall.py:125}}
Mar 30 12:29:17.015659 np0000161222 neutron-periodic-workers[103972]: DEBUG dbcounter [-] [103972] Writing DB stats neutron:SELECT=1 {{(pid=103972) stat_writer /opt/stack/data/venv/lib/python3.12/site-packages/dbcounter.py:115}}
Mar 30 12:29:19.987506 np0000161222 neutron-periodic-workers[103962]: DEBUG dbcounter [-] [103962] Writing DB stats neutron:SELECT=3 {{(pid=103962) stat_writer /opt/stack/data/venv/lib/python3.12/site-packages/dbcounter.py:115}}
Mar 30 12:29:44.031935 np0000161222 neutron-periodic-workers[103972]: DEBUG neutron.db.agents_db [None req-2f4e57c0-8c23-4aa0-8a6a-69574a9e620e None None] Agent healthcheck: found 0 active agents {{(pid=103972) agent_health_check /opt/stack/neutron/neutron/db/agents_db.py:317}}
Mar 30 12:29:44.032354 np0000161222 neutron-periodic-workers[103972]: DEBUG oslo.service.backend._threading.loopingcall [None req-2f4e57c0-8c23-4aa0-8a6a-69574a9e620e None None] Fixed interval looping call 'neutron.plugins.ml2.plugin.AgentDbMixin.agent_health_check' sleeping for 36.99 seconds {{(pid=103972) _run_loop /opt/stack/data/venv/lib/python3.12/site-packages/oslo_service/backend/_threading/loopingcall.py:125}}
Mar 30 12:29:46.034752 np0000161222 neutron-periodic-workers[103994]: DEBUG oslo.service.backend._threading.loopingcall [None req-980f1908-7f3d-41ec-a374-46b78225eb24 None None] Fixed interval looping call 'neutron.services.ovn_l3.plugin.L3_NAT_dbonly_mixin._clean_garbage' sleeping for 299.99 seconds {{(pid=103994) _run_loop /opt/stack/data/venv/lib/python3.12/site-packages/oslo_service/backend/_threading/loopingcall.py:125}}
Mar 30 12:29:46.986112 np0000161222 neutron-periodic-workers[103962]: DEBUG oslo.service.backend._threading.loopingcall [None req-702ee1eb-4e1f-4e2a-9b07-c52fe78d146e None None] Fixed interval looping call 'neutron.plugins.ml2.plugin.DhcpAgentSchedulerDbMixin.remove_networks_from_down_agents' sleeping for 36.99 seconds {{(pid=103962) _run_loop /opt/stack/data/venv/lib/python3.12/site-packages/oslo_service/backend/_threading/loopingcall.py:125}}
Mar 30 12:29:54.023720 np0000161222 neutron-periodic-workers[103972]: DEBUG dbcounter [-] [103972] Writing DB stats neutron:SELECT=1 {{(pid=103972) stat_writer /opt/stack/data/venv/lib/python3.12/site-packages/dbcounter.py:115}}
Mar 30 12:29:56.026418 np0000161222 neutron-periodic-workers[103994]: DEBUG dbcounter [-] [103994] Writing DB stats neutron:SELECT=1 {{(pid=103994) stat_writer /opt/stack/data/venv/lib/python3.12/site-packages/dbcounter.py:115}}
Mar 30 12:29:56.986687 np0000161222 neutron-periodic-workers[103962]: DEBUG dbcounter [-] [103962] Writing DB stats neutron:SELECT=3 {{(pid=103962) stat_writer /opt/stack/data/venv/lib/python3.12/site-packages/dbcounter.py:115}}
Mar 30 12:30:21.027619 np0000161222 neutron-periodic-workers[103972]: DEBUG neutron.db.agents_db [None req-2f4e57c0-8c23-4aa0-8a6a-69574a9e620e None None] Agent healthcheck: found 0 active agents {{(pid=103972) agent_health_check /opt/stack/neutron/neutron/db/agents_db.py:317}}
Mar 30 12:30:21.028339 np0000161222 neutron-periodic-workers[103972]: DEBUG oslo.service.backend._threading.loopingcall [None req-2f4e57c0-8c23-4aa0-8a6a-69574a9e620e None None] Fixed interval looping call 'neutron.plugins.ml2.plugin.AgentDbMixin.agent_health_check' sleeping for 36.99 seconds {{(pid=103972) _run_loop /opt/stack/data/venv/lib/python3.12/site-packages/oslo_service/backend/_threading/loopingcall.py:125}}
Mar 30 12:30:23.985720 np0000161222 neutron-periodic-workers[103962]: DEBUG oslo.service.backend._threading.loopingcall [None req-702ee1eb-4e1f-4e2a-9b07-c52fe78d146e None None] Fixed interval looping call 'neutron.plugins.ml2.plugin.DhcpAgentSchedulerDbMixin.remove_networks_from_down_agents' sleeping for 36.99 seconds {{(pid=103962) _run_loop /opt/stack/data/venv/lib/python3.12/site-packages/oslo_service/backend/_threading/loopingcall.py:125}}
Mar 30 12:30:31.025821 np0000161222 neutron-periodic-workers[103972]: DEBUG dbcounter [-] [103972] Writing DB stats neutron:SELECT=1 {{(pid=103972) stat_writer /opt/stack/data/venv/lib/python3.12/site-packages/dbcounter.py:115}}
Mar 30 12:30:33.984749 np0000161222 neutron-periodic-workers[103962]: DEBUG dbcounter [-] [103962] Writing DB stats neutron:SELECT=3 {{(pid=103962) stat_writer /opt/stack/data/venv/lib/python3.12/site-packages/dbcounter.py:115}}
Mar 30 12:30:57.003810 np0000161222 neutron-periodic-workers[103983]: DEBUG oslo.service.backend._threading.loopingcall [None req-30ffb48c-0683-48e6-a662-2fdf4ab881ca None None] Fixed interval looping call 'neutron.db.quota.driver_nolock.DbQuotaNoLockDriver._remove_expired_reservations' sleeping for 120.00 seconds {{(pid=103983) _run_loop /opt/stack/data/venv/lib/python3.12/site-packages/oslo_service/backend/_threading/loopingcall.py:125}}
Mar 30 12:30:58.024920 np0000161222 neutron-periodic-workers[103972]: DEBUG neutron.db.agents_db [None req-2f4e57c0-8c23-4aa0-8a6a-69574a9e620e None None] Agent healthcheck: found 0 active agents {{(pid=103972) agent_health_check /opt/stack/neutron/neutron/db/agents_db.py:317}}
