Mar 30 12:21:29.100601 np0000161222 nova-scheduler[107502]: DEBUG cotyledon.oslo_config_glue [-] vnc.vencrypt_client_key = None {{(pid=107502) log_opt_values /opt/stack/data/venv/lib/python3.12/site-packages/oslo_config/cfg.py:3006}}
Mar 30 12:21:29.100601 np0000161222 nova-scheduler[107502]: DEBUG cotyledon.oslo_config_glue [-] workarounds.disable_compute_service_check_for_ffu = False {{(pid=107502) log_opt_values /opt/stack/data/venv/lib/python3.12/site-packages/oslo_config/cfg.py:3006}}
Mar 30 12:21:29.100601 np0000161222 nova-scheduler[107502]: DEBUG cotyledon.oslo_config_glue [-] workarounds.disable_deep_image_inspection = False {{(pid=107502) log_opt_values /opt/stack/data/venv/lib/python3.12/site-packages/oslo_config/cfg.py:3006}}
Mar 30 12:21:29.100856 np0000161222 nova-scheduler[107502]: DEBUG cotyledon.oslo_config_glue [-] workarounds.disable_fallback_pcpu_query = False {{(pid=107502) log_opt_values /opt/stack/data/venv/lib/python3.12/site-packages/oslo_config/cfg.py:3006}}
Mar 30 12:21:29.100856 np0000161222 nova-scheduler[107502]: DEBUG cotyledon.oslo_config_glue [-] workarounds.disable_group_policy_check_upcall = False {{(pid=107502) log_opt_values /opt/stack/data/venv/lib/python3.12/site-packages/oslo_config/cfg.py:3006}}
Mar 30 12:21:29.100856 np0000161222 nova-scheduler[107502]: DEBUG cotyledon.oslo_config_glue [-] workarounds.disable_libvirt_livesnapshot = False {{(pid=107502) log_opt_values /opt/stack/data/venv/lib/python3.12/site-packages/oslo_config/cfg.py:3006}}
Mar 30 12:21:29.100856 np0000161222 nova-scheduler[107502]: DEBUG cotyledon.oslo_config_glue [-] workarounds.disable_rootwrap = False {{(pid=107502) log_opt_values /opt/stack/data/venv/lib/python3.12/site-packages/oslo_config/cfg.py:3006}}
Mar 30 12:21:29.100856 np0000161222 nova-scheduler[107502]: DEBUG cotyledon.oslo_config_glue [-] workarounds.enable_numa_live_migration = False {{(pid=107502) log_opt_values /opt/stack/data/venv/lib/python3.12/site-packages/oslo_config/cfg.py:3006}}
Mar 30 12:21:29.100856 np0000161222 nova-scheduler[107502]: DEBUG cotyledon.oslo_config_glue [-] workarounds.enable_qemu_monitor_announce_self = False {{(pid=107502) log_opt_values /opt/stack/data/venv/lib/python3.12/site-packages/oslo_config/cfg.py:3006}}
Mar 30 12:21:29.100856 np0000161222 nova-scheduler[107502]: DEBUG cotyledon.oslo_config_glue [-] workarounds.ensure_libvirt_rbd_instance_dir_cleanup = False {{(pid=107502) log_opt_values /opt/stack/data/venv/lib/python3.12/site-packages/oslo_config/cfg.py:3006}}
Mar 30 12:21:29.100856 np0000161222 nova-scheduler[107502]: DEBUG cotyledon.oslo_config_glue [-] workarounds.handle_virt_lifecycle_events = True {{(pid=107502) log_opt_values /opt/stack/data/venv/lib/python3.12/site-packages/oslo_config/cfg.py:3006}}
Mar 30 12:21:29.100856 np0000161222 nova-scheduler[107502]: DEBUG cotyledon.oslo_config_glue [-] workarounds.libvirt_disable_apic = False {{(pid=107502) log_opt_values /opt/stack/data/venv/lib/python3.12/site-packages/oslo_config/cfg.py:3006}}
Mar 30 12:21:29.101103 np0000161222 nova-scheduler[107502]: DEBUG cotyledon.oslo_config_glue [-] workarounds.never_download_image_if_on_rbd = False {{(pid=107502) log_opt_values /opt/stack/data/venv/lib/python3.12/site-packages/oslo_config/cfg.py:3006}}
Mar 30 12:21:29.101103 np0000161222 nova-scheduler[107502]: DEBUG cotyledon.oslo_config_glue [-] workarounds.qemu_monitor_announce_self_count = 3 {{(pid=107502) log_opt_values /opt/stack/data/venv/lib/python3.12/site-packages/oslo_config/cfg.py:3006}}
Mar 30 12:21:29.101103 np0000161222 nova-scheduler[107502]: DEBUG cotyledon.oslo_config_glue [-] workarounds.qemu_monitor_announce_self_interval = 1 {{(pid=107502) log_opt_values /opt/stack/data/venv/lib/python3.12/site-packages/oslo_config/cfg.py:3006}}
Mar 30 12:21:29.101103 np0000161222 nova-scheduler[107502]: DEBUG cotyledon.oslo_config_glue [-] workarounds.reserve_disk_resource_for_image_cache = False {{(pid=107502) log_opt_values /opt/stack/data/venv/lib/python3.12/site-packages/oslo_config/cfg.py:3006}}
Mar 30 12:21:29.101103 np0000161222 nova-scheduler[107502]: DEBUG cotyledon.oslo_config_glue [-] workarounds.skip_cpu_compare_at_startup = False {{(pid=107502) log_opt_values /opt/stack/data/venv/lib/python3.12/site-packages/oslo_config/cfg.py:3006}}
Mar 30 12:21:29.101103 np0000161222 nova-scheduler[107502]: DEBUG cotyledon.oslo_config_glue [-] workarounds.skip_cpu_compare_on_dest = False {{(pid=107502) log_opt_values /opt/stack/data/venv/lib/python3.12/site-packages/oslo_config/cfg.py:3006}}
Mar 30 12:21:29.101103 np0000161222 nova-scheduler[107502]: DEBUG cotyledon.oslo_config_glue [-] workarounds.skip_hypervisor_version_check_on_lm = False {{(pid=107502) log_opt_values /opt/stack/data/venv/lib/python3.12/site-packages/oslo_config/cfg.py:3006}}
Mar 30 12:21:29.101103 np0000161222 nova-scheduler[107502]: DEBUG cotyledon.oslo_config_glue [-] workarounds.skip_reserve_in_use_ironic_nodes = False {{(pid=107502) log_opt_values /opt/stack/data/venv/lib/python3.12/site-packages/oslo_config/cfg.py:3006}}
Mar 30 12:21:29.101316 np0000161222 nova-scheduler[107502]: DEBUG cotyledon.oslo_config_glue [-] workarounds.unified_limits_count_pcpu_as_vcpu = False {{(pid=107502) log_opt_values /opt/stack/data/venv/lib/python3.12/site-packages/oslo_config/cfg.py:3006}}
Mar 30 12:21:29.101316 np0000161222 nova-scheduler[107502]: DEBUG cotyledon.oslo_config_glue [-] workarounds.wait_for_vif_plugged_event_during_hard_reboot = [] {{(pid=107502) log_opt_values /opt/stack/data/venv/lib/python3.12/site-packages/oslo_config/cfg.py:3006}}
Mar 30 12:21:29.101316 np0000161222 nova-scheduler[107502]: DEBUG cotyledon.oslo_config_glue [-] wsgi.api_paste_config = /etc/nova/api-paste.ini {{(pid=107502) log_opt_values /opt/stack/data/venv/lib/python3.12/site-packages/oslo_config/cfg.py:3006}}
Mar 30 12:21:29.101316 np0000161222 nova-scheduler[107502]: DEBUG cotyledon.oslo_config_glue [-] wsgi.secure_proxy_ssl_header = None {{(pid=107502) log_opt_values /opt/stack/data/venv/lib/python3.12/site-packages/oslo_config/cfg.py:3006}}
Mar 30 12:21:29.101316 np0000161222 nova-scheduler[107502]: DEBUG cotyledon.oslo_config_glue [-] zvm.ca_file = None {{(pid=107502) log_opt_values /opt/stack/data/venv/lib/python3.12/site-packages/oslo_config/cfg.py:3006}}
Mar 30 12:21:29.101316 np0000161222 nova-scheduler[107502]: DEBUG cotyledon.oslo_config_glue [-] zvm.cloud_connector_url = None {{(pid=107502) log_opt_values /opt/stack/data/venv/lib/python3.12/site-packages/oslo_config/cfg.py:3006}}
Mar 30 12:21:29.101316 np0000161222 nova-scheduler[107502]: DEBUG cotyledon.oslo_config_glue [-] zvm.image_tmp_path = /opt/stack/data/nova/images {{(pid=107502) log_opt_values /opt/stack/data/venv/lib/python3.12/site-packages/oslo_config/cfg.py:3006}}
Mar 30 12:21:29.101316 np0000161222 nova-scheduler[107502]: DEBUG cotyledon.oslo_config_glue [-] zvm.reachable_timeout = 300 {{(pid=107502) log_opt_values /opt/stack/data/venv/lib/python3.12/site-packages/oslo_config/cfg.py:3006}}
Mar 30 12:21:29.101316 np0000161222 nova-scheduler[107502]: DEBUG cotyledon.oslo_config_glue [-] oslo_versionedobjects.fatal_exception_format_errors = False {{(pid=107502) log_opt_values /opt/stack/data/venv/lib/python3.12/site-packages/oslo_config/cfg.py:3006}}
Mar 30 12:21:29.101565 np0000161222 nova-scheduler[107502]: DEBUG cotyledon.oslo_config_glue [-] oslo_middleware.http_basic_auth_user_file = /etc/htpasswd {{(pid=107502) log_opt_values /opt/stack/data/venv/lib/python3.12/site-packages/oslo_config/cfg.py:3006}}
Mar 30 12:21:29.101565 np0000161222 nova-scheduler[107502]: DEBUG cotyledon.oslo_config_glue [-] oslo_messaging_metrics.metrics_buffer_size = 1000 {{(pid=107502) log_opt_values /opt/stack/data/venv/lib/python3.12/site-packages/oslo_config/cfg.py:3006}}
Mar 30 12:21:29.101565 np0000161222 nova-scheduler[107502]: DEBUG cotyledon.oslo_config_glue [-] oslo_messaging_metrics.metrics_enabled = False {{(pid=107502) log_opt_values /opt/stack/data/venv/lib/python3.12/site-packages/oslo_config/cfg.py:3006}}
Mar 30 12:21:29.101565 np0000161222 nova-scheduler[107502]: DEBUG cotyledon.oslo_config_glue [-] oslo_messaging_metrics.metrics_process_name = {{(pid=107502) log_opt_values /opt/stack/data/venv/lib/python3.12/site-packages/oslo_config/cfg.py:3006}}
Mar 30 12:21:29.101565 np0000161222 nova-scheduler[107502]: DEBUG cotyledon.oslo_config_glue [-] oslo_messaging_metrics.metrics_socket_file = /var/tmp/metrics_collector.sock {{(pid=107502) log_opt_values /opt/stack/data/venv/lib/python3.12/site-packages/oslo_config/cfg.py:3006}}
Mar 30 12:21:29.101565 np0000161222 nova-scheduler[107502]: DEBUG cotyledon.oslo_config_glue [-] oslo_messaging_metrics.metrics_thread_stop_timeout = 10 {{(pid=107502) log_opt_values /opt/stack/data/venv/lib/python3.12/site-packages/oslo_config/cfg.py:3006}}
Mar 30 12:21:29.101565 np0000161222 nova-scheduler[107502]: DEBUG cotyledon.oslo_config_glue [-] profiler.connection_string = messaging:// {{(pid=107502) log_opt_values /opt/stack/data/venv/lib/python3.12/site-packages/oslo_config/cfg.py:3006}}
Mar 30 12:21:29.101565 np0000161222 nova-scheduler[107502]: DEBUG cotyledon.oslo_config_glue [-] profiler.enabled = False {{(pid=107502) log_opt_values /opt/stack/data/venv/lib/python3.12/site-packages/oslo_config/cfg.py:3006}}
Mar 30 12:21:29.101784 np0000161222 nova-scheduler[107502]: DEBUG cotyledon.oslo_config_glue [-] profiler.es_doc_type = notification {{(pid=107502) log_opt_values /opt/stack/data/venv/lib/python3.12/site-packages/oslo_config/cfg.py:3006}}
Mar 30 12:21:29.101784 np0000161222 nova-scheduler[107502]: DEBUG cotyledon.oslo_config_glue [-] profiler.es_scroll_size = 10000 {{(pid=107502) log_opt_values /opt/stack/data/venv/lib/python3.12/site-packages/oslo_config/cfg.py:3006}}
Mar 30 12:21:29.101784 np0000161222 nova-scheduler[107502]: DEBUG cotyledon.oslo_config_glue [-] profiler.es_scroll_time = 2m {{(pid=107502) log_opt_values /opt/stack/data/venv/lib/python3.12/site-packages/oslo_config/cfg.py:3006}}
Mar 30 12:21:29.101784 np0000161222 nova-scheduler[107502]: DEBUG cotyledon.oslo_config_glue [-] profiler.filter_error_trace = False {{(pid=107502) log_opt_values /opt/stack/data/venv/lib/python3.12/site-packages/oslo_config/cfg.py:3006}}
Mar 30 12:21:29.101784 np0000161222 nova-scheduler[107502]: DEBUG cotyledon.oslo_config_glue [-] profiler.hmac_keys = **** {{(pid=107502) log_opt_values /opt/stack/data/venv/lib/python3.12/site-packages/oslo_config/cfg.py:3006}}
Mar 30 12:21:29.101784 np0000161222 nova-scheduler[107502]: DEBUG cotyledon.oslo_config_glue [-] profiler.sentinel_service_name = mymaster {{(pid=107502) log_opt_values /opt/stack/data/venv/lib/python3.12/site-packages/oslo_config/cfg.py:3006}}
Mar 30 12:21:29.101784 np0000161222 nova-scheduler[107502]: DEBUG cotyledon.oslo_config_glue [-] profiler.socket_timeout = 0.1 {{(pid=107502) log_opt_values /opt/stack/data/venv/lib/python3.12/site-packages/oslo_config/cfg.py:3006}}
Mar 30 12:21:29.101784 np0000161222 nova-scheduler[107502]: DEBUG cotyledon.oslo_config_glue [-] profiler.trace_requests = False {{(pid=107502) log_opt_values /opt/stack/data/venv/lib/python3.12/site-packages/oslo_config/cfg.py:3006}}
Mar 30 12:21:29.101784 np0000161222 nova-scheduler[107502]: DEBUG cotyledon.oslo_config_glue [-] profiler.trace_sqlalchemy = False {{(pid=107502) log_opt_values /opt/stack/data/venv/lib/python3.12/site-packages/oslo_config/cfg.py:3006}}
Mar 30 12:21:29.102031 np0000161222 nova-scheduler[107502]: DEBUG cotyledon.oslo_config_glue [-] profiler_jaeger.process_tags = {} {{(pid=107502) log_opt_values /opt/stack/data/venv/lib/python3.12/site-packages/oslo_config/cfg.py:3006}}
Mar 30 12:21:29.102031 np0000161222 nova-scheduler[107502]: DEBUG cotyledon.oslo_config_glue [-] profiler_jaeger.service_name_prefix = None {{(pid=107502) log_opt_values /opt/stack/data/venv/lib/python3.12/site-packages/oslo_config/cfg.py:3006}}
Mar 30 12:21:29.102031 np0000161222 nova-scheduler[107502]: DEBUG cotyledon.oslo_config_glue [-] profiler_otlp.service_name_prefix = None {{(pid=107502) log_opt_values /opt/stack/data/venv/lib/python3.12/site-packages/oslo_config/cfg.py:3006}}
Mar 30 12:21:29.102031 np0000161222 nova-scheduler[107502]: DEBUG cotyledon.oslo_config_glue [-] oslo_messaging_rabbit.amqp_auto_delete = False {{(pid=107502) log_opt_values /opt/stack/data/venv/lib/python3.12/site-packages/oslo_config/cfg.py:3006}}
Mar 30 12:21:29.102031 np0000161222 nova-scheduler[107502]: DEBUG cotyledon.oslo_config_glue [-] oslo_messaging_rabbit.amqp_durable_queues = False {{(pid=107502) log_opt_values /opt/stack/data/venv/lib/python3.12/site-packages/oslo_config/cfg.py:3006}}
Mar 30 12:21:29.102031 np0000161222 nova-scheduler[107502]: DEBUG cotyledon.oslo_config_glue [-] oslo_messaging_rabbit.conn_pool_min_size = 2 {{(pid=107502) log_opt_values /opt/stack/data/venv/lib/python3.12/site-packages/oslo_config/cfg.py:3006}}
Mar 30 12:21:29.102031 np0000161222 nova-scheduler[107502]: DEBUG cotyledon.oslo_config_glue [-] oslo_messaging_rabbit.conn_pool_ttl = 1200 {{(pid=107502) log_opt_values /opt/stack/data/venv/lib/python3.12/site-packages/oslo_config/cfg.py:3006}}
Mar 30 12:21:29.102031 np0000161222 nova-scheduler[107502]: DEBUG cotyledon.oslo_config_glue [-] oslo_messaging_rabbit.direct_mandatory_flag = True {{(pid=107502) log_opt_values /opt/stack/data/venv/lib/python3.12/site-packages/oslo_config/cfg.py:3006}}
Mar 30 12:21:29.102031 np0000161222 nova-scheduler[107502]: DEBUG cotyledon.oslo_config_glue [-] oslo_messaging_rabbit.enable_cancel_on_failover = False {{(pid=107502) log_opt_values /opt/stack/data/venv/lib/python3.12/site-packages/oslo_config/cfg.py:3006}}
Mar 30 12:21:29.102276 np0000161222 nova-scheduler[107502]: DEBUG cotyledon.oslo_config_glue [-] oslo_messaging_rabbit.heartbeat_in_pthread = False {{(pid=107502) log_opt_values /opt/stack/data/venv/lib/python3.12/site-packages/oslo_config/cfg.py:3006}}
Mar 30 12:21:29.102276 np0000161222 nova-scheduler[107502]: DEBUG cotyledon.oslo_config_glue [-] oslo_messaging_rabbit.heartbeat_rate = 3 {{(pid=107502) log_opt_values /opt/stack/data/venv/lib/python3.12/site-packages/oslo_config/cfg.py:3006}}
Mar 30 12:21:29.102276 np0000161222 nova-scheduler[107502]: DEBUG cotyledon.oslo_config_glue [-] oslo_messaging_rabbit.heartbeat_timeout_threshold = 60 {{(pid=107502) log_opt_values /opt/stack/data/venv/lib/python3.12/site-packages/oslo_config/cfg.py:3006}}
Mar 30 12:21:29.102276 np0000161222 nova-scheduler[107502]: DEBUG cotyledon.oslo_config_glue [-] oslo_messaging_rabbit.hostname = np0000161222 {{(pid=107502) log_opt_values /opt/stack/data/venv/lib/python3.12/site-packages/oslo_config/cfg.py:3006}}
Mar 30 12:21:29.102276 np0000161222 nova-scheduler[107502]: DEBUG cotyledon.oslo_config_glue [-] oslo_messaging_rabbit.kombu_compression = None {{(pid=107502) log_opt_values /opt/stack/data/venv/lib/python3.12/site-packages/oslo_config/cfg.py:3006}}
Mar 30 12:21:29.102276 np0000161222 nova-scheduler[107502]: DEBUG cotyledon.oslo_config_glue [-] oslo_messaging_rabbit.kombu_failover_strategy = round-robin {{(pid=107502) log_opt_values /opt/stack/data/venv/lib/python3.12/site-packages/oslo_config/cfg.py:3006}}
Mar 30 12:21:29.102276 np0000161222 nova-scheduler[107502]: DEBUG cotyledon.oslo_config_glue [-] oslo_messaging_rabbit.kombu_missing_consumer_retry_timeout = 60 {{(pid=107502) log_opt_values /opt/stack/data/venv/lib/python3.12/site-packages/oslo_config/cfg.py:3006}}
Mar 30 12:21:29.102276 np0000161222 nova-scheduler[107502]: DEBUG cotyledon.oslo_config_glue [-] oslo_messaging_rabbit.kombu_reconnect_delay = 1.0 {{(pid=107502) log_opt_values /opt/stack/data/venv/lib/python3.12/site-packages/oslo_config/cfg.py:3006}}
Mar 30 12:21:29.102483 np0000161222 nova-scheduler[107502]: DEBUG cotyledon.oslo_config_glue [-] oslo_messaging_rabbit.kombu_reconnect_splay = 0.0 {{(pid=107502) log_opt_values /opt/stack/data/venv/lib/python3.12/site-packages/oslo_config/cfg.py:3006}}
Mar 30 12:21:29.102483 np0000161222 nova-scheduler[107502]: DEBUG cotyledon.oslo_config_glue [-] oslo_messaging_rabbit.processname = nova-scheduler {{(pid=107502) log_opt_values /opt/stack/data/venv/lib/python3.12/site-packages/oslo_config/cfg.py:3006}}
Mar 30 12:21:29.102483 np0000161222 nova-scheduler[107502]: DEBUG cotyledon.oslo_config_glue [-] oslo_messaging_rabbit.rabbit_ha_queues = False {{(pid=107502) log_opt_values /opt/stack/data/venv/lib/python3.12/site-packages/oslo_config/cfg.py:3006}}
Mar 30 12:21:29.102483 np0000161222 nova-scheduler[107502]: DEBUG cotyledon.oslo_config_glue [-] oslo_messaging_rabbit.rabbit_interval_max = 30 {{(pid=107502) log_opt_values /opt/stack/data/venv/lib/python3.12/site-packages/oslo_config/cfg.py:3006}}
Mar 30 12:21:29.102483 np0000161222 nova-scheduler[107502]: DEBUG cotyledon.oslo_config_glue [-] oslo_messaging_rabbit.rabbit_login_method = AMQPLAIN {{(pid=107502) log_opt_values /opt/stack/data/venv/lib/python3.12/site-packages/oslo_config/cfg.py:3006}}
Mar 30 12:21:29.102483 np0000161222 nova-scheduler[107502]: DEBUG cotyledon.oslo_config_glue [-] oslo_messaging_rabbit.rabbit_qos_prefetch_count = 0 {{(pid=107502) log_opt_values /opt/stack/data/venv/lib/python3.12/site-packages/oslo_config/cfg.py:3006}}
Mar 30 12:21:29.102483 np0000161222 nova-scheduler[107502]: DEBUG cotyledon.oslo_config_glue [-] oslo_messaging_rabbit.rabbit_quorum_delivery_limit = 0 {{(pid=107502) log_opt_values /opt/stack/data/venv/lib/python3.12/site-packages/oslo_config/cfg.py:3006}}
Mar 30 12:21:29.102483 np0000161222 nova-scheduler[107502]: DEBUG cotyledon.oslo_config_glue [-] oslo_messaging_rabbit.rabbit_quorum_max_memory_bytes = 0 {{(pid=107502) log_opt_values /opt/stack/data/venv/lib/python3.12/site-packages/oslo_config/cfg.py:3006}}
Mar 30 12:21:29.102701 np0000161222 nova-scheduler[107502]: DEBUG cotyledon.oslo_config_glue [-] oslo_messaging_rabbit.rabbit_quorum_max_memory_length = 0 {{(pid=107502) log_opt_values /opt/stack/data/venv/lib/python3.12/site-packages/oslo_config/cfg.py:3006}}
Mar 30 12:21:29.102701 np0000161222 nova-scheduler[107502]: DEBUG cotyledon.oslo_config_glue [-] oslo_messaging_rabbit.rabbit_quorum_queue = False {{(pid=107502) log_opt_values /opt/stack/data/venv/lib/python3.12/site-packages/oslo_config/cfg.py:3006}}
Mar 30 12:21:29.102701 np0000161222 nova-scheduler[107502]: DEBUG cotyledon.oslo_config_glue [-] oslo_messaging_rabbit.rabbit_retry_backoff = 2 {{(pid=107502) log_opt_values /opt/stack/data/venv/lib/python3.12/site-packages/oslo_config/cfg.py:3006}}
Mar 30 12:21:29.102701 np0000161222 nova-scheduler[107502]: DEBUG cotyledon.oslo_config_glue [-] oslo_messaging_rabbit.rabbit_retry_interval = 1 {{(pid=107502) log_opt_values /opt/stack/data/venv/lib/python3.12/site-packages/oslo_config/cfg.py:3006}}
Mar 30 12:21:29.102701 np0000161222 nova-scheduler[107502]: DEBUG cotyledon.oslo_config_glue [-] oslo_messaging_rabbit.rabbit_stream_fanout = False {{(pid=107502) log_opt_values /opt/stack/data/venv/lib/python3.12/site-packages/oslo_config/cfg.py:3006}}
Mar 30 12:21:29.102701 np0000161222 nova-scheduler[107502]: DEBUG cotyledon.oslo_config_glue [-] oslo_messaging_rabbit.rabbit_transient_queues_ttl = 1800 {{(pid=107502) log_opt_values /opt/stack/data/venv/lib/python3.12/site-packages/oslo_config/cfg.py:3006}}
Mar 30 12:21:29.102701 np0000161222 nova-scheduler[107502]: DEBUG cotyledon.oslo_config_glue [-] oslo_messaging_rabbit.rabbit_transient_quorum_queue = False {{(pid=107502) log_opt_values /opt/stack/data/venv/lib/python3.12/site-packages/oslo_config/cfg.py:3006}}
Mar 30 12:21:29.102701 np0000161222 nova-scheduler[107502]: DEBUG cotyledon.oslo_config_glue [-] oslo_messaging_rabbit.rpc_conn_pool_size = 30 {{(pid=107502) log_opt_values /opt/stack/data/venv/lib/python3.12/site-packages/oslo_config/cfg.py:3006}}
Mar 30 12:21:29.102701 np0000161222 nova-scheduler[107502]: DEBUG cotyledon.oslo_config_glue [-] oslo_messaging_rabbit.ssl = False {{(pid=107502) log_opt_values /opt/stack/data/venv/lib/python3.12/site-packages/oslo_config/cfg.py:3006}}
Mar 30 12:21:29.102956 np0000161222 nova-scheduler[107502]: DEBUG cotyledon.oslo_config_glue [-] oslo_messaging_rabbit.ssl_ca_file = {{(pid=107502) log_opt_values /opt/stack/data/venv/lib/python3.12/site-packages/oslo_config/cfg.py:3006}}
Mar 30 12:21:29.102956 np0000161222 nova-scheduler[107502]: DEBUG cotyledon.oslo_config_glue [-] oslo_messaging_rabbit.ssl_cert_file = {{(pid=107502) log_opt_values /opt/stack/data/venv/lib/python3.12/site-packages/oslo_config/cfg.py:3006}}
Mar 30 12:21:29.102956 np0000161222 nova-scheduler[107502]: DEBUG cotyledon.oslo_config_glue [-] oslo_messaging_rabbit.ssl_enforce_fips_mode = False {{(pid=107502) log_opt_values /opt/stack/data/venv/lib/python3.12/site-packages/oslo_config/cfg.py:3006}}
Mar 30 12:21:29.102956 np0000161222 nova-scheduler[107502]: DEBUG cotyledon.oslo_config_glue [-] oslo_messaging_rabbit.ssl_key_file = {{(pid=107502) log_opt_values /opt/stack/data/venv/lib/python3.12/site-packages/oslo_config/cfg.py:3006}}
Mar 30 12:21:29.102956 np0000161222 nova-scheduler[107502]: DEBUG cotyledon.oslo_config_glue [-] oslo_messaging_rabbit.ssl_version = {{(pid=107502) log_opt_values /opt/stack/data/venv/lib/python3.12/site-packages/oslo_config/cfg.py:3006}}
Mar 30 12:21:29.102956 np0000161222 nova-scheduler[107502]: DEBUG cotyledon.oslo_config_glue [-] oslo_messaging_rabbit.use_queue_manager = False {{(pid=107502) log_opt_values /opt/stack/data/venv/lib/python3.12/site-packages/oslo_config/cfg.py:3006}}
Mar 30 12:21:29.102956 np0000161222 nova-scheduler[107502]: DEBUG cotyledon.oslo_config_glue [-] oslo_messaging_notifications.driver = ['messagingv2'] {{(pid=107502) log_opt_values /opt/stack/data/venv/lib/python3.12/site-packages/oslo_config/cfg.py:3006}}
Mar 30 12:21:29.102956 np0000161222 nova-scheduler[107502]: DEBUG cotyledon.oslo_config_glue [-] oslo_messaging_notifications.retry = -1 {{(pid=107502) log_opt_values /opt/stack/data/venv/lib/python3.12/site-packages/oslo_config/cfg.py:3006}}
Mar 30 12:21:29.102956 np0000161222 nova-scheduler[107502]: DEBUG cotyledon.oslo_config_glue [-] oslo_messaging_notifications.topics = ['notifications'] {{(pid=107502) log_opt_values /opt/stack/data/venv/lib/python3.12/site-packages/oslo_config/cfg.py:3006}}
Mar 30 12:21:29.103199 np0000161222 nova-scheduler[107502]: DEBUG cotyledon.oslo_config_glue [-] oslo_messaging_notifications.transport_url = **** {{(pid=107502) log_opt_values /opt/stack/data/venv/lib/python3.12/site-packages/oslo_config/cfg.py:3006}}
Mar 30 12:21:29.103199 np0000161222 nova-scheduler[107502]: DEBUG cotyledon.oslo_config_glue [-] oslo_limit.auth_section = None {{(pid=107502) log_opt_values /opt/stack/data/venv/lib/python3.12/site-packages/oslo_config/cfg.py:3006}}
Mar 30 12:21:29.103199 np0000161222 nova-scheduler[107502]: DEBUG cotyledon.oslo_config_glue [-] oslo_limit.auth_type = None {{(pid=107502) log_opt_values /opt/stack/data/venv/lib/python3.12/site-packages/oslo_config/cfg.py:3006}}
Mar 30 12:21:29.103199 np0000161222 nova-scheduler[107502]: DEBUG cotyledon.oslo_config_glue [-] oslo_limit.cafile = None {{(pid=107502) log_opt_values /opt/stack/data/venv/lib/python3.12/site-packages/oslo_config/cfg.py:3006}}
Mar 30 12:21:29.103199 np0000161222 nova-scheduler[107502]: DEBUG cotyledon.oslo_config_glue [-] oslo_limit.certfile = None {{(pid=107502) log_opt_values /opt/stack/data/venv/lib/python3.12/site-packages/oslo_config/cfg.py:3006}}
Mar 30 12:21:29.103199 np0000161222 nova-scheduler[107502]: DEBUG cotyledon.oslo_config_glue [-] oslo_limit.collect_timing = False {{(pid=107502) log_opt_values /opt/stack/data/venv/lib/python3.12/site-packages/oslo_config/cfg.py:3006}}
Mar 30 12:21:29.103199 np0000161222 nova-scheduler[107502]: DEBUG cotyledon.oslo_config_glue [-] oslo_limit.connect_retries = None {{(pid=107502) log_opt_values /opt/stack/data/venv/lib/python3.12/site-packages/oslo_config/cfg.py:3006}}
Mar 30 12:21:29.103199 np0000161222 nova-scheduler[107502]: DEBUG cotyledon.oslo_config_glue [-] oslo_limit.connect_retry_delay = None {{(pid=107502) log_opt_values /opt/stack/data/venv/lib/python3.12/site-packages/oslo_config/cfg.py:3006}}
Mar 30 12:21:29.103199 np0000161222 nova-scheduler[107502]: DEBUG cotyledon.oslo_config_glue [-] oslo_limit.endpoint_id = None {{(pid=107502) log_opt_values /opt/stack/data/venv/lib/python3.12/site-packages/oslo_config/cfg.py:3006}}
Mar 30 12:21:29.103424 np0000161222 nova-scheduler[107502]: DEBUG cotyledon.oslo_config_glue [-] oslo_limit.endpoint_interface = public {{(pid=107502) log_opt_values /opt/stack/data/venv/lib/python3.12/site-packages/oslo_config/cfg.py:3006}}
Mar 30 12:21:29.103424 np0000161222 nova-scheduler[107502]: DEBUG cotyledon.oslo_config_glue [-] oslo_limit.endpoint_override = None {{(pid=107502) log_opt_values /opt/stack/data/venv/lib/python3.12/site-packages/oslo_config/cfg.py:3006}}
Mar 30 12:21:29.103424 np0000161222 nova-scheduler[107502]: DEBUG cotyledon.oslo_config_glue [-] oslo_limit.endpoint_region_name = None {{(pid=107502) log_opt_values /opt/stack/data/venv/lib/python3.12/site-packages/oslo_config/cfg.py:3006}}
Mar 30 12:21:29.103424 np0000161222 nova-scheduler[107502]: DEBUG cotyledon.oslo_config_glue [-] oslo_limit.endpoint_service_name = None {{(pid=107502) log_opt_values /opt/stack/data/venv/lib/python3.12/site-packages/oslo_config/cfg.py:3006}}
Mar 30 12:21:29.103424 np0000161222 nova-scheduler[107502]: DEBUG cotyledon.oslo_config_glue [-] oslo_limit.endpoint_service_type = None {{(pid=107502) log_opt_values /opt/stack/data/venv/lib/python3.12/site-packages/oslo_config/cfg.py:3006}}
Mar 30 12:21:29.103424 np0000161222 nova-scheduler[107502]: DEBUG cotyledon.oslo_config_glue [-] oslo_limit.insecure = False {{(pid=107502) log_opt_values /opt/stack/data/venv/lib/python3.12/site-packages/oslo_config/cfg.py:3006}}
Mar 30 12:21:29.103424 np0000161222 nova-scheduler[107502]: DEBUG cotyledon.oslo_config_glue [-] oslo_limit.keyfile = None {{(pid=107502) log_opt_values /opt/stack/data/venv/lib/python3.12/site-packages/oslo_config/cfg.py:3006}}
Mar 30 12:21:29.103424 np0000161222 nova-scheduler[107502]: DEBUG cotyledon.oslo_config_glue [-] oslo_limit.max_version = None {{(pid=107502) log_opt_values /opt/stack/data/venv/lib/python3.12/site-packages/oslo_config/cfg.py:3006}}
Mar 30 12:21:29.103424 np0000161222 nova-scheduler[107502]: DEBUG cotyledon.oslo_config_glue [-] oslo_limit.min_version = None {{(pid=107502) log_opt_values /opt/stack/data/venv/lib/python3.12/site-packages/oslo_config/cfg.py:3006}}
Mar 30 12:21:29.103653 np0000161222 nova-scheduler[107502]: DEBUG cotyledon.oslo_config_glue [-] oslo_limit.region_name = None {{(pid=107502) log_opt_values /opt/stack/data/venv/lib/python3.12/site-packages/oslo_config/cfg.py:3006}}
Mar 30 12:21:29.103653 np0000161222 nova-scheduler[107502]: DEBUG cotyledon.oslo_config_glue [-] oslo_limit.retriable_status_codes = None {{(pid=107502) log_opt_values /opt/stack/data/venv/lib/python3.12/site-packages/oslo_config/cfg.py:3006}}
Mar 30 12:21:29.103653 np0000161222 nova-scheduler[107502]: DEBUG cotyledon.oslo_config_glue [-] oslo_limit.service_name = None {{(pid=107502) log_opt_values /opt/stack/data/venv/lib/python3.12/site-packages/oslo_config/cfg.py:3006}}
Mar 30 12:21:29.103653 np0000161222 nova-scheduler[107502]: DEBUG cotyledon.oslo_config_glue [-] oslo_limit.service_type = None {{(pid=107502) log_opt_values /opt/stack/data/venv/lib/python3.12/site-packages/oslo_config/cfg.py:3006}}
Mar 30 12:21:29.103653 np0000161222 nova-scheduler[107502]: DEBUG cotyledon.oslo_config_glue [-] oslo_limit.split_loggers = False {{(pid=107502) log_opt_values /opt/stack/data/venv/lib/python3.12/site-packages/oslo_config/cfg.py:3006}}
Mar 30 12:21:29.103653 np0000161222 nova-scheduler[107502]: DEBUG cotyledon.oslo_config_glue [-] oslo_limit.status_code_retries = None {{(pid=107502) log_opt_values /opt/stack/data/venv/lib/python3.12/site-packages/oslo_config/cfg.py:3006}}
Mar 30 12:21:29.103653 np0000161222 nova-scheduler[107502]: DEBUG cotyledon.oslo_config_glue [-] oslo_limit.status_code_retry_delay = None {{(pid=107502) log_opt_values /opt/stack/data/venv/lib/python3.12/site-packages/oslo_config/cfg.py:3006}}
Mar 30 12:21:29.103653 np0000161222 nova-scheduler[107502]: DEBUG cotyledon.oslo_config_glue [-] oslo_limit.timeout = None {{(pid=107502) log_opt_values /opt/stack/data/venv/lib/python3.12/site-packages/oslo_config/cfg.py:3006}}
Mar 30 12:21:29.103653 np0000161222 nova-scheduler[107502]: DEBUG cotyledon.oslo_config_glue [-] oslo_limit.valid_interfaces = None {{(pid=107502) log_opt_values /opt/stack/data/venv/lib/python3.12/site-packages/oslo_config/cfg.py:3006}}
Mar 30 12:21:29.103889 np0000161222 nova-scheduler[107502]: DEBUG cotyledon.oslo_config_glue [-] oslo_limit.version = None {{(pid=107502) log_opt_values /opt/stack/data/venv/lib/python3.12/site-packages/oslo_config/cfg.py:3006}}
Mar 30 12:21:29.103889 np0000161222 nova-scheduler[107502]: DEBUG cotyledon.oslo_config_glue [-] oslo_reports.file_event_handler = None {{(pid=107502) log_opt_values /opt/stack/data/venv/lib/python3.12/site-packages/oslo_config/cfg.py:3006}}
Mar 30 12:21:29.103889 np0000161222 nova-scheduler[107502]: DEBUG cotyledon.oslo_config_glue [-] oslo_reports.file_event_handler_interval = 1 {{(pid=107502) log_opt_values /opt/stack/data/venv/lib/python3.12/site-packages/oslo_config/cfg.py:3006}}
Mar 30 12:21:29.103889 np0000161222 nova-scheduler[107502]: DEBUG cotyledon.oslo_config_glue [-] oslo_reports.log_dir = None {{(pid=107502) log_opt_values /opt/stack/data/venv/lib/python3.12/site-packages/oslo_config/cfg.py:3006}}
Mar 30 12:21:29.103889 np0000161222 nova-scheduler[107502]: DEBUG cotyledon.oslo_config_glue [-] ******************************************************************************** {{(pid=107502) log_opt_values /opt/stack/data/venv/lib/python3.12/site-packages/oslo_config/cfg.py:3013}}
Mar 30 12:21:29.103889 np0000161222 nova-scheduler[107502]: DEBUG cotyledon._service_worker [-] Run service ServiceWrapper(3) [107502] {{(pid=107502) wait_forever /opt/stack/data/venv/lib/python3.12/site-packages/cotyledon/_service_worker.py:218}}
Mar 30 12:21:29.103889 np0000161222 nova-scheduler[107502]: INFO nova.service [-] Starting scheduler node (version 33.1.0)
Mar 30 12:21:29.104137 np0000161222 nova-scheduler[107484]: DEBUG dbcounter [-] [107484] Writer thread running {{(pid=107484) stat_writer /opt/stack/data/venv/lib/python3.12/site-packages/dbcounter.py:102}}
Mar 30 12:21:29.104171 np0000161222 nova-scheduler[107476]: DEBUG nova.service [None req-8826cceb-a05f-470e-89ef-0ae78bfc8824 None None] Creating RPC server for service: nova-scheduler on topic: scheduler {{(pid=107476) start /opt/stack/nova/nova/service.py:195}}
Mar 30 12:21:29.104205 np0000161222 nova-scheduler[107502]: INFO dbcounter [None req-297ff8ab-b039-46a4-86ca-869e182f0f1f None None] Registered counter for database nova_cell0
Mar 30 12:21:29.104234 np0000161222 nova-scheduler[107492]: DEBUG oslo_db.sqlalchemy.engines [None req-f8fa52a1-fbc4-406e-9a11-6359036bec4b None None] MySQL server mode set to STRICT_TRANS_TABLES,STRICT_ALL_TABLES,NO_ZERO_IN_DATE,NO_ZERO_DATE,ERROR_FOR_DIVISION_BY_ZERO,TRADITIONAL,NO_ENGINE_SUBSTITUTION {{(pid=107492) _check_effective_sql_mode /opt/stack/data/venv/lib/python3.12/site-packages/oslo_db/sqlalchemy/engines.py:325}}
Mar 30 12:21:29.104264 np0000161222 nova-scheduler[107484]: DEBUG nova.service [None req-726a56f6-daaa-46f9-988f-bd0c53481c20 None None] Creating RPC server for service: nova-scheduler on topic: scheduler {{(pid=107484) start /opt/stack/nova/nova/service.py:195}}
Mar 30 12:21:29.104293 np0000161222 nova-scheduler[107492]: DEBUG dbcounter [-] [107492] Writer thread running {{(pid=107492) stat_writer /opt/stack/data/venv/lib/python3.12/site-packages/dbcounter.py:102}}
Mar 30 12:21:29.104323 np0000161222 nova-scheduler[107502]: DEBUG oslo_db.sqlalchemy.engines [None req-297ff8ab-b039-46a4-86ca-869e182f0f1f None None] MySQL server mode set to STRICT_TRANS_TABLES,STRICT_ALL_TABLES,NO_ZERO_IN_DATE,NO_ZERO_DATE,ERROR_FOR_DIVISION_BY_ZERO,TRADITIONAL,NO_ENGINE_SUBSTITUTION {{(pid=107502) _check_effective_sql_mode /opt/stack/data/venv/lib/python3.12/site-packages/oslo_db/sqlalchemy/engines.py:325}}
Mar 30 12:21:29.105253 np0000161222 nova-scheduler[107492]: DEBUG nova.service [None req-f8fa52a1-fbc4-406e-9a11-6359036bec4b None None] Creating RPC server for service: nova-scheduler on topic: scheduler {{(pid=107492) start /opt/stack/nova/nova/service.py:195}}
Mar 30 12:21:29.116731 np0000161222 nova-scheduler[107476]: DEBUG nova.service [None req-8826cceb-a05f-470e-89ef-0ae78bfc8824 None None] Join ServiceGroup membership for this service scheduler {{(pid=107476) start /opt/stack/nova/nova/service.py:221}}
Mar 30 12:21:29.116913 np0000161222 nova-scheduler[107502]: DEBUG dbcounter [-] [107502] Writer thread running {{(pid=107502) stat_writer /opt/stack/data/venv/lib/python3.12/site-packages/dbcounter.py:102}}
Mar 30 12:21:29.117011 np0000161222 nova-scheduler[107476]: DEBUG nova.servicegroup.drivers.db [None req-8826cceb-a05f-470e-89ef-0ae78bfc8824 None None] DB_Driver: join new ServiceGroup member np0000161222 to the scheduler group, service = {{(pid=107476) join /opt/stack/nova/nova/servicegroup/drivers/db.py:44}}
Mar 30 12:21:29.119214 np0000161222 nova-scheduler[107484]: DEBUG nova.service [None req-726a56f6-daaa-46f9-988f-bd0c53481c20 None None] Join ServiceGroup membership for this service scheduler {{(pid=107484) start /opt/stack/nova/nova/service.py:221}}
Mar 30 12:21:29.121383 np0000161222 nova-scheduler[107484]: DEBUG nova.servicegroup.drivers.db [None req-726a56f6-daaa-46f9-988f-bd0c53481c20 None None] DB_Driver: join new ServiceGroup member np0000161222 to the scheduler group, service = {{(pid=107484) join /opt/stack/nova/nova/servicegroup/drivers/db.py:44}}
Mar 30 12:21:29.121499 np0000161222 nova-scheduler[107502]: DEBUG nova.service [None req-297ff8ab-b039-46a4-86ca-869e182f0f1f None None] Creating RPC server for service: nova-scheduler on topic: scheduler {{(pid=107502) start /opt/stack/nova/nova/service.py:195}}
Mar 30 12:21:29.128498 np0000161222 nova-scheduler[107492]: DEBUG nova.service [None req-f8fa52a1-fbc4-406e-9a11-6359036bec4b None None] Join ServiceGroup membership for this service scheduler {{(pid=107492) start /opt/stack/nova/nova/service.py:221}}
Mar 30 12:21:29.128890 np0000161222 nova-scheduler[107492]: DEBUG nova.servicegroup.drivers.db [None req-f8fa52a1-fbc4-406e-9a11-6359036bec4b None None] DB_Driver: join new ServiceGroup member np0000161222 to the scheduler group, service = {{(pid=107492) join /opt/stack/nova/nova/servicegroup/drivers/db.py:44}}
Mar 30 12:21:29.144492 np0000161222 nova-scheduler[107502]: DEBUG nova.service [None req-297ff8ab-b039-46a4-86ca-869e182f0f1f None None] Join ServiceGroup membership for this service scheduler {{(pid=107502) start /opt/stack/nova/nova/service.py:221}}
Mar 30 12:21:29.145062 np0000161222 nova-scheduler[107502]: DEBUG nova.servicegroup.drivers.db [None req-297ff8ab-b039-46a4-86ca-869e182f0f1f None None] DB_Driver: join new ServiceGroup member np0000161222 to the scheduler group, service = {{(pid=107502) join /opt/stack/nova/nova/servicegroup/drivers/db.py:44}}
Mar 30 12:21:34.140868 np0000161222 nova-scheduler[107476]: DEBUG oslo.service.backend._threading.loopingcall [-] Fixed interval looping call 'nova.servicegroup.drivers.db.DbDriver._report_state' sleeping for 119.98 seconds {{(pid=107476) _run_loop /opt/stack/data/venv/lib/python3.12/site-packages/oslo_service/backend/_threading/loopingcall.py:125}}
Mar 30 12:21:34.141493 np0000161222 nova-scheduler[107484]: DEBUG oslo.service.backend._threading.loopingcall [-] Fixed interval looping call 'nova.servicegroup.drivers.db.DbDriver._report_state' sleeping for 119.98 seconds {{(pid=107484) _run_loop /opt/stack/data/venv/lib/python3.12/site-packages/oslo_service/backend/_threading/loopingcall.py:125}}
Mar 30 12:21:34.143797 np0000161222 nova-scheduler[107492]: DEBUG oslo.service.backend._threading.loopingcall [-] Fixed interval looping call 'nova.servicegroup.drivers.db.DbDriver._report_state' sleeping for 119.99 seconds {{(pid=107492) _run_loop /opt/stack/data/venv/lib/python3.12/site-packages/oslo_service/backend/_threading/loopingcall.py:125}}
Mar 30 12:21:34.162016 np0000161222 nova-scheduler[107502]: DEBUG oslo.service.backend._threading.loopingcall [-] Fixed interval looping call 'nova.servicegroup.drivers.db.DbDriver._report_state' sleeping for 119.99 seconds {{(pid=107502) _run_loop /opt/stack/data/venv/lib/python3.12/site-packages/oslo_service/backend/_threading/loopingcall.py:125}}
Mar 30 12:21:37.736546 np0000161222 nova-scheduler[106754]: DEBUG dbcounter [-] [106754] Writing DB stats nova_api:SELECT=3 {{(pid=106754) stat_writer /opt/stack/data/venv/lib/python3.12/site-packages/dbcounter.py:115}}
Mar 30 12:21:37.832888 np0000161222 nova-scheduler[106754]: DEBUG dbcounter [-] [106754] Writing DB stats nova_cell0:SELECT=1 {{(pid=106754) stat_writer /opt/stack/data/venv/lib/python3.12/site-packages/dbcounter.py:115}}
Mar 30 12:21:37.837950 np0000161222 nova-scheduler[106754]: DEBUG dbcounter [-] [106754] Writing DB stats nova_cell1:SELECT=1 {{(pid=106754) stat_writer /opt/stack/data/venv/lib/python3.12/site-packages/dbcounter.py:115}}
Mar 30 12:21:44.132726 np0000161222 nova-scheduler[107476]: DEBUG dbcounter [-] [107476] Writing DB stats nova_cell0:SELECT=4,nova_cell0:INSERT=1,nova_cell0:UPDATE=1 {{(pid=107476) stat_writer /opt/stack/data/venv/lib/python3.12/site-packages/dbcounter.py:115}}
Mar 30 12:21:44.136692 np0000161222 nova-scheduler[107484]: DEBUG dbcounter [-] [107484] Writing DB stats nova_cell0:SELECT=3,nova_cell0:UPDATE=1 {{(pid=107484) stat_writer /opt/stack/data/venv/lib/python3.12/site-packages/dbcounter.py:115}}
Mar 30 12:21:44.140183 np0000161222 nova-scheduler[107492]: DEBUG dbcounter [-] [107492] Writing DB stats nova_cell0:SELECT=3 {{(pid=107492) stat_writer /opt/stack/data/venv/lib/python3.12/site-packages/dbcounter.py:115}}
Mar 30 12:21:44.159693 np0000161222 nova-scheduler[107502]: DEBUG dbcounter [-] [107502] Writing DB stats nova_cell0:SELECT=3 {{(pid=107502) stat_writer /opt/stack/data/venv/lib/python3.12/site-packages/dbcounter.py:115}}
Mar 30 12:21:46.132443 np0000161222 nova-scheduler[107492]: DEBUG oslo.service.backend._threading.loopingcall [None req-7058e8fe-daa2-4094-9fe0-6b05c4d94744 None None] Dynamic interval looping call 'nova.service.Service.periodic_tasks' sleeping for 60.00 seconds {{(pid=107492) _run_loop /opt/stack/data/venv/lib/python3.12/site-packages/oslo_service/backend/_threading/loopingcall.py:125}}
Mar 30 12:21:52.120943 np0000161222 nova-scheduler[107476]: DEBUG oslo.service.backend._threading.loopingcall [None req-5a58cc14-4aab-4edf-b5ad-2d560d062c2a None None] Dynamic interval looping call 'nova.service.Service.periodic_tasks' sleeping for 60.00 seconds {{(pid=107476) _run_loop /opt/stack/data/venv/lib/python3.12/site-packages/oslo_service/backend/_threading/loopingcall.py:125}}
Mar 30 12:21:57.159886 np0000161222 nova-scheduler[107502]: DEBUG oslo.service.backend._threading.loopingcall [None req-7cb05e25-fc5b-4f06-b609-07f86abc2101 None None] Dynamic interval looping call 'nova.service.Service.periodic_tasks' sleeping for 60.00 seconds {{(pid=107502) _run_loop /opt/stack/data/venv/lib/python3.12/site-packages/oslo_service/backend/_threading/loopingcall.py:125}}
Mar 30 12:22:11.124678 np0000161222 nova-scheduler[107484]: DEBUG oslo.service.backend._threading.loopingcall [None req-38eb8cce-6bf9-4009-9116-11483a863f4b None None] Dynamic interval looping call 'nova.service.Service.periodic_tasks' sleeping for 60.00 seconds {{(pid=107484) _run_loop /opt/stack/data/venv/lib/python3.12/site-packages/oslo_service/backend/_threading/loopingcall.py:125}}
Mar 30 12:22:46.133189 np0000161222 nova-scheduler[107492]: DEBUG oslo.service.backend._threading.loopingcall [None req-7058e8fe-daa2-4094-9fe0-6b05c4d94744 None None] Dynamic interval looping call 'nova.service.Service.periodic_tasks' sleeping for 60.00 seconds {{(pid=107492) _run_loop /opt/stack/data/venv/lib/python3.12/site-packages/oslo_service/backend/_threading/loopingcall.py:125}}
Mar 30 12:22:52.121774 np0000161222 nova-scheduler[107476]: DEBUG oslo.service.backend._threading.loopingcall [None req-5a58cc14-4aab-4edf-b5ad-2d560d062c2a None None] Dynamic interval looping call 'nova.service.Service.periodic_tasks' sleeping for 60.00 seconds {{(pid=107476) _run_loop /opt/stack/data/venv/lib/python3.12/site-packages/oslo_service/backend/_threading/loopingcall.py:125}}
Mar 30 12:22:57.160853 np0000161222 nova-scheduler[107502]: DEBUG oslo.service.backend._threading.loopingcall [None req-7cb05e25-fc5b-4f06-b609-07f86abc2101 None None] Dynamic interval looping call 'nova.service.Service.periodic_tasks' sleeping for 60.00 seconds {{(pid=107502) _run_loop /opt/stack/data/venv/lib/python3.12/site-packages/oslo_service/backend/_threading/loopingcall.py:125}}
Mar 30 12:23:11.125430 np0000161222 nova-scheduler[107484]: DEBUG oslo.service.backend._threading.loopingcall [None req-38eb8cce-6bf9-4009-9116-11483a863f4b None None] Dynamic interval looping call 'nova.service.Service.periodic_tasks' sleeping for 60.00 seconds {{(pid=107484) _run_loop /opt/stack/data/venv/lib/python3.12/site-packages/oslo_service/backend/_threading/loopingcall.py:125}}
Mar 30 12:23:34.131180 np0000161222 nova-scheduler[107484]: DEBUG oslo.service.backend._threading.loopingcall [-] Fixed interval looping call 'nova.servicegroup.drivers.db.DbDriver._report_state' sleeping for 119.99 seconds {{(pid=107484) _run_loop /opt/stack/data/venv/lib/python3.12/site-packages/oslo_service/backend/_threading/loopingcall.py:125}}
Mar 30 12:23:34.132447 np0000161222 nova-scheduler[107476]: DEBUG oslo.service.backend._threading.loopingcall [-] Fixed interval looping call 'nova.servicegroup.drivers.db.DbDriver._report_state' sleeping for 119.99 seconds {{(pid=107476) _run_loop /opt/stack/data/venv/lib/python3.12/site-packages/oslo_service/backend/_threading/loopingcall.py:125}}
Mar 30 12:23:34.139328 np0000161222 nova-scheduler[107492]: DEBUG oslo.service.backend._threading.loopingcall [-] Fixed interval looping call 'nova.servicegroup.drivers.db.DbDriver._report_state' sleeping for 119.99 seconds {{(pid=107492) _run_loop /opt/stack/data/venv/lib/python3.12/site-packages/oslo_service/backend/_threading/loopingcall.py:125}}
Mar 30 12:23:34.158529 np0000161222 nova-scheduler[107502]: DEBUG oslo.service.backend._threading.loopingcall [-] Fixed interval looping call 'nova.servicegroup.drivers.db.DbDriver._report_state' sleeping for 119.99 seconds {{(pid=107502) _run_loop /opt/stack/data/venv/lib/python3.12/site-packages/oslo_service/backend/_threading/loopingcall.py:125}}
Mar 30 12:23:44.125869 np0000161222 nova-scheduler[107484]: DEBUG dbcounter [-] [107484] Writing DB stats nova_cell0:SELECT=1,nova_cell0:UPDATE=1 {{(pid=107484) stat_writer /opt/stack/data/venv/lib/python3.12/site-packages/dbcounter.py:115}}
Mar 30 12:23:44.128032 np0000161222 nova-scheduler[107476]: DEBUG dbcounter [-] [107476] Writing DB stats nova_cell0:SELECT=1,nova_cell0:UPDATE=1 {{(pid=107476) stat_writer /opt/stack/data/venv/lib/python3.12/site-packages/dbcounter.py:115}}
Mar 30 12:23:44.137011 np0000161222 nova-scheduler[107492]: DEBUG dbcounter [-] [107492] Writing DB stats nova_cell0:SELECT=1 {{(pid=107492) stat_writer /opt/stack/data/venv/lib/python3.12/site-packages/dbcounter.py:115}}
Mar 30 12:23:44.155804 np0000161222 nova-scheduler[107502]: DEBUG dbcounter [-] [107502] Writing DB stats nova_cell0:SELECT=1 {{(pid=107502) stat_writer /opt/stack/data/venv/lib/python3.12/site-packages/dbcounter.py:115}}
Mar 30 12:23:46.133978 np0000161222 nova-scheduler[107492]: DEBUG oslo.service.backend._threading.loopingcall [None req-7058e8fe-daa2-4094-9fe0-6b05c4d94744 None None] Dynamic interval looping call 'nova.service.Service.periodic_tasks' sleeping for 60.00 seconds {{(pid=107492) _run_loop /opt/stack/data/venv/lib/python3.12/site-packages/oslo_service/backend/_threading/loopingcall.py:125}}
Mar 30 12:23:52.122760 np0000161222 nova-scheduler[107476]: DEBUG oslo.service.backend._threading.loopingcall [None req-5a58cc14-4aab-4edf-b5ad-2d560d062c2a None None] Dynamic interval looping call 'nova.service.Service.periodic_tasks' sleeping for 60.00 seconds {{(pid=107476) _run_loop /opt/stack/data/venv/lib/python3.12/site-packages/oslo_service/backend/_threading/loopingcall.py:125}}
Mar 30 12:23:57.161632 np0000161222 nova-scheduler[107502]: DEBUG oslo.service.backend._threading.loopingcall [None req-7cb05e25-fc5b-4f06-b609-07f86abc2101 None None] Dynamic interval looping call 'nova.service.Service.periodic_tasks' sleeping for 60.00 seconds {{(pid=107502) _run_loop /opt/stack/data/venv/lib/python3.12/site-packages/oslo_service/backend/_threading/loopingcall.py:125}}
Mar 30 12:24:11.126407 np0000161222 nova-scheduler[107484]: DEBUG oslo.service.backend._threading.loopingcall [None req-38eb8cce-6bf9-4009-9116-11483a863f4b None None] Dynamic interval looping call 'nova.service.Service.periodic_tasks' sleeping for 60.00 seconds {{(pid=107484) _run_loop /opt/stack/data/venv/lib/python3.12/site-packages/oslo_service/backend/_threading/loopingcall.py:125}}
Mar 30 12:24:46.134522 np0000161222 nova-scheduler[107492]: DEBUG oslo.service.backend._threading.loopingcall [None req-7058e8fe-daa2-4094-9fe0-6b05c4d94744 None None] Dynamic interval looping call 'nova.service.Service.periodic_tasks' sleeping for 60.00 seconds {{(pid=107492) _run_loop /opt/stack/data/venv/lib/python3.12/site-packages/oslo_service/backend/_threading/loopingcall.py:125}}
Mar 30 12:24:52.123623 np0000161222 nova-scheduler[107476]: DEBUG oslo.service.backend._threading.loopingcall [None req-5a58cc14-4aab-4edf-b5ad-2d560d062c2a None None] Dynamic interval looping call 'nova.service.Service.periodic_tasks' sleeping for 60.00 seconds {{(pid=107476) _run_loop /opt/stack/data/venv/lib/python3.12/site-packages/oslo_service/backend/_threading/loopingcall.py:125}}
Mar 30 12:24:57.162390 np0000161222 nova-scheduler[107502]: DEBUG oslo.service.backend._threading.loopingcall [None req-7cb05e25-fc5b-4f06-b609-07f86abc2101 None None] Dynamic interval looping call 'nova.service.Service.periodic_tasks' sleeping for 60.00 seconds {{(pid=107502) _run_loop /opt/stack/data/venv/lib/python3.12/site-packages/oslo_service/backend/_threading/loopingcall.py:125}}
Mar 30 12:25:11.127266 np0000161222 nova-scheduler[107484]: DEBUG oslo.service.backend._threading.loopingcall [None req-38eb8cce-6bf9-4009-9116-11483a863f4b None None] Dynamic interval looping call 'nova.service.Service.periodic_tasks' sleeping for 60.00 seconds {{(pid=107484) _run_loop /opt/stack/data/venv/lib/python3.12/site-packages/oslo_service/backend/_threading/loopingcall.py:125}}
Mar 30 12:25:34.131544 np0000161222 nova-scheduler[107476]: DEBUG oslo.service.backend._threading.loopingcall [-] Fixed interval looping call 'nova.servicegroup.drivers.db.DbDriver._report_state' sleeping for 119.99 seconds {{(pid=107476) _run_loop /opt/stack/data/venv/lib/python3.12/site-packages/oslo_service/backend/_threading/loopingcall.py:125}}
Mar 30 12:25:34.132071 np0000161222 nova-scheduler[107484]: DEBUG oslo.service.backend._threading.loopingcall [-] Fixed interval looping call 'nova.servicegroup.drivers.db.DbDriver._report_state' sleeping for 119.99 seconds {{(pid=107484) _run_loop /opt/stack/data/venv/lib/python3.12/site-packages/oslo_service/backend/_threading/loopingcall.py:125}}
Mar 30 12:25:34.134405 np0000161222 nova-scheduler[107492]: DEBUG oslo.service.backend._threading.loopingcall [-] Fixed interval looping call 'nova.servicegroup.drivers.db.DbDriver._report_state' sleeping for 120.00 seconds {{(pid=107492) _run_loop /opt/stack/data/venv/lib/python3.12/site-packages/oslo_service/backend/_threading/loopingcall.py:125}}
Mar 30 12:25:34.153702 np0000161222 nova-scheduler[107502]: DEBUG oslo.service.backend._threading.loopingcall [-] Fixed interval looping call 'nova.servicegroup.drivers.db.DbDriver._report_state' sleeping for 120.00 seconds {{(pid=107502) _run_loop /opt/stack/data/venv/lib/python3.12/site-packages/oslo_service/backend/_threading/loopingcall.py:125}}
Mar 30 12:25:44.125623 np0000161222 nova-scheduler[107484]: DEBUG dbcounter [-] [107484] Writing DB stats nova_cell0:SELECT=1,nova_cell0:UPDATE=1 {{(pid=107484) stat_writer /opt/stack/data/venv/lib/python3.12/site-packages/dbcounter.py:115}}
Mar 30 12:25:44.126656 np0000161222 nova-scheduler[107476]: DEBUG dbcounter [-] [107476] Writing DB stats nova_cell0:SELECT=1,nova_cell0:UPDATE=1 {{(pid=107476) stat_writer /opt/stack/data/venv/lib/python3.12/site-packages/dbcounter.py:115}}
Mar 30 12:25:44.132448 np0000161222 nova-scheduler[107492]: DEBUG dbcounter [-] [107492] Writing DB stats nova_cell0:SELECT=1 {{(pid=107492) stat_writer /opt/stack/data/venv/lib/python3.12/site-packages/dbcounter.py:115}}
Mar 30 12:25:44.151887 np0000161222 nova-scheduler[107502]: DEBUG dbcounter [-] [107502] Writing DB stats nova_cell0:SELECT=1 {{(pid=107502) stat_writer /opt/stack/data/venv/lib/python3.12/site-packages/dbcounter.py:115}}
Mar 30 12:25:46.135329 np0000161222 nova-scheduler[107492]: DEBUG oslo.service.backend._threading.loopingcall [None req-7058e8fe-daa2-4094-9fe0-6b05c4d94744 None None] Dynamic interval looping call 'nova.service.Service.periodic_tasks' sleeping for 60.00 seconds {{(pid=107492) _run_loop /opt/stack/data/venv/lib/python3.12/site-packages/oslo_service/backend/_threading/loopingcall.py:125}}
Mar 30 12:25:52.124515 np0000161222 nova-scheduler[107476]: DEBUG oslo.service.backend._threading.loopingcall [None req-5a58cc14-4aab-4edf-b5ad-2d560d062c2a None None] Dynamic interval looping call 'nova.service.Service.periodic_tasks' sleeping for 60.00 seconds {{(pid=107476) _run_loop /opt/stack/data/venv/lib/python3.12/site-packages/oslo_service/backend/_threading/loopingcall.py:125}}
