Apr 07 21:02:39.837518 np0000164082 nova-conductor[109455]: DEBUG cotyledon.oslo_config_glue [-] vmware.task_poll_interval = 0.5 {{(pid=109455) log_opt_values /opt/stack/data/venv/lib/python3.12/site-packages/oslo_config/cfg.py:3006}}
Apr 07 21:02:39.837518 np0000164082 nova-conductor[109455]: DEBUG cotyledon.oslo_config_glue [-] vmware.use_linked_clone = True {{(pid=109455) log_opt_values /opt/stack/data/venv/lib/python3.12/site-packages/oslo_config/cfg.py:3006}}
Apr 07 21:02:39.837518 np0000164082 nova-conductor[109455]: DEBUG cotyledon.oslo_config_glue [-] vmware.vnc_keymap = en-us {{(pid=109455) log_opt_values /opt/stack/data/venv/lib/python3.12/site-packages/oslo_config/cfg.py:3006}}
Apr 07 21:02:39.837518 np0000164082 nova-conductor[109455]: DEBUG cotyledon.oslo_config_glue [-] vmware.vnc_port = 5900 {{(pid=109455) log_opt_values /opt/stack/data/venv/lib/python3.12/site-packages/oslo_config/cfg.py:3006}}
Apr 07 21:02:39.837781 np0000164082 nova-conductor[109455]: DEBUG cotyledon.oslo_config_glue [-] vmware.vnc_port_total = 10000 {{(pid=109455) log_opt_values /opt/stack/data/venv/lib/python3.12/site-packages/oslo_config/cfg.py:3006}}
Apr 07 21:02:39.837781 np0000164082 nova-conductor[109455]: DEBUG cotyledon.oslo_config_glue [-] vnc.auth_schemes = ['none'] {{(pid=109455) log_opt_values /opt/stack/data/venv/lib/python3.12/site-packages/oslo_config/cfg.py:3006}}
Apr 07 21:02:39.837781 np0000164082 nova-conductor[109455]: DEBUG cotyledon.oslo_config_glue [-] vnc.enabled = True {{(pid=109455) log_opt_values /opt/stack/data/venv/lib/python3.12/site-packages/oslo_config/cfg.py:3006}}
Apr 07 21:02:39.837781 np0000164082 nova-conductor[109455]: DEBUG cotyledon.oslo_config_glue [-] vnc.novncproxy_base_url = http://127.0.0.1:6080/vnc_auto.html {{(pid=109455) log_opt_values /opt/stack/data/venv/lib/python3.12/site-packages/oslo_config/cfg.py:3006}}
Apr 07 21:02:39.837781 np0000164082 nova-conductor[109455]: DEBUG cotyledon.oslo_config_glue [-] vnc.novncproxy_host = 0.0.0.0 {{(pid=109455) log_opt_values /opt/stack/data/venv/lib/python3.12/site-packages/oslo_config/cfg.py:3006}}
Apr 07 21:02:39.837781 np0000164082 nova-conductor[109455]: DEBUG cotyledon.oslo_config_glue [-] vnc.novncproxy_port = 6080 {{(pid=109455) log_opt_values /opt/stack/data/venv/lib/python3.12/site-packages/oslo_config/cfg.py:3006}}
Apr 07 21:02:39.837781 np0000164082 nova-conductor[109455]: DEBUG cotyledon.oslo_config_glue [-] vnc.server_listen = 127.0.0.1 {{(pid=109455) log_opt_values /opt/stack/data/venv/lib/python3.12/site-packages/oslo_config/cfg.py:3006}}
Apr 07 21:02:39.837781 np0000164082 nova-conductor[109455]: DEBUG cotyledon.oslo_config_glue [-] vnc.server_proxyclient_address = 127.0.0.1 {{(pid=109455) log_opt_values /opt/stack/data/venv/lib/python3.12/site-packages/oslo_config/cfg.py:3006}}
Apr 07 21:02:39.837781 np0000164082 nova-conductor[109455]: DEBUG cotyledon.oslo_config_glue [-] vnc.vencrypt_ca_certs = None {{(pid=109455) log_opt_values /opt/stack/data/venv/lib/python3.12/site-packages/oslo_config/cfg.py:3006}}
Apr 07 21:02:39.838033 np0000164082 nova-conductor[109455]: DEBUG cotyledon.oslo_config_glue [-] vnc.vencrypt_client_cert = None {{(pid=109455) log_opt_values /opt/stack/data/venv/lib/python3.12/site-packages/oslo_config/cfg.py:3006}}
Apr 07 21:02:39.838033 np0000164082 nova-conductor[109455]: DEBUG cotyledon.oslo_config_glue [-] vnc.vencrypt_client_key = None {{(pid=109455) log_opt_values /opt/stack/data/venv/lib/python3.12/site-packages/oslo_config/cfg.py:3006}}
Apr 07 21:02:39.838033 np0000164082 nova-conductor[109455]: DEBUG cotyledon.oslo_config_glue [-] workarounds.disable_compute_service_check_for_ffu = False {{(pid=109455) log_opt_values /opt/stack/data/venv/lib/python3.12/site-packages/oslo_config/cfg.py:3006}}
Apr 07 21:02:39.838033 np0000164082 nova-conductor[109455]: DEBUG cotyledon.oslo_config_glue [-] workarounds.disable_deep_image_inspection = False {{(pid=109455) log_opt_values /opt/stack/data/venv/lib/python3.12/site-packages/oslo_config/cfg.py:3006}}
Apr 07 21:02:39.838033 np0000164082 nova-conductor[109455]: DEBUG cotyledon.oslo_config_glue [-] workarounds.disable_fallback_pcpu_query = False {{(pid=109455) log_opt_values /opt/stack/data/venv/lib/python3.12/site-packages/oslo_config/cfg.py:3006}}
Apr 07 21:02:39.838033 np0000164082 nova-conductor[109455]: DEBUG cotyledon.oslo_config_glue [-] workarounds.disable_group_policy_check_upcall = False {{(pid=109455) log_opt_values /opt/stack/data/venv/lib/python3.12/site-packages/oslo_config/cfg.py:3006}}
Apr 07 21:02:39.838033 np0000164082 nova-conductor[109455]: DEBUG cotyledon.oslo_config_glue [-] workarounds.disable_libvirt_livesnapshot = False {{(pid=109455) log_opt_values /opt/stack/data/venv/lib/python3.12/site-packages/oslo_config/cfg.py:3006}}
Apr 07 21:02:39.838033 np0000164082 nova-conductor[109455]: DEBUG cotyledon.oslo_config_glue [-] workarounds.disable_rootwrap = False {{(pid=109455) log_opt_values /opt/stack/data/venv/lib/python3.12/site-packages/oslo_config/cfg.py:3006}}
Apr 07 21:02:39.838238 np0000164082 nova-conductor[109436]: DEBUG dbcounter [-] [109436] Writer thread running {{(pid=109436) stat_writer /opt/stack/data/venv/lib/python3.12/site-packages/dbcounter.py:102}}
Apr 07 21:02:39.838271 np0000164082 nova-conductor[109455]: DEBUG cotyledon.oslo_config_glue [-] workarounds.enable_numa_live_migration = False {{(pid=109455) log_opt_values /opt/stack/data/venv/lib/python3.12/site-packages/oslo_config/cfg.py:3006}}
Apr 07 21:02:39.838271 np0000164082 nova-conductor[109455]: DEBUG cotyledon.oslo_config_glue [-] workarounds.enable_qemu_monitor_announce_self = False {{(pid=109455) log_opt_values /opt/stack/data/venv/lib/python3.12/site-packages/oslo_config/cfg.py:3006}}
Apr 07 21:02:39.838271 np0000164082 nova-conductor[109455]: DEBUG cotyledon.oslo_config_glue [-] workarounds.ensure_libvirt_rbd_instance_dir_cleanup = False {{(pid=109455) log_opt_values /opt/stack/data/venv/lib/python3.12/site-packages/oslo_config/cfg.py:3006}}
Apr 07 21:02:39.838271 np0000164082 nova-conductor[109455]: DEBUG cotyledon.oslo_config_glue [-] workarounds.handle_virt_lifecycle_events = True {{(pid=109455) log_opt_values /opt/stack/data/venv/lib/python3.12/site-packages/oslo_config/cfg.py:3006}}
Apr 07 21:02:39.838271 np0000164082 nova-conductor[109455]: DEBUG cotyledon.oslo_config_glue [-] workarounds.libvirt_disable_apic = False {{(pid=109455) log_opt_values /opt/stack/data/venv/lib/python3.12/site-packages/oslo_config/cfg.py:3006}}
Apr 07 21:02:39.838271 np0000164082 nova-conductor[109455]: DEBUG cotyledon.oslo_config_glue [-] workarounds.never_download_image_if_on_rbd = False {{(pid=109455) log_opt_values /opt/stack/data/venv/lib/python3.12/site-packages/oslo_config/cfg.py:3006}}
Apr 07 21:02:39.838271 np0000164082 nova-conductor[109455]: DEBUG cotyledon.oslo_config_glue [-] workarounds.qemu_monitor_announce_self_count = 3 {{(pid=109455) log_opt_values /opt/stack/data/venv/lib/python3.12/site-packages/oslo_config/cfg.py:3006}}
Apr 07 21:02:39.838473 np0000164082 nova-conductor[109429]: DEBUG nova.service [None req-f5a0f552-c3bb-43b6-907e-c1903c0863c4 None None] Creating RPC server for service: nova-conductor on topic: conductor {{(pid=109429) start /opt/stack/nova/nova/service.py:195}}
Apr 07 21:02:39.838510 np0000164082 nova-conductor[109455]: DEBUG cotyledon.oslo_config_glue [-] workarounds.qemu_monitor_announce_self_interval = 1 {{(pid=109455) log_opt_values /opt/stack/data/venv/lib/python3.12/site-packages/oslo_config/cfg.py:3006}}
Apr 07 21:02:39.838510 np0000164082 nova-conductor[109455]: DEBUG cotyledon.oslo_config_glue [-] workarounds.reserve_disk_resource_for_image_cache = False {{(pid=109455) log_opt_values /opt/stack/data/venv/lib/python3.12/site-packages/oslo_config/cfg.py:3006}}
Apr 07 21:02:39.838510 np0000164082 nova-conductor[109455]: DEBUG cotyledon.oslo_config_glue [-] workarounds.skip_cpu_compare_at_startup = False {{(pid=109455) log_opt_values /opt/stack/data/venv/lib/python3.12/site-packages/oslo_config/cfg.py:3006}}
Apr 07 21:02:39.838510 np0000164082 nova-conductor[109455]: DEBUG cotyledon.oslo_config_glue [-] workarounds.skip_cpu_compare_on_dest = False {{(pid=109455) log_opt_values /opt/stack/data/venv/lib/python3.12/site-packages/oslo_config/cfg.py:3006}}
Apr 07 21:02:39.838510 np0000164082 nova-conductor[109455]: DEBUG cotyledon.oslo_config_glue [-] workarounds.skip_hypervisor_version_check_on_lm = False {{(pid=109455) log_opt_values /opt/stack/data/venv/lib/python3.12/site-packages/oslo_config/cfg.py:3006}}
Apr 07 21:02:39.838510 np0000164082 nova-conductor[109455]: DEBUG cotyledon.oslo_config_glue [-] workarounds.skip_reserve_in_use_ironic_nodes = False {{(pid=109455) log_opt_values /opt/stack/data/venv/lib/python3.12/site-packages/oslo_config/cfg.py:3006}}
Apr 07 21:02:39.838510 np0000164082 nova-conductor[109455]: DEBUG cotyledon.oslo_config_glue [-] workarounds.unified_limits_count_pcpu_as_vcpu = False {{(pid=109455) log_opt_values /opt/stack/data/venv/lib/python3.12/site-packages/oslo_config/cfg.py:3006}}
Apr 07 21:02:39.838510 np0000164082 nova-conductor[109455]: DEBUG cotyledon.oslo_config_glue [-] workarounds.wait_for_vif_plugged_event_during_hard_reboot = [] {{(pid=109455) log_opt_values /opt/stack/data/venv/lib/python3.12/site-packages/oslo_config/cfg.py:3006}}
Apr 07 21:02:39.838717 np0000164082 nova-conductor[109455]: DEBUG cotyledon.oslo_config_glue [-] wsgi.api_paste_config = /etc/nova/api-paste.ini {{(pid=109455) log_opt_values /opt/stack/data/venv/lib/python3.12/site-packages/oslo_config/cfg.py:3006}}
Apr 07 21:02:39.838717 np0000164082 nova-conductor[109455]: DEBUG cotyledon.oslo_config_glue [-] wsgi.secure_proxy_ssl_header = None {{(pid=109455) log_opt_values /opt/stack/data/venv/lib/python3.12/site-packages/oslo_config/cfg.py:3006}}
Apr 07 21:02:39.838717 np0000164082 nova-conductor[109455]: DEBUG cotyledon.oslo_config_glue [-] zvm.ca_file = None {{(pid=109455) log_opt_values /opt/stack/data/venv/lib/python3.12/site-packages/oslo_config/cfg.py:3006}}
Apr 07 21:02:39.838717 np0000164082 nova-conductor[109455]: DEBUG cotyledon.oslo_config_glue [-] zvm.cloud_connector_url = None {{(pid=109455) log_opt_values /opt/stack/data/venv/lib/python3.12/site-packages/oslo_config/cfg.py:3006}}
Apr 07 21:02:39.838717 np0000164082 nova-conductor[109455]: DEBUG cotyledon.oslo_config_glue [-] zvm.image_tmp_path = /opt/stack/data/nova/images {{(pid=109455) log_opt_values /opt/stack/data/venv/lib/python3.12/site-packages/oslo_config/cfg.py:3006}}
Apr 07 21:02:39.838717 np0000164082 nova-conductor[109455]: DEBUG cotyledon.oslo_config_glue [-] zvm.reachable_timeout = 300 {{(pid=109455) log_opt_values /opt/stack/data/venv/lib/python3.12/site-packages/oslo_config/cfg.py:3006}}
Apr 07 21:02:39.838717 np0000164082 nova-conductor[109455]: DEBUG cotyledon.oslo_config_glue [-] oslo_versionedobjects.fatal_exception_format_errors = False {{(pid=109455) log_opt_values /opt/stack/data/venv/lib/python3.12/site-packages/oslo_config/cfg.py:3006}}
Apr 07 21:02:39.838717 np0000164082 nova-conductor[109455]: DEBUG cotyledon.oslo_config_glue [-] oslo_middleware.http_basic_auth_user_file = /etc/htpasswd {{(pid=109455) log_opt_values /opt/stack/data/venv/lib/python3.12/site-packages/oslo_config/cfg.py:3006}}
Apr 07 21:02:39.838717 np0000164082 nova-conductor[109455]: DEBUG cotyledon.oslo_config_glue [-] profiler.connection_string = messaging:// {{(pid=109455) log_opt_values /opt/stack/data/venv/lib/python3.12/site-packages/oslo_config/cfg.py:3006}}
Apr 07 21:02:39.839206 np0000164082 nova-conductor[109455]: DEBUG cotyledon.oslo_config_glue [-] profiler.enabled = False {{(pid=109455) log_opt_values /opt/stack/data/venv/lib/python3.12/site-packages/oslo_config/cfg.py:3006}}
Apr 07 21:02:39.839206 np0000164082 nova-conductor[109455]: DEBUG cotyledon.oslo_config_glue [-] profiler.es_doc_type = notification {{(pid=109455) log_opt_values /opt/stack/data/venv/lib/python3.12/site-packages/oslo_config/cfg.py:3006}}
Apr 07 21:02:39.839206 np0000164082 nova-conductor[109455]: DEBUG cotyledon.oslo_config_glue [-] profiler.es_scroll_size = 10000 {{(pid=109455) log_opt_values /opt/stack/data/venv/lib/python3.12/site-packages/oslo_config/cfg.py:3006}}
Apr 07 21:02:39.839206 np0000164082 nova-conductor[109455]: DEBUG cotyledon.oslo_config_glue [-] profiler.es_scroll_time = 2m {{(pid=109455) log_opt_values /opt/stack/data/venv/lib/python3.12/site-packages/oslo_config/cfg.py:3006}}
Apr 07 21:02:39.839206 np0000164082 nova-conductor[109455]: DEBUG cotyledon.oslo_config_glue [-] profiler.filter_error_trace = False {{(pid=109455) log_opt_values /opt/stack/data/venv/lib/python3.12/site-packages/oslo_config/cfg.py:3006}}
Apr 07 21:02:39.839206 np0000164082 nova-conductor[109455]: DEBUG cotyledon.oslo_config_glue [-] profiler.hmac_keys = **** {{(pid=109455) log_opt_values /opt/stack/data/venv/lib/python3.12/site-packages/oslo_config/cfg.py:3006}}
Apr 07 21:02:39.839206 np0000164082 nova-conductor[109455]: DEBUG cotyledon.oslo_config_glue [-] profiler.sentinel_service_name = mymaster {{(pid=109455) log_opt_values /opt/stack/data/venv/lib/python3.12/site-packages/oslo_config/cfg.py:3006}}
Apr 07 21:02:39.839206 np0000164082 nova-conductor[109455]: DEBUG cotyledon.oslo_config_glue [-] profiler.socket_timeout = 0.1 {{(pid=109455) log_opt_values /opt/stack/data/venv/lib/python3.12/site-packages/oslo_config/cfg.py:3006}}
Apr 07 21:02:39.839206 np0000164082 nova-conductor[109455]: DEBUG cotyledon.oslo_config_glue [-] profiler.trace_requests = False {{(pid=109455) log_opt_values /opt/stack/data/venv/lib/python3.12/site-packages/oslo_config/cfg.py:3006}}
Apr 07 21:02:39.839441 np0000164082 nova-conductor[109455]: DEBUG cotyledon.oslo_config_glue [-] profiler.trace_sqlalchemy = False {{(pid=109455) log_opt_values /opt/stack/data/venv/lib/python3.12/site-packages/oslo_config/cfg.py:3006}}
Apr 07 21:02:39.839441 np0000164082 nova-conductor[109455]: DEBUG cotyledon.oslo_config_glue [-] profiler_jaeger.process_tags = {} {{(pid=109455) log_opt_values /opt/stack/data/venv/lib/python3.12/site-packages/oslo_config/cfg.py:3006}}
Apr 07 21:02:39.839441 np0000164082 nova-conductor[109455]: DEBUG cotyledon.oslo_config_glue [-] profiler_jaeger.service_name_prefix = None {{(pid=109455) log_opt_values /opt/stack/data/venv/lib/python3.12/site-packages/oslo_config/cfg.py:3006}}
Apr 07 21:02:39.839441 np0000164082 nova-conductor[109455]: DEBUG cotyledon.oslo_config_glue [-] profiler_otlp.service_name_prefix = None {{(pid=109455) log_opt_values /opt/stack/data/venv/lib/python3.12/site-packages/oslo_config/cfg.py:3006}}
Apr 07 21:02:39.839441 np0000164082 nova-conductor[109455]: DEBUG cotyledon.oslo_config_glue [-] oslo_messaging_rabbit.amqp_auto_delete = False {{(pid=109455) log_opt_values /opt/stack/data/venv/lib/python3.12/site-packages/oslo_config/cfg.py:3006}}
Apr 07 21:02:39.839441 np0000164082 nova-conductor[109455]: DEBUG cotyledon.oslo_config_glue [-] oslo_messaging_rabbit.amqp_durable_queues = False {{(pid=109455) log_opt_values /opt/stack/data/venv/lib/python3.12/site-packages/oslo_config/cfg.py:3006}}
Apr 07 21:02:39.839441 np0000164082 nova-conductor[109455]: DEBUG cotyledon.oslo_config_glue [-] oslo_messaging_rabbit.conn_pool_min_size = 2 {{(pid=109455) log_opt_values /opt/stack/data/venv/lib/python3.12/site-packages/oslo_config/cfg.py:3006}}
Apr 07 21:02:39.839441 np0000164082 nova-conductor[109455]: DEBUG cotyledon.oslo_config_glue [-] oslo_messaging_rabbit.conn_pool_ttl = 1200 {{(pid=109455) log_opt_values /opt/stack/data/venv/lib/python3.12/site-packages/oslo_config/cfg.py:3006}}
Apr 07 21:02:39.839441 np0000164082 nova-conductor[109455]: DEBUG cotyledon.oslo_config_glue [-] oslo_messaging_rabbit.direct_mandatory_flag = True {{(pid=109455) log_opt_values /opt/stack/data/venv/lib/python3.12/site-packages/oslo_config/cfg.py:3006}}
Apr 07 21:02:39.839671 np0000164082 nova-conductor[109455]: DEBUG cotyledon.oslo_config_glue [-] oslo_messaging_rabbit.enable_cancel_on_failover = False {{(pid=109455) log_opt_values /opt/stack/data/venv/lib/python3.12/site-packages/oslo_config/cfg.py:3006}}
Apr 07 21:02:39.839671 np0000164082 nova-conductor[109455]: DEBUG cotyledon.oslo_config_glue [-] oslo_messaging_rabbit.heartbeat_in_pthread = False {{(pid=109455) log_opt_values /opt/stack/data/venv/lib/python3.12/site-packages/oslo_config/cfg.py:3006}}
Apr 07 21:02:39.839671 np0000164082 nova-conductor[109455]: DEBUG cotyledon.oslo_config_glue [-] oslo_messaging_rabbit.heartbeat_rate = 3 {{(pid=109455) log_opt_values /opt/stack/data/venv/lib/python3.12/site-packages/oslo_config/cfg.py:3006}}
Apr 07 21:02:39.839671 np0000164082 nova-conductor[109455]: DEBUG cotyledon.oslo_config_glue [-] oslo_messaging_rabbit.heartbeat_timeout_threshold = 60 {{(pid=109455) log_opt_values /opt/stack/data/venv/lib/python3.12/site-packages/oslo_config/cfg.py:3006}}
Apr 07 21:02:39.839671 np0000164082 nova-conductor[109455]: DEBUG cotyledon.oslo_config_glue [-] oslo_messaging_rabbit.hostname = np0000164082 {{(pid=109455) log_opt_values /opt/stack/data/venv/lib/python3.12/site-packages/oslo_config/cfg.py:3006}}
Apr 07 21:02:39.839671 np0000164082 nova-conductor[109455]: DEBUG cotyledon.oslo_config_glue [-] oslo_messaging_rabbit.kombu_compression = None {{(pid=109455) log_opt_values /opt/stack/data/venv/lib/python3.12/site-packages/oslo_config/cfg.py:3006}}
Apr 07 21:02:39.839671 np0000164082 nova-conductor[109455]: DEBUG cotyledon.oslo_config_glue [-] oslo_messaging_rabbit.kombu_failover_strategy = round-robin {{(pid=109455) log_opt_values /opt/stack/data/venv/lib/python3.12/site-packages/oslo_config/cfg.py:3006}}
Apr 07 21:02:39.839671 np0000164082 nova-conductor[109455]: DEBUG cotyledon.oslo_config_glue [-] oslo_messaging_rabbit.kombu_missing_consumer_retry_timeout = 60 {{(pid=109455) log_opt_values /opt/stack/data/venv/lib/python3.12/site-packages/oslo_config/cfg.py:3006}}
Apr 07 21:02:39.839874 np0000164082 nova-conductor[109455]: DEBUG cotyledon.oslo_config_glue [-] oslo_messaging_rabbit.kombu_reconnect_delay = 1.0 {{(pid=109455) log_opt_values /opt/stack/data/venv/lib/python3.12/site-packages/oslo_config/cfg.py:3006}}
Apr 07 21:02:39.839874 np0000164082 nova-conductor[109455]: DEBUG cotyledon.oslo_config_glue [-] oslo_messaging_rabbit.kombu_reconnect_splay = 0.0 {{(pid=109455) log_opt_values /opt/stack/data/venv/lib/python3.12/site-packages/oslo_config/cfg.py:3006}}
Apr 07 21:02:39.839874 np0000164082 nova-conductor[109455]: DEBUG cotyledon.oslo_config_glue [-] oslo_messaging_rabbit.processname = nova-conductor {{(pid=109455) log_opt_values /opt/stack/data/venv/lib/python3.12/site-packages/oslo_config/cfg.py:3006}}
Apr 07 21:02:39.839874 np0000164082 nova-conductor[109455]: DEBUG cotyledon.oslo_config_glue [-] oslo_messaging_rabbit.rabbit_ha_queues = False {{(pid=109455) log_opt_values /opt/stack/data/venv/lib/python3.12/site-packages/oslo_config/cfg.py:3006}}
Apr 07 21:02:39.839874 np0000164082 nova-conductor[109455]: DEBUG cotyledon.oslo_config_glue [-] oslo_messaging_rabbit.rabbit_interval_max = 30 {{(pid=109455) log_opt_values /opt/stack/data/venv/lib/python3.12/site-packages/oslo_config/cfg.py:3006}}
Apr 07 21:02:39.839874 np0000164082 nova-conductor[109455]: DEBUG cotyledon.oslo_config_glue [-] oslo_messaging_rabbit.rabbit_login_method = AMQPLAIN {{(pid=109455) log_opt_values /opt/stack/data/venv/lib/python3.12/site-packages/oslo_config/cfg.py:3006}}
Apr 07 21:02:39.839874 np0000164082 nova-conductor[109455]: DEBUG cotyledon.oslo_config_glue [-] oslo_messaging_rabbit.rabbit_qos_prefetch_count = 0 {{(pid=109455) log_opt_values /opt/stack/data/venv/lib/python3.12/site-packages/oslo_config/cfg.py:3006}}
Apr 07 21:02:39.839874 np0000164082 nova-conductor[109455]: DEBUG cotyledon.oslo_config_glue [-] oslo_messaging_rabbit.rabbit_quorum_delivery_limit = 0 {{(pid=109455) log_opt_values /opt/stack/data/venv/lib/python3.12/site-packages/oslo_config/cfg.py:3006}}
Apr 07 21:02:39.839874 np0000164082 nova-conductor[109455]: DEBUG cotyledon.oslo_config_glue [-] oslo_messaging_rabbit.rabbit_quorum_max_memory_bytes = 0 {{(pid=109455) log_opt_values /opt/stack/data/venv/lib/python3.12/site-packages/oslo_config/cfg.py:3006}}
Apr 07 21:02:39.840088 np0000164082 nova-conductor[109455]: DEBUG cotyledon.oslo_config_glue [-] oslo_messaging_rabbit.rabbit_quorum_max_memory_length = 0 {{(pid=109455) log_opt_values /opt/stack/data/venv/lib/python3.12/site-packages/oslo_config/cfg.py:3006}}
Apr 07 21:02:39.840088 np0000164082 nova-conductor[109455]: DEBUG cotyledon.oslo_config_glue [-] oslo_messaging_rabbit.rabbit_quorum_queue = False {{(pid=109455) log_opt_values /opt/stack/data/venv/lib/python3.12/site-packages/oslo_config/cfg.py:3006}}
Apr 07 21:02:39.840088 np0000164082 nova-conductor[109455]: DEBUG cotyledon.oslo_config_glue [-] oslo_messaging_rabbit.rabbit_retry_backoff = 2 {{(pid=109455) log_opt_values /opt/stack/data/venv/lib/python3.12/site-packages/oslo_config/cfg.py:3006}}
Apr 07 21:02:39.840088 np0000164082 nova-conductor[109455]: DEBUG cotyledon.oslo_config_glue [-] oslo_messaging_rabbit.rabbit_retry_interval = 1 {{(pid=109455) log_opt_values /opt/stack/data/venv/lib/python3.12/site-packages/oslo_config/cfg.py:3006}}
Apr 07 21:02:39.840088 np0000164082 nova-conductor[109455]: DEBUG cotyledon.oslo_config_glue [-] oslo_messaging_rabbit.rabbit_stream_fanout = False {{(pid=109455) log_opt_values /opt/stack/data/venv/lib/python3.12/site-packages/oslo_config/cfg.py:3006}}
Apr 07 21:02:39.840088 np0000164082 nova-conductor[109455]: DEBUG cotyledon.oslo_config_glue [-] oslo_messaging_rabbit.rabbit_transient_queues_ttl = 1800 {{(pid=109455) log_opt_values /opt/stack/data/venv/lib/python3.12/site-packages/oslo_config/cfg.py:3006}}
Apr 07 21:02:39.840088 np0000164082 nova-conductor[109455]: DEBUG cotyledon.oslo_config_glue [-] oslo_messaging_rabbit.rabbit_transient_quorum_queue = False {{(pid=109455) log_opt_values /opt/stack/data/venv/lib/python3.12/site-packages/oslo_config/cfg.py:3006}}
Apr 07 21:02:39.840088 np0000164082 nova-conductor[109455]: DEBUG cotyledon.oslo_config_glue [-] oslo_messaging_rabbit.rpc_conn_pool_size = 30 {{(pid=109455) log_opt_values /opt/stack/data/venv/lib/python3.12/site-packages/oslo_config/cfg.py:3006}}
Apr 07 21:02:39.840088 np0000164082 nova-conductor[109455]: DEBUG cotyledon.oslo_config_glue [-] oslo_messaging_rabbit.ssl = False {{(pid=109455) log_opt_values /opt/stack/data/venv/lib/python3.12/site-packages/oslo_config/cfg.py:3006}}
Apr 07 21:02:39.840324 np0000164082 nova-conductor[109455]: DEBUG cotyledon.oslo_config_glue [-] oslo_messaging_rabbit.ssl_ca_file = {{(pid=109455) log_opt_values /opt/stack/data/venv/lib/python3.12/site-packages/oslo_config/cfg.py:3006}}
Apr 07 21:02:39.840324 np0000164082 nova-conductor[109455]: DEBUG cotyledon.oslo_config_glue [-] oslo_messaging_rabbit.ssl_cert_file = {{(pid=109455) log_opt_values /opt/stack/data/venv/lib/python3.12/site-packages/oslo_config/cfg.py:3006}}
Apr 07 21:02:39.840324 np0000164082 nova-conductor[109455]: DEBUG cotyledon.oslo_config_glue [-] oslo_messaging_rabbit.ssl_enforce_fips_mode = False {{(pid=109455) log_opt_values /opt/stack/data/venv/lib/python3.12/site-packages/oslo_config/cfg.py:3006}}
Apr 07 21:02:39.840324 np0000164082 nova-conductor[109455]: DEBUG cotyledon.oslo_config_glue [-] oslo_messaging_rabbit.ssl_key_file = {{(pid=109455) log_opt_values /opt/stack/data/venv/lib/python3.12/site-packages/oslo_config/cfg.py:3006}}
Apr 07 21:02:39.840324 np0000164082 nova-conductor[109455]: DEBUG cotyledon.oslo_config_glue [-] oslo_messaging_rabbit.ssl_version = {{(pid=109455) log_opt_values /opt/stack/data/venv/lib/python3.12/site-packages/oslo_config/cfg.py:3006}}
Apr 07 21:02:39.840324 np0000164082 nova-conductor[109455]: DEBUG cotyledon.oslo_config_glue [-] oslo_messaging_rabbit.use_queue_manager = False {{(pid=109455) log_opt_values /opt/stack/data/venv/lib/python3.12/site-packages/oslo_config/cfg.py:3006}}
Apr 07 21:02:39.840324 np0000164082 nova-conductor[109455]: DEBUG cotyledon.oslo_config_glue [-] oslo_messaging_notifications.driver = ['messagingv2'] {{(pid=109455) log_opt_values /opt/stack/data/venv/lib/python3.12/site-packages/oslo_config/cfg.py:3006}}
Apr 07 21:02:39.840324 np0000164082 nova-conductor[109455]: DEBUG cotyledon.oslo_config_glue [-] oslo_messaging_notifications.retry = -1 {{(pid=109455) log_opt_values /opt/stack/data/venv/lib/python3.12/site-packages/oslo_config/cfg.py:3006}}
Apr 07 21:02:39.840324 np0000164082 nova-conductor[109455]: DEBUG cotyledon.oslo_config_glue [-] oslo_messaging_notifications.topics = ['notifications'] {{(pid=109455) log_opt_values /opt/stack/data/venv/lib/python3.12/site-packages/oslo_config/cfg.py:3006}}
Apr 07 21:02:39.840575 np0000164082 nova-conductor[109455]: DEBUG cotyledon.oslo_config_glue [-] oslo_messaging_notifications.transport_url = **** {{(pid=109455) log_opt_values /opt/stack/data/venv/lib/python3.12/site-packages/oslo_config/cfg.py:3006}}
Apr 07 21:02:39.840575 np0000164082 nova-conductor[109455]: DEBUG cotyledon.oslo_config_glue [-] oslo_limit.auth_section = None {{(pid=109455) log_opt_values /opt/stack/data/venv/lib/python3.12/site-packages/oslo_config/cfg.py:3006}}
Apr 07 21:02:39.840575 np0000164082 nova-conductor[109455]: DEBUG cotyledon.oslo_config_glue [-] oslo_limit.auth_type = None {{(pid=109455) log_opt_values /opt/stack/data/venv/lib/python3.12/site-packages/oslo_config/cfg.py:3006}}
Apr 07 21:02:39.840575 np0000164082 nova-conductor[109455]: DEBUG cotyledon.oslo_config_glue [-] oslo_limit.cafile = None {{(pid=109455) log_opt_values /opt/stack/data/venv/lib/python3.12/site-packages/oslo_config/cfg.py:3006}}
Apr 07 21:02:39.840575 np0000164082 nova-conductor[109455]: DEBUG cotyledon.oslo_config_glue [-] oslo_limit.certfile = None {{(pid=109455) log_opt_values /opt/stack/data/venv/lib/python3.12/site-packages/oslo_config/cfg.py:3006}}
Apr 07 21:02:39.840575 np0000164082 nova-conductor[109455]: DEBUG cotyledon.oslo_config_glue [-] oslo_limit.collect_timing = False {{(pid=109455) log_opt_values /opt/stack/data/venv/lib/python3.12/site-packages/oslo_config/cfg.py:3006}}
Apr 07 21:02:39.840749 np0000164082 nova-conductor[109436]: DEBUG nova.service [None req-34739113-d703-435b-a47b-121a61ee0af5 None None] Creating RPC server for service: nova-conductor on topic: conductor {{(pid=109436) start /opt/stack/nova/nova/service.py:195}}
Apr 07 21:02:39.840785 np0000164082 nova-conductor[109455]: DEBUG cotyledon.oslo_config_glue [-] oslo_limit.connect_retries = None {{(pid=109455) log_opt_values /opt/stack/data/venv/lib/python3.12/site-packages/oslo_config/cfg.py:3006}}
Apr 07 21:02:39.840785 np0000164082 nova-conductor[109455]: DEBUG cotyledon.oslo_config_glue [-] oslo_limit.connect_retry_delay = None {{(pid=109455) log_opt_values /opt/stack/data/venv/lib/python3.12/site-packages/oslo_config/cfg.py:3006}}
Apr 07 21:02:39.840836 np0000164082 nova-conductor[109446]: DEBUG oslo_db.sqlalchemy.engines [None req-4059194a-163f-4bd4-b1fb-4124232d0218 None None] MySQL server mode set to STRICT_TRANS_TABLES,STRICT_ALL_TABLES,NO_ZERO_IN_DATE,NO_ZERO_DATE,ERROR_FOR_DIVISION_BY_ZERO,TRADITIONAL,NO_ENGINE_SUBSTITUTION {{(pid=109446) _check_effective_sql_mode /opt/stack/data/venv/lib/python3.12/site-packages/oslo_db/sqlalchemy/engines.py:325}}
Apr 07 21:02:39.840870 np0000164082 nova-conductor[109455]: DEBUG cotyledon.oslo_config_glue [-] oslo_limit.endpoint_id = None {{(pid=109455) log_opt_values /opt/stack/data/venv/lib/python3.12/site-packages/oslo_config/cfg.py:3006}}
Apr 07 21:02:39.840870 np0000164082 nova-conductor[109455]: DEBUG cotyledon.oslo_config_glue [-] oslo_limit.endpoint_interface = public {{(pid=109455) log_opt_values /opt/stack/data/venv/lib/python3.12/site-packages/oslo_config/cfg.py:3006}}
Apr 07 21:02:39.840870 np0000164082 nova-conductor[109455]: DEBUG cotyledon.oslo_config_glue [-] oslo_limit.endpoint_override = None {{(pid=109455) log_opt_values /opt/stack/data/venv/lib/python3.12/site-packages/oslo_config/cfg.py:3006}}
Apr 07 21:02:39.840870 np0000164082 nova-conductor[109455]: DEBUG cotyledon.oslo_config_glue [-] oslo_limit.endpoint_region_name = None {{(pid=109455) log_opt_values /opt/stack/data/venv/lib/python3.12/site-packages/oslo_config/cfg.py:3006}}
Apr 07 21:02:39.840870 np0000164082 nova-conductor[109455]: DEBUG cotyledon.oslo_config_glue [-] oslo_limit.endpoint_service_name = None {{(pid=109455) log_opt_values /opt/stack/data/venv/lib/python3.12/site-packages/oslo_config/cfg.py:3006}}
Apr 07 21:02:39.840870 np0000164082 nova-conductor[109455]: DEBUG cotyledon.oslo_config_glue [-] oslo_limit.endpoint_service_type = None {{(pid=109455) log_opt_values /opt/stack/data/venv/lib/python3.12/site-packages/oslo_config/cfg.py:3006}}
Apr 07 21:02:39.840870 np0000164082 nova-conductor[109455]: DEBUG cotyledon.oslo_config_glue [-] oslo_limit.insecure = False {{(pid=109455) log_opt_values /opt/stack/data/venv/lib/python3.12/site-packages/oslo_config/cfg.py:3006}}
Apr 07 21:02:39.840870 np0000164082 nova-conductor[109455]: DEBUG cotyledon.oslo_config_glue [-] oslo_limit.keyfile = None {{(pid=109455) log_opt_values /opt/stack/data/venv/lib/python3.12/site-packages/oslo_config/cfg.py:3006}}
Apr 07 21:02:39.840870 np0000164082 nova-conductor[109455]: DEBUG cotyledon.oslo_config_glue [-] oslo_limit.max_version = None {{(pid=109455) log_opt_values /opt/stack/data/venv/lib/python3.12/site-packages/oslo_config/cfg.py:3006}}
Apr 07 21:02:39.841098 np0000164082 nova-conductor[109455]: DEBUG cotyledon.oslo_config_glue [-] oslo_limit.min_version = None {{(pid=109455) log_opt_values /opt/stack/data/venv/lib/python3.12/site-packages/oslo_config/cfg.py:3006}}
Apr 07 21:02:39.841098 np0000164082 nova-conductor[109455]: DEBUG cotyledon.oslo_config_glue [-] oslo_limit.region_name = None {{(pid=109455) log_opt_values /opt/stack/data/venv/lib/python3.12/site-packages/oslo_config/cfg.py:3006}}
Apr 07 21:02:39.841098 np0000164082 nova-conductor[109455]: DEBUG cotyledon.oslo_config_glue [-] oslo_limit.retriable_status_codes = None {{(pid=109455) log_opt_values /opt/stack/data/venv/lib/python3.12/site-packages/oslo_config/cfg.py:3006}}
Apr 07 21:02:39.841098 np0000164082 nova-conductor[109455]: DEBUG cotyledon.oslo_config_glue [-] oslo_limit.service_name = None {{(pid=109455) log_opt_values /opt/stack/data/venv/lib/python3.12/site-packages/oslo_config/cfg.py:3006}}
Apr 07 21:02:39.841098 np0000164082 nova-conductor[109455]: DEBUG cotyledon.oslo_config_glue [-] oslo_limit.service_type = None {{(pid=109455) log_opt_values /opt/stack/data/venv/lib/python3.12/site-packages/oslo_config/cfg.py:3006}}
Apr 07 21:02:39.841098 np0000164082 nova-conductor[109455]: DEBUG cotyledon.oslo_config_glue [-] oslo_limit.split_loggers = False {{(pid=109455) log_opt_values /opt/stack/data/venv/lib/python3.12/site-packages/oslo_config/cfg.py:3006}}
Apr 07 21:02:39.841098 np0000164082 nova-conductor[109455]: DEBUG cotyledon.oslo_config_glue [-] oslo_limit.status_code_retries = None {{(pid=109455) log_opt_values /opt/stack/data/venv/lib/python3.12/site-packages/oslo_config/cfg.py:3006}}
Apr 07 21:02:39.841098 np0000164082 nova-conductor[109455]: DEBUG cotyledon.oslo_config_glue [-] oslo_limit.status_code_retry_delay = None {{(pid=109455) log_opt_values /opt/stack/data/venv/lib/python3.12/site-packages/oslo_config/cfg.py:3006}}
Apr 07 21:02:39.841098 np0000164082 nova-conductor[109455]: DEBUG cotyledon.oslo_config_glue [-] oslo_limit.timeout = None {{(pid=109455) log_opt_values /opt/stack/data/venv/lib/python3.12/site-packages/oslo_config/cfg.py:3006}}
Apr 07 21:02:39.841324 np0000164082 nova-conductor[109455]: DEBUG cotyledon.oslo_config_glue [-] oslo_limit.valid_interfaces = None {{(pid=109455) log_opt_values /opt/stack/data/venv/lib/python3.12/site-packages/oslo_config/cfg.py:3006}}
Apr 07 21:02:39.841324 np0000164082 nova-conductor[109455]: DEBUG cotyledon.oslo_config_glue [-] oslo_limit.version = None {{(pid=109455) log_opt_values /opt/stack/data/venv/lib/python3.12/site-packages/oslo_config/cfg.py:3006}}
Apr 07 21:02:39.841324 np0000164082 nova-conductor[109455]: DEBUG cotyledon.oslo_config_glue [-] oslo_reports.file_event_handler = None {{(pid=109455) log_opt_values /opt/stack/data/venv/lib/python3.12/site-packages/oslo_config/cfg.py:3006}}
Apr 07 21:02:39.841324 np0000164082 nova-conductor[109455]: DEBUG cotyledon.oslo_config_glue [-] oslo_reports.file_event_handler_interval = 1 {{(pid=109455) log_opt_values /opt/stack/data/venv/lib/python3.12/site-packages/oslo_config/cfg.py:3006}}
Apr 07 21:02:39.841324 np0000164082 nova-conductor[109455]: DEBUG cotyledon.oslo_config_glue [-] oslo_reports.log_dir = None {{(pid=109455) log_opt_values /opt/stack/data/venv/lib/python3.12/site-packages/oslo_config/cfg.py:3006}}
Apr 07 21:02:39.841324 np0000164082 nova-conductor[109455]: DEBUG cotyledon.oslo_config_glue [-] ******************************************************************************** {{(pid=109455) log_opt_values /opt/stack/data/venv/lib/python3.12/site-packages/oslo_config/cfg.py:3013}}
Apr 07 21:02:39.841324 np0000164082 nova-conductor[109455]: DEBUG cotyledon._service_worker [-] Run service ServiceWrapper(3) [109455] {{(pid=109455) wait_forever /opt/stack/data/venv/lib/python3.12/site-packages/cotyledon/_service_worker.py:218}}
Apr 07 21:02:39.841324 np0000164082 nova-conductor[109455]: INFO nova.service [-] Starting conductor node (version 33.1.0)
Apr 07 21:02:39.841324 np0000164082 nova-conductor[109455]: INFO dbcounter [None req-7f5ff4c5-221e-49df-8c42-81a4b30d6279 None None] Registered counter for database nova_cell0
Apr 07 21:02:39.841578 np0000164082 nova-conductor[109446]: DEBUG dbcounter [-] [109446] Writer thread running {{(pid=109446) stat_writer /opt/stack/data/venv/lib/python3.12/site-packages/dbcounter.py:102}}
Apr 07 21:02:39.841578 np0000164082 nova-conductor[109446]: DEBUG nova.service [None req-4059194a-163f-4bd4-b1fb-4124232d0218 None None] Creating RPC server for service: nova-conductor on topic: conductor {{(pid=109446) start /opt/stack/nova/nova/service.py:195}}
Apr 07 21:02:39.841634 np0000164082 nova-conductor[109455]: DEBUG oslo_db.sqlalchemy.engines [None req-7f5ff4c5-221e-49df-8c42-81a4b30d6279 None None] MySQL server mode set to STRICT_TRANS_TABLES,STRICT_ALL_TABLES,NO_ZERO_IN_DATE,NO_ZERO_DATE,ERROR_FOR_DIVISION_BY_ZERO,TRADITIONAL,NO_ENGINE_SUBSTITUTION {{(pid=109455) _check_effective_sql_mode /opt/stack/data/venv/lib/python3.12/site-packages/oslo_db/sqlalchemy/engines.py:325}}
Apr 07 21:02:39.841683 np0000164082 nova-conductor[109429]: DEBUG nova.service [None req-f5a0f552-c3bb-43b6-907e-c1903c0863c4 None None] Join ServiceGroup membership for this service conductor {{(pid=109429) start /opt/stack/nova/nova/service.py:221}}
Apr 07 21:02:39.841683 np0000164082 nova-conductor[109429]: DEBUG nova.servicegroup.drivers.db [None req-f5a0f552-c3bb-43b6-907e-c1903c0863c4 None None] DB_Driver: join new ServiceGroup member np0000164082 to the conductor group, service = {{(pid=109429) join /opt/stack/nova/nova/servicegroup/drivers/db.py:44}}
Apr 07 21:02:39.841737 np0000164082 nova-conductor[109436]: DEBUG nova.service [None req-34739113-d703-435b-a47b-121a61ee0af5 None None] Join ServiceGroup membership for this service conductor {{(pid=109436) start /opt/stack/nova/nova/service.py:221}}
Apr 07 21:02:39.841737 np0000164082 nova-conductor[109436]: DEBUG nova.servicegroup.drivers.db [None req-34739113-d703-435b-a47b-121a61ee0af5 None None] DB_Driver: join new ServiceGroup member np0000164082 to the conductor group, service = {{(pid=109436) join /opt/stack/nova/nova/servicegroup/drivers/db.py:44}}
Apr 07 21:02:39.845402 np0000164082 nova-conductor[109455]: DEBUG dbcounter [-] [109455] Writer thread running {{(pid=109455) stat_writer /opt/stack/data/venv/lib/python3.12/site-packages/dbcounter.py:102}}
Apr 07 21:02:39.848260 np0000164082 nova-conductor[109455]: DEBUG nova.service [None req-7f5ff4c5-221e-49df-8c42-81a4b30d6279 None None] Creating RPC server for service: nova-conductor on topic: conductor {{(pid=109455) start /opt/stack/nova/nova/service.py:195}}
Apr 07 21:02:39.852666 np0000164082 nova-conductor[109446]: DEBUG nova.service [None req-4059194a-163f-4bd4-b1fb-4124232d0218 None None] Join ServiceGroup membership for this service conductor {{(pid=109446) start /opt/stack/nova/nova/service.py:221}}
Apr 07 21:02:39.852936 np0000164082 nova-conductor[109446]: DEBUG nova.servicegroup.drivers.db [None req-4059194a-163f-4bd4-b1fb-4124232d0218 None None] DB_Driver: join new ServiceGroup member np0000164082 to the conductor group, service = {{(pid=109446) join /opt/stack/nova/nova/servicegroup/drivers/db.py:44}}
Apr 07 21:02:39.866987 np0000164082 nova-conductor[109455]: DEBUG nova.service [None req-7f5ff4c5-221e-49df-8c42-81a4b30d6279 None None] Join ServiceGroup membership for this service conductor {{(pid=109455) start /opt/stack/nova/nova/service.py:221}}
Apr 07 21:02:39.867163 np0000164082 nova-conductor[109455]: DEBUG nova.servicegroup.drivers.db [None req-7f5ff4c5-221e-49df-8c42-81a4b30d6279 None None] DB_Driver: join new ServiceGroup member np0000164082 to the conductor group, service = {{(pid=109455) join /opt/stack/nova/nova/servicegroup/drivers/db.py:44}}
Apr 07 21:02:44.858895 np0000164082 nova-conductor[109436]: DEBUG oslo.service.backend._threading.loopingcall [-] Fixed interval looping call 'nova.servicegroup.drivers.db.DbDriver._report_state' sleeping for 119.98 seconds {{(pid=109436) _run_loop /opt/stack/data/venv/lib/python3.12/site-packages/oslo_service/backend/_threading/loopingcall.py:125}}
Apr 07 21:02:44.861414 np0000164082 nova-conductor[109429]: DEBUG oslo.service.backend._threading.loopingcall [-] Fixed interval looping call 'nova.servicegroup.drivers.db.DbDriver._report_state' sleeping for 119.98 seconds {{(pid=109429) _run_loop /opt/stack/data/venv/lib/python3.12/site-packages/oslo_service/backend/_threading/loopingcall.py:125}}
Apr 07 21:02:44.867978 np0000164082 nova-conductor[109446]: DEBUG oslo.service.backend._threading.loopingcall [-] Fixed interval looping call 'nova.servicegroup.drivers.db.DbDriver._report_state' sleeping for 119.99 seconds {{(pid=109446) _run_loop /opt/stack/data/venv/lib/python3.12/site-packages/oslo_service/backend/_threading/loopingcall.py:125}}
Apr 07 21:02:44.881452 np0000164082 nova-conductor[109455]: DEBUG oslo.service.backend._threading.loopingcall [-] Fixed interval looping call 'nova.servicegroup.drivers.db.DbDriver._report_state' sleeping for 119.99 seconds {{(pid=109455) _run_loop /opt/stack/data/venv/lib/python3.12/site-packages/oslo_service/backend/_threading/loopingcall.py:125}}
Apr 07 21:02:48.463849 np0000164082 nova-conductor[108702]: DEBUG dbcounter [-] [108702] Writing DB stats nova_api:SELECT=1 {{(pid=108702) stat_writer /opt/stack/data/venv/lib/python3.12/site-packages/dbcounter.py:115}}
Apr 07 21:02:48.577057 np0000164082 nova-conductor[108702]: DEBUG dbcounter [-] [108702] Writing DB stats nova_cell0:SELECT=1 {{(pid=108702) stat_writer /opt/stack/data/venv/lib/python3.12/site-packages/dbcounter.py:115}}
Apr 07 21:02:48.577713 np0000164082 nova-conductor[108702]: DEBUG dbcounter [-] [108702] Writing DB stats nova_cell1:SELECT=1 {{(pid=108702) stat_writer /opt/stack/data/venv/lib/python3.12/site-packages/dbcounter.py:115}}
Apr 07 21:02:51.869698 np0000164082 nova-conductor[109455]: DEBUG oslo.service.backend._threading.loopingcall [None req-f08a07f7-f672-484f-824d-23d322ab55b3 None None] Dynamic interval looping call 'nova.service.Service.periodic_tasks' sleeping for 60.00 seconds {{(pid=109455) _run_loop /opt/stack/data/venv/lib/python3.12/site-packages/oslo_service/backend/_threading/loopingcall.py:125}}
Apr 07 21:02:54.850744 np0000164082 nova-conductor[109429]: DEBUG dbcounter [-] [109429] Writing DB stats nova_cell0:SELECT=4,nova_cell0:INSERT=1,nova_cell0:UPDATE=1 {{(pid=109429) stat_writer /opt/stack/data/venv/lib/python3.12/site-packages/dbcounter.py:115}}
Apr 07 21:02:54.857136 np0000164082 nova-conductor[109436]: DEBUG dbcounter [-] [109436] Writing DB stats nova_cell0:SELECT=3,nova_cell0:UPDATE=1 {{(pid=109436) stat_writer /opt/stack/data/venv/lib/python3.12/site-packages/dbcounter.py:115}}
Apr 07 21:02:54.864764 np0000164082 nova-conductor[109446]: DEBUG dbcounter [-] [109446] Writing DB stats nova_cell0:SELECT=3 {{(pid=109446) stat_writer /opt/stack/data/venv/lib/python3.12/site-packages/dbcounter.py:115}}
Apr 07 21:02:54.878544 np0000164082 nova-conductor[109455]: DEBUG dbcounter [-] [109455] Writing DB stats nova_cell0:SELECT=3 {{(pid=109455) stat_writer /opt/stack/data/venv/lib/python3.12/site-packages/dbcounter.py:115}}
Apr 07 21:03:11.855907 np0000164082 nova-conductor[109446]: DEBUG oslo.service.backend._threading.loopingcall [None req-7a6a3a58-a837-49c9-9f3b-be336d738cda None None] Dynamic interval looping call 'nova.service.Service.periodic_tasks' sleeping for 60.00 seconds {{(pid=109446) _run_loop /opt/stack/data/venv/lib/python3.12/site-packages/oslo_service/backend/_threading/loopingcall.py:125}}
Apr 07 21:03:19.841506 np0000164082 nova-conductor[109429]: DEBUG oslo.service.backend._threading.loopingcall [None req-86c8df38-f02b-4547-a740-935b9d118f66 None None] Dynamic interval looping call 'nova.service.Service.periodic_tasks' sleeping for 60.00 seconds {{(pid=109429) _run_loop /opt/stack/data/venv/lib/python3.12/site-packages/oslo_service/backend/_threading/loopingcall.py:125}}
Apr 07 21:03:28.842187 np0000164082 nova-conductor[109436]: DEBUG oslo.service.backend._threading.loopingcall [None req-c56bc581-316f-4822-b213-8dc3ad32c5a4 None None] Dynamic interval looping call 'nova.service.Service.periodic_tasks' sleeping for 60.00 seconds {{(pid=109436) _run_loop /opt/stack/data/venv/lib/python3.12/site-packages/oslo_service/backend/_threading/loopingcall.py:125}}
Apr 07 21:03:51.870588 np0000164082 nova-conductor[109455]: DEBUG oslo.service.backend._threading.loopingcall [None req-f08a07f7-f672-484f-824d-23d322ab55b3 None None] Dynamic interval looping call 'nova.service.Service.periodic_tasks' sleeping for 60.00 seconds {{(pid=109455) _run_loop /opt/stack/data/venv/lib/python3.12/site-packages/oslo_service/backend/_threading/loopingcall.py:125}}
Apr 07 21:04:11.857681 np0000164082 nova-conductor[109446]: DEBUG oslo.service.backend._threading.loopingcall [None req-7a6a3a58-a837-49c9-9f3b-be336d738cda None None] Dynamic interval looping call 'nova.service.Service.periodic_tasks' sleeping for 60.00 seconds {{(pid=109446) _run_loop /opt/stack/data/venv/lib/python3.12/site-packages/oslo_service/backend/_threading/loopingcall.py:125}}
Apr 07 21:04:19.842374 np0000164082 nova-conductor[109429]: DEBUG oslo.service.backend._threading.loopingcall [None req-86c8df38-f02b-4547-a740-935b9d118f66 None None] Dynamic interval looping call 'nova.service.Service.periodic_tasks' sleeping for 60.00 seconds {{(pid=109429) _run_loop /opt/stack/data/venv/lib/python3.12/site-packages/oslo_service/backend/_threading/loopingcall.py:125}}
Apr 07 21:04:28.843138 np0000164082 nova-conductor[109436]: DEBUG oslo.service.backend._threading.loopingcall [None req-c56bc581-316f-4822-b213-8dc3ad32c5a4 None None] Dynamic interval looping call 'nova.service.Service.periodic_tasks' sleeping for 60.00 seconds {{(pid=109436) _run_loop /opt/stack/data/venv/lib/python3.12/site-packages/oslo_service/backend/_threading/loopingcall.py:125}}
Apr 07 21:04:46.082173 np0000164082 nova-conductor[109436]: DEBUG oslo.service.backend._threading.loopingcall [-] Fixed interval looping call 'nova.servicegroup.drivers.db.DbDriver._report_state' sleeping for 118.76 seconds {{(pid=109436) _run_loop /opt/stack/data/venv/lib/python3.12/site-packages/oslo_service/backend/_threading/loopingcall.py:125}}
Apr 07 21:04:46.083519 np0000164082 nova-conductor[109429]: DEBUG oslo.service.backend._threading.loopingcall [-] Fixed interval looping call 'nova.servicegroup.drivers.db.DbDriver._report_state' sleeping for 118.76 seconds {{(pid=109429) _run_loop /opt/stack/data/venv/lib/python3.12/site-packages/oslo_service/backend/_threading/loopingcall.py:125}}
Apr 07 21:04:46.084235 np0000164082 nova-conductor[109446]: DEBUG oslo.service.backend._threading.loopingcall [-] Fixed interval looping call 'nova.servicegroup.drivers.db.DbDriver._report_state' sleeping for 118.77 seconds {{(pid=109446) _run_loop /opt/stack/data/venv/lib/python3.12/site-packages/oslo_service/backend/_threading/loopingcall.py:125}}
Apr 07 21:04:46.085461 np0000164082 nova-conductor[109455]: DEBUG oslo.service.backend._threading.loopingcall [-] Fixed interval looping call 'nova.servicegroup.drivers.db.DbDriver._report_state' sleeping for 118.79 seconds {{(pid=109455) _run_loop /opt/stack/data/venv/lib/python3.12/site-packages/oslo_service/backend/_threading/loopingcall.py:125}}
Apr 07 21:04:51.871430 np0000164082 nova-conductor[109455]: DEBUG oslo.service.backend._threading.loopingcall [None req-f08a07f7-f672-484f-824d-23d322ab55b3 None None] Dynamic interval looping call 'nova.service.Service.periodic_tasks' sleeping for 60.00 seconds {{(pid=109455) _run_loop /opt/stack/data/venv/lib/python3.12/site-packages/oslo_service/backend/_threading/loopingcall.py:125}}
Apr 07 21:04:54.846477 np0000164082 nova-conductor[109436]: DEBUG dbcounter [-] [109436] Writing DB stats nova_cell0:SELECT=1,nova_cell0:UPDATE=1 {{(pid=109436) stat_writer /opt/stack/data/venv/lib/python3.12/site-packages/dbcounter.py:115}}
Apr 07 21:04:54.850047 np0000164082 nova-conductor[109429]: DEBUG dbcounter [-] [109429] Writing DB stats nova_cell0:SELECT=1,nova_cell0:UPDATE=1 {{(pid=109429) stat_writer /opt/stack/data/venv/lib/python3.12/site-packages/dbcounter.py:115}}
Apr 07 21:04:54.865850 np0000164082 nova-conductor[109446]: DEBUG dbcounter [-] [109446] Writing DB stats nova_cell0:SELECT=1,nova_cell0:UPDATE=1 {{(pid=109446) stat_writer /opt/stack/data/venv/lib/python3.12/site-packages/dbcounter.py:115}}
Apr 07 21:04:54.879217 np0000164082 nova-conductor[109455]: DEBUG dbcounter [-] [109455] Writing DB stats nova_cell0:SELECT=1,nova_cell0:UPDATE=1 {{(pid=109455) stat_writer /opt/stack/data/venv/lib/python3.12/site-packages/dbcounter.py:115}}
Apr 07 21:05:11.862694 np0000164082 nova-conductor[109446]: DEBUG oslo.service.backend._threading.loopingcall [None req-7a6a3a58-a837-49c9-9f3b-be336d738cda None None] Dynamic interval looping call 'nova.service.Service.periodic_tasks' sleeping for 60.00 seconds {{(pid=109446) _run_loop /opt/stack/data/venv/lib/python3.12/site-packages/oslo_service/backend/_threading/loopingcall.py:125}}
Apr 07 21:05:19.843036 np0000164082 nova-conductor[109429]: DEBUG oslo.service.backend._threading.loopingcall [None req-86c8df38-f02b-4547-a740-935b9d118f66 None None] Dynamic interval looping call 'nova.service.Service.periodic_tasks' sleeping for 60.00 seconds {{(pid=109429) _run_loop /opt/stack/data/venv/lib/python3.12/site-packages/oslo_service/backend/_threading/loopingcall.py:125}}
Apr 07 21:05:28.843724 np0000164082 nova-conductor[109436]: DEBUG oslo.service.backend._threading.loopingcall [None req-c56bc581-316f-4822-b213-8dc3ad32c5a4 None None] Dynamic interval looping call 'nova.service.Service.periodic_tasks' sleeping for 60.00 seconds {{(pid=109436) _run_loop /opt/stack/data/venv/lib/python3.12/site-packages/oslo_service/backend/_threading/loopingcall.py:125}}
Apr 07 21:05:51.872176 np0000164082 nova-conductor[109455]: DEBUG oslo.service.backend._threading.loopingcall [None req-f08a07f7-f672-484f-824d-23d322ab55b3 None None] Dynamic interval looping call 'nova.service.Service.periodic_tasks' sleeping for 60.00 seconds {{(pid=109455) _run_loop /opt/stack/data/venv/lib/python3.12/site-packages/oslo_service/backend/_threading/loopingcall.py:125}}
Apr 07 21:06:11.863664 np0000164082 nova-conductor[109446]: DEBUG oslo.service.backend._threading.loopingcall [None req-7a6a3a58-a837-49c9-9f3b-be336d738cda None None] Dynamic interval looping call 'nova.service.Service.periodic_tasks' sleeping for 60.00 seconds {{(pid=109446) _run_loop /opt/stack/data/venv/lib/python3.12/site-packages/oslo_service/backend/_threading/loopingcall.py:125}}
Apr 07 21:06:19.843763 np0000164082 nova-conductor[109429]: DEBUG oslo.service.backend._threading.loopingcall [None req-86c8df38-f02b-4547-a740-935b9d118f66 None None] Dynamic interval looping call 'nova.service.Service.periodic_tasks' sleeping for 60.00 seconds {{(pid=109429) _run_loop /opt/stack/data/venv/lib/python3.12/site-packages/oslo_service/backend/_threading/loopingcall.py:125}}
Apr 07 21:06:28.845819 np0000164082 nova-conductor[109436]: DEBUG oslo.service.backend._threading.loopingcall [None req-c56bc581-316f-4822-b213-8dc3ad32c5a4 None None] Dynamic interval looping call 'nova.service.Service.periodic_tasks' sleeping for 60.00 seconds {{(pid=109436) _run_loop /opt/stack/data/venv/lib/python3.12/site-packages/oslo_service/backend/_threading/loopingcall.py:125}}
Apr 07 21:06:39.864459 np0000164082 nova-conductor[109436]: INFO nova.utils [None req-00f400eb-4f0c-4cf8-9689-4f23d2a3c212 demo demo] The cell worker thread pool ForkProcess-2.cell_worker is initialized
Apr 07 21:06:39.865113 np0000164082 nova-conductor[109436]: DEBUG oslo_concurrency.lockutils [None req-00f400eb-4f0c-4cf8-9689-4f23d2a3c212 demo demo] Acquiring lock "ff44f0d3-3693-4543-9c3a-7714d66d4bf6" by "nova.context.set_target_cell..get_or_set_cached_cell_and_set_connections" {{(pid=109436) inner /opt/stack/data/venv/lib/python3.12/site-packages/oslo_concurrency/lockutils.py:506}}
Apr 07 21:06:39.865113 np0000164082 nova-conductor[109436]: DEBUG oslo_concurrency.lockutils [None req-00f400eb-4f0c-4cf8-9689-4f23d2a3c212 demo demo] Lock "ff44f0d3-3693-4543-9c3a-7714d66d4bf6" acquired by "nova.context.set_target_cell..get_or_set_cached_cell_and_set_connections" :: waited 0.000s {{(pid=109436) inner /opt/stack/data/venv/lib/python3.12/site-packages/oslo_concurrency/lockutils.py:519}}
