Mar 05 02:54:32.406616 np0000157818 neutron-periodic-workers[105203]: DEBUG cotyledon.oslo_config_glue [-] database.connection_parameters = {{(pid=105203) log_opt_values /opt/stack/data/venv/lib/python3.12/site-packages/oslo_config/cfg.py:3006}}
Mar 05 02:54:32.406616 np0000157818 neutron-periodic-workers[105203]: DEBUG cotyledon.oslo_config_glue [-] database.connection_recycle_time = 3600 {{(pid=105203) log_opt_values /opt/stack/data/venv/lib/python3.12/site-packages/oslo_config/cfg.py:3006}}
Mar 05 02:54:32.407044 np0000157818 neutron-periodic-workers[105203]: DEBUG cotyledon.oslo_config_glue [-] database.connection_trace = False {{(pid=105203) log_opt_values /opt/stack/data/venv/lib/python3.12/site-packages/oslo_config/cfg.py:3006}}
Mar 05 02:54:32.407044 np0000157818 neutron-periodic-workers[105203]: DEBUG cotyledon.oslo_config_glue [-] database.db_inc_retry_interval = True {{(pid=105203) log_opt_values /opt/stack/data/venv/lib/python3.12/site-packages/oslo_config/cfg.py:3006}}
Mar 05 02:54:32.407044 np0000157818 neutron-periodic-workers[105203]: DEBUG cotyledon.oslo_config_glue [-] database.db_max_retries = 20 {{(pid=105203) log_opt_values /opt/stack/data/venv/lib/python3.12/site-packages/oslo_config/cfg.py:3006}}
Mar 05 02:54:32.407044 np0000157818 neutron-periodic-workers[105203]: DEBUG cotyledon.oslo_config_glue [-] database.db_max_retry_interval = 10 {{(pid=105203) log_opt_values /opt/stack/data/venv/lib/python3.12/site-packages/oslo_config/cfg.py:3006}}
Mar 05 02:54:32.407044 np0000157818 neutron-periodic-workers[105203]: DEBUG cotyledon.oslo_config_glue [-] database.db_retry_interval = 1 {{(pid=105203) log_opt_values /opt/stack/data/venv/lib/python3.12/site-packages/oslo_config/cfg.py:3006}}
Mar 05 02:54:32.407044 np0000157818 neutron-periodic-workers[105203]: DEBUG cotyledon.oslo_config_glue [-] database.max_overflow = 50 {{(pid=105203) log_opt_values /opt/stack/data/venv/lib/python3.12/site-packages/oslo_config/cfg.py:3006}}
Mar 05 02:54:32.407044 np0000157818 neutron-periodic-workers[105203]: DEBUG cotyledon.oslo_config_glue [-] database.max_pool_size = 5 {{(pid=105203) log_opt_values /opt/stack/data/venv/lib/python3.12/site-packages/oslo_config/cfg.py:3006}}
Mar 05 02:54:32.407044 np0000157818 neutron-periodic-workers[105203]: DEBUG cotyledon.oslo_config_glue [-] database.max_retries = 10 {{(pid=105203) log_opt_values /opt/stack/data/venv/lib/python3.12/site-packages/oslo_config/cfg.py:3006}}
Mar 05 02:54:32.407044 np0000157818 neutron-periodic-workers[105203]: DEBUG cotyledon.oslo_config_glue [-] database.mysql_sql_mode = TRADITIONAL {{(pid=105203) log_opt_values /opt/stack/data/venv/lib/python3.12/site-packages/oslo_config/cfg.py:3006}}
Mar 05 02:54:32.407397 np0000157818 neutron-periodic-workers[105203]: DEBUG cotyledon.oslo_config_glue [-] database.mysql_wsrep_sync_wait = None {{(pid=105203) log_opt_values /opt/stack/data/venv/lib/python3.12/site-packages/oslo_config/cfg.py:3006}}
Mar 05 02:54:32.407397 np0000157818 neutron-periodic-workers[105203]: DEBUG cotyledon.oslo_config_glue [-] database.pool_timeout = None {{(pid=105203) log_opt_values /opt/stack/data/venv/lib/python3.12/site-packages/oslo_config/cfg.py:3006}}
Mar 05 02:54:32.407397 np0000157818 neutron-periodic-workers[105203]: DEBUG cotyledon.oslo_config_glue [-] database.retry_interval = 10 {{(pid=105203) log_opt_values /opt/stack/data/venv/lib/python3.12/site-packages/oslo_config/cfg.py:3006}}
Mar 05 02:54:32.407397 np0000157818 neutron-periodic-workers[105203]: DEBUG cotyledon.oslo_config_glue [-] database.slave_connection = **** {{(pid=105203) log_opt_values /opt/stack/data/venv/lib/python3.12/site-packages/oslo_config/cfg.py:3006}}
Mar 05 02:54:32.407397 np0000157818 neutron-periodic-workers[105203]: DEBUG cotyledon.oslo_config_glue [-] database.sqlite_synchronous = True {{(pid=105203) log_opt_values /opt/stack/data/venv/lib/python3.12/site-packages/oslo_config/cfg.py:3006}}
Mar 05 02:54:32.407397 np0000157818 neutron-periodic-workers[105203]: DEBUG cotyledon.oslo_config_glue [-] database.synchronous_reader = True {{(pid=105203) log_opt_values /opt/stack/data/venv/lib/python3.12/site-packages/oslo_config/cfg.py:3006}}
Mar 05 02:54:32.407397 np0000157818 neutron-periodic-workers[105203]: DEBUG cotyledon.oslo_config_glue [-] database.use_db_reconnect = False {{(pid=105203) log_opt_values /opt/stack/data/venv/lib/python3.12/site-packages/oslo_config/cfg.py:3006}}
Mar 05 02:54:32.407397 np0000157818 neutron-periodic-workers[105203]: DEBUG cotyledon.oslo_config_glue [-] ovn.broadcast_arps_to_all_routers = True {{(pid=105203) log_opt_values /opt/stack/data/venv/lib/python3.12/site-packages/oslo_config/cfg.py:3006}}
Mar 05 02:54:32.407397 np0000157818 neutron-periodic-workers[105203]: DEBUG cotyledon.oslo_config_glue [-] ovn.dhcp_default_lease_time = 43200 {{(pid=105203) log_opt_values /opt/stack/data/venv/lib/python3.12/site-packages/oslo_config/cfg.py:3006}}
Mar 05 02:54:32.407683 np0000157818 neutron-periodic-workers[105203]: DEBUG cotyledon.oslo_config_glue [-] ovn.disable_ovn_dhcp_for_baremetal_ports = False {{(pid=105203) log_opt_values /opt/stack/data/venv/lib/python3.12/site-packages/oslo_config/cfg.py:3006}}
Mar 05 02:54:32.407683 np0000157818 neutron-periodic-workers[105203]: DEBUG cotyledon.oslo_config_glue [-] ovn.dns_records_ovn_owned = False {{(pid=105203) log_opt_values /opt/stack/data/venv/lib/python3.12/site-packages/oslo_config/cfg.py:3006}}
Mar 05 02:54:32.407683 np0000157818 neutron-periodic-workers[105203]: DEBUG cotyledon.oslo_config_glue [-] ovn.dns_servers = [] {{(pid=105203) log_opt_values /opt/stack/data/venv/lib/python3.12/site-packages/oslo_config/cfg.py:3006}}
Mar 05 02:54:32.407683 np0000157818 neutron-periodic-workers[105203]: DEBUG cotyledon.oslo_config_glue [-] ovn.enable_distributed_floating_ip = False {{(pid=105203) log_opt_values /opt/stack/data/venv/lib/python3.12/site-packages/oslo_config/cfg.py:3006}}
Mar 05 02:54:32.407683 np0000157818 neutron-periodic-workers[105203]: DEBUG cotyledon.oslo_config_glue [-] ovn.fdb_age_threshold = 300 {{(pid=105203) log_opt_values /opt/stack/data/venv/lib/python3.12/site-packages/oslo_config/cfg.py:3006}}
Mar 05 02:54:32.407683 np0000157818 neutron-periodic-workers[105203]: DEBUG cotyledon.oslo_config_glue [-] ovn.live_migration_activation_strategy = rarp {{(pid=105203) log_opt_values /opt/stack/data/venv/lib/python3.12/site-packages/oslo_config/cfg.py:3006}}
Mar 05 02:54:32.407683 np0000157818 neutron-periodic-workers[105203]: DEBUG cotyledon.oslo_config_glue [-] ovn.localnet_learn_fdb = False {{(pid=105203) log_opt_values /opt/stack/data/venv/lib/python3.12/site-packages/oslo_config/cfg.py:3006}}
Mar 05 02:54:32.407683 np0000157818 neutron-periodic-workers[105203]: DEBUG cotyledon.oslo_config_glue [-] ovn.mac_binding_age_threshold = 300 {{(pid=105203) log_opt_values /opt/stack/data/venv/lib/python3.12/site-packages/oslo_config/cfg.py:3006}}
Mar 05 02:54:32.407683 np0000157818 neutron-periodic-workers[105203]: DEBUG cotyledon.oslo_config_glue [-] ovn.neutron_sync_mode = log {{(pid=105203) log_opt_values /opt/stack/data/venv/lib/python3.12/site-packages/oslo_config/cfg.py:3006}}
Mar 05 02:54:32.407956 np0000157818 neutron-periodic-workers[105203]: DEBUG cotyledon.oslo_config_glue [-] ovn.ovn_dhcp4_global_options = {} {{(pid=105203) log_opt_values /opt/stack/data/venv/lib/python3.12/site-packages/oslo_config/cfg.py:3006}}
Mar 05 02:54:32.407956 np0000157818 neutron-periodic-workers[105203]: DEBUG cotyledon.oslo_config_glue [-] ovn.ovn_dhcp6_global_options = {} {{(pid=105203) log_opt_values /opt/stack/data/venv/lib/python3.12/site-packages/oslo_config/cfg.py:3006}}
Mar 05 02:54:32.407956 np0000157818 neutron-periodic-workers[105203]: DEBUG cotyledon.oslo_config_glue [-] ovn.ovn_l3_scheduler = leastloaded {{(pid=105203) log_opt_values /opt/stack/data/venv/lib/python3.12/site-packages/oslo_config/cfg.py:3006}}
Mar 05 02:54:32.407956 np0000157818 neutron-periodic-workers[105203]: DEBUG cotyledon.oslo_config_glue [-] ovn.ovn_metadata_enabled = True {{(pid=105203) log_opt_values /opt/stack/data/venv/lib/python3.12/site-packages/oslo_config/cfg.py:3006}}
Mar 05 02:54:32.407956 np0000157818 neutron-periodic-workers[105203]: DEBUG cotyledon.oslo_config_glue [-] ovn.ovn_nb_ca_cert = /opt/stack/data/CA/int-ca/ca-chain.pem {{(pid=105203) log_opt_values /opt/stack/data/venv/lib/python3.12/site-packages/oslo_config/cfg.py:3006}}
Mar 05 02:54:32.407956 np0000157818 neutron-periodic-workers[105203]: DEBUG cotyledon.oslo_config_glue [-] ovn.ovn_nb_certificate = /opt/stack/data/CA/int-ca/devstack-cert.crt {{(pid=105203) log_opt_values /opt/stack/data/venv/lib/python3.12/site-packages/oslo_config/cfg.py:3006}}
Mar 05 02:54:32.407956 np0000157818 neutron-periodic-workers[105203]: DEBUG cotyledon.oslo_config_glue [-] ovn.ovn_nb_connection = ['ssl:199.204.45.67:6641'] {{(pid=105203) log_opt_values /opt/stack/data/venv/lib/python3.12/site-packages/oslo_config/cfg.py:3006}}
Mar 05 02:54:32.407956 np0000157818 neutron-periodic-workers[105203]: DEBUG cotyledon.oslo_config_glue [-] ovn.ovn_nb_private_key = /opt/stack/data/CA/int-ca/private/devstack-cert.key {{(pid=105203) log_opt_values /opt/stack/data/venv/lib/python3.12/site-packages/oslo_config/cfg.py:3006}}
Mar 05 02:54:32.408200 np0000157818 neutron-periodic-workers[105203]: DEBUG cotyledon.oslo_config_glue [-] ovn.ovn_router_indirect_snat = False {{(pid=105203) log_opt_values /opt/stack/data/venv/lib/python3.12/site-packages/oslo_config/cfg.py:3006}}
Mar 05 02:54:32.408200 np0000157818 neutron-periodic-workers[105203]: DEBUG cotyledon.oslo_config_glue [-] ovn.ovn_sb_ca_cert = /opt/stack/data/CA/int-ca/ca-chain.pem {{(pid=105203) log_opt_values /opt/stack/data/venv/lib/python3.12/site-packages/oslo_config/cfg.py:3006}}
Mar 05 02:54:32.408200 np0000157818 neutron-periodic-workers[105203]: DEBUG cotyledon.oslo_config_glue [-] ovn.ovn_sb_certificate = /opt/stack/data/CA/int-ca/devstack-cert.crt {{(pid=105203) log_opt_values /opt/stack/data/venv/lib/python3.12/site-packages/oslo_config/cfg.py:3006}}
Mar 05 02:54:32.408200 np0000157818 neutron-periodic-workers[105203]: DEBUG cotyledon.oslo_config_glue [-] ovn.ovn_sb_connection = ['ssl:199.204.45.67:6642'] {{(pid=105203) log_opt_values /opt/stack/data/venv/lib/python3.12/site-packages/oslo_config/cfg.py:3006}}
Mar 05 02:54:32.408200 np0000157818 neutron-periodic-workers[105203]: DEBUG cotyledon.oslo_config_glue [-] ovn.ovn_sb_private_key = /opt/stack/data/CA/int-ca/private/devstack-cert.key {{(pid=105203) log_opt_values /opt/stack/data/venv/lib/python3.12/site-packages/oslo_config/cfg.py:3006}}
Mar 05 02:54:32.408200 np0000157818 neutron-periodic-workers[105203]: DEBUG cotyledon.oslo_config_glue [-] ovn.ovs_create_tap = False {{(pid=105203) log_opt_values /opt/stack/data/venv/lib/python3.12/site-packages/oslo_config/cfg.py:3006}}
Mar 05 02:54:32.408200 np0000157818 neutron-periodic-workers[105203]: DEBUG cotyledon.oslo_config_glue [-] ovn.ovsdb_connection_timeout = 180 {{(pid=105203) log_opt_values /opt/stack/data/venv/lib/python3.12/site-packages/oslo_config/cfg.py:3006}}
Mar 05 02:54:32.408200 np0000157818 neutron-periodic-workers[105203]: DEBUG cotyledon.oslo_config_glue [-] ovn.ovsdb_log_level = INFO {{(pid=105203) log_opt_values /opt/stack/data/venv/lib/python3.12/site-packages/oslo_config/cfg.py:3006}}
Mar 05 02:54:32.408480 np0000157818 neutron-periodic-workers[105203]: DEBUG cotyledon.oslo_config_glue [-] ovn.ovsdb_probe_interval = 60000 {{(pid=105203) log_opt_values /opt/stack/data/venv/lib/python3.12/site-packages/oslo_config/cfg.py:3006}}
Mar 05 02:54:32.408480 np0000157818 neutron-periodic-workers[105203]: DEBUG cotyledon.oslo_config_glue [-] ovn.ovsdb_retry_max_interval = 180 {{(pid=105203) log_opt_values /opt/stack/data/venv/lib/python3.12/site-packages/oslo_config/cfg.py:3006}}
Mar 05 02:54:32.408480 np0000157818 neutron-periodic-workers[105203]: DEBUG cotyledon.oslo_config_glue [-] ovn.stateless_nat_enabled = False {{(pid=105203) log_opt_values /opt/stack/data/venv/lib/python3.12/site-packages/oslo_config/cfg.py:3006}}
Mar 05 02:54:32.408480 np0000157818 neutron-periodic-workers[105203]: DEBUG cotyledon.oslo_config_glue [-] ovn.vhost_sock_dir = /var/run/openvswitch {{(pid=105203) log_opt_values /opt/stack/data/venv/lib/python3.12/site-packages/oslo_config/cfg.py:3006}}
Mar 05 02:54:32.408480 np0000157818 neutron-periodic-workers[105203]: DEBUG cotyledon.oslo_config_glue [-] OVS.bridge_mac_table_size = 50000 {{(pid=105203) log_opt_values /opt/stack/data/venv/lib/python3.12/site-packages/oslo_config/cfg.py:3006}}
Mar 05 02:54:32.408480 np0000157818 neutron-periodic-workers[105203]: DEBUG cotyledon.oslo_config_glue [-] OVS.igmp_flood = False {{(pid=105203) log_opt_values /opt/stack/data/venv/lib/python3.12/site-packages/oslo_config/cfg.py:3006}}
Mar 05 02:54:32.408480 np0000157818 neutron-periodic-workers[105203]: DEBUG cotyledon.oslo_config_glue [-] OVS.igmp_flood_reports = True {{(pid=105203) log_opt_values /opt/stack/data/venv/lib/python3.12/site-packages/oslo_config/cfg.py:3006}}
Mar 05 02:54:32.408480 np0000157818 neutron-periodic-workers[105203]: DEBUG cotyledon.oslo_config_glue [-] OVS.igmp_flood_unregistered = False {{(pid=105203) log_opt_values /opt/stack/data/venv/lib/python3.12/site-packages/oslo_config/cfg.py:3006}}
Mar 05 02:54:32.408480 np0000157818 neutron-periodic-workers[105203]: DEBUG cotyledon.oslo_config_glue [-] OVS.igmp_snooping_enable = False {{(pid=105203) log_opt_values /opt/stack/data/venv/lib/python3.12/site-packages/oslo_config/cfg.py:3006}}
Mar 05 02:54:32.408861 np0000157818 neutron-periodic-workers[105203]: DEBUG cotyledon.oslo_config_glue [-] OVS.ovsdb_timeout = 10 {{(pid=105203) log_opt_values /opt/stack/data/venv/lib/python3.12/site-packages/oslo_config/cfg.py:3006}}
Mar 05 02:54:32.408861 np0000157818 neutron-periodic-workers[105203]: DEBUG cotyledon.oslo_config_glue [-] ovn_nb_global.fdb_removal_limit = 0 {{(pid=105203) log_opt_values /opt/stack/data/venv/lib/python3.12/site-packages/oslo_config/cfg.py:3006}}
Mar 05 02:54:32.408861 np0000157818 neutron-periodic-workers[105203]: DEBUG cotyledon.oslo_config_glue [-] ovn_nb_global.ignore_lsp_down = False {{(pid=105203) log_opt_values /opt/stack/data/venv/lib/python3.12/site-packages/oslo_config/cfg.py:3006}}
Mar 05 02:54:32.408861 np0000157818 neutron-periodic-workers[105203]: DEBUG cotyledon.oslo_config_glue [-] ovn_nb_global.mac_binding_removal_limit = 0 {{(pid=105203) log_opt_values /opt/stack/data/venv/lib/python3.12/site-packages/oslo_config/cfg.py:3006}}
Mar 05 02:54:32.408861 np0000157818 neutron-periodic-workers[105203]: DEBUG cotyledon.oslo_config_glue [-] ******************************************************************************** {{(pid=105203) log_opt_values /opt/stack/data/venv/lib/python3.12/site-packages/oslo_config/cfg.py:3013}}
Mar 05 02:54:32.408861 np0000157818 neutron-periodic-workers[105203]: DEBUG cotyledon._service_worker [-] Run service ServiceWrapper(0) [105203] {{(pid=105203) wait_forever /opt/stack/data/venv/lib/python3.12/site-packages/cotyledon/_service_worker.py:218}}
Mar 05 02:54:41.955950 np0000157818 neutron-periodic-workers[104403]: DEBUG dbcounter [-] [104403] Writing DB stats neutron:SELECT=4 {{(pid=104403) stat_writer /opt/stack/data/venv/lib/python3.12/site-packages/dbcounter.py:115}}
Mar 05 02:55:09.344227 np0000157818 neutron-periodic-workers[105178]: DEBUG oslo_db.sqlalchemy.engines [None req-22303140-cf3c-451a-bd66-2ccdcddb7cd9 None None] Parent process 104403 forked (105178) with an open database connection, which is being discarded and recreated. {{(pid=105178) checkout /opt/stack/data/venv/lib/python3.12/site-packages/oslo_db/sqlalchemy/engines.py:402}}
Mar 05 02:55:09.352923 np0000157818 neutron-periodic-workers[105178]: DEBUG dbcounter [-] [105178] Writer thread running {{(pid=105178) stat_writer /opt/stack/data/venv/lib/python3.12/site-packages/dbcounter.py:102}}
Mar 05 02:55:09.365805 np0000157818 neutron-periodic-workers[105178]: DEBUG oslo.service.backend._threading.loopingcall [None req-22303140-cf3c-451a-bd66-2ccdcddb7cd9 None None] Fixed interval looping call 'neutron.plugins.ml2.plugin.DhcpAgentSchedulerDbMixin.remove_networks_from_down_agents' sleeping for 36.97 seconds {{(pid=105178) _run_loop /opt/stack/data/venv/lib/python3.12/site-packages/oslo_service/backend/_threading/loopingcall.py:125}}
Mar 05 02:55:19.364822 np0000157818 neutron-periodic-workers[105178]: DEBUG dbcounter [-] [105178] Writing DB stats neutron:SELECT=3 {{(pid=105178) stat_writer /opt/stack/data/venv/lib/python3.12/site-packages/dbcounter.py:115}}
Mar 05 02:55:46.348690 np0000157818 neutron-periodic-workers[105178]: DEBUG oslo.service.backend._threading.loopingcall [None req-22303140-cf3c-451a-bd66-2ccdcddb7cd9 None None] Fixed interval looping call 'neutron.plugins.ml2.plugin.DhcpAgentSchedulerDbMixin.remove_networks_from_down_agents' sleeping for 36.99 seconds {{(pid=105178) _run_loop /opt/stack/data/venv/lib/python3.12/site-packages/oslo_service/backend/_threading/loopingcall.py:125}}
Mar 05 02:55:46.377807 np0000157818 neutron-periodic-workers[105191]: DEBUG dbcounter [-] [105191] Writer thread running {{(pid=105191) stat_writer /opt/stack/data/venv/lib/python3.12/site-packages/dbcounter.py:102}}
Mar 05 02:55:46.381100 np0000157818 neutron-periodic-workers[105191]: DEBUG neutron.db.agents_db [None req-26091acd-595e-4d97-bb5e-a7eca9a56c39 None None] Agent healthcheck: found 0 active agents {{(pid=105191) agent_health_check /opt/stack/neutron/neutron/db/agents_db.py:317}}
Mar 05 02:55:46.381420 np0000157818 neutron-periodic-workers[105191]: DEBUG oslo.service.backend._threading.loopingcall [None req-26091acd-595e-4d97-bb5e-a7eca9a56c39 None None] Fixed interval looping call 'neutron.plugins.ml2.plugin.AgentDbMixin.agent_health_check' sleeping for 36.98 seconds {{(pid=105191) _run_loop /opt/stack/data/venv/lib/python3.12/site-packages/oslo_service/backend/_threading/loopingcall.py:125}}
Mar 05 02:55:56.346679 np0000157818 neutron-periodic-workers[105178]: DEBUG dbcounter [-] [105178] Writing DB stats neutron:SELECT=3 {{(pid=105178) stat_writer /opt/stack/data/venv/lib/python3.12/site-packages/dbcounter.py:115}}
Mar 05 02:55:56.378983 np0000157818 neutron-periodic-workers[105191]: DEBUG dbcounter [-] [105191] Writing DB stats neutron:SELECT=1 {{(pid=105191) stat_writer /opt/stack/data/venv/lib/python3.12/site-packages/dbcounter.py:115}}
Mar 05 02:56:23.549221 np0000157818 neutron-periodic-workers[105191]: DEBUG neutron.db.agents_db [None req-26091acd-595e-4d97-bb5e-a7eca9a56c39 None None] Agent healthcheck: found 0 active agents {{(pid=105191) agent_health_check /opt/stack/neutron/neutron/db/agents_db.py:317}}
Mar 05 02:56:23.549775 np0000157818 neutron-periodic-workers[105191]: DEBUG oslo.service.backend._threading.loopingcall [None req-26091acd-595e-4d97-bb5e-a7eca9a56c39 None None] Fixed interval looping call 'neutron.plugins.ml2.plugin.AgentDbMixin.agent_health_check' sleeping for 36.81 seconds {{(pid=105191) _run_loop /opt/stack/data/venv/lib/python3.12/site-packages/oslo_service/backend/_threading/loopingcall.py:125}}
Mar 05 02:56:23.553903 np0000157818 neutron-periodic-workers[105178]: DEBUG oslo.service.backend._threading.loopingcall [None req-22303140-cf3c-451a-bd66-2ccdcddb7cd9 None None] Fixed interval looping call 'neutron.plugins.ml2.plugin.DhcpAgentSchedulerDbMixin.remove_networks_from_down_agents' sleeping for 36.79 seconds {{(pid=105178) _run_loop /opt/stack/data/venv/lib/python3.12/site-packages/oslo_service/backend/_threading/loopingcall.py:125}}
Mar 05 02:56:32.407769 np0000157818 neutron-periodic-workers[105203]: DEBUG dbcounter [-] [105203] Writer thread running {{(pid=105203) stat_writer /opt/stack/data/venv/lib/python3.12/site-packages/dbcounter.py:102}}
Mar 05 02:56:32.409331 np0000157818 neutron-periodic-workers[105203]: DEBUG oslo.service.backend._threading.loopingcall [None req-6937c130-a930-484f-b3e3-613ab1af8715 None None] Fixed interval looping call 'neutron.db.quota.driver_nolock.DbQuotaNoLockDriver._remove_expired_reservations' sleeping for 119.98 seconds {{(pid=105203) _run_loop /opt/stack/data/venv/lib/python3.12/site-packages/oslo_service/backend/_threading/loopingcall.py:125}}
Mar 05 02:56:33.365578 np0000157818 neutron-periodic-workers[105191]: DEBUG dbcounter [-] [105191] Writing DB stats neutron:SELECT=1 {{(pid=105191) stat_writer /opt/stack/data/venv/lib/python3.12/site-packages/dbcounter.py:115}}
Mar 05 02:56:33.553130 np0000157818 neutron-periodic-workers[105178]: DEBUG dbcounter [-] [105178] Writing DB stats neutron:SELECT=3 {{(pid=105178) stat_writer /opt/stack/data/venv/lib/python3.12/site-packages/dbcounter.py:115}}
Mar 05 02:56:35.383881 np0000157818 neutron-periodic-workers[105173]: DEBUG dbcounter [-] [105173] Writer thread running {{(pid=105173) stat_writer /opt/stack/data/venv/lib/python3.12/site-packages/dbcounter.py:102}}
Mar 05 02:56:35.397700 np0000157818 neutron-periodic-workers[105173]: DEBUG oslo.service.backend._threading.loopingcall [None req-a23bc9f5-2c44-4614-8e4a-2a5d117e5f9c None None] Fixed interval looping call 'neutron.services.ovn_l3.plugin.L3_NAT_dbonly_mixin._clean_garbage' sleeping for 299.95 seconds {{(pid=105173) _run_loop /opt/stack/data/venv/lib/python3.12/site-packages/oslo_service/backend/_threading/loopingcall.py:125}}
Mar 05 02:56:42.408620 np0000157818 neutron-periodic-workers[105203]: DEBUG dbcounter [-] [105203] Writing DB stats neutron:DELETE=1 {{(pid=105203) stat_writer /opt/stack/data/venv/lib/python3.12/site-packages/dbcounter.py:115}}
Mar 05 02:56:45.384517 np0000157818 neutron-periodic-workers[105173]: DEBUG dbcounter [-] [105173] Writing DB stats neutron:SELECT=1 {{(pid=105173) stat_writer /opt/stack/data/venv/lib/python3.12/site-packages/dbcounter.py:115}}
Mar 05 02:57:00.352746 np0000157818 neutron-periodic-workers[105178]: DEBUG oslo.service.backend._threading.loopingcall [None req-22303140-cf3c-451a-bd66-2ccdcddb7cd9 None None] Fixed interval looping call 'neutron.plugins.ml2.plugin.DhcpAgentSchedulerDbMixin.remove_networks_from_down_agents' sleeping for 36.99 seconds {{(pid=105178) _run_loop /opt/stack/data/venv/lib/python3.12/site-packages/oslo_service/backend/_threading/loopingcall.py:125}}
Mar 05 02:57:00.363270 np0000157818 neutron-periodic-workers[105191]: DEBUG neutron.db.agents_db [None req-26091acd-595e-4d97-bb5e-a7eca9a56c39 None None] Agent healthcheck: found 0 active agents {{(pid=105191) agent_health_check /opt/stack/neutron/neutron/db/agents_db.py:317}}
Mar 05 02:57:00.363758 np0000157818 neutron-periodic-workers[105191]: DEBUG oslo.service.backend._threading.loopingcall [None req-26091acd-595e-4d97-bb5e-a7eca9a56c39 None None] Fixed interval looping call 'neutron.plugins.ml2.plugin.AgentDbMixin.agent_health_check' sleeping for 37.00 seconds {{(pid=105191) _run_loop /opt/stack/data/venv/lib/python3.12/site-packages/oslo_service/backend/_threading/loopingcall.py:125}}
Mar 05 02:57:10.351674 np0000157818 neutron-periodic-workers[105178]: DEBUG dbcounter [-] [105178] Writing DB stats neutron:SELECT=3 {{(pid=105178) stat_writer /opt/stack/data/venv/lib/python3.12/site-packages/dbcounter.py:115}}
Mar 05 02:57:10.362367 np0000157818 neutron-periodic-workers[105191]: DEBUG dbcounter [-] [105191] Writing DB stats neutron:SELECT=1 {{(pid=105191) stat_writer /opt/stack/data/venv/lib/python3.12/site-packages/dbcounter.py:115}}
Mar 05 02:57:37.352054 np0000157818 neutron-periodic-workers[105178]: DEBUG oslo.service.backend._threading.loopingcall [None req-22303140-cf3c-451a-bd66-2ccdcddb7cd9 None None] Fixed interval looping call 'neutron.plugins.ml2.plugin.DhcpAgentSchedulerDbMixin.remove_networks_from_down_agents' sleeping for 36.99 seconds {{(pid=105178) _run_loop /opt/stack/data/venv/lib/python3.12/site-packages/oslo_service/backend/_threading/loopingcall.py:125}}
Mar 05 02:57:37.368745 np0000157818 neutron-periodic-workers[105191]: DEBUG neutron.db.agents_db [None req-26091acd-595e-4d97-bb5e-a7eca9a56c39 None None] Agent healthcheck: found 0 active agents {{(pid=105191) agent_health_check /opt/stack/neutron/neutron/db/agents_db.py:317}}
Mar 05 02:57:37.369263 np0000157818 neutron-periodic-workers[105191]: DEBUG oslo.service.backend._threading.loopingcall [None req-26091acd-595e-4d97-bb5e-a7eca9a56c39 None None] Fixed interval looping call 'neutron.plugins.ml2.plugin.AgentDbMixin.agent_health_check' sleeping for 36.99 seconds {{(pid=105191) _run_loop /opt/stack/data/venv/lib/python3.12/site-packages/oslo_service/backend/_threading/loopingcall.py:125}}
Mar 05 02:57:47.351205 np0000157818 neutron-periodic-workers[105178]: DEBUG dbcounter [-] [105178] Writing DB stats neutron:SELECT=3 {{(pid=105178) stat_writer /opt/stack/data/venv/lib/python3.12/site-packages/dbcounter.py:115}}
Mar 05 02:57:47.367303 np0000157818 neutron-periodic-workers[105191]: DEBUG dbcounter [-] [105191] Writing DB stats neutron:SELECT=1 {{(pid=105191) stat_writer /opt/stack/data/venv/lib/python3.12/site-packages/dbcounter.py:115}}
Mar 05 02:58:14.351996 np0000157818 neutron-periodic-workers[105178]: DEBUG oslo.service.backend._threading.loopingcall [None req-22303140-cf3c-451a-bd66-2ccdcddb7cd9 None None] Fixed interval looping call 'neutron.plugins.ml2.plugin.DhcpAgentSchedulerDbMixin.remove_networks_from_down_agents' sleeping for 36.99 seconds {{(pid=105178) _run_loop /opt/stack/data/venv/lib/python3.12/site-packages/oslo_service/backend/_threading/loopingcall.py:125}}
Mar 05 02:58:14.365008 np0000157818 neutron-periodic-workers[105191]: DEBUG neutron.db.agents_db [None req-26091acd-595e-4d97-bb5e-a7eca9a56c39 None None] Agent healthcheck: found 0 active agents {{(pid=105191) agent_health_check /opt/stack/neutron/neutron/db/agents_db.py:317}}
Mar 05 02:58:14.365008 np0000157818 neutron-periodic-workers[105191]: DEBUG oslo.service.backend._threading.loopingcall [None req-26091acd-595e-4d97-bb5e-a7eca9a56c39 None None] Fixed interval looping call 'neutron.plugins.ml2.plugin.AgentDbMixin.agent_health_check' sleeping for 36.99 seconds {{(pid=105191) _run_loop /opt/stack/data/venv/lib/python3.12/site-packages/oslo_service/backend/_threading/loopingcall.py:125}}
Mar 05 02:58:24.354800 np0000157818 neutron-periodic-workers[105178]: DEBUG dbcounter [-] [105178] Writing DB stats neutron:SELECT=3 {{(pid=105178) stat_writer /opt/stack/data/venv/lib/python3.12/site-packages/dbcounter.py:115}}
Mar 05 02:58:24.362794 np0000157818 neutron-periodic-workers[105191]: DEBUG dbcounter [-] [105191] Writing DB stats neutron:SELECT=1 {{(pid=105191) stat_writer /opt/stack/data/venv/lib/python3.12/site-packages/dbcounter.py:115}}
Mar 05 02:58:32.394842 np0000157818 neutron-periodic-workers[105203]: DEBUG oslo.service.backend._threading.loopingcall [None req-6937c130-a930-484f-b3e3-613ab1af8715 None None] Fixed interval looping call 'neutron.db.quota.driver_nolock.DbQuotaNoLockDriver._remove_expired_reservations' sleeping for 120.00 seconds {{(pid=105203) _run_loop /opt/stack/data/venv/lib/python3.12/site-packages/oslo_service/backend/_threading/loopingcall.py:125}}
Mar 05 02:58:42.393625 np0000157818 neutron-periodic-workers[105203]: DEBUG dbcounter [-] [105203] Writing DB stats neutron:DELETE=1 {{(pid=105203) stat_writer /opt/stack/data/venv/lib/python3.12/site-packages/dbcounter.py:115}}
Mar 05 02:58:51.349687 np0000157818 neutron-periodic-workers[105178]: DEBUG oslo.service.backend._threading.loopingcall [None req-22303140-cf3c-451a-bd66-2ccdcddb7cd9 None None] Fixed interval looping call 'neutron.plugins.ml2.plugin.DhcpAgentSchedulerDbMixin.remove_networks_from_down_agents' sleeping for 36.99 seconds {{(pid=105178) _run_loop /opt/stack/data/venv/lib/python3.12/site-packages/oslo_service/backend/_threading/loopingcall.py:125}}
Mar 05 02:58:51.359159 np0000157818 neutron-periodic-workers[105191]: DEBUG neutron.db.agents_db [None req-26091acd-595e-4d97-bb5e-a7eca9a56c39 None None] Agent healthcheck: found 0 active agents {{(pid=105191) agent_health_check /opt/stack/neutron/neutron/db/agents_db.py:317}}
Mar 05 02:58:51.359451 np0000157818 neutron-periodic-workers[105191]: DEBUG oslo.service.backend._threading.loopingcall [None req-26091acd-595e-4d97-bb5e-a7eca9a56c39 None None] Fixed interval looping call 'neutron.plugins.ml2.plugin.AgentDbMixin.agent_health_check' sleeping for 37.00 seconds {{(pid=105191) _run_loop /opt/stack/data/venv/lib/python3.12/site-packages/oslo_service/backend/_threading/loopingcall.py:125}}
Mar 05 02:59:01.348523 np0000157818 neutron-periodic-workers[105178]: DEBUG dbcounter [-] [105178] Writing DB stats neutron:SELECT=3 {{(pid=105178) stat_writer /opt/stack/data/venv/lib/python3.12/site-packages/dbcounter.py:115}}
Mar 05 02:59:01.358128 np0000157818 neutron-periodic-workers[105191]: DEBUG dbcounter [-] [105191] Writing DB stats neutron:SELECT=1 {{(pid=105191) stat_writer /opt/stack/data/venv/lib/python3.12/site-packages/dbcounter.py:115}}
Mar 05 02:59:28.351304 np0000157818 neutron-periodic-workers[105178]: DEBUG oslo.service.backend._threading.loopingcall [None req-22303140-cf3c-451a-bd66-2ccdcddb7cd9 None None] Fixed interval looping call 'neutron.plugins.ml2.plugin.DhcpAgentSchedulerDbMixin.remove_networks_from_down_agents' sleeping for 36.99 seconds {{(pid=105178) _run_loop /opt/stack/data/venv/lib/python3.12/site-packages/oslo_service/backend/_threading/loopingcall.py:125}}
Mar 05 02:59:28.364705 np0000157818 neutron-periodic-workers[105191]: DEBUG neutron.db.agents_db [None req-26091acd-595e-4d97-bb5e-a7eca9a56c39 None None] Agent healthcheck: found 0 active agents {{(pid=105191) agent_health_check /opt/stack/neutron/neutron/db/agents_db.py:317}}
Mar 05 02:59:28.365143 np0000157818 neutron-periodic-workers[105191]: DEBUG oslo.service.backend._threading.loopingcall [None req-26091acd-595e-4d97-bb5e-a7eca9a56c39 None None] Fixed interval looping call 'neutron.plugins.ml2.plugin.AgentDbMixin.agent_health_check' sleeping for 36.99 seconds {{(pid=105191) _run_loop /opt/stack/data/venv/lib/python3.12/site-packages/oslo_service/backend/_threading/loopingcall.py:125}}
Mar 05 02:59:38.350219 np0000157818 neutron-periodic-workers[105178]: DEBUG dbcounter [-] [105178] Writing DB stats neutron:SELECT=3 {{(pid=105178) stat_writer /opt/stack/data/venv/lib/python3.12/site-packages/dbcounter.py:115}}
Mar 05 02:59:38.363578 np0000157818 neutron-periodic-workers[105191]: DEBUG dbcounter [-] [105191] Writing DB stats neutron:SELECT=1 {{(pid=105191) stat_writer /opt/stack/data/venv/lib/python3.12/site-packages/dbcounter.py:115}}
Mar 05 03:00:05.350506 np0000157818 neutron-periodic-workers[105178]: DEBUG oslo.service.backend._threading.loopingcall [None req-22303140-cf3c-451a-bd66-2ccdcddb7cd9 None None] Fixed interval looping call 'neutron.plugins.ml2.plugin.DhcpAgentSchedulerDbMixin.remove_networks_from_down_agents' sleeping for 36.99 seconds {{(pid=105178) _run_loop /opt/stack/data/venv/lib/python3.12/site-packages/oslo_service/backend/_threading/loopingcall.py:125}}
Mar 05 03:00:05.360780 np0000157818 neutron-periodic-workers[105191]: DEBUG neutron.db.agents_db [None req-26091acd-595e-4d97-bb5e-a7eca9a56c39 None None] Agent healthcheck: found 0 active agents {{(pid=105191) agent_health_check /opt/stack/neutron/neutron/db/agents_db.py:317}}
Mar 05 03:00:05.361212 np0000157818 neutron-periodic-workers[105191]: DEBUG oslo.service.backend._threading.loopingcall [None req-26091acd-595e-4d97-bb5e-a7eca9a56c39 None None] Fixed interval looping call 'neutron.plugins.ml2.plugin.AgentDbMixin.agent_health_check' sleeping for 36.99 seconds {{(pid=105191) _run_loop /opt/stack/data/venv/lib/python3.12/site-packages/oslo_service/backend/_threading/loopingcall.py:125}}
Mar 05 03:00:15.349582 np0000157818 neutron-periodic-workers[105178]: DEBUG dbcounter [-] [105178] Writing DB stats neutron:SELECT=3 {{(pid=105178) stat_writer /opt/stack/data/venv/lib/python3.12/site-packages/dbcounter.py:115}}
Mar 05 03:00:15.358839 np0000157818 neutron-periodic-workers[105191]: DEBUG dbcounter [-] [105191] Writing DB stats neutron:SELECT=1 {{(pid=105191) stat_writer /opt/stack/data/venv/lib/python3.12/site-packages/dbcounter.py:115}}
Mar 05 03:00:32.399774 np0000157818 neutron-periodic-workers[105203]: DEBUG oslo.service.backend._threading.loopingcall [None req-6937c130-a930-484f-b3e3-613ab1af8715 None None] Fixed interval looping call 'neutron.db.quota.driver_nolock.DbQuotaNoLockDriver._remove_expired_reservations' sleeping for 120.00 seconds {{(pid=105203) _run_loop /opt/stack/data/venv/lib/python3.12/site-packages/oslo_service/backend/_threading/loopingcall.py:125}}
Mar 05 03:00:42.349838 np0000157818 neutron-periodic-workers[105178]: DEBUG oslo.service.backend._threading.loopingcall [None req-22303140-cf3c-451a-bd66-2ccdcddb7cd9 None None] Fixed interval looping call 'neutron.plugins.ml2.plugin.DhcpAgentSchedulerDbMixin.remove_networks_from_down_agents' sleeping for 36.99 seconds {{(pid=105178) _run_loop /opt/stack/data/venv/lib/python3.12/site-packages/oslo_service/backend/_threading/loopingcall.py:125}}
Mar 05 03:00:42.355330 np0000157818 neutron-periodic-workers[105191]: DEBUG neutron.db.agents_db [None req-26091acd-595e-4d97-bb5e-a7eca9a56c39 None None] Agent healthcheck: found 0 active agents {{(pid=105191) agent_health_check /opt/stack/neutron/neutron/db/agents_db.py:317}}
Mar 05 03:00:42.355955 np0000157818 neutron-periodic-workers[105191]: DEBUG oslo.service.backend._threading.loopingcall [None req-26091acd-595e-4d97-bb5e-a7eca9a56c39 None None] Fixed interval looping call 'neutron.plugins.ml2.plugin.AgentDbMixin.agent_health_check' sleeping for 37.00 seconds {{(pid=105191) _run_loop /opt/stack/data/venv/lib/python3.12/site-packages/oslo_service/backend/_threading/loopingcall.py:125}}
Mar 05 03:00:42.398433 np0000157818 neutron-periodic-workers[105203]: DEBUG dbcounter [-] [105203] Writing DB stats neutron:DELETE=1 {{(pid=105203) stat_writer /opt/stack/data/venv/lib/python3.12/site-packages/dbcounter.py:115}}
Mar 05 03:00:52.348639 np0000157818 neutron-periodic-workers[105178]: DEBUG dbcounter [-] [105178] Writing DB stats neutron:SELECT=3 {{(pid=105178) stat_writer /opt/stack/data/venv/lib/python3.12/site-packages/dbcounter.py:115}}
Mar 05 03:00:52.354083 np0000157818 neutron-periodic-workers[105191]: DEBUG dbcounter [-] [105191] Writing DB stats neutron:SELECT=1 {{(pid=105191) stat_writer /opt/stack/data/venv/lib/python3.12/site-packages/dbcounter.py:115}}
Mar 05 03:01:19.347945 np0000157818 neutron-periodic-workers[105178]: DEBUG oslo.service.backend._threading.loopingcall [None req-22303140-cf3c-451a-bd66-2ccdcddb7cd9 None None] Fixed interval looping call 'neutron.plugins.ml2.plugin.DhcpAgentSchedulerDbMixin.remove_networks_from_down_agents' sleeping for 36.99 seconds {{(pid=105178) _run_loop /opt/stack/data/venv/lib/python3.12/site-packages/oslo_service/backend/_threading/loopingcall.py:125}}
Mar 05 03:01:19.361766 np0000157818 neutron-periodic-workers[105191]: DEBUG neutron.db.agents_db [None req-26091acd-595e-4d97-bb5e-a7eca9a56c39 None None] Agent healthcheck: found 0 active agents {{(pid=105191) agent_health_check /opt/stack/neutron/neutron/db/agents_db.py:317}}
Mar 05 03:01:19.362003 np0000157818 neutron-periodic-workers[105191]: DEBUG oslo.service.backend._threading.loopingcall [None req-26091acd-595e-4d97-bb5e-a7eca9a56c39 None None] Fixed interval looping call 'neutron.plugins.ml2.plugin.AgentDbMixin.agent_health_check' sleeping for 36.99 seconds {{(pid=105191) _run_loop /opt/stack/data/venv/lib/python3.12/site-packages/oslo_service/backend/_threading/loopingcall.py:125}}
Mar 05 03:01:29.346624 np0000157818 neutron-periodic-workers[105178]: DEBUG dbcounter [-] [105178] Writing DB stats neutron:SELECT=3 {{(pid=105178) stat_writer /opt/stack/data/venv/lib/python3.12/site-packages/dbcounter.py:115}}
Mar 05 03:01:29.359776 np0000157818 neutron-periodic-workers[105191]: DEBUG dbcounter [-] [105191] Writing DB stats neutron:SELECT=1 {{(pid=105191) stat_writer /opt/stack/data/venv/lib/python3.12/site-packages/dbcounter.py:115}}
Mar 05 03:01:35.361875 np0000157818 neutron-periodic-workers[105173]: DEBUG oslo.service.backend._threading.loopingcall [None req-a23bc9f5-2c44-4614-8e4a-2a5d117e5f9c None None] Fixed interval looping call 'neutron.services.ovn_l3.plugin.L3_NAT_dbonly_mixin._clean_garbage' sleeping for 299.99 seconds {{(pid=105173) _run_loop /opt/stack/data/venv/lib/python3.12/site-packages/oslo_service/backend/_threading/loopingcall.py:125}}
Mar 05 03:01:45.353753 np0000157818 neutron-periodic-workers[105173]: DEBUG dbcounter [-] [105173] Writing DB stats neutron:SELECT=1 {{(pid=105173) stat_writer /opt/stack/data/venv/lib/python3.12/site-packages/dbcounter.py:115}}
Mar 05 03:01:56.347878 np0000157818 neutron-periodic-workers[105178]: DEBUG oslo.service.backend._threading.loopingcall [None req-22303140-cf3c-451a-bd66-2ccdcddb7cd9 None None] Fixed interval looping call 'neutron.plugins.ml2.plugin.DhcpAgentSchedulerDbMixin.remove_networks_from_down_agents' sleeping for 36.99 seconds {{(pid=105178) _run_loop /opt/stack/data/venv/lib/python3.12/site-packages/oslo_service/backend/_threading/loopingcall.py:125}}
Mar 05 03:01:56.357735 np0000157818 neutron-periodic-workers[105191]: DEBUG neutron.db.agents_db [None req-26091acd-595e-4d97-bb5e-a7eca9a56c39 None None] Agent healthcheck: found 0 active agents {{(pid=105191) agent_health_check /opt/stack/neutron/neutron/db/agents_db.py:317}}
Mar 05 03:01:56.358227 np0000157818 neutron-periodic-workers[105191]: DEBUG oslo.service.backend._threading.loopingcall [None req-26091acd-595e-4d97-bb5e-a7eca9a56c39 None None] Fixed interval looping call 'neutron.plugins.ml2.plugin.AgentDbMixin.agent_health_check' sleeping for 36.99 seconds {{(pid=105191) _run_loop /opt/stack/data/venv/lib/python3.12/site-packages/oslo_service/backend/_threading/loopingcall.py:125}}
Mar 05 03:02:06.346131 np0000157818 neutron-periodic-workers[105178]: DEBUG dbcounter [-] [105178] Writing DB stats neutron:SELECT=3 {{(pid=105178) stat_writer /opt/stack/data/venv/lib/python3.12/site-packages/dbcounter.py:115}}
Mar 05 03:02:06.355726 np0000157818 neutron-periodic-workers[105191]: DEBUG dbcounter [-] [105191] Writing DB stats neutron:SELECT=1 {{(pid=105191) stat_writer /opt/stack/data/venv/lib/python3.12/site-packages/dbcounter.py:115}}
Mar 05 03:02:32.404846 np0000157818 neutron-periodic-workers[105203]: DEBUG oslo.service.backend._threading.loopingcall [None req-6937c130-a930-484f-b3e3-613ab1af8715 None None] Fixed interval looping call 'neutron.db.quota.driver_nolock.DbQuotaNoLockDriver._remove_expired_reservations' sleeping for 120.00 seconds {{(pid=105203) _run_loop /opt/stack/data/venv/lib/python3.12/site-packages/oslo_service/backend/_threading/loopingcall.py:125}}
Mar 05 03:02:33.344460 np0000157818 neutron-periodic-workers[105178]: DEBUG oslo.service.backend._threading.loopingcall [None req-22303140-cf3c-451a-bd66-2ccdcddb7cd9 None None] Fixed interval looping call 'neutron.plugins.ml2.plugin.DhcpAgentSchedulerDbMixin.remove_networks_from_down_agents' sleeping for 36.99 seconds {{(pid=105178) _run_loop /opt/stack/data/venv/lib/python3.12/site-packages/oslo_service/backend/_threading/loopingcall.py:125}}
Mar 05 03:02:33.367104 np0000157818 neutron-periodic-workers[105191]: DEBUG neutron.db.agents_db [None req-26091acd-595e-4d97-bb5e-a7eca9a56c39 None None] Agent healthcheck: found 0 active agents {{(pid=105191) agent_health_check /opt/stack/neutron/neutron/db/agents_db.py:317}}
Mar 05 03:02:33.367585 np0000157818 neutron-periodic-workers[105191]: DEBUG oslo.service.backend._threading.loopingcall [None req-26091acd-595e-4d97-bb5e-a7eca9a56c39 None None] Fixed interval looping call 'neutron.plugins.ml2.plugin.AgentDbMixin.agent_health_check' sleeping for 36.98 seconds {{(pid=105191) _run_loop /opt/stack/data/venv/lib/python3.12/site-packages/oslo_service/backend/_threading/loopingcall.py:125}}
Mar 05 03:02:42.403403 np0000157818 neutron-periodic-workers[105203]: DEBUG dbcounter [-] [105203] Writing DB stats neutron:DELETE=1 {{(pid=105203) stat_writer /opt/stack/data/venv/lib/python3.12/site-packages/dbcounter.py:115}}
Mar 05 03:02:43.348495 np0000157818 neutron-periodic-workers[105178]: DEBUG dbcounter [-] [105178] Writing DB stats neutron:SELECT=3 {{(pid=105178) stat_writer /opt/stack/data/venv/lib/python3.12/site-packages/dbcounter.py:115}}
Mar 05 03:02:43.365873 np0000157818 neutron-periodic-workers[105191]: DEBUG dbcounter [-] [105191] Writing DB stats neutron:SELECT=1 {{(pid=105191) stat_writer /opt/stack/data/venv/lib/python3.12/site-packages/dbcounter.py:115}}
Mar 05 03:03:10.351795 np0000157818 neutron-periodic-workers[105178]: DEBUG oslo.service.backend._threading.loopingcall [None req-22303140-cf3c-451a-bd66-2ccdcddb7cd9 None None] Fixed interval looping call 'neutron.plugins.ml2.plugin.DhcpAgentSchedulerDbMixin.remove_networks_from_down_agents' sleeping for 36.98 seconds {{(pid=105178) _run_loop /opt/stack/data/venv/lib/python3.12/site-packages/oslo_service/backend/_threading/loopingcall.py:125}}
Mar 05 03:03:10.352931 np0000157818 neutron-periodic-workers[105191]: DEBUG neutron.db.agents_db [None req-26091acd-595e-4d97-bb5e-a7eca9a56c39 None None] Agent healthcheck: found 0 active agents {{(pid=105191) agent_health_check /opt/stack/neutron/neutron/db/agents_db.py:317}}
Mar 05 03:03:10.353402 np0000157818 neutron-periodic-workers[105191]: DEBUG oslo.service.backend._threading.loopingcall [None req-26091acd-595e-4d97-bb5e-a7eca9a56c39 None None] Fixed interval looping call 'neutron.plugins.ml2.plugin.AgentDbMixin.agent_health_check' sleeping for 36.99 seconds {{(pid=105191) _run_loop /opt/stack/data/venv/lib/python3.12/site-packages/oslo_service/backend/_threading/loopingcall.py:125}}
Mar 05 03:03:20.349096 np0000157818 neutron-periodic-workers[105178]: DEBUG dbcounter [-] [105178] Writing DB stats neutron:SELECT=3 {{(pid=105178) stat_writer /opt/stack/data/venv/lib/python3.12/site-packages/dbcounter.py:115}}
Mar 05 03:03:20.350676 np0000157818 neutron-periodic-workers[105191]: DEBUG dbcounter [-] [105191] Writing DB stats neutron:SELECT=1 {{(pid=105191) stat_writer /opt/stack/data/venv/lib/python3.12/site-packages/dbcounter.py:115}}
Mar 05 03:03:47.341513 np0000157818 neutron-periodic-workers[105178]: DEBUG oslo.service.backend._threading.loopingcall [None req-22303140-cf3c-451a-bd66-2ccdcddb7cd9 None None] Fixed interval looping call 'neutron.plugins.ml2.plugin.DhcpAgentSchedulerDbMixin.remove_networks_from_down_agents' sleeping for 36.99 seconds {{(pid=105178) _run_loop /opt/stack/data/venv/lib/python3.12/site-packages/oslo_service/backend/_threading/loopingcall.py:125}}
Mar 05 03:03:47.347476 np0000157818 neutron-periodic-workers[105191]: DEBUG neutron.db.agents_db [None req-26091acd-595e-4d97-bb5e-a7eca9a56c39 None None] Agent healthcheck: found 0 active agents {{(pid=105191) agent_health_check /opt/stack/neutron/neutron/db/agents_db.py:317}}
Mar 05 03:03:47.347793 np0000157818 neutron-periodic-workers[105191]: DEBUG oslo.service.backend._threading.loopingcall [None req-26091acd-595e-4d97-bb5e-a7eca9a56c39 None None] Fixed interval looping call 'neutron.plugins.ml2.plugin.AgentDbMixin.agent_health_check' sleeping for 37.00 seconds {{(pid=105191) _run_loop /opt/stack/data/venv/lib/python3.12/site-packages/oslo_service/backend/_threading/loopingcall.py:125}}
Mar 05 03:03:57.340525 np0000157818 neutron-periodic-workers[105178]: DEBUG dbcounter [-] [105178] Writing DB stats neutron:SELECT=3 {{(pid=105178) stat_writer /opt/stack/data/venv/lib/python3.12/site-packages/dbcounter.py:115}}
Mar 05 03:03:57.346402 np0000157818 neutron-periodic-workers[105191]: DEBUG dbcounter [-] [105191] Writing DB stats neutron:SELECT=1 {{(pid=105191) stat_writer /opt/stack/data/venv/lib/python3.12/site-packages/dbcounter.py:115}}
Mar 05 03:04:24.341773 np0000157818 neutron-periodic-workers[105178]: DEBUG oslo.service.backend._threading.loopingcall [None req-22303140-cf3c-451a-bd66-2ccdcddb7cd9 None None] Fixed interval looping call 'neutron.plugins.ml2.plugin.DhcpAgentSchedulerDbMixin.remove_networks_from_down_agents' sleeping for 36.99 seconds {{(pid=105178) _run_loop /opt/stack/data/venv/lib/python3.12/site-packages/oslo_service/backend/_threading/loopingcall.py:125}}
Mar 05 03:04:24.355307 np0000157818 neutron-periodic-workers[105191]: DEBUG neutron.db.agents_db [None req-26091acd-595e-4d97-bb5e-a7eca9a56c39 None None] Agent healthcheck: found 0 active agents {{(pid=105191) agent_health_check /opt/stack/neutron/neutron/db/agents_db.py:317}}
Mar 05 03:04:24.355750 np0000157818 neutron-periodic-workers[105191]: DEBUG oslo.service.backend._threading.loopingcall [None req-26091acd-595e-4d97-bb5e-a7eca9a56c39 None None] Fixed interval looping call 'neutron.plugins.ml2.plugin.AgentDbMixin.agent_health_check' sleeping for 36.99 seconds {{(pid=105191) _run_loop /opt/stack/data/venv/lib/python3.12/site-packages/oslo_service/backend/_threading/loopingcall.py:125}}
Mar 05 03:04:32.411627 np0000157818 neutron-periodic-workers[105203]: DEBUG oslo.service.backend._threading.loopingcall [None req-6937c130-a930-484f-b3e3-613ab1af8715 None None] Fixed interval looping call 'neutron.db.quota.driver_nolock.DbQuotaNoLockDriver._remove_expired_reservations' sleeping for 119.99 seconds {{(pid=105203) _run_loop /opt/stack/data/venv/lib/python3.12/site-packages/oslo_service/backend/_threading/loopingcall.py:125}}
Mar 05 03:04:34.339959 np0000157818 neutron-periodic-workers[105178]: DEBUG dbcounter [-] [105178] Writing DB stats neutron:SELECT=3 {{(pid=105178) stat_writer /opt/stack/data/venv/lib/python3.12/site-packages/dbcounter.py:115}}
Mar 05 03:04:34.352260 np0000157818 neutron-periodic-workers[105191]: DEBUG dbcounter [-] [105191] Writing DB stats neutron:SELECT=1 {{(pid=105191) stat_writer /opt/stack/data/venv/lib/python3.12/site-packages/dbcounter.py:115}}
Mar 05 03:04:42.408673 np0000157818 neutron-periodic-workers[105203]: DEBUG dbcounter [-] [105203] Writing DB stats neutron:DELETE=1 {{(pid=105203) stat_writer /opt/stack/data/venv/lib/python3.12/site-packages/dbcounter.py:115}}
Mar 05 03:05:01.340723 np0000157818 neutron-periodic-workers[105178]: DEBUG oslo.service.backend._threading.loopingcall [None req-22303140-cf3c-451a-bd66-2ccdcddb7cd9 None None] Fixed interval looping call 'neutron.plugins.ml2.plugin.DhcpAgentSchedulerDbMixin.remove_networks_from_down_agents' sleeping for 36.99 seconds {{(pid=105178) _run_loop /opt/stack/data/venv/lib/python3.12/site-packages/oslo_service/backend/_threading/loopingcall.py:125}}
Mar 05 03:05:01.350950 np0000157818 neutron-periodic-workers[105191]: DEBUG neutron.db.agents_db [None req-26091acd-595e-4d97-bb5e-a7eca9a56c39 None None] Agent healthcheck: found 0 active agents {{(pid=105191) agent_health_check /opt/stack/neutron/neutron/db/agents_db.py:317}}
Mar 05 03:05:01.350950 np0000157818 neutron-periodic-workers[105191]: DEBUG oslo.service.backend._threading.loopingcall [None req-26091acd-595e-4d97-bb5e-a7eca9a56c39 None None] Fixed interval looping call 'neutron.plugins.ml2.plugin.AgentDbMixin.agent_health_check' sleeping for 36.99 seconds {{(pid=105191) _run_loop /opt/stack/data/venv/lib/python3.12/site-packages/oslo_service/backend/_threading/loopingcall.py:125}}
Mar 05 03:05:11.339500 np0000157818 neutron-periodic-workers[105178]: DEBUG dbcounter [-] [105178] Writing DB stats neutron:SELECT=3 {{(pid=105178) stat_writer /opt/stack/data/venv/lib/python3.12/site-packages/dbcounter.py:115}}
Mar 05 03:05:11.359654 np0000157818 neutron-periodic-workers[105191]: DEBUG dbcounter [-] [105191] Writing DB stats neutron:SELECT=1 {{(pid=105191) stat_writer /opt/stack/data/venv/lib/python3.12/site-packages/dbcounter.py:115}}
Mar 05 03:05:38.336254 np0000157818 neutron-periodic-workers[105178]: DEBUG oslo.service.backend._threading.loopingcall [None req-22303140-cf3c-451a-bd66-2ccdcddb7cd9 None None] Fixed interval looping call 'neutron.plugins.ml2.plugin.DhcpAgentSchedulerDbMixin.remove_networks_from_down_agents' sleeping for 36.99 seconds {{(pid=105178) _run_loop /opt/stack/data/venv/lib/python3.12/site-packages/oslo_service/backend/_threading/loopingcall.py:125}}
Mar 05 03:05:38.345216 np0000157818 neutron-periodic-workers[105191]: DEBUG neutron.db.agents_db [None req-26091acd-595e-4d97-bb5e-a7eca9a56c39 None None] Agent healthcheck: found 0 active agents {{(pid=105191) agent_health_check /opt/stack/neutron/neutron/db/agents_db.py:317}}
Mar 05 03:05:38.345216 np0000157818 neutron-periodic-workers[105191]: DEBUG oslo.service.backend._threading.loopingcall [None req-26091acd-595e-4d97-bb5e-a7eca9a56c39 None None] Fixed interval looping call 'neutron.plugins.ml2.plugin.AgentDbMixin.agent_health_check' sleeping for 37.00 seconds {{(pid=105191) _run_loop /opt/stack/data/venv/lib/python3.12/site-packages/oslo_service/backend/_threading/loopingcall.py:125}}
Mar 05 03:05:48.335772 np0000157818 neutron-periodic-workers[105178]: DEBUG dbcounter [-] [105178] Writing DB stats neutron:SELECT=3 {{(pid=105178) stat_writer /opt/stack/data/venv/lib/python3.12/site-packages/dbcounter.py:115}}
Mar 05 03:05:48.344391 np0000157818 neutron-periodic-workers[105191]: DEBUG dbcounter [-] [105191] Writing DB stats neutron:SELECT=1 {{(pid=105191) stat_writer /opt/stack/data/venv/lib/python3.12/site-packages/dbcounter.py:115}}
Mar 05 03:06:15.336188 np0000157818 neutron-periodic-workers[105178]: DEBUG oslo.service.backend._threading.loopingcall [None req-22303140-cf3c-451a-bd66-2ccdcddb7cd9 None None] Fixed interval looping call 'neutron.plugins.ml2.plugin.DhcpAgentSchedulerDbMixin.remove_networks_from_down_agents' sleeping for 36.99 seconds {{(pid=105178) _run_loop /opt/stack/data/venv/lib/python3.12/site-packages/oslo_service/backend/_threading/loopingcall.py:125}}
