2026-04-28 14:40:20.300 8 INFO placement.requestlog [req-d6c7ca5d-85cd-4d01-80e3-c6b14f40f07f req-90a8e1c6-6406-4118-ab20-b276e52fe4aa cb1a97e508a1401995dcf6b282993821 70bdd7a9e2be406fbcb95102da071ce1 - - e87fb87d559d4aa8a43ad9feb0f0f19f e87fb87d559d4aa8a43ad9feb0f0f19f] 199.204.45.109 "GET /resource_providers/69e3411c-4194-4a18-ae15-f2efbfdd58e3/allocations" status: 200 len: 54 microversion: 1.0 [pid: 8|app: 0|req: 293/586] 199.204.45.109 () {32 vars in 856 bytes} [Tue Apr 28 14:40:20 2026] GET /resource_providers/69e3411c-4194-4a18-ae15-f2efbfdd58e3/allocations => generated 54 bytes in 18 msecs (HTTP/1.1 200) 6 headers in 223 bytes (1 switches on core 0)
2026-04-28 14:40:20.324 7 INFO placement.requestlog [req-d6c7ca5d-85cd-4d01-80e3-c6b14f40f07f req-ff0f9907-25de-483e-b900-4007d0232d36 cb1a97e508a1401995dcf6b282993821 70bdd7a9e2be406fbcb95102da071ce1 - - e87fb87d559d4aa8a43ad9feb0f0f19f e87fb87d559d4aa8a43ad9feb0f0f19f] 199.204.45.109 "GET /resource_providers/69e3411c-4194-4a18-ae15-f2efbfdd58e3/allocations" status: 200 len: 54 microversion: 1.0 [pid: 7|app: 0|req: 294/587] 199.204.45.109 () {32 vars in 856 bytes} [Tue Apr 28 14:40:20 2026] GET /resource_providers/69e3411c-4194-4a18-ae15-f2efbfdd58e3/allocations => generated 54 bytes in 16 msecs (HTTP/1.1 200) 6 headers in 223 bytes (1 switches on core 0)
2026-04-28 14:40:21.178 8 INFO placement.requestlog [None req-9d590e03-892b-4485-ba6e-c4baad0fdaa0 - - - - - -] 10.0.0.90 "GET /" status: 200 len: 136 microversion: 1.0
2026-04-28 14:40:21.178 7 INFO placement.requestlog [None req-33f06085-e779-4895-8d3f-de570d5fe823 - - - - - -] 10.0.0.90 "GET /" status: 200 len: 136 microversion: 1.0
2026-04-28 14:40:31.179 7 INFO placement.requestlog [None req-9db43b20-acd2-438d-af9c-13e8a7dd8616 - - - - - -] 10.0.0.90 "GET /" status: 200 len: 136 microversion: 1.0
2026-04-28 14:40:31.179 8 INFO placement.requestlog [None req-6446c6f1-dfaa-47f2-b016-032e18a44c99 - - - - - -] 10.0.0.90 "GET /" status: 200 len: 136 microversion: 1.0
2026-04-28 14:40:41.178 7 INFO placement.requestlog [None req-927ad744-cf39-4c42-9879-aa477544743c - - - - - -] 10.0.0.90 "GET /" status: 200 len: 136 microversion: 1.0
2026-04-28 14:40:41.178 8 INFO placement.requestlog [None req-11ec9117-079e-4718-aedf-d87556c9e36d - - - - - -] 10.0.0.90 "GET /" status: 200 len: 136 microversion: 1.0
2026-04-28 14:40:51.178 7 INFO placement.requestlog [None req-a28b9007-e26c-4435-a5fd-ac1f4c34a8c8 - - - - - -] 10.0.0.90 "GET /" status: 200 len: 136 microversion: 1.0
2026-04-28 14:40:51.179 8 INFO placement.requestlog [None req-510c0abd-3cf7-4819-861a-1d5a34cfe16e - - - - - -] 10.0.0.90 "GET /" status: 200 len: 136 microversion: 1.0
2026-04-28 14:41:01.178 7 INFO placement.requestlog [None req-e6f8701b-fe53-4ad8-920d-27a1e071b2ee - - - - - -] 10.0.0.90 "GET /" status: 200 len: 136 microversion: 1.0
2026-04-28 14:41:01.179 8 INFO placement.requestlog [None req-4ba0b784-74d5-435a-963c-7b8d786c5379 - - - - - -] 10.0.0.90 "GET /" status: 200 len: 136 microversion: 1.0
2026-04-28 14:41:11.178 7 INFO placement.requestlog [None req-0d26066b-8e4f-4b54-a8fe-13b739e1535b - - - - - -] 10.0.0.90 "GET /" status: 200 len: 136 microversion: 1.0
2026-04-28 14:41:11.178 8 INFO placement.requestlog [None req-f6b90186-60ad-4c17-8c14-382cac4faef9 - - - - - -] 10.0.0.90 "GET /" status: 200 len: 136 microversion: 1.0
2026-04-28 14:41:20.924 7 INFO placement.requestlog [req-7dd0035f-8c52-483e-9a17-59b7e0990bd5 req-5acd3829-fb63-429e-994f-02d82a8a29c1 cb1a97e508a1401995dcf6b282993821 70bdd7a9e2be406fbcb95102da071ce1 - - e87fb87d559d4aa8a43ad9feb0f0f19f e87fb87d559d4aa8a43ad9feb0f0f19f] 199.204.45.109 "GET /resource_providers/69e3411c-4194-4a18-ae15-f2efbfdd58e3/allocations" status: 200 len: 54 microversion: 1.0 [pid: 7|app: 0|req: 301/600] 199.204.45.109 () {32 vars in 856 bytes} [Tue Apr 28 14:41:20 2026] GET /resource_providers/69e3411c-4194-4a18-ae15-f2efbfdd58e3/allocations => generated 54 bytes in 153 msecs (HTTP/1.1 200) 6 headers in 223 bytes (1 switches on core 0)
2026-04-28 14:41:20.949 8 INFO placement.requestlog [req-7dd0035f-8c52-483e-9a17-59b7e0990bd5 req-9eea36b4-8eb5-4e0d-93e1-fd9b3d9a0c45 cb1a97e508a1401995dcf6b282993821 70bdd7a9e2be406fbcb95102da071ce1 - - e87fb87d559d4aa8a43ad9feb0f0f19f e87fb87d559d4aa8a43ad9feb0f0f19f] 199.204.45.109 "GET /resource_providers?in_tree=69e3411c-4194-4a18-ae15-f2efbfdd58e3" status: 200 len: 797 microversion: 1.14 [pid: 8|app: 0|req: 300/601] 199.204.45.109 () {34 vars in 891 bytes} [Tue Apr 28 14:41:20 2026] GET /resource_providers?in_tree=69e3411c-4194-4a18-ae15-f2efbfdd58e3 => generated 797 bytes in 17 msecs (HTTP/1.1 200) 6 headers in 225 bytes (1 switches on core 0)
2026-04-28 14:41:20.972 7 INFO placement.requestlog [req-7dd0035f-8c52-483e-9a17-59b7e0990bd5 req-6540f6fc-7c49-42c3-ba1b-fb749e454bec cb1a97e508a1401995dcf6b282993821 70bdd7a9e2be406fbcb95102da071ce1 - - e87fb87d559d4aa8a43ad9feb0f0f19f e87fb87d559d4aa8a43ad9feb0f0f19f] 199.204.45.109 "GET /resource_providers/69e3411c-4194-4a18-ae15-f2efbfdd58e3/inventories" status: 200 len: 400 microversion: 1.0 [pid: 7|app: 0|req: 302/602] 199.204.45.109 () {32 vars in 856 bytes} [Tue Apr 28 14:41:20 2026] GET /resource_providers/69e3411c-4194-4a18-ae15-f2efbfdd58e3/inventories => generated 400 bytes in 15 msecs (HTTP/1.1 200) 6 headers in 224 bytes (1 switches on core 0)
2026-04-28 14:41:20.992 8 INFO placement.requestlog [req-7dd0035f-8c52-483e-9a17-59b7e0990bd5 req-99357990-7b33-4053-be52-f67c17723d3a cb1a97e508a1401995dcf6b282993821 70bdd7a9e2be406fbcb95102da071ce1 - - e87fb87d559d4aa8a43ad9feb0f0f19f e87fb87d559d4aa8a43ad9feb0f0f19f] 199.204.45.109 "GET /resource_providers/69e3411c-4194-4a18-ae15-f2efbfdd58e3/aggregates" status: 200 len: 53 microversion: 1.19 [pid: 8|app: 0|req: 301/603] 199.204.45.109 () {34 vars in 898 bytes} [Tue Apr 28 14:41:20 2026] GET /resource_providers/69e3411c-4194-4a18-ae15-f2efbfdd58e3/aggregates => generated 53 bytes in 13 msecs (HTTP/1.1 200) 8 headers in 295 bytes (1 switches on core 0)
2026-04-28 14:41:21.028 7 INFO placement.requestlog [req-7dd0035f-8c52-483e-9a17-59b7e0990bd5 req-24238525-512f-411e-8edd-82c801f224fc cb1a97e508a1401995dcf6b282993821 70bdd7a9e2be406fbcb95102da071ce1 - - e87fb87d559d4aa8a43ad9feb0f0f19f e87fb87d559d4aa8a43ad9feb0f0f19f] 199.204.45.109 "GET /resource_providers/69e3411c-4194-4a18-ae15-f2efbfdd58e3/traits" status: 200 len: 2316 microversion: 1.6 [pid: 7|app: 0|req: 303/604] 199.204.45.109 () {34 vars in 889 bytes} [Tue Apr 28 14:41:21 2026] GET /resource_providers/69e3411c-4194-4a18-ae15-f2efbfdd58e3/traits => generated 2316 bytes in 28 msecs (HTTP/1.1 200) 6 headers in 225 bytes (1 switches on core 0)
2026-04-28 14:41:21.052 8 INFO placement.requestlog [req-7dd0035f-8c52-483e-9a17-59b7e0990bd5 req-d5448249-dbc7-45b6-8ddc-2dbb178601c9 cb1a97e508a1401995dcf6b282993821 70bdd7a9e2be406fbcb95102da071ce1 - - e87fb87d559d4aa8a43ad9feb0f0f19f e87fb87d559d4aa8a43ad9feb0f0f19f] 199.204.45.109 "GET /resource_providers/69e3411c-4194-4a18-ae15-f2efbfdd58e3/allocations" status: 200 len: 54 microversion: 1.0 [pid: 8|app: 0|req: 302/605] 199.204.45.109 () {32 vars in 856 bytes} [Tue Apr 28 14:41:21 2026] GET /resource_providers/69e3411c-4194-4a18-ae15-f2efbfdd58e3/allocations => generated 54 bytes in 14 msecs (HTTP/1.1 200) 6 headers in 223 bytes (1 switches on core 0)
2026-04-28 14:41:21.179 8 INFO placement.requestlog [None req-7d0c5ef6-95cd-4f87-a0cc-412d71730f7d - - - - - -] 10.0.0.90 "GET /" status: 200 len: 136 microversion: 1.0
2026-04-28 14:41:21.179 7 INFO placement.requestlog [None req-4a8279f8-d32e-41c3-a816-8229419c4594 - - - - - -] 10.0.0.90 "GET /" status: 200 len: 136 microversion: 1.0
2026-04-28 14:41:31.179 8 INFO placement.requestlog [None req-77d03125-a114-405a-9260-d9621c8a91bc - - - - - -] 10.0.0.90 "GET /" status: 200 len: 136 microversion: 1.0
2026-04-28 14:41:31.179 7 INFO placement.requestlog [None req-0fe55f7e-c2fa-4fcd-afc8-355571625e47 - - - - - -] 10.0.0.90 "GET /" status: 200 len: 136 microversion: 1.0
2026-04-28 14:41:41.179 8 INFO placement.requestlog [None req-405953f2-edf8-4d27-800e-ca6eaa5a3cd0 - - - - - -] 10.0.0.90 "GET /" status: 200 len: 136 microversion: 1.0
2026-04-28 14:41:41.179 7 INFO placement.requestlog [None req-6303724a-2342-43f2-ad32-5512eec79ed9 - - - - - -] 10.0.0.90 "GET /" status: 200 len: 136 microversion: 1.0
2026-04-28 14:41:51.178 8 INFO placement.requestlog [None req-49462e5c-7ac3-4b47-a5a2-be5c70513bce - - - - - -] 10.0.0.90 "GET /" status: 200 len: 136 microversion: 1.0
2026-04-28 14:41:51.188 7 INFO placement.requestlog [None req-10cf9994-dad3-493f-b6bc-c9243ad0b724 - - - - - -] 10.0.0.90 "GET /" status: 200 len: 136 microversion: 1.0
2026-04-28 14:42:01.178 7 INFO placement.requestlog [None req-2af66c18-2cd7-4180-bcb7-0439e55f2846 - - - - - -] 10.0.0.90 "GET /" status: 200 len: 136 microversion: 1.0
2026-04-28 14:42:01.178 8 INFO placement.requestlog [None req-5150e25a-7340-4860-802a-0663aa42eb88 - - - - - -] 10.0.0.90 "GET /" status: 200 len: 136 microversion: 1.0
2026-04-28 14:42:11.178 7 INFO placement.requestlog [None req-33dbc430-9ddc-425b-a9bc-773cac9f7c63 - - - - - -] 10.0.0.90 "GET /" status: 200 len: 136 microversion: 1.0
2026-04-28 14:42:11.179 8 INFO placement.requestlog [None req-1d50c63e-a1ad-4eac-8a3e-1d40ea6d6f11 - - - - - -] 10.0.0.90 "GET /" status: 200 len: 136 microversion: 1.0
2026-04-28 14:42:21.178 8 INFO placement.requestlog [None req-3bb3e797-edd1-4bf5-be71-5c709eb65862 - - - - - -] 10.0.0.90 "GET /" status: 200 len: 136 microversion: 1.0
2026-04-28 14:42:21.179 7 INFO placement.requestlog [None req-85e63aad-25b0-43d6-8937-3e443516d988 - - - - - -] 10.0.0.90 "GET /" status: 200 len: 136 microversion: 1.0
2026-04-28 14:42:22.812 8 INFO placement.requestlog [req-66371757-96de-40ed-bb16-eba20f9ab30d req-4cac3445-d26e-41b4-bf91-73884af47711 cb1a97e508a1401995dcf6b282993821 70bdd7a9e2be406fbcb95102da071ce1 - - e87fb87d559d4aa8a43ad9feb0f0f19f e87fb87d559d4aa8a43ad9feb0f0f19f] 199.204.45.109 "GET /resource_providers/69e3411c-4194-4a18-ae15-f2efbfdd58e3/allocations" status: 200 len: 54 microversion: 1.0 [pid: 8|app: 0|req: 310/620] 199.204.45.109 () {32 vars in 856 bytes} [Tue Apr 28 14:42:22 2026] GET /resource_providers/69e3411c-4194-4a18-ae15-f2efbfdd58e3/allocations => generated 54 bytes in 15 msecs (HTTP/1.1 200) 6 headers in 223 bytes (1 switches on core 0)
2026-04-28 14:42:22.831 7 INFO placement.requestlog [req-66371757-96de-40ed-bb16-eba20f9ab30d req-fcb42fdb-24ef-419c-afb3-372f1e468302 cb1a97e508a1401995dcf6b282993821 70bdd7a9e2be406fbcb95102da071ce1 - - e87fb87d559d4aa8a43ad9feb0f0f19f e87fb87d559d4aa8a43ad9feb0f0f19f] 199.204.45.109 "GET /resource_providers/69e3411c-4194-4a18-ae15-f2efbfdd58e3/allocations" status: 200 len: 54 microversion: 1.0 [pid: 7|app: 0|req: 311/621] 199.204.45.109 () {32 vars in 856 bytes} [Tue Apr 28 14:42:22 2026] GET /resource_providers/69e3411c-4194-4a18-ae15-f2efbfdd58e3/allocations => generated 54 bytes in 14 msecs (HTTP/1.1 200) 6 headers in 223 bytes (1 switches on core 0)
2026-04-28 14:42:31.179 8 INFO placement.requestlog [None req-ea4a0756-509a-4678-82f2-6475b48185a3 - - - - - -] 10.0.0.90 "GET /" status: 200 len: 136 microversion: 1.0
2026-04-28 14:42:31.180 7 INFO placement.requestlog [None req-9c49dae3-8fb1-416c-8c69-c0b2bfb72ee0 - - - - - -] 10.0.0.90 "GET /" status: 200 len: 136 microversion: 1.0
2026-04-28 14:42:41.179 7 INFO placement.requestlog [None req-6cdcc714-2f06-4612-9c81-d5c53a976156 - - - - - -] 10.0.0.90 "GET /" status: 200 len: 136 microversion: 1.0
2026-04-28 14:42:41.179 8 INFO placement.requestlog [None req-8509426a-15f1-4839-b879-9d647661bec2 - - - - - -] 10.0.0.90 "GET /" status: 200 len: 136 microversion: 1.0
2026-04-28 14:42:51.178 8 INFO placement.requestlog [None req-4fc66e45-efa4-4182-bedc-3fbb58bcf483 - - - - - -] 10.0.0.90 "GET /" status: 200 len: 136 microversion: 1.0
2026-04-28 14:42:51.178 7 INFO placement.requestlog [None req-a0b661db-d814-4f5d-b6f6-40a78184bdbf - - - - - -] 10.0.0.90 "GET /" status: 200 len: 136 microversion: 1.0
2026-04-28 14:43:01.178 7 INFO placement.requestlog [None req-bc13ca1d-685f-4168-a70a-b2c1e84488d4 - - - - - -] 10.0.0.90 "GET /" status: 200 len: 136 microversion: 1.0
2026-04-28 14:43:01.178 8 INFO placement.requestlog [None req-66efe6c0-57f1-4d96-90d7-cee5f4394e7a - - - - - -] 10.0.0.90 "GET /" status: 200 len: 136 microversion: 1.0
2026-04-28 14:43:11.179 8 INFO placement.requestlog [None req-e20ef9c0-e0c5-430e-8cac-2d90a582a3b5 - - - - - -] 10.0.0.90 "GET /" status: 200 len: 136 microversion: 1.0
2026-04-28 14:43:11.179 7 INFO placement.requestlog [None req-1117178b-9db0-4b68-9162-50fcb5deda22 - - - - - -] 10.0.0.90 "GET /" status: 200 len: 136 microversion: 1.0
2026-04-28 14:43:21.178 8 INFO placement.requestlog [None req-bd9ca8dd-3d31-4eaa-a4be-7bee6b16e209 - - - - - -] 10.0.0.90 "GET /" status: 200 len: 136 microversion: 1.0
2026-04-28 14:43:21.178 7 INFO placement.requestlog [None req-6b4ee64c-4522-4328-ad41-2781bd39df4a - - - - - -] 10.0.0.90 "GET /" status: 200 len: 136 microversion: 1.0
2026-04-28 14:43:22.683 8 INFO placement.requestlog [req-1acaac4b-a562-4ce3-8bf4-ed360a370391 req-405131bb-d11f-428c-9241-f1f88f3821d9 cb1a97e508a1401995dcf6b282993821 70bdd7a9e2be406fbcb95102da071ce1 - - e87fb87d559d4aa8a43ad9feb0f0f19f e87fb87d559d4aa8a43ad9feb0f0f19f] 199.204.45.109 "GET /resource_providers/69e3411c-4194-4a18-ae15-f2efbfdd58e3/allocations" status: 200 len: 54 microversion: 1.0 [pid: 8|app: 0|req: 317/634] 199.204.45.109 () {32 vars in 856 bytes} [Tue Apr 28 14:43:22 2026] GET /resource_providers/69e3411c-4194-4a18-ae15-f2efbfdd58e3/allocations => generated 54 bytes in 16 msecs (HTTP/1.1 200) 6 headers in 223 bytes (1 switches on core 0)
2026-04-28 14:43:22.701 7 INFO placement.requestlog [req-1acaac4b-a562-4ce3-8bf4-ed360a370391 req-f05dc673-f32e-43bc-a03a-51d3396474f5 cb1a97e508a1401995dcf6b282993821 70bdd7a9e2be406fbcb95102da071ce1 - - e87fb87d559d4aa8a43ad9feb0f0f19f e87fb87d559d4aa8a43ad9feb0f0f19f] 199.204.45.109 "GET /resource_providers/69e3411c-4194-4a18-ae15-f2efbfdd58e3/allocations" status: 200 len: 54 microversion: 1.0 [pid: 7|app: 0|req: 318/635] 199.204.45.109 () {32 vars in 856 bytes} [Tue Apr 28 14:43:22 2026] GET /resource_providers/69e3411c-4194-4a18-ae15-f2efbfdd58e3/allocations => generated 54 bytes in 11 msecs (HTTP/1.1 200) 6 headers in 223 bytes (1 switches on core 0)
2026-04-28 14:43:31.180 8 INFO placement.requestlog [None req-1fc62258-cdad-4e63-b56f-a6a907fdbcb9 - - - - - -] 10.0.0.90 "GET /" status: 200 len: 136 microversion: 1.0
2026-04-28 14:43:31.180 7 INFO placement.requestlog [None req-4229579b-62fd-4a6e-9634-59c25bb25b1a - - - - - -] 10.0.0.90 "GET /" status: 200 len: 136 microversion: 1.0
2026-04-28 14:43:41.178 8 INFO placement.requestlog [None req-2cbcdeb4-e8db-45b9-a149-f1f83103177b - - - - - -] 10.0.0.90 "GET /" status: 200 len: 136 microversion: 1.0
2026-04-28 14:43:41.178 7 INFO placement.requestlog [None req-feb79f67-3716-426b-89f8-286d0800dda0 - - - - - -] 10.0.0.90 "GET /" status: 200 len: 136 microversion: 1.0
2026-04-28 14:43:51.179 7 INFO placement.requestlog [None req-4edb3a80-0d46-47f1-87ee-c316c2ce7545 - - - - - -] 10.0.0.90 "GET /" status: 200 len: 136 microversion: 1.0
2026-04-28 14:43:51.179 8 INFO placement.requestlog [None req-22b52d61-37e6-45b5-a7ee-214668b97890 - - - - - -] 10.0.0.90 "GET /" status: 200 len: 136 microversion: 1.0
2026-04-28 14:44:01.179 8 INFO placement.requestlog [None req-2b83f207-436c-4c56-b7cc-1da81353d8b1 - - - - - -] 10.0.0.90 "GET /" status: 200 len: 136 microversion: 1.0
2026-04-28 14:44:01.179 7 INFO placement.requestlog [None req-e03f1dc9-791d-4bbf-aeec-3563f5eca6a5 - - - - - -] 10.0.0.90 "GET /" status: 200 len: 136 microversion: 1.0
2026-04-28 14:44:11.178 7 INFO placement.requestlog [None req-2fb962c7-5a53-499e-b675-e8d15abe0eb7 - - - - - -] 10.0.0.90 "GET /" status: 200 len: 136 microversion: 1.0
2026-04-28 14:44:11.178 8 INFO placement.requestlog [None req-48141d4a-4a3d-41ce-893b-0d2b8abf5471 - - - - - -] 10.0.0.90 "GET /" status: 200 len: 136 microversion: 1.0
2026-04-28 14:44:21.179 7 INFO placement.requestlog [None req-421a625a-05e7-42d8-af76-6112d02cad7d - - - - - -] 10.0.0.90 "GET /" status: 200 len: 136 microversion: 1.0
2026-04-28 14:44:21.179 8 INFO placement.requestlog [None req-2e50b99a-e97a-4e47-8d6e-7a19dfcda46c - - - - - -] 10.0.0.90 "GET /" status: 200 len: 136 microversion: 1.0
2026-04-28 14:44:24.691 7 INFO placement.requestlog [req-f2eff881-ecbd-474e-8a43-f99e5e156fba req-e30b4b83-6c6b-4fbd-a9d7-365fa80415df cb1a97e508a1401995dcf6b282993821 70bdd7a9e2be406fbcb95102da071ce1 - - e87fb87d559d4aa8a43ad9feb0f0f19f e87fb87d559d4aa8a43ad9feb0f0f19f] 199.204.45.109 "GET /resource_providers/69e3411c-4194-4a18-ae15-f2efbfdd58e3/allocations" status: 200 len: 54 microversion: 1.0 [pid: 7|app: 0|req: 325/648] 199.204.45.109 () {32 vars in 856 bytes} [Tue Apr 28 14:44:24 2026] GET /resource_providers/69e3411c-4194-4a18-ae15-f2efbfdd58e3/allocations => generated 54 bytes in 15 msecs (HTTP/1.1 200) 6 headers in 223 bytes (1 switches on core 0)
2026-04-28 14:44:24.721 8 INFO placement.requestlog [req-f2eff881-ecbd-474e-8a43-f99e5e156fba req-06999e74-a754-4a5c-9aeb-9500ff0e03a9 cb1a97e508a1401995dcf6b282993821 70bdd7a9e2be406fbcb95102da071ce1 - - e87fb87d559d4aa8a43ad9feb0f0f19f e87fb87d559d4aa8a43ad9feb0f0f19f] 199.204.45.109 "GET /resource_providers/69e3411c-4194-4a18-ae15-f2efbfdd58e3/allocations" status: 200 len: 54 microversion: 1.0 [pid: 8|app: 0|req: 324/649] 199.204.45.109 () {32 vars in 856 bytes} [Tue Apr 28 14:44:24 2026] GET /resource_providers/69e3411c-4194-4a18-ae15-f2efbfdd58e3/allocations => generated 54 bytes in 23 msecs (HTTP/1.1 200) 6 headers in 223 bytes (1 switches on core 0)
2026-04-28 14:44:31.178 7 INFO placement.requestlog [None req-6d286e27-b318-4f06-bcd0-608170256a0d - - - - - -] 10.0.0.90 "GET /" status: 200 len: 136 microversion: 1.0
2026-04-28 14:44:31.178 8 INFO placement.requestlog [None req-5d24b4a0-69e4-4953-ac8e-a787c4ebe032 - - - - - -] 10.0.0.90 "GET /" status: 200 len: 136 microversion: 1.0
2026-04-28 14:44:41.178 7 INFO placement.requestlog [None req-aa19d670-430c-4df2-9713-9c660d035c72 - - - - - -] 10.0.0.90 "GET /" status: 200 len: 136 microversion: 1.0
2026-04-28 14:44:41.178 8 INFO placement.requestlog [None req-9c1e26d7-d688-493b-98ee-8e28adafc0b0 - - - - - -] 10.0.0.90 "GET /" status: 200 len: 136 microversion: 1.0
2026-04-28 14:44:51.178 7 INFO placement.requestlog [None req-58d98b46-745f-4c4c-b7ea-0a5074fad7e4 - - - - - -] 10.0.0.90 "GET /" status: 200 len: 136 microversion: 1.0
2026-04-28 14:44:51.179 8 INFO placement.requestlog [None req-bca59f85-1cae-488c-b784-9bced0062687 - - - - - -] 10.0.0.90 "GET /" status: 200 len: 136 microversion: 1.0
2026-04-28 14:45:00.940 7 INFO placement.requestlog [req-e05f8966-2f8e-4e11-8fc6-5b931b4a5301 req-9c7ccd11-94e0-42b4-a50c-47f3087eb387 cb1a97e508a1401995dcf6b282993821 70bdd7a9e2be406fbcb95102da071ce1 - - e87fb87d559d4aa8a43ad9feb0f0f19f e87fb87d559d4aa8a43ad9feb0f0f19f] 10.0.0.43 "GET /allocation_candidates?limit=1000&resources=DISK_GB%3A1%2CMEMORY_MB%3A512%2CVCPU%3A1&root_required=%21COMPUTE_STATUS_DISABLED" status: 200 len: 2781 microversion: 1.36 [pid: 7|app: 0|req: 329/656] 10.0.0.43 () {34 vars in 1010 bytes} [Tue Apr 28 14:45:00 2026] GET /allocation_candidates?limit=1000&resources=DISK_GB%3A1%2CMEMORY_MB%3A512%2CVCPU%3A1&root_required=%21COMPUTE_STATUS_DISABLED => generated 2781 bytes in 215 msecs (HTTP/1.1 200) 8 headers in 297 bytes (1 switches on core 0)
2026-04-28 14:45:00.982 8 INFO placement.requestlog [req-e05f8966-2f8e-4e11-8fc6-5b931b4a5301 req-3e5a2782-b616-4650-b4de-74f191bf4801 cb1a97e508a1401995dcf6b282993821 70bdd7a9e2be406fbcb95102da071ce1 - - e87fb87d559d4aa8a43ad9feb0f0f19f e87fb87d559d4aa8a43ad9feb0f0f19f] 10.0.0.43 "GET /allocations/19c33412-8e8e-4433-bf95-32f390ac8a1d" status: 200 len: 19 microversion: 1.28 [pid: 8|app: 0|req: 328/657] 10.0.0.43 () {34 vars in 859 bytes} [Tue Apr 28 14:45:00 2026] GET /allocations/19c33412-8e8e-4433-bf95-32f390ac8a1d => generated 19 bytes in 11 msecs (HTTP/1.1 200) 8 headers in 295 bytes (1 switches on core 0)
2026-04-28 14:45:01.067 7 INFO placement.requestlog [req-e05f8966-2f8e-4e11-8fc6-5b931b4a5301 req-87427061-161f-44cd-a2e9-ce145ae30497 cb1a97e508a1401995dcf6b282993821 70bdd7a9e2be406fbcb95102da071ce1 - - e87fb87d559d4aa8a43ad9feb0f0f19f e87fb87d559d4aa8a43ad9feb0f0f19f] 10.0.0.43 "PUT /allocations/19c33412-8e8e-4433-bf95-32f390ac8a1d" status: 204 len: 0 microversion: 1.36 [pid: 7|app: 0|req: 330/658] 10.0.0.43 () {38 vars in 912 bytes} [Tue Apr 28 14:45:00 2026] PUT /allocations/19c33412-8e8e-4433-bf95-32f390ac8a1d => generated 0 bytes in 79 msecs (HTTP/1.1 204) 5 headers in 199 bytes (1 switches on core 0)
2026-04-28 14:45:01.178 7 INFO placement.requestlog [None req-7703ac79-6293-49cf-959b-5250dbbc10f0 - - - - - -] 10.0.0.90 "GET /" status: 200 len: 136 microversion: 1.0
2026-04-28 14:45:01.179 8 INFO placement.requestlog [None req-1a2a2f23-6d01-485a-9b32-01a73ccdc678 - - - - - -] 10.0.0.90 "GET /" status: 200 len: 136 microversion: 1.0
2026-04-28 14:45:02.578 7 INFO placement.requestlog [req-e05f8966-2f8e-4e11-8fc6-5b931b4a5301 req-ac89f9b1-3c20-4d34-9d91-1eeac8969021 cb1a97e508a1401995dcf6b282993821 70bdd7a9e2be406fbcb95102da071ce1 - - e87fb87d559d4aa8a43ad9feb0f0f19f e87fb87d559d4aa8a43ad9feb0f0f19f] 199.204.45.109 "GET /allocations/19c33412-8e8e-4433-bf95-32f390ac8a1d" status: 200 len: 257 microversion: 1.28 [pid: 7|app: 0|req: 332/661] 199.204.45.109 () {34 vars in 862 bytes} [Tue Apr 28 14:45:02 2026] GET /allocations/19c33412-8e8e-4433-bf95-32f390ac8a1d => generated 257 bytes in 15 msecs (HTTP/1.1 200) 8 headers in 296 bytes (1 switches on core 0)
2026-04-28 14:45:03.619 8 INFO placement.requestlog [req-e05f8966-2f8e-4e11-8fc6-5b931b4a5301 req-8b67c981-416f-4c4b-90d3-63f98020e01e cb1a97e508a1401995dcf6b282993821 70bdd7a9e2be406fbcb95102da071ce1 - - e87fb87d559d4aa8a43ad9feb0f0f19f e87fb87d559d4aa8a43ad9feb0f0f19f] 199.204.45.109 "GET /resource_providers/69e3411c-4194-4a18-ae15-f2efbfdd58e3/allocations" status: 200 len: 152 microversion: 1.0 [pid: 8|app: 0|req: 330/662] 199.204.45.109 () {32 vars in 856 bytes} [Tue Apr 28 14:45:03 2026] GET /resource_providers/69e3411c-4194-4a18-ae15-f2efbfdd58e3/allocations => generated 152 bytes in 16 msecs (HTTP/1.1 200) 6 headers in 224 bytes (1 switches on core 0)
2026-04-28 14:45:03.638 7 INFO placement.requestlog [req-e05f8966-2f8e-4e11-8fc6-5b931b4a5301 req-f89f7c3c-9cc4-4543-a8c9-9afa4740f365 cb1a97e508a1401995dcf6b282993821 70bdd7a9e2be406fbcb95102da071ce1 - - e87fb87d559d4aa8a43ad9feb0f0f19f e87fb87d559d4aa8a43ad9feb0f0f19f] 199.204.45.109 "GET /allocations/19c33412-8e8e-4433-bf95-32f390ac8a1d" status: 200 len: 257 microversion: 1.28 [pid: 7|app: 0|req: 333/663] 199.204.45.109 () {34 vars in 862 bytes} [Tue Apr 28 14:45:03 2026] GET /allocations/19c33412-8e8e-4433-bf95-32f390ac8a1d => generated 257 bytes in 12 msecs (HTTP/1.1 200) 8 headers in 296 bytes (1 switches on core 0)
2026-04-28 14:45:04.328 7 INFO placement.requestlog [None req-7e45c18f-f9c6-4567-b660-9d76735e53af 572c3e3d0b294accaad9a72bb8fa0c68 70bdd7a9e2be406fbcb95102da071ce1 - - e87fb87d559d4aa8a43ad9feb0f0f19f e87fb87d559d4aa8a43ad9feb0f0f19f] 10.0.0.167 "GET /resource_providers/d14e8d03-a5e7-42c0-a8f1-9a163195402d/aggregates" status: 404 len: 235 microversion: 1.1 [pid: 7|app: 0|req: 334/664] 10.0.0.167 () {32 vars in 815 bytes} [Tue Apr 28 14:45:04 2026] GET /resource_providers/d14e8d03-a5e7-42c0-a8f1-9a163195402d/aggregates => generated 235 bytes in 150 msecs (HTTP/1.1 404) 5 headers in 202 bytes (1 switches on core 0)
2026-04-28 14:45:04.351 7 INFO placement.requestlog [None req-45244ed1-e197-4a40-858b-82beca7de7d3 572c3e3d0b294accaad9a72bb8fa0c68 70bdd7a9e2be406fbcb95102da071ce1 - - e87fb87d559d4aa8a43ad9feb0f0f19f e87fb87d559d4aa8a43ad9feb0f0f19f] 10.0.0.167 "DELETE /resource_providers/d14e8d03-a5e7-42c0-a8f1-9a163195402d" status: 404 len: 246 microversion: 1.1 [pid: 7|app: 0|req: 335/665] 10.0.0.167 () {34 vars in 815 bytes} [Tue Apr 28 14:45:04 2026] DELETE /resource_providers/d14e8d03-a5e7-42c0-a8f1-9a163195402d => generated 246 bytes in 10 msecs (HTTP/1.1 404) 6 headers in 231 bytes (1 switches on core 0)
2026-04-28 14:45:04.387 8 INFO placement.requestlog [None req-2fc9b0c7-0ce2-48bc-8285-cb18a74e74c4 572c3e3d0b294accaad9a72bb8fa0c68 70bdd7a9e2be406fbcb95102da071ce1 - - e87fb87d559d4aa8a43ad9feb0f0f19f e87fb87d559d4aa8a43ad9feb0f0f19f] 10.0.0.167 "GET /resource_providers/d14e8d03-a5e7-42c0-a8f1-9a163195402d/aggregates" status: 404 len: 235 microversion: 1.1 [pid: 8|app: 0|req: 331/666] 10.0.0.167 () {32 vars in 815 bytes} [Tue Apr 28 14:45:04 2026] GET /resource_providers/d14e8d03-a5e7-42c0-a8f1-9a163195402d/aggregates => generated 235 bytes in 218 msecs (HTTP/1.1 404) 5 headers in 202 bytes (1 switches on core 0)
2026-04-28 14:45:04.406 7 INFO placement.requestlog [None req-af482609-dfdc-43fb-8636-4a408fd6a7e1 572c3e3d0b294accaad9a72bb8fa0c68 70bdd7a9e2be406fbcb95102da071ce1 - - e87fb87d559d4aa8a43ad9feb0f0f19f e87fb87d559d4aa8a43ad9feb0f0f19f] 10.0.0.167 "DELETE /resource_providers/d14e8d03-a5e7-42c0-a8f1-9a163195402d" status: 404 len: 246 microversion: 1.1 [pid: 7|app: 0|req: 336/667] 10.0.0.167 () {34 vars in 815 bytes} [Tue Apr 28 14:45:04 2026] DELETE /resource_providers/d14e8d03-a5e7-42c0-a8f1-9a163195402d => generated 246 bytes in 9 msecs (HTTP/1.1 404) 6 headers in 231 bytes (1 switches on core 0)
2026-04-28 14:45:04.901 7 INFO placement.requestlog [None req-c3c4c428-4100-4a7b-9319-5489344c93f1 572c3e3d0b294accaad9a72bb8fa0c68 70bdd7a9e2be406fbcb95102da071ce1 - - e87fb87d559d4aa8a43ad9feb0f0f19f e87fb87d559d4aa8a43ad9feb0f0f19f] 10.0.0.167 "GET /resource_providers/e20f2582-eb01-4522-90c0-768caf846c3f/aggregates" status: 404 len: 235 microversion: 1.1 [pid: 7|app: 0|req: 337/668] 10.0.0.167 () {32 vars in 815 bytes} [Tue Apr 28 14:45:04 2026] GET /resource_providers/e20f2582-eb01-4522-90c0-768caf846c3f/aggregates => generated 235 bytes in 248 msecs (HTTP/1.1 404) 5 headers in 202 bytes (1 switches on core 0)
2026-04-28 14:45:04.928 7 INFO placement.requestlog [None req-278d8930-7f1f-417d-8c95-30820afa3dac 572c3e3d0b294accaad9a72bb8fa0c68 70bdd7a9e2be406fbcb95102da071ce1 - - e87fb87d559d4aa8a43ad9feb0f0f19f e87fb87d559d4aa8a43ad9feb0f0f19f] 10.0.0.167 "DELETE /resource_providers/e20f2582-eb01-4522-90c0-768caf846c3f" status: 404 len: 246 microversion: 1.1 [pid: 7|app: 0|req: 338/669] 10.0.0.167 () {34 vars in 815 bytes} [Tue Apr 28 14:45:04 2026] DELETE /resource_providers/e20f2582-eb01-4522-90c0-768caf846c3f => generated 246 bytes in 14 msecs (HTTP/1.1 404) 6 headers in 231 bytes (1 switches on core 0)
2026-04-28 14:45:04.929 8 INFO placement.requestlog [None req-047734b7-6a73-4963-97c5-362ae79fa251 572c3e3d0b294accaad9a72bb8fa0c68 70bdd7a9e2be406fbcb95102da071ce1 - - e87fb87d559d4aa8a43ad9feb0f0f19f e87fb87d559d4aa8a43ad9feb0f0f19f] 10.0.0.167 "GET /resource_providers/e20f2582-eb01-4522-90c0-768caf846c3f/aggregates" status: 404 len: 235 microversion: 1.1 [pid: 8|app: 0|req: 332/670] 10.0.0.167 () {32 vars in 815 bytes} [Tue Apr 28 14:45:04 2026] GET /resource_providers/e20f2582-eb01-4522-90c0-768caf846c3f/aggregates => generated 235 bytes in 299 msecs (HTTP/1.1 404) 5 headers in 202 bytes (1 switches on core 0)
2026-04-28 14:45:04.945 7 INFO placement.requestlog [None req-3a457f93-e389-4c14-82c4-333e8bdf7300 572c3e3d0b294accaad9a72bb8fa0c68 70bdd7a9e2be406fbcb95102da071ce1 - - e87fb87d559d4aa8a43ad9feb0f0f19f e87fb87d559d4aa8a43ad9feb0f0f19f] 10.0.0.167 "DELETE /resource_providers/e20f2582-eb01-4522-90c0-768caf846c3f" status: 404 len: 246 microversion: 1.1 [pid: 7|app: 0|req: 339/671] 10.0.0.167 () {34 vars in 815 bytes} [Tue Apr 28 14:45:04 2026] DELETE /resource_providers/e20f2582-eb01-4522-90c0-768caf846c3f => generated 246 bytes in 8 msecs (HTTP/1.1 404) 6 headers in 231 bytes (1 switches on core 0)
2026-04-28 14:45:11.178 7 INFO placement.requestlog [None req-4f840b5c-580c-4554-afa9-b6235f9cccfd - - - - - -] 10.0.0.90 "GET /" status: 200 len: 136 microversion: 1.0
2026-04-28 14:45:11.178 8 INFO placement.requestlog [None req-8aa88881-077f-4316-afd0-9a6d1649f782 - - - - - -] 10.0.0.90 "GET /" status: 200 len: 136 microversion: 1.0
2026-04-28 14:45:16.554 8 INFO placement.requestlog [req-def48379-d1fe-4f16-a603-6ac18a3d03db req-120723eb-e839-4e16-a7b3-354c76225bc2 cb1a97e508a1401995dcf6b282993821 70bdd7a9e2be406fbcb95102da071ce1 - - e87fb87d559d4aa8a43ad9feb0f0f19f e87fb87d559d4aa8a43ad9feb0f0f19f] 10.0.0.43 "GET /allocation_candidates?limit=1000&resources=DISK_GB%3A1%2CMEMORY_MB%3A512%2CVCPU%3A1&root_required=%21COMPUTE_STATUS_DISABLED" status: 200 len: 2783 microversion: 1.36 [pid: 8|app: 0|req: 334/674] 10.0.0.43 () {34 vars in 1010 bytes} [Tue Apr 28 14:45:16 2026] GET /allocation_candidates?limit=1000&resources=DISK_GB%3A1%2CMEMORY_MB%3A512%2CVCPU%3A1&root_required=%21COMPUTE_STATUS_DISABLED => generated 2783 bytes in 56 msecs (HTTP/1.1 200) 8 headers in 297 bytes (1 switches on core 0)
2026-04-28 14:45:16.607 7 INFO placement.requestlog [req-def48379-d1fe-4f16-a603-6ac18a3d03db req-db1a4857-2859-4dc0-9733-f12e9ca93915 cb1a97e508a1401995dcf6b282993821 70bdd7a9e2be406fbcb95102da071ce1 - - e87fb87d559d4aa8a43ad9feb0f0f19f e87fb87d559d4aa8a43ad9feb0f0f19f] 10.0.0.43 "GET /allocations/4cc90cf8-7e21-4f9c-a7c4-4c5da6681f38" status: 200 len: 19 microversion: 1.28 [pid: 7|app: 0|req: 341/675] 10.0.0.43 () {34 vars in 859 bytes} [Tue Apr 28 14:45:16 2026] GET /allocations/4cc90cf8-7e21-4f9c-a7c4-4c5da6681f38 => generated 19 bytes in 12 msecs (HTTP/1.1 200) 8 headers in 295 bytes (1 switches on core 0)
2026-04-28 14:45:16.673 8 INFO placement.requestlog [req-def48379-d1fe-4f16-a603-6ac18a3d03db req-0f29fd39-e6c8-4312-92d2-2d825a6f7cce cb1a97e508a1401995dcf6b282993821 70bdd7a9e2be406fbcb95102da071ce1 - - e87fb87d559d4aa8a43ad9feb0f0f19f e87fb87d559d4aa8a43ad9feb0f0f19f] 10.0.0.43 "PUT /allocations/4cc90cf8-7e21-4f9c-a7c4-4c5da6681f38" status: 204 len: 0 microversion: 1.36 [pid: 8|app: 0|req: 335/676] 10.0.0.43 () {38 vars in 912 bytes} [Tue Apr 28 14:45:16 2026] PUT /allocations/4cc90cf8-7e21-4f9c-a7c4-4c5da6681f38 => generated 0 bytes in 60 msecs (HTTP/1.1 204) 5 headers in 199 bytes (1 switches on core 0)
2026-04-28 14:45:18.256 7 INFO placement.requestlog [req-def48379-d1fe-4f16-a603-6ac18a3d03db req-c0eef470-06f1-495a-8605-89e2fc88d6e2 cb1a97e508a1401995dcf6b282993821 70bdd7a9e2be406fbcb95102da071ce1 - - e87fb87d559d4aa8a43ad9feb0f0f19f e87fb87d559d4aa8a43ad9feb0f0f19f] 199.204.45.109 "GET /allocations/4cc90cf8-7e21-4f9c-a7c4-4c5da6681f38" status: 200 len: 257 microversion: 1.28 [pid: 7|app: 0|req: 342/677] 199.204.45.109 () {34 vars in 862 bytes} [Tue Apr 28 14:45:18 2026] GET /allocations/4cc90cf8-7e21-4f9c-a7c4-4c5da6681f38 => generated 257 bytes in 22 msecs (HTTP/1.1 200) 8 headers in 296 bytes (1 switches on core 0)
2026-04-28 14:45:19.301 8 INFO placement.requestlog [req-def48379-d1fe-4f16-a603-6ac18a3d03db req-0a483f73-52be-4809-a7ba-43d9d2b1ed0d cb1a97e508a1401995dcf6b282993821 70bdd7a9e2be406fbcb95102da071ce1 - - e87fb87d559d4aa8a43ad9feb0f0f19f e87fb87d559d4aa8a43ad9feb0f0f19f] 199.204.45.109 "GET /resource_providers/69e3411c-4194-4a18-ae15-f2efbfdd58e3/allocations" status: 200 len: 252 microversion: 1.0 [pid: 8|app: 0|req: 336/678] 199.204.45.109 () {32 vars in 856 bytes} [Tue Apr 28 14:45:19 2026] GET /resource_providers/69e3411c-4194-4a18-ae15-f2efbfdd58e3/allocations => generated 252 bytes in 19 msecs (HTTP/1.1 200) 6 headers in 224 bytes (1 switches on core 0)
2026-04-28 14:45:19.319 7 INFO placement.requestlog [req-def48379-d1fe-4f16-a603-6ac18a3d03db req-afa561aa-a8f2-4e49-b3e3-8979535abcb1 cb1a97e508a1401995dcf6b282993821 70bdd7a9e2be406fbcb95102da071ce1 - - e87fb87d559d4aa8a43ad9feb0f0f19f e87fb87d559d4aa8a43ad9feb0f0f19f] 199.204.45.109 "GET /allocations/19c33412-8e8e-4433-bf95-32f390ac8a1d" status: 200 len: 257 microversion: 1.28 [pid: 7|app: 0|req: 343/679] 199.204.45.109 () {34 vars in 862 bytes} [Tue Apr 28 14:45:19 2026] GET /allocations/19c33412-8e8e-4433-bf95-32f390ac8a1d => generated 257 bytes in 13 msecs (HTTP/1.1 200) 8 headers in 296 bytes (1 switches on core 0)
2026-04-28 14:45:19.335 8 INFO placement.requestlog [req-def48379-d1fe-4f16-a603-6ac18a3d03db req-c284756b-906e-4135-b895-6d4d71a59856 cb1a97e508a1401995dcf6b282993821 70bdd7a9e2be406fbcb95102da071ce1 - - e87fb87d559d4aa8a43ad9feb0f0f19f e87fb87d559d4aa8a43ad9feb0f0f19f] 199.204.45.109 "GET /allocations/4cc90cf8-7e21-4f9c-a7c4-4c5da6681f38" status: 200 len: 257 microversion: 1.28 [pid: 8|app: 0|req: 337/680] 199.204.45.109 () {34 vars in 862 bytes} [Tue Apr 28 14:45:19 2026] GET /allocations/4cc90cf8-7e21-4f9c-a7c4-4c5da6681f38 => generated 257 bytes in 12 msecs (HTTP/1.1 200) 8 headers in 296 bytes (1 switches on core 0)
2026-04-28 14:45:20.201 7 INFO placement.requestlog [req-215505ff-e59a-4ab7-9134-c06ff371accf req-a397c5c0-782f-4b59-8013-3da490c093d7 cb1a97e508a1401995dcf6b282993821 70bdd7a9e2be406fbcb95102da071ce1 - - e87fb87d559d4aa8a43ad9feb0f0f19f e87fb87d559d4aa8a43ad9feb0f0f19f] 10.0.0.43 "GET /allocation_candidates?limit=1000&resources=MEMORY_MB%3A512%2CVCPU%3A1&root_required=%21COMPUTE_STATUS_DISABLED" status: 200 len: 2770 microversion: 1.36 [pid: 7|app: 0|req: 344/681] 10.0.0.43 () {34 vars in 982 bytes} [Tue Apr 28 14:45:20 2026] GET /allocation_candidates?limit=1000&resources=MEMORY_MB%3A512%2CVCPU%3A1&root_required=%21COMPUTE_STATUS_DISABLED => generated 2770 bytes in 48 msecs (HTTP/1.1 200) 8 headers in 297 bytes (1 switches on core 0)
2026-04-28 14:45:20.229 8 INFO placement.requestlog [req-215505ff-e59a-4ab7-9134-c06ff371accf req-893d82a0-f579-44ed-a76d-66aacea284b3 cb1a97e508a1401995dcf6b282993821 70bdd7a9e2be406fbcb95102da071ce1 - - e87fb87d559d4aa8a43ad9feb0f0f19f e87fb87d559d4aa8a43ad9feb0f0f19f] 10.0.0.43 "GET /allocations/2a5890a2-41b6-4229-8eeb-4147844df055" status: 200 len: 19 microversion: 1.28 [pid: 8|app: 0|req: 338/682] 10.0.0.43 () {34 vars in 859 bytes} [Tue Apr 28 14:45:20 2026] GET /allocations/2a5890a2-41b6-4229-8eeb-4147844df055 => generated 19 bytes in 8 msecs (HTTP/1.1 200) 8 headers in 295 bytes (1 switches on core 0)
2026-04-28 14:45:20.286 7 INFO placement.requestlog [req-215505ff-e59a-4ab7-9134-c06ff371accf req-6ef5f2f3-6212-4f77-b7d3-39a82e758e9f cb1a97e508a1401995dcf6b282993821 70bdd7a9e2be406fbcb95102da071ce1 - - e87fb87d559d4aa8a43ad9feb0f0f19f e87fb87d559d4aa8a43ad9feb0f0f19f] 10.0.0.43 "PUT /allocations/2a5890a2-41b6-4229-8eeb-4147844df055" status: 204 len: 0 microversion: 1.36 [pid: 7|app: 0|req: 345/683] 10.0.0.43 () {38 vars in 912 bytes} [Tue Apr 28 14:45:20 2026] PUT /allocations/2a5890a2-41b6-4229-8eeb-4147844df055 => generated 0 bytes in 53 msecs (HTTP/1.1 204) 5 headers in 199 bytes (1 switches on core 0)
2026-04-28 14:45:21.178 7 INFO placement.requestlog [None req-597c838f-dd31-4ac6-bd8d-6cea245b1112 - - - - - -] 10.0.0.90 "GET /" status: 200 len: 136 microversion: 1.0
2026-04-28 14:45:21.178 8 INFO placement.requestlog [None req-4bc096f0-a45d-4a63-805c-168fc808cb5a - - - - - -] 10.0.0.90 "GET /" status: 200 len: 136 microversion: 1.0
2026-04-28 14:45:21.783 8 INFO placement.requestlog [req-215505ff-e59a-4ab7-9134-c06ff371accf req-6e4286eb-fd5b-4629-992b-b2e2d044da9e cb1a97e508a1401995dcf6b282993821 70bdd7a9e2be406fbcb95102da071ce1 - - e87fb87d559d4aa8a43ad9feb0f0f19f e87fb87d559d4aa8a43ad9feb0f0f19f] 199.204.45.109 "GET /allocations/2a5890a2-41b6-4229-8eeb-4147844df055" status: 200 len: 243 microversion: 1.28 [pid: 8|app: 0|req: 340/686] 199.204.45.109 () {34 vars in 862 bytes} [Tue Apr 28 14:45:21 2026] GET /allocations/2a5890a2-41b6-4229-8eeb-4147844df055 => generated 243 bytes in 14 msecs (HTTP/1.1 200) 8 headers in 296 bytes (1 switches on core 0)
2026-04-28 14:45:22.817 7 INFO placement.requestlog [req-215505ff-e59a-4ab7-9134-c06ff371accf req-f9195e54-e6c4-4416-a230-29efaccd7937 cb1a97e508a1401995dcf6b282993821 70bdd7a9e2be406fbcb95102da071ce1 - - e87fb87d559d4aa8a43ad9feb0f0f19f e87fb87d559d4aa8a43ad9feb0f0f19f] 199.204.45.109 "GET /resource_providers/69e3411c-4194-4a18-ae15-f2efbfdd58e3/allocations" status: 200 len: 338 microversion: 1.0 [pid: 7|app: 0|req: 347/687] 199.204.45.109 () {32 vars in 856 bytes} [Tue Apr 28 14:45:22 2026] GET /resource_providers/69e3411c-4194-4a18-ae15-f2efbfdd58e3/allocations => generated 338 bytes in 14 msecs (HTTP/1.1 200) 6 headers in 224 bytes (1 switches on core 0)
2026-04-28 14:45:22.834 8 INFO placement.requestlog [req-215505ff-e59a-4ab7-9134-c06ff371accf req-1d38c2c4-4cc7-4bf4-b7a8-34b2053bc4b1 cb1a97e508a1401995dcf6b282993821 70bdd7a9e2be406fbcb95102da071ce1 - - e87fb87d559d4aa8a43ad9feb0f0f19f e87fb87d559d4aa8a43ad9feb0f0f19f] 199.204.45.109 "GET /allocations/2a5890a2-41b6-4229-8eeb-4147844df055" status: 200 len: 243 microversion: 1.28 [pid: 8|app: 0|req: 341/688] 199.204.45.109 () {34 vars in 862 bytes} [Tue Apr 28 14:45:22 2026] GET /allocations/2a5890a2-41b6-4229-8eeb-4147844df055 => generated 243 bytes in 11 msecs (HTTP/1.1 200) 8 headers in 296 bytes (1 switches on core 0)
2026-04-28 14:45:22.849 7 INFO placement.requestlog [req-215505ff-e59a-4ab7-9134-c06ff371accf req-3be25257-01fa-44f6-a3bb-0fb9799ba685 cb1a97e508a1401995dcf6b282993821 70bdd7a9e2be406fbcb95102da071ce1 - - e87fb87d559d4aa8a43ad9feb0f0f19f e87fb87d559d4aa8a43ad9feb0f0f19f] 199.204.45.109 "GET /allocations/19c33412-8e8e-4433-bf95-32f390ac8a1d" status: 200 len: 257 microversion: 1.28 [pid: 7|app: 0|req: 348/689] 199.204.45.109 () {34 vars in 862 bytes} [Tue Apr 28 14:45:22 2026] GET /allocations/19c33412-8e8e-4433-bf95-32f390ac8a1d => generated 257 bytes in 10 msecs (HTTP/1.1 200) 8 headers in 296 bytes (1 switches on core 0)
2026-04-28 14:45:22.868 8 INFO placement.requestlog [req-215505ff-e59a-4ab7-9134-c06ff371accf req-c50d831a-d27b-4955-aded-8dfb8ce3c71b cb1a97e508a1401995dcf6b282993821 70bdd7a9e2be406fbcb95102da071ce1 - - e87fb87d559d4aa8a43ad9feb0f0f19f e87fb87d559d4aa8a43ad9feb0f0f19f] 199.204.45.109 "GET /allocations/4cc90cf8-7e21-4f9c-a7c4-4c5da6681f38" status: 200 len: 257 microversion: 1.28 [pid: 8|app: 0|req: 342/690] 199.204.45.109 () {34 vars in 862 bytes} [Tue Apr 28 14:45:22 2026] GET /allocations/4cc90cf8-7e21-4f9c-a7c4-4c5da6681f38 => generated 257 bytes in 12 msecs (HTTP/1.1 200) 8 headers in 296 bytes (1 switches on core 0)
2026-04-28 14:45:27.378 7 INFO placement.requestlog [req-65955aee-849d-4401-83f2-76731a345dc4 req-3c2ef19a-4e7f-4f95-a7ef-b021c7a0d29d cb1a97e508a1401995dcf6b282993821 70bdd7a9e2be406fbcb95102da071ce1 - - e87fb87d559d4aa8a43ad9feb0f0f19f e87fb87d559d4aa8a43ad9feb0f0f19f] 199.204.45.109 "GET /resource_providers/69e3411c-4194-4a18-ae15-f2efbfdd58e3/allocations" status: 200 len: 338 microversion: 1.0 [pid: 7|app: 0|req: 349/691] 199.204.45.109 () {32 vars in 856 bytes} [Tue Apr 28 14:45:27 2026] GET /resource_providers/69e3411c-4194-4a18-ae15-f2efbfdd58e3/allocations => generated 338 bytes in 18 msecs (HTTP/1.1 200) 6 headers in 224 bytes (1 switches on core 0)
2026-04-28 14:45:27.408 8 INFO placement.requestlog [req-65955aee-849d-4401-83f2-76731a345dc4 req-158150a0-a2a4-4a24-b702-9b5a4bf2a13f cb1a97e508a1401995dcf6b282993821 70bdd7a9e2be406fbcb95102da071ce1 - - e87fb87d559d4aa8a43ad9feb0f0f19f e87fb87d559d4aa8a43ad9feb0f0f19f] 199.204.45.109 "GET /resource_providers/69e3411c-4194-4a18-ae15-f2efbfdd58e3/allocations" status: 200 len: 338 microversion: 1.0 [pid: 8|app: 0|req: 343/692] 199.204.45.109 () {32 vars in 856 bytes} [Tue Apr 28 14:45:27 2026] GET /resource_providers/69e3411c-4194-4a18-ae15-f2efbfdd58e3/allocations => generated 338 bytes in 22 msecs (HTTP/1.1 200) 6 headers in 224 bytes (1 switches on core 0)
2026-04-28 14:45:27.429 7 INFO placement.requestlog [req-65955aee-849d-4401-83f2-76731a345dc4 req-76046361-8468-49aa-8fcc-d05175f9ef02 cb1a97e508a1401995dcf6b282993821 70bdd7a9e2be406fbcb95102da071ce1 - - e87fb87d559d4aa8a43ad9feb0f0f19f e87fb87d559d4aa8a43ad9feb0f0f19f] 199.204.45.109 "GET /allocations/2a5890a2-41b6-4229-8eeb-4147844df055" status: 200 len: 243 microversion: 1.28 [pid: 7|app: 0|req: 350/693] 199.204.45.109 () {34 vars in 862 bytes} [Tue Apr 28 14:45:27 2026] GET /allocations/2a5890a2-41b6-4229-8eeb-4147844df055 => generated 243 bytes in 15 msecs (HTTP/1.1 200) 8 headers in 296 bytes (1 switches on core 0)
2026-04-28 14:45:27.446 8 INFO placement.requestlog [req-65955aee-849d-4401-83f2-76731a345dc4 req-0e4f3d62-2c94-4263-92fb-149190ef735b cb1a97e508a1401995dcf6b282993821 70bdd7a9e2be406fbcb95102da071ce1 - - e87fb87d559d4aa8a43ad9feb0f0f19f e87fb87d559d4aa8a43ad9feb0f0f19f] 199.204.45.109 "GET /allocations/19c33412-8e8e-4433-bf95-32f390ac8a1d" status: 200 len: 257 microversion: 1.28 [pid: 8|app: 0|req: 344/694] 199.204.45.109 () {34 vars in 862 bytes} [Tue Apr 28 14:45:27 2026] GET /allocations/19c33412-8e8e-4433-bf95-32f390ac8a1d => generated 257 bytes in 13 msecs (HTTP/1.1 200) 8 headers in 296 bytes (1 switches on core 0)
2026-04-28 14:45:27.463 7 INFO placement.requestlog [req-65955aee-849d-4401-83f2-76731a345dc4 req-cd3ae451-fb1e-4cbe-9782-e3b6ff36a5d0 cb1a97e508a1401995dcf6b282993821 70bdd7a9e2be406fbcb95102da071ce1 - - e87fb87d559d4aa8a43ad9feb0f0f19f e87fb87d559d4aa8a43ad9feb0f0f19f] 199.204.45.109 "GET /allocations/4cc90cf8-7e21-4f9c-a7c4-4c5da6681f38" status: 200 len: 257 microversion: 1.28 [pid: 7|app: 0|req: 351/695] 199.204.45.109 () {34 vars in 862 bytes} [Tue Apr 28 14:45:27 2026] GET /allocations/4cc90cf8-7e21-4f9c-a7c4-4c5da6681f38 => generated 257 bytes in 12 msecs (HTTP/1.1 200) 8 headers in 296 bytes (1 switches on core 0)
2026-04-28 14:45:31.178 8 INFO placement.requestlog [None req-f5f2a9c2-2c88-4bcd-b93e-d1a3f2199629 - - - - - -] 10.0.0.90 "GET /" status: 200 len: 136 microversion: 1.0
2026-04-28 14:45:31.179 7 INFO placement.requestlog [None req-b2168a1a-7506-42d8-90b2-6f79b062789d - - - - - -] 10.0.0.90 "GET /" status: 200 len: 136 microversion: 1.0
2026-04-28 14:45:32.768 8 INFO placement.requestlog [req-3db23960-7164-4127-88b7-6e4dfc9ce740 req-db89bcaa-952b-4811-b14a-5aa4367c8570 cb1a97e508a1401995dcf6b282993821 70bdd7a9e2be406fbcb95102da071ce1 - - e87fb87d559d4aa8a43ad9feb0f0f19f e87fb87d559d4aa8a43ad9feb0f0f19f] 199.204.45.109 "GET /resource_providers/69e3411c-4194-4a18-ae15-f2efbfdd58e3/allocations" status: 200 len: 338 microversion: 1.0 [pid: 8|app: 0|req: 346/698] 199.204.45.109 () {32 vars in 856 bytes} [Tue Apr 28 14:45:32 2026] GET /resource_providers/69e3411c-4194-4a18-ae15-f2efbfdd58e3/allocations => generated 338 bytes in 15 msecs (HTTP/1.1 200) 6 headers in 224 bytes (1 switches on core 0)
2026-04-28 14:45:32.787 7 INFO placement.requestlog [req-3db23960-7164-4127-88b7-6e4dfc9ce740 req-9a4309f7-8b39-4b05-8fdf-ce090045b8a8 cb1a97e508a1401995dcf6b282993821 70bdd7a9e2be406fbcb95102da071ce1 - - e87fb87d559d4aa8a43ad9feb0f0f19f e87fb87d559d4aa8a43ad9feb0f0f19f] 199.204.45.109 "GET /allocations/2a5890a2-41b6-4229-8eeb-4147844df055" status: 200 len: 243 microversion: 1.28 [pid: 7|app: 0|req: 353/699] 199.204.45.109 () {34 vars in 862 bytes} [Tue Apr 28 14:45:32 2026] GET /allocations/2a5890a2-41b6-4229-8eeb-4147844df055 => generated 243 bytes in 14 msecs (HTTP/1.1 200) 8 headers in 296 bytes (1 switches on core 0)
2026-04-28 14:45:32.804 8 INFO placement.requestlog [req-3db23960-7164-4127-88b7-6e4dfc9ce740 req-02952cf7-7ee2-4b9a-98d3-8ed20721641c cb1a97e508a1401995dcf6b282993821 70bdd7a9e2be406fbcb95102da071ce1 - - e87fb87d559d4aa8a43ad9feb0f0f19f e87fb87d559d4aa8a43ad9feb0f0f19f] 199.204.45.109 "GET /allocations/19c33412-8e8e-4433-bf95-32f390ac8a1d" status: 200 len: 257 microversion: 1.28 [pid: 8|app: 0|req: 347/700] 199.204.45.109 () {34 vars in 862 bytes} [Tue Apr 28 14:45:32 2026] GET /allocations/19c33412-8e8e-4433-bf95-32f390ac8a1d => generated 257 bytes in 10 msecs (HTTP/1.1 200) 8 headers in 296 bytes (1 switches on core 0)
2026-04-28 14:45:32.829 7 INFO placement.requestlog [req-3db23960-7164-4127-88b7-6e4dfc9ce740 req-5ec996f2-4b6d-41a7-8beb-40a82e2ccbfc cb1a97e508a1401995dcf6b282993821 70bdd7a9e2be406fbcb95102da071ce1 - - e87fb87d559d4aa8a43ad9feb0f0f19f e87fb87d559d4aa8a43ad9feb0f0f19f] 199.204.45.109 "GET /allocations/4cc90cf8-7e21-4f9c-a7c4-4c5da6681f38" status: 200 len: 257 microversion: 1.28 [pid: 7|app: 0|req: 354/701] 199.204.45.109 () {34 vars in 862 bytes} [Tue Apr 28 14:45:32 2026] GET /allocations/4cc90cf8-7e21-4f9c-a7c4-4c5da6681f38 => generated 257 bytes in 16 msecs (HTTP/1.1 200) 8 headers in 296 bytes (1 switches on core 0)
2026-04-28 14:45:33.882 8 INFO placement.requestlog [req-3db23960-7164-4127-88b7-6e4dfc9ce740 req-13ca9be1-6b75-41b9-8fce-aea2e5c8d2c4 cb1a97e508a1401995dcf6b282993821 70bdd7a9e2be406fbcb95102da071ce1 - - e87fb87d559d4aa8a43ad9feb0f0f19f e87fb87d559d4aa8a43ad9feb0f0f19f] 199.204.45.109 "DELETE /allocations/19c33412-8e8e-4433-bf95-32f390ac8a1d" status: 204 len: 0 microversion: 1.0 [pid: 8|app: 0|req: 348/702] 199.204.45.109 () {34 vars in 840 bytes} [Tue Apr 28 14:45:33 2026] DELETE /allocations/19c33412-8e8e-4433-bf95-32f390ac8a1d => generated 0 bytes in 27 msecs (HTTP/1.1 204) 5 headers in 198 bytes (1 switches on core 0)
2026-04-28 14:45:37.838 7 INFO placement.requestlog [None req-abd0c940-abb1-4a80-8d6c-34b4ee3901a8 572c3e3d0b294accaad9a72bb8fa0c68 70bdd7a9e2be406fbcb95102da071ce1 - - e87fb87d559d4aa8a43ad9feb0f0f19f e87fb87d559d4aa8a43ad9feb0f0f19f] 10.0.0.167 "GET /resource_providers/f90d6422-a98b-4839-99d8-9870da5a4635/aggregates" status: 404 len: 235 microversion: 1.1 [pid: 7|app: 0|req: 355/703] 10.0.0.167 () {32 vars in 815 bytes} [Tue Apr 28 14:45:37 2026] GET /resource_providers/f90d6422-a98b-4839-99d8-9870da5a4635/aggregates => generated 235 bytes in 13 msecs (HTTP/1.1 404) 5 headers in 202 bytes (1 switches on core 0)
2026-04-28 14:45:37.840 8 INFO placement.requestlog [None req-1d31fc60-2e29-45dc-9794-6fceb2ea2870 572c3e3d0b294accaad9a72bb8fa0c68 70bdd7a9e2be406fbcb95102da071ce1 - - e87fb87d559d4aa8a43ad9feb0f0f19f e87fb87d559d4aa8a43ad9feb0f0f19f] 10.0.0.167 "GET /resource_providers/f90d6422-a98b-4839-99d8-9870da5a4635/aggregates" status: 404 len: 235 microversion: 1.1 [pid: 8|app: 0|req: 349/704] 10.0.0.167 () {32 vars in 815 bytes} [Tue Apr 28 14:45:37 2026] GET /resource_providers/f90d6422-a98b-4839-99d8-9870da5a4635/aggregates => generated 235 bytes in 10 msecs (HTTP/1.1 404) 5 headers in 202 bytes (1 switches on core 0)
2026-04-28 14:45:37.878 8 INFO placement.requestlog [None req-0412b2d7-296d-4d6d-a16c-37511615e853 572c3e3d0b294accaad9a72bb8fa0c68 70bdd7a9e2be406fbcb95102da071ce1 - - e87fb87d559d4aa8a43ad9feb0f0f19f e87fb87d559d4aa8a43ad9feb0f0f19f] 10.0.0.167 "DELETE /resource_providers/f90d6422-a98b-4839-99d8-9870da5a4635" status: 404 len: 246 microversion: 1.1 [pid: 8|app: 0|req: 350/705] 10.0.0.167 () {34 vars in 815 bytes} [Tue Apr 28 14:45:37 2026] DELETE /resource_providers/f90d6422-a98b-4839-99d8-9870da5a4635 => generated 246 bytes in 6 msecs (HTTP/1.1 404) 6 headers in 231 bytes (1 switches on core 0)
2026-04-28 14:45:37.882 7 INFO placement.requestlog [None req-69e4446d-c9e0-431b-8c61-a63fd8934461 572c3e3d0b294accaad9a72bb8fa0c68 70bdd7a9e2be406fbcb95102da071ce1 - - e87fb87d559d4aa8a43ad9feb0f0f19f e87fb87d559d4aa8a43ad9feb0f0f19f] 10.0.0.167 "DELETE /resource_providers/f90d6422-a98b-4839-99d8-9870da5a4635" status: 404 len: 246 microversion: 1.1 [pid: 7|app: 0|req: 356/706] 10.0.0.167 () {34 vars in 815 bytes} [Tue Apr 28 14:45:37 2026] DELETE /resource_providers/f90d6422-a98b-4839-99d8-9870da5a4635 => generated 246 bytes in 17 msecs (HTTP/1.1 404) 6 headers in 231 bytes (1 switches on core 0)
2026-04-28 14:45:39.893 8 INFO placement.requestlog [None req-edb2677c-13ed-4d86-a225-37c54e46b7e9 572c3e3d0b294accaad9a72bb8fa0c68 70bdd7a9e2be406fbcb95102da071ce1 - - e87fb87d559d4aa8a43ad9feb0f0f19f e87fb87d559d4aa8a43ad9feb0f0f19f] 10.0.0.167 "GET /resource_providers/9c8ed54d-342a-4398-9b93-3ca71f134ace/aggregates" status: 404 len: 235 microversion: 1.1 [pid: 8|app: 0|req: 351/707] 10.0.0.167 () {32 vars in 815 bytes} [Tue Apr 28 14:45:39 2026] GET /resource_providers/9c8ed54d-342a-4398-9b93-3ca71f134ace/aggregates => generated 235 bytes in 7 msecs (HTTP/1.1 404) 5 headers in 202 bytes (1 switches on core 0)
2026-04-28 14:45:39.906 8 INFO placement.requestlog [None req-1fe05237-5e81-412e-ba81-3b22bf632251 572c3e3d0b294accaad9a72bb8fa0c68 70bdd7a9e2be406fbcb95102da071ce1 - - e87fb87d559d4aa8a43ad9feb0f0f19f e87fb87d559d4aa8a43ad9feb0f0f19f] 10.0.0.167 "DELETE /resource_providers/9c8ed54d-342a-4398-9b93-3ca71f134ace" status: 404 len: 246 microversion: 1.1 [pid: 8|app: 0|req: 352/708] 10.0.0.167 () {34 vars in 815 bytes} [Tue Apr 28 14:45:39 2026] DELETE /resource_providers/9c8ed54d-342a-4398-9b93-3ca71f134ace => generated 246 bytes in 7 msecs (HTTP/1.1 404) 6 headers in 231 bytes (1 switches on core 0)
2026-04-28 14:45:39.908 7 INFO placement.requestlog [None req-7d11794a-21ff-40f4-95e3-0c4290995156 572c3e3d0b294accaad9a72bb8fa0c68 70bdd7a9e2be406fbcb95102da071ce1 - - e87fb87d559d4aa8a43ad9feb0f0f19f e87fb87d559d4aa8a43ad9feb0f0f19f] 10.0.0.167 "GET /resource_providers/9c8ed54d-342a-4398-9b93-3ca71f134ace/aggregates" status: 404 len: 235 microversion: 1.1 [pid: 7|app: 0|req: 357/709] 10.0.0.167 () {32 vars in 815 bytes} [Tue Apr 28 14:45:39 2026] GET /resource_providers/9c8ed54d-342a-4398-9b93-3ca71f134ace/aggregates => generated 235 bytes in 15 msecs (HTTP/1.1 404) 5 headers in 202 bytes (1 switches on core 0)
