2026-04-28 14:49:16.930 7 INFO neutron.plugins.ml2.drivers.ovn.mech_driver.mech_driver [None req-8b5fbdb2-d418-415f-9080-971aa4dc268b - - - - - -] OVN reports status down for port: cc9c776a-d027-4460-8959-ca9f54eebd27
2026-04-28 14:49:17.050 7 INFO neutron.db.ovn_revision_numbers_db [None req-6a23f4c6-d0bc-4eb1-8d96-1203252f94e5 b69c2387c86b41beadff9bc19db5952c af8d7bd338fa479ebe93d8081cf92349 - - default default] Successfully bumped revision number for resource ce0885cc-47a3-40bc-a1fa-c5422a25cfe3 (type: networks) to 1
2026-04-28 14:49:17.253 7 WARNING neutron.scheduler.dhcp_agent_scheduler [None req-6a23f4c6-d0bc-4eb1-8d96-1203252f94e5 b69c2387c86b41beadff9bc19db5952c af8d7bd338fa479ebe93d8081cf92349 - - default default] No more DHCP agents
2026-04-28 14:49:17.254 7 WARNING neutron.api.rpc.agentnotifiers.dhcp_rpc_agent_api [None req-6a23f4c6-d0bc-4eb1-8d96-1203252f94e5 b69c2387c86b41beadff9bc19db5952c af8d7bd338fa479ebe93d8081cf92349 - - default default] Unable to schedule network ce0885cc-47a3-40bc-a1fa-c5422a25cfe3: no agents available; will retry on subsequent port and subnet creation events.
2026-04-28 14:49:17.258 8 INFO neutron.db.ovn_revision_numbers_db [None req-00f02b4c-41e9-41e4-aa15-72ecf5d34c63 1759b0a552f24e9cbc7c62cfe9079ec5 e3b42ac040d54fdbb4e07b62ddc1cc49 - - default default] Successfully bumped revision number for resource 2a047243-9806-4d1e-9016-5e9e45e98991 (type: routers) to 5 [pid: 8|app: 0|req: 1358/2563] 10.0.0.232 () {34 vars in 742 bytes} [Tue Apr 28 14:49:16 2026] PUT /v2.0/routers/2a047243-9806-4d1e-9016-5e9e45e98991 => generated 942 bytes in 785 msecs (HTTP/1.1 200) 4 headers in 157 bytes (1 switches on core 0)
2026-04-28 14:49:17.316 7 INFO neutron.plugins.ml2.drivers.ovn.mech_driver.mech_driver [None req-8b5fbdb2-d418-415f-9080-971aa4dc268b - - - - - -] OVN reports status down for port: e7a0cf03-be85-4871-8b76-ca10b5324046
2026-04-28 14:49:17.371 7 INFO neutron.db.ovn_revision_numbers_db [None req-6a23f4c6-d0bc-4eb1-8d96-1203252f94e5 b69c2387c86b41beadff9bc19db5952c af8d7bd338fa479ebe93d8081cf92349 - - default default] Successfully bumped revision number for resource e7a0cf03-be85-4871-8b76-ca10b5324046 (type: ports) to 1 [pid: 8|app: 0|req: 1359/2564] 10.0.0.232 () {32 vars in 736 bytes} [Tue Apr 28 14:49:17 2026] GET /v2.0/ports?device_id=2a047243-9806-4d1e-9016-5e9e45e98991 => generated 950 bytes in 104 msecs (HTTP/1.1 200) 4 headers in 157 bytes (1 switches on core 0) [pid: 7|app: 0|req: 1206/2565] 10.0.0.232 () {34 vars in 670 bytes} [Tue Apr 28 14:49:16 2026] POST /v2.0/networks => generated 652 bytes in 673 msecs (HTTP/1.1 201) 4 headers in 162 bytes (1 switches on core 0)
2026-04-28 14:49:17.628 7 WARNING neutron.scheduler.dhcp_agent_scheduler [None req-c01c4c40-327f-4413-a0ad-0a63e96594b8 b69c2387c86b41beadff9bc19db5952c af8d7bd338fa479ebe93d8081cf92349 - - default default] No more DHCP agents
2026-04-28 14:49:17.629 7 WARNING neutron.api.rpc.agentnotifiers.dhcp_rpc_agent_api [None req-c01c4c40-327f-4413-a0ad-0a63e96594b8 b69c2387c86b41beadff9bc19db5952c af8d7bd338fa479ebe93d8081cf92349 - - default default] Unable to schedule network ce0885cc-47a3-40bc-a1fa-c5422a25cfe3: no agents available; will retry on subsequent port and subnet creation events.
2026-04-28 14:49:17.658 7 INFO neutron.db.ovn_revision_numbers_db [None req-c01c4c40-327f-4413-a0ad-0a63e96594b8 b69c2387c86b41beadff9bc19db5952c af8d7bd338fa479ebe93d8081cf92349 - - default default] Successfully bumped revision number for resource b580b272-a219-4aa6-bab6-e66100eb0b5d (type: subnets) to 0
2026-04-28 14:49:17.668 8 INFO neutron_taas.services.taas.taas_plugin [None req-4f1c5efe-b396-42de-9060-b9223a6b4396 1759b0a552f24e9cbc7c62cfe9079ec5 e3b42ac040d54fdbb4e07b62ddc1cc49 - - default default] TaaS: Handle Delete Port: 2c7c3913-df34-48e6-9345-e899c672137b [pid: 7|app: 0|req: 1207/2566] 10.0.0.232 () {34 vars in 669 bytes} [Tue Apr 28 14:49:17 2026] POST /v2.0/subnets => generated 646 bytes in 245 msecs (HTTP/1.1 201) 4 headers in 162 bytes (1 switches on core 0)
2026-04-28 14:49:17.674 8 INFO neutron_taas.services.taas.tap_mirror_plugin [None req-4f1c5efe-b396-42de-9060-b9223a6b4396 1759b0a552f24e9cbc7c62cfe9079ec5 e3b42ac040d54fdbb4e07b62ddc1cc49 - - default default] Tap Mirror: Handle Delete Port: 2c7c3913-df34-48e6-9345-e899c672137b
2026-04-28 14:49:17.799 7 INFO neutron.db.ovn_revision_numbers_db [None req-0b58d432-96a3-478b-9b80-948700b27955 b69c2387c86b41beadff9bc19db5952c af8d7bd338fa479ebe93d8081cf92349 - - default default] Successfully bumped revision number for resource 3ff0f7eb-b973-46b1-91b1-76ec04f09100 (type: routers) to 1 [pid: 7|app: 0|req: 1208/2567] 10.0.0.232 () {34 vars in 669 bytes} [Tue Apr 28 14:49:17 2026] POST /v2.0/routers => generated 606 bytes in 137 msecs (HTTP/1.1 201) 4 headers in 162 bytes (1 switches on core 0)
2026-04-28 14:49:18.133 7 INFO neutron.services.segments.plugin [-] Segment 5d451f23-37a1-4f37-b782-175705866492 resource provider aggregate not found
2026-04-28 14:49:18.138 7 WARNING neutron.scheduler.dhcp_agent_scheduler [None req-bb404af6-c273-408a-ab00-8e8c04bbd2d1 b69c2387c86b41beadff9bc19db5952c af8d7bd338fa479ebe93d8081cf92349 - - default default] No more DHCP agents
2026-04-28 14:49:18.139 7 INFO neutron.services.segments.plugin [-] Segment 5d451f23-37a1-4f37-b782-175705866492 resource provider aggregate not found
2026-04-28 14:49:18.142 7 WARNING neutron.api.rpc.agentnotifiers.dhcp_rpc_agent_api [None req-bb404af6-c273-408a-ab00-8e8c04bbd2d1 b69c2387c86b41beadff9bc19db5952c af8d7bd338fa479ebe93d8081cf92349 - - default default] Unable to schedule network ce0885cc-47a3-40bc-a1fa-c5422a25cfe3: no agents available; will retry on subsequent port and subnet creation events.
2026-04-28 14:49:18.157 7 INFO neutron.services.segments.plugin [-] Segment 5d451f23-37a1-4f37-b782-175705866492 resource provider not found; error: Placement Client Error (4xx): {"errors": [{"status": 404, "title": "Not Found", "detail": "The resource could not be found.\n\n No resource provider with uuid 5d451f23-37a1-4f37-b782-175705866492 found for delete ", "request_id": "req-b3864aee-a471-4f00-8e6f-608981fab26c"}]}
2026-04-28 14:49:18.158 7 INFO neutron.services.segments.plugin [-] Segment 5d451f23-37a1-4f37-b782-175705866492 resource provider not found; error: Placement Client Error (4xx): {"errors": [{"status": 404, "title": "Not Found", "detail": "The resource could not be found.\n\n No resource provider with uuid 5d451f23-37a1-4f37-b782-175705866492 found for delete ", "request_id": "req-67b2fc31-9f5c-4ad0-beff-97085562798e"}]}
2026-04-28 14:49:18.247 8 INFO neutron.plugins.ml2.drivers.ovn.mech_driver.mech_driver [None req-ba38f2f9-f4df-45d8-a993-465b0fb81c6e - - - - - -] OVN reports status down for port: e41b6299-2f51-407a-9670-831a84c7acd5
2026-04-28 14:49:18.262 7 INFO neutron.db.ovn_revision_numbers_db [None req-bb404af6-c273-408a-ab00-8e8c04bbd2d1 b69c2387c86b41beadff9bc19db5952c af8d7bd338fa479ebe93d8081cf92349 - - default default] Successfully bumped revision number for resource e41b6299-2f51-407a-9670-831a84c7acd5 (type: ports) to 1 [pid: 7|app: 0|req: 1209/2568] 10.0.0.232 () {34 vars in 665 bytes} [Tue Apr 28 14:49:17 2026] POST /v2.0/ports => generated 964 bytes in 470 msecs (HTTP/1.1 201) 4 headers in 162 bytes (1 switches on core 0) /var/lib/openstack/lib/python3.12/site-packages/pycadf/identifier.py:70: UserWarning: Invalid uuid: neutron. To ensure interoperability, identifiers should be a valid uuid. warnings.warn(('Invalid uuid: %s. To ensure interoperability, ' [pid: 8|app: 0|req: 1360/2571] 10.0.0.232 () {34 vars in 789 bytes} [Tue Apr 28 14:49:17 2026] PUT /v2.0/routers/2a047243-9806-4d1e-9016-5e9e45e98991/remove_router_interface => generated 309 bytes in 919 msecs (HTTP/1.1 200) 4 headers in 157 bytes (1 switches on core 0) /var/lib/openstack/lib/python3.12/site-packages/pycadf/identifier.py:70: UserWarning: Invalid uuid: neutron. To ensure interoperability, identifiers should be a valid uuid. warnings.warn(('Invalid uuid: %s. To ensure interoperability, '
2026-04-28 14:49:18.660 8 INFO neutron_taas.services.taas.taas_plugin [None req-77627da0-65a2-4954-aab5-768ba6647a55 1759b0a552f24e9cbc7c62cfe9079ec5 e3b42ac040d54fdbb4e07b62ddc1cc49 - - default default] TaaS: Handle Delete Port: e9017df4-11a8-4d2f-b7ac-128deb605a15
2026-04-28 14:49:18.664 8 INFO neutron_taas.services.taas.tap_mirror_plugin [None req-77627da0-65a2-4954-aab5-768ba6647a55 1759b0a552f24e9cbc7c62cfe9079ec5 e3b42ac040d54fdbb4e07b62ddc1cc49 - - default default] Tap Mirror: Handle Delete Port: e9017df4-11a8-4d2f-b7ac-128deb605a15
2026-04-28 14:49:18.783 8 INFO neutron.plugins.ml2.drivers.ovn.mech_driver.mech_driver [None req-ba38f2f9-f4df-45d8-a993-465b0fb81c6e - - - - - -] OVN reports status up for port: e41b6299-2f51-407a-9670-831a84c7acd5
2026-04-28 14:49:18.803 7 INFO neutron.db.ovn_revision_numbers_db [None req-19c1e020-c3c7-4489-a984-0a50e6dd1259 b69c2387c86b41beadff9bc19db5952c af8d7bd338fa479ebe93d8081cf92349 - - default default] Successfully bumped revision number for resource e41b6299-2f51-407a-9670-831a84c7acd5 (type: ports) to 2
2026-04-28 14:49:18.811 8 INFO neutron.plugins.ml2.plugin [None req-ba38f2f9-f4df-45d8-a993-465b0fb81c6e - - - - - -] Attempt 1 to provision port e41b6299-2f51-407a-9670-831a84c7acd5
2026-04-28 14:49:18.815 7 INFO neutron.plugins.ml2.plugin [None req-19c1e020-c3c7-4489-a984-0a50e6dd1259 b69c2387c86b41beadff9bc19db5952c af8d7bd338fa479ebe93d8081cf92349 - - default default] Attempt 1 to provision port e41b6299-2f51-407a-9670-831a84c7acd5 [pid: 8|app: 0|req: 1361/2572] 10.0.0.232 () {32 vars in 724 bytes} [Tue Apr 28 14:49:18 2026] DELETE /v2.0/routers/2a047243-9806-4d1e-9016-5e9e45e98991 => generated 0 bytes in 1014 msecs (HTTP/1.1 204) 2 headers in 112 bytes (1 switches on core 0)
2026-04-28 14:49:19.361 8 INFO neutron.api.v2.resource [None req-639a793e-c302-4363-9ba3-7087340745fc 1759b0a552f24e9cbc7c62cfe9079ec5 e3b42ac040d54fdbb4e07b62ddc1cc49 - - default default] show failed (client error): The resource could not be found. [pid: 8|app: 0|req: 1362/2573] 10.0.0.232 () {32 vars in 721 bytes} [Tue Apr 28 14:49:19 2026] GET /v2.0/routers/1e0f2bc0-e4ab-40df-8090-efabde6cd8f3 => generated 135 bytes in 44 msecs (HTTP/1.1 404) 4 headers in 164 bytes (1 switches on core 0)
2026-04-28 14:49:19.450 8 INFO neutron.db.ovn_revision_numbers_db [None req-ba38f2f9-f4df-45d8-a993-465b0fb81c6e - - - - - -] Successfully bumped revision number for resource e41b6299-2f51-407a-9670-831a84c7acd5 (type: ports) to 3 [pid: 8|app: 0|req: 1363/2574] 10.0.0.232 () {32 vars in 724 bytes} [Tue Apr 28 14:49:19 2026] DELETE /v2.0/subnets/7b81d547-c4ba-4cb4-bfa4-668934e1b01e => generated 0 bytes in 265 msecs (HTTP/1.1 204) 3 headers in 131 bytes (1 switches on core 0) /var/lib/openstack/lib/python3.12/site-packages/pycadf/identifier.py:70: UserWarning: Invalid uuid: neutron. To ensure interoperability, identifiers should be a valid uuid. warnings.warn(('Invalid uuid: %s. To ensure interoperability, ' [pid: 8|app: 0|req: 1364/2575] 10.0.0.232 () {32 vars in 724 bytes} [Tue Apr 28 14:49:19 2026] DELETE /v2.0/subnets/961e5b3f-55a9-4e8b-8abf-4f32e885897c => generated 0 bytes in 171 msecs (HTTP/1.1 204) 3 headers in 131 bytes (1 switches on core 0) [pid: 8|app: 0|req: 1365/2576] 10.0.0.232 () {32 vars in 724 bytes} [Tue Apr 28 14:49:19 2026] DELETE /v2.0/subnets/ac100038-3809-4766-b5bb-5d7c5c364ec4 => generated 0 bytes in 177 msecs (HTTP/1.1 204) 3 headers in 131 bytes (1 switches on core 0)
2026-04-28 14:49:20.009 8 INFO neutron.pecan_wsgi.hooks.translation [None req-ac1e8aec-58d9-484f-b318-124a0a5dad72 1759b0a552f24e9cbc7c62cfe9079ec5 e3b42ac040d54fdbb4e07b62ddc1cc49 - - default default] DELETE failed (client error): The resource could not be found. [pid: 8|app: 0|req: 1366/2577] 10.0.0.232 () {32 vars in 724 bytes} [Tue Apr 28 14:49:19 2026] DELETE /v2.0/subnets/4c2410f0-1ac5-4d05-ac36-a10d59e3120a => generated 136 bytes in 19 msecs (HTTP/1.1 404) 4 headers in 164 bytes (1 switches on core 0)
2026-04-28 14:49:20.117 7 WARNING neutron.scheduler.dhcp_agent_scheduler [None req-19c1e020-c3c7-4489-a984-0a50e6dd1259 b69c2387c86b41beadff9bc19db5952c af8d7bd338fa479ebe93d8081cf92349 - - default default] No more DHCP agents
2026-04-28 14:49:20.119 7 WARNING neutron.api.rpc.agentnotifiers.dhcp_rpc_agent_api [None req-19c1e020-c3c7-4489-a984-0a50e6dd1259 b69c2387c86b41beadff9bc19db5952c af8d7bd338fa479ebe93d8081cf92349 - - default default] Unable to schedule network ce0885cc-47a3-40bc-a1fa-c5422a25cfe3: no agents available; will retry on subsequent port and subnet creation events.
2026-04-28 14:49:20.148 8 INFO neutron_taas.services.taas.taas_plugin [None req-e888f734-4856-45a8-b92f-c9321249b3a2 1759b0a552f24e9cbc7c62cfe9079ec5 e3b42ac040d54fdbb4e07b62ddc1cc49 - - default default] TaaS: Handle Delete Port: 3d842a08-a4f0-42f9-a0f6-e15eded1a083
2026-04-28 14:49:20.151 8 INFO neutron_taas.services.taas.tap_mirror_plugin [None req-e888f734-4856-45a8-b92f-c9321249b3a2 1759b0a552f24e9cbc7c62cfe9079ec5 e3b42ac040d54fdbb4e07b62ddc1cc49 - - default default] Tap Mirror: Handle Delete Port: 3d842a08-a4f0-42f9-a0f6-e15eded1a083
2026-04-28 14:49:20.326 7 INFO neutron.db.ovn_revision_numbers_db [None req-19c1e020-c3c7-4489-a984-0a50e6dd1259 b69c2387c86b41beadff9bc19db5952c af8d7bd338fa479ebe93d8081cf92349 - - default default] Successfully bumped revision number for resource e41b6299-2f51-407a-9670-831a84c7acd5 (type: router_ports) to 3 [pid: 7|app: 0|req: 1212/2578] 10.0.0.232 () {34 vars in 783 bytes} [Tue Apr 28 14:49:18 2026] PUT /v2.0/routers/3ff0f7eb-b973-46b1-91b1-76ec04f09100/add_router_interface => generated 309 bytes in 2038 msecs (HTTP/1.1 200) 4 headers in 157 bytes (1 switches on core 0) /var/lib/openstack/lib/python3.12/site-packages/pycadf/identifier.py:70: UserWarning: Invalid uuid: neutron. To ensure interoperability, identifiers should be a valid uuid. warnings.warn(('Invalid uuid: %s. To ensure interoperability, '
2026-04-28 14:49:20.364 8 INFO neutron.services.segments.plugin [-] Segment 8e35ed93-5c23-4b87-9647-836cef28cc58 resource provider aggregate not found
2026-04-28 14:49:20.367 8 INFO neutron.services.segments.plugin [-] Segment 8e35ed93-5c23-4b87-9647-836cef28cc58 resource provider aggregate not found [pid: 7|app: 0|req: 1213/2579] 10.0.0.232 () {32 vars in 717 bytes} [Tue Apr 28 14:49:20 2026] GET /v2.0/ports/e41b6299-2f51-407a-9670-831a84c7acd5 => generated 1026 bytes in 39 msecs (HTTP/1.1 200) 4 headers in 158 bytes (1 switches on core 0)
2026-04-28 14:49:20.387 8 INFO neutron.services.segments.plugin [-] Segment 8e35ed93-5c23-4b87-9647-836cef28cc58 resource provider not found; error: Placement Client Error (4xx): {"errors": [{"status": 404, "title": "Not Found", "detail": "The resource could not be found.\n\n No resource provider with uuid 8e35ed93-5c23-4b87-9647-836cef28cc58 found for delete ", "request_id": "req-89b59f3c-0179-437c-859b-4eca1bb3649b"}]}
2026-04-28 14:49:20.392 8 INFO neutron.services.segments.plugin [-] Segment 8e35ed93-5c23-4b87-9647-836cef28cc58 resource provider not found; error: Placement Client Error (4xx): {"errors": [{"status": 404, "title": "Not Found", "detail": "The resource could not be found.\n\n No resource provider with uuid 8e35ed93-5c23-4b87-9647-836cef28cc58 found for delete ", "request_id": "req-57525ff9-f3f5-481c-9ce8-bb9f73bf2f3d"}]} [pid: 8|app: 0|req: 1367/2580] 10.0.0.232 () {32 vars in 726 bytes} [Tue Apr 28 14:49:20 2026] DELETE /v2.0/networks/788574ce-508f-4cb8-9f1e-5157bb7eb30b => generated 0 bytes in 404 msecs (HTTP/1.1 204) 3 headers in 131 bytes (1 switches on core 0)
2026-04-28 14:49:20.543 8 INFO neutron_taas.services.taas.taas_plugin [None req-050a527d-20bc-4533-a085-e294b05dc1e9 1759b0a552f24e9cbc7c62cfe9079ec5 e3b42ac040d54fdbb4e07b62ddc1cc49 - - default default] TaaS: Handle Delete Port: 477213e1-593f-42bc-9531-367d924791de
2026-04-28 14:49:20.547 8 INFO neutron_taas.services.taas.tap_mirror_plugin [None req-050a527d-20bc-4533-a085-e294b05dc1e9 1759b0a552f24e9cbc7c62cfe9079ec5 e3b42ac040d54fdbb4e07b62ddc1cc49 - - default default] Tap Mirror: Handle Delete Port: 477213e1-593f-42bc-9531-367d924791de
2026-04-28 14:49:20.700 7 INFO neutron_taas.services.taas.taas_plugin [None req-eb5fbf03-4e7f-457d-9011-92ae55ea7963 b69c2387c86b41beadff9bc19db5952c af8d7bd338fa479ebe93d8081cf92349 - - default default] TaaS: Handle Delete Port: e41b6299-2f51-407a-9670-831a84c7acd5
2026-04-28 14:49:20.705 7 INFO neutron_taas.services.taas.tap_mirror_plugin [None req-eb5fbf03-4e7f-457d-9011-92ae55ea7963 b69c2387c86b41beadff9bc19db5952c af8d7bd338fa479ebe93d8081cf92349 - - default default] Tap Mirror: Handle Delete Port: e41b6299-2f51-407a-9670-831a84c7acd5 [pid: 8|app: 0|req: 1368/2581] 10.0.0.232 () {32 vars in 726 bytes} [Tue Apr 28 14:49:20 2026] DELETE /v2.0/networks/03802eaf-0a98-4a1b-b601-7c45fc60f9d1 => generated 0 bytes in 347 msecs (HTTP/1.1 204) 3 headers in 131 bytes (1 switches on core 0) [pid: 7|app: 0|req: 1214/2582] 10.0.0.232 () {34 vars in 789 bytes} [Tue Apr 28 14:49:20 2026] PUT /v2.0/routers/3ff0f7eb-b973-46b1-91b1-76ec04f09100/remove_router_interface => generated 309 bytes in 704 msecs (HTTP/1.1 200) 4 headers in 157 bytes (1 switches on core 0) /var/lib/openstack/lib/python3.12/site-packages/pycadf/identifier.py:70: UserWarning: Invalid uuid: neutron. To ensure interoperability, identifiers should be a valid uuid. warnings.warn(('Invalid uuid: %s. To ensure interoperability, '
2026-04-28 14:49:21.160 8 INFO neutron.db.ovn_revision_numbers_db [None req-72ced5be-fa77-4760-a2f5-199a64fda610 7b0ece4aeb254ac6a74d5bfb5a35929a 63d3e79eaa3a42c1ac39a6ff5d2fe06d - - default default] Successfully bumped revision number for resource 5a65cc55-ebcf-4de5-a8e8-9dcbe15f43f7 (type: security_groups) to 1
2026-04-28 14:49:21.176 8 INFO neutron.db.ovn_revision_numbers_db [None req-72ced5be-fa77-4760-a2f5-199a64fda610 7b0ece4aeb254ac6a74d5bfb5a35929a 63d3e79eaa3a42c1ac39a6ff5d2fe06d - - default default] Successfully bumped revision number for resource 59027152-d81a-4136-847f-509e9b6bf2a2 (type: security_group_rules) to 0
2026-04-28 14:49:21.196 8 INFO neutron.db.ovn_revision_numbers_db [None req-72ced5be-fa77-4760-a2f5-199a64fda610 7b0ece4aeb254ac6a74d5bfb5a35929a 63d3e79eaa3a42c1ac39a6ff5d2fe06d - - default default] Successfully bumped revision number for resource 666ef2d9-52d4-4442-8a34-9a5e8a838d00 (type: security_group_rules) to 0
2026-04-28 14:49:21.210 8 INFO neutron.db.ovn_revision_numbers_db [None req-72ced5be-fa77-4760-a2f5-199a64fda610 7b0ece4aeb254ac6a74d5bfb5a35929a 63d3e79eaa3a42c1ac39a6ff5d2fe06d - - default default] Successfully bumped revision number for resource 7d6cca96-7f17-48f5-bf2d-00976704eff4 (type: security_group_rules) to 0
2026-04-28 14:49:21.221 7 INFO neutron_taas.services.taas.taas_plugin [None req-84a810f1-ef99-4cd0-b961-db571b52a1c8 1759b0a552f24e9cbc7c62cfe9079ec5 e3b42ac040d54fdbb4e07b62ddc1cc49 - - default default] TaaS: Handle Delete Port: 8289f6a4-ed60-4c22-b5ac-ac5fe664fe45
2026-04-28 14:49:21.223 8 INFO neutron.db.ovn_revision_numbers_db [None req-72ced5be-fa77-4760-a2f5-199a64fda610 7b0ece4aeb254ac6a74d5bfb5a35929a 63d3e79eaa3a42c1ac39a6ff5d2fe06d - - default default] Successfully bumped revision number for resource 9f6258f6-0f3b-457d-9470-ccc69668bc34 (type: security_group_rules) to 0
2026-04-28 14:49:21.225 7 INFO neutron_taas.services.taas.tap_mirror_plugin [None req-84a810f1-ef99-4cd0-b961-db571b52a1c8 1759b0a552f24e9cbc7c62cfe9079ec5 e3b42ac040d54fdbb4e07b62ddc1cc49 - - default default] Tap Mirror: Handle Delete Port: 8289f6a4-ed60-4c22-b5ac-ac5fe664fe45
2026-04-28 14:49:21.320 8 INFO neutron.db.segments_db [None req-72ced5be-fa77-4760-a2f5-199a64fda610 7b0ece4aeb254ac6a74d5bfb5a35929a 63d3e79eaa3a42c1ac39a6ff5d2fe06d - - default default] Added segment 14120c43-b5f5-4e64-a735-d6e93da0d3d8 of type geneve for network 174e89c0-f5b8-4dc8-9779-8e5d757edc49
2026-04-28 14:49:21.432 7 INFO neutron.services.segments.plugin [-] Segment d9099085-85f4-4d85-a9d4-7917ce67fa00 resource provider aggregate not found
2026-04-28 14:49:21.436 7 INFO neutron.services.segments.plugin [-] Segment d9099085-85f4-4d85-a9d4-7917ce67fa00 resource provider aggregate not found
2026-04-28 14:49:21.463 7 INFO neutron.services.segments.plugin [-] Segment d9099085-85f4-4d85-a9d4-7917ce67fa00 resource provider not found; error: Placement Client Error (4xx): {"errors": [{"status": 404, "title": "Not Found", "detail": "The resource could not be found.\n\n No resource provider with uuid d9099085-85f4-4d85-a9d4-7917ce67fa00 found for delete ", "request_id": "req-18d136e1-d5db-4a71-9681-e143a96686e7"}]}
2026-04-28 14:49:21.464 7 INFO neutron.services.segments.plugin [-] Segment d9099085-85f4-4d85-a9d4-7917ce67fa00 resource provider not found; error: Placement Client Error (4xx): {"errors": [{"status": 404, "title": "Not Found", "detail": "The resource could not be found.\n\n No resource provider with uuid d9099085-85f4-4d85-a9d4-7917ce67fa00 found for delete ", "request_id": "req-2a958093-f296-4013-9986-1d97c45b966b"}]}
2026-04-28 14:49:21.489 8 INFO neutron.db.ovn_revision_numbers_db [None req-72ced5be-fa77-4760-a2f5-199a64fda610 7b0ece4aeb254ac6a74d5bfb5a35929a 63d3e79eaa3a42c1ac39a6ff5d2fe06d - - default default] Successfully bumped revision number for resource 174e89c0-f5b8-4dc8-9779-8e5d757edc49 (type: networks) to 1 [pid: 7|app: 0|req: 1215/2583] 10.0.0.232 () {32 vars in 726 bytes} [Tue Apr 28 14:49:21 2026] DELETE /v2.0/networks/b6f1e0c3-de81-4594-a2b3-7ee27b505a55 => generated 0 bytes in 417 msecs (HTTP/1.1 204) 3 headers in 131 bytes (1 switches on core 0)
2026-04-28 14:49:21.554 7 INFO neutron.api.v2.resource [None req-73c17aca-46e5-410f-b90e-3cf6a63a8a72 b69c2387c86b41beadff9bc19db5952c af8d7bd338fa479ebe93d8081cf92349 - - default default] remove_router_interface failed (client error): The resource could not be found. [pid: 7|app: 0|req: 1216/2584] 10.0.0.232 () {34 vars in 789 bytes} [Tue Apr 28 14:49:21 2026] PUT /v2.0/routers/3ff0f7eb-b973-46b1-91b1-76ec04f09100/remove_router_interface => generated 197 bytes in 52 msecs (HTTP/1.1 404) 4 headers in 164 bytes (1 switches on core 0)
2026-04-28 14:49:21.566 7 INFO neutron.pecan_wsgi.hooks.translation [None req-da078c0a-cbe2-41a7-99b3-21e8b2b107e1 1759b0a552f24e9cbc7c62cfe9079ec5 e3b42ac040d54fdbb4e07b62ddc1cc49 - - default default] DELETE failed (client error): The resource could not be found. [pid: 7|app: 0|req: 1217/2585] 10.0.0.232 () {32 vars in 726 bytes} [Tue Apr 28 14:49:21 2026] DELETE /v2.0/networks/328530e0-3246-47e3-a7bb-c8a383bc2cbf => generated 138 bytes in 15 msecs (HTTP/1.1 404) 4 headers in 164 bytes (1 switches on core 0) [pid: 7|app: 0|req: 1218/2586] 10.0.0.232 () {32 vars in 736 bytes} [Tue Apr 28 14:49:21 2026] GET /v2.0/ports?device_id=3ff0f7eb-b973-46b1-91b1-76ec04f09100 => generated 12 bytes in 19 msecs (HTTP/1.1 200) 4 headers in 156 bytes (1 switches on core 0)
2026-04-28 14:49:21.651 8 WARNING neutron.scheduler.dhcp_agent_scheduler [None req-72ced5be-fa77-4760-a2f5-199a64fda610 7b0ece4aeb254ac6a74d5bfb5a35929a 63d3e79eaa3a42c1ac39a6ff5d2fe06d - - default default] No more DHCP agents
2026-04-28 14:49:21.653 8 WARNING neutron.api.rpc.agentnotifiers.dhcp_rpc_agent_api [None req-72ced5be-fa77-4760-a2f5-199a64fda610 7b0ece4aeb254ac6a74d5bfb5a35929a 63d3e79eaa3a42c1ac39a6ff5d2fe06d - - default default] Unable to schedule network 174e89c0-f5b8-4dc8-9779-8e5d757edc49: no agents available; will retry on subsequent port and subnet creation events.
2026-04-28 14:49:21.758 8 INFO neutron.db.ovn_revision_numbers_db [None req-72ced5be-fa77-4760-a2f5-199a64fda610 7b0ece4aeb254ac6a74d5bfb5a35929a 63d3e79eaa3a42c1ac39a6ff5d2fe06d - - default default] Successfully bumped revision number for resource c2feb2ed-cdaa-46b0-b635-843a01232afb (type: ports) to 1 [pid: 8|app: 0|req: 1369/2587] 10.0.0.232 () {34 vars in 670 bytes} [Tue Apr 28 14:49:20 2026] POST /v2.0/networks => generated 650 bytes in 1019 msecs (HTTP/1.1 201) 4 headers in 162 bytes (1 switches on core 0) [pid: 7|app: 0|req: 1219/2588] 10.0.0.232 () {32 vars in 724 bytes} [Tue Apr 28 14:49:21 2026] DELETE /v2.0/routers/3ff0f7eb-b973-46b1-91b1-76ec04f09100 => generated 0 bytes in 208 msecs (HTTP/1.1 204) 2 headers in 112 bytes (1 switches on core 0) [pid: 7|app: 0|req: 1220/2589] 10.0.0.232 () {32 vars in 724 bytes} [Tue Apr 28 14:49:21 2026] DELETE /v2.0/subnets/b580b272-a219-4aa6-bab6-e66100eb0b5d => generated 0 bytes in 132 msecs (HTTP/1.1 204) 3 headers in 131 bytes (1 switches on core 0)
2026-04-28 14:49:21.994 8 WARNING neutron.scheduler.dhcp_agent_scheduler [None req-f375710a-79c4-4cea-8ca0-9b7493691be3 7b0ece4aeb254ac6a74d5bfb5a35929a 63d3e79eaa3a42c1ac39a6ff5d2fe06d - - default default] No more DHCP agents
2026-04-28 14:49:21.996 8 WARNING neutron.api.rpc.agentnotifiers.dhcp_rpc_agent_api [None req-f375710a-79c4-4cea-8ca0-9b7493691be3 7b0ece4aeb254ac6a74d5bfb5a35929a 63d3e79eaa3a42c1ac39a6ff5d2fe06d - - default default] Unable to schedule network 174e89c0-f5b8-4dc8-9779-8e5d757edc49: no agents available; will retry on subsequent port and subnet creation events.
2026-04-28 14:49:22.041 7 INFO neutron_taas.services.taas.taas_plugin [None req-7f55058b-07fd-4334-bc95-5a1add8ec3e9 b69c2387c86b41beadff9bc19db5952c af8d7bd338fa479ebe93d8081cf92349 - - default default] TaaS: Handle Delete Port: e7a0cf03-be85-4871-8b76-ca10b5324046
2026-04-28 14:49:22.044 7 INFO neutron_taas.services.taas.tap_mirror_plugin [None req-7f55058b-07fd-4334-bc95-5a1add8ec3e9 b69c2387c86b41beadff9bc19db5952c af8d7bd338fa479ebe93d8081cf92349 - - default default] Tap Mirror: Handle Delete Port: e7a0cf03-be85-4871-8b76-ca10b5324046 [pid: 7|app: 0|req: 1221/2590] 10.0.0.232 () {32 vars in 726 bytes} [Tue Apr 28 14:49:21 2026] DELETE /v2.0/networks/ce0885cc-47a3-40bc-a1fa-c5422a25cfe3 => generated 0 bytes in 286 msecs (HTTP/1.1 204) 3 headers in 131 bytes (1 switches on core 0)
2026-04-28 14:49:22.412 8 INFO neutron.services.segments.plugin [-] Segment 22421612-4bc7-47c9-a8a9-d786552c3f68 resource provider aggregate not found
2026-04-28 14:49:22.420 8 INFO neutron.services.segments.plugin [-] Segment 22421612-4bc7-47c9-a8a9-d786552c3f68 resource provider aggregate not found
2026-04-28 14:49:22.449 8 INFO neutron.services.segments.plugin [-] Segment 22421612-4bc7-47c9-a8a9-d786552c3f68 resource provider not found; error: Placement Client Error (4xx): {"errors": [{"status": 404, "title": "Not Found", "detail": "The resource could not be found.\n\n No resource provider with uuid 22421612-4bc7-47c9-a8a9-d786552c3f68 found for delete ", "request_id": "req-be782e8b-7b63-4343-a251-3a096ed1fcd0"}]}
2026-04-28 14:49:22.450 8 INFO neutron.services.segments.plugin [-] Segment 22421612-4bc7-47c9-a8a9-d786552c3f68 resource provider not found; error: Placement Client Error (4xx): {"errors": [{"status": 404, "title": "Not Found", "detail": "The resource could not be found.\n\n No resource provider with uuid 22421612-4bc7-47c9-a8a9-d786552c3f68 found for delete ", "request_id": "req-ede40cf8-5366-46c7-bdf7-b748e997bc6b"}]}
2026-04-28 14:49:22.512 7 INFO neutron.db.ovn_revision_numbers_db [None req-0bbac5d9-2965-46d7-9b7e-677399b3cb20 65be3d27eebd4527aa766aef8335eeb7 93e95ed0d5fe44dca2f27164cde0581a - - default default] Successfully bumped revision number for resource e18f7a18-3e83-43d9-a57b-4398496f24ee (type: security_groups) to 1
2026-04-28 14:49:22.526 7 INFO neutron.db.ovn_revision_numbers_db [None req-0bbac5d9-2965-46d7-9b7e-677399b3cb20 65be3d27eebd4527aa766aef8335eeb7 93e95ed0d5fe44dca2f27164cde0581a - - default default] Successfully bumped revision number for resource 5b6558b7-f4c7-46ae-a7c0-4d4c51c7d5a9 (type: security_group_rules) to 0
2026-04-28 14:49:22.529 8 INFO neutron.db.ovn_revision_numbers_db [None req-2987a053-3986-4984-90ee-e3150db2d677 - - - - - -] Successfully bumped revision number for resource c2feb2ed-cdaa-46b0-b635-843a01232afb (type: ports) to 2
2026-04-28 14:49:22.539 7 INFO neutron.db.ovn_revision_numbers_db [None req-0bbac5d9-2965-46d7-9b7e-677399b3cb20 65be3d27eebd4527aa766aef8335eeb7 93e95ed0d5fe44dca2f27164cde0581a - - default default] Successfully bumped revision number for resource accdd646-051e-4235-8762-783f64d77392 (type: security_group_rules) to 0
2026-04-28 14:49:22.550 7 INFO neutron.db.ovn_revision_numbers_db [None req-0bbac5d9-2965-46d7-9b7e-677399b3cb20 65be3d27eebd4527aa766aef8335eeb7 93e95ed0d5fe44dca2f27164cde0581a - - default default] Successfully bumped revision number for resource c910e6db-0588-4a77-9659-7bc64b9b725e (type: security_group_rules) to 0
2026-04-28 14:49:22.559 8 INFO neutron.db.ovn_revision_numbers_db [None req-2987a053-3986-4984-90ee-e3150db2d677 - - - - - -] Successfully bumped revision number for resource a80c2c20-155c-4a6b-94f5-5318e695fbea (type: subnets) to 0
2026-04-28 14:49:22.563 7 INFO neutron.db.ovn_revision_numbers_db [None req-0bbac5d9-2965-46d7-9b7e-677399b3cb20 65be3d27eebd4527aa766aef8335eeb7 93e95ed0d5fe44dca2f27164cde0581a - - default default] Successfully bumped revision number for resource da1a90e7-6373-4f7a-b2b5-bd26c697d6cd (type: security_group_rules) to 0 [pid: 8|app: 0|req: 1370/2591] 10.0.0.232 () {34 vars in 669 bytes} [Tue Apr 28 14:49:21 2026] POST /v2.0/subnets => generated 626 bytes in 782 msecs (HTTP/1.1 201) 4 headers in 162 bytes (1 switches on core 0) [pid: 7|app: 0|req: 1222/2592] 10.0.0.232 () {32 vars in 774 bytes} [Tue Apr 28 14:49:22 2026] GET /v2.0/security-groups?tenant_id=155cf7c1c7824aa490201455d3a3eedb&name=default => generated 2925 bytes in 374 msecs (HTTP/1.1 200) 4 headers in 158 bytes (1 switches on core 0)
2026-04-28 14:49:22.664 8 INFO neutron.db.segments_db [None req-f93dbbc6-cc03-45a9-8375-1abf649a309c b69c2387c86b41beadff9bc19db5952c af8d7bd338fa479ebe93d8081cf92349 - - default default] Added segment 70b0f097-4f76-45dd-ba52-74e715e00327 of type geneve for network 672b5743-99a4-49e0-872c-c3a9df6ed5a0
2026-04-28 14:49:22.696 7 INFO neutron.db.segments_db [None req-accba674-3a26-4061-a784-d4982d179706 7b0ece4aeb254ac6a74d5bfb5a35929a 63d3e79eaa3a42c1ac39a6ff5d2fe06d - - default default] Added segment e9666a5e-d7f8-4ecf-bda0-9e85dd18a161 of type geneve for network d24f77b3-e87e-4ba2-8f38-96ee38eb28bf
2026-04-28 14:49:22.775 8 INFO neutron.db.ovn_revision_numbers_db [None req-f93dbbc6-cc03-45a9-8375-1abf649a309c b69c2387c86b41beadff9bc19db5952c af8d7bd338fa479ebe93d8081cf92349 - - default default] Successfully bumped revision number for resource 672b5743-99a4-49e0-872c-c3a9df6ed5a0 (type: networks) to 1
2026-04-28 14:49:22.816 7 INFO neutron.db.ovn_revision_numbers_db [None req-accba674-3a26-4061-a784-d4982d179706 7b0ece4aeb254ac6a74d5bfb5a35929a 63d3e79eaa3a42c1ac39a6ff5d2fe06d - - default default] Successfully bumped revision number for resource d24f77b3-e87e-4ba2-8f38-96ee38eb28bf (type: networks) to 1
2026-04-28 14:49:22.951 8 WARNING neutron.scheduler.dhcp_agent_scheduler [None req-f93dbbc6-cc03-45a9-8375-1abf649a309c b69c2387c86b41beadff9bc19db5952c af8d7bd338fa479ebe93d8081cf92349 - - default default] No more DHCP agents
2026-04-28 14:49:22.953 8 WARNING neutron.api.rpc.agentnotifiers.dhcp_rpc_agent_api [None req-f93dbbc6-cc03-45a9-8375-1abf649a309c b69c2387c86b41beadff9bc19db5952c af8d7bd338fa479ebe93d8081cf92349 - - default default] Unable to schedule network 672b5743-99a4-49e0-872c-c3a9df6ed5a0: no agents available; will retry on subsequent port and subnet creation events.
2026-04-28 14:49:22.986 7 WARNING neutron.scheduler.dhcp_agent_scheduler [None req-accba674-3a26-4061-a784-d4982d179706 7b0ece4aeb254ac6a74d5bfb5a35929a 63d3e79eaa3a42c1ac39a6ff5d2fe06d - - default default] No more DHCP agents
2026-04-28 14:49:22.987 7 WARNING neutron.api.rpc.agentnotifiers.dhcp_rpc_agent_api [None req-accba674-3a26-4061-a784-d4982d179706 7b0ece4aeb254ac6a74d5bfb5a35929a 63d3e79eaa3a42c1ac39a6ff5d2fe06d - - default default] Unable to schedule network d24f77b3-e87e-4ba2-8f38-96ee38eb28bf: no agents available; will retry on subsequent port and subnet creation events.
2026-04-28 14:49:23.078 8 INFO neutron.db.ovn_revision_numbers_db [None req-f93dbbc6-cc03-45a9-8375-1abf649a309c b69c2387c86b41beadff9bc19db5952c af8d7bd338fa479ebe93d8081cf92349 - - default default] Successfully bumped revision number for resource 859e427d-295e-49d6-acf1-b4e53a358ae8 (type: ports) to 1
2026-04-28 14:49:23.086 7 INFO neutron.db.ovn_revision_numbers_db [None req-accba674-3a26-4061-a784-d4982d179706 7b0ece4aeb254ac6a74d5bfb5a35929a 63d3e79eaa3a42c1ac39a6ff5d2fe06d - - default default] Successfully bumped revision number for resource 5fcff1ec-d8fd-4afe-bc03-93c83cd401c9 (type: ports) to 1 [pid: 8|app: 0|req: 1371/2593] 10.0.0.232 () {34 vars in 670 bytes} [Tue Apr 28 14:49:22 2026] POST /v2.0/networks => generated 652 bytes in 525 msecs (HTTP/1.1 201) 4 headers in 162 bytes (1 switches on core 0) [pid: 7|app: 0|req: 1223/2594] 10.0.0.232 () {34 vars in 670 bytes} [Tue Apr 28 14:49:22 2026] POST /v2.0/networks => generated 650 bytes in 505 msecs (HTTP/1.1 201) 4 headers in 162 bytes (1 switches on core 0)
2026-04-28 14:49:23.310 7 WARNING neutron.scheduler.dhcp_agent_scheduler [None req-719b0621-067e-48b8-826e-dc3ce931eac5 b69c2387c86b41beadff9bc19db5952c af8d7bd338fa479ebe93d8081cf92349 - - default default] No more DHCP agents
2026-04-28 14:49:23.327 7 WARNING neutron.api.rpc.agentnotifiers.dhcp_rpc_agent_api [None req-719b0621-067e-48b8-826e-dc3ce931eac5 b69c2387c86b41beadff9bc19db5952c af8d7bd338fa479ebe93d8081cf92349 - - default default] Unable to schedule network 672b5743-99a4-49e0-872c-c3a9df6ed5a0: no agents available; will retry on subsequent port and subnet creation events.
2026-04-28 14:49:23.365 7 INFO neutron.db.ovn_revision_numbers_db [None req-719b0621-067e-48b8-826e-dc3ce931eac5 b69c2387c86b41beadff9bc19db5952c af8d7bd338fa479ebe93d8081cf92349 - - default default] Successfully bumped revision number for resource 5ca5ee25-bc91-4803-be05-52a322fe3be7 (type: subnets) to 0 [pid: 8|app: 0|req: 1372/2595] 10.0.0.232 () {32 vars in 740 bytes} [Tue Apr 28 14:49:23 2026] DELETE /v2.0/security-groups/e18f7a18-3e83-43d9-a57b-4398496f24ee => generated 0 bytes in 271 msecs (HTTP/1.1 204) 2 headers in 112 bytes (1 switches on core 0) [pid: 7|app: 0|req: 1224/2596] 10.0.0.232 () {34 vars in 669 bytes} [Tue Apr 28 14:49:23 2026] POST /v2.0/subnets => generated 646 bytes in 271 msecs (HTTP/1.1 201) 4 headers in 162 bytes (1 switches on core 0)
2026-04-28 14:49:23.489 7 INFO neutron.services.segments.plugin [-] Segment 5c1e6a09-b3a2-4fa4-9667-590575fdaa94 resource provider aggregate not found
2026-04-28 14:49:23.495 7 INFO neutron.services.segments.plugin [-] Segment 5c1e6a09-b3a2-4fa4-9667-590575fdaa94 resource provider aggregate not found
2026-04-28 14:49:23.517 7 INFO neutron.services.segments.plugin [-] Segment 5c1e6a09-b3a2-4fa4-9667-590575fdaa94 resource provider not found; error: Placement Client Error (4xx): {"errors": [{"status": 404, "title": "Not Found", "detail": "The resource could not be found.\n\n No resource provider with uuid 5c1e6a09-b3a2-4fa4-9667-590575fdaa94 found for delete ", "request_id": "req-0521f44f-2c03-4f5f-a0bb-4fe6017f1906"}]}
2026-04-28 14:49:23.518 7 INFO neutron.services.segments.plugin [-] Segment 5c1e6a09-b3a2-4fa4-9667-590575fdaa94 resource provider not found; error: Placement Client Error (4xx): {"errors": [{"status": 404, "title": "Not Found", "detail": "The resource could not be found.\n\n No resource provider with uuid 5c1e6a09-b3a2-4fa4-9667-590575fdaa94 found for delete ", "request_id": "req-55a6cc02-37d9-44a3-bd30-26c676115239"}]}
2026-04-28 14:49:23.557 7 INFO neutron.db.ovn_revision_numbers_db [None req-ae8d2135-4245-4d88-8704-d27c9f9104ab b69c2387c86b41beadff9bc19db5952c af8d7bd338fa479ebe93d8081cf92349 - - default default] Successfully bumped revision number for resource 1bb71e9d-084c-4c82-9230-34049c822bf5 (type: routers) to 1
2026-04-28 14:49:23.566 8 WARNING neutron.scheduler.dhcp_agent_scheduler [None req-ac9e9872-327b-4462-8cdf-8bfcd6010dcf 7b0ece4aeb254ac6a74d5bfb5a35929a 63d3e79eaa3a42c1ac39a6ff5d2fe06d - - default default] No more DHCP agents
2026-04-28 14:49:23.568 8 WARNING neutron.api.rpc.agentnotifiers.dhcp_rpc_agent_api [None req-ac9e9872-327b-4462-8cdf-8bfcd6010dcf 7b0ece4aeb254ac6a74d5bfb5a35929a 63d3e79eaa3a42c1ac39a6ff5d2fe06d - - default default] Unable to schedule network d24f77b3-e87e-4ba2-8f38-96ee38eb28bf: no agents available; will retry on subsequent port and subnet creation events. [pid: 7|app: 0|req: 1225/2597] 10.0.0.232 () {34 vars in 669 bytes} [Tue Apr 28 14:49:23 2026] POST /v2.0/routers => generated 604 bytes in 187 msecs (HTTP/1.1 201) 4 headers in 162 bytes (1 switches on core 0) [pid: 7|app: 0|req: 1226/2598] 10.0.0.232 () {32 vars in 774 bytes} [Tue Apr 28 14:49:23 2026] GET /v2.0/security-groups?tenant_id=e3b42ac040d54fdbb4e07b62ddc1cc49&name=default => generated 2925 bytes in 30 msecs (HTTP/1.1 200) 4 headers in 158 bytes (1 switches on core 0)
2026-04-28 14:49:23.979 7 WARNING neutron.scheduler.dhcp_agent_scheduler [None req-dc266804-6150-4d3a-bb8d-4f80a63e29a5 b69c2387c86b41beadff9bc19db5952c af8d7bd338fa479ebe93d8081cf92349 - - default default] No more DHCP agents
2026-04-28 14:49:23.980 7 WARNING neutron.api.rpc.agentnotifiers.dhcp_rpc_agent_api [None req-dc266804-6150-4d3a-bb8d-4f80a63e29a5 b69c2387c86b41beadff9bc19db5952c af8d7bd338fa479ebe93d8081cf92349 - - default default] Unable to schedule network 672b5743-99a4-49e0-872c-c3a9df6ed5a0: no agents available; will retry on subsequent port and subnet creation events.
2026-04-28 14:49:24.036 8 INFO neutron.db.ovn_revision_numbers_db [None req-54038ba3-7ae6-43fc-b439-11809f05d14a - - - - - -] Successfully bumped revision number for resource 5fcff1ec-d8fd-4afe-bc03-93c83cd401c9 (type: ports) to 2
2026-04-28 14:49:24.076 8 INFO neutron.db.ovn_revision_numbers_db [None req-54038ba3-7ae6-43fc-b439-11809f05d14a - - - - - -] Successfully bumped revision number for resource 85a1c03a-fb3e-48e4-a8be-014ee0bc5b1f (type: subnets) to 0
2026-04-28 14:49:24.089 7 INFO neutron.plugins.ml2.drivers.ovn.mech_driver.mech_driver [None req-8b5fbdb2-d418-415f-9080-971aa4dc268b - - - - - -] OVN reports status down for port: 0d506a63-62ef-4dfe-8af4-2d605f3fb8cb [pid: 8|app: 0|req: 1373/2599] 10.0.0.232 () {34 vars in 669 bytes} [Tue Apr 28 14:49:23 2026] POST /v2.0/subnets => generated 629 bytes in 725 msecs (HTTP/1.1 201) 4 headers in 162 bytes (1 switches on core 0)
2026-04-28 14:49:24.151 7 INFO neutron.db.ovn_revision_numbers_db [None req-dc266804-6150-4d3a-bb8d-4f80a63e29a5 b69c2387c86b41beadff9bc19db5952c af8d7bd338fa479ebe93d8081cf92349 - - default default] Successfully bumped revision number for resource 0d506a63-62ef-4dfe-8af4-2d605f3fb8cb (type: ports) to 1 [pid: 8|app: 0|req: 1374/2600] 10.0.0.232 () {32 vars in 740 bytes} [Tue Apr 28 14:49:24 2026] DELETE /v2.0/security-groups/9e5920fc-b941-4dcc-849e-9182db8fd6b9 => generated 0 bytes in 243 msecs (HTTP/1.1 204) 2 headers in 112 bytes (1 switches on core 0)
2026-04-28 14:49:24.365 8 WARNING neutron.plugins.ml2.drivers.ovn.mech_driver.ovsdb.ovn_client [None req-3912396a-499a-4136-a0d0-f7b710a103f8 - - - - - -] No port found with ID e41b6299-2f51-407a-9670-831a84c7acd5: RuntimeError: No port found with ID e41b6299-2f51-407a-9670-831a84c7acd5
2026-04-28 14:49:24.380 8 INFO neutron.plugins.ml2.drivers.ovn.mech_driver.mech_driver [None req-3912396a-499a-4136-a0d0-f7b710a103f8 - - - - - -] OVN reports status down for port: c2feb2ed-cdaa-46b0-b635-843a01232afb
2026-04-28 14:49:24.469 8 INFO neutron.plugins.ml2.drivers.ovn.mech_driver.mech_driver [None req-3912396a-499a-4136-a0d0-f7b710a103f8 - - - - - -] OVN reports status down for port: 859e427d-295e-49d6-acf1-b4e53a358ae8
2026-04-28 14:49:24.499 8 INFO neutron.db.segments_db [None req-16076493-5176-40e4-811b-ca92193513d3 7b0ece4aeb254ac6a74d5bfb5a35929a 63d3e79eaa3a42c1ac39a6ff5d2fe06d - - default default] Added segment 15b5e9d2-8fdb-4cf0-be4b-d24406455cbb of type geneve for network c01f10db-a852-460f-96bb-4d910c8120b8
2026-04-28 14:49:24.586 8 INFO neutron.plugins.ml2.drivers.ovn.mech_driver.mech_driver [None req-3912396a-499a-4136-a0d0-f7b710a103f8 - - - - - -] OVN reports status down for port: 5fcff1ec-d8fd-4afe-bc03-93c83cd401c9
2026-04-28 14:49:24.694 8 INFO neutron.db.ovn_revision_numbers_db [None req-16076493-5176-40e4-811b-ca92193513d3 7b0ece4aeb254ac6a74d5bfb5a35929a 63d3e79eaa3a42c1ac39a6ff5d2fe06d - - default default] Successfully bumped revision number for resource c01f10db-a852-460f-96bb-4d910c8120b8 (type: networks) to 1
2026-04-28 14:49:24.797 7 INFO neutron.plugins.ml2.drivers.ovn.mech_driver.mech_driver [None req-8b5fbdb2-d418-415f-9080-971aa4dc268b - - - - - -] OVN reports status up for port: 0d506a63-62ef-4dfe-8af4-2d605f3fb8cb
2026-04-28 14:49:24.817 7 INFO neutron.plugins.ml2.plugin [None req-8b5fbdb2-d418-415f-9080-971aa4dc268b - - - - - -] Attempt 1 to provision port 0d506a63-62ef-4dfe-8af4-2d605f3fb8cb
2026-04-28 14:49:24.887 8 WARNING neutron.scheduler.dhcp_agent_scheduler [None req-16076493-5176-40e4-811b-ca92193513d3 7b0ece4aeb254ac6a74d5bfb5a35929a 63d3e79eaa3a42c1ac39a6ff5d2fe06d - - default default] No more DHCP agents
2026-04-28 14:49:24.888 8 WARNING neutron.api.rpc.agentnotifiers.dhcp_rpc_agent_api [None req-16076493-5176-40e4-811b-ca92193513d3 7b0ece4aeb254ac6a74d5bfb5a35929a 63d3e79eaa3a42c1ac39a6ff5d2fe06d - - default default] Unable to schedule network c01f10db-a852-460f-96bb-4d910c8120b8: no agents available; will retry on subsequent port and subnet creation events.
2026-04-28 14:49:24.890 7 WARNING neutron.scheduler.dhcp_agent_scheduler [None req-dc266804-6150-4d3a-bb8d-4f80a63e29a5 b69c2387c86b41beadff9bc19db5952c af8d7bd338fa479ebe93d8081cf92349 - - default default] No more DHCP agents
2026-04-28 14:49:24.893 7 WARNING neutron.api.rpc.agentnotifiers.dhcp_rpc_agent_api [None req-dc266804-6150-4d3a-bb8d-4f80a63e29a5 b69c2387c86b41beadff9bc19db5952c af8d7bd338fa479ebe93d8081cf92349 - - default default] Unable to schedule network 672b5743-99a4-49e0-872c-c3a9df6ed5a0: no agents available; will retry on subsequent port and subnet creation events.
2026-04-28 14:49:24.973 8 INFO neutron.db.ovn_revision_numbers_db [None req-16076493-5176-40e4-811b-ca92193513d3 7b0ece4aeb254ac6a74d5bfb5a35929a 63d3e79eaa3a42c1ac39a6ff5d2fe06d - - default default] Successfully bumped revision number for resource f1a8adaa-5d0d-489a-84af-7c51a25ec1d7 (type: ports) to 1 [pid: 8|app: 0|req: 1375/2601] 10.0.0.232 () {34 vars in 670 bytes} [Tue Apr 28 14:49:24 2026] POST /v2.0/networks => generated 651 bytes in 655 msecs (HTTP/1.1 201) 4 headers in 162 bytes (1 switches on core 0)
2026-04-28 14:49:25.229 8 WARNING neutron.scheduler.dhcp_agent_scheduler [None req-1f28f483-2c46-429a-b893-78e4bf262e88 7b0ece4aeb254ac6a74d5bfb5a35929a 63d3e79eaa3a42c1ac39a6ff5d2fe06d - - default default] No more DHCP agents
2026-04-28 14:49:25.231 8 WARNING neutron.api.rpc.agentnotifiers.dhcp_rpc_agent_api [None req-1f28f483-2c46-429a-b893-78e4bf262e88 7b0ece4aeb254ac6a74d5bfb5a35929a 63d3e79eaa3a42c1ac39a6ff5d2fe06d - - default default] Unable to schedule network c01f10db-a852-460f-96bb-4d910c8120b8: no agents available; will retry on subsequent port and subnet creation events.
2026-04-28 14:49:25.340 7 INFO neutron.db.ovn_revision_numbers_db [None req-dc266804-6150-4d3a-bb8d-4f80a63e29a5 b69c2387c86b41beadff9bc19db5952c af8d7bd338fa479ebe93d8081cf92349 - - default default] Successfully bumped revision number for resource 0d506a63-62ef-4dfe-8af4-2d605f3fb8cb (type: router_ports) to 1 [pid: 7|app: 0|req: 1227/2602] 10.0.0.232 () {34 vars in 783 bytes} [Tue Apr 28 14:49:23 2026] PUT /v2.0/routers/1bb71e9d-084c-4c82-9230-34049c822bf5/add_router_interface => generated 309 bytes in 1745 msecs (HTTP/1.1 200) 4 headers in 157 bytes (1 switches on core 0) [pid: 7|app: 0|req: 1228/2603] 10.0.0.232 () {32 vars in 717 bytes} [Tue Apr 28 14:49:25 2026] GET /v2.0/ports/0d506a63-62ef-4dfe-8af4-2d605f3fb8cb => generated 947 bytes in 92 msecs (HTTP/1.1 200) 4 headers in 157 bytes (1 switches on core 0) [pid: 7|app: 0|req: 1229/2604] 10.0.0.232 () {32 vars in 717 bytes} [Tue Apr 28 14:49:25 2026] GET /v2.0/ports/0d506a63-62ef-4dfe-8af4-2d605f3fb8cb => generated 947 bytes in 74 msecs (HTTP/1.1 200) 4 headers in 157 bytes (1 switches on core 0)
2026-04-28 14:49:25.608 7 INFO neutron.db.ovn_revision_numbers_db [None req-8b5fbdb2-d418-415f-9080-971aa4dc268b - - - - - -] Successfully bumped revision number for resource 0d506a63-62ef-4dfe-8af4-2d605f3fb8cb (type: ports) to 2
2026-04-28 14:49:25.693 8 INFO neutron.db.ovn_revision_numbers_db [None req-15fb2a27-8315-490f-b0d3-ba72877c25f6 - - - - - -] Successfully bumped revision number for resource f1a8adaa-5d0d-489a-84af-7c51a25ec1d7 (type: ports) to 2
2026-04-28 14:49:25.718 8 INFO neutron.db.ovn_revision_numbers_db [None req-15fb2a27-8315-490f-b0d3-ba72877c25f6 - - - - - -] Successfully bumped revision number for resource c802e66e-5fb3-429b-ab69-c4dd2a00ee82 (type: subnets) to 0 [pid: 8|app: 0|req: 1376/2605] 10.0.0.232 () {34 vars in 669 bytes} [Tue Apr 28 14:49:25 2026] POST /v2.0/subnets => generated 629 bytes in 729 msecs (HTTP/1.1 201) 4 headers in 162 bytes (1 switches on core 0)
2026-04-28 14:49:25.815 8 INFO neutron.db.segments_db [None req-a4dab96d-e182-444a-b4c5-04d4b4e43731 7b0ece4aeb254ac6a74d5bfb5a35929a 63d3e79eaa3a42c1ac39a6ff5d2fe06d - - default default] Added segment fb5829eb-0097-45fa-867c-630103758aea of type geneve for network 1ca1aed0-790e-413d-b6e8-8ea241b56641
2026-04-28 14:49:25.895 7 INFO neutron_taas.services.taas.taas_plugin [None req-b7ac04c1-b63b-4566-8a36-7cde116163c7 b69c2387c86b41beadff9bc19db5952c af8d7bd338fa479ebe93d8081cf92349 - - default default] TaaS: Handle Delete Port: 0d506a63-62ef-4dfe-8af4-2d605f3fb8cb
2026-04-28 14:49:25.903 7 INFO neutron_taas.services.taas.tap_mirror_plugin [None req-b7ac04c1-b63b-4566-8a36-7cde116163c7 b69c2387c86b41beadff9bc19db5952c af8d7bd338fa479ebe93d8081cf92349 - - default default] Tap Mirror: Handle Delete Port: 0d506a63-62ef-4dfe-8af4-2d605f3fb8cb
2026-04-28 14:49:25.917 8 INFO neutron.db.ovn_revision_numbers_db [None req-a4dab96d-e182-444a-b4c5-04d4b4e43731 7b0ece4aeb254ac6a74d5bfb5a35929a 63d3e79eaa3a42c1ac39a6ff5d2fe06d - - default default] Successfully bumped revision number for resource 1ca1aed0-790e-413d-b6e8-8ea241b56641 (type: networks) to 1
2026-04-28 14:49:26.087 8 WARNING neutron.scheduler.dhcp_agent_scheduler [None req-a4dab96d-e182-444a-b4c5-04d4b4e43731 7b0ece4aeb254ac6a74d5bfb5a35929a 63d3e79eaa3a42c1ac39a6ff5d2fe06d - - default default] No more DHCP agents
2026-04-28 14:49:26.089 8 WARNING neutron.api.rpc.agentnotifiers.dhcp_rpc_agent_api [None req-a4dab96d-e182-444a-b4c5-04d4b4e43731 7b0ece4aeb254ac6a74d5bfb5a35929a 63d3e79eaa3a42c1ac39a6ff5d2fe06d - - default default] Unable to schedule network 1ca1aed0-790e-413d-b6e8-8ea241b56641: no agents available; will retry on subsequent port and subnet creation events.
2026-04-28 14:49:26.136 8 INFO neutron.plugins.ml2.drivers.ovn.mech_driver.mech_driver [None req-3912396a-499a-4136-a0d0-f7b710a103f8 - - - - - -] OVN reports status down for port: 1ba48442-5311-4922-a74c-5ee92207154b
2026-04-28 14:49:26.196 8 INFO neutron.db.ovn_revision_numbers_db [None req-a4dab96d-e182-444a-b4c5-04d4b4e43731 7b0ece4aeb254ac6a74d5bfb5a35929a 63d3e79eaa3a42c1ac39a6ff5d2fe06d - - default default] Successfully bumped revision number for resource 1ba48442-5311-4922-a74c-5ee92207154b (type: ports) to 1 [pid: 8|app: 0|req: 1377/2606] 10.0.0.232 () {34 vars in 670 bytes} [Tue Apr 28 14:49:25 2026] POST /v2.0/networks => generated 651 bytes in 508 msecs (HTTP/1.1 201) 4 headers in 162 bytes (1 switches on core 0) [pid: 7|app: 0|req: 1230/2607] 10.0.0.232 () {34 vars in 789 bytes} [Tue Apr 28 14:49:25 2026] PUT /v2.0/routers/1bb71e9d-084c-4c82-9230-34049c822bf5/remove_router_interface => generated 309 bytes in 723 msecs (HTTP/1.1 200) 4 headers in 157 bytes (1 switches on core 0) /var/lib/openstack/lib/python3.12/site-packages/pycadf/identifier.py:70: UserWarning: Invalid uuid: neutron. To ensure interoperability, identifiers should be a valid uuid. warnings.warn(('Invalid uuid: %s. To ensure interoperability, ' [pid: 7|app: 0|req: 1231/2608] 10.0.0.232 () {32 vars in 736 bytes} [Tue Apr 28 14:49:26 2026] GET /v2.0/ports?device_id=1bb71e9d-084c-4c82-9230-34049c822bf5 => generated 12 bytes in 21 msecs (HTTP/1.1 200) 4 headers in 156 bytes (1 switches on core 0)
2026-04-28 14:49:26.427 8 WARNING neutron.scheduler.dhcp_agent_scheduler [None req-4f55654c-3467-46ac-92e0-dd26727ef9dd 7b0ece4aeb254ac6a74d5bfb5a35929a 63d3e79eaa3a42c1ac39a6ff5d2fe06d - - default default] No more DHCP agents
2026-04-28 14:49:26.428 8 WARNING neutron.api.rpc.agentnotifiers.dhcp_rpc_agent_api [None req-4f55654c-3467-46ac-92e0-dd26727ef9dd 7b0ece4aeb254ac6a74d5bfb5a35929a 63d3e79eaa3a42c1ac39a6ff5d2fe06d - - default default] Unable to schedule network 1ca1aed0-790e-413d-b6e8-8ea241b56641: no agents available; will retry on subsequent port and subnet creation events. [pid: 7|app: 0|req: 1232/2609] 10.0.0.232 () {32 vars in 724 bytes} [Tue Apr 28 14:49:26 2026] DELETE /v2.0/routers/1bb71e9d-084c-4c82-9230-34049c822bf5 => generated 0 bytes in 203 msecs (HTTP/1.1 204) 2 headers in 112 bytes (1 switches on core 0) [pid: 7|app: 0|req: 1233/2610] 10.0.0.232 () {32 vars in 724 bytes} [Tue Apr 28 14:49:26 2026] DELETE /v2.0/subnets/5ca5ee25-bc91-4803-be05-52a322fe3be7 => generated 0 bytes in 141 msecs (HTTP/1.1 204) 3 headers in 131 bytes (1 switches on core 0)
2026-04-28 14:49:26.736 7 INFO neutron_taas.services.taas.taas_plugin [None req-1b269c7f-8c91-40bd-935e-3af712bd7839 b69c2387c86b41beadff9bc19db5952c af8d7bd338fa479ebe93d8081cf92349 - - default default] TaaS: Handle Delete Port: 859e427d-295e-49d6-acf1-b4e53a358ae8
