2026-04-23 16:06:40.121 7 INFO placement.requestlog [req-e72f0e75-357d-4724-ad81-8b5721fd8e99 req-93458abb-3acc-44dc-9ab2-d73bf033e70e 6053e9cc195c4ac4992eac6497afef02 ab7beedc27964afab56871be8be174fe - - 12ff0e6feee344cf90fbe156bb95a0a1 12ff0e6feee344cf90fbe156bb95a0a1] 199.204.45.57 "GET /resource_providers/490bb5f3-ffe4-4402-9714-8a14c9144274/allocations" status: 200 len: 153 microversion: 1.0 [pid: 7|app: 0|req: 609/1215] 199.204.45.57 () {32 vars in 855 bytes} [Thu Apr 23 16:06:40 2026] GET /resource_providers/490bb5f3-ffe4-4402-9714-8a14c9144274/allocations => generated 153 bytes in 31 msecs (HTTP/1.1 200) 6 headers in 224 bytes (1 switches on core 0)
2026-04-23 16:06:40.151 8 INFO placement.requestlog [req-e72f0e75-357d-4724-ad81-8b5721fd8e99 req-0fc5de7b-2423-431a-8752-8cba6563e2ce 6053e9cc195c4ac4992eac6497afef02 ab7beedc27964afab56871be8be174fe - - 12ff0e6feee344cf90fbe156bb95a0a1 12ff0e6feee344cf90fbe156bb95a0a1] 199.204.45.57 "GET /allocations/9b3ae6dd-83b1-42de-b73e-358a475d308a" status: 200 len: 258 microversion: 1.28 [pid: 8|app: 0|req: 607/1216] 199.204.45.57 () {34 vars in 861 bytes} [Thu Apr 23 16:06:40 2026] GET /allocations/9b3ae6dd-83b1-42de-b73e-358a475d308a => generated 258 bytes in 16 msecs (HTTP/1.1 200) 8 headers in 296 bytes (1 switches on core 0)
2026-04-23 16:06:47.122 8 INFO placement.requestlog [None req-b58e2f7d-8451-491f-afb4-3c3f36318784 - - - - - -] 10.0.0.31 "GET /" status: 200 len: 136 microversion: 1.0
2026-04-23 16:06:47.122 7 INFO placement.requestlog [None req-9a6961d5-188d-4b6f-a622-6e5e4e92a736 - - - - - -] 10.0.0.31 "GET /" status: 200 len: 136 microversion: 1.0
2026-04-23 16:06:55.857 8 INFO placement.requestlog [req-25f75065-771b-43d8-8b32-5f4a0da77d24 req-fdcc5b35-7f6a-472e-aad3-8390d1a7ff38 6053e9cc195c4ac4992eac6497afef02 ab7beedc27964afab56871be8be174fe - - 12ff0e6feee344cf90fbe156bb95a0a1 12ff0e6feee344cf90fbe156bb95a0a1] 10.0.0.39 "GET /allocation_candidates?limit=1000&resources=DISK_GB%3A1%2CMEMORY_MB%3A512%2CVCPU%3A1&root_required=%21COMPUTE_STATUS_DISABLED" status: 200 len: 2783 microversion: 1.36 [pid: 8|app: 0|req: 609/1219] 10.0.0.39 () {34 vars in 1010 bytes} [Thu Apr 23 16:06:55 2026] GET /allocation_candidates?limit=1000&resources=DISK_GB%3A1%2CMEMORY_MB%3A512%2CVCPU%3A1&root_required=%21COMPUTE_STATUS_DISABLED => generated 2783 bytes in 52 msecs (HTTP/1.1 200) 8 headers in 297 bytes (1 switches on core 0)
2026-04-23 16:06:55.891 7 INFO placement.requestlog [req-25f75065-771b-43d8-8b32-5f4a0da77d24 req-84d5ffda-a21e-446c-962b-cbe42e00c2bd 6053e9cc195c4ac4992eac6497afef02 ab7beedc27964afab56871be8be174fe - - 12ff0e6feee344cf90fbe156bb95a0a1 12ff0e6feee344cf90fbe156bb95a0a1] 10.0.0.39 "GET /allocations/80f7605d-931c-41b5-96c0-369de7facd1c" status: 200 len: 19 microversion: 1.28 [pid: 7|app: 0|req: 611/1220] 10.0.0.39 () {34 vars in 859 bytes} [Thu Apr 23 16:06:55 2026] GET /allocations/80f7605d-931c-41b5-96c0-369de7facd1c => generated 19 bytes in 11 msecs (HTTP/1.1 200) 8 headers in 295 bytes (1 switches on core 0)
2026-04-23 16:06:55.959 8 INFO placement.requestlog [req-25f75065-771b-43d8-8b32-5f4a0da77d24 req-da2b07fa-da5c-407f-a10f-828d2a59fa12 6053e9cc195c4ac4992eac6497afef02 ab7beedc27964afab56871be8be174fe - - 12ff0e6feee344cf90fbe156bb95a0a1 12ff0e6feee344cf90fbe156bb95a0a1] 10.0.0.39 "PUT /allocations/80f7605d-931c-41b5-96c0-369de7facd1c" status: 204 len: 0 microversion: 1.36 [pid: 8|app: 0|req: 610/1221] 10.0.0.39 () {38 vars in 912 bytes} [Thu Apr 23 16:06:55 2026] PUT /allocations/80f7605d-931c-41b5-96c0-369de7facd1c => generated 0 bytes in 61 msecs (HTTP/1.1 204) 5 headers in 199 bytes (1 switches on core 0)
2026-04-23 16:06:57.121 7 INFO placement.requestlog [None req-5d80d0a3-76ce-447f-8a85-8da50c407651 - - - - - -] 10.0.0.31 "GET /" status: 200 len: 136 microversion: 1.0
2026-04-23 16:06:57.122 8 INFO placement.requestlog [None req-5236e0a3-ed1d-4d05-90f8-939c87b3948f - - - - - -] 10.0.0.31 "GET /" status: 200 len: 136 microversion: 1.0
2026-04-23 16:06:57.458 7 INFO placement.requestlog [req-25f75065-771b-43d8-8b32-5f4a0da77d24 req-68ff2e55-28ce-4545-9fc9-426e974a44e4 6053e9cc195c4ac4992eac6497afef02 ab7beedc27964afab56871be8be174fe - - 12ff0e6feee344cf90fbe156bb95a0a1 12ff0e6feee344cf90fbe156bb95a0a1] 199.204.45.57 "GET /allocations/80f7605d-931c-41b5-96c0-369de7facd1c" status: 200 len: 258 microversion: 1.28 [pid: 7|app: 0|req: 613/1224] 199.204.45.57 () {34 vars in 861 bytes} [Thu Apr 23 16:06:57 2026] GET /allocations/80f7605d-931c-41b5-96c0-369de7facd1c => generated 258 bytes in 13 msecs (HTTP/1.1 200) 8 headers in 296 bytes (1 switches on core 0)
2026-04-23 16:06:58.497 8 INFO placement.requestlog [req-25f75065-771b-43d8-8b32-5f4a0da77d24 req-0db52d56-70d9-4ecb-8aec-26b7dab7fba5 6053e9cc195c4ac4992eac6497afef02 ab7beedc27964afab56871be8be174fe - - 12ff0e6feee344cf90fbe156bb95a0a1 12ff0e6feee344cf90fbe156bb95a0a1] 199.204.45.57 "GET /resource_providers/490bb5f3-ffe4-4402-9714-8a14c9144274/allocations" status: 200 len: 253 microversion: 1.0 [pid: 8|app: 0|req: 612/1225] 199.204.45.57 () {32 vars in 855 bytes} [Thu Apr 23 16:06:58 2026] GET /resource_providers/490bb5f3-ffe4-4402-9714-8a14c9144274/allocations => generated 253 bytes in 17 msecs (HTTP/1.1 200) 6 headers in 224 bytes (1 switches on core 0)
2026-04-23 16:06:58.517 7 INFO placement.requestlog [req-25f75065-771b-43d8-8b32-5f4a0da77d24 req-40749225-5f11-4ee8-bc0e-5f89bfa12aa4 6053e9cc195c4ac4992eac6497afef02 ab7beedc27964afab56871be8be174fe - - 12ff0e6feee344cf90fbe156bb95a0a1 12ff0e6feee344cf90fbe156bb95a0a1] 199.204.45.57 "GET /allocations/80f7605d-931c-41b5-96c0-369de7facd1c" status: 200 len: 258 microversion: 1.28 [pid: 7|app: 0|req: 614/1226] 199.204.45.57 () {34 vars in 861 bytes} [Thu Apr 23 16:06:58 2026] GET /allocations/80f7605d-931c-41b5-96c0-369de7facd1c => generated 258 bytes in 13 msecs (HTTP/1.1 200) 8 headers in 296 bytes (1 switches on core 0)
2026-04-23 16:06:58.539 8 INFO placement.requestlog [req-25f75065-771b-43d8-8b32-5f4a0da77d24 req-3f4ae742-a8dd-4b85-9c28-a95599972af6 6053e9cc195c4ac4992eac6497afef02 ab7beedc27964afab56871be8be174fe - - 12ff0e6feee344cf90fbe156bb95a0a1 12ff0e6feee344cf90fbe156bb95a0a1] 199.204.45.57 "GET /allocations/9b3ae6dd-83b1-42de-b73e-358a475d308a" status: 200 len: 258 microversion: 1.28 [pid: 8|app: 0|req: 613/1227] 199.204.45.57 () {34 vars in 861 bytes} [Thu Apr 23 16:06:58 2026] GET /allocations/9b3ae6dd-83b1-42de-b73e-358a475d308a => generated 258 bytes in 14 msecs (HTTP/1.1 200) 8 headers in 296 bytes (1 switches on core 0)
2026-04-23 16:07:07.123 8 INFO placement.requestlog [None req-adc6fd5e-bb46-4f28-8ef9-7d502a45f3f9 - - - - - -] 10.0.0.31 "GET /" status: 200 len: 136 microversion: 1.0
2026-04-23 16:07:07.122 7 INFO placement.requestlog [None req-cd0eb991-cdbd-45a1-acd9-44b4aa1d0676 - - - - - -] 10.0.0.31 "GET /" status: 200 len: 136 microversion: 1.0
2026-04-23 16:07:17.121 8 INFO placement.requestlog [None req-72107d7c-3df1-4701-9135-b98a0d29b8a6 - - - - - -] 10.0.0.31 "GET /" status: 200 len: 136 microversion: 1.0
2026-04-23 16:07:17.124 7 INFO placement.requestlog [None req-4b2ae064-b0d3-4e50-b7c6-8715d2943397 - - - - - -] 10.0.0.31 "GET /" status: 200 len: 136 microversion: 1.0
2026-04-23 16:07:27.122 8 INFO placement.requestlog [None req-2bc9dff7-0606-421b-902f-4343d37996d6 - - - - - -] 10.0.0.31 "GET /" status: 200 len: 136 microversion: 1.0
2026-04-23 16:07:27.123 7 INFO placement.requestlog [None req-77da1f3a-3b2e-4486-bdd6-9869363518a1 - - - - - -] 10.0.0.31 "GET /" status: 200 len: 136 microversion: 1.0
2026-04-23 16:07:35.280 8 INFO placement.requestlog [req-b52b42e4-8c5d-4eb0-9617-f0b199dc88a3 req-690af4da-2ed0-4982-ac66-e3812059cf9a 6053e9cc195c4ac4992eac6497afef02 ab7beedc27964afab56871be8be174fe - - 12ff0e6feee344cf90fbe156bb95a0a1 12ff0e6feee344cf90fbe156bb95a0a1] 199.204.45.57 "GET /resource_providers/490bb5f3-ffe4-4402-9714-8a14c9144274/allocations" status: 200 len: 253 microversion: 1.0 [pid: 8|app: 0|req: 617/1234] 199.204.45.57 () {32 vars in 855 bytes} [Thu Apr 23 16:07:35 2026] GET /resource_providers/490bb5f3-ffe4-4402-9714-8a14c9144274/allocations => generated 253 bytes in 37 msecs (HTTP/1.1 200) 6 headers in 224 bytes (1 switches on core 0)
2026-04-23 16:07:35.309 7 INFO placement.requestlog [req-b52b42e4-8c5d-4eb0-9617-f0b199dc88a3 req-70c8e2bc-2032-4ef4-a3e4-09d8432e21fc 6053e9cc195c4ac4992eac6497afef02 ab7beedc27964afab56871be8be174fe - - 12ff0e6feee344cf90fbe156bb95a0a1 12ff0e6feee344cf90fbe156bb95a0a1] 199.204.45.57 "GET /resource_providers/490bb5f3-ffe4-4402-9714-8a14c9144274/allocations" status: 200 len: 253 microversion: 1.0 [pid: 7|app: 0|req: 618/1235] 199.204.45.57 () {32 vars in 855 bytes} [Thu Apr 23 16:07:35 2026] GET /resource_providers/490bb5f3-ffe4-4402-9714-8a14c9144274/allocations => generated 253 bytes in 19 msecs (HTTP/1.1 200) 6 headers in 224 bytes (1 switches on core 0)
2026-04-23 16:07:35.330 8 INFO placement.requestlog [req-b52b42e4-8c5d-4eb0-9617-f0b199dc88a3 req-9ebe3fc0-abcb-454a-ac0e-e2099e675f95 6053e9cc195c4ac4992eac6497afef02 ab7beedc27964afab56871be8be174fe - - 12ff0e6feee344cf90fbe156bb95a0a1 12ff0e6feee344cf90fbe156bb95a0a1] 199.204.45.57 "GET /allocations/80f7605d-931c-41b5-96c0-369de7facd1c" status: 200 len: 258 microversion: 1.28 [pid: 8|app: 0|req: 618/1236] 199.204.45.57 () {34 vars in 861 bytes} [Thu Apr 23 16:07:35 2026] GET /allocations/80f7605d-931c-41b5-96c0-369de7facd1c => generated 258 bytes in 15 msecs (HTTP/1.1 200) 8 headers in 296 bytes (1 switches on core 0)
2026-04-23 16:07:35.352 7 INFO placement.requestlog [req-b52b42e4-8c5d-4eb0-9617-f0b199dc88a3 req-b45bedf9-3cae-4b52-82d5-b7afb6fbcd0f 6053e9cc195c4ac4992eac6497afef02 ab7beedc27964afab56871be8be174fe - - 12ff0e6feee344cf90fbe156bb95a0a1 12ff0e6feee344cf90fbe156bb95a0a1] 199.204.45.57 "GET /allocations/9b3ae6dd-83b1-42de-b73e-358a475d308a" status: 200 len: 258 microversion: 1.28 [pid: 7|app: 0|req: 619/1237] 199.204.45.57 () {34 vars in 861 bytes} [Thu Apr 23 16:07:35 2026] GET /allocations/9b3ae6dd-83b1-42de-b73e-358a475d308a => generated 258 bytes in 15 msecs (HTTP/1.1 200) 8 headers in 296 bytes (1 switches on core 0)
2026-04-23 16:07:37.123 8 INFO placement.requestlog [None req-90b496bf-c1af-4f96-a866-a3b008c81d64 - - - - - -] 10.0.0.31 "GET /" status: 200 len: 136 microversion: 1.0
2026-04-23 16:07:37.122 7 INFO placement.requestlog [None req-4fcf4b12-32e8-4df5-9d69-6cc5f8163a56 - - - - - -] 10.0.0.31 "GET /" status: 200 len: 136 microversion: 1.0
2026-04-23 16:07:47.122 8 INFO placement.requestlog [None req-d3944438-61d1-42cb-afec-41505bab1754 - - - - - -] 10.0.0.31 "GET /" status: 200 len: 136 microversion: 1.0
2026-04-23 16:07:47.123 7 INFO placement.requestlog [None req-18dd660b-8a3b-4f33-b5d6-a21c707f9c49 - - - - - -] 10.0.0.31 "GET /" status: 200 len: 136 microversion: 1.0
2026-04-23 16:07:49.684 8 INFO placement.requestlog [req-bb6e69ca-290f-4ed2-82ba-3ddee17512d3 req-034b3071-2912-4456-afe7-93803d55e928 6053e9cc195c4ac4992eac6497afef02 ab7beedc27964afab56871be8be174fe - - 12ff0e6feee344cf90fbe156bb95a0a1 12ff0e6feee344cf90fbe156bb95a0a1] 10.0.0.39 "GET /allocation_candidates?limit=1000&resources=MEMORY_MB%3A2048%2CVCPU%3A2&root_required=%21COMPUTE_STATUS_DISABLED" status: 200 len: 2771 microversion: 1.36 [pid: 8|app: 0|req: 621/1242] 10.0.0.39 () {34 vars in 984 bytes} [Thu Apr 23 16:07:49 2026] GET /allocation_candidates?limit=1000&resources=MEMORY_MB%3A2048%2CVCPU%3A2&root_required=%21COMPUTE_STATUS_DISABLED => generated 2771 bytes in 53 msecs (HTTP/1.1 200) 8 headers in 297 bytes (1 switches on core 0)
2026-04-23 16:07:49.716 7 INFO placement.requestlog [req-bb6e69ca-290f-4ed2-82ba-3ddee17512d3 req-050e1666-608a-42fa-9700-6adf4b48404e 6053e9cc195c4ac4992eac6497afef02 ab7beedc27964afab56871be8be174fe - - 12ff0e6feee344cf90fbe156bb95a0a1 12ff0e6feee344cf90fbe156bb95a0a1] 10.0.0.39 "GET /allocations/6ccff484-46a5-4a8d-95fa-75a81f1a6393" status: 200 len: 19 microversion: 1.28 [pid: 7|app: 0|req: 622/1243] 10.0.0.39 () {34 vars in 859 bytes} [Thu Apr 23 16:07:49 2026] GET /allocations/6ccff484-46a5-4a8d-95fa-75a81f1a6393 => generated 19 bytes in 9 msecs (HTTP/1.1 200) 8 headers in 295 bytes (1 switches on core 0)
2026-04-23 16:07:49.798 8 INFO placement.requestlog [req-bb6e69ca-290f-4ed2-82ba-3ddee17512d3 req-53139495-c301-4ad2-b546-ab38c0f27027 6053e9cc195c4ac4992eac6497afef02 ab7beedc27964afab56871be8be174fe - - 12ff0e6feee344cf90fbe156bb95a0a1 12ff0e6feee344cf90fbe156bb95a0a1] 10.0.0.39 "PUT /allocations/6ccff484-46a5-4a8d-95fa-75a81f1a6393" status: 204 len: 0 microversion: 1.36 [pid: 8|app: 0|req: 622/1244] 10.0.0.39 () {38 vars in 912 bytes} [Thu Apr 23 16:07:49 2026] PUT /allocations/6ccff484-46a5-4a8d-95fa-75a81f1a6393 => generated 0 bytes in 74 msecs (HTTP/1.1 204) 5 headers in 199 bytes (1 switches on core 0)
2026-04-23 16:07:51.316 7 INFO placement.requestlog [req-bb6e69ca-290f-4ed2-82ba-3ddee17512d3 req-b1c3800d-503f-48ec-8e17-0b8eeb445109 6053e9cc195c4ac4992eac6497afef02 ab7beedc27964afab56871be8be174fe - - 12ff0e6feee344cf90fbe156bb95a0a1 12ff0e6feee344cf90fbe156bb95a0a1] 199.204.45.57 "GET /allocations/6ccff484-46a5-4a8d-95fa-75a81f1a6393" status: 200 len: 245 microversion: 1.28 [pid: 7|app: 0|req: 623/1245] 199.204.45.57 () {34 vars in 861 bytes} [Thu Apr 23 16:07:51 2026] GET /allocations/6ccff484-46a5-4a8d-95fa-75a81f1a6393 => generated 245 bytes in 16 msecs (HTTP/1.1 200) 8 headers in 296 bytes (1 switches on core 0)
2026-04-23 16:07:52.362 8 INFO placement.requestlog [req-bb6e69ca-290f-4ed2-82ba-3ddee17512d3 req-29844565-c586-4a99-92bb-77429ce554d4 6053e9cc195c4ac4992eac6497afef02 ab7beedc27964afab56871be8be174fe - - 12ff0e6feee344cf90fbe156bb95a0a1 12ff0e6feee344cf90fbe156bb95a0a1] 199.204.45.57 "GET /resource_providers/490bb5f3-ffe4-4402-9714-8a14c9144274/allocations" status: 200 len: 340 microversion: 1.0 [pid: 8|app: 0|req: 623/1246] 199.204.45.57 () {32 vars in 855 bytes} [Thu Apr 23 16:07:52 2026] GET /resource_providers/490bb5f3-ffe4-4402-9714-8a14c9144274/allocations => generated 340 bytes in 18 msecs (HTTP/1.1 200) 6 headers in 224 bytes (1 switches on core 0)
2026-04-23 16:07:52.382 7 INFO placement.requestlog [req-bb6e69ca-290f-4ed2-82ba-3ddee17512d3 req-e5a7690f-96bc-4da2-af68-84203183bd68 6053e9cc195c4ac4992eac6497afef02 ab7beedc27964afab56871be8be174fe - - 12ff0e6feee344cf90fbe156bb95a0a1 12ff0e6feee344cf90fbe156bb95a0a1] 199.204.45.57 "GET /allocations/80f7605d-931c-41b5-96c0-369de7facd1c" status: 200 len: 258 microversion: 1.28 [pid: 7|app: 0|req: 624/1247] 199.204.45.57 () {34 vars in 861 bytes} [Thu Apr 23 16:07:52 2026] GET /allocations/80f7605d-931c-41b5-96c0-369de7facd1c => generated 258 bytes in 11 msecs (HTTP/1.1 200) 8 headers in 296 bytes (1 switches on core 0)
2026-04-23 16:07:52.401 8 INFO placement.requestlog [req-bb6e69ca-290f-4ed2-82ba-3ddee17512d3 req-b06c1dbb-6bbf-4c9e-81f6-14f924f39dac 6053e9cc195c4ac4992eac6497afef02 ab7beedc27964afab56871be8be174fe - - 12ff0e6feee344cf90fbe156bb95a0a1 12ff0e6feee344cf90fbe156bb95a0a1] 199.204.45.57 "GET /allocations/9b3ae6dd-83b1-42de-b73e-358a475d308a" status: 200 len: 258 microversion: 1.28 [pid: 8|app: 0|req: 624/1248] 199.204.45.57 () {34 vars in 861 bytes} [Thu Apr 23 16:07:52 2026] GET /allocations/9b3ae6dd-83b1-42de-b73e-358a475d308a => generated 258 bytes in 10 msecs (HTTP/1.1 200) 8 headers in 296 bytes (1 switches on core 0)
2026-04-23 16:07:52.418 7 INFO placement.requestlog [req-bb6e69ca-290f-4ed2-82ba-3ddee17512d3 req-bf846d3d-5ab5-414e-8a01-9e6f32d1438f 6053e9cc195c4ac4992eac6497afef02 ab7beedc27964afab56871be8be174fe - - 12ff0e6feee344cf90fbe156bb95a0a1 12ff0e6feee344cf90fbe156bb95a0a1] 199.204.45.57 "GET /allocations/6ccff484-46a5-4a8d-95fa-75a81f1a6393" status: 200 len: 245 microversion: 1.28 [pid: 7|app: 0|req: 625/1249] 199.204.45.57 () {34 vars in 861 bytes} [Thu Apr 23 16:07:52 2026] GET /allocations/6ccff484-46a5-4a8d-95fa-75a81f1a6393 => generated 245 bytes in 11 msecs (HTTP/1.1 200) 8 headers in 296 bytes (1 switches on core 0)
2026-04-23 16:07:57.121 8 INFO placement.requestlog [None req-b69db716-7c2e-4b19-92db-51cead683511 - - - - - -] 10.0.0.31 "GET /" status: 200 len: 136 microversion: 1.0
2026-04-23 16:07:57.122 7 INFO placement.requestlog [None req-835dac65-ccb7-476c-a0f1-eff286d3d694 - - - - - -] 10.0.0.31 "GET /" status: 200 len: 136 microversion: 1.0
2026-04-23 16:08:07.122 7 INFO placement.requestlog [None req-13fedf7f-62d7-4d80-8e11-8c46cda784f3 - - - - - -] 10.0.0.31 "GET /" status: 200 len: 136 microversion: 1.0
2026-04-23 16:08:07.123 8 INFO placement.requestlog [None req-cd36581d-fa69-477a-bb71-899423441bb3 - - - - - -] 10.0.0.31 "GET /" status: 200 len: 136 microversion: 1.0
2026-04-23 16:08:17.122 7 INFO placement.requestlog [None req-7a13c4c0-4428-480d-a993-251c7a8222c2 - - - - - -] 10.0.0.31 "GET /" status: 200 len: 136 microversion: 1.0
2026-04-23 16:08:17.122 8 INFO placement.requestlog [None req-d3a3af91-a486-4ad5-9ea9-79ace17d2924 - - - - - -] 10.0.0.31 "GET /" status: 200 len: 136 microversion: 1.0
2026-04-23 16:08:27.121 7 INFO placement.requestlog [None req-ea3e4af9-c5d5-44d2-8535-9a734b98a93a - - - - - -] 10.0.0.31 "GET /" status: 200 len: 136 microversion: 1.0
2026-04-23 16:08:27.121 8 INFO placement.requestlog [None req-8f69dd52-387f-4748-9167-6cc04bf1f618 - - - - - -] 10.0.0.31 "GET /" status: 200 len: 136 microversion: 1.0
2026-04-23 16:08:36.348 7 INFO placement.requestlog [req-77867448-2752-4a5b-b872-9fa0ac615abd req-a061a680-0b7c-4eee-aa62-eaed6a6b7f05 6053e9cc195c4ac4992eac6497afef02 ab7beedc27964afab56871be8be174fe - - 12ff0e6feee344cf90fbe156bb95a0a1 12ff0e6feee344cf90fbe156bb95a0a1] 199.204.45.57 "GET /resource_providers/490bb5f3-ffe4-4402-9714-8a14c9144274/allocations" status: 200 len: 340 microversion: 1.0 [pid: 7|app: 0|req: 630/1258] 199.204.45.57 () {32 vars in 855 bytes} [Thu Apr 23 16:08:36 2026] GET /resource_providers/490bb5f3-ffe4-4402-9714-8a14c9144274/allocations => generated 340 bytes in 28 msecs (HTTP/1.1 200) 6 headers in 224 bytes (1 switches on core 0)
2026-04-23 16:08:36.380 8 INFO placement.requestlog [req-77867448-2752-4a5b-b872-9fa0ac615abd req-6012bf77-0407-4a72-a309-451a53a7d4b1 6053e9cc195c4ac4992eac6497afef02 ab7beedc27964afab56871be8be174fe - - 12ff0e6feee344cf90fbe156bb95a0a1 12ff0e6feee344cf90fbe156bb95a0a1] 199.204.45.57 "GET /resource_providers/490bb5f3-ffe4-4402-9714-8a14c9144274/allocations" status: 200 len: 340 microversion: 1.0 [pid: 8|app: 0|req: 629/1259] 199.204.45.57 () {32 vars in 855 bytes} [Thu Apr 23 16:08:36 2026] GET /resource_providers/490bb5f3-ffe4-4402-9714-8a14c9144274/allocations => generated 340 bytes in 20 msecs (HTTP/1.1 200) 6 headers in 224 bytes (1 switches on core 0)
2026-04-23 16:08:36.401 7 INFO placement.requestlog [req-77867448-2752-4a5b-b872-9fa0ac615abd req-aefe8e59-1bb3-4dcb-a1b3-7d7f370a90a8 6053e9cc195c4ac4992eac6497afef02 ab7beedc27964afab56871be8be174fe - - 12ff0e6feee344cf90fbe156bb95a0a1 12ff0e6feee344cf90fbe156bb95a0a1] 199.204.45.57 "GET /allocations/80f7605d-931c-41b5-96c0-369de7facd1c" status: 200 len: 258 microversion: 1.28 [pid: 7|app: 0|req: 631/1260] 199.204.45.57 () {34 vars in 861 bytes} [Thu Apr 23 16:08:36 2026] GET /allocations/80f7605d-931c-41b5-96c0-369de7facd1c => generated 258 bytes in 12 msecs (HTTP/1.1 200) 8 headers in 296 bytes (1 switches on core 0)
2026-04-23 16:08:36.426 8 INFO placement.requestlog [req-77867448-2752-4a5b-b872-9fa0ac615abd req-08c05d10-62f9-4be7-b19a-5e45671168a6 6053e9cc195c4ac4992eac6497afef02 ab7beedc27964afab56871be8be174fe - - 12ff0e6feee344cf90fbe156bb95a0a1 12ff0e6feee344cf90fbe156bb95a0a1] 199.204.45.57 "GET /allocations/9b3ae6dd-83b1-42de-b73e-358a475d308a" status: 200 len: 258 microversion: 1.28 [pid: 8|app: 0|req: 630/1261] 199.204.45.57 () {34 vars in 861 bytes} [Thu Apr 23 16:08:36 2026] GET /allocations/9b3ae6dd-83b1-42de-b73e-358a475d308a => generated 258 bytes in 19 msecs (HTTP/1.1 200) 8 headers in 296 bytes (1 switches on core 0)
2026-04-23 16:08:36.448 7 INFO placement.requestlog [req-77867448-2752-4a5b-b872-9fa0ac615abd req-3f02fd39-9f86-4420-954d-c694aa22ea66 6053e9cc195c4ac4992eac6497afef02 ab7beedc27964afab56871be8be174fe - - 12ff0e6feee344cf90fbe156bb95a0a1 12ff0e6feee344cf90fbe156bb95a0a1] 199.204.45.57 "GET /allocations/6ccff484-46a5-4a8d-95fa-75a81f1a6393" status: 200 len: 245 microversion: 1.28 [pid: 7|app: 0|req: 632/1262] 199.204.45.57 () {34 vars in 861 bytes} [Thu Apr 23 16:08:36 2026] GET /allocations/6ccff484-46a5-4a8d-95fa-75a81f1a6393 => generated 245 bytes in 13 msecs (HTTP/1.1 200) 8 headers in 296 bytes (1 switches on core 0)
2026-04-23 16:08:37.122 8 INFO placement.requestlog [None req-e03af79a-b5f9-4da0-9712-4519ec7fd18b - - - - - -] 10.0.0.31 "GET /" status: 200 len: 136 microversion: 1.0
2026-04-23 16:08:37.122 7 INFO placement.requestlog [None req-ae55b6bd-c71c-4879-b949-637364d50f51 - - - - - -] 10.0.0.31 "GET /" status: 200 len: 136 microversion: 1.0
2026-04-23 16:08:47.122 8 INFO placement.requestlog [None req-d1fa7a3f-856b-4336-a747-78f1a766c225 - - - - - -] 10.0.0.31 "GET /" status: 200 len: 136 microversion: 1.0
2026-04-23 16:08:47.122 7 INFO placement.requestlog [None req-91ffde8a-a201-4bd4-adbc-6ee45add1954 - - - - - -] 10.0.0.31 "GET /" status: 200 len: 136 microversion: 1.0
2026-04-23 16:08:57.122 7 INFO placement.requestlog [None req-75a1c814-53c5-45c1-9426-b14b99e6f03c - - - - - -] 10.0.0.31 "GET /" status: 200 len: 136 microversion: 1.0
2026-04-23 16:08:57.122 8 INFO placement.requestlog [None req-fab8414c-86cd-43a3-865f-a6cf3e13681a - - - - - -] 10.0.0.31 "GET /" status: 200 len: 136 microversion: 1.0
2026-04-23 16:09:07.122 8 INFO placement.requestlog [None req-dc5b7563-386e-4b56-b16d-c87591ed095d - - - - - -] 10.0.0.31 "GET /" status: 200 len: 136 microversion: 1.0
2026-04-23 16:09:07.122 7 INFO placement.requestlog [None req-a7020d1e-fd20-4b9e-89a8-d7828601b3c7 - - - - - -] 10.0.0.31 "GET /" status: 200 len: 136 microversion: 1.0
2026-04-23 16:09:17.122 8 INFO placement.requestlog [None req-e8f59145-1f52-47ea-8ea4-2bc261f1d5a1 - - - - - -] 10.0.0.31 "GET /" status: 200 len: 136 microversion: 1.0
2026-04-23 16:09:17.124 7 INFO placement.requestlog [None req-a22ee89a-b3ab-460a-b697-bcda2b253f08 - - - - - -] 10.0.0.31 "GET /" status: 200 len: 136 microversion: 1.0
2026-04-23 16:09:27.122 8 INFO placement.requestlog [None req-4e5aea15-8f0b-446b-bd9b-c55090f6a323 - - - - - -] 10.0.0.31 "GET /" status: 200 len: 136 microversion: 1.0
2026-04-23 16:09:27.123 7 INFO placement.requestlog [None req-ea556ab4-5377-4970-b0d2-3d01c07cc72f - - - - - -] 10.0.0.31 "GET /" status: 200 len: 136 microversion: 1.0
2026-04-23 16:09:37.122 7 INFO placement.requestlog [None req-4ab36e65-fd1b-40b0-80be-d449e4c17ab7 - - - - - -] 10.0.0.31 "GET /" status: 200 len: 136 microversion: 1.0
2026-04-23 16:09:37.122 8 INFO placement.requestlog [None req-94e6e42b-a2fb-4297-8a0f-25ecc077983c - - - - - -] 10.0.0.31 "GET /" status: 200 len: 136 microversion: 1.0
2026-04-23 16:09:37.366 8 INFO placement.requestlog [req-b740b7b7-ef11-4ca0-b170-8e9cdee9fc4c req-68b29de7-4982-4d71-a65a-4e7eaff01972 6053e9cc195c4ac4992eac6497afef02 ab7beedc27964afab56871be8be174fe - - 12ff0e6feee344cf90fbe156bb95a0a1 12ff0e6feee344cf90fbe156bb95a0a1] 199.204.45.57 "GET /resource_providers/490bb5f3-ffe4-4402-9714-8a14c9144274/allocations" status: 200 len: 340 microversion: 1.0 [pid: 8|app: 0|req: 638/1277] 199.204.45.57 () {32 vars in 855 bytes} [Thu Apr 23 16:09:37 2026] GET /resource_providers/490bb5f3-ffe4-4402-9714-8a14c9144274/allocations => generated 340 bytes in 90 msecs (HTTP/1.1 200) 6 headers in 224 bytes (1 switches on core 0)
2026-04-23 16:09:37.399 7 INFO placement.requestlog [req-b740b7b7-ef11-4ca0-b170-8e9cdee9fc4c req-240cb395-75a8-430d-a6e3-a8e1437176f6 6053e9cc195c4ac4992eac6497afef02 ab7beedc27964afab56871be8be174fe - - 12ff0e6feee344cf90fbe156bb95a0a1 12ff0e6feee344cf90fbe156bb95a0a1] 199.204.45.57 "GET /resource_providers?in_tree=490bb5f3-ffe4-4402-9714-8a14c9144274" status: 200 len: 798 microversion: 1.14 [pid: 7|app: 0|req: 640/1278] 199.204.45.57 () {34 vars in 890 bytes} [Thu Apr 23 16:09:37 2026] GET /resource_providers?in_tree=490bb5f3-ffe4-4402-9714-8a14c9144274 => generated 798 bytes in 23 msecs (HTTP/1.1 200) 6 headers in 225 bytes (1 switches on core 0)
2026-04-23 16:09:37.422 8 INFO placement.requestlog [req-b740b7b7-ef11-4ca0-b170-8e9cdee9fc4c req-12804fde-a5d6-4bde-807c-1ef0cce7a015 6053e9cc195c4ac4992eac6497afef02 ab7beedc27964afab56871be8be174fe - - 12ff0e6feee344cf90fbe156bb95a0a1 12ff0e6feee344cf90fbe156bb95a0a1] 199.204.45.57 "GET /resource_providers/490bb5f3-ffe4-4402-9714-8a14c9144274/inventories" status: 200 len: 401 microversion: 1.0 [pid: 8|app: 0|req: 639/1279] 199.204.45.57 () {32 vars in 855 bytes} [Thu Apr 23 16:09:37 2026] GET /resource_providers/490bb5f3-ffe4-4402-9714-8a14c9144274/inventories => generated 401 bytes in 13 msecs (HTTP/1.1 200) 6 headers in 224 bytes (1 switches on core 0)
2026-04-23 16:09:37.444 7 INFO placement.requestlog [req-b740b7b7-ef11-4ca0-b170-8e9cdee9fc4c req-6321af0f-1820-4709-a9ae-7d103fab94fa 6053e9cc195c4ac4992eac6497afef02 ab7beedc27964afab56871be8be174fe - - 12ff0e6feee344cf90fbe156bb95a0a1 12ff0e6feee344cf90fbe156bb95a0a1] 199.204.45.57 "GET /resource_providers/490bb5f3-ffe4-4402-9714-8a14c9144274/aggregates" status: 200 len: 54 microversion: 1.19 [pid: 7|app: 0|req: 641/1280] 199.204.45.57 () {34 vars in 897 bytes} [Thu Apr 23 16:09:37 2026] GET /resource_providers/490bb5f3-ffe4-4402-9714-8a14c9144274/aggregates => generated 54 bytes in 13 msecs (HTTP/1.1 200) 8 headers in 295 bytes (1 switches on core 0)
2026-04-23 16:09:37.472 8 INFO placement.requestlog [req-b740b7b7-ef11-4ca0-b170-8e9cdee9fc4c req-bd8e95c7-35cc-4842-bfd2-0174639588d2 6053e9cc195c4ac4992eac6497afef02 ab7beedc27964afab56871be8be174fe - - 12ff0e6feee344cf90fbe156bb95a0a1 12ff0e6feee344cf90fbe156bb95a0a1] 199.204.45.57 "GET /resource_providers/490bb5f3-ffe4-4402-9714-8a14c9144274/traits" status: 200 len: 2317 microversion: 1.6 [pid: 8|app: 0|req: 640/1281] 199.204.45.57 () {34 vars in 888 bytes} [Thu Apr 23 16:09:37 2026] GET /resource_providers/490bb5f3-ffe4-4402-9714-8a14c9144274/traits => generated 2317 bytes in 21 msecs (HTTP/1.1 200) 6 headers in 225 bytes (1 switches on core 0)
2026-04-23 16:09:37.502 7 INFO placement.requestlog [req-b740b7b7-ef11-4ca0-b170-8e9cdee9fc4c req-08dec10d-170c-482c-9ae7-49fe43fa876b 6053e9cc195c4ac4992eac6497afef02 ab7beedc27964afab56871be8be174fe - - 12ff0e6feee344cf90fbe156bb95a0a1 12ff0e6feee344cf90fbe156bb95a0a1] 199.204.45.57 "GET /resource_providers/490bb5f3-ffe4-4402-9714-8a14c9144274/allocations" status: 200 len: 340 microversion: 1.0 [pid: 7|app: 0|req: 642/1282] 199.204.45.57 () {32 vars in 855 bytes} [Thu Apr 23 16:09:37 2026] GET /resource_providers/490bb5f3-ffe4-4402-9714-8a14c9144274/allocations => generated 340 bytes in 21 msecs (HTTP/1.1 200) 6 headers in 224 bytes (1 switches on core 0)
2026-04-23 16:09:37.540 8 INFO placement.requestlog [req-b740b7b7-ef11-4ca0-b170-8e9cdee9fc4c req-f96fd1b2-1efb-4752-a3ab-f0b4b94670d6 6053e9cc195c4ac4992eac6497afef02 ab7beedc27964afab56871be8be174fe - - 12ff0e6feee344cf90fbe156bb95a0a1 12ff0e6feee344cf90fbe156bb95a0a1] 199.204.45.57 "GET /allocations/80f7605d-931c-41b5-96c0-369de7facd1c" status: 200 len: 258 microversion: 1.28 [pid: 8|app: 0|req: 641/1283] 199.204.45.57 () {34 vars in 861 bytes} [Thu Apr 23 16:09:37 2026] GET /allocations/80f7605d-931c-41b5-96c0-369de7facd1c => generated 258 bytes in 31 msecs (HTTP/1.1 200) 8 headers in 296 bytes (1 switches on core 0)
2026-04-23 16:09:37.562 7 INFO placement.requestlog [req-b740b7b7-ef11-4ca0-b170-8e9cdee9fc4c req-74b50c61-f37f-44b8-8ad4-ebef34ea2f8f 6053e9cc195c4ac4992eac6497afef02 ab7beedc27964afab56871be8be174fe - - 12ff0e6feee344cf90fbe156bb95a0a1 12ff0e6feee344cf90fbe156bb95a0a1] 199.204.45.57 "GET /allocations/9b3ae6dd-83b1-42de-b73e-358a475d308a" status: 200 len: 258 microversion: 1.28 [pid: 7|app: 0|req: 643/1284] 199.204.45.57 () {34 vars in 861 bytes} [Thu Apr 23 16:09:37 2026] GET /allocations/9b3ae6dd-83b1-42de-b73e-358a475d308a => generated 258 bytes in 15 msecs (HTTP/1.1 200) 8 headers in 296 bytes (1 switches on core 0)
2026-04-23 16:09:37.585 8 INFO placement.requestlog [req-b740b7b7-ef11-4ca0-b170-8e9cdee9fc4c req-2b9e4178-7008-4ba2-a946-42399cace049 6053e9cc195c4ac4992eac6497afef02 ab7beedc27964afab56871be8be174fe - - 12ff0e6feee344cf90fbe156bb95a0a1 12ff0e6feee344cf90fbe156bb95a0a1] 199.204.45.57 "GET /allocations/6ccff484-46a5-4a8d-95fa-75a81f1a6393" status: 200 len: 245 microversion: 1.28 [pid: 8|app: 0|req: 642/1285] 199.204.45.57 () {34 vars in 861 bytes} [Thu Apr 23 16:09:37 2026] GET /allocations/6ccff484-46a5-4a8d-95fa-75a81f1a6393 => generated 245 bytes in 17 msecs (HTTP/1.1 200) 8 headers in 296 bytes (1 switches on core 0)
2026-04-23 16:09:47.121 8 INFO placement.requestlog [None req-4975793b-a603-4e23-85f3-bbad3feb49fe - - - - - -] 10.0.0.31 "GET /" status: 200 len: 136 microversion: 1.0
2026-04-23 16:09:47.122 7 INFO placement.requestlog [None req-220e2047-f493-4840-8484-716cabc374e2 - - - - - -] 10.0.0.31 "GET /" status: 200 len: 136 microversion: 1.0
2026-04-23 16:09:57.122 7 INFO placement.requestlog [None req-3174e11d-9e67-4ec5-8900-e31ab31832c6 - - - - - -] 10.0.0.31 "GET /" status: 200 len: 136 microversion: 1.0
2026-04-23 16:09:57.122 8 INFO placement.requestlog [None req-923e02d2-42ee-4656-8c2b-be256158a3c9 - - - - - -] 10.0.0.31 "GET /" status: 200 len: 136 microversion: 1.0
2026-04-23 16:10:07.122 7 INFO placement.requestlog [None req-a2e02899-1279-464e-9c6a-815a64a9e5fd - - - - - -] 10.0.0.31 "GET /" status: 200 len: 136 microversion: 1.0
2026-04-23 16:10:07.122 8 INFO placement.requestlog [None req-4e05154c-a575-4f46-8526-67a13103e7fa - - - - - -] 10.0.0.31 "GET /" status: 200 len: 136 microversion: 1.0
2026-04-23 16:10:17.121 7 INFO placement.requestlog [None req-02bcf057-da3e-4c90-b3b0-b3c10412b251 - - - - - -] 10.0.0.31 "GET /" status: 200 len: 136 microversion: 1.0
2026-04-23 16:10:17.121 8 INFO placement.requestlog [None req-a3c9656b-f0ba-4cfb-b956-175266eeef4c - - - - - -] 10.0.0.31 "GET /" status: 200 len: 136 microversion: 1.0
2026-04-23 16:10:27.122 8 INFO placement.requestlog [None req-a3b5ed31-74ea-47f2-8a56-2aa1ffe09932 - - - - - -] 10.0.0.31 "GET /" status: 200 len: 136 microversion: 1.0
2026-04-23 16:10:27.123 7 INFO placement.requestlog [None req-d9520df6-df29-431f-b4d8-1521bb20bd96 - - - - - -] 10.0.0.31 "GET /" status: 200 len: 136 microversion: 1.0
2026-04-23 16:10:37.122 8 INFO placement.requestlog [None req-d3aa9f2b-17d1-4bc5-95af-5c818b4205cd - - - - - -] 10.0.0.31 "GET /" status: 200 len: 136 microversion: 1.0
2026-04-23 16:10:37.122 7 INFO placement.requestlog [None req-c640844d-80cf-4183-a3d6-b3735a7d3a8a - - - - - -] 10.0.0.31 "GET /" status: 200 len: 136 microversion: 1.0
2026-04-23 16:10:39.413 8 INFO placement.requestlog [req-aba6c82a-aaa8-4b0b-b329-8cf4ed0d1d37 req-44588c1d-d29a-4a98-82e3-080bee196f67 6053e9cc195c4ac4992eac6497afef02 ab7beedc27964afab56871be8be174fe - - 12ff0e6feee344cf90fbe156bb95a0a1 12ff0e6feee344cf90fbe156bb95a0a1] 199.204.45.57 "GET /resource_providers/490bb5f3-ffe4-4402-9714-8a14c9144274/allocations" status: 200 len: 340 microversion: 1.0 [pid: 8|app: 0|req: 649/1298] 199.204.45.57 () {32 vars in 855 bytes} [Thu Apr 23 16:10:39 2026] GET /resource_providers/490bb5f3-ffe4-4402-9714-8a14c9144274/allocations => generated 340 bytes in 28 msecs (HTTP/1.1 200) 6 headers in 224 bytes (1 switches on core 0)
2026-04-23 16:10:39.447 7 INFO placement.requestlog [req-aba6c82a-aaa8-4b0b-b329-8cf4ed0d1d37 req-42c56a7c-4ee3-4994-a714-f647fabf292b 6053e9cc195c4ac4992eac6497afef02 ab7beedc27964afab56871be8be174fe - - 12ff0e6feee344cf90fbe156bb95a0a1 12ff0e6feee344cf90fbe156bb95a0a1] 199.204.45.57 "GET /resource_providers/490bb5f3-ffe4-4402-9714-8a14c9144274/allocations" status: 200 len: 340 microversion: 1.0 [pid: 7|app: 0|req: 650/1299] 199.204.45.57 () {32 vars in 855 bytes} [Thu Apr 23 16:10:39 2026] GET /resource_providers/490bb5f3-ffe4-4402-9714-8a14c9144274/allocations => generated 340 bytes in 23 msecs (HTTP/1.1 200) 6 headers in 224 bytes (1 switches on core 0)
2026-04-23 16:10:39.478 8 INFO placement.requestlog [req-aba6c82a-aaa8-4b0b-b329-8cf4ed0d1d37 req-b1182425-e866-4115-8982-ccb8a0870cc4 6053e9cc195c4ac4992eac6497afef02 ab7beedc27964afab56871be8be174fe - - 12ff0e6feee344cf90fbe156bb95a0a1 12ff0e6feee344cf90fbe156bb95a0a1] 199.204.45.57 "GET /allocations/80f7605d-931c-41b5-96c0-369de7facd1c" status: 200 len: 258 microversion: 1.28 [pid: 8|app: 0|req: 650/1300] 199.204.45.57 () {34 vars in 861 bytes} [Thu Apr 23 16:10:39 2026] GET /allocations/80f7605d-931c-41b5-96c0-369de7facd1c => generated 258 bytes in 19 msecs (HTTP/1.1 200) 8 headers in 296 bytes (1 switches on core 0)
2026-04-23 16:10:39.504 7 INFO placement.requestlog [req-aba6c82a-aaa8-4b0b-b329-8cf4ed0d1d37 req-f9c1529a-1fd9-4fbe-b98b-24c356f4855a 6053e9cc195c4ac4992eac6497afef02 ab7beedc27964afab56871be8be174fe - - 12ff0e6feee344cf90fbe156bb95a0a1 12ff0e6feee344cf90fbe156bb95a0a1] 199.204.45.57 "GET /allocations/9b3ae6dd-83b1-42de-b73e-358a475d308a" status: 200 len: 258 microversion: 1.28 [pid: 7|app: 0|req: 651/1301] 199.204.45.57 () {34 vars in 861 bytes} [Thu Apr 23 16:10:39 2026] GET /allocations/9b3ae6dd-83b1-42de-b73e-358a475d308a => generated 258 bytes in 17 msecs (HTTP/1.1 200) 8 headers in 296 bytes (1 switches on core 0)
2026-04-23 16:10:39.529 8 INFO placement.requestlog [req-aba6c82a-aaa8-4b0b-b329-8cf4ed0d1d37 req-5a2d89c1-de5b-4d1d-840a-c2d1e65f94d0 6053e9cc195c4ac4992eac6497afef02 ab7beedc27964afab56871be8be174fe - - 12ff0e6feee344cf90fbe156bb95a0a1 12ff0e6feee344cf90fbe156bb95a0a1] 199.204.45.57 "GET /allocations/6ccff484-46a5-4a8d-95fa-75a81f1a6393" status: 200 len: 245 microversion: 1.28 [pid: 8|app: 0|req: 651/1302] 199.204.45.57 () {34 vars in 861 bytes} [Thu Apr 23 16:10:39 2026] GET /allocations/6ccff484-46a5-4a8d-95fa-75a81f1a6393 => generated 245 bytes in 17 msecs (HTTP/1.1 200) 8 headers in 296 bytes (1 switches on core 0)
2026-04-23 16:10:46.651 7 INFO placement.requestlog [req-105633ef-3181-499e-9565-565da5bb0b6c req-2dfd6ab1-9253-466b-942c-62262591315f 6053e9cc195c4ac4992eac6497afef02 ab7beedc27964afab56871be8be174fe - - 12ff0e6feee344cf90fbe156bb95a0a1 12ff0e6feee344cf90fbe156bb95a0a1] 199.204.45.57 "GET /resource_providers/490bb5f3-ffe4-4402-9714-8a14c9144274/allocations" status: 200 len: 340 microversion: 1.0 [pid: 7|app: 0|req: 652/1303] 199.204.45.57 () {32 vars in 855 bytes} [Thu Apr 23 16:10:46 2026] GET /resource_providers/490bb5f3-ffe4-4402-9714-8a14c9144274/allocations => generated 340 bytes in 17 msecs (HTTP/1.1 200) 6 headers in 224 bytes (1 switches on core 0)
2026-04-23 16:10:46.675 8 INFO placement.requestlog [req-105633ef-3181-499e-9565-565da5bb0b6c req-30ccfee7-c638-46b2-aacb-504ab2eebcf6 6053e9cc195c4ac4992eac6497afef02 ab7beedc27964afab56871be8be174fe - - 12ff0e6feee344cf90fbe156bb95a0a1 12ff0e6feee344cf90fbe156bb95a0a1] 199.204.45.57 "GET /allocations/80f7605d-931c-41b5-96c0-369de7facd1c" status: 200 len: 258 microversion: 1.28 [pid: 8|app: 0|req: 652/1304] 199.204.45.57 () {34 vars in 861 bytes} [Thu Apr 23 16:10:46 2026] GET /allocations/80f7605d-931c-41b5-96c0-369de7facd1c => generated 258 bytes in 16 msecs (HTTP/1.1 200) 8 headers in 296 bytes (1 switches on core 0)
2026-04-23 16:10:46.703 7 INFO placement.requestlog [req-105633ef-3181-499e-9565-565da5bb0b6c req-12e27cd0-4592-4f4f-8589-dbc1606837db 6053e9cc195c4ac4992eac6497afef02 ab7beedc27964afab56871be8be174fe - - 12ff0e6feee344cf90fbe156bb95a0a1 12ff0e6feee344cf90fbe156bb95a0a1] 199.204.45.57 "GET /allocations/9b3ae6dd-83b1-42de-b73e-358a475d308a" status: 200 len: 258 microversion: 1.28 [pid: 7|app: 0|req: 653/1305] 199.204.45.57 () {34 vars in 861 bytes} [Thu Apr 23 16:10:46 2026] GET /allocations/9b3ae6dd-83b1-42de-b73e-358a475d308a => generated 258 bytes in 18 msecs (HTTP/1.1 200) 8 headers in 296 bytes (1 switches on core 0)
2026-04-23 16:10:46.725 8 INFO placement.requestlog [req-105633ef-3181-499e-9565-565da5bb0b6c req-7529f962-0dca-4b6e-b11e-3ab4d5102afc 6053e9cc195c4ac4992eac6497afef02 ab7beedc27964afab56871be8be174fe - - 12ff0e6feee344cf90fbe156bb95a0a1 12ff0e6feee344cf90fbe156bb95a0a1] 199.204.45.57 "GET /allocations/6ccff484-46a5-4a8d-95fa-75a81f1a6393" status: 200 len: 245 microversion: 1.28 [pid: 8|app: 0|req: 653/1306] 199.204.45.57 () {34 vars in 861 bytes} [Thu Apr 23 16:10:46 2026] GET /allocations/6ccff484-46a5-4a8d-95fa-75a81f1a6393 => generated 245 bytes in 13 msecs (HTTP/1.1 200) 8 headers in 296 bytes (1 switches on core 0)
2026-04-23 16:10:47.121 7 INFO placement.requestlog [None req-d125ac9d-5ecc-4b91-8d11-f097e33cf925 - - - - - -] 10.0.0.31 "GET /" status: 200 len: 136 microversion: 1.0
2026-04-23 16:10:47.121 8 INFO placement.requestlog [None req-0edfc6c8-e8eb-4e49-ba57-37fdd9b2a457 - - - - - -] 10.0.0.31 "GET /" status: 200 len: 136 microversion: 1.0
2026-04-23 16:10:47.803 7 INFO placement.requestlog [req-105633ef-3181-499e-9565-565da5bb0b6c req-3120b8db-677b-414f-8797-7c06166a845d 6053e9cc195c4ac4992eac6497afef02 ab7beedc27964afab56871be8be174fe - - 12ff0e6feee344cf90fbe156bb95a0a1 12ff0e6feee344cf90fbe156bb95a0a1] 199.204.45.57 "DELETE /allocations/6ccff484-46a5-4a8d-95fa-75a81f1a6393" status: 204 len: 0 microversion: 1.0 [pid: 7|app: 0|req: 655/1309] 199.204.45.57 () {34 vars in 839 bytes} [Thu Apr 23 16:10:47 2026] DELETE /allocations/6ccff484-46a5-4a8d-95fa-75a81f1a6393 => generated 0 bytes in 29 msecs (HTTP/1.1 204) 5 headers in 198 bytes (1 switches on core 0)
2026-04-23 16:10:50.286 8 INFO placement.requestlog [req-2ffeb356-d5c0-4407-bbba-9b1f46f06e98 req-11def876-4636-450e-ac27-336395b63ecd 6053e9cc195c4ac4992eac6497afef02 ab7beedc27964afab56871be8be174fe - - 12ff0e6feee344cf90fbe156bb95a0a1 12ff0e6feee344cf90fbe156bb95a0a1] 199.204.45.57 "GET /resource_providers/490bb5f3-ffe4-4402-9714-8a14c9144274/allocations" status: 200 len: 253 microversion: 1.0 [pid: 8|app: 0|req: 655/1310] 199.204.45.57 () {32 vars in 855 bytes} [Thu Apr 23 16:10:50 2026] GET /resource_providers/490bb5f3-ffe4-4402-9714-8a14c9144274/allocations => generated 253 bytes in 12 msecs (HTTP/1.1 200) 6 headers in 224 bytes (1 switches on core 0)
2026-04-23 16:10:50.307 7 INFO placement.requestlog [req-2ffeb356-d5c0-4407-bbba-9b1f46f06e98 req-b475e7fe-dabb-45f6-8ee3-b6fa014b3ac2 6053e9cc195c4ac4992eac6497afef02 ab7beedc27964afab56871be8be174fe - - 12ff0e6feee344cf90fbe156bb95a0a1 12ff0e6feee344cf90fbe156bb95a0a1] 199.204.45.57 "GET /allocations/80f7605d-931c-41b5-96c0-369de7facd1c" status: 200 len: 258 microversion: 1.28 [pid: 7|app: 0|req: 656/1311] 199.204.45.57 () {34 vars in 861 bytes} [Thu Apr 23 16:10:50 2026] GET /allocations/80f7605d-931c-41b5-96c0-369de7facd1c => generated 258 bytes in 13 msecs (HTTP/1.1 200) 8 headers in 296 bytes (1 switches on core 0)
2026-04-23 16:10:50.327 8 INFO placement.requestlog [req-2ffeb356-d5c0-4407-bbba-9b1f46f06e98 req-a28f7e43-7a44-4585-a57c-59c983e5bf22 6053e9cc195c4ac4992eac6497afef02 ab7beedc27964afab56871be8be174fe - - 12ff0e6feee344cf90fbe156bb95a0a1 12ff0e6feee344cf90fbe156bb95a0a1] 199.204.45.57 "GET /allocations/9b3ae6dd-83b1-42de-b73e-358a475d308a" status: 200 len: 258 microversion: 1.28 [pid: 8|app: 0|req: 656/1312] 199.204.45.57 () {34 vars in 861 bytes} [Thu Apr 23 16:10:50 2026] GET /allocations/9b3ae6dd-83b1-42de-b73e-358a475d308a => generated 258 bytes in 15 msecs (HTTP/1.1 200) 8 headers in 296 bytes (1 switches on core 0)
2026-04-23 16:10:51.379 7 INFO placement.requestlog [req-2ffeb356-d5c0-4407-bbba-9b1f46f06e98 req-b89fc36a-afe3-4b1c-b83e-92317ef8c774 6053e9cc195c4ac4992eac6497afef02 ab7beedc27964afab56871be8be174fe - - 12ff0e6feee344cf90fbe156bb95a0a1 12ff0e6feee344cf90fbe156bb95a0a1] 199.204.45.57 "DELETE /allocations/80f7605d-931c-41b5-96c0-369de7facd1c" status: 204 len: 0 microversion: 1.0 [pid: 7|app: 0|req: 657/1313] 199.204.45.57 () {34 vars in 839 bytes} [Thu Apr 23 16:10:51 2026] DELETE /allocations/80f7605d-931c-41b5-96c0-369de7facd1c => generated 0 bytes in 26 msecs (HTTP/1.1 204) 5 headers in 198 bytes (1 switches on core 0)
2026-04-23 16:10:57.122 8 INFO placement.requestlog [None req-7ad9fd5a-c6c9-456c-9745-16155f3cc948 - - - - - -] 10.0.0.31 "GET /" status: 200 len: 136 microversion: 1.0
2026-04-23 16:10:57.122 7 INFO placement.requestlog [None req-d3d91041-82cd-45a6-98ec-41f52774cf95 - - - - - -] 10.0.0.31 "GET /" status: 200 len: 136 microversion: 1.0
2026-04-23 16:11:01.576 7 INFO placement.requestlog [req-52faccc6-bd0a-4425-a400-8e02715763ab req-448e5550-03af-4d22-abf3-dc77abf0bf5c 6053e9cc195c4ac4992eac6497afef02 ab7beedc27964afab56871be8be174fe - - 12ff0e6feee344cf90fbe156bb95a0a1 12ff0e6feee344cf90fbe156bb95a0a1] 199.204.45.57 "GET /resource_providers/490bb5f3-ffe4-4402-9714-8a14c9144274/allocations" status: 200 len: 153 microversion: 1.0 [pid: 7|app: 0|req: 659/1316] 199.204.45.57 () {32 vars in 855 bytes} [Thu Apr 23 16:11:01 2026] GET /resource_providers/490bb5f3-ffe4-4402-9714-8a14c9144274/allocations => generated 153 bytes in 20 msecs (HTTP/1.1 200) 6 headers in 224 bytes (1 switches on core 0)
2026-04-23 16:11:01.597 8 INFO placement.requestlog [req-52faccc6-bd0a-4425-a400-8e02715763ab req-7a86dfbc-b4d0-49ae-b51c-bd4fc1a6cdee 6053e9cc195c4ac4992eac6497afef02 ab7beedc27964afab56871be8be174fe - - 12ff0e6feee344cf90fbe156bb95a0a1 12ff0e6feee344cf90fbe156bb95a0a1] 199.204.45.57 "GET /allocations/9b3ae6dd-83b1-42de-b73e-358a475d308a" status: 200 len: 258 microversion: 1.28 [pid: 8|app: 0|req: 658/1317] 199.204.45.57 () {34 vars in 861 bytes} [Thu Apr 23 16:11:01 2026] GET /allocations/9b3ae6dd-83b1-42de-b73e-358a475d308a => generated 258 bytes in 14 msecs (HTTP/1.1 200) 8 headers in 296 bytes (1 switches on core 0)
2026-04-23 16:11:02.646 7 INFO placement.requestlog [req-52faccc6-bd0a-4425-a400-8e02715763ab req-b4dfb58c-2df1-43b5-997b-4842c7945b65 6053e9cc195c4ac4992eac6497afef02 ab7beedc27964afab56871be8be174fe - - 12ff0e6feee344cf90fbe156bb95a0a1 12ff0e6feee344cf90fbe156bb95a0a1] 199.204.45.57 "DELETE /allocations/9b3ae6dd-83b1-42de-b73e-358a475d308a" status: 204 len: 0 microversion: 1.0 [pid: 7|app: 0|req: 660/1318] 199.204.45.57 () {34 vars in 839 bytes} [Thu Apr 23 16:11:02 2026] DELETE /allocations/9b3ae6dd-83b1-42de-b73e-358a475d308a => generated 0 bytes in 27 msecs (HTTP/1.1 204) 5 headers in 198 bytes (1 switches on core 0)
2026-04-23 16:11:07.121 8 INFO placement.requestlog [None req-491578c2-c404-4f27-8321-c2aaf59ba4d8 - - - - - -] 10.0.0.31 "GET /" status: 200 len: 136 microversion: 1.0
2026-04-23 16:11:07.122 7 INFO placement.requestlog [None req-f51b6cff-a6c2-4a6f-95ae-cf5e5e51261d - - - - - -] 10.0.0.31 "GET /" status: 200 len: 136 microversion: 1.0
2026-04-23 16:11:13.136 8 INFO placement.requestlog [None req-255828d8-d59d-4445-982b-60c72663ffdd 2fe4c187260f433d94d94d966a9fee25 ab7beedc27964afab56871be8be174fe - - 12ff0e6feee344cf90fbe156bb95a0a1 12ff0e6feee344cf90fbe156bb95a0a1] 10.0.0.139 "GET /resource_providers/11f33c77-bbc2-411e-aaba-7905bc9b1111/aggregates" status: 404 len: 235 microversion: 1.1 [pid: 8|app: 0|req: 660/1321] 10.0.0.139 () {32 vars in 815 bytes} [Thu Apr 23 16:11:13 2026] GET /resource_providers/11f33c77-bbc2-411e-aaba-7905bc9b1111/aggregates => generated 235 bytes in 48 msecs (HTTP/1.1 404) 5 headers in 202 bytes (1 switches on core 0)
2026-04-23 16:11:13.147 7 INFO placement.requestlog [None req-e18b40e9-60df-48e0-90b8-7e9cc1d4aef2 2fe4c187260f433d94d94d966a9fee25 ab7beedc27964afab56871be8be174fe - - 12ff0e6feee344cf90fbe156bb95a0a1 12ff0e6feee344cf90fbe156bb95a0a1] 10.0.0.139 "GET /resource_providers/11f33c77-bbc2-411e-aaba-7905bc9b1111/aggregates" status: 404 len: 235 microversion: 1.1 [pid: 7|app: 0|req: 662/1322] 10.0.0.139 () {32 vars in 815 bytes} [Thu Apr 23 16:11:13 2026] GET /resource_providers/11f33c77-bbc2-411e-aaba-7905bc9b1111/aggregates => generated 235 bytes in 59 msecs (HTTP/1.1 404) 5 headers in 202 bytes (1 switches on core 0)
2026-04-23 16:11:13.160 8 INFO placement.requestlog [None req-e64e8aab-cf85-4e8c-a039-55c8893e14e9 2fe4c187260f433d94d94d966a9fee25 ab7beedc27964afab56871be8be174fe - - 12ff0e6feee344cf90fbe156bb95a0a1 12ff0e6feee344cf90fbe156bb95a0a1] 10.0.0.139 "DELETE /resource_providers/11f33c77-bbc2-411e-aaba-7905bc9b1111" status: 404 len: 246 microversion: 1.1 [pid: 8|app: 0|req: 661/1323] 10.0.0.139 () {34 vars in 815 bytes} [Thu Apr 23 16:11:13 2026] DELETE /resource_providers/11f33c77-bbc2-411e-aaba-7905bc9b1111 => generated 246 bytes in 9 msecs (HTTP/1.1 404) 6 headers in 231 bytes (1 switches on core 0)
2026-04-23 16:11:13.163 7 INFO placement.requestlog [None req-4b3484e9-55f3-4056-b8df-898e00892cb4 2fe4c187260f433d94d94d966a9fee25 ab7beedc27964afab56871be8be174fe - - 12ff0e6feee344cf90fbe156bb95a0a1 12ff0e6feee344cf90fbe156bb95a0a1] 10.0.0.139 "DELETE /resource_providers/11f33c77-bbc2-411e-aaba-7905bc9b1111" status: 404 len: 246 microversion: 1.1 [pid: 7|app: 0|req: 663/1324] 10.0.0.139 () {34 vars in 815 bytes} [Thu Apr 23 16:11:13 2026] DELETE /resource_providers/11f33c77-bbc2-411e-aaba-7905bc9b1111 => generated 246 bytes in 9 msecs (HTTP/1.1 404) 6 headers in 231 bytes (1 switches on core 0)
2026-04-23 16:11:15.182 8 INFO placement.requestlog [None req-9780443a-9fd3-466b-9a48-0c01d2f67978 2fe4c187260f433d94d94d966a9fee25 ab7beedc27964afab56871be8be174fe - - 12ff0e6feee344cf90fbe156bb95a0a1 12ff0e6feee344cf90fbe156bb95a0a1] 10.0.0.139 "GET /resource_providers/36d2a186-cd0c-4c47-ad28-8a7c9cbe34e7/aggregates" status: 404 len: 235 microversion: 1.1 [pid: 8|app: 0|req: 662/1325] 10.0.0.139 () {32 vars in 815 bytes} [Thu Apr 23 16:11:15 2026] GET /resource_providers/36d2a186-cd0c-4c47-ad28-8a7c9cbe34e7/aggregates => generated 235 bytes in 9 msecs (HTTP/1.1 404) 5 headers in 202 bytes (1 switches on core 0)
2026-04-23 16:11:15.184 7 INFO placement.requestlog [None req-1ac777b2-964c-4dc7-8dfd-78a2c5b4db23 2fe4c187260f433d94d94d966a9fee25 ab7beedc27964afab56871be8be174fe - - 12ff0e6feee344cf90fbe156bb95a0a1 12ff0e6feee344cf90fbe156bb95a0a1] 10.0.0.139 "GET /resource_providers/36d2a186-cd0c-4c47-ad28-8a7c9cbe34e7/aggregates" status: 404 len: 235 microversion: 1.1 [pid: 7|app: 0|req: 664/1326] 10.0.0.139 () {32 vars in 815 bytes} [Thu Apr 23 16:11:15 2026] GET /resource_providers/36d2a186-cd0c-4c47-ad28-8a7c9cbe34e7/aggregates => generated 235 bytes in 9 msecs (HTTP/1.1 404) 5 headers in 202 bytes (1 switches on core 0)
2026-04-23 16:11:15.204 8 INFO placement.requestlog [None req-ff48e983-82a0-4d22-b7d4-5ddafbf3e568 2fe4c187260f433d94d94d966a9fee25 ab7beedc27964afab56871be8be174fe - - 12ff0e6feee344cf90fbe156bb95a0a1 12ff0e6feee344cf90fbe156bb95a0a1] 10.0.0.139 "DELETE /resource_providers/36d2a186-cd0c-4c47-ad28-8a7c9cbe34e7" status: 404 len: 246 microversion: 1.1 [pid: 8|app: 0|req: 663/1327] 10.0.0.139 () {34 vars in 815 bytes} [Thu Apr 23 16:11:15 2026] DELETE /resource_providers/36d2a186-cd0c-4c47-ad28-8a7c9cbe34e7 => generated 246 bytes in 8 msecs (HTTP/1.1 404) 6 headers in 231 bytes (1 switches on core 0)
2026-04-23 16:11:15.207 7 INFO placement.requestlog [None req-c2972d63-af7a-4d07-9cfa-a09772686ae2 2fe4c187260f433d94d94d966a9fee25 ab7beedc27964afab56871be8be174fe - - 12ff0e6feee344cf90fbe156bb95a0a1 12ff0e6feee344cf90fbe156bb95a0a1] 10.0.0.139 "DELETE /resource_providers/36d2a186-cd0c-4c47-ad28-8a7c9cbe34e7" status: 404 len: 246 microversion: 1.1 [pid: 7|app: 0|req: 665/1328] 10.0.0.139 () {34 vars in 815 bytes} [Thu Apr 23 16:11:15 2026] DELETE /resource_providers/36d2a186-cd0c-4c47-ad28-8a7c9cbe34e7 => generated 246 bytes in 10 msecs (HTTP/1.1 404) 6 headers in 231 bytes (1 switches on core 0)
2026-04-23 16:11:15.224 8 INFO placement.requestlog [None req-c1349eaa-9e68-4879-879a-94af1b894525 2fe4c187260f433d94d94d966a9fee25 ab7beedc27964afab56871be8be174fe - - 12ff0e6feee344cf90fbe156bb95a0a1 12ff0e6feee344cf90fbe156bb95a0a1] 10.0.0.139 "GET /resource_providers/f712b901-6087-4e93-814c-37977de164db/aggregates" status: 404 len: 235 microversion: 1.1 [pid: 8|app: 0|req: 664/1329] 10.0.0.139 () {32 vars in 815 bytes} [Thu Apr 23 16:11:15 2026] GET /resource_providers/f712b901-6087-4e93-814c-37977de164db/aggregates => generated 235 bytes in 8 msecs (HTTP/1.1 404) 5 headers in 202 bytes (1 switches on core 0)
2026-04-23 16:11:15.231 7 INFO placement.requestlog [None req-9e98a36a-b1b3-4137-be8b-26841bb85f6a 2fe4c187260f433d94d94d966a9fee25 ab7beedc27964afab56871be8be174fe - - 12ff0e6feee344cf90fbe156bb95a0a1 12ff0e6feee344cf90fbe156bb95a0a1] 10.0.0.139 "GET /resource_providers/f712b901-6087-4e93-814c-37977de164db/aggregates" status: 404 len: 235 microversion: 1.1 [pid: 7|app: 0|req: 666/1330] 10.0.0.139 () {32 vars in 815 bytes} [Thu Apr 23 16:11:15 2026] GET /resource_providers/f712b901-6087-4e93-814c-37977de164db/aggregates => generated 235 bytes in 11 msecs (HTTP/1.1 404) 5 headers in 202 bytes (1 switches on core 0)
2026-04-23 16:11:15.249 8 INFO placement.requestlog [None req-ad483d30-b08d-4d69-9ccd-971442d3223c 2fe4c187260f433d94d94d966a9fee25 ab7beedc27964afab56871be8be174fe - - 12ff0e6feee344cf90fbe156bb95a0a1 12ff0e6feee344cf90fbe156bb95a0a1] 10.0.0.139 "DELETE /resource_providers/f712b901-6087-4e93-814c-37977de164db" status: 404 len: 246 microversion: 1.1 [pid: 8|app: 0|req: 665/1331] 10.0.0.139 () {34 vars in 815 bytes} [Thu Apr 23 16:11:15 2026] DELETE /resource_providers/f712b901-6087-4e93-814c-37977de164db => generated 246 bytes in 10 msecs (HTTP/1.1 404) 6 headers in 231 bytes (1 switches on core 0)
