2026-04-23 16:10:44.310 7 INFO neutron_taas.services.taas.tap_mirror_plugin [req-105633ef-3181-499e-9565-565da5bb0b6c req-d554db5c-2279-4c3b-8a0d-06524b82767c f6da539685604a2da7012f5530a5d95c d47bf9afd2234ebeb76a180954d7105c - - default default] Tap Mirror: Handle Delete Port: 6ae9f2c7-2656-49d4-a661-6673dff83e9c [pid: 7|app: 0|req: 1667/3197] 199.204.45.57 () {36 vars in 995 bytes} [Thu Apr 23 16:10:44 2026] DELETE /v2.0/ports/6ae9f2c7-2656-49d4-a661-6673dff83e9c => generated 0 bytes in 289 msecs (HTTP/1.1 204) 3 headers in 131 bytes (1 switches on core 0)
2026-04-23 16:10:44.527 7 INFO neutron.notifiers.nova [-] Nova event matching ['req-fc3b16c9-4a99-497f-a659-3761fce97d21'] response: {'server_uuid': '6ccff484-46a5-4a8d-95fa-75a81f1a6393', 'name': 'network-vif-deleted', 'tag': '6ae9f2c7-2656-49d4-a661-6673dff83e9c', 'status': 'completed', 'code': 200}
2026-04-23 16:10:45.188 8 INFO neutron_taas.services.taas.taas_plugin [None req-d7c0da80-934e-4533-a58f-30508c5f602f 68f4145d07df4b78861f9be35a79bfb9 a6322295cbf44810aa7dd28cab686ae8 - - default default] TaaS: Handle Delete Port: 756d20ad-65d8-4a85-8364-3b8775d324f5
2026-04-23 16:10:45.193 8 INFO neutron_taas.services.taas.tap_mirror_plugin [None req-d7c0da80-934e-4533-a58f-30508c5f602f 68f4145d07df4b78861f9be35a79bfb9 a6322295cbf44810aa7dd28cab686ae8 - - default default] Tap Mirror: Handle Delete Port: 756d20ad-65d8-4a85-8364-3b8775d324f5
2026-04-23 16:10:45.383 8 INFO neutron.db.l3_db [None req-d7c0da80-934e-4533-a58f-30508c5f602f 68f4145d07df4b78861f9be35a79bfb9 a6322295cbf44810aa7dd28cab686ae8 - - default default] Floating IP a7eae6ae-fe6a-4960-a92e-ef6994c17831 disassociated (deleted). External IP: 10.96.250.220, port: aab6911a-e549-4a1e-84ab-4cd06ccb17f7. [pid: 8|app: 0|req: 1531/3198] 10.0.0.50 () {32 vars in 730 bytes} [Thu Apr 23 16:10:45 2026] DELETE /v2.0/floatingips/a7eae6ae-fe6a-4960-a92e-ef6994c17831 => generated 0 bytes in 678 msecs (HTTP/1.1 204) 2 headers in 112 bytes (1 switches on core 0)
2026-04-23 16:10:45.749 7 INFO neutron.api.v2.resource [None req-7b825ff7-a6ec-4d80-901b-c400c6007b3f 68f4145d07df4b78861f9be35a79bfb9 a6322295cbf44810aa7dd28cab686ae8 - - default default] show failed (client error): The resource could not be found. [pid: 7|app: 0|req: 1668/3199] 10.0.0.50 () {32 vars in 727 bytes} [Thu Apr 23 16:10:45 2026] GET /v2.0/floatingips/a7eae6ae-fe6a-4960-a92e-ef6994c17831 => generated 144 bytes in 22 msecs (HTTP/1.1 404) 4 headers in 164 bytes (1 switches on core 0)
2026-04-23 16:10:45.759 8 INFO neutron.notifiers.nova [-] Nova event matching ['req-ca4c0efd-24b4-4174-add8-43cac07195d8'] response: {'name': 'network-changed', 'server_uuid': '80f7605d-931c-41b5-96c0-369de7facd1c', 'tag': 'aab6911a-e549-4a1e-84ab-4cd06ccb17f7', 'status': 'completed', 'code': 200} [pid: 8|app: 0|req: 1532/3200] 10.0.0.164 () {34 vars in 989 bytes} [Thu Apr 23 16:10:45 2026] GET /v2.0/ports?device_id=80f7605d-931c-41b5-96c0-369de7facd1c => generated 1204 bytes in 101 msecs (HTTP/1.1 200) 4 headers in 158 bytes (1 switches on core 0) [pid: 7|app: 0|req: 1669/3201] 10.0.0.164 () {34 vars in 1039 bytes} [Thu Apr 23 16:10:46 2026] GET /v2.0/security-groups?id=17a1cf27-cc96-4114-92f3-bf088790688c&fields=id&fields=name => generated 112 bytes in 42 msecs (HTTP/1.1 200) 4 headers in 157 bytes (1 switches on core 0) [pid: 8|app: 0|req: 1533/3202] 199.204.45.57 () {34 vars in 1078 bytes} [Thu Apr 23 16:10:46 2026] GET /v2.0/ports?tenant_id=a6322295cbf44810aa7dd28cab686ae8&device_id=80f7605d-931c-41b5-96c0-369de7facd1c => generated 1473 bytes in 41 msecs (HTTP/1.1 200) 4 headers in 158 bytes (1 switches on core 0) [pid: 7|app: 0|req: 1670/3203] 199.204.45.57 () {34 vars in 984 bytes} [Thu Apr 23 16:10:46 2026] GET /v2.0/networks?id=e78ae765-c71d-4627-9412-0b7c8a0bb515 => generated 799 bytes in 55 msecs (HTTP/1.1 200) 4 headers in 157 bytes (1 switches on core 0) [pid: 8|app: 0|req: 1534/3204] 199.204.45.57 () {34 vars in 1056 bytes} [Thu Apr 23 16:10:46 2026] GET /v2.0/floatingips?fixed_ip_address=10.2.2.119&port_id=aab6911a-e549-4a1e-84ab-4cd06ccb17f7 => generated 19 bytes in 25 msecs (HTTP/1.1 200) 4 headers in 156 bytes (1 switches on core 0) [pid: 7|app: 0|req: 1671/3205] 199.204.45.57 () {34 vars in 1104 bytes} [Thu Apr 23 16:10:46 2026] GET /v2.0/floatingips?fixed_ip_address=fd77%3A1457%3A4cf0%3A26a8%3A%3A1a4&port_id=aab6911a-e549-4a1e-84ab-4cd06ccb17f7 => generated 19 bytes in 24 msecs (HTTP/1.1 200) 4 headers in 156 bytes (1 switches on core 0) [pid: 8|app: 0|req: 1535/3206] 199.204.45.57 () {34 vars in 1062 bytes} [Thu Apr 23 16:10:46 2026] GET /v2.0/subnets?id=bfb5c62c-ee73-4aed-84ec-c5eed72bf649&id=bb152034-c9e3-41bf-8283-4ae1e6b83553 => generated 1414 bytes in 48 msecs (HTTP/1.1 200) 4 headers in 158 bytes (1 switches on core 0) [pid: 7|app: 0|req: 1672/3207] 199.204.45.57 () {34 vars in 1050 bytes} [Thu Apr 23 16:10:46 2026] GET /v2.0/ports?network_id=e78ae765-c71d-4627-9412-0b7c8a0bb515&device_owner=network%3Adhcp => generated 1461 bytes in 55 msecs (HTTP/1.1 200) 4 headers in 158 bytes (1 switches on core 0) [pid: 8|app: 0|req: 1536/3208] 199.204.45.57 () {34 vars in 1050 bytes} [Thu Apr 23 16:10:46 2026] GET /v2.0/ports?network_id=e78ae765-c71d-4627-9412-0b7c8a0bb515&device_owner=network%3Adhcp => generated 1461 bytes in 43 msecs (HTTP/1.1 200) 4 headers in 158 bytes (1 switches on core 0) [pid: 7|app: 0|req: 1673/3209] 199.204.45.57 () {34 vars in 1010 bytes} [Thu Apr 23 16:10:46 2026] GET /v2.0/networks/e78ae765-c71d-4627-9412-0b7c8a0bb515?fields=segments => generated 14 bytes in 74 msecs (HTTP/1.1 200) 4 headers in 156 bytes (1 switches on core 0) [pid: 8|app: 0|req: 1537/3210] 199.204.45.57 () {34 vars in 1110 bytes} [Thu Apr 23 16:10:46 2026] GET /v2.0/networks/e78ae765-c71d-4627-9412-0b7c8a0bb515?fields=provider%3Aphysical_network&fields=provider%3Anetwork_type => generated 78 bytes in 56 msecs (HTTP/1.1 200) 4 headers in 156 bytes (1 switches on core 0) [pid: 7|app: 0|req: 1674/3211] 199.204.45.57 () {34 vars in 992 bytes} [Thu Apr 23 16:10:48 2026] GET /v2.0/ports?device_id=80f7605d-931c-41b5-96c0-369de7facd1c => generated 1204 bytes in 92 msecs (HTTP/1.1 200) 4 headers in 158 bytes (1 switches on core 0)
2026-04-23 16:10:48.565 8 INFO neutron_taas.services.taas.taas_plugin [req-2ffeb356-d5c0-4407-bbba-9b1f46f06e98 req-a8ace7de-1f6c-47f9-aba0-a901aa680026 68f4145d07df4b78861f9be35a79bfb9 a6322295cbf44810aa7dd28cab686ae8 - - default default] TaaS: Handle Delete Port: aab6911a-e549-4a1e-84ab-4cd06ccb17f7
2026-04-23 16:10:48.568 8 INFO neutron_taas.services.taas.tap_mirror_plugin [req-2ffeb356-d5c0-4407-bbba-9b1f46f06e98 req-a8ace7de-1f6c-47f9-aba0-a901aa680026 68f4145d07df4b78861f9be35a79bfb9 a6322295cbf44810aa7dd28cab686ae8 - - default default] Tap Mirror: Handle Delete Port: aab6911a-e549-4a1e-84ab-4cd06ccb17f7 [pid: 8|app: 0|req: 1538/3212] 199.204.45.57 () {36 vars in 995 bytes} [Thu Apr 23 16:10:48 2026] DELETE /v2.0/ports/aab6911a-e549-4a1e-84ab-4cd06ccb17f7 => generated 0 bytes in 293 msecs (HTTP/1.1 204) 3 headers in 131 bytes (1 switches on core 0)
2026-04-23 16:10:48.782 8 INFO neutron.notifiers.nova [-] Nova event matching ['req-6f72eb0f-c0eb-4aa1-9c78-cc69502b74e4'] response: {'server_uuid': '80f7605d-931c-41b5-96c0-369de7facd1c', 'name': 'network-vif-deleted', 'tag': 'aab6911a-e549-4a1e-84ab-4cd06ccb17f7', 'status': 'completed', 'code': 200} [pid: 7|app: 0|req: 1675/3213] 10.0.0.164 () {34 vars in 989 bytes} [Thu Apr 23 16:10:51 2026] GET /v2.0/ports?device_id=80f7605d-931c-41b5-96c0-369de7facd1c => generated 12 bytes in 30 msecs (HTTP/1.1 200) 4 headers in 156 bytes (1 switches on core 0)
2026-04-23 16:10:56.426 7 INFO neutron_taas.services.taas.taas_plugin [None req-cdd319ff-485a-49c7-9b87-a28ab9f31af6 68f4145d07df4b78861f9be35a79bfb9 a6322295cbf44810aa7dd28cab686ae8 - - default default] TaaS: Handle Delete Port: 1c32a923-7767-4087-b5fb-f3240d067a40
2026-04-23 16:10:56.428 7 INFO neutron_taas.services.taas.tap_mirror_plugin [None req-cdd319ff-485a-49c7-9b87-a28ab9f31af6 68f4145d07df4b78861f9be35a79bfb9 a6322295cbf44810aa7dd28cab686ae8 - - default default] Tap Mirror: Handle Delete Port: 1c32a923-7767-4087-b5fb-f3240d067a40
2026-04-23 16:10:56.608 7 INFO neutron.db.l3_db [None req-cdd319ff-485a-49c7-9b87-a28ab9f31af6 68f4145d07df4b78861f9be35a79bfb9 a6322295cbf44810aa7dd28cab686ae8 - - default default] Floating IP 95e1347a-0034-496b-ac86-1c7974018841 disassociated (deleted). External IP: 10.96.250.204, port: 98f4557b-dfa5-4b71-ad55-59730e69054d. [pid: 7|app: 0|req: 1677/3216] 10.0.0.50 () {32 vars in 730 bytes} [Thu Apr 23 16:10:56 2026] DELETE /v2.0/floatingips/95e1347a-0034-496b-ac86-1c7974018841 => generated 0 bytes in 692 msecs (HTTP/1.1 204) 2 headers in 112 bytes (1 switches on core 0)
2026-04-23 16:10:57.039 7 INFO neutron.notifiers.nova [-] Nova event matching ['req-f01ba8a3-e2a5-4bf1-bc68-046cd8cb6c49'] response: {'name': 'network-changed', 'server_uuid': '9b3ae6dd-83b1-42de-b73e-358a475d308a', 'tag': '98f4557b-dfa5-4b71-ad55-59730e69054d', 'status': 'completed', 'code': 200}
2026-04-23 16:10:57.050 8 INFO neutron.api.v2.resource [None req-0ec381d3-a35f-4585-bbb9-379137d0fcc3 68f4145d07df4b78861f9be35a79bfb9 a6322295cbf44810aa7dd28cab686ae8 - - default default] show failed (client error): The resource could not be found. [pid: 8|app: 0|req: 1540/3217] 10.0.0.50 () {32 vars in 727 bytes} [Thu Apr 23 16:10:57 2026] GET /v2.0/floatingips/95e1347a-0034-496b-ac86-1c7974018841 => generated 144 bytes in 47 msecs (HTTP/1.1 404) 4 headers in 164 bytes (1 switches on core 0) [pid: 7|app: 0|req: 1678/3218] 10.0.0.164 () {34 vars in 989 bytes} [Thu Apr 23 16:10:57 2026] GET /v2.0/ports?device_id=9b3ae6dd-83b1-42de-b73e-358a475d308a => generated 1200 bytes in 73 msecs (HTTP/1.1 200) 4 headers in 158 bytes (1 switches on core 0) [pid: 8|app: 0|req: 1541/3219] 10.0.0.164 () {34 vars in 1039 bytes} [Thu Apr 23 16:10:57 2026] GET /v2.0/security-groups?id=17a1cf27-cc96-4114-92f3-bf088790688c&fields=id&fields=name => generated 112 bytes in 40 msecs (HTTP/1.1 200) 4 headers in 157 bytes (1 switches on core 0) [pid: 7|app: 0|req: 1679/3220] 199.204.45.57 () {34 vars in 1078 bytes} [Thu Apr 23 16:10:57 2026] GET /v2.0/ports?tenant_id=a6322295cbf44810aa7dd28cab686ae8&device_id=9b3ae6dd-83b1-42de-b73e-358a475d308a => generated 1469 bytes in 43 msecs (HTTP/1.1 200) 4 headers in 158 bytes (1 switches on core 0) [pid: 8|app: 0|req: 1542/3221] 199.204.45.57 () {34 vars in 984 bytes} [Thu Apr 23 16:10:57 2026] GET /v2.0/networks?id=9bdae5c7-2e10-4233-afb8-998e338a1573 => generated 800 bytes in 49 msecs (HTTP/1.1 200) 4 headers in 157 bytes (1 switches on core 0) [pid: 7|app: 0|req: 1680/3222] 199.204.45.57 () {34 vars in 1056 bytes} [Thu Apr 23 16:10:57 2026] GET /v2.0/floatingips?fixed_ip_address=10.2.1.117&port_id=98f4557b-dfa5-4b71-ad55-59730e69054d => generated 19 bytes in 35 msecs (HTTP/1.1 200) 4 headers in 156 bytes (1 switches on core 0) [pid: 8|app: 0|req: 1543/3223] 199.204.45.57 () {34 vars in 1102 bytes} [Thu Apr 23 16:10:57 2026] GET /v2.0/floatingips?fixed_ip_address=fd7b%3Af9f7%3Afff%3A4eca%3A%3A251&port_id=98f4557b-dfa5-4b71-ad55-59730e69054d => generated 19 bytes in 26 msecs (HTTP/1.1 200) 4 headers in 156 bytes (1 switches on core 0) [pid: 7|app: 0|req: 1681/3224] 199.204.45.57 () {34 vars in 1062 bytes} [Thu Apr 23 16:10:57 2026] GET /v2.0/subnets?id=81c3c16c-fb0d-4c38-89c7-e7a251fd4eb9&id=f7777f34-ec5b-401c-8291-e4b5ddaeafca => generated 1410 bytes in 35 msecs (HTTP/1.1 200) 4 headers in 158 bytes (1 switches on core 0) [pid: 8|app: 0|req: 1544/3225] 199.204.45.57 () {34 vars in 1050 bytes} [Thu Apr 23 16:10:57 2026] GET /v2.0/ports?network_id=9bdae5c7-2e10-4233-afb8-998e338a1573&device_owner=network%3Adhcp => generated 1457 bytes in 39 msecs (HTTP/1.1 200) 4 headers in 158 bytes (1 switches on core 0) [pid: 7|app: 0|req: 1682/3226] 199.204.45.57 () {34 vars in 1050 bytes} [Thu Apr 23 16:10:57 2026] GET /v2.0/ports?network_id=9bdae5c7-2e10-4233-afb8-998e338a1573&device_owner=network%3Adhcp => generated 1457 bytes in 37 msecs (HTTP/1.1 200) 4 headers in 158 bytes (1 switches on core 0) [pid: 8|app: 0|req: 1545/3227] 199.204.45.57 () {34 vars in 1010 bytes} [Thu Apr 23 16:10:57 2026] GET /v2.0/networks/9bdae5c7-2e10-4233-afb8-998e338a1573?fields=segments => generated 14 bytes in 44 msecs (HTTP/1.1 200) 4 headers in 156 bytes (1 switches on core 0) [pid: 7|app: 0|req: 1683/3228] 199.204.45.57 () {34 vars in 1110 bytes} [Thu Apr 23 16:10:57 2026] GET /v2.0/networks/9bdae5c7-2e10-4233-afb8-998e338a1573?fields=provider%3Aphysical_network&fields=provider%3Anetwork_type => generated 78 bytes in 45 msecs (HTTP/1.1 200) 4 headers in 156 bytes (1 switches on core 0) [pid: 8|app: 0|req: 1546/3229] 199.204.45.57 () {34 vars in 992 bytes} [Thu Apr 23 16:10:59 2026] GET /v2.0/ports?device_id=9b3ae6dd-83b1-42de-b73e-358a475d308a => generated 1200 bytes in 71 msecs (HTTP/1.1 200) 4 headers in 158 bytes (1 switches on core 0)
2026-04-23 16:10:59.823 7 INFO neutron_taas.services.taas.taas_plugin [req-52faccc6-bd0a-4425-a400-8e02715763ab req-83a98612-8ad3-44ce-afa0-4f5b6b9eaced 68f4145d07df4b78861f9be35a79bfb9 a6322295cbf44810aa7dd28cab686ae8 - - default default] TaaS: Handle Delete Port: 98f4557b-dfa5-4b71-ad55-59730e69054d
2026-04-23 16:10:59.827 7 INFO neutron_taas.services.taas.tap_mirror_plugin [req-52faccc6-bd0a-4425-a400-8e02715763ab req-83a98612-8ad3-44ce-afa0-4f5b6b9eaced 68f4145d07df4b78861f9be35a79bfb9 a6322295cbf44810aa7dd28cab686ae8 - - default default] Tap Mirror: Handle Delete Port: 98f4557b-dfa5-4b71-ad55-59730e69054d [pid: 7|app: 0|req: 1684/3230] 199.204.45.57 () {36 vars in 995 bytes} [Thu Apr 23 16:10:59 2026] DELETE /v2.0/ports/98f4557b-dfa5-4b71-ad55-59730e69054d => generated 0 bytes in 333 msecs (HTTP/1.1 204) 3 headers in 131 bytes (1 switches on core 0)
2026-04-23 16:11:00.071 7 INFO neutron.notifiers.nova [-] Nova event matching ['req-fd8ff353-da81-41b9-86ae-2101295dbaed'] response: {'server_uuid': '9b3ae6dd-83b1-42de-b73e-358a475d308a', 'name': 'network-vif-deleted', 'tag': '98f4557b-dfa5-4b71-ad55-59730e69054d', 'status': 'completed', 'code': 200} [pid: 8|app: 0|req: 1547/3231] 10.0.0.164 () {34 vars in 989 bytes} [Thu Apr 23 16:11:02 2026] GET /v2.0/ports?device_id=9b3ae6dd-83b1-42de-b73e-358a475d308a => generated 12 bytes in 20 msecs (HTTP/1.1 200) 4 headers in 156 bytes (1 switches on core 0) [pid: 7|app: 0|req: 1685/3232] 10.0.0.50 () {32 vars in 748 bytes} [Thu Apr 23 16:11:07 2026] DELETE /v2.0/security-group-rules/8cd48c05-c6ee-48ff-b93d-72f958a00939 => generated 0 bytes in 106 msecs (HTTP/1.1 204) 2 headers in 112 bytes (1 switches on core 0)
2026-04-23 16:11:07.644 8 INFO neutron.api.v2.resource [None req-263e65e7-de76-4c31-9349-2bc4e834ba20 68f4145d07df4b78861f9be35a79bfb9 a6322295cbf44810aa7dd28cab686ae8 - - default default] show failed (client error): The resource could not be found. [pid: 8|app: 0|req: 1548/3233] 10.0.0.50 () {32 vars in 745 bytes} [Thu Apr 23 16:11:07 2026] GET /v2.0/security-group-rules/8cd48c05-c6ee-48ff-b93d-72f958a00939 => generated 155 bytes in 13 msecs (HTTP/1.1 404) 4 headers in 164 bytes (1 switches on core 0) [pid: 7|app: 0|req: 1686/3234] 10.0.0.50 () {32 vars in 748 bytes} [Thu Apr 23 16:11:07 2026] DELETE /v2.0/security-group-rules/1e844c2d-a65e-4368-a867-a85a15cd4cea => generated 0 bytes in 72 msecs (HTTP/1.1 204) 2 headers in 112 bytes (1 switches on core 0)
2026-04-23 16:11:07.739 8 INFO neutron.api.v2.resource [None req-74fd6067-de80-46f4-89f0-f5b3982f3a45 68f4145d07df4b78861f9be35a79bfb9 a6322295cbf44810aa7dd28cab686ae8 - - default default] show failed (client error): The resource could not be found. [pid: 8|app: 0|req: 1549/3235] 10.0.0.50 () {32 vars in 745 bytes} [Thu Apr 23 16:11:07 2026] GET /v2.0/security-group-rules/1e844c2d-a65e-4368-a867-a85a15cd4cea => generated 155 bytes in 13 msecs (HTTP/1.1 404) 4 headers in 164 bytes (1 switches on core 0) [pid: 7|app: 0|req: 1687/3236] 10.0.0.50 () {32 vars in 748 bytes} [Thu Apr 23 16:11:07 2026] DELETE /v2.0/security-group-rules/9e0b6185-b71e-427c-8f4a-6f916d14beef => generated 0 bytes in 74 msecs (HTTP/1.1 204) 2 headers in 112 bytes (1 switches on core 0)
2026-04-23 16:11:07.832 8 INFO neutron.api.v2.resource [None req-efb344a6-15d6-41a6-ad94-c3d518df3ba8 68f4145d07df4b78861f9be35a79bfb9 a6322295cbf44810aa7dd28cab686ae8 - - default default] show failed (client error): The resource could not be found. [pid: 8|app: 0|req: 1550/3237] 10.0.0.50 () {32 vars in 745 bytes} [Thu Apr 23 16:11:07 2026] GET /v2.0/security-group-rules/9e0b6185-b71e-427c-8f4a-6f916d14beef => generated 155 bytes in 10 msecs (HTTP/1.1 404) 4 headers in 164 bytes (1 switches on core 0) [pid: 7|app: 0|req: 1688/3238] 10.0.0.50 () {32 vars in 748 bytes} [Thu Apr 23 16:11:07 2026] DELETE /v2.0/security-group-rules/00ad8027-2bb5-4b15-b572-d49e0caa5979 => generated 0 bytes in 73 msecs (HTTP/1.1 204) 2 headers in 112 bytes (1 switches on core 0)
2026-04-23 16:11:07.930 8 INFO neutron.api.v2.resource [None req-950cad2d-31fb-4a40-aa98-f9f1f9a8a724 68f4145d07df4b78861f9be35a79bfb9 a6322295cbf44810aa7dd28cab686ae8 - - default default] show failed (client error): The resource could not be found. [pid: 8|app: 0|req: 1551/3239] 10.0.0.50 () {32 vars in 745 bytes} [Thu Apr 23 16:11:07 2026] GET /v2.0/security-group-rules/00ad8027-2bb5-4b15-b572-d49e0caa5979 => generated 155 bytes in 16 msecs (HTTP/1.1 404) 4 headers in 164 bytes (1 switches on core 0) [pid: 7|app: 0|req: 1689/3240] 10.0.0.50 () {32 vars in 748 bytes} [Thu Apr 23 16:11:07 2026] DELETE /v2.0/security-group-rules/9728d577-a888-496d-a0c7-fa257ea663ce => generated 0 bytes in 79 msecs (HTTP/1.1 204) 2 headers in 112 bytes (1 switches on core 0)
2026-04-23 16:11:08.031 8 INFO neutron.api.v2.resource [None req-1f2462e0-dc57-4f7c-8372-b23ce6ea45dd 68f4145d07df4b78861f9be35a79bfb9 a6322295cbf44810aa7dd28cab686ae8 - - default default] show failed (client error): The resource could not be found. [pid: 8|app: 0|req: 1552/3241] 10.0.0.50 () {32 vars in 745 bytes} [Thu Apr 23 16:11:08 2026] GET /v2.0/security-group-rules/9728d577-a888-496d-a0c7-fa257ea663ce => generated 155 bytes in 14 msecs (HTTP/1.1 404) 4 headers in 164 bytes (1 switches on core 0) [pid: 7|app: 0|req: 1690/3242] 10.0.0.50 () {32 vars in 748 bytes} [Thu Apr 23 16:11:08 2026] DELETE /v2.0/security-group-rules/ef33ab37-638f-4632-be71-c93886954c7d => generated 0 bytes in 71 msecs (HTTP/1.1 204) 2 headers in 112 bytes (1 switches on core 0)
2026-04-23 16:11:08.123 8 INFO neutron.api.v2.resource [None req-c5de7a83-69ad-423c-91dc-88f3f20ef939 68f4145d07df4b78861f9be35a79bfb9 a6322295cbf44810aa7dd28cab686ae8 - - default default] show failed (client error): The resource could not be found. [pid: 8|app: 0|req: 1553/3243] 10.0.0.50 () {32 vars in 745 bytes} [Thu Apr 23 16:11:08 2026] GET /v2.0/security-group-rules/ef33ab37-638f-4632-be71-c93886954c7d => generated 155 bytes in 11 msecs (HTTP/1.1 404) 4 headers in 164 bytes (1 switches on core 0) [pid: 7|app: 0|req: 1691/3244] 10.0.0.50 () {32 vars in 748 bytes} [Thu Apr 23 16:11:08 2026] DELETE /v2.0/security-group-rules/a1ece16f-16c6-4a2e-8629-e91d93a2f22d => generated 0 bytes in 63 msecs (HTTP/1.1 204) 2 headers in 112 bytes (1 switches on core 0)
2026-04-23 16:11:08.205 8 INFO neutron.api.v2.resource [None req-d2523c01-6efb-4519-a1f7-22aaefd31b26 68f4145d07df4b78861f9be35a79bfb9 a6322295cbf44810aa7dd28cab686ae8 - - default default] show failed (client error): The resource could not be found. [pid: 8|app: 0|req: 1554/3245] 10.0.0.50 () {32 vars in 745 bytes} [Thu Apr 23 16:11:08 2026] GET /v2.0/security-group-rules/a1ece16f-16c6-4a2e-8629-e91d93a2f22d => generated 155 bytes in 10 msecs (HTTP/1.1 404) 4 headers in 164 bytes (1 switches on core 0) [pid: 7|app: 0|req: 1692/3246] 10.0.0.50 () {32 vars in 748 bytes} [Thu Apr 23 16:11:08 2026] DELETE /v2.0/security-group-rules/f37c50df-e630-4c63-a462-9f8886697513 => generated 0 bytes in 65 msecs (HTTP/1.1 204) 2 headers in 112 bytes (1 switches on core 0)
2026-04-23 16:11:08.294 8 INFO neutron.api.v2.resource [None req-94a7befb-3653-47a8-b0aa-762f5b7096e2 68f4145d07df4b78861f9be35a79bfb9 a6322295cbf44810aa7dd28cab686ae8 - - default default] show failed (client error): The resource could not be found. [pid: 8|app: 0|req: 1555/3247] 10.0.0.50 () {32 vars in 745 bytes} [Thu Apr 23 16:11:08 2026] GET /v2.0/security-group-rules/f37c50df-e630-4c63-a462-9f8886697513 => generated 155 bytes in 15 msecs (HTTP/1.1 404) 4 headers in 164 bytes (1 switches on core 0) [pid: 7|app: 0|req: 1693/3248] 10.0.0.50 () {32 vars in 748 bytes} [Thu Apr 23 16:11:08 2026] DELETE /v2.0/security-group-rules/30ae8d45-8cdc-44ea-9cc2-ceaf026bd412 => generated 0 bytes in 66 msecs (HTTP/1.1 204) 2 headers in 112 bytes (1 switches on core 0)
2026-04-23 16:11:08.382 8 INFO neutron.api.v2.resource [None req-bc052601-111b-4490-b988-cd93df1518b9 68f4145d07df4b78861f9be35a79bfb9 a6322295cbf44810aa7dd28cab686ae8 - - default default] show failed (client error): The resource could not be found. [pid: 8|app: 0|req: 1556/3249] 10.0.0.50 () {32 vars in 745 bytes} [Thu Apr 23 16:11:08 2026] GET /v2.0/security-group-rules/30ae8d45-8cdc-44ea-9cc2-ceaf026bd412 => generated 155 bytes in 11 msecs (HTTP/1.1 404) 4 headers in 164 bytes (1 switches on core 0) [pid: 7|app: 0|req: 1694/3250] 10.0.0.50 () {32 vars in 748 bytes} [Thu Apr 23 16:11:08 2026] DELETE /v2.0/security-group-rules/9cfaf57d-faee-420d-8cab-292df53245f2 => generated 0 bytes in 70 msecs (HTTP/1.1 204) 2 headers in 112 bytes (1 switches on core 0)
2026-04-23 16:11:08.482 8 INFO neutron.api.v2.resource [None req-63856b18-9906-4610-9a49-bcefe202b5c5 68f4145d07df4b78861f9be35a79bfb9 a6322295cbf44810aa7dd28cab686ae8 - - default default] show failed (client error): The resource could not be found. [pid: 8|app: 0|req: 1557/3251] 10.0.0.50 () {32 vars in 745 bytes} [Thu Apr 23 16:11:08 2026] GET /v2.0/security-group-rules/9cfaf57d-faee-420d-8cab-292df53245f2 => generated 155 bytes in 13 msecs (HTTP/1.1 404) 4 headers in 164 bytes (1 switches on core 0) [pid: 7|app: 0|req: 1695/3252] 10.0.0.50 () {32 vars in 748 bytes} [Thu Apr 23 16:11:08 2026] DELETE /v2.0/security-group-rules/0ff3b983-8384-42af-a9d8-bc50c9d696ff => generated 0 bytes in 78 msecs (HTTP/1.1 204) 2 headers in 112 bytes (1 switches on core 0)
2026-04-23 16:11:08.579 8 INFO neutron.api.v2.resource [None req-7dd6b8c6-5ab5-43a7-b41f-3ec93bb639d4 68f4145d07df4b78861f9be35a79bfb9 a6322295cbf44810aa7dd28cab686ae8 - - default default] show failed (client error): The resource could not be found. [pid: 8|app: 0|req: 1558/3253] 10.0.0.50 () {32 vars in 745 bytes} [Thu Apr 23 16:11:08 2026] GET /v2.0/security-group-rules/0ff3b983-8384-42af-a9d8-bc50c9d696ff => generated 155 bytes in 10 msecs (HTTP/1.1 404) 4 headers in 164 bytes (1 switches on core 0) [pid: 7|app: 0|req: 1696/3254] 10.0.0.50 () {32 vars in 738 bytes} [Thu Apr 23 16:11:08 2026] DELETE /v2.0/security-groups/17a1cf27-cc96-4114-92f3-bf088790688c => generated 0 bytes in 86 msecs (HTTP/1.1 204) 2 headers in 112 bytes (1 switches on core 0)
2026-04-23 16:11:08.688 8 INFO neutron.api.v2.resource [None req-480285a4-8663-4a45-9ab4-15917685efac 68f4145d07df4b78861f9be35a79bfb9 a6322295cbf44810aa7dd28cab686ae8 - - default default] show failed (client error): The resource could not be found. [pid: 8|app: 0|req: 1559/3255] 10.0.0.50 () {32 vars in 735 bytes} [Thu Apr 23 16:11:08 2026] GET /v2.0/security-groups/17a1cf27-cc96-4114-92f3-bf088790688c => generated 146 bytes in 14 msecs (HTTP/1.1 404) 4 headers in 164 bytes (1 switches on core 0)
2026-04-23 16:11:09.164 7 INFO neutron_taas.services.taas.taas_plugin [None req-dfc47f15-64ca-4d5a-80d6-80af25cd7b45 68f4145d07df4b78861f9be35a79bfb9 a6322295cbf44810aa7dd28cab686ae8 - - default default] TaaS: Handle Delete Port: de0f4b60-8059-4dff-a46c-a4c96cd64886
2026-04-23 16:11:09.167 7 INFO neutron_taas.services.taas.tap_mirror_plugin [None req-dfc47f15-64ca-4d5a-80d6-80af25cd7b45 68f4145d07df4b78861f9be35a79bfb9 a6322295cbf44810aa7dd28cab686ae8 - - default default] Tap Mirror: Handle Delete Port: de0f4b60-8059-4dff-a46c-a4c96cd64886 [pid: 7|app: 0|req: 1697/3256] 10.0.0.50 () {34 vars in 787 bytes} [Thu Apr 23 16:11:08 2026] PUT /v2.0/routers/89162f77-4c8b-4771-b7eb-84c4e35f4a90/remove_router_interface => generated 310 bytes in 1016 msecs (HTTP/1.1 200) 4 headers in 157 bytes (1 switches on core 0)
2026-04-23 16:11:09.948 8 INFO neutron.api.v2.resource [None req-7a6530bd-e04c-401a-9282-5c46603dc9f3 68f4145d07df4b78861f9be35a79bfb9 a6322295cbf44810aa7dd28cab686ae8 - - default default] remove_router_interface failed (client error): The resource could not be found. [pid: 8|app: 0|req: 1560/3259] 10.0.0.50 () {34 vars in 787 bytes} [Thu Apr 23 16:11:09 2026] PUT /v2.0/routers/89162f77-4c8b-4771-b7eb-84c4e35f4a90/remove_router_interface => generated 198 bytes in 184 msecs (HTTP/1.1 404) 4 headers in 164 bytes (1 switches on core 0)
2026-04-23 16:11:10.340 7 INFO neutron_taas.services.taas.taas_plugin [None req-51e93271-8505-4312-8323-0e26356b653d 68f4145d07df4b78861f9be35a79bfb9 a6322295cbf44810aa7dd28cab686ae8 - - default default] TaaS: Handle Delete Port: b5cb5451-c0d7-49ea-94d6-bea35df5cdbc
2026-04-23 16:11:10.344 7 INFO neutron_taas.services.taas.tap_mirror_plugin [None req-51e93271-8505-4312-8323-0e26356b653d 68f4145d07df4b78861f9be35a79bfb9 a6322295cbf44810aa7dd28cab686ae8 - - default default] Tap Mirror: Handle Delete Port: b5cb5451-c0d7-49ea-94d6-bea35df5cdbc [pid: 7|app: 0|req: 1700/3260] 10.0.0.50 () {34 vars in 787 bytes} [Thu Apr 23 16:11:09 2026] PUT /v2.0/routers/89162f77-4c8b-4771-b7eb-84c4e35f4a90/remove_router_interface => generated 310 bytes in 986 msecs (HTTP/1.1 200) 4 headers in 157 bytes (1 switches on core 0)
2026-04-23 16:11:11.117 8 INFO neutron.api.v2.resource [None req-711b0332-a8b3-4363-ba99-30a8c908196b 68f4145d07df4b78861f9be35a79bfb9 a6322295cbf44810aa7dd28cab686ae8 - - default default] remove_router_interface failed (client error): The resource could not be found. [pid: 8|app: 0|req: 1561/3261] 10.0.0.50 () {34 vars in 787 bytes} [Thu Apr 23 16:11:10 2026] PUT /v2.0/routers/89162f77-4c8b-4771-b7eb-84c4e35f4a90/remove_router_interface => generated 198 bytes in 172 msecs (HTTP/1.1 404) 4 headers in 164 bytes (1 switches on core 0)
2026-04-23 16:11:11.539 7 INFO neutron_taas.services.taas.taas_plugin [None req-51a8ca25-ff82-4e2d-8bc0-b9d82a7d7375 68f4145d07df4b78861f9be35a79bfb9 a6322295cbf44810aa7dd28cab686ae8 - - default default] TaaS: Handle Delete Port: d482e5fa-35f5-41ce-b29d-030481baa3c0
2026-04-23 16:11:11.543 7 INFO neutron_taas.services.taas.tap_mirror_plugin [None req-51a8ca25-ff82-4e2d-8bc0-b9d82a7d7375 68f4145d07df4b78861f9be35a79bfb9 a6322295cbf44810aa7dd28cab686ae8 - - default default] Tap Mirror: Handle Delete Port: d482e5fa-35f5-41ce-b29d-030481baa3c0 [pid: 7|app: 0|req: 1701/3262] 10.0.0.50 () {34 vars in 787 bytes} [Thu Apr 23 16:11:11 2026] PUT /v2.0/routers/89162f77-4c8b-4771-b7eb-84c4e35f4a90/remove_router_interface => generated 310 bytes in 949 msecs (HTTP/1.1 200) 4 headers in 157 bytes (1 switches on core 0)
2026-04-23 16:11:12.257 8 INFO neutron.api.v2.resource [None req-a0d1fa7c-22a1-4271-9a5e-0b94114da793 68f4145d07df4b78861f9be35a79bfb9 a6322295cbf44810aa7dd28cab686ae8 - - default default] remove_router_interface failed (client error): The resource could not be found. [pid: 8|app: 0|req: 1562/3263] 10.0.0.50 () {34 vars in 787 bytes} [Thu Apr 23 16:11:12 2026] PUT /v2.0/routers/89162f77-4c8b-4771-b7eb-84c4e35f4a90/remove_router_interface => generated 198 bytes in 181 msecs (HTTP/1.1 404) 4 headers in 164 bytes (1 switches on core 0)
2026-04-23 16:11:12.469 7 INFO neutron_taas.services.taas.taas_plugin [None req-03e59071-7bf7-467d-b0ca-377edbab5e09 68f4145d07df4b78861f9be35a79bfb9 a6322295cbf44810aa7dd28cab686ae8 - - default default] TaaS: Handle Delete Port: d8b0c4d8-7670-4196-8fbd-7a3fcdbbf0c5
2026-04-23 16:11:12.472 7 INFO neutron_taas.services.taas.tap_mirror_plugin [None req-03e59071-7bf7-467d-b0ca-377edbab5e09 68f4145d07df4b78861f9be35a79bfb9 a6322295cbf44810aa7dd28cab686ae8 - - default default] Tap Mirror: Handle Delete Port: d8b0c4d8-7670-4196-8fbd-7a3fcdbbf0c5
2026-04-23 16:11:12.732 7 INFO neutron_taas.services.taas.taas_plugin [None req-03e59071-7bf7-467d-b0ca-377edbab5e09 68f4145d07df4b78861f9be35a79bfb9 a6322295cbf44810aa7dd28cab686ae8 - - default default] TaaS: Handle Delete Port: 6bcd57fb-42dd-4a31-8401-ab523294886d
2026-04-23 16:11:12.734 7 INFO neutron_taas.services.taas.tap_mirror_plugin [None req-03e59071-7bf7-467d-b0ca-377edbab5e09 68f4145d07df4b78861f9be35a79bfb9 a6322295cbf44810aa7dd28cab686ae8 - - default default] Tap Mirror: Handle Delete Port: 6bcd57fb-42dd-4a31-8401-ab523294886d
2026-04-23 16:11:13.125 7 INFO neutron.db.l3_hamode_db [None req-03e59071-7bf7-467d-b0ca-377edbab5e09 68f4145d07df4b78861f9be35a79bfb9 a6322295cbf44810aa7dd28cab686ae8 - - default default] HA network 337386d6-e824-460c-a69c-11b8331b8dad was deleted as no HA routers are present in project a6322295cbf44810aa7dd28cab686ae8. [pid: 7|app: 0|req: 1702/3264] 10.0.0.50 () {32 vars in 722 bytes} [Thu Apr 23 16:11:12 2026] DELETE /v2.0/routers/89162f77-4c8b-4771-b7eb-84c4e35f4a90 => generated 0 bytes in 870 msecs (HTTP/1.1 204) 2 headers in 112 bytes (1 switches on core 0)
2026-04-23 16:11:13.137 7 INFO neutron.services.segments.plugin [-] Segment 11f33c77-bbc2-411e-aaba-7905bc9b1111 resource provider aggregate not found
2026-04-23 16:11:13.148 7 INFO neutron.services.segments.plugin [-] Segment 11f33c77-bbc2-411e-aaba-7905bc9b1111 resource provider aggregate not found
2026-04-23 16:11:13.162 7 INFO neutron.services.segments.plugin [-] Segment 11f33c77-bbc2-411e-aaba-7905bc9b1111 resource provider not found; error: Placement Client Error (4xx): {"errors": [{"status": 404, "title": "Not Found", "detail": "The resource could not be found.\n\n No resource provider with uuid 11f33c77-bbc2-411e-aaba-7905bc9b1111 found for delete ", "request_id": "req-e64e8aab-cf85-4e8c-a039-55c8893e14e9"}]}
2026-04-23 16:11:13.162 8 INFO neutron.api.v2.resource [None req-7751aa14-2562-4a44-b032-e287a3732ceb 68f4145d07df4b78861f9be35a79bfb9 a6322295cbf44810aa7dd28cab686ae8 - - default default] show failed (client error): The resource could not be found. [pid: 8|app: 0|req: 1563/3265] 10.0.0.50 () {32 vars in 719 bytes} [Thu Apr 23 16:11:13 2026] GET /v2.0/routers/89162f77-4c8b-4771-b7eb-84c4e35f4a90 => generated 135 bytes in 22 msecs (HTTP/1.1 404) 4 headers in 164 bytes (1 switches on core 0)
2026-04-23 16:11:13.164 7 INFO neutron.services.segments.plugin [-] Segment 11f33c77-bbc2-411e-aaba-7905bc9b1111 resource provider not found; error: Placement Client Error (4xx): {"errors": [{"status": 404, "title": "Not Found", "detail": "The resource could not be found.\n\n No resource provider with uuid 11f33c77-bbc2-411e-aaba-7905bc9b1111 found for delete ", "request_id": "req-4b3484e9-55f3-4056-b8df-898e00892cb4"}]} [pid: 7|app: 0|req: 1703/3266] 10.0.0.50 () {32 vars in 722 bytes} [Thu Apr 23 16:11:13 2026] DELETE /v2.0/subnets/bb152034-c9e3-41bf-8283-4ae1e6b83553 => generated 0 bytes in 156 msecs (HTTP/1.1 204) 3 headers in 131 bytes (1 switches on core 0)
2026-04-23 16:11:13.343 8 INFO neutron.pecan_wsgi.hooks.translation [None req-ebf5bace-79e4-4f21-856f-49e260874eff 68f4145d07df4b78861f9be35a79bfb9 a6322295cbf44810aa7dd28cab686ae8 - - default default] GET failed (client error): The resource could not be found. [pid: 8|app: 0|req: 1564/3267] 10.0.0.50 () {32 vars in 719 bytes} [Thu Apr 23 16:11:13 2026] GET /v2.0/subnets/bb152034-c9e3-41bf-8283-4ae1e6b83553 => generated 136 bytes in 15 msecs (HTTP/1.1 404) 4 headers in 164 bytes (1 switches on core 0) [pid: 7|app: 0|req: 1704/3268] 10.0.0.50 () {32 vars in 722 bytes} [Thu Apr 23 16:11:13 2026] DELETE /v2.0/subnets/bfb5c62c-ee73-4aed-84ec-c5eed72bf649 => generated 0 bytes in 139 msecs (HTTP/1.1 204) 3 headers in 131 bytes (1 switches on core 0)
2026-04-23 16:11:13.510 8 INFO neutron.pecan_wsgi.hooks.translation [None req-0b331391-c35e-43f1-9e43-7a2cd1525af0 68f4145d07df4b78861f9be35a79bfb9 a6322295cbf44810aa7dd28cab686ae8 - - default default] GET failed (client error): The resource could not be found. [pid: 8|app: 0|req: 1565/3269] 10.0.0.50 () {32 vars in 719 bytes} [Thu Apr 23 16:11:13 2026] GET /v2.0/subnets/bfb5c62c-ee73-4aed-84ec-c5eed72bf649 => generated 136 bytes in 17 msecs (HTTP/1.1 404) 4 headers in 164 bytes (1 switches on core 0)
2026-04-23 16:11:13.611 7 INFO neutron_taas.services.taas.taas_plugin [None req-843e6c24-2e31-404d-882e-91d698941b7e 68f4145d07df4b78861f9be35a79bfb9 a6322295cbf44810aa7dd28cab686ae8 - - default default] TaaS: Handle Delete Port: 49c4eb00-dfe4-46e0-bd05-a39c21f1e4ac
2026-04-23 16:11:13.614 7 INFO neutron_taas.services.taas.tap_mirror_plugin [None req-843e6c24-2e31-404d-882e-91d698941b7e 68f4145d07df4b78861f9be35a79bfb9 a6322295cbf44810aa7dd28cab686ae8 - - default default] Tap Mirror: Handle Delete Port: 49c4eb00-dfe4-46e0-bd05-a39c21f1e4ac [pid: 7|app: 0|req: 1705/3270] 10.0.0.50 () {32 vars in 724 bytes} [Thu Apr 23 16:11:13 2026] DELETE /v2.0/networks/e78ae765-c71d-4627-9412-0b7c8a0bb515 => generated 0 bytes in 305 msecs (HTTP/1.1 204) 3 headers in 131 bytes (1 switches on core 0)
2026-04-23 16:11:13.842 8 INFO neutron.pecan_wsgi.hooks.translation [None req-f7bb2fc9-8c3d-4f5e-9077-d2a690e34cf8 68f4145d07df4b78861f9be35a79bfb9 a6322295cbf44810aa7dd28cab686ae8 - - default default] GET failed (client error): The resource could not be found. [pid: 8|app: 0|req: 1566/3271] 10.0.0.50 () {32 vars in 721 bytes} [Thu Apr 23 16:11:13 2026] GET /v2.0/networks/e78ae765-c71d-4627-9412-0b7c8a0bb515 => generated 138 bytes in 16 msecs (HTTP/1.1 404) 4 headers in 164 bytes (1 switches on core 0) [pid: 7|app: 0|req: 1706/3272] 10.0.0.50 () {32 vars in 722 bytes} [Thu Apr 23 16:11:13 2026] DELETE /v2.0/subnets/81c3c16c-fb0d-4c38-89c7-e7a251fd4eb9 => generated 0 bytes in 152 msecs (HTTP/1.1 204) 3 headers in 131 bytes (1 switches on core 0)
2026-04-23 16:11:14.032 8 INFO neutron.pecan_wsgi.hooks.translation [None req-67a37a24-b7fd-44c3-96a8-cd5269cff809 68f4145d07df4b78861f9be35a79bfb9 a6322295cbf44810aa7dd28cab686ae8 - - default default] GET failed (client error): The resource could not be found. [pid: 8|app: 0|req: 1567/3273] 10.0.0.50 () {32 vars in 719 bytes} [Thu Apr 23 16:11:14 2026] GET /v2.0/subnets/81c3c16c-fb0d-4c38-89c7-e7a251fd4eb9 => generated 136 bytes in 29 msecs (HTTP/1.1 404) 4 headers in 164 bytes (1 switches on core 0) [pid: 7|app: 0|req: 1707/3274] 10.0.0.50 () {32 vars in 722 bytes} [Thu Apr 23 16:11:14 2026] DELETE /v2.0/subnets/f7777f34-ec5b-401c-8291-e4b5ddaeafca => generated 0 bytes in 166 msecs (HTTP/1.1 204) 3 headers in 131 bytes (1 switches on core 0)
2026-04-23 16:11:14.230 8 INFO neutron.pecan_wsgi.hooks.translation [None req-bbe9c21c-d3e9-4067-b204-dd37255679d7 68f4145d07df4b78861f9be35a79bfb9 a6322295cbf44810aa7dd28cab686ae8 - - default default] GET failed (client error): The resource could not be found. [pid: 8|app: 0|req: 1568/3275] 10.0.0.50 () {32 vars in 719 bytes} [Thu Apr 23 16:11:14 2026] GET /v2.0/subnets/f7777f34-ec5b-401c-8291-e4b5ddaeafca => generated 136 bytes in 12 msecs (HTTP/1.1 404) 4 headers in 164 bytes (1 switches on core 0)
2026-04-23 16:11:14.332 7 INFO neutron_taas.services.taas.taas_plugin [None req-3b441244-55ca-4540-b729-b217caf9c840 68f4145d07df4b78861f9be35a79bfb9 a6322295cbf44810aa7dd28cab686ae8 - - default default] TaaS: Handle Delete Port: ba3822b7-c3c8-4e8b-9ae6-e867dabd774a
2026-04-23 16:11:14.335 7 INFO neutron_taas.services.taas.tap_mirror_plugin [None req-3b441244-55ca-4540-b729-b217caf9c840 68f4145d07df4b78861f9be35a79bfb9 a6322295cbf44810aa7dd28cab686ae8 - - default default] Tap Mirror: Handle Delete Port: ba3822b7-c3c8-4e8b-9ae6-e867dabd774a [pid: 7|app: 0|req: 1708/3276] 10.0.0.50 () {32 vars in 724 bytes} [Thu Apr 23 16:11:14 2026] DELETE /v2.0/networks/9bdae5c7-2e10-4233-afb8-998e338a1573 => generated 0 bytes in 310 msecs (HTTP/1.1 204) 3 headers in 131 bytes (1 switches on core 0)
2026-04-23 16:11:14.561 8 INFO neutron.pecan_wsgi.hooks.translation [None req-a35cbdca-4608-4e99-a452-60e1a88a2952 68f4145d07df4b78861f9be35a79bfb9 a6322295cbf44810aa7dd28cab686ae8 - - default default] GET failed (client error): The resource could not be found. [pid: 8|app: 0|req: 1569/3277] 10.0.0.50 () {32 vars in 721 bytes} [Thu Apr 23 16:11:14 2026] GET /v2.0/networks/9bdae5c7-2e10-4233-afb8-998e338a1573 => generated 138 bytes in 13 msecs (HTTP/1.1 404) 4 headers in 164 bytes (1 switches on core 0) [pid: 7|app: 0|req: 1709/3278] 10.0.0.50 () {32 vars in 722 bytes} [Thu Apr 23 16:11:14 2026] DELETE /v2.0/subnets/d3b963aa-2a1f-4d0a-be65-4a91da613bba => generated 0 bytes in 154 msecs (HTTP/1.1 204) 3 headers in 131 bytes (1 switches on core 0)
2026-04-23 16:11:14.749 8 INFO neutron.pecan_wsgi.hooks.translation [None req-d77c2468-265b-4f94-ba1a-ca115c064349 68f4145d07df4b78861f9be35a79bfb9 a6322295cbf44810aa7dd28cab686ae8 - - default default] GET failed (client error): The resource could not be found. [pid: 8|app: 0|req: 1570/3279] 10.0.0.50 () {32 vars in 719 bytes} [Thu Apr 23 16:11:14 2026] GET /v2.0/subnets/d3b963aa-2a1f-4d0a-be65-4a91da613bba => generated 136 bytes in 23 msecs (HTTP/1.1 404) 4 headers in 164 bytes (1 switches on core 0) [pid: 7|app: 0|req: 1710/3280] 10.0.0.50 () {32 vars in 722 bytes} [Thu Apr 23 16:11:14 2026] DELETE /v2.0/subnets/f595a2a8-a21d-44af-9c21-5011e95e2450 => generated 0 bytes in 180 msecs (HTTP/1.1 204) 3 headers in 131 bytes (1 switches on core 0)
2026-04-23 16:11:14.957 8 INFO neutron.pecan_wsgi.hooks.translation [None req-4e810466-493c-4139-8214-aa6078027c88 68f4145d07df4b78861f9be35a79bfb9 a6322295cbf44810aa7dd28cab686ae8 - - default default] GET failed (client error): The resource could not be found. [pid: 8|app: 0|req: 1571/3281] 10.0.0.50 () {32 vars in 719 bytes} [Thu Apr 23 16:11:14 2026] GET /v2.0/subnets/f595a2a8-a21d-44af-9c21-5011e95e2450 => generated 136 bytes in 16 msecs (HTTP/1.1 404) 4 headers in 164 bytes (1 switches on core 0)
2026-04-23 16:11:15.059 7 INFO neutron_taas.services.taas.taas_plugin [None req-469a0626-e45f-4290-923f-9441e5e19bf7 68f4145d07df4b78861f9be35a79bfb9 a6322295cbf44810aa7dd28cab686ae8 - - default default] TaaS: Handle Delete Port: 32c2b2ec-ce6d-411e-b0bf-1f744a00195b
2026-04-23 16:11:15.061 7 INFO neutron_taas.services.taas.tap_mirror_plugin [None req-469a0626-e45f-4290-923f-9441e5e19bf7 68f4145d07df4b78861f9be35a79bfb9 a6322295cbf44810aa7dd28cab686ae8 - - default default] Tap Mirror: Handle Delete Port: 32c2b2ec-ce6d-411e-b0bf-1f744a00195b
2026-04-23 16:11:15.185 7 INFO neutron.services.segments.plugin [-] Segment 36d2a186-cd0c-4c47-ad28-8a7c9cbe34e7 resource provider aggregate not found
2026-04-23 16:11:15.189 7 INFO neutron.services.segments.plugin [-] Segment 36d2a186-cd0c-4c47-ad28-8a7c9cbe34e7 resource provider aggregate not found
2026-04-23 16:11:15.207 7 INFO neutron.services.segments.plugin [-] Segment 36d2a186-cd0c-4c47-ad28-8a7c9cbe34e7 resource provider not found; error: Placement Client Error (4xx): {"errors": [{"status": 404, "title": "Not Found", "detail": "The resource could not be found.\n\n No resource provider with uuid 36d2a186-cd0c-4c47-ad28-8a7c9cbe34e7 found for delete ", "request_id": "req-ff48e983-82a0-4d22-b7d4-5ddafbf3e568"}]}
2026-04-23 16:11:15.212 7 INFO neutron.services.segments.plugin [-] Segment 36d2a186-cd0c-4c47-ad28-8a7c9cbe34e7 resource provider not found; error: Placement Client Error (4xx): {"errors": [{"status": 404, "title": "Not Found", "detail": "The resource could not be found.\n\n No resource provider with uuid 36d2a186-cd0c-4c47-ad28-8a7c9cbe34e7 found for delete ", "request_id": "req-c2972d63-af7a-4d07-9cfa-a09772686ae2"}]}
2026-04-23 16:11:15.228 7 INFO neutron.services.segments.plugin [-] Segment f712b901-6087-4e93-814c-37977de164db resource provider aggregate not found
2026-04-23 16:11:15.235 7 INFO neutron.services.segments.plugin [-] Segment f712b901-6087-4e93-814c-37977de164db resource provider aggregate not found
2026-04-23 16:11:15.252 7 INFO neutron.services.segments.plugin [-] Segment f712b901-6087-4e93-814c-37977de164db resource provider not found; error: Placement Client Error (4xx): {"errors": [{"status": 404, "title": "Not Found", "detail": "The resource could not be found.\n\n No resource provider with uuid f712b901-6087-4e93-814c-37977de164db found for delete ", "request_id": "req-ad483d30-b08d-4d69-9ccd-971442d3223c"}]}
2026-04-23 16:11:15.253 7 INFO neutron.services.segments.plugin [-] Segment f712b901-6087-4e93-814c-37977de164db resource provider not found; error: Placement Client Error (4xx): {"errors": [{"status": 404, "title": "Not Found", "detail": "The resource could not be found.\n\n No resource provider with uuid f712b901-6087-4e93-814c-37977de164db found for delete ", "request_id": "req-a404fd54-cfb0-4c4d-9d1e-cb298e7df897"}]} [pid: 7|app: 0|req: 1711/3282] 10.0.0.50 () {32 vars in 724 bytes} [Thu Apr 23 16:11:14 2026] DELETE /v2.0/networks/4c0a8af6-3b9d-4632-b6d4-c83feedbfce6 => generated 0 bytes in 353 msecs (HTTP/1.1 204) 3 headers in 131 bytes (1 switches on core 0)
2026-04-23 16:11:15.335 8 INFO neutron.pecan_wsgi.hooks.translation [None req-c4105752-c192-450c-85fa-884b1abf254c 68f4145d07df4b78861f9be35a79bfb9 a6322295cbf44810aa7dd28cab686ae8 - - default default] GET failed (client error): The resource could not be found. [pid: 8|app: 0|req: 1572/3283] 10.0.0.50 () {32 vars in 721 bytes} [Thu Apr 23 16:11:15 2026] GET /v2.0/networks/4c0a8af6-3b9d-4632-b6d4-c83feedbfce6 => generated 138 bytes in 15 msecs (HTTP/1.1 404) 4 headers in 164 bytes (1 switches on core 0)
2026-04-23 16:11:17.277 7 INFO neutron.services.segments.plugin [-] Segment 0ed04942-8012-44b8-9884-0590e743806b resource provider aggregate not found
2026-04-23 16:11:17.281 7 INFO neutron.services.segments.plugin [-] Segment 0ed04942-8012-44b8-9884-0590e743806b resource provider aggregate not found
2026-04-23 16:11:17.301 7 INFO neutron.services.segments.plugin [-] Segment 0ed04942-8012-44b8-9884-0590e743806b resource provider not found; error: Placement Client Error (4xx): {"errors": [{"status": 404, "title": "Not Found", "detail": "The resource could not be found.\n\n No resource provider with uuid 0ed04942-8012-44b8-9884-0590e743806b found for delete ", "request_id": "req-9b01d261-b126-4ac6-a94b-ca7ad3051c14"}]}
2026-04-23 16:11:17.302 7 INFO neutron.services.segments.plugin [-] Segment 0ed04942-8012-44b8-9884-0590e743806b resource provider not found; error: Placement Client Error (4xx): {"errors": [{"status": 404, "title": "Not Found", "detail": "The resource could not be found.\n\n No resource provider with uuid 0ed04942-8012-44b8-9884-0590e743806b found for delete ", "request_id": "req-e2a65ae5-6320-4460-aa92-efb3dd194744"}]}
2026-04-23 16:11:17.441 7 WARNING neutron.db.securitygroups_db [None req-e21502b0-11e2-4c5e-973c-f4305b4ded51 f6da539685604a2da7012f5530a5d95c d47bf9afd2234ebeb76a180954d7105c - - default default] project_id key not found in filters, using tenant_id instead. This support has been deprecated and will be removed in a future release. [pid: 7|app: 0|req: 1712/3284] 10.0.0.50 () {32 vars in 772 bytes} [Thu Apr 23 16:11:17 2026] GET /v2.0/security-groups?tenant_id=a6322295cbf44810aa7dd28cab686ae8&name=default => generated 2929 bytes in 203 msecs (HTTP/1.1 200) 4 headers in 158 bytes (1 switches on core 0) [pid: 8|app: 0|req: 1573/3285] 10.0.0.50 () {32 vars in 738 bytes} [Thu Apr 23 16:11:17 2026] DELETE /v2.0/security-groups/bd06d2df-ba90-467b-8fc5-faf4a1ad71a6 => generated 0 bytes in 112 msecs (HTTP/1.1 204) 2 headers in 112 bytes (1 switches on core 0)
2026-04-23 16:11:17.683 7 WARNING neutron.db.securitygroups_db [None req-f376a4d4-5e16-4c3b-8a11-162baad48cd9 f6da539685604a2da7012f5530a5d95c d47bf9afd2234ebeb76a180954d7105c - - default default] project_id key not found in filters, using tenant_id instead. This support has been deprecated and will be removed in a future release. [pid: 7|app: 0|req: 1713/3286] 10.0.0.50 () {32 vars in 772 bytes} [Thu Apr 23 16:11:17 2026] GET /v2.0/security-groups?tenant_id=4298dd17119849b5855196992856d63c&name=default => generated 2929 bytes in 137 msecs (HTTP/1.1 200) 4 headers in 158 bytes (1 switches on core 0) [pid: 8|app: 0|req: 1574/3287] 10.0.0.50 () {32 vars in 738 bytes} [Thu Apr 23 16:11:17 2026] DELETE /v2.0/security-groups/d4200032-560d-45e8-96ea-541794ef4813 => generated 0 bytes in 109 msecs (HTTP/1.1 204) 2 headers in 112 bytes (1 switches on core 0)
2026-04-23 16:11:18.065 7 WARNING neutron.db.securitygroups_db [None req-af70d7eb-7670-4275-aa6e-84b5110b2769 f6da539685604a2da7012f5530a5d95c d47bf9afd2234ebeb76a180954d7105c - - default default] project_id key not found in filters, using tenant_id instead. This support has been deprecated and will be removed in a future release. [pid: 7|app: 0|req: 1714/3288] 10.0.0.50 () {32 vars in 772 bytes} [Thu Apr 23 16:11:18 2026] GET /v2.0/security-groups?tenant_id=8245682c35ee49ba81adcc134b0bb865&name=default => generated 2929 bytes in 135 msecs (HTTP/1.1 200) 4 headers in 158 bytes (1 switches on core 0) [pid: 8|app: 0|req: 1575/3289] 10.0.0.50 () {32 vars in 738 bytes} [Thu Apr 23 16:11:18 2026] DELETE /v2.0/security-groups/8746913c-e9b6-47ee-9a77-f63bba5b5584 => generated 0 bytes in 83 msecs (HTTP/1.1 204) 2 headers in 112 bytes (1 switches on core 0)
2026-04-23 16:11:18.423 7 WARNING neutron.db.securitygroups_db [None req-6f621652-8ba1-468c-a722-a67cd3b4a51d f6da539685604a2da7012f5530a5d95c d47bf9afd2234ebeb76a180954d7105c - - default default] project_id key not found in filters, using tenant_id instead. This support has been deprecated and will be removed in a future release. [pid: 7|app: 0|req: 1715/3290] 10.0.0.50 () {32 vars in 772 bytes} [Thu Apr 23 16:11:18 2026] GET /v2.0/security-groups?tenant_id=efe44091832a4a8faca4ae4ef8bafc99&name=default => generated 2929 bytes in 144 msecs (HTTP/1.1 200) 4 headers in 158 bytes (1 switches on core 0) [pid: 8|app: 0|req: 1576/3291] 10.0.0.50 () {32 vars in 738 bytes} [Thu Apr 23 16:11:18 2026] DELETE /v2.0/security-groups/ab6c15a6-25ea-43c5-9c74-244d18f453e8 => generated 0 bytes in 111 msecs (HTTP/1.1 204) 2 headers in 112 bytes (1 switches on core 0)
2026-04-23 16:11:18.818 7 WARNING neutron.db.securitygroups_db [None req-c776dfca-8e85-4781-9df0-b048beea8004 f6da539685604a2da7012f5530a5d95c d47bf9afd2234ebeb76a180954d7105c - - default default] project_id key not found in filters, using tenant_id instead. This support has been deprecated and will be removed in a future release. [pid: 7|app: 0|req: 1716/3292] 10.0.0.50 () {32 vars in 772 bytes} [Thu Apr 23 16:11:18 2026] GET /v2.0/security-groups?tenant_id=0cdc18621e2e44b18d00f8ff5504a2b8&name=default => generated 2929 bytes in 140 msecs (HTTP/1.1 200) 4 headers in 158 bytes (1 switches on core 0) [pid: 8|app: 0|req: 1577/3293] 10.0.0.50 () {32 vars in 738 bytes} [Thu Apr 23 16:11:18 2026] DELETE /v2.0/security-groups/7d12ebd1-a119-4689-b8be-c2483e6a0fe5 => generated 0 bytes in 123 msecs (HTTP/1.1 204) 2 headers in 112 bytes (1 switches on core 0)
2026-04-23 16:11:19.256 7 WARNING neutron.db.securitygroups_db [None req-ad556ea1-c06e-4f52-84ae-7e454713baef f6da539685604a2da7012f5530a5d95c d47bf9afd2234ebeb76a180954d7105c - - default default] project_id key not found in filters, using tenant_id instead. This support has been deprecated and will be removed in a future release. [pid: 7|app: 0|req: 1717/3294] 10.0.0.50 () {32 vars in 772 bytes} [Thu Apr 23 16:11:19 2026] GET /v2.0/security-groups?tenant_id=747a0cf37c1b4207855d189b520cf665&name=default => generated 2929 bytes in 153 msecs (HTTP/1.1 200) 4 headers in 158 bytes (1 switches on core 0) [pid: 8|app: 0|req: 1578/3295] 10.0.0.50 () {32 vars in 738 bytes} [Thu Apr 23 16:11:19 2026] DELETE /v2.0/security-groups/0813c30b-3d98-40cb-b5f1-bc64e4532218 => generated 0 bytes in 110 msecs (HTTP/1.1 204) 2 headers in 112 bytes (1 switches on core 0)
