+ COMMAND=start + start + for KEYSTONE_WSGI_SCRIPT in keystone-wsgi-public ++ type -p keystone-wsgi-public + cp -a /var/lib/openstack/bin/keystone-wsgi-public /var/www/cgi-bin/keystone/ + '[' -f /etc/apache2/envvars ']' + source /etc/apache2/envvars ++ unset HOME ++ '[' '' '!=' '' ']' ++ SUFFIX= ++ export APACHE_RUN_USER=www-data ++ APACHE_RUN_USER=www-data ++ export APACHE_RUN_GROUP=www-data ++ APACHE_RUN_GROUP=www-data ++ export APACHE_PID_FILE=/var/run/apache2/apache2.pid ++ APACHE_PID_FILE=/var/run/apache2/apache2.pid ++ export APACHE_RUN_DIR=/var/run/apache2 ++ APACHE_RUN_DIR=/var/run/apache2 ++ export APACHE_LOCK_DIR=/var/lock/apache2 ++ APACHE_LOCK_DIR=/var/lock/apache2 ++ export APACHE_LOG_DIR=/var/log/apache2 ++ APACHE_LOG_DIR=/var/log/apache2 ++ export LANG=C ++ LANG=C ++ export LANG + '[' -f /var/run/apache2/apache2.pid ']' + exec apache2 -DFOREGROUND AH00558: apache2: Could not reliably determine the server's fully qualified domain name, using 10.0.0.142. Set the 'ServerName' directive globally to suppress this message AH00558: apache2: Could not reliably determine the server's fully qualified domain name, using 10.0.0.142. Set the 'ServerName' directive globally to suppress this message
[Thu Apr 23 14:58:30.315215 2026] [mpm_event:notice] [pid 1:tid 140289490569088] AH00489: Apache/2.4.58 (Ubuntu) mod_wsgi/5.0.0 Python/3.12 configured -- resuming normal operations
[Thu Apr 23 14:58:30.315396 2026] [core:notice] [pid 1:tid 140289490569088] AH00094: Command line: 'apache2 -D FOREGROUND'
[Thu Apr 23 14:59:27.773751 2026] [wsgi:error] [pid 9:tid 140288853796544] /var/lib/openstack/lib/python3.12/site-packages/oslo_utils/importutils.py:77: EventletDeprecationWarning:
[Thu Apr 23 14:59:27.773821 2026] [wsgi:error] [pid 9:tid 140288853796544] Eventlet is deprecated. It is currently being maintained in bugfix mode, and
[Thu Apr 23 14:59:27.773823 2026] [wsgi:error] [pid 9:tid 140288853796544] we strongly recommend against using it for new projects.
[Thu Apr 23 14:59:27.773824 2026] [wsgi:error] [pid 9:tid 140288853796544]
[Thu Apr 23 14:59:27.773825 2026] [wsgi:error] [pid 9:tid 140288853796544] If you are already using Eventlet, we recommend migrating to a different
[Thu Apr 23 14:59:27.773826 2026] [wsgi:error] [pid 9:tid 140288853796544] framework. For more detail see
[Thu Apr 23 14:59:27.773827 2026] [wsgi:error] [pid 9:tid 140288853796544] https://eventlet.readthedocs.io/en/latest/asyncio/migration.html
[Thu Apr 23 14:59:27.773828 2026] [wsgi:error] [pid 9:tid 140288853796544]
[Thu Apr 23 14:59:27.773829 2026] [wsgi:error] [pid 9:tid 140288853796544] __import__(import_str)
[Thu Apr 23 14:59:27.778216 2026] [wsgi:error] [pid 10:tid 140288853796544] /var/lib/openstack/lib/python3.12/site-packages/oslo_utils/importutils.py:77: EventletDeprecationWarning:
[Thu Apr 23 14:59:27.778284 2026] [wsgi:error] [pid 10:tid 140288853796544] Eventlet is deprecated. It is currently being maintained in bugfix mode, and
[Thu Apr 23 14:59:27.778286 2026] [wsgi:error] [pid 10:tid 140288853796544] we strongly recommend against using it for new projects.
[Thu Apr 23 14:59:27.778288 2026] [wsgi:error] [pid 10:tid 140288853796544]
[Thu Apr 23 14:59:27.778289 2026] [wsgi:error] [pid 10:tid 140288853796544] If you are already using Eventlet, we recommend migrating to a different
[Thu Apr 23 14:59:27.778290 2026] [wsgi:error] [pid 10:tid 140288853796544] framework. For more detail see
[Thu Apr 23 14:59:27.778291 2026] [wsgi:error] [pid 10:tid 140288853796544] https://eventlet.readthedocs.io/en/latest/asyncio/migration.html
[Thu Apr 23 14:59:27.778292 2026] [wsgi:error] [pid 10:tid 140288853796544]
[Thu Apr 23 14:59:27.778293 2026] [wsgi:error] [pid 10:tid 140288853796544] __import__(import_str) 10.0.0.31 - - [23/Apr/2026:14:59:26 +0000] "GET /v3/ HTTP/1.1" 200 250 10.0.0.31 - - [23/Apr/2026:14:59:26 +0000] "GET /v3/ HTTP/1.1" 200 250
[Thu Apr 23 14:59:41.034110 2026] [wsgi:error] [pid 12:tid 140288853796544] /var/lib/openstack/lib/python3.12/site-packages/oslo_utils/importutils.py:77: EventletDeprecationWarning:
[Thu Apr 23 14:59:41.034157 2026] [wsgi:error] [pid 12:tid 140288853796544] Eventlet is deprecated. It is currently being maintained in bugfix mode, and
[Thu Apr 23 14:59:41.034159 2026] [wsgi:error] [pid 12:tid 140288853796544] we strongly recommend against using it for new projects.
[Thu Apr 23 14:59:41.034160 2026] [wsgi:error] [pid 12:tid 140288853796544]
[Thu Apr 23 14:59:41.034161 2026] [wsgi:error] [pid 12:tid 140288853796544] If you are already using Eventlet, we recommend migrating to a different
[Thu Apr 23 14:59:41.034162 2026] [wsgi:error] [pid 12:tid 140288853796544] framework. For more detail see
[Thu Apr 23 14:59:41.034163 2026] [wsgi:error] [pid 12:tid 140288853796544] https://eventlet.readthedocs.io/en/latest/asyncio/migration.html
[Thu Apr 23 14:59:41.034165 2026] [wsgi:error] [pid 12:tid 140288853796544]
[Thu Apr 23 14:59:41.034166 2026] [wsgi:error] [pid 12:tid 140288853796544] __import__(import_str) 10.0.0.250 - - [23/Apr/2026:14:59:40 +0000] "GET / HTTP/1.1" 300 295
[Thu Apr 23 14:59:46.464089 2026] [wsgi:error] [pid 11:tid 140288853796544] /var/lib/openstack/lib/python3.12/site-packages/oslo_utils/importutils.py:77: EventletDeprecationWarning:
[Thu Apr 23 14:59:46.464129 2026] [wsgi:error] [pid 11:tid 140288853796544] Eventlet is deprecated. It is currently being maintained in bugfix mode, and
[Thu Apr 23 14:59:46.464131 2026] [wsgi:error] [pid 11:tid 140288853796544] we strongly recommend against using it for new projects.
[Thu Apr 23 14:59:46.464132 2026] [wsgi:error] [pid 11:tid 140288853796544]
[Thu Apr 23 14:59:46.464133 2026] [wsgi:error] [pid 11:tid 140288853796544] If you are already using Eventlet, we recommend migrating to a different
[Thu Apr 23 14:59:46.464135 2026] [wsgi:error] [pid 11:tid 140288853796544] framework. For more detail see
[Thu Apr 23 14:59:46.464136 2026] [wsgi:error] [pid 11:tid 140288853796544] https://eventlet.readthedocs.io/en/latest/asyncio/migration.html
[Thu Apr 23 14:59:46.464137 2026] [wsgi:error] [pid 11:tid 140288853796544]
[Thu Apr 23 14:59:46.464138 2026] [wsgi:error] [pid 11:tid 140288853796544] __import__(import_str)
[Thu Apr 23 14:59:51.133868 2026] [wsgi:error] [pid 11:tid 140288853796544] [remote 10.0.0.250:41910] 2026-04-23 14:59:51.130 11 WARNING keystone.identity.core [None req-7a1afb73-fd8e-4dd6-b235-1d61d470799f - - - - - -] Invalid domain name (atmosphere) found in config file name: keystone.exception.DomainNotFound: Could not find domain: atmosphere.
[Thu Apr 23 14:59:51.193868 2026] [wsgi:error] [pid 11:tid 140288853796544] [remote 10.0.0.250:41910] 2026-04-23 14:59:51.193 11 WARNING keystone.common.password_hashing [None req-7a1afb73-fd8e-4dd6-b235-1d61d470799f - - - - - -] Truncating password to algorithm specific maximum length 72 characters.
[Thu Apr 23 14:59:51.476593 2026] [wsgi:error] [pid 11:tid 140288853796544] [remote 10.0.0.250:41910] 2026-04-23 14:59:51.476 11 WARNING keystone.common.fernet_utils [None req-7a1afb73-fd8e-4dd6-b235-1d61d470799f - - - - - -] key_repository is world readable: /etc/keystone/fernet-keys/ 10.0.0.250 - - [23/Apr/2026:14:59:45 +0000] "POST /v3/auth/tokens HTTP/1.1" 201 1359
[Thu Apr 23 14:59:51.831989 2026] [wsgi:error] [pid 9:tid 140288853796544] [remote 10.0.0.250:41910] 2026-04-23 14:59:51.829 9 WARNING keystone.identity.core [None req-e0b41b86-41f1-49e3-a66a-638e738af6d6 - - - - - -] Invalid domain name (atmosphere) found in config file name: keystone.exception.DomainNotFound: Could not find domain: atmosphere. 10.0.0.250 - - [23/Apr/2026:14:59:51 +0000] "POST /v3/domains HTTP/1.1" 201 261 10.0.0.77 - - [23/Apr/2026:15:00:03 +0000] "GET / HTTP/1.1" 300 295
[Thu Apr 23 15:00:03.857455 2026] [wsgi:error] [pid 12:tid 140288853796544] [remote 10.0.0.77:54694] 2026-04-23 15:00:03.856 12 WARNING keystone.common.password_hashing [None req-d789a17e-061a-4955-8e3a-f0d707641321 - - - - - -] Truncating password to algorithm specific maximum length 72 characters.
[Thu Apr 23 15:00:04.155547 2026] [wsgi:error] [pid 12:tid 140288853796544] [remote 10.0.0.77:54694] 2026-04-23 15:00:04.155 12 WARNING keystone.common.fernet_utils [None req-d789a17e-061a-4955-8e3a-f0d707641321 - - - - - -] key_repository is world readable: /etc/keystone/fernet-keys/ 10.0.0.77 - - [23/Apr/2026:15:00:03 +0000] "POST /v3/auth/tokens HTTP/1.1" 201 1359 10.0.0.77 - - [23/Apr/2026:15:00:04 +0000] "GET /v3/roles/admin HTTP/1.1" 404 83
[Thu Apr 23 15:00:04.385940 2026] [wsgi:error] [pid 9:tid 140288853796544] [remote 10.0.0.77:54694] 2026-04-23 15:00:04.385 9 WARNING keystone.common.rbac_enforcer.enforcer [None req-a8520648-38c5-45e3-9033-54e4d8931424 f6da539685604a2da7012f5530a5d95c d47bf9afd2234ebeb76a180954d7105c - - default default] Deprecated policy rules found. Use oslopolicy-policy-generator and oslopolicy-policy-upgrade to detect and resolve deprecated policies in your configuration. 10.0.0.77 - - [23/Apr/2026:15:00:04 +0000] "GET /v3/roles?name=admin HTTP/1.1" 200 389
[Thu Apr 23 15:00:04.737674 2026] [wsgi:error] [pid 10:tid 140288853796544] [remote 10.0.0.77:54694] 2026-04-23 15:00:04.737 10 WARNING keystone.common.rbac_enforcer.enforcer [None req-00e3f8cd-82f4-45dd-b69b-5c5a0b32c9ce f6da539685604a2da7012f5530a5d95c d47bf9afd2234ebeb76a180954d7105c - - default default] Deprecated policy rules found. Use oslopolicy-policy-generator and oslopolicy-policy-upgrade to detect and resolve deprecated policies in your configuration. 10.0.0.77 - - [23/Apr/2026:15:00:04 +0000] "GET /v3/users/admin-RegionOne HTTP/1.1" 404 93
[Thu Apr 23 15:00:05.005502 2026] [wsgi:error] [pid 12:tid 140288853796544] [remote 10.0.0.77:54694] 2026-04-23 15:00:05.005 12 WARNING keystone.common.rbac_enforcer.enforcer [None req-d874bcd8-0f4a-4c6d-943c-673a80e6cf59 f6da539685604a2da7012f5530a5d95c d47bf9afd2234ebeb76a180954d7105c - - default default] Deprecated policy rules found. Use oslopolicy-policy-generator and oslopolicy-policy-upgrade to detect and resolve deprecated policies in your configuration. 10.0.0.77 - - [23/Apr/2026:15:00:04 +0000] "GET /v3/users?name=admin-RegionOne HTTP/1.1" 200 422
[Thu Apr 23 15:00:05.187596 2026] [wsgi:error] [pid 11:tid 140288853796544] [remote 10.0.0.77:54694] 2026-04-23 15:00:05.187 11 WARNING keystone.common.rbac_enforcer.enforcer [None req-68b7030e-5b19-42ba-a9a0-ec57844a9338 f6da539685604a2da7012f5530a5d95c d47bf9afd2234ebeb76a180954d7105c - - default default] Deprecated policy rules found. Use oslopolicy-policy-generator and oslopolicy-policy-upgrade to detect and resolve deprecated policies in your configuration. 10.0.0.77 - - [23/Apr/2026:15:00:05 +0000] "GET /v3/domains/default HTTP/1.1" 200 224 10.0.0.77 - - [23/Apr/2026:15:00:05 +0000] "PUT /v3/domains/default/users/f6da539685604a2da7012f5530a5d95c/roles/cd8f1c3c456049eba0dbca470bd36241 HTTP/1.1" 204 - 10.0.0.31 - - [23/Apr/2026:15:00:15 +0000] "GET / HTTP/1.1" 300 280 10.0.0.31 - - [23/Apr/2026:15:00:17 +0000] "GET /v3 HTTP/1.1" 200 265
[Thu Apr 23 15:00:17.279701 2026] [wsgi:error] [pid 11:tid 140288853796544] [remote 10.0.0.31:53122] 2026-04-23 15:00:17.279 11 WARNING keystone.common.password_hashing [None req-ad81a2c7-2789-487c-a6b7-46dd8fed3d2b - - - - - -] Truncating password to algorithm specific maximum length 72 characters.
[Thu Apr 23 15:00:17.557348 2026] [wsgi:error] [pid 11:tid 140288853796544] [remote 10.0.0.31:53122] 2026-04-23 15:00:17.557 11 WARNING keystone.common.fernet_utils [None req-ad81a2c7-2789-487c-a6b7-46dd8fed3d2b - - - - - -] key_repository is world readable: /etc/keystone/fernet-keys/ 10.0.0.31 - - [23/Apr/2026:15:00:17 +0000] "POST /v3/auth/tokens HTTP/1.1" 201 1359 10.0.0.31 - - [23/Apr/2026:15:00:17 +0000] "GET / HTTP/1.1" 300 280 10.0.0.31 - - [23/Apr/2026:15:00:17 +0000] "GET /v3/domains/atmosphere HTTP/1.1" 404 90 10.0.0.31 - - [23/Apr/2026:15:00:17 +0000] "GET /v3/domains?name=atmosphere HTTP/1.1" 200 368 10.0.0.31 - - [23/Apr/2026:15:00:17 +0000] "GET /v3/domains/2018709a4f554a7a9be234222476a9f1 HTTP/1.1" 200 246 10.0.0.31 - - [23/Apr/2026:15:00:18 +0000] "GET /v3 HTTP/1.1" 200 265
[Thu Apr 23 15:00:18.745593 2026] [wsgi:error] [pid 10:tid 140288853796544] [remote 10.0.0.31:53122] 2026-04-23 15:00:18.745 10 WARNING keystone.common.password_hashing [None req-67672354-34d4-4e1d-9fbd-9b7eb0549a04 - - - - - -] Truncating password to algorithm specific maximum length 72 characters.
[Thu Apr 23 15:00:19.024168 2026] [wsgi:error] [pid 10:tid 140288853796544] [remote 10.0.0.31:53122] 2026-04-23 15:00:19.023 10 WARNING keystone.common.fernet_utils [None req-67672354-34d4-4e1d-9fbd-9b7eb0549a04 - - - - - -] key_repository is world readable: /etc/keystone/fernet-keys/ 10.0.0.31 - - [23/Apr/2026:15:00:18 +0000] "POST /v3/auth/tokens HTTP/1.1" 201 1359 10.0.0.31 - - [23/Apr/2026:15:00:19 +0000] "GET / HTTP/1.1" 300 280 10.0.0.31 - - [23/Apr/2026:15:00:19 +0000] "GET /v3/OS-FEDERATION/identity_providers/atmosphere HTTP/1.1" 404 101 10.0.0.31 - - [23/Apr/2026:15:00:19 +0000] "GET /v3/OS-FEDERATION/identity_providers HTTP/1.1" 200 155 10.0.0.31 - - [23/Apr/2026:15:00:19 +0000] "PUT /v3/OS-FEDERATION/identity_providers/atmosphere HTTP/1.1" 201 340 10.0.0.31 - - [23/Apr/2026:15:00:19 +0000] "GET /v3 HTTP/1.1" 200 265
[Thu Apr 23 15:00:19.902762 2026] [wsgi:error] [pid 11:tid 140288853796544] [remote 10.0.0.31:53130] 2026-04-23 15:00:19.902 11 WARNING keystone.common.password_hashing [None req-8005901f-9cc5-4e43-b883-6546f6a5aecd - - - - - -] Truncating password to algorithm specific maximum length 72 characters.
[Thu Apr 23 15:00:20.179032 2026] [wsgi:error] [pid 11:tid 140288853796544] [remote 10.0.0.31:53130] 2026-04-23 15:00:20.178 11 WARNING keystone.common.fernet_utils [None req-8005901f-9cc5-4e43-b883-6546f6a5aecd - - - - - -] key_repository is world readable: /etc/keystone/fernet-keys/ 10.0.0.31 - - [23/Apr/2026:15:00:19 +0000] "POST /v3/auth/tokens HTTP/1.1" 201 1359 10.0.0.31 - - [23/Apr/2026:15:00:20 +0000] "GET / HTTP/1.1" 300 280 10.0.0.31 - - [23/Apr/2026:15:00:20 +0000] "GET /v3/OS-FEDERATION/mappings/atmosphere-openid HTTP/1.1" 404 98 10.0.0.31 - - [23/Apr/2026:15:00:20 +0000] "GET /v3/OS-FEDERATION/mappings HTTP/1.1" 200 135 10.0.0.31 - - [23/Apr/2026:15:00:20 +0000] "PUT /v3/OS-FEDERATION/mappings/atmosphere-openid HTTP/1.1" 201 356 10.0.0.31 - - [23/Apr/2026:15:00:20 +0000] "GET /v3 HTTP/1.1" 200 265
[Thu Apr 23 15:00:20.999739 2026] [wsgi:error] [pid 10:tid 140288853796544] [remote 10.0.0.31:53130] 2026-04-23 15:00:20.999 10 WARNING keystone.common.password_hashing [None req-476a7110-ca3a-439a-a9a3-25f50e33367c - - - - - -] Truncating password to algorithm specific maximum length 72 characters.
[Thu Apr 23 15:00:21.280702 2026] [wsgi:error] [pid 10:tid 140288853796544] [remote 10.0.0.31:53130] 2026-04-23 15:00:21.280 10 WARNING keystone.common.fernet_utils [None req-476a7110-ca3a-439a-a9a3-25f50e33367c - - - - - -] key_repository is world readable: /etc/keystone/fernet-keys/ 10.0.0.31 - - [23/Apr/2026:15:00:20 +0000] "POST /v3/auth/tokens HTTP/1.1" 201 1359 10.0.0.31 - - [23/Apr/2026:15:00:21 +0000] "GET / HTTP/1.1" 300 280 10.0.0.31 - - [23/Apr/2026:15:00:21 +0000] "GET /v3/OS-FEDERATION/identity_providers/atmosphere/protocols/openid?idp_id=atmosphere HTTP/1.1" 404 131 10.0.0.31 - - [23/Apr/2026:15:00:21 +0000] "GET /v3/OS-FEDERATION/identity_providers/atmosphere/protocols HTTP/1.1" 200 167 10.0.0.31 - - [23/Apr/2026:15:00:21 +0000] "PUT /v3/OS-FEDERATION/identity_providers/atmosphere/protocols/openid HTTP/1.1" 201 222 10.0.0.31 - - [23/Apr/2026:15:00:26 +0000] "GET /v3/ HTTP/1.1" 200 250 10.0.0.31 - - [23/Apr/2026:15:00:26 +0000] "GET /v3/ HTTP/1.1" 200 250 10.0.0.31 - - [23/Apr/2026:15:01:26 +0000] "GET /v3/ HTTP/1.1" 200 250 10.0.0.31 - - [23/Apr/2026:15:01:26 +0000] "GET /v3/ HTTP/1.1" 200 250 10.0.0.42 - - [23/Apr/2026:15:02:15 +0000] "GET / HTTP/1.1" 300 295
[Thu Apr 23 15:02:15.739791 2026] [wsgi:error] [pid 11:tid 140288853796544] [remote 10.0.0.42:59734] 2026-04-23 15:02:15.739 11 WARNING keystone.common.password_hashing [None req-89a58ea7-8f19-4a7d-91d8-6289b020271f - - - - - -] Truncating password to algorithm specific maximum length 72 characters.
[Thu Apr 23 15:02:16.035699 2026] [wsgi:error] [pid 11:tid 140288853796544] [remote 10.0.0.42:59734] 2026-04-23 15:02:16.035 11 WARNING keystone.common.fernet_utils [None req-89a58ea7-8f19-4a7d-91d8-6289b020271f - - - - - -] key_repository is world readable: /etc/keystone/fernet-keys/ 10.0.0.42 - - [23/Apr/2026:15:02:15 +0000] "POST /v3/auth/tokens HTTP/1.1" 201 1359 10.0.0.42 - - [23/Apr/2026:15:02:16 +0000] "GET /v3/services HTTP/1.1" 200 355 10.0.0.42 - - [23/Apr/2026:15:02:19 +0000] "GET / HTTP/1.1" 300 295
[Thu Apr 23 15:02:19.562026 2026] [wsgi:error] [pid 12:tid 140288853796544] [remote 10.0.0.42:59746] 2026-04-23 15:02:19.561 12 WARNING keystone.common.password_hashing [None req-39f82637-b701-4e68-a760-220668d2751b - - - - - -] Truncating password to algorithm specific maximum length 72 characters.
[Thu Apr 23 15:02:19.847147 2026] [wsgi:error] [pid 12:tid 140288853796544] [remote 10.0.0.42:59746] 2026-04-23 15:02:19.846 12 WARNING keystone.common.fernet_utils [None req-39f82637-b701-4e68-a760-220668d2751b - - - - - -] key_repository is world readable: /etc/keystone/fernet-keys/ 10.0.0.42 - - [23/Apr/2026:15:02:19 +0000] "POST /v3/auth/tokens HTTP/1.1" 201 1359 10.0.0.42 - - [23/Apr/2026:15:02:19 +0000] "GET /v3/services HTTP/1.1" 200 355 10.0.0.42 - - [23/Apr/2026:15:02:23 +0000] "GET / HTTP/1.1" 300 295
[Thu Apr 23 15:02:23.383152 2026] [wsgi:error] [pid 10:tid 140288853796544] [remote 10.0.0.42:41892] 2026-04-23 15:02:23.382 10 WARNING keystone.common.password_hashing [None req-ce23e18d-3720-44ca-8202-025ab23ea8b3 - - - - - -] Truncating password to algorithm specific maximum length 72 characters.
[Thu Apr 23 15:02:23.670777 2026] [wsgi:error] [pid 10:tid 140288853796544] [remote 10.0.0.42:41892] 2026-04-23 15:02:23.670 10 WARNING keystone.common.fernet_utils [None req-ce23e18d-3720-44ca-8202-025ab23ea8b3 - - - - - -] key_repository is world readable: /etc/keystone/fernet-keys/ 10.0.0.42 - - [23/Apr/2026:15:02:23 +0000] "POST /v3/auth/tokens HTTP/1.1" 201 1359 10.0.0.42 - - [23/Apr/2026:15:02:23 +0000] "GET /v3/services HTTP/1.1" 200 355 10.0.0.31 - - [23/Apr/2026:15:02:26 +0000] "GET /v3/ HTTP/1.1" 200 250 10.0.0.31 - - [23/Apr/2026:15:02:26 +0000] "GET /v3/ HTTP/1.1" 200 250 10.0.0.42 - - [23/Apr/2026:15:02:27 +0000] "GET / HTTP/1.1" 300 295
[Thu Apr 23 15:02:27.254644 2026] [wsgi:error] [pid 12:tid 140288853796544] [remote 10.0.0.42:41896] 2026-04-23 15:02:27.254 12 WARNING keystone.common.password_hashing [None req-7ce292d3-63a3-4d7a-b1ce-d2c444a75414 - - - - - -] Truncating password to algorithm specific maximum length 72 characters.
[Thu Apr 23 15:02:27.548766 2026] [wsgi:error] [pid 12:tid 140288853796544] [remote 10.0.0.42:41896] 2026-04-23 15:02:27.548 12 WARNING keystone.common.fernet_utils [None req-7ce292d3-63a3-4d7a-b1ce-d2c444a75414 - - - - - -] key_repository is world readable: /etc/keystone/fernet-keys/ 10.0.0.42 - - [23/Apr/2026:15:02:27 +0000] "POST /v3/auth/tokens HTTP/1.1" 201 1359 10.0.0.42 - - [23/Apr/2026:15:02:27 +0000] "POST /v3/services HTTP/1.1" 201 296 10.0.0.196 - - [23/Apr/2026:15:02:39 +0000] "GET / HTTP/1.1" 300 295
[Thu Apr 23 15:02:39.197522 2026] [wsgi:error] [pid 10:tid 140288853796544] [remote 10.0.0.196:47528] 2026-04-23 15:02:39.197 10 WARNING keystone.common.password_hashing [None req-bf09b9b4-063e-44f2-a0a3-707e3661d770 - - - - - -] Truncating password to algorithm specific maximum length 72 characters.
[Thu Apr 23 15:02:39.477367 2026] [wsgi:error] [pid 10:tid 140288853796544] [remote 10.0.0.196:47528] 2026-04-23 15:02:39.477 10 WARNING keystone.common.fernet_utils [None req-bf09b9b4-063e-44f2-a0a3-707e3661d770 - - - - - -] key_repository is world readable: /etc/keystone/fernet-keys/ 10.0.0.196 - - [23/Apr/2026:15:02:39 +0000] "GET / HTTP/1.1" 300 295 10.0.0.196 - - [23/Apr/2026:15:02:39 +0000] "POST /v3/auth/tokens HTTP/1.1" 201 1463
[Thu Apr 23 15:02:39.513070 2026] [wsgi:error] [pid 11:tid 140288853796544] [remote 10.0.0.196:47530] 2026-04-23 15:02:39.512 11 WARNING keystone.common.password_hashing [None req-28259924-3336-4da5-a191-e75693963ec0 - - - - - -] Truncating password to algorithm specific maximum length 72 characters. 10.0.0.196 - - [23/Apr/2026:15:02:39 +0000] "GET / HTTP/1.1" 300 295
[Thu Apr 23 15:02:39.599713 2026] [wsgi:error] [pid 12:tid 140288853796544] [remote 10.0.0.196:47546] 2026-04-23 15:02:39.599 12 WARNING keystone.common.password_hashing [None req-bde149b5-4668-4c9d-93fc-0c1ec229beb5 - - - - - -] Truncating password to algorithm specific maximum length 72 characters. 10.0.0.196 - - [23/Apr/2026:15:02:39 +0000] "GET /v3/services HTTP/1.1" 200 639
[Thu Apr 23 15:02:39.795551 2026] [wsgi:error] [pid 11:tid 140288853796544] [remote 10.0.0.196:47530] 2026-04-23 15:02:39.795 11 WARNING keystone.common.fernet_utils [None req-28259924-3336-4da5-a191-e75693963ec0 - - - - - -] key_repository is world readable: /etc/keystone/fernet-keys/ 10.0.0.196 - - [23/Apr/2026:15:02:39 +0000] "POST /v3/auth/tokens HTTP/1.1" 201 1463
[Thu Apr 23 15:02:39.891038 2026] [wsgi:error] [pid 12:tid 140288853796544] [remote 10.0.0.196:47546] 2026-04-23 15:02:39.890 12 WARNING keystone.common.fernet_utils [None req-bde149b5-4668-4c9d-93fc-0c1ec229beb5 - - - - - -] key_repository is world readable: /etc/keystone/fernet-keys/ 10.0.0.196 - - [23/Apr/2026:15:02:39 +0000] "POST /v3/auth/tokens HTTP/1.1" 201 1463 10.0.0.196 - - [23/Apr/2026:15:02:39 +0000] "GET /v3/services HTTP/1.1" 200 639 10.0.0.196 - - [23/Apr/2026:15:02:39 +0000] "GET /v3/services HTTP/1.1" 200 639 10.0.0.196 - - [23/Apr/2026:15:02:41 +0000] "GET / HTTP/1.1" 300 295
[Thu Apr 23 15:02:41.130876 2026] [wsgi:error] [pid 12:tid 140288853796544] [remote 10.0.0.196:50284] 2026-04-23 15:02:41.130 12 WARNING keystone.common.password_hashing [None req-e040ac50-0de9-425f-a89a-c933105329f8 - - - - - -] Truncating password to algorithm specific maximum length 72 characters. 10.0.0.196 - - [23/Apr/2026:15:02:41 +0000] "GET / HTTP/1.1" 300 295 10.0.0.196 - - [23/Apr/2026:15:02:41 +0000] "GET / HTTP/1.1" 300 295
[Thu Apr 23 15:02:41.378826 2026] [wsgi:error] [pid 11:tid 140288853796544] [remote 10.0.0.196:50290] 2026-04-23 15:02:41.378 11 WARNING keystone.common.password_hashing [None req-1f832085-d993-43b4-9411-4b2b1bd31858 - - - - - -] Truncating password to algorithm specific maximum length 72 characters.
[Thu Apr 23 15:02:41.407979 2026] [wsgi:error] [pid 9:tid 140288853796544] [remote 10.0.0.196:50298] 2026-04-23 15:02:41.407 9 WARNING keystone.common.password_hashing [None req-4c1ca937-6dd5-4cce-bb2b-1ad123f28080 - - - - - -] Truncating password to algorithm specific maximum length 72 characters.
[Thu Apr 23 15:02:41.419997 2026] [wsgi:error] [pid 12:tid 140288853796544] [remote 10.0.0.196:50284] 2026-04-23 15:02:41.419 12 WARNING keystone.common.fernet_utils [None req-e040ac50-0de9-425f-a89a-c933105329f8 - - - - - -] key_repository is world readable: /etc/keystone/fernet-keys/ 10.0.0.196 - - [23/Apr/2026:15:02:41 +0000] "POST /v3/auth/tokens HTTP/1.1" 201 1463 10.0.0.196 - - [23/Apr/2026:15:02:41 +0000] "GET /v3/endpoints HTTP/1.1" 200 1226 10.0.0.196 - - [23/Apr/2026:15:02:41 +0000] "GET /v3/services/9fbbaf444de94bfa8b5f6915ec753ebc HTTP/1.1" 200 233 10.0.0.196 - - [23/Apr/2026:15:02:41 +0000] "GET /v3/services/9fbbaf444de94bfa8b5f6915ec753ebc HTTP/1.1" 200 233 10.0.0.196 - - [23/Apr/2026:15:02:41 +0000] "GET /v3/services/9fbbaf444de94bfa8b5f6915ec753ebc HTTP/1.1" 200 233
[Thu Apr 23 15:02:41.655976 2026] [wsgi:error] [pid 11:tid 140288853796544] [remote 10.0.0.196:50290] 2026-04-23 15:02:41.655 11 WARNING keystone.common.fernet_utils [None req-1f832085-d993-43b4-9411-4b2b1bd31858 - - - - - -] key_repository is world readable: /etc/keystone/fernet-keys/ 10.0.0.196 - - [23/Apr/2026:15:02:41 +0000] "POST /v3/auth/tokens HTTP/1.1" 201 1463
[Thu Apr 23 15:02:41.697246 2026] [wsgi:error] [pid 9:tid 140288853796544] [remote 10.0.0.196:50298] 2026-04-23 15:02:41.697 9 WARNING keystone.common.fernet_utils [None req-4c1ca937-6dd5-4cce-bb2b-1ad123f28080 - - - - - -] key_repository is world readable: /etc/keystone/fernet-keys/ 10.0.0.196 - - [23/Apr/2026:15:02:41 +0000] "POST /v3/auth/tokens HTTP/1.1" 201 1463 10.0.0.196 - - [23/Apr/2026:15:02:41 +0000] "GET /v3/endpoints HTTP/1.1" 200 1226 10.0.0.196 - - [23/Apr/2026:15:02:41 +0000] "GET /v3/services/9fbbaf444de94bfa8b5f6915ec753ebc HTTP/1.1" 200 233 10.0.0.196 - - [23/Apr/2026:15:02:41 +0000] "GET /v3/services/9fbbaf444de94bfa8b5f6915ec753ebc HTTP/1.1" 200 233 10.0.0.196 - - [23/Apr/2026:15:02:41 +0000] "GET /v3/endpoints HTTP/1.1" 200 1226 10.0.0.196 - - [23/Apr/2026:15:02:41 +0000] "GET /v3/services/9fbbaf444de94bfa8b5f6915ec753ebc HTTP/1.1" 200 233 10.0.0.196 - - [23/Apr/2026:15:02:41 +0000] "GET /v3/services/9fbbaf444de94bfa8b5f6915ec753ebc HTTP/1.1" 200 233 10.0.0.196 - - [23/Apr/2026:15:02:41 +0000] "GET /v3/services/9fbbaf444de94bfa8b5f6915ec753ebc HTTP/1.1" 200 233 10.0.0.196 - - [23/Apr/2026:15:02:41 +0000] "GET /v3/services/9fbbaf444de94bfa8b5f6915ec753ebc HTTP/1.1" 200 233 10.0.0.196 - - [23/Apr/2026:15:02:42 +0000] "GET / HTTP/1.1" 300 295
[Thu Apr 23 15:02:42.940989 2026] [wsgi:error] [pid 12:tid 140288853796544] [remote 10.0.0.196:50302] 2026-04-23 15:02:42.940 12 WARNING keystone.common.password_hashing [None req-662ef9e5-021c-4178-9d8e-e59d271bca25 - - - - - -] Truncating password to algorithm specific maximum length 72 characters.
[Thu Apr 23 15:02:43.233487 2026] [wsgi:error] [pid 12:tid 140288853796544] [remote 10.0.0.196:50302] 2026-04-23 15:02:43.233 12 WARNING keystone.common.fernet_utils [None req-662ef9e5-021c-4178-9d8e-e59d271bca25 - - - - - -] key_repository is world readable: /etc/keystone/fernet-keys/ 10.0.0.196 - - [23/Apr/2026:15:02:42 +0000] "POST /v3/auth/tokens HTTP/1.1" 201 1463 10.0.0.196 - - [23/Apr/2026:15:02:43 +0000] "GET / HTTP/1.1" 300 295
[Thu Apr 23 15:02:43.298766 2026] [wsgi:error] [pid 11:tid 140288853796544] [remote 10.0.0.196:50316] 2026-04-23 15:02:43.298 11 WARNING keystone.common.password_hashing [None req-498a5e52-ea54-4d26-8c65-36dec7c3856f - - - - - -] Truncating password to algorithm specific maximum length 72 characters. 10.0.0.196 - - [23/Apr/2026:15:02:43 +0000] "GET / HTTP/1.1" 300 295
[Thu Apr 23 15:02:43.324276 2026] [wsgi:error] [pid 12:tid 140288853796544] [remote 10.0.0.196:50324] 2026-04-23 15:02:43.324 12 WARNING keystone.common.password_hashing [None req-e8dcc5e4-8f5d-431f-b631-b406888489bc - - - - - -] Truncating password to algorithm specific maximum length 72 characters. 10.0.0.196 - - [23/Apr/2026:15:02:43 +0000] "GET /v3/services/32a16e287ea44e4181dfd7983439757d HTTP/1.1" 200 296 10.0.0.196 - - [23/Apr/2026:15:02:43 +0000] "GET /v3/regions/RegionOne HTTP/1.1" 200 173 10.0.0.196 - - [23/Apr/2026:15:02:43 +0000] "POST /v3/endpoints HTTP/1.1" 201 380
[Thu Apr 23 15:02:43.589660 2026] [wsgi:error] [pid 11:tid 140288853796544] [remote 10.0.0.196:50316] 2026-04-23 15:02:43.589 11 WARNING keystone.common.fernet_utils [None req-498a5e52-ea54-4d26-8c65-36dec7c3856f - - - - - -] key_repository is world readable: /etc/keystone/fernet-keys/
[Thu Apr 23 15:02:43.601522 2026] [wsgi:error] [pid 12:tid 140288853796544] [remote 10.0.0.196:50324] 2026-04-23 15:02:43.601 12 WARNING keystone.common.fernet_utils [None req-e8dcc5e4-8f5d-431f-b631-b406888489bc - - - - - -] key_repository is world readable: /etc/keystone/fernet-keys/ 10.0.0.196 - - [23/Apr/2026:15:02:43 +0000] "POST /v3/auth/tokens HTTP/1.1" 201 1640 10.0.0.196 - - [23/Apr/2026:15:02:43 +0000] "POST /v3/auth/tokens HTTP/1.1" 201 1640 10.0.0.196 - - [23/Apr/2026:15:02:43 +0000] "GET /v3/services/32a16e287ea44e4181dfd7983439757d HTTP/1.1" 200 296 10.0.0.196 - - [23/Apr/2026:15:02:43 +0000] "GET /v3/services/32a16e287ea44e4181dfd7983439757d HTTP/1.1" 200 296 10.0.0.196 - - [23/Apr/2026:15:02:43 +0000] "GET /v3/regions/RegionOne HTTP/1.1" 200 173 10.0.0.196 - - [23/Apr/2026:15:02:43 +0000] "GET /v3/regions/RegionOne HTTP/1.1" 200 173 10.0.0.196 - - [23/Apr/2026:15:02:43 +0000] "POST /v3/endpoints HTTP/1.1" 201 369 10.0.0.196 - - [23/Apr/2026:15:02:43 +0000] "POST /v3/endpoints HTTP/1.1" 201 383 10.0.0.196 - - [23/Apr/2026:15:02:44 +0000] "GET / HTTP/1.1" 300 295
[Thu Apr 23 15:02:44.790885 2026] [wsgi:error] [pid 12:tid 140288853796544] [remote 10.0.0.196:50328] 2026-04-23 15:02:44.790 12 WARNING keystone.common.password_hashing [None req-f128db76-eae6-4077-b239-d648ade17168 - - - - - -] Truncating password to algorithm specific maximum length 72 characters.
[Thu Apr 23 15:02:45.069865 2026] [wsgi:error] [pid 12:tid 140288853796544] [remote 10.0.0.196:50328] 2026-04-23 15:02:45.069 12 WARNING keystone.common.fernet_utils [None req-f128db76-eae6-4077-b239-d648ade17168 - - - - - -] key_repository is world readable: /etc/keystone/fernet-keys/ 10.0.0.196 - - [23/Apr/2026:15:02:44 +0000] "POST /v3/auth/tokens HTTP/1.1" 201 1990 10.0.0.196 - - [23/Apr/2026:15:02:45 +0000] "GET / HTTP/1.1" 300 295
[Thu Apr 23 15:02:45.190912 2026] [wsgi:error] [pid 10:tid 140288853796544] [remote 10.0.0.196:50340] 2026-04-23 15:02:45.190 10 WARNING keystone.common.password_hashing [None req-a201f494-4191-4ab4-bb5f-d05f24b7a1a4 - - - - - -] Truncating password to algorithm specific maximum length 72 characters. 10.0.0.196 - - [23/Apr/2026:15:02:45 +0000] "GET /v3/endpoints/baf12c54b18c49aaa6cf3a94b23badd6 HTTP/1.1" 200 380 10.0.0.196 - - [23/Apr/2026:15:02:45 +0000] "GET /v3/services/32a16e287ea44e4181dfd7983439757d HTTP/1.1" 200 296 10.0.0.196 - - [23/Apr/2026:15:02:45 +0000] "GET / HTTP/1.1" 300 295
[Thu Apr 23 15:02:45.299948 2026] [wsgi:error] [pid 11:tid 140288853796544] [remote 10.0.0.196:50344] 2026-04-23 15:02:45.299 11 WARNING keystone.common.password_hashing [None req-0bb5fa98-dbe6-48ee-adf4-ada025785df2 - - - - - -] Truncating password to algorithm specific maximum length 72 characters.
[Thu Apr 23 15:02:45.468158 2026] [wsgi:error] [pid 10:tid 140288853796544] [remote 10.0.0.196:50340] 2026-04-23 15:02:45.468 10 WARNING keystone.common.fernet_utils [None req-a201f494-4191-4ab4-bb5f-d05f24b7a1a4 - - - - - -] key_repository is world readable: /etc/keystone/fernet-keys/ 10.0.0.196 - - [23/Apr/2026:15:02:45 +0000] "POST /v3/auth/tokens HTTP/1.1" 201 1990
[Thu Apr 23 15:02:45.589704 2026] [wsgi:error] [pid 11:tid 140288853796544] [remote 10.0.0.196:50344] 2026-04-23 15:02:45.589 11 WARNING keystone.common.fernet_utils [None req-0bb5fa98-dbe6-48ee-adf4-ada025785df2 - - - - - -] key_repository is world readable: /etc/keystone/fernet-keys/ 10.0.0.196 - - [23/Apr/2026:15:02:45 +0000] "POST /v3/auth/tokens HTTP/1.1" 201 1990 10.0.0.196 - - [23/Apr/2026:15:02:45 +0000] "GET /v3/endpoints/b4413dbc40204882acfde1abf8428f71 HTTP/1.1" 200 369 10.0.0.196 - - [23/Apr/2026:15:02:45 +0000] "GET /v3/services/32a16e287ea44e4181dfd7983439757d HTTP/1.1" 200 296 10.0.0.196 - - [23/Apr/2026:15:02:45 +0000] "GET /v3/endpoints/905cbc675afd402894b29e4ff44e4e0d HTTP/1.1" 200 383 10.0.0.196 - - [23/Apr/2026:15:02:45 +0000] "GET /v3/services/32a16e287ea44e4181dfd7983439757d HTTP/1.1" 200 296 10.0.0.32 - - [23/Apr/2026:15:02:56 +0000] "GET / HTTP/1.1" 300 295
[Thu Apr 23 15:02:56.411705 2026] [wsgi:error] [pid 9:tid 140288853796544] [remote 10.0.0.32:56252] 2026-04-23 15:02:56.411 9 WARNING keystone.common.password_hashing [None req-82ae4597-ad75-493e-a755-c2fd8d81dcf3 - - - - - -] Truncating password to algorithm specific maximum length 72 characters.
[Thu Apr 23 15:02:56.684955 2026] [wsgi:error] [pid 9:tid 140288853796544] [remote 10.0.0.32:56252] 2026-04-23 15:02:56.684 9 WARNING keystone.common.fernet_utils [None req-82ae4597-ad75-493e-a755-c2fd8d81dcf3 - - - - - -] key_repository is world readable: /etc/keystone/fernet-keys/ 10.0.0.32 - - [23/Apr/2026:15:02:56 +0000] "POST /v3/auth/tokens HTTP/1.1" 201 1990 10.0.0.32 - - [23/Apr/2026:15:02:56 +0000] "POST /v3/domains HTTP/1.1" 201 284 10.0.0.32 - - [23/Apr/2026:15:02:58 +0000] "GET / HTTP/1.1" 300 295
[Thu Apr 23 15:02:58.265392 2026] [wsgi:error] [pid 12:tid 140288853796544] [remote 10.0.0.32:56256] 2026-04-23 15:02:58.265 12 WARNING keystone.common.password_hashing [None req-dbbe121b-72f3-47e9-aeff-487b4dce4ddd - - - - - -] Truncating password to algorithm specific maximum length 72 characters.
[Thu Apr 23 15:02:58.549671 2026] [wsgi:error] [pid 12:tid 140288853796544] [remote 10.0.0.32:56256] 2026-04-23 15:02:58.549 12 WARNING keystone.common.fernet_utils [None req-dbbe121b-72f3-47e9-aeff-487b4dce4ddd - - - - - -] key_repository is world readable: /etc/keystone/fernet-keys/ 10.0.0.32 - - [23/Apr/2026:15:02:58 +0000] "POST /v3/auth/tokens HTTP/1.1" 201 1990
[Thu Apr 23 15:02:58.753504 2026] [wsgi:error] [pid 9:tid 140288853796544] [remote 10.0.0.32:56256] 2026-04-23 15:02:58.737 9 ERROR keystone.server.flask.application [None req-0ebd777b-d6a9-4258-b372-31939df80c9a f6da539685604a2da7012f5530a5d95c d47bf9afd2234ebeb76a180954d7105c - - default default] Conflict occurred attempting to store project - it is not permitted to have two projects acting as domains with the same name: service.: keystone.exception.Conflict: Conflict occurred attempting to store project - it is not permitted to have two projects acting as domains with the same name: service.
[Thu Apr 23 15:02:58.753550 2026] [wsgi:error] [pid 9:tid 140288853796544] [remote 10.0.0.32:56256] 2026-04-23 15:02:58.737 9 ERROR keystone.server.flask.application
Traceback (most recent call last):
[Thu Apr 23 15:02:58.753552 2026] [wsgi:error] [pid 9:tid 140288853796544] [remote 10.0.0.32:56256] 2026-04-23 15:02:58.737 9 ERROR keystone.server.flask.application
File "/var/lib/openstack/lib/python3.12/site-packages/sqlalchemy/engine/base.py", line 1967, in _exec_single_context
[Thu Apr 23 15:02:58.753554 2026] [wsgi:error] [pid 9:tid 140288853796544] [remote 10.0.0.32:56256] 2026-04-23 15:02:58.737 9 ERROR keystone.server.flask.application self.dialect.do_execute(
[Thu Apr 23 15:02:58.753556 2026] [wsgi:error] [pid 9:tid 140288853796544] [remote 10.0.0.32:56256] 2026-04-23 15:02:58.737 9 ERROR keystone.server.flask.application
File "/var/lib/openstack/lib/python3.12/site-packages/sqlalchemy/engine/default.py", line 952, in do_execute
[Thu Apr 23 15:02:58.753558 2026] [wsgi:error] [pid 9:tid 140288853796544] [remote 10.0.0.32:56256] 2026-04-23 15:02:58.737 9 ERROR keystone.server.flask.application cursor.execute(statement, parameters)
[Thu Apr 23 15:02:58.753560 2026] [wsgi:error] [pid 9:tid 140288853796544] [remote 10.0.0.32:56256] 2026-04-23 15:02:58.737 9 ERROR keystone.server.flask.application
File "/var/lib/openstack/lib/python3.12/site-packages/pymysql/cursors.py", line 153, in execute
[Thu Apr 23 15:02:58.753561 2026] [wsgi:error] [pid 9:tid 140288853796544] [remote 10.0.0.32:56256] 2026-04-23 15:02:58.737 9 ERROR keystone.server.flask.application result = self._query(query)
[Thu Apr 23 15:02:58.753562 2026] [wsgi:error] [pid 9:tid 140288853796544] [remote 10.0.0.32:56256] 2026-04-23 15:02:58.737 9 ERROR keystone.server.flask.application ^^^^^^^^^^^^^^^^^^
[Thu Apr 23 15:02:58.753564 2026] [wsgi:error] [pid 9:tid 140288853796544] [remote 10.0.0.32:56256] 2026-04-23 15:02:58.737 9 ERROR keystone.server.flask.application
File "/var/lib/openstack/lib/python3.12/site-packages/pymysql/cursors.py", line 322, in _query
[Thu Apr 23 15:02:58.753565 2026] [wsgi:error] [pid 9:tid 140288853796544] [remote 10.0.0.32:56256] 2026-04-23 15:02:58.737 9 ERROR keystone.server.flask.application conn.query(q)
[Thu Apr 23 15:02:58.753567 2026] [wsgi:error] [pid 9:tid 140288853796544] [remote 10.0.0.32:56256] 2026-04-23 15:02:58.737 9 ERROR keystone.server.flask.application
File "/var/lib/openstack/lib/python3.12/site-packages/pymysql/connections.py", line 575, in query
[Thu Apr 23 15:02:58.753569 2026] [wsgi:error] [pid 9:tid 140288853796544] [remote 10.0.0.32:56256] 2026-04-23 15:02:58.737 9 ERROR keystone.server.flask.application self._affected_rows = self._read_query_result(unbuffered=unbuffered)
[Thu Apr 23 15:02:58.753571 2026] [wsgi:error] [pid 9:tid 140288853796544] [remote 10.0.0.32:56256] 2026-04-23 15:02:58.737 9 ERROR keystone.server.flask.application ^^^^^^^^^^^^^^^^^^^^^^^^^^^^^^^^^^^^^^^^^^^^^^
[Thu Apr 23 15:02:58.753572 2026] [wsgi:error] [pid 9:tid 140288853796544] [remote 10.0.0.32:56256] 2026-04-23 15:02:58.737 9 ERROR keystone.server.flask.application
File "/var/lib/openstack/lib/python3.12/site-packages/pymysql/connections.py", line 826, in _read_query_result
[Thu Apr 23 15:02:58.753574 2026] [wsgi:error] [pid 9:tid 140288853796544] [remote 10.0.0.32:56256] 2026-04-23 15:02:58.737 9 ERROR keystone.server.flask.application result.read()
[Thu Apr 23 15:02:58.753575 2026] [wsgi:error] [pid 9:tid 140288853796544] [remote 10.0.0.32:56256] 2026-04-23 15:02:58.737 9 ERROR keystone.server.flask.application
File "/var/lib/openstack/lib/python3.12/site-packages/pymysql/connections.py", line 1203, in read
[Thu Apr 23 15:02:58.753579 2026] [wsgi:error] [pid 9:tid 140288853796544] [remote 10.0.0.32:56256] 2026-04-23 15:02:58.737 9 ERROR keystone.server.flask.application first_packet = self.connection._read_packet()
[Thu Apr 23 15:02:58.753581 2026] [wsgi:error] [pid 9:tid 140288853796544] [remote 10.0.0.32:56256] 2026-04-23 15:02:58.737 9 ERROR keystone.server.flask.application ^^^^^^^^^^^^^^^^^^^^^^^^^^^^^^
[Thu Apr 23 15:02:58.753582 2026] [wsgi:error] [pid 9:tid 140288853796544] [remote 10.0.0.32:56256] 2026-04-23 15:02:58.737 9 ERROR keystone.server.flask.application
File "/var/lib/openstack/lib/python3.12/site-packages/pymysql/connections.py", line 782, in _read_packet
[Thu Apr 23 15:02:58.753583 2026] [wsgi:error] [pid 9:tid 140288853796544] [remote 10.0.0.32:56256] 2026-04-23 15:02:58.737 9 ERROR keystone.server.flask.application packet.raise_for_error()
[Thu Apr 23 15:02:58.753585 2026] [wsgi:error] [pid 9:tid 140288853796544] [remote 10.0.0.32:56256] 2026-04-23 15:02:58.737 9 ERROR keystone.server.flask.application
File "/var/lib/openstack/lib/python3.12/site-packages/pymysql/protocol.py", line 219, in raise_for_error
[Thu Apr 23 15:02:58.753586 2026] [wsgi:error] [pid 9:tid 140288853796544] [remote 10.0.0.32:56256] 2026-04-23 15:02:58.737 9 ERROR keystone.server.flask.application err.raise_mysql_exception(self._data)
[Thu Apr 23 15:02:58.753588 2026] [wsgi:error] [pid 9:tid 140288853796544] [remote 10.0.0.32:56256] 2026-04-23 15:02:58.737 9 ERROR keystone.server.flask.application
File "/var/lib/openstack/lib/python3.12/site-packages/pymysql/err.py", line 150, in raise_mysql_exception
[Thu Apr 23 15:02:58.753589 2026] [wsgi:error] [pid 9:tid 140288853796544] [remote 10.0.0.32:56256] 2026-04-23 15:02:58.737 9 ERROR keystone.server.flask.application raise errorclass(errno, errval)
[Thu Apr 23 15:02:58.753590 2026] [wsgi:error] [pid 9:tid 140288853796544] [remote 10.0.0.32:56256] 2026-04-23 15:02:58.737 9 ERROR keystone.server.flask.application pymysql.err.IntegrityError: (1062, "Duplicate entry '<>-service' for key 'project.ixu_project_name_domain_id'")
[Thu Apr 23 15:02:58.753592 2026] [wsgi:error] [pid 9:tid 140288853796544] [remote 10.0.0.32:56256] 2026-04-23 15:02:58.737 9 ERROR keystone.server.flask.application
[Thu Apr 23 15:02:58.753594 2026] [wsgi:error] [pid 9:tid 140288853796544] [remote 10.0.0.32:56256] 2026-04-23 15:02:58.737 9 ERROR keystone.server.flask.application The above exception was the direct cause of the following exception:
[Thu Apr 23 15:02:58.753595 2026] [wsgi:error] [pid 9:tid 140288853796544] [remote 10.0.0.32:56256] 2026-04-23 15:02:58.737 9 ERROR keystone.server.flask.application
[Thu Apr 23 15:02:58.753596 2026] [wsgi:error] [pid 9:tid 140288853796544] [remote 10.0.0.32:56256] 2026-04-23 15:02:58.737 9 ERROR keystone.server.flask.application
Traceback (most recent call last):
[Thu Apr 23 15:02:58.753597 2026] [wsgi:error] [pid 9:tid 140288853796544] [remote 10.0.0.32:56256] 2026-04-23 15:02:58.737 9 ERROR keystone.server.flask.application
File "/var/lib/openstack/lib/python3.12/site-packages/keystone/common/sql/core.py", line 575, in wrapper
[Thu Apr 23 15:02:58.753599 2026] [wsgi:error] [pid 9:tid 140288853796544] [remote 10.0.0.32:56256] 2026-04-23 15:02:58.737 9 ERROR keystone.server.flask.application return method(*args, **kwargs)
[Thu Apr 23 15:02:58.753610 2026] [wsgi:error] [pid 9:tid 140288853796544] [remote 10.0.0.32:56256] 2026-04-23 15:02:58.737 9 ERROR keystone.server.flask.application ^^^^^^^^^^^^^^^^^^^^^^^
[Thu Apr 23 15:02:58.753612 2026] [wsgi:error] [pid 9:tid 140288853796544] [remote 10.0.0.32:56256] 2026-04-23 15:02:58.737 9 ERROR keystone.server.flask.application
File "/var/lib/openstack/lib/python3.12/site-packages/keystone/resource/backends/sql.py", line 278, in create_project
[Thu Apr 23 15:02:58.753614 2026] [wsgi:error] [pid 9:tid 140288853796544] [remote 10.0.0.32:56256] 2026-04-23 15:02:58.737 9 ERROR keystone.server.flask.application with sql.session_for_write() as session:
[Thu Apr 23 15:02:58.753615 2026] [wsgi:error] [pid 9:tid 140288853796544] [remote 10.0.0.32:56256] 2026-04-23 15:02:58.737 9 ERROR keystone.server.flask.application
File "/usr/lib/python3.12/contextlib.py", line 144, in __exit__
[Thu Apr 23 15:02:58.753617 2026] [wsgi:error] [pid 9:tid 140288853796544] [remote 10.0.0.32:56256] 2026-04-23 15:02:58.737 9 ERROR keystone.server.flask.application next(self.gen)
[Thu Apr 23 15:02:58.753619 2026] [wsgi:error] [pid 9:tid 140288853796544] [remote 10.0.0.32:56256] 2026-04-23 15:02:58.737 9 ERROR keystone.server.flask.application
File "/var/lib/openstack/lib/python3.12/site-packages/oslo_db/sqlalchemy/enginefacade.py", line 1175, in _transaction_scope
[Thu Apr 23 15:02:58.753620 2026] [wsgi:error] [pid 9:tid 140288853796544] [remote 10.0.0.32:56256] 2026-04-23 15:02:58.737 9 ERROR keystone.server.flask.application with current._produce_block(
[Thu Apr 23 15:02:58.753622 2026] [wsgi:error] [pid 9:tid 140288853796544] [remote 10.0.0.32:56256] 2026-04-23 15:02:58.737 9 ERROR keystone.server.flask.application
File "/usr/lib/python3.12/contextlib.py", line 144, in __exit__
[Thu Apr 23 15:02:58.753624 2026] [wsgi:error] [pid 9:tid 140288853796544] [remote 10.0.0.32:56256] 2026-04-23 15:02:58.737 9 ERROR keystone.server.flask.application next(self.gen)
[Thu Apr 23 15:02:58.753625 2026] [wsgi:error] [pid 9:tid 140288853796544] [remote 10.0.0.32:56256] 2026-04-23 15:02:58.737 9 ERROR keystone.server.flask.application
File "/var/lib/openstack/lib/python3.12/site-packages/oslo_db/sqlalchemy/enginefacade.py", line 837, in _session
[Thu Apr 23 15:02:58.753627 2026] [wsgi:error] [pid 9:tid 140288853796544] [remote 10.0.0.32:56256] 2026-04-23 15:02:58.737 9 ERROR keystone.server.flask.application with excutils.save_and_reraise_exception():
[Thu Apr 23 15:02:58.753629 2026] [wsgi:error] [pid 9:tid 140288853796544] [remote 10.0.0.32:56256] 2026-04-23 15:02:58.737 9 ERROR keystone.server.flask.application
File "/var/lib/openstack/lib/python3.12/site-packages/oslo_utils/excutils.py", line 271, in __exit__
[Thu Apr 23 15:02:58.753630 2026] [wsgi:error] [pid 9:tid 140288853796544] [remote 10.0.0.32:56256] 2026-04-23 15:02:58.737 9 ERROR keystone.server.flask.application self.force_reraise()
[Thu Apr 23 15:02:58.753632 2026] [wsgi:error] [pid 9:tid 140288853796544] [remote 10.0.0.32:56256] 2026-04-23 15:02:58.737 9 ERROR keystone.server.flask.application
File "/var/lib/openstack/lib/python3.12/site-packages/oslo_utils/excutils.py", line 233, in force_reraise
[Thu Apr 23 15:02:58.753634 2026] [wsgi:error] [pid 9:tid 140288853796544] [remote 10.0.0.32:56256] 2026-04-23 15:02:58.737 9 ERROR keystone.server.flask.application raise self.value
[Thu Apr 23 15:02:58.753635 2026] [wsgi:error] [pid 9:tid 140288853796544] [remote 10.0.0.32:56256] 2026-04-23 15:02:58.737 9 ERROR keystone.server.flask.application
File "/var/lib/openstack/lib/python3.12/site-packages/oslo_db/sqlalchemy/enginefacade.py", line 835, in _session
[Thu Apr 23 15:02:58.753637 2026] [wsgi:error] [pid 9:tid 140288853796544] [remote 10.0.0.32:56256] 2026-04-23 15:02:58.737 9 ERROR keystone.server.flask.application self._end_session_transaction(self.session)
[Thu Apr 23 15:02:58.753641 2026] [wsgi:error] [pid 9:tid 140288853796544] [remote 10.0.0.32:56256] 2026-04-23 15:02:58.737 9 ERROR keystone.server.flask.application
File "/var/lib/openstack/lib/python3.12/site-packages/oslo_db/sqlalchemy/enginefacade.py", line 748, in _end_session_transaction
[Thu Apr 23 15:02:58.753645 2026] [wsgi:error] [pid 9:tid 140288853796544] [remote 10.0.0.32:56256] 2026-04-23 15:02:58.737 9 ERROR keystone.server.flask.application session.commit()
[Thu Apr 23 15:02:58.753647 2026] [wsgi:error] [pid 9:tid 140288853796544] [remote 10.0.0.32:56256] 2026-04-23 15:02:58.737 9 ERROR keystone.server.flask.application
File "/var/lib/openstack/lib/python3.12/site-packages/sqlalchemy/orm/session.py", line 2030, in commit
[Thu Apr 23 15:02:58.753649 2026] [wsgi:error] [pid 9:tid 140288853796544] [remote 10.0.0.32:56256] 2026-04-23 15:02:58.737 9 ERROR keystone.server.flask.application trans.commit(_to_root=True)
[Thu Apr 23 15:02:58.753651 2026] [wsgi:error] [pid 9:tid 140288853796544] [remote 10.0.0.32:56256] 2026-04-23 15:02:58.737 9 ERROR keystone.server.flask.application File "", line 2, in commit
[Thu Apr 23 15:02:58.753653 2026] [wsgi:error] [pid 9:tid 140288853796544] [remote 10.0.0.32:56256] 2026-04-23 15:02:58.737 9 ERROR keystone.server.flask.application
File "/var/lib/openstack/lib/python3.12/site-packages/sqlalchemy/orm/state_changes.py", line 137, in _go
[Thu Apr 23 15:02:58.753656 2026] [wsgi:error] [pid 9:tid 140288853796544] [remote 10.0.0.32:56256] 2026-04-23 15:02:58.737 9 ERROR keystone.server.flask.application ret_value = fn(self, *arg, **kw)
[Thu Apr 23 15:02:58.753658 2026] [wsgi:error] [pid 9:tid 140288853796544] [remote 10.0.0.32:56256] 2026-04-23 15:02:58.737 9 ERROR keystone.server.flask.application ^^^^^^^^^^^^^^^^^^^^
[Thu Apr 23 15:02:58.753661 2026] [wsgi:error] [pid 9:tid 140288853796544] [remote 10.0.0.32:56256] 2026-04-23 15:02:58.737 9 ERROR keystone.server.flask.application
File "/var/lib/openstack/lib/python3.12/site-packages/sqlalchemy/orm/session.py", line 1311, in commit
[Thu Apr 23 15:02:58.753665 2026] [wsgi:error] [pid 9:tid 140288853796544] [remote 10.0.0.32:56256] 2026-04-23 15:02:58.737 9 ERROR keystone.server.flask.application self._prepare_impl()
[Thu Apr 23 15:02:58.753667 2026] [wsgi:error] [pid 9:tid 140288853796544] [remote 10.0.0.32:56256] 2026-04-23 15:02:58.737 9 ERROR keystone.server.flask.application File "", line 2, in _prepare_impl
[Thu Apr 23 15:02:58.753669 2026] [wsgi:error] [pid 9:tid 140288853796544] [remote 10.0.0.32:56256] 2026-04-23 15:02:58.737 9 ERROR keystone.server.flask.application
File "/var/lib/openstack/lib/python3.12/site-packages/sqlalchemy/orm/state_changes.py", line 137, in _go
[Thu Apr 23 15:02:58.753672 2026] [wsgi:error] [pid 9:tid 140288853796544] [remote 10.0.0.32:56256] 2026-04-23 15:02:58.737 9 ERROR keystone.server.flask.application ret_value = fn(self, *arg, **kw)
[Thu Apr 23 15:02:58.753674 2026] [wsgi:error] [pid 9:tid 140288853796544] [remote 10.0.0.32:56256] 2026-04-23 15:02:58.737 9 ERROR keystone.server.flask.application ^^^^^^^^^^^^^^^^^^^^
[Thu Apr 23 15:02:58.753677 2026] [wsgi:error] [pid 9:tid 140288853796544] [remote 10.0.0.32:56256] 2026-04-23 15:02:58.737 9 ERROR keystone.server.flask.application
File "/var/lib/openstack/lib/python3.12/site-packages/sqlalchemy/orm/session.py", line 1286, in _prepare_impl
[Thu Apr 23 15:02:58.753679 2026] [wsgi:error] [pid 9:tid 140288853796544] [remote 10.0.0.32:56256] 2026-04-23 15:02:58.737 9 ERROR keystone.server.flask.application self.session.flush()
[Thu Apr 23 15:02:58.753681 2026] [wsgi:error] [pid 9:tid 140288853796544] [remote 10.0.0.32:56256] 2026-04-23 15:02:58.737 9 ERROR keystone.server.flask.application
File "/var/lib/openstack/lib/python3.12/site-packages/sqlalchemy/orm/session.py", line 4331, in flush
[Thu Apr 23 15:02:58.753683 2026] [wsgi:error] [pid 9:tid 140288853796544] [remote 10.0.0.32:56256] 2026-04-23 15:02:58.737 9 ERROR keystone.server.flask.application self._flush(objects)
[Thu Apr 23 15:02:58.753686 2026] [wsgi:error] [pid 9:tid 140288853796544] [remote 10.0.0.32:56256] 2026-04-23 15:02:58.737 9 ERROR keystone.server.flask.application
File "/var/lib/openstack/lib/python3.12/site-packages/sqlalchemy/orm/session.py", line 4466, in _flush
[Thu Apr 23 15:02:58.753688 2026] [wsgi:error] [pid 9:tid 140288853796544] [remote 10.0.0.32:56256] 2026-04-23 15:02:58.737 9 ERROR keystone.server.flask.application with util.safe_reraise():
[Thu Apr 23 15:02:58.753691 2026] [wsgi:error] [pid 9:tid 140288853796544] [remote 10.0.0.32:56256] 2026-04-23 15:02:58.737 9 ERROR keystone.server.flask.application
File "/var/lib/openstack/lib/python3.12/site-packages/sqlalchemy/util/langhelpers.py", line 121, in __exit__
[Thu Apr 23 15:02:58.753692 2026] [wsgi:error] [pid 9:tid 140288853796544] [remote 10.0.0.32:56256] 2026-04-23 15:02:58.737 9 ERROR keystone.server.flask.application raise exc_value.with_traceback(exc_tb)
[Thu Apr 23 15:02:58.753695 2026] [wsgi:error] [pid 9:tid 140288853796544] [remote 10.0.0.32:56256] 2026-04-23 15:02:58.737 9 ERROR keystone.server.flask.application
File "/var/lib/openstack/lib/python3.12/site-packages/sqlalchemy/orm/session.py", line 4427, in _flush
[Thu Apr 23 15:02:58.753699 2026] [wsgi:error] [pid 9:tid 140288853796544] [remote 10.0.0.32:56256] 2026-04-23 15:02:58.737 9 ERROR keystone.server.flask.application flush_context.execute()
[Thu Apr 23 15:02:58.753701 2026] [wsgi:error] [pid 9:tid 140288853796544] [remote 10.0.0.32:56256] 2026-04-23 15:02:58.737 9 ERROR keystone.server.flask.application
File "/var/lib/openstack/lib/python3.12/site-packages/sqlalchemy/orm/unitofwork.py", line 466, in execute
