2026-07-02 01:34:00.819 8 INFO neutron_taas.services.taas.taas_plugin [None req-d97e9fca-af68-43a8-91e7-3214bf9fa4b1 f8f1e20162904eb88e7290a762f45fb9 a8feadcd7d96401b8c73dbfe264d58b4 - - default default] TaaS: Handle Delete Port: 360102b0-520e-4080-b70e-f2f27af877f5
2026-07-02 01:34:00.823 8 INFO neutron_taas.services.taas.tap_mirror_plugin [None req-d97e9fca-af68-43a8-91e7-3214bf9fa4b1 f8f1e20162904eb88e7290a762f45fb9 a8feadcd7d96401b8c73dbfe264d58b4 - - default default] Tap Mirror: Handle Delete Port: 360102b0-520e-4080-b70e-f2f27af877f5
2026-07-02 01:34:00.862 7 WARNING neutron.plugins.ml2.drivers.ovn.mech_driver.ovsdb.ovn_client [None req-d4a43700-11ef-4251-8f50-d8e890cafb4f - - - - - -] No port found with ID 0c7d4eaf-2a55-45e2-92e6-12fa5f6f35d4: RuntimeError: No port found with ID 0c7d4eaf-2a55-45e2-92e6-12fa5f6f35d4
2026-07-02 01:34:01.008 7 INFO neutron.plugins.ml2.drivers.ovn.mech_driver.mech_driver [None req-d4a43700-11ef-4251-8f50-d8e890cafb4f - - - - - -] OVN reports status down for port: a53cc0b1-9b3f-4a46-a0c1-3acb33f1d7d2
2026-07-02 01:34:01.234 7 WARNING neutron.plugins.ml2.drivers.ovn.mech_driver.ovsdb.ovn_client [None req-d4a43700-11ef-4251-8f50-d8e890cafb4f - - - - - -] Logical_Switch_Port a53cc0b1-9b3f-4a46-a0c1-3acb33f1d7d2 host information not removed, the port state is up
2026-07-02 01:34:01.239 7 INFO neutron.db.ovn_revision_numbers_db [None req-5a455888-0dc2-4a66-8a04-eacca514cdf7 cecbd263fd0d41f2b2a343e44c4a8c8e c2320afd80e043799332326bc45bd63a - - default default] Successfully bumped revision number for resource 9b097464-7d5f-48dc-9218-9dac2c2a2fe5 (type: ports) to 1
2026-07-02 01:34:01.271 7 INFO neutron.plugins.ml2.drivers.ovn.mech_driver.mech_driver [None req-d4a43700-11ef-4251-8f50-d8e890cafb4f - - - - - -] OVN reports status down for port: 05e277e7-1d52-41d5-a4ff-1c3100de8e5b
2026-07-02 01:34:01.290 7 INFO neutron.db.ovn_revision_numbers_db [None req-34f90707-bf64-4033-9178-098a3207e848 - - - - - -] Successfully bumped revision number for resource 7297afed-345b-46d7-91ef-fbe55ff7284c (type: ports) to 4
2026-07-02 01:34:01.503 7 INFO neutron.plugins.ml2.drivers.ovn.mech_driver.mech_driver [None req-d4a43700-11ef-4251-8f50-d8e890cafb4f - - - - - -] OVN reports status down for port: 360102b0-520e-4080-b70e-f2f27af877f5
2026-07-02 01:34:01.559 7 INFO neutron.plugins.ml2.drivers.ovn.mech_driver.mech_driver [None req-d4a43700-11ef-4251-8f50-d8e890cafb4f - - - - - -] OVN reports status up for port: 360102b0-520e-4080-b70e-f2f27af877f5
2026-07-02 01:34:01.593 7 INFO neutron.plugins.ml2.drivers.ovn.mech_driver.mech_driver [None req-d4a43700-11ef-4251-8f50-d8e890cafb4f - - - - - -] OVN reports status up for port: a53cc0b1-9b3f-4a46-a0c1-3acb33f1d7d2
2026-07-02 01:34:01.634 7 INFO neutron.plugins.ml2.plugin [None req-d4a43700-11ef-4251-8f50-d8e890cafb4f - - - - - -] Attempt 1 to provision port a53cc0b1-9b3f-4a46-a0c1-3acb33f1d7d2 [pid: 8|app: 0|req: 966/1684] 10.0.0.89 () {32 vars in 723 bytes} [Thu Jul 2 01:34:00 2026] DELETE /v2.0/routers/242ae23d-c298-4f14-901c-0ecf56f0ee07 => generated 0 bytes in 1161 msecs (HTTP/1.1 204) 2 headers in 112 bytes (1 switches on core 0) [pid: 8|app: 0|req: 967/1685] 10.0.0.224 () {34 vars in 990 bytes} [Thu Jul 2 01:34:01 2026] GET /v2.0/ports?device_id=1250e709-6c8e-4da4-a75d-77cc7e095a24 => generated 969 bytes in 38 msecs (HTTP/1.1 200) 4 headers in 157 bytes (1 switches on core 0) [pid: 8|app: 0|req: 968/1686] 10.0.0.224 () {34 vars in 990 bytes} [Thu Jul 2 01:34:01 2026] GET /v2.0/ports?device_id=0cbdca43-7781-40fe-9212-8200eeb7a139 => generated 971 bytes in 35 msecs (HTTP/1.1 200) 4 headers in 157 bytes (1 switches on core 0) [pid: 8|app: 0|req: 969/1687] 10.0.0.89 () {32 vars in 735 bytes} [Thu Jul 2 01:34:01 2026] GET /v2.0/ports?device_id=242ae23d-c298-4f14-901c-0ecf56f0ee07 => generated 12 bytes in 14 msecs (HTTP/1.1 200) 4 headers in 156 bytes (1 switches on core 0) [pid: 8|app: 0|req: 970/1688] 10.0.0.224 () {34 vars in 1040 bytes} [Thu Jul 2 01:34:01 2026] GET /v2.0/security-groups?id=f78387fb-6917-4340-bdd7-10cded5b3f23&fields=id&fields=name => generated 88 bytes in 26 msecs (HTTP/1.1 200) 4 headers in 156 bytes (1 switches on core 0) [pid: 8|app: 0|req: 971/1689] 10.0.0.224 () {34 vars in 1040 bytes} [Thu Jul 2 01:34:01 2026] GET /v2.0/security-groups?id=8fde4a8b-7156-4844-9a8c-05460c7c16c8&fields=id&fields=name => generated 88 bytes in 25 msecs (HTTP/1.1 200) 4 headers in 156 bytes (1 switches on core 0)
2026-07-02 01:34:01.829 7 INFO neutron.notifiers.nova [-] Nova event matching ['req-d65b55d6-4727-4dbb-84ca-07dfe306019f'] response: {'server_uuid': '1250e709-6c8e-4da4-a75d-77cc7e095a24', 'name': 'network-vif-unplugged', 'status': 'completed', 'tag': 'a53cc0b1-9b3f-4a46-a0c1-3acb33f1d7d2', 'code': 200}
2026-07-02 01:34:01.831 8 INFO neutron.api.v2.resource [None req-5281952b-af6c-4304-bdd3-af8044c91c26 f8f1e20162904eb88e7290a762f45fb9 a8feadcd7d96401b8c73dbfe264d58b4 - - default default] delete failed (client error): The resource could not be found. [pid: 8|app: 0|req: 972/1690] 10.0.0.89 () {32 vars in 723 bytes} [Thu Jul 2 01:34:01 2026] DELETE /v2.0/routers/242ae23d-c298-4f14-901c-0ecf56f0ee07 => generated 135 bytes in 14 msecs (HTTP/1.1 404) 4 headers in 164 bytes (1 switches on core 0) [pid: 8|app: 0|req: 973/1691] 10.0.0.89 () {32 vars in 735 bytes} [Thu Jul 2 01:34:01 2026] GET /v2.0/ports?device_id=45e74fc2-5c6b-4a95-bc8d-b6f10633d76f => generated 12 bytes in 16 msecs (HTTP/1.1 200) 4 headers in 156 bytes (1 switches on core 0)
2026-07-02 01:34:01.878 8 INFO neutron.api.v2.resource [None req-6d434a57-1714-46f1-ada3-2c50ad6d5b3b f8f1e20162904eb88e7290a762f45fb9 a8feadcd7d96401b8c73dbfe264d58b4 - - default default] delete failed (client error): The resource could not be found. [pid: 8|app: 0|req: 974/1692] 10.0.0.89 () {32 vars in 723 bytes} [Thu Jul 2 01:34:01 2026] DELETE /v2.0/routers/45e74fc2-5c6b-4a95-bc8d-b6f10633d76f => generated 135 bytes in 17 msecs (HTTP/1.1 404) 4 headers in 164 bytes (1 switches on core 0)
2026-07-02 01:34:01.897 8 INFO neutron.pecan_wsgi.hooks.translation [None req-59c4d866-1fd0-4d99-984a-58e5dc1e62c4 f8f1e20162904eb88e7290a762f45fb9 a8feadcd7d96401b8c73dbfe264d58b4 - - default default] DELETE failed (client error): The resource could not be found. [pid: 8|app: 0|req: 975/1693] 10.0.0.89 () {32 vars in 723 bytes} [Thu Jul 2 01:34:01 2026] DELETE /v2.0/subnets/73d3407f-7fab-4bbf-8b52-06b9f75035e3 => generated 136 bytes in 17 msecs (HTTP/1.1 404) 4 headers in 164 bytes (1 switches on core 0) [pid: 8|app: 0|req: 976/1694] 10.0.0.89 () {32 vars in 735 bytes} [Thu Jul 2 01:34:01 2026] GET /v2.0/ports?device_id=a49f05db-a347-42e4-89ed-b4bfcb9207f6 => generated 12 bytes in 18 msecs (HTTP/1.1 200) 4 headers in 156 bytes (1 switches on core 0)
2026-07-02 01:34:01.947 8 INFO neutron.api.v2.resource [None req-df2de23c-a12a-437e-bddc-faf4c5e85079 f8f1e20162904eb88e7290a762f45fb9 a8feadcd7d96401b8c73dbfe264d58b4 - - default default] delete failed (client error): The resource could not be found. [pid: 8|app: 0|req: 977/1695] 10.0.0.89 () {32 vars in 723 bytes} [Thu Jul 2 01:34:01 2026] DELETE /v2.0/routers/a49f05db-a347-42e4-89ed-b4bfcb9207f6 => generated 135 bytes in 18 msecs (HTTP/1.1 404) 4 headers in 164 bytes (1 switches on core 0)
2026-07-02 01:34:01.966 8 INFO neutron.pecan_wsgi.hooks.translation [None req-b1ecd603-ed50-4c51-92ff-e02eae877eb4 f8f1e20162904eb88e7290a762f45fb9 a8feadcd7d96401b8c73dbfe264d58b4 - - default default] DELETE failed (client error): The resource could not be found. [pid: 8|app: 0|req: 978/1696] 10.0.0.89 () {32 vars in 723 bytes} [Thu Jul 2 01:34:01 2026] DELETE /v2.0/subnets/460b453f-5939-47d3-88e5-c5490bece229 => generated 136 bytes in 14 msecs (HTTP/1.1 404) 4 headers in 164 bytes (1 switches on core 0) [pid: 8|app: 0|req: 979/1697] 10.0.0.89 () {32 vars in 735 bytes} [Thu Jul 2 01:34:01 2026] GET /v2.0/ports?device_id=89c6241b-a0db-47e8-8398-cbe45c16aecd => generated 12 bytes in 16 msecs (HTTP/1.1 200) 4 headers in 156 bytes (1 switches on core 0)
2026-07-02 01:34:02.017 8 INFO neutron.api.v2.resource [None req-e267c189-b7d7-4cd6-afe4-5f15e38349d1 f8f1e20162904eb88e7290a762f45fb9 a8feadcd7d96401b8c73dbfe264d58b4 - - default default] delete failed (client error): The resource could not be found. [pid: 8|app: 0|req: 980/1698] 10.0.0.89 () {32 vars in 723 bytes} [Thu Jul 2 01:34:01 2026] DELETE /v2.0/routers/89c6241b-a0db-47e8-8398-cbe45c16aecd => generated 135 bytes in 25 msecs (HTTP/1.1 404) 4 headers in 164 bytes (1 switches on core 0)
2026-07-02 01:34:02.036 8 INFO neutron.pecan_wsgi.hooks.translation [None req-42e34e8c-4d8c-45c8-818e-f5888ce99189 f8f1e20162904eb88e7290a762f45fb9 a8feadcd7d96401b8c73dbfe264d58b4 - - default default] DELETE failed (client error): The resource could not be found. [pid: 8|app: 0|req: 981/1699] 10.0.0.89 () {32 vars in 723 bytes} [Thu Jul 2 01:34:02 2026] DELETE /v2.0/subnets/12860985-3d91-4db5-9e98-f09faa6af953 => generated 136 bytes in 17 msecs (HTTP/1.1 404) 4 headers in 164 bytes (1 switches on core 0)
2026-07-02 01:34:02.057 8 INFO neutron.pecan_wsgi.hooks.translation [None req-62c473a4-95bf-4c03-b2d9-22207aa552b4 f8f1e20162904eb88e7290a762f45fb9 a8feadcd7d96401b8c73dbfe264d58b4 - - default default] DELETE failed (client error): The resource could not be found. [pid: 8|app: 0|req: 982/1700] 10.0.0.89 () {32 vars in 723 bytes} [Thu Jul 2 01:34:02 2026] DELETE /v2.0/subnets/604ad9e1-449d-473d-9703-a7278010b2ba => generated 136 bytes in 15 msecs (HTTP/1.1 404) 4 headers in 164 bytes (1 switches on core 0)
2026-07-02 01:34:02.298 7 INFO neutron.db.ovn_revision_numbers_db [None req-34f90707-bf64-4033-9178-098a3207e848 - - - - - -] Successfully bumped revision number for resource 7297afed-345b-46d7-91ef-fbe55ff7284c (type: ports) to 5
2026-07-02 01:34:02.443 7 INFO neutron.db.ovn_revision_numbers_db [None req-d4a43700-11ef-4251-8f50-d8e890cafb4f - - - - - -] Successfully bumped revision number for resource a53cc0b1-9b3f-4a46-a0c1-3acb33f1d7d2 (type: ports) to 5 [pid: 8|app: 0|req: 983/1701] 10.0.0.89 () {32 vars in 773 bytes} [Thu Jul 2 01:34:02 2026] GET /v2.0/security-groups?tenant_id=a8feadcd7d96401b8c73dbfe264d58b4&name=default => generated 2925 bytes in 136 msecs (HTTP/1.1 200) 4 headers in 158 bytes (1 switches on core 0)
2026-07-02 01:34:02.851 8 INFO neutron.plugins.ml2.drivers.ovn.mech_driver.mech_driver [None req-a9d3d94e-e6c8-48d0-b6b0-4d4158f51ec5 - - - - - -] OVN reports status down for port: 9b097464-7d5f-48dc-9218-9dac2c2a2fe5
2026-07-02 01:34:02.957 7 WARNING neutron.scheduler.dhcp_agent_scheduler [None req-5a455888-0dc2-4a66-8a04-eacca514cdf7 cecbd263fd0d41f2b2a343e44c4a8c8e c2320afd80e043799332326bc45bd63a - - default default] No more DHCP agents
2026-07-02 01:34:02.958 7 WARNING neutron.api.rpc.agentnotifiers.dhcp_rpc_agent_api [None req-5a455888-0dc2-4a66-8a04-eacca514cdf7 cecbd263fd0d41f2b2a343e44c4a8c8e c2320afd80e043799332326bc45bd63a - - default default] Unable to schedule network 90d54572-f863-4137-ac2f-5b00401706f3: no agents available; will retry on subsequent port and subnet creation events.
2026-07-02 01:34:02.973 8 WARNING neutron.plugins.ml2.drivers.ovn.mech_driver.ovsdb.ovn_client [None req-a9d3d94e-e6c8-48d0-b6b0-4d4158f51ec5 - - - - - -] Logical_Switch_Port 9b097464-7d5f-48dc-9218-9dac2c2a2fe5 host information not removed, the port state is up
2026-07-02 01:34:02.974 8 INFO neutron.plugins.ml2.drivers.ovn.mech_driver.mech_driver [None req-a9d3d94e-e6c8-48d0-b6b0-4d4158f51ec5 - - - - - -] OVN reports status down for port: 97b44ba8-1132-453f-b26a-45015bd8386a [pid: 8|app: 0|req: 984/1702] 10.0.0.89 () {32 vars in 739 bytes} [Thu Jul 2 01:34:02 2026] DELETE /v2.0/security-groups/e6593843-e0ad-4e8f-959b-f3a482eaa4a9 => generated 0 bytes in 417 msecs (HTTP/1.1 204) 2 headers in 112 bytes (1 switches on core 0) [pid: 8|app: 0|req: 985/1703] 10.0.0.224 () {34 vars in 990 bytes} [Thu Jul 2 01:34:03 2026] GET /v2.0/ports?device_id=1250e709-6c8e-4da4-a75d-77cc7e095a24 => generated 971 bytes in 61 msecs (HTTP/1.1 200) 4 headers in 157 bytes (1 switches on core 0) [pid: 8|app: 0|req: 986/1704] 10.0.0.224 () {34 vars in 990 bytes} [Thu Jul 2 01:34:03 2026] GET /v2.0/ports?device_id=0cbdca43-7781-40fe-9212-8200eeb7a139 => generated 969 bytes in 91 msecs (HTTP/1.1 200) 4 headers in 157 bytes (1 switches on core 0)
2026-07-02 01:34:03.326 7 INFO neutron.db.ovn_revision_numbers_db [None req-5a455888-0dc2-4a66-8a04-eacca514cdf7 cecbd263fd0d41f2b2a343e44c4a8c8e c2320afd80e043799332326bc45bd63a - - default default] Successfully bumped revision number for resource 9b097464-7d5f-48dc-9218-9dac2c2a2fe5 (type: router_ports) to 1 [pid: 7|app: 0|req: 719/1705] 10.0.0.89 () {34 vars in 782 bytes} [Thu Jul 2 01:33:59 2026] PUT /v2.0/routers/213192fe-663e-4081-96b2-f4f4cc2b4ff7/add_router_interface => generated 309 bytes in 3387 msecs (HTTP/1.1 200) 4 headers in 157 bytes (1 switches on core 0) /var/lib/openstack/lib/python3.12/site-packages/pycadf/identifier.py:70: UserWarning: Invalid uuid: neutron. To ensure interoperability, identifiers should be a valid uuid. warnings.warn(('Invalid uuid: %s. To ensure interoperability, ' [pid: 8|app: 0|req: 987/1706] 10.0.0.224 () {34 vars in 1040 bytes} [Thu Jul 2 01:34:03 2026] GET /v2.0/security-groups?id=f78387fb-6917-4340-bdd7-10cded5b3f23&fields=id&fields=name => generated 88 bytes in 71 msecs (HTTP/1.1 200) 4 headers in 156 bytes (1 switches on core 0)
2026-07-02 01:34:03.432 8 INFO neutron.notifiers.nova [-] Nova event matching ['req-d50fa9ab-dda0-42b3-a29a-5f5b2ca2cec6'] response: {'server_uuid': '0cbdca43-7781-40fe-9212-8200eeb7a139', 'name': 'network-vif-unplugged', 'status': 'completed', 'tag': '97b44ba8-1132-453f-b26a-45015bd8386a', 'code': 200}
2026-07-02 01:34:03.554 8 INFO neutron.db.ovn_revision_numbers_db [None req-a9d3d94e-e6c8-48d0-b6b0-4d4158f51ec5 - - - - - -] Successfully bumped revision number for resource 97b44ba8-1132-453f-b26a-45015bd8386a (type: ports) to 6
2026-07-02 01:34:03.661 8 INFO neutron.plugins.ml2.drivers.ovn.mech_driver.mech_driver [None req-5f531b27-ad15-43b9-9f71-4d649190c3cf - - - - - -] OVN reports status up for port: 9b097464-7d5f-48dc-9218-9dac2c2a2fe5
2026-07-02 01:34:03.680 8 INFO neutron.plugins.ml2.plugin [None req-5f531b27-ad15-43b9-9f71-4d649190c3cf - - - - - -] Attempt 1 to provision port 9b097464-7d5f-48dc-9218-9dac2c2a2fe5 [pid: 7|app: 0|req: 720/1707] 10.0.0.224 () {34 vars in 1040 bytes} [Thu Jul 2 01:34:03 2026] GET /v2.0/security-groups?id=8fde4a8b-7156-4844-9a8c-05460c7c16c8&fields=id&fields=name => generated 88 bytes in 490 msecs (HTTP/1.1 200) 4 headers in 156 bytes (1 switches on core 0)
2026-07-02 01:34:03.873 7 INFO neutron.notifiers.nova [-] Nova event matching ['req-aa48fb2c-efe7-425d-b03c-a3efd8329e20'] response: {'server_uuid': '1250e709-6c8e-4da4-a75d-77cc7e095a24', 'name': 'network-vif-plugged', 'status': 'completed', 'tag': 'a53cc0b1-9b3f-4a46-a0c1-3acb33f1d7d2', 'code': 200}
2026-07-02 01:34:03.873 7 INFO neutron.notifiers.nova [-] Nova event matching ['req-aa48fb2c-efe7-425d-b03c-a3efd8329e20'] response: {'server_uuid': '1250e709-6c8e-4da4-a75d-77cc7e095a24', 'name': 'network-vif-plugged', 'status': 'completed', 'tag': 'a53cc0b1-9b3f-4a46-a0c1-3acb33f1d7d2', 'code': 200} [pid: 7|app: 0|req: 721/1708] 199.204.45.129 () {34 vars in 994 bytes} [Thu Jul 2 01:34:03 2026] GET /v2.0/ports?device_id=0cbdca43-7781-40fe-9212-8200eeb7a139 => generated 969 bytes in 102 msecs (HTTP/1.1 200) 4 headers in 157 bytes (1 switches on core 0)
2026-07-02 01:34:04.103 7 INFO neutron_taas.services.taas.taas_plugin [req-6e74bec3-f4b1-443a-bb66-c2aecdea94cd req-85e9d775-7fae-49a8-959b-419755774fc6 6fc4164cc7ed4c058822897c11a4c817 d184ad8dc0654c15957d862877bed95c - - default default] TaaS: Handle Delete Port: 97b44ba8-1132-453f-b26a-45015bd8386a
2026-07-02 01:34:04.108 7 INFO neutron_taas.services.taas.tap_mirror_plugin [req-6e74bec3-f4b1-443a-bb66-c2aecdea94cd req-85e9d775-7fae-49a8-959b-419755774fc6 6fc4164cc7ed4c058822897c11a4c817 d184ad8dc0654c15957d862877bed95c - - default default] Tap Mirror: Handle Delete Port: 97b44ba8-1132-453f-b26a-45015bd8386a [pid: 7|app: 0|req: 722/1709] 199.204.45.129 () {36 vars in 997 bytes} [Thu Jul 2 01:34:03 2026] DELETE /v2.0/ports/97b44ba8-1132-453f-b26a-45015bd8386a => generated 0 bytes in 351 msecs (HTTP/1.1 204) 3 headers in 131 bytes (1 switches on core 0)
2026-07-02 01:34:04.420 8 WARNING neutron.scheduler.dhcp_agent_scheduler [None req-b925025b-c93b-45d0-b8f3-399dcf1e5654 cecbd263fd0d41f2b2a343e44c4a8c8e c2320afd80e043799332326bc45bd63a - - default default] No more DHCP agents
2026-07-02 01:34:04.423 8 WARNING neutron.api.rpc.agentnotifiers.dhcp_rpc_agent_api [None req-b925025b-c93b-45d0-b8f3-399dcf1e5654 cecbd263fd0d41f2b2a343e44c4a8c8e c2320afd80e043799332326bc45bd63a - - default default] Unable to schedule network 650887fd-be43-4c38-866d-8f6c2badc89d: no agents available; will retry on subsequent port and subnet creation events.
2026-07-02 01:34:04.467 8 INFO neutron.db.ovn_revision_numbers_db [None req-5f531b27-ad15-43b9-9f71-4d649190c3cf - - - - - -] Successfully bumped revision number for resource 9b097464-7d5f-48dc-9218-9dac2c2a2fe5 (type: ports) to 2 [pid: 7|app: 0|req: 723/1710] 10.0.0.224 () {34 vars in 990 bytes} [Thu Jul 2 01:34:04 2026] GET /v2.0/ports?device_id=1250e709-6c8e-4da4-a75d-77cc7e095a24 => generated 971 bytes in 102 msecs (HTTP/1.1 200) 4 headers in 157 bytes (1 switches on core 0) [pid: 7|app: 0|req: 724/1711] 10.0.0.224 () {34 vars in 1040 bytes} [Thu Jul 2 01:34:04 2026] GET /v2.0/security-groups?id=f78387fb-6917-4340-bdd7-10cded5b3f23&fields=id&fields=name => generated 88 bytes in 82 msecs (HTTP/1.1 200) 4 headers in 156 bytes (1 switches on core 0)
2026-07-02 01:34:04.697 8 INFO neutron.db.ovn_revision_numbers_db [None req-b925025b-c93b-45d0-b8f3-399dcf1e5654 cecbd263fd0d41f2b2a343e44c4a8c8e c2320afd80e043799332326bc45bd63a - - default default] Successfully bumped revision number for resource d37ba6fa-b95d-4ea2-a18c-1c6b37948eca (type: ports) to 1 [pid: 7|app: 0|req: 725/1712] 10.0.0.224 () {34 vars in 990 bytes} [Thu Jul 2 01:34:04 2026] GET /v2.0/ports?device_id=0cbdca43-7781-40fe-9212-8200eeb7a139 => generated 12 bytes in 22 msecs (HTTP/1.1 200) 4 headers in 156 bytes (1 switches on core 0) [pid: 7|app: 0|req: 726/1713] 10.0.0.89 () {34 vars in 676 bytes} [Thu Jul 2 01:34:04 2026] POST /v2.0/subnetpools => generated 549 bytes in 238 msecs (HTTP/1.1 201) 4 headers in 162 bytes (1 switches on core 0) [pid: 7|app: 0|req: 727/1714] 10.0.0.89 () {32 vars in 728 bytes} [Thu Jul 2 01:34:05 2026] GET /v2.0/subnetpools/14ac65da-a93c-46cf-82ab-2c93c7166a35 => generated 549 bytes in 22 msecs (HTTP/1.1 200) 4 headers in 157 bytes (1 switches on core 0) [pid: 7|app: 0|req: 728/1715] 10.0.0.89 () {34 vars in 748 bytes} [Thu Jul 2 01:34:05 2026] PUT /v2.0/subnetpools/14ac65da-a93c-46cf-82ab-2c93c7166a35 => generated 501 bytes in 60 msecs (HTTP/1.1 200) 4 headers in 157 bytes (1 switches on core 0) [pid: 7|app: 0|req: 729/1716] 10.0.0.89 () {32 vars in 731 bytes} [Thu Jul 2 01:34:05 2026] DELETE /v2.0/subnetpools/14ac65da-a93c-46cf-82ab-2c93c7166a35 => generated 0 bytes in 67 msecs (HTTP/1.1 204) 2 headers in 112 bytes (1 switches on core 0)
2026-07-02 01:34:05.390 7 INFO neutron.api.v2.resource [None req-7fa50f54-2a6f-4989-946e-023613d3bfe1 88bca997756b404faefb45d3d4a8ecf2 87deed9885de4994aeec84bf8bc3847d - - default default] show failed (client error): The resource could not be found. [pid: 7|app: 0|req: 730/1717] 10.0.0.89 () {32 vars in 728 bytes} [Thu Jul 2 01:34:05 2026] GET /v2.0/subnetpools/14ac65da-a93c-46cf-82ab-2c93c7166a35 => generated 145 bytes in 10 msecs (HTTP/1.1 404) 4 headers in 164 bytes (1 switches on core 0)
2026-07-02 01:34:05.404 7 INFO neutron.api.v2.resource [None req-51772c2d-5ba4-4a59-8afa-7506d6aad330 88bca997756b404faefb45d3d4a8ecf2 87deed9885de4994aeec84bf8bc3847d - - default default] delete failed (client error): The resource could not be found. [pid: 7|app: 0|req: 731/1718] 10.0.0.89 () {32 vars in 731 bytes} [Thu Jul 2 01:34:05 2026] DELETE /v2.0/subnetpools/14ac65da-a93c-46cf-82ab-2c93c7166a35 => generated 145 bytes in 10 msecs (HTTP/1.1 404) 4 headers in 164 bytes (1 switches on core 0)
2026-07-02 01:34:05.470 8 INFO neutron.notifiers.nova [-] Nova event matching ['req-2074a8ba-892e-4163-8493-4945fdb814a2'] response: {'server_uuid': '0cbdca43-7781-40fe-9212-8200eeb7a139', 'name': 'network-vif-unplugged', 'status': 'completed', 'tag': '97b44ba8-1132-453f-b26a-45015bd8386a', 'code': 200}
2026-07-02 01:34:05.472 8 WARNING neutron.scheduler.dhcp_agent_scheduler [None req-b925025b-c93b-45d0-b8f3-399dcf1e5654 cecbd263fd0d41f2b2a343e44c4a8c8e c2320afd80e043799332326bc45bd63a - - default default] No more DHCP agents
2026-07-02 01:34:05.474 8 WARNING neutron.api.rpc.agentnotifiers.dhcp_rpc_agent_api [None req-b925025b-c93b-45d0-b8f3-399dcf1e5654 cecbd263fd0d41f2b2a343e44c4a8c8e c2320afd80e043799332326bc45bd63a - - default default] Unable to schedule network 650887fd-be43-4c38-866d-8f6c2badc89d: no agents available; will retry on subsequent port and subnet creation events. [pid: 7|app: 0|req: 732/1719] 10.0.0.224 () {34 vars in 990 bytes} [Thu Jul 2 01:34:05 2026] GET /v2.0/ports?device_id=1250e709-6c8e-4da4-a75d-77cc7e095a24 => generated 971 bytes in 40 msecs (HTTP/1.1 200) 4 headers in 157 bytes (1 switches on core 0) [pid: 7|app: 0|req: 733/1720] 10.0.0.224 () {34 vars in 1040 bytes} [Thu Jul 2 01:34:05 2026] GET /v2.0/security-groups?id=f78387fb-6917-4340-bdd7-10cded5b3f23&fields=id&fields=name => generated 88 bytes in 51 msecs (HTTP/1.1 200) 4 headers in 156 bytes (1 switches on core 0)
2026-07-02 01:34:05.873 8 INFO neutron.db.ovn_revision_numbers_db [None req-b925025b-c93b-45d0-b8f3-399dcf1e5654 cecbd263fd0d41f2b2a343e44c4a8c8e c2320afd80e043799332326bc45bd63a - - default default] Successfully bumped revision number for resource d37ba6fa-b95d-4ea2-a18c-1c6b37948eca (type: router_ports) to 1 [pid: 8|app: 0|req: 988/1721] 10.0.0.89 () {34 vars in 782 bytes} [Thu Jul 2 01:34:03 2026] PUT /v2.0/routers/213192fe-663e-4081-96b2-f4f4cc2b4ff7/add_router_interface => generated 309 bytes in 2487 msecs (HTTP/1.1 200) 4 headers in 157 bytes (1 switches on core 0)
2026-07-02 01:34:05.910 7 INFO neutron.notifiers.nova [-] Nova event matching ['req-63bce4a8-ad6b-4142-bb02-92791101bec2'] response: {'server_uuid': '0cbdca43-7781-40fe-9212-8200eeb7a139', 'name': 'network-vif-deleted', 'tag': '97b44ba8-1132-453f-b26a-45015bd8386a', 'status': 'completed', 'code': 200} /var/lib/openstack/lib/python3.12/site-packages/pycadf/identifier.py:70: UserWarning: Invalid uuid: neutron. To ensure interoperability, identifiers should be a valid uuid. warnings.warn(('Invalid uuid: %s. To ensure interoperability, '
2026-07-02 01:34:06.177 8 INFO neutron.db.ovn_revision_numbers_db [None req-e8609d46-8fa8-427b-87c8-9e439fc485f1 7f137aed16a6477fbf4232aa590261d8 c2e69ec965bf4fec8a01c07aea725a7d - - default default] Successfully bumped revision number for resource cf5c2a7e-cfa6-4a6d-8383-f8e5405d216f (type: security_groups) to 1
2026-07-02 01:34:06.187 8 INFO neutron.db.ovn_revision_numbers_db [None req-e8609d46-8fa8-427b-87c8-9e439fc485f1 7f137aed16a6477fbf4232aa590261d8 c2e69ec965bf4fec8a01c07aea725a7d - - default default] Successfully bumped revision number for resource 2f8f3506-2480-439a-b162-ba3f3d68f0c0 (type: security_group_rules) to 0
2026-07-02 01:34:06.206 8 INFO neutron.db.ovn_revision_numbers_db [None req-e8609d46-8fa8-427b-87c8-9e439fc485f1 7f137aed16a6477fbf4232aa590261d8 c2e69ec965bf4fec8a01c07aea725a7d - - default default] Successfully bumped revision number for resource 6d984011-fc07-4876-b90b-c4654c384884 (type: security_group_rules) to 0
2026-07-02 01:34:06.227 8 INFO neutron.db.ovn_revision_numbers_db [None req-e8609d46-8fa8-427b-87c8-9e439fc485f1 7f137aed16a6477fbf4232aa590261d8 c2e69ec965bf4fec8a01c07aea725a7d - - default default] Successfully bumped revision number for resource b48ad862-d4af-434d-8bb3-450dbfd93004 (type: security_group_rules) to 0
2026-07-02 01:34:06.242 8 INFO neutron.db.ovn_revision_numbers_db [None req-e8609d46-8fa8-427b-87c8-9e439fc485f1 7f137aed16a6477fbf4232aa590261d8 c2e69ec965bf4fec8a01c07aea725a7d - - default default] Successfully bumped revision number for resource c181715b-6bba-4213-a1fa-9108d956fa6f (type: security_group_rules) to 0 [pid: 8|app: 0|req: 989/1722] 10.0.0.89 () {32 vars in 773 bytes} [Thu Jul 2 01:34:05 2026] GET /v2.0/security-groups?tenant_id=87deed9885de4994aeec84bf8bc3847d&name=default => generated 2925 bytes in 323 msecs (HTTP/1.1 200) 4 headers in 158 bytes (1 switches on core 0) [pid: 8|app: 0|req: 990/1723] 10.0.0.224 () {34 vars in 990 bytes} [Thu Jul 2 01:34:06 2026] GET /v2.0/ports?device_id=0cbdca43-7781-40fe-9212-8200eeb7a139 => generated 12 bytes in 18 msecs (HTTP/1.1 200) 4 headers in 156 bytes (1 switches on core 0) [pid: 8|app: 0|req: 991/1724] 10.0.0.224 () {34 vars in 990 bytes} [Thu Jul 2 01:34:06 2026] GET /v2.0/ports?device_id=1250e709-6c8e-4da4-a75d-77cc7e095a24 => generated 971 bytes in 73 msecs (HTTP/1.1 200) 4 headers in 157 bytes (1 switches on core 0)
2026-07-02 01:34:06.375 7 WARNING neutron.scheduler.dhcp_agent_scheduler [None req-48ee0b40-9ca8-4de8-bb1a-c154e2e670f2 cecbd263fd0d41f2b2a343e44c4a8c8e c2320afd80e043799332326bc45bd63a - - default default] No more DHCP agents
2026-07-02 01:34:06.376 7 WARNING neutron.api.rpc.agentnotifiers.dhcp_rpc_agent_api [None req-48ee0b40-9ca8-4de8-bb1a-c154e2e670f2 cecbd263fd0d41f2b2a343e44c4a8c8e c2320afd80e043799332326bc45bd63a - - default default] Unable to schedule network 8dc62ec4-be07-45a5-bba2-32b936b0cd7d: no agents available; will retry on subsequent port and subnet creation events.
2026-07-02 01:34:06.485 7 INFO neutron.plugins.ml2.drivers.ovn.mech_driver.mech_driver [None req-d77f0f48-24e8-48c0-a0f7-5cb934fde8fa - - - - - -] OVN reports status down for port: 2b3a7547-0205-4674-8a6c-17b7b462f9c1
2026-07-02 01:34:06.544 7 INFO neutron.db.ovn_revision_numbers_db [None req-48ee0b40-9ca8-4de8-bb1a-c154e2e670f2 cecbd263fd0d41f2b2a343e44c4a8c8e c2320afd80e043799332326bc45bd63a - - default default] Successfully bumped revision number for resource 2b3a7547-0205-4674-8a6c-17b7b462f9c1 (type: ports) to 1 [pid: 8|app: 0|req: 992/1725] 10.0.0.89 () {32 vars in 739 bytes} [Thu Jul 2 01:34:06 2026] DELETE /v2.0/security-groups/cf5c2a7e-cfa6-4a6d-8383-f8e5405d216f => generated 0 bytes in 337 msecs (HTTP/1.1 204) 2 headers in 112 bytes (1 switches on core 0) [pid: 8|app: 0|req: 993/1726] 10.0.0.224 () {34 vars in 1040 bytes} [Thu Jul 2 01:34:06 2026] GET /v2.0/security-groups?id=f78387fb-6917-4340-bdd7-10cded5b3f23&fields=id&fields=name => generated 88 bytes in 42 msecs (HTTP/1.1 200) 4 headers in 156 bytes (1 switches on core 0)
2026-07-02 01:34:07.128 7 INFO neutron.plugins.ml2.drivers.ovn.mech_driver.mech_driver [None req-d77f0f48-24e8-48c0-a0f7-5cb934fde8fa - - - - - -] OVN reports status down for port: a53cc0b1-9b3f-4a46-a0c1-3acb33f1d7d2 [pid: 8|app: 0|req: 994/1727] 10.0.0.224 () {34 vars in 990 bytes} [Thu Jul 2 01:34:07 2026] GET /v2.0/ports?device_id=0cbdca43-7781-40fe-9212-8200eeb7a139 => generated 12 bytes in 18 msecs (HTTP/1.1 200) 4 headers in 156 bytes (1 switches on core 0)
2026-07-02 01:34:07.584 7 INFO neutron.db.ovn_revision_numbers_db [None req-d77f0f48-24e8-48c0-a0f7-5cb934fde8fa - - - - - -] Successfully bumped revision number for resource a53cc0b1-9b3f-4a46-a0c1-3acb33f1d7d2 (type: ports) to 6
2026-07-02 01:34:07.667 7 WARNING neutron.scheduler.dhcp_agent_scheduler [None req-48ee0b40-9ca8-4de8-bb1a-c154e2e670f2 cecbd263fd0d41f2b2a343e44c4a8c8e c2320afd80e043799332326bc45bd63a - - default default] No more DHCP agents
2026-07-02 01:34:07.670 7 WARNING neutron.api.rpc.agentnotifiers.dhcp_rpc_agent_api [None req-48ee0b40-9ca8-4de8-bb1a-c154e2e670f2 cecbd263fd0d41f2b2a343e44c4a8c8e c2320afd80e043799332326bc45bd63a - - default default] Unable to schedule network 8dc62ec4-be07-45a5-bba2-32b936b0cd7d: no agents available; will retry on subsequent port and subnet creation events.
2026-07-02 01:34:07.723 7 INFO neutron.plugins.ml2.drivers.ovn.mech_driver.mech_driver [None req-dfa22197-dd83-4576-b77c-adcd1d36fc0a - - - - - -] OVN reports status up for port: 2b3a7547-0205-4674-8a6c-17b7b462f9c1
2026-07-02 01:34:07.753 7 INFO neutron.plugins.ml2.plugin [None req-dfa22197-dd83-4576-b77c-adcd1d36fc0a - - - - - -] Attempt 1 to provision port 2b3a7547-0205-4674-8a6c-17b7b462f9c1 [pid: 8|app: 0|req: 997/1730] 10.0.0.224 () {34 vars in 990 bytes} [Thu Jul 2 01:34:07 2026] GET /v2.0/ports?device_id=1250e709-6c8e-4da4-a75d-77cc7e095a24 => generated 969 bytes in 48 msecs (HTTP/1.1 200) 4 headers in 157 bytes (1 switches on core 0) [pid: 8|app: 0|req: 998/1731] 10.0.0.224 () {34 vars in 1040 bytes} [Thu Jul 2 01:34:07 2026] GET /v2.0/security-groups?id=f78387fb-6917-4340-bdd7-10cded5b3f23&fields=id&fields=name => generated 88 bytes in 34 msecs (HTTP/1.1 200) 4 headers in 156 bytes (1 switches on core 0)
2026-07-02 01:34:07.983 7 INFO neutron.notifiers.nova [-] Nova event matching ['req-d856b5ce-0382-4658-94f0-3068e6aa116a'] response: {'server_uuid': '1250e709-6c8e-4da4-a75d-77cc7e095a24', 'name': 'network-vif-unplugged', 'status': 'completed', 'tag': 'a53cc0b1-9b3f-4a46-a0c1-3acb33f1d7d2', 'code': 200}
2026-07-02 01:34:07.983 7 INFO neutron.notifiers.nova [-] Nova event matching ['req-d856b5ce-0382-4658-94f0-3068e6aa116a'] response: {'server_uuid': '1250e709-6c8e-4da4-a75d-77cc7e095a24', 'name': 'network-vif-unplugged', 'status': 'completed', 'tag': 'a53cc0b1-9b3f-4a46-a0c1-3acb33f1d7d2', 'code': 200}
2026-07-02 01:34:08.321 7 INFO neutron.db.ovn_revision_numbers_db [None req-48ee0b40-9ca8-4de8-bb1a-c154e2e670f2 cecbd263fd0d41f2b2a343e44c4a8c8e c2320afd80e043799332326bc45bd63a - - default default] Successfully bumped revision number for resource 2b3a7547-0205-4674-8a6c-17b7b462f9c1 (type: router_ports) to 1 [pid: 7|app: 0|req: 734/1732] 10.0.0.89 () {34 vars in 782 bytes} [Thu Jul 2 01:34:05 2026] PUT /v2.0/routers/213192fe-663e-4081-96b2-f4f4cc2b4ff7/add_router_interface => generated 309 bytes in 2447 msecs (HTTP/1.1 200) 4 headers in 157 bytes (1 switches on core 0) [pid: 8|app: 0|req: 999/1733] 199.204.45.129 () {34 vars in 994 bytes} [Thu Jul 2 01:34:08 2026] GET /v2.0/ports?device_id=1250e709-6c8e-4da4-a75d-77cc7e095a24 => generated 969 bytes in 43 msecs (HTTP/1.1 200) 4 headers in 157 bytes (1 switches on core 0) /var/lib/openstack/lib/python3.12/site-packages/pycadf/identifier.py:70: UserWarning: Invalid uuid: neutron. To ensure interoperability, identifiers should be a valid uuid. warnings.warn(('Invalid uuid: %s. To ensure interoperability, '
2026-07-02 01:34:08.497 8 INFO neutron.db.ovn_revision_numbers_db [None req-b8224ef8-352e-4810-88c9-62badc5226d9 cecbd263fd0d41f2b2a343e44c4a8c8e c2320afd80e043799332326bc45bd63a - - default default] Successfully bumped revision number for resource 0521f913-b713-4487-acba-f449184fb418 (type: security_groups) to 1
2026-07-02 01:34:08.511 8 INFO neutron.db.ovn_revision_numbers_db [None req-b8224ef8-352e-4810-88c9-62badc5226d9 cecbd263fd0d41f2b2a343e44c4a8c8e c2320afd80e043799332326bc45bd63a - - default default] Successfully bumped revision number for resource 8af94074-4d8d-4172-9918-0d016c11a478 (type: security_group_rules) to 0
2026-07-02 01:34:08.527 8 INFO neutron.db.ovn_revision_numbers_db [None req-b8224ef8-352e-4810-88c9-62badc5226d9 cecbd263fd0d41f2b2a343e44c4a8c8e c2320afd80e043799332326bc45bd63a - - default default] Successfully bumped revision number for resource e18b4a7c-118e-4a3c-bdeb-963abd1f5cb1 (type: security_group_rules) to 0 [pid: 8|app: 0|req: 1000/1734] 10.0.0.89 () {34 vars in 683 bytes} [Thu Jul 2 01:34:08 2026] POST /v2.0/security-groups => generated 1628 bytes in 204 msecs (HTTP/1.1 201) 4 headers in 163 bytes (1 switches on core 0)
2026-07-02 01:34:08.615 7 INFO neutron_taas.services.taas.taas_plugin [req-27ae870c-7c9e-4464-a5cd-baa8c7e32ab4 req-80b22fea-13c7-4c6d-addf-bcd8756d910e cd8b7d7bcafc4e628dcdfb2777d69872 cfb42000302b4e58b981c559f57cf311 - - default default] TaaS: Handle Delete Port: a53cc0b1-9b3f-4a46-a0c1-3acb33f1d7d2
2026-07-02 01:34:08.625 7 INFO neutron_taas.services.taas.tap_mirror_plugin [req-27ae870c-7c9e-4464-a5cd-baa8c7e32ab4 req-80b22fea-13c7-4c6d-addf-bcd8756d910e cd8b7d7bcafc4e628dcdfb2777d69872 cfb42000302b4e58b981c559f57cf311 - - default default] Tap Mirror: Handle Delete Port: a53cc0b1-9b3f-4a46-a0c1-3acb33f1d7d2
2026-07-02 01:34:08.654 7 INFO neutron.db.ovn_revision_numbers_db [None req-dfa22197-dd83-4576-b77c-adcd1d36fc0a - - - - - -] Successfully bumped revision number for resource 2b3a7547-0205-4674-8a6c-17b7b462f9c1 (type: ports) to 2
2026-07-02 01:34:08.722 8 INFO neutron.db.ovn_revision_numbers_db [None req-7628b40c-9c0a-44aa-bc75-b2f7a74beac5 cecbd263fd0d41f2b2a343e44c4a8c8e c2320afd80e043799332326bc45bd63a - - default default] Successfully bumped revision number for resource 81ec3eaa-d89c-4400-8f5f-0109c2e21379 (type: security_group_rules) to 0 [pid: 8|app: 0|req: 1001/1735] 10.0.0.89 () {34 vars in 694 bytes} [Thu Jul 2 01:34:08 2026] POST /v2.0/security-group-rules => generated 597 bytes in 168 msecs (HTTP/1.1 201) 4 headers in 162 bytes (1 switches on core 0) [pid: 7|app: 0|req: 735/1736] 199.204.45.129 () {36 vars in 997 bytes} [Thu Jul 2 01:34:08 2026] DELETE /v2.0/ports/a53cc0b1-9b3f-4a46-a0c1-3acb33f1d7d2 => generated 0 bytes in 471 msecs (HTTP/1.1 204) 3 headers in 131 bytes (1 switches on core 0)
2026-07-02 01:34:08.917 8 INFO neutron.db.ovn_revision_numbers_db [None req-8da418d1-bcdb-4e63-a479-a3354ab76f69 cecbd263fd0d41f2b2a343e44c4a8c8e c2320afd80e043799332326bc45bd63a - - default default] Successfully bumped revision number for resource 2eaa10c5-2e7d-456f-ad18-c503c874e211 (type: security_group_rules) to 0 [pid: 8|app: 0|req: 1002/1737] 10.0.0.89 () {34 vars in 694 bytes} [Thu Jul 2 01:34:08 2026] POST /v2.0/security-group-rules => generated 597 bytes in 202 msecs (HTTP/1.1 201) 4 headers in 162 bytes (1 switches on core 0) [pid: 8|app: 0|req: 1003/1738] 10.0.0.224 () {34 vars in 990 bytes} [Thu Jul 2 01:34:09 2026] GET /v2.0/ports?device_id=1250e709-6c8e-4da4-a75d-77cc7e095a24 => generated 12 bytes in 21 msecs (HTTP/1.1 200) 4 headers in 156 bytes (1 switches on core 0)
2026-07-02 01:34:09.112 7 INFO neutron.db.ovn_revision_numbers_db [None req-aaa30da9-f927-4445-b698-b05d54a3b058 cecbd263fd0d41f2b2a343e44c4a8c8e c2320afd80e043799332326bc45bd63a - - default default] Successfully bumped revision number for resource fe910cd9-d593-4d04-be7c-7b1c3c5ca14b (type: security_group_rules) to 0 [pid: 7|app: 0|req: 736/1739] 10.0.0.89 () {34 vars in 694 bytes} [Thu Jul 2 01:34:08 2026] POST /v2.0/security-group-rules => generated 599 bytes in 180 msecs (HTTP/1.1 201) 4 headers in 162 bytes (1 switches on core 0)
2026-07-02 01:34:09.223 8 WARNING neutron.plugins.ml2.drivers.ovn.mech_driver.ovsdb.ovn_client [None req-6573b0b7-db9f-4753-819e-8f8f3f73d3de - - - - - -] No hosting information found for port 9b097464-7d5f-48dc-9218-9dac2c2a2fe5: RuntimeError: No hosting information found for port 9b097464-7d5f-48dc-9218-9dac2c2a2fe5
2026-07-02 01:34:09.361 8 INFO neutron.db.ovn_revision_numbers_db [None req-6573b0b7-db9f-4753-819e-8f8f3f73d3de - - - - - -] Successfully bumped revision number for resource 9b097464-7d5f-48dc-9218-9dac2c2a2fe5 (type: router_ports) to 2
2026-07-02 01:34:09.377 8 INFO neutron.db.ovn_revision_numbers_db [None req-21e52b2b-c425-4ebc-a7de-5926676aa792 cecbd263fd0d41f2b2a343e44c4a8c8e c2320afd80e043799332326bc45bd63a - - default default] Successfully bumped revision number for resource 749f5f95-151e-4a7c-a9cd-165755fb582e (type: security_group_rules) to 0 [pid: 8|app: 0|req: 1004/1740] 10.0.0.89 () {34 vars in 694 bytes} [Thu Jul 2 01:34:09 2026] POST /v2.0/security-group-rules => generated 601 bytes in 273 msecs (HTTP/1.1 201) 4 headers in 162 bytes (1 switches on core 0)
2026-07-02 01:34:09.426 8 INFO neutron.plugins.ml2.drivers.ovn.mech_driver.mech_driver [None req-6573b0b7-db9f-4753-819e-8f8f3f73d3de - - - - - -] OVN reports status down for port: d37ba6fa-b95d-4ea2-a18c-1c6b37948eca
2026-07-02 01:34:09.478 8 WARNING neutron.plugins.ml2.drivers.ovn.mech_driver.ovsdb.ovn_client [None req-6573b0b7-db9f-4753-819e-8f8f3f73d3de - - - - - -] Logical_Switch_Port d37ba6fa-b95d-4ea2-a18c-1c6b37948eca host information not removed, the port state is up
2026-07-02 01:34:09.478 8 INFO neutron.plugins.ml2.drivers.ovn.mech_driver.mech_driver [None req-6573b0b7-db9f-4753-819e-8f8f3f73d3de - - - - - -] OVN reports status up for port: d37ba6fa-b95d-4ea2-a18c-1c6b37948eca
2026-07-02 01:34:09.491 8 INFO neutron.plugins.ml2.plugin [None req-6573b0b7-db9f-4753-819e-8f8f3f73d3de - - - - - -] Attempt 1 to provision port d37ba6fa-b95d-4ea2-a18c-1c6b37948eca
2026-07-02 01:34:09.563 7 INFO neutron.db.ovn_revision_numbers_db [None req-90d8182c-8c3d-4a5f-afc7-27db3e426389 cecbd263fd0d41f2b2a343e44c4a8c8e c2320afd80e043799332326bc45bd63a - - default default] Successfully bumped revision number for resource 0b5c223c-fa16-4d64-8819-426e05d38351 (type: security_group_rules) to 0 [pid: 7|app: 0|req: 737/1741] 10.0.0.89 () {34 vars in 694 bytes} [Thu Jul 2 01:34:09 2026] POST /v2.0/security-group-rules => generated 601 bytes in 166 msecs (HTTP/1.1 201) 4 headers in 162 bytes (1 switches on core 0)
2026-07-02 01:34:09.850 8 INFO neutron.db.ovn_revision_numbers_db [None req-8a294451-b1e8-419d-b7ba-c65874709a03 cecbd263fd0d41f2b2a343e44c4a8c8e c2320afd80e043799332326bc45bd63a - - default default] Successfully bumped revision number for resource 27b2a10d-fb02-4c26-a629-064803e7beba (type: security_group_rules) to 0 [pid: 8|app: 0|req: 1005/1742] 10.0.0.89 () {34 vars in 694 bytes} [Thu Jul 2 01:34:09 2026] POST /v2.0/security-group-rules => generated 597 bytes in 312 msecs (HTTP/1.1 201) 4 headers in 162 bytes (1 switches on core 0)
2026-07-02 01:34:09.969 7 INFO neutron_taas.services.taas.taas_plugin [None req-c4ee0180-92fb-481e-bc36-22b8ca902ba3 7f137aed16a6477fbf4232aa590261d8 c2e69ec965bf4fec8a01c07aea725a7d - - default default] TaaS: Handle Delete Port: 1f460919-c2cd-491f-b811-51994840523b
2026-07-02 01:34:09.971 7 INFO neutron_taas.services.taas.tap_mirror_plugin [None req-c4ee0180-92fb-481e-bc36-22b8ca902ba3 7f137aed16a6477fbf4232aa590261d8 c2e69ec965bf4fec8a01c07aea725a7d - - default default] Tap Mirror: Handle Delete Port: 1f460919-c2cd-491f-b811-51994840523b
2026-07-02 01:34:10.043 7 INFO neutron.notifiers.nova [-] Nova event matching ['req-a9933124-649d-49a1-9a74-b9dddaf9f6bb'] response: {'server_uuid': '1250e709-6c8e-4da4-a75d-77cc7e095a24', 'name': 'network-vif-deleted', 'tag': 'a53cc0b1-9b3f-4a46-a0c1-3acb33f1d7d2', 'status': 'completed', 'code': 200}
2026-07-02 01:34:10.111 8 INFO neutron.db.ovn_revision_numbers_db [None req-6573b0b7-db9f-4753-819e-8f8f3f73d3de - - - - - -] Successfully bumped revision number for resource d37ba6fa-b95d-4ea2-a18c-1c6b37948eca (type: ports) to 2
2026-07-02 01:34:10.262 8 INFO neutron.db.ovn_revision_numbers_db [None req-ba57cc53-f9d8-4e70-98d7-ffc717acff8e cecbd263fd0d41f2b2a343e44c4a8c8e c2320afd80e043799332326bc45bd63a - - default default] Successfully bumped revision number for resource 46efd54a-ef74-48c6-a01c-c11030223f1c (type: security_group_rules) to 0 [pid: 8|app: 0|req: 1006/1743] 10.0.0.89 () {34 vars in 694 bytes} [Thu Jul 2 01:34:09 2026] POST /v2.0/security-group-rules => generated 597 bytes in 392 msecs (HTTP/1.1 201) 4 headers in 162 bytes (1 switches on core 0) [pid: 8|app: 0|req: 1007/1744] 10.0.0.224 () {34 vars in 990 bytes} [Thu Jul 2 01:34:10 2026] GET /v2.0/ports?device_id=1250e709-6c8e-4da4-a75d-77cc7e095a24 => generated 12 bytes in 15 msecs (HTTP/1.1 200) 4 headers in 156 bytes (1 switches on core 0)
2026-07-02 01:34:10.480 8 INFO neutron.db.ovn_revision_numbers_db [None req-c9455079-03cb-45b7-8ec4-734470e760ed cecbd263fd0d41f2b2a343e44c4a8c8e c2320afd80e043799332326bc45bd63a - - default default] Successfully bumped revision number for resource 6214d3ce-b1b9-4e07-83db-2c7fd58cdfe1 (type: security_group_rules) to 0 [pid: 8|app: 0|req: 1008/1745] 10.0.0.89 () {34 vars in 694 bytes} [Thu Jul 2 01:34:10 2026] POST /v2.0/security-group-rules => generated 597 bytes in 185 msecs (HTTP/1.1 201) 4 headers in 162 bytes (1 switches on core 0) [pid: 7|app: 0|req: 738/1746] 10.0.0.89 () {34 vars in 788 bytes} [Thu Jul 2 01:34:09 2026] PUT /v2.0/routers/27167463-ede8-431f-b3d5-8c790797010c/remove_router_interface => generated 309 bytes in 942 msecs (HTTP/1.1 200) 4 headers in 157 bytes (1 switches on core 0) /var/lib/openstack/lib/python3.12/site-packages/pycadf/identifier.py:70: UserWarning: Invalid uuid: neutron. To ensure interoperability, identifiers should be a valid uuid. warnings.warn(('Invalid uuid: %s. To ensure interoperability, '
2026-07-02 01:34:10.701 8 INFO neutron.db.ovn_revision_numbers_db [None req-318a297f-05f0-4c53-8f54-078e34acbd80 cecbd263fd0d41f2b2a343e44c4a8c8e c2320afd80e043799332326bc45bd63a - - default default] Successfully bumped revision number for resource 3fb89b6e-412a-4dd7-a69c-c2e15c392fbe (type: security_group_rules) to 0 [pid: 8|app: 0|req: 1009/1747] 10.0.0.89 () {34 vars in 694 bytes} [Thu Jul 2 01:34:10 2026] POST /v2.0/security-group-rules => generated 599 bytes in 219 msecs (HTTP/1.1 201) 4 headers in 162 bytes (1 switches on core 0)
2026-07-02 01:34:10.911 8 INFO neutron.db.ovn_revision_numbers_db [None req-ebe2b1e6-6693-4f37-a6ae-35bf018b399c cecbd263fd0d41f2b2a343e44c4a8c8e c2320afd80e043799332326bc45bd63a - - default default] Successfully bumped revision number for resource 1c265cfc-b16b-454b-9384-2913234c8eef (type: security_group_rules) to 0
2026-07-02 01:34:10.921 7 INFO neutron_taas.services.taas.taas_plugin [None req-371495ad-e1f3-4399-9606-2070e721b889 7f137aed16a6477fbf4232aa590261d8 c2e69ec965bf4fec8a01c07aea725a7d - - default default] TaaS: Handle Delete Port: f9c40c12-4780-43a5-92fd-dd74d69c4e77
2026-07-02 01:34:10.924 7 INFO neutron_taas.services.taas.tap_mirror_plugin [None req-371495ad-e1f3-4399-9606-2070e721b889 7f137aed16a6477fbf4232aa590261d8 c2e69ec965bf4fec8a01c07aea725a7d - - default default] Tap Mirror: Handle Delete Port: f9c40c12-4780-43a5-92fd-dd74d69c4e77 [pid: 8|app: 0|req: 1010/1748] 10.0.0.89 () {34 vars in 694 bytes} [Thu Jul 2 01:34:10 2026] POST /v2.0/security-group-rules => generated 601 bytes in 204 msecs (HTTP/1.1 201) 4 headers in 162 bytes (1 switches on core 0)
2026-07-02 01:34:11.149 8 INFO neutron.db.ovn_revision_numbers_db [None req-f8fbf4eb-617c-47a9-beb7-8bb390b2a6a2 cecbd263fd0d41f2b2a343e44c4a8c8e c2320afd80e043799332326bc45bd63a - - default default] Successfully bumped revision number for resource aad4a64b-7020-435b-ab7d-dc5fdd291f5c (type: security_group_rules) to 0 [pid: 8|app: 0|req: 1011/1749] 10.0.0.89 () {34 vars in 694 bytes} [Thu Jul 2 01:34:10 2026] POST /v2.0/security-group-rules => generated 597 bytes in 231 msecs (HTTP/1.1 201) 4 headers in 162 bytes (1 switches on core 0) [pid: 7|app: 0|req: 739/1750] 10.0.0.89 () {32 vars in 723 bytes} [Thu Jul 2 01:34:10 2026] DELETE /v2.0/routers/27167463-ede8-431f-b3d5-8c790797010c => generated 0 bytes in 642 msecs (HTTP/1.1 204) 2 headers in 112 bytes (1 switches on core 0)
2026-07-02 01:34:11.445 8 INFO neutron.db.ovn_revision_numbers_db [None req-52962a8f-909a-45c7-951d-4eee511880b9 7f137aed16a6477fbf4232aa590261d8 c2e69ec965bf4fec8a01c07aea725a7d - - default default] Successfully bumped revision number for resource 4664b960-7b68-497b-8c7c-1395f119555b (type: security_groups) to 1 [pid: 7|app: 0|req: 740/1751] 10.0.0.89 () {32 vars in 723 bytes} [Thu Jul 2 01:34:11 2026] DELETE /v2.0/subnets/c8274c46-b8b2-417c-a92b-c3682679affa => generated 0 bytes in 185 msecs (HTTP/1.1 204) 3 headers in 131 bytes (1 switches on core 0)
2026-07-02 01:34:11.460 8 INFO neutron.db.ovn_revision_numbers_db [None req-52962a8f-909a-45c7-951d-4eee511880b9 7f137aed16a6477fbf4232aa590261d8 c2e69ec965bf4fec8a01c07aea725a7d - - default default] Successfully bumped revision number for resource 42fcfb27-a72c-4b6d-b7f9-8955e36d1a93 (type: security_group_rules) to 0 [pid: 7|app: 0|req: 741/1752] 10.0.0.224 () {34 vars in 990 bytes} [Thu Jul 2 01:34:11 2026] GET /v2.0/ports?device_id=1250e709-6c8e-4da4-a75d-77cc7e095a24 => generated 12 bytes in 23 msecs (HTTP/1.1 200) 4 headers in 156 bytes (1 switches on core 0)
2026-07-02 01:34:11.483 8 INFO neutron.db.ovn_revision_numbers_db [None req-52962a8f-909a-45c7-951d-4eee511880b9 7f137aed16a6477fbf4232aa590261d8 c2e69ec965bf4fec8a01c07aea725a7d - - default default] Successfully bumped revision number for resource 5d5e32bd-c0d3-4dc5-ad27-40aded697817 (type: security_group_rules) to 0
2026-07-02 01:34:11.494 8 INFO neutron.db.ovn_revision_numbers_db [None req-52962a8f-909a-45c7-951d-4eee511880b9 7f137aed16a6477fbf4232aa590261d8 c2e69ec965bf4fec8a01c07aea725a7d - - default default] Successfully bumped revision number for resource 5fa22f99-8096-4f9c-aefa-4465027b882b (type: security_group_rules) to 0
2026-07-02 01:34:11.503 8 INFO neutron.db.ovn_revision_numbers_db [None req-52962a8f-909a-45c7-951d-4eee511880b9 7f137aed16a6477fbf4232aa590261d8 c2e69ec965bf4fec8a01c07aea725a7d - - default default] Successfully bumped revision number for resource c76b466b-c7ef-4ca7-878a-bcc1bb89d39a (type: security_group_rules) to 0 [pid: 8|app: 0|req: 1012/1753] 10.0.0.89 () {32 vars in 773 bytes} [Thu Jul 2 01:34:11 2026] GET /v2.0/security-groups?tenant_id=dafa5b5c6fee4b2b9e512b2590568343&name=default => generated 2925 bytes in 362 msecs (HTTP/1.1 200) 4 headers in 158 bytes (1 switches on core 0)
2026-07-02 01:34:11.606 7 INFO neutron_taas.services.taas.taas_plugin [None req-5c8b3724-0ab5-43d4-a87a-be06feff86b7 7f137aed16a6477fbf4232aa590261d8 c2e69ec965bf4fec8a01c07aea725a7d - - default default] TaaS: Handle Delete Port: 79a7a28c-d501-44f2-8f07-dfb1932d33c4
2026-07-02 01:34:11.608 7 INFO neutron_taas.services.taas.tap_mirror_plugin [None req-5c8b3724-0ab5-43d4-a87a-be06feff86b7 7f137aed16a6477fbf4232aa590261d8 c2e69ec965bf4fec8a01c07aea725a7d - - default default] Tap Mirror: Handle Delete Port: 79a7a28c-d501-44f2-8f07-dfb1932d33c4
2026-07-02 01:34:11.808 7 INFO neutron.services.segments.plugin [-] Segment 0b8e6adb-5595-4d5b-8c2d-0ba124269c3d resource provider aggregate not found
2026-07-02 01:34:11.817 7 INFO neutron.services.segments.plugin [-] Segment 0b8e6adb-5595-4d5b-8c2d-0ba124269c3d resource provider aggregate not found [pid: 8|app: 0|req: 1013/1754] 10.0.0.89 () {32 vars in 739 bytes} [Thu Jul 2 01:34:11 2026] DELETE /v2.0/security-groups/4664b960-7b68-497b-8c7c-1395f119555b => generated 0 bytes in 279 msecs (HTTP/1.1 204) 2 headers in 112 bytes (1 switches on core 0)
2026-07-02 01:34:11.837 7 INFO neutron.services.segments.plugin [-] Segment 0b8e6adb-5595-4d5b-8c2d-0ba124269c3d resource provider not found; error: Placement Client Error (4xx): {"errors": [{"status": 404, "title": "Not Found", "detail": "The resource could not be found.\n\n No resource provider with uuid 0b8e6adb-5595-4d5b-8c2d-0ba124269c3d found for delete ", "request_id": "req-781ed8ed-94d9-4957-9b45-e2527f0e01c6"}]}
2026-07-02 01:34:11.840 7 INFO neutron.services.segments.plugin [-] Segment 0b8e6adb-5595-4d5b-8c2d-0ba124269c3d resource provider not found; error: Placement Client Error (4xx): {"errors": [{"status": 404, "title": "Not Found", "detail": "The resource could not be found.\n\n No resource provider with uuid 0b8e6adb-5595-4d5b-8c2d-0ba124269c3d found for delete ", "request_id": "req-50aa9e94-197f-4779-a367-7ab021940900"}]} [pid: 7|app: 0|req: 742/1755] 10.0.0.89 () {32 vars in 725 bytes} [Thu Jul 2 01:34:11 2026] DELETE /v2.0/networks/0a3b2fde-8bfd-4783-934d-6c9395321c7d => generated 0 bytes in 374 msecs (HTTP/1.1 204) 3 headers in 131 bytes (1 switches on core 0) [pid: 8|app: 0|req: 1014/1756] 10.0.0.224 () {34 vars in 1096 bytes} [Thu Jul 2 01:34:11 2026] GET /v2.0/security-groups?name=tempest-lb_member_SG-1522278301&fields=id&tenant_id=c2320afd80e043799332326bc45bd63a => generated 69 bytes in 40 msecs (HTTP/1.1 200) 4 headers in 156 bytes (1 switches on core 0) [pid: 7|app: 0|req: 743/1757] 10.0.0.224 () {34 vars in 982 bytes} [Thu Jul 2 01:34:11 2026] GET /v2.0/networks?id=650887fd-be43-4c38-866d-8f6c2badc89d => generated 743 bytes in 44 msecs (HTTP/1.1 200) 4 headers in 157 bytes (1 switches on core 0) [pid: 7|app: 0|req: 744/1758] 10.0.0.224 () {34 vars in 965 bytes} [Thu Jul 2 01:34:11 2026] GET /v2.0/quotas/c2320afd80e043799332326bc45bd63a => generated 292 bytes in 10 msecs (HTTP/1.1 200) 4 headers in 157 bytes (1 switches on core 0)
2026-07-02 01:34:12.040 8 INFO neutron.db.ovn_revision_numbers_db [None req-9a707581-2185-44ba-993d-a38b68fde6e9 7f137aed16a6477fbf4232aa590261d8 c2e69ec965bf4fec8a01c07aea725a7d - - default default] Successfully bumped revision number for resource 4029d470-9fa6-4275-81a0-bec81b7abb2c (type: security_groups) to 1
2026-07-02 01:34:12.051 8 INFO neutron.db.ovn_revision_numbers_db [None req-9a707581-2185-44ba-993d-a38b68fde6e9 7f137aed16a6477fbf4232aa590261d8 c2e69ec965bf4fec8a01c07aea725a7d - - default default] Successfully bumped revision number for resource 37aa360e-d655-4247-b07c-7dcf62ca3dda (type: security_group_rules) to 0
2026-07-02 01:34:12.062 8 INFO neutron.db.ovn_revision_numbers_db [None req-9a707581-2185-44ba-993d-a38b68fde6e9 7f137aed16a6477fbf4232aa590261d8 c2e69ec965bf4fec8a01c07aea725a7d - - default default] Successfully bumped revision number for resource 96e4792c-0602-4deb-901c-832ff09f2fe2 (type: security_group_rules) to 0
