2026-07-02 01:36:28.525 8 INFO neutron_taas.services.taas.tap_mirror_plugin [None req-640a820d-2058-4472-81f9-269894ee6530 7f137aed16a6477fbf4232aa590261d8 c2e69ec965bf4fec8a01c07aea725a7d - - default default] Tap Mirror: Handle Delete Port: cd58e0b9-c076-43ea-8b45-82207bad6925
2026-07-02 01:36:28.535 7 INFO neutron.db.ovn_revision_numbers_db [None req-d985b3ec-fd85-496f-b111-5dfcf6d33692 7f137aed16a6477fbf4232aa590261d8 c2e69ec965bf4fec8a01c07aea725a7d - - default default] Successfully bumped revision number for resource f9a8f72b-607d-4bf9-aa5d-0f49be4a7c7d (type: security_group_rules) to 0 [pid: 7|app: 0|req: 1222/2691] 10.0.0.89 () {32 vars in 773 bytes} [Thu Jul 2 01:36:28 2026] GET /v2.0/security-groups?tenant_id=2e0483d4604f423c880d864e4601d297&name=default => generated 2925 bytes in 234 msecs (HTTP/1.1 200) 4 headers in 158 bytes (1 switches on core 0)
2026-07-02 01:36:28.639 8 INFO neutron.services.segments.plugin [-] Segment f6a2127e-4e98-42e4-9cf4-2b0ea45303e2 resource provider aggregate not found
2026-07-02 01:36:28.645 8 INFO neutron.services.segments.plugin [-] Segment f6a2127e-4e98-42e4-9cf4-2b0ea45303e2 resource provider aggregate not found
2026-07-02 01:36:28.672 8 INFO neutron.services.segments.plugin [-] Segment f6a2127e-4e98-42e4-9cf4-2b0ea45303e2 resource provider not found; error: Placement Client Error (4xx): {"errors": [{"status": 404, "title": "Not Found", "detail": "The resource could not be found.\n\n No resource provider with uuid f6a2127e-4e98-42e4-9cf4-2b0ea45303e2 found for delete ", "request_id": "req-0cca8b71-6624-4da3-8e35-44ca8c607678"}]}
2026-07-02 01:36:28.677 8 INFO neutron.services.segments.plugin [-] Segment f6a2127e-4e98-42e4-9cf4-2b0ea45303e2 resource provider not found; error: Placement Client Error (4xx): {"errors": [{"status": 404, "title": "Not Found", "detail": "The resource could not be found.\n\n No resource provider with uuid f6a2127e-4e98-42e4-9cf4-2b0ea45303e2 found for delete ", "request_id": "req-e771643c-c31d-4619-99ca-eabdf384b368"}]} [pid: 8|app: 0|req: 1470/2692] 10.0.0.89 () {32 vars in 725 bytes} [Thu Jul 2 01:36:28 2026] DELETE /v2.0/networks/60917e26-1642-438b-ba88-8ba2b7fbbaee => generated 0 bytes in 422 msecs (HTTP/1.1 204) 3 headers in 131 bytes (1 switches on core 0) [pid: 7|app: 0|req: 1223/2693] 10.0.0.89 () {32 vars in 739 bytes} [Thu Jul 2 01:36:28 2026] DELETE /v2.0/security-groups/1707cdbb-c433-45fb-b94d-ecef521b67bc => generated 0 bytes in 229 msecs (HTTP/1.1 204) 2 headers in 112 bytes (1 switches on core 0) [pid: 8|app: 0|req: 1471/2694] 10.0.0.89 () {32 vars in 773 bytes} [Thu Jul 2 01:36:29 2026] GET /v2.0/security-groups?tenant_id=1331f5428f8840ae889463aa7d938c85&name=default => generated 2925 bytes in 32 msecs (HTTP/1.1 200) 4 headers in 158 bytes (1 switches on core 0) [pid: 7|app: 0|req: 1224/2695] 10.0.0.89 () {32 vars in 739 bytes} [Thu Jul 2 01:36:29 2026] DELETE /v2.0/security-groups/bb25e770-2441-4a03-a28d-15577c28ad50 => generated 0 bytes in 252 msecs (HTTP/1.1 204) 2 headers in 112 bytes (1 switches on core 0) [pid: 8|app: 0|req: 1472/2696] 10.0.0.89 () {32 vars in 773 bytes} [Thu Jul 2 01:36:29 2026] GET /v2.0/security-groups?tenant_id=210fffa06c594c8b9af780ddeba2f819&name=default => generated 2925 bytes in 26 msecs (HTTP/1.1 200) 4 headers in 158 bytes (1 switches on core 0) [pid: 7|app: 0|req: 1225/2697] 10.0.0.89 () {32 vars in 739 bytes} [Thu Jul 2 01:36:29 2026] DELETE /v2.0/security-groups/cf9a5b32-7cb4-4526-a966-590082a82f33 => generated 0 bytes in 276 msecs (HTTP/1.1 204) 2 headers in 112 bytes (1 switches on core 0)
2026-07-02 01:36:29.974 7 INFO neutron.db.ovn_revision_numbers_db [None req-34f90707-bf64-4033-9178-098a3207e848 - - - - - -] Successfully bumped revision number for resource 157d1faf-497d-4579-9f7c-b1a2043d33b7 (type: ports) to 4
2026-07-02 01:36:30.695 8 INFO neutron.services.segments.plugin [-] Segment 53c1cf43-a883-4087-8175-a327244a5fd3 resource provider aggregate not found
2026-07-02 01:36:30.699 8 INFO neutron.services.segments.plugin [-] Segment 53c1cf43-a883-4087-8175-a327244a5fd3 resource provider aggregate not found
2026-07-02 01:36:30.712 8 INFO neutron.services.segments.plugin [-] Segment 53c1cf43-a883-4087-8175-a327244a5fd3 resource provider not found; error: Placement Client Error (4xx): {"errors": [{"status": 404, "title": "Not Found", "detail": "The resource could not be found.\n\n No resource provider with uuid 53c1cf43-a883-4087-8175-a327244a5fd3 found for delete ", "request_id": "req-7a64d58b-7190-4b03-b159-e84e30cbcb67"}]}
2026-07-02 01:36:30.714 8 INFO neutron.services.segments.plugin [-] Segment 53c1cf43-a883-4087-8175-a327244a5fd3 resource provider not found; error: Placement Client Error (4xx): {"errors": [{"status": 404, "title": "Not Found", "detail": "The resource could not be found.\n\n No resource provider with uuid 53c1cf43-a883-4087-8175-a327244a5fd3 found for delete ", "request_id": "req-0d05f5cc-859b-4f52-a248-dab693cd9045"}]} [pid: 8|app: 0|req: 1473/2698] 199.204.45.129 () {30 vars in 703 bytes} [Thu Jul 2 01:36:30 2026] GET /v2.0/extensions/security-group => generated 170 bytes in 85 msecs (HTTP/1.1 200) 4 headers in 157 bytes (1 switches on core 0) [pid: 7|app: 0|req: 1226/2699] 199.204.45.129 () {30 vars in 705 bytes} [Thu Jul 2 01:36:30 2026] GET /v2.0/extensions/dns-integration => generated 172 bytes in 4 msecs (HTTP/1.1 200) 4 headers in 157 bytes (1 switches on core 0) [pid: 8|app: 0|req: 1474/2700] 199.204.45.129 () {30 vars in 681 bytes} [Thu Jul 2 01:36:30 2026] GET /v2.0/extensions/qos => generated 166 bytes in 7 msecs (HTTP/1.1 200) 4 headers in 157 bytes (1 switches on core 0) [pid: 7|app: 0|req: 1227/2701] 199.204.45.129 () {30 vars in 717 bytes} [Thu Jul 2 01:36:30 2026] GET /v2.0/extensions/allowed-address-pairs => generated 184 bytes in 3 msecs (HTTP/1.1 200) 4 headers in 157 bytes (1 switches on core 0)
2026-07-02 01:36:31.063 8 INFO neutron.api.v2.resource [None req-9e9f5633-087f-41a5-b312-ed523346d734 7f137aed16a6477fbf4232aa590261d8 c2e69ec965bf4fec8a01c07aea725a7d - - default default] show failed (client error): The resource could not be found. [pid: 8|app: 0|req: 1475/2702] 199.204.45.129 () {30 vars in 763 bytes} [Thu Jul 2 01:36:31 2026] GET /v2.0/security-groups/lb-52f1fae3-b9b1-468e-8099-5e342a19f989 => generated 149 bytes in 13 msecs (HTTP/1.1 404) 4 headers in 164 bytes (1 switches on core 0) [pid: 7|app: 0|req: 1228/2703] 199.204.45.129 () {30 vars in 785 bytes} [Thu Jul 2 01:36:31 2026] GET /v2.0/security-groups?name=lb-52f1fae3-b9b1-468e-8099-5e342a19f989 => generated 1637 bytes in 25 msecs (HTTP/1.1 200) 4 headers in 158 bytes (1 switches on core 0) [pid: 8|app: 0|req: 1476/2704] 199.204.45.129 () {30 vars in 815 bytes} [Thu Jul 2 01:36:31 2026] GET /v2.0/security-group-rules?security_group_id=ca9dcec1-c553-4363-baec-bb70a1728aad => generated 1182 bytes in 39 msecs (HTTP/1.1 200) 4 headers in 158 bytes (1 switches on core 0)
2026-07-02 01:36:31.291 7 INFO neutron.db.ovn_revision_numbers_db [None req-30ad51ad-e417-470c-b80c-dd7e52272651 7f137aed16a6477fbf4232aa590261d8 c2e69ec965bf4fec8a01c07aea725a7d - - default default] Successfully bumped revision number for resource 0b39132d-e410-41f3-bb21-fd0c64d9bc90 (type: security_group_rules) to 0 [pid: 7|app: 0|req: 1229/2705] 199.204.45.129 () {34 vars in 747 bytes} [Thu Jul 2 01:36:31 2026] POST /v2.0/security-group-rules => generated 597 bytes in 168 msecs (HTTP/1.1 201) 4 headers in 162 bytes (1 switches on core 0)
2026-07-02 01:36:31.450 8 INFO neutron.db.ovn_revision_numbers_db [None req-37207465-7a7a-4c73-b6df-639fb4905c14 7f137aed16a6477fbf4232aa590261d8 c2e69ec965bf4fec8a01c07aea725a7d - - default default] Successfully bumped revision number for resource 7fc9911f-0b0e-4664-add4-7411bd0c1206 (type: security_group_rules) to 0 [pid: 8|app: 0|req: 1477/2706] 199.204.45.129 () {34 vars in 747 bytes} [Thu Jul 2 01:36:31 2026] POST /v2.0/security-group-rules => generated 601 bytes in 160 msecs (HTTP/1.1 201) 4 headers in 162 bytes (1 switches on core 0)
2026-07-02 01:36:32.468 7 INFO neutron.db.ovn_revision_numbers_db [None req-ec216836-bd00-4756-8ea4-2911eedf8c70 07550bb65f1940e8b3356c6cb729e5d7 89514327f8404c52be1f61c5bf2ce04a - - default default] Successfully bumped revision number for resource 570eabac-b167-4a80-9082-e29d18bd71d6 (type: security_groups) to 1
2026-07-02 01:36:32.480 7 INFO neutron.db.ovn_revision_numbers_db [None req-ec216836-bd00-4756-8ea4-2911eedf8c70 07550bb65f1940e8b3356c6cb729e5d7 89514327f8404c52be1f61c5bf2ce04a - - default default] Successfully bumped revision number for resource 60edc680-f5f1-477a-9b1a-bb1dea5677d9 (type: security_group_rules) to 0
2026-07-02 01:36:32.490 7 INFO neutron.db.ovn_revision_numbers_db [None req-ec216836-bd00-4756-8ea4-2911eedf8c70 07550bb65f1940e8b3356c6cb729e5d7 89514327f8404c52be1f61c5bf2ce04a - - default default] Successfully bumped revision number for resource 63ad21ac-6e42-46dc-ba92-e5ebef3287c0 (type: security_group_rules) to 0
2026-07-02 01:36:32.501 7 INFO neutron.db.ovn_revision_numbers_db [None req-ec216836-bd00-4756-8ea4-2911eedf8c70 07550bb65f1940e8b3356c6cb729e5d7 89514327f8404c52be1f61c5bf2ce04a - - default default] Successfully bumped revision number for resource a0b8b6a5-0117-4b35-b572-53108726ef85 (type: security_group_rules) to 0
2026-07-02 01:36:32.515 7 INFO neutron.db.ovn_revision_numbers_db [None req-ec216836-bd00-4756-8ea4-2911eedf8c70 07550bb65f1940e8b3356c6cb729e5d7 89514327f8404c52be1f61c5bf2ce04a - - default default] Successfully bumped revision number for resource f9223d93-43a5-4669-b2a6-2523bc436176 (type: security_group_rules) to 0
2026-07-02 01:36:32.604 7 INFO neutron.db.segments_db [None req-ec216836-bd00-4756-8ea4-2911eedf8c70 07550bb65f1940e8b3356c6cb729e5d7 89514327f8404c52be1f61c5bf2ce04a - - default default] Added segment 778f51cf-2ff0-4393-8fc1-bed68533897d of type geneve for network b0e17794-7a1f-4970-8afb-dfb43b8df907
2026-07-02 01:36:32.738 7 INFO neutron.db.ovn_revision_numbers_db [None req-ec216836-bd00-4756-8ea4-2911eedf8c70 07550bb65f1940e8b3356c6cb729e5d7 89514327f8404c52be1f61c5bf2ce04a - - default default] Successfully bumped revision number for resource b0e17794-7a1f-4970-8afb-dfb43b8df907 (type: networks) to 1
2026-07-02 01:36:32.910 7 WARNING neutron.scheduler.dhcp_agent_scheduler [None req-ec216836-bd00-4756-8ea4-2911eedf8c70 07550bb65f1940e8b3356c6cb729e5d7 89514327f8404c52be1f61c5bf2ce04a - - default default] No more DHCP agents
2026-07-02 01:36:32.912 7 WARNING neutron.api.rpc.agentnotifiers.dhcp_rpc_agent_api [None req-ec216836-bd00-4756-8ea4-2911eedf8c70 07550bb65f1940e8b3356c6cb729e5d7 89514327f8404c52be1f61c5bf2ce04a - - default default] Unable to schedule network b0e17794-7a1f-4970-8afb-dfb43b8df907: no agents available; will retry on subsequent port and subnet creation events.
2026-07-02 01:36:32.968 7 INFO neutron.plugins.ml2.drivers.ovn.mech_driver.mech_driver [None req-9c014a8c-7a1a-49c3-932e-db43bd69de57 - - - - - -] OVN reports status down for port: 8b59c3c6-6ad1-4fdc-b7e5-3191e29e5009
2026-07-02 01:36:33.018 7 INFO neutron.db.ovn_revision_numbers_db [None req-ec216836-bd00-4756-8ea4-2911eedf8c70 07550bb65f1940e8b3356c6cb729e5d7 89514327f8404c52be1f61c5bf2ce04a - - default default] Successfully bumped revision number for resource 8b59c3c6-6ad1-4fdc-b7e5-3191e29e5009 (type: ports) to 1 [pid: 7|app: 0|req: 1230/2707] 10.0.0.89 () {34 vars in 669 bytes} [Thu Jul 2 01:36:32 2026] POST /v2.0/networks => generated 665 bytes in 948 msecs (HTTP/1.1 201) 4 headers in 162 bytes (1 switches on core 0)
2026-07-02 01:36:33.279 8 WARNING neutron.scheduler.dhcp_agent_scheduler [None req-c6f3b524-6a6b-4645-bb8b-86db89c94614 07550bb65f1940e8b3356c6cb729e5d7 89514327f8404c52be1f61c5bf2ce04a - - default default] No more DHCP agents
2026-07-02 01:36:33.281 8 WARNING neutron.api.rpc.agentnotifiers.dhcp_rpc_agent_api [None req-c6f3b524-6a6b-4645-bb8b-86db89c94614 07550bb65f1940e8b3356c6cb729e5d7 89514327f8404c52be1f61c5bf2ce04a - - default default] Unable to schedule network b0e17794-7a1f-4970-8afb-dfb43b8df907: no agents available; will retry on subsequent port and subnet creation events.
2026-07-02 01:36:33.762 8 INFO neutron.db.ovn_revision_numbers_db [None req-33bea13f-e5ef-4b3f-9bfe-14e1cfba87cf - - - - - -] Successfully bumped revision number for resource 8b59c3c6-6ad1-4fdc-b7e5-3191e29e5009 (type: ports) to 2
2026-07-02 01:36:33.793 8 INFO neutron.db.ovn_revision_numbers_db [None req-33bea13f-e5ef-4b3f-9bfe-14e1cfba87cf - - - - - -] Successfully bumped revision number for resource 70230fe5-77de-4ac4-b48c-e1b0ee0ccdb7 (type: subnets) to 0 [pid: 8|app: 0|req: 1478/2708] 10.0.0.89 () {34 vars in 668 bytes} [Thu Jul 2 01:36:33 2026] POST /v2.0/subnets => generated 626 bytes in 740 msecs (HTTP/1.1 201) 4 headers in 162 bytes (1 switches on core 0)
2026-07-02 01:36:34.184 8 INFO neutron.db.ovn_revision_numbers_db [None req-aed64f43-f4a6-4692-90e7-4759925f59fe 8fcc7aefc2d940d5900aab719c747aff 9a1081889d6147e3a18c78794cbd798f - - default default] Successfully bumped revision number for resource d58bb892-7ecd-4e9b-8f79-23dc722023b4 (type: security_groups) to 1
2026-07-02 01:36:34.194 8 INFO neutron.db.ovn_revision_numbers_db [None req-aed64f43-f4a6-4692-90e7-4759925f59fe 8fcc7aefc2d940d5900aab719c747aff 9a1081889d6147e3a18c78794cbd798f - - default default] Successfully bumped revision number for resource 14118705-a882-41dc-8ee2-33d56cc46cbe (type: security_group_rules) to 0
2026-07-02 01:36:34.202 7 WARNING neutron.scheduler.dhcp_agent_scheduler [None req-a5bb6559-b454-4c9c-a903-a140de7409eb 07550bb65f1940e8b3356c6cb729e5d7 89514327f8404c52be1f61c5bf2ce04a - - default default] No more DHCP agents
2026-07-02 01:36:34.204 7 WARNING neutron.api.rpc.agentnotifiers.dhcp_rpc_agent_api [None req-a5bb6559-b454-4c9c-a903-a140de7409eb 07550bb65f1940e8b3356c6cb729e5d7 89514327f8404c52be1f61c5bf2ce04a - - default default] Unable to schedule network 3d8d4f01-c159-48f6-9c39-00066247e49c: no agents available; will retry on subsequent port and subnet creation events.
2026-07-02 01:36:34.206 8 INFO neutron.db.ovn_revision_numbers_db [None req-aed64f43-f4a6-4692-90e7-4759925f59fe 8fcc7aefc2d940d5900aab719c747aff 9a1081889d6147e3a18c78794cbd798f - - default default] Successfully bumped revision number for resource 4b1cc678-6e68-419a-8dc8-43f953740344 (type: security_group_rules) to 0
2026-07-02 01:36:34.217 8 INFO neutron.db.ovn_revision_numbers_db [None req-aed64f43-f4a6-4692-90e7-4759925f59fe 8fcc7aefc2d940d5900aab719c747aff 9a1081889d6147e3a18c78794cbd798f - - default default] Successfully bumped revision number for resource 91dc7bf1-c592-4112-acc5-18865ed32943 (type: security_group_rules) to 0
2026-07-02 01:36:34.229 8 INFO neutron.db.ovn_revision_numbers_db [None req-aed64f43-f4a6-4692-90e7-4759925f59fe 8fcc7aefc2d940d5900aab719c747aff 9a1081889d6147e3a18c78794cbd798f - - default default] Successfully bumped revision number for resource b684728d-2610-4617-8e49-97a4c5d951bf (type: security_group_rules) to 0
2026-07-02 01:36:34.303 7 INFO neutron.plugins.ml2.drivers.ovn.mech_driver.mech_driver [None req-9c014a8c-7a1a-49c3-932e-db43bd69de57 - - - - - -] OVN reports status down for port: 374832ba-4b55-447c-bb60-acf2e4e14c63
2026-07-02 01:36:34.314 8 INFO neutron.db.segments_db [None req-aed64f43-f4a6-4692-90e7-4759925f59fe 8fcc7aefc2d940d5900aab719c747aff 9a1081889d6147e3a18c78794cbd798f - - default default] Added segment 312e8bd0-267c-4cf2-9da8-62fbf06712be of type geneve for network 0ebe9496-c3fc-4558-bfd3-8f43a15da4e3
2026-07-02 01:36:34.364 7 INFO neutron.db.ovn_revision_numbers_db [None req-a5bb6559-b454-4c9c-a903-a140de7409eb 07550bb65f1940e8b3356c6cb729e5d7 89514327f8404c52be1f61c5bf2ce04a - - default default] Successfully bumped revision number for resource 374832ba-4b55-447c-bb60-acf2e4e14c63 (type: ports) to 1
2026-07-02 01:36:34.421 8 INFO neutron.db.ovn_revision_numbers_db [None req-aed64f43-f4a6-4692-90e7-4759925f59fe 8fcc7aefc2d940d5900aab719c747aff 9a1081889d6147e3a18c78794cbd798f - - default default] Successfully bumped revision number for resource 0ebe9496-c3fc-4558-bfd3-8f43a15da4e3 (type: networks) to 1
2026-07-02 01:36:34.572 8 WARNING neutron.scheduler.dhcp_agent_scheduler [None req-aed64f43-f4a6-4692-90e7-4759925f59fe 8fcc7aefc2d940d5900aab719c747aff 9a1081889d6147e3a18c78794cbd798f - - default default] No more DHCP agents
2026-07-02 01:36:34.573 8 WARNING neutron.api.rpc.agentnotifiers.dhcp_rpc_agent_api [None req-aed64f43-f4a6-4692-90e7-4759925f59fe 8fcc7aefc2d940d5900aab719c747aff 9a1081889d6147e3a18c78794cbd798f - - default default] Unable to schedule network 0ebe9496-c3fc-4558-bfd3-8f43a15da4e3: no agents available; will retry on subsequent port and subnet creation events.
2026-07-02 01:36:34.643 8 INFO neutron.plugins.ml2.drivers.ovn.mech_driver.mech_driver [None req-f18cf8f0-1afb-4d23-99a1-b35fbcf0028e - - - - - -] OVN reports status down for port: 8bd15c3c-005e-4a5c-8f1b-c911c2fda3a8
2026-07-02 01:36:34.693 8 INFO neutron.db.ovn_revision_numbers_db [None req-aed64f43-f4a6-4692-90e7-4759925f59fe 8fcc7aefc2d940d5900aab719c747aff 9a1081889d6147e3a18c78794cbd798f - - default default] Successfully bumped revision number for resource 8bd15c3c-005e-4a5c-8f1b-c911c2fda3a8 (type: ports) to 1 [pid: 8|app: 0|req: 1479/2709] 10.0.0.89 () {34 vars in 669 bytes} [Thu Jul 2 01:36:33 2026] POST /v2.0/networks => generated 768 bytes in 846 msecs (HTTP/1.1 201) 4 headers in 162 bytes (1 switches on core 0)
2026-07-02 01:36:34.885 8 WARNING neutron.scheduler.dhcp_agent_scheduler [None req-909223d2-75de-4fb3-ab9b-021fe704e0c2 8fcc7aefc2d940d5900aab719c747aff 9a1081889d6147e3a18c78794cbd798f - - default default] No more DHCP agents
2026-07-02 01:36:34.886 8 WARNING neutron.api.rpc.agentnotifiers.dhcp_rpc_agent_api [None req-909223d2-75de-4fb3-ab9b-021fe704e0c2 8fcc7aefc2d940d5900aab719c747aff 9a1081889d6147e3a18c78794cbd798f - - default default] Unable to schedule network 0ebe9496-c3fc-4558-bfd3-8f43a15da4e3: no agents available; will retry on subsequent port and subnet creation events.
2026-07-02 01:36:35.005 7 INFO neutron.plugins.ml2.drivers.ovn.mech_driver.ovsdb.commands [None req-483852de-823d-41f2-9a06-059d2fee10cc - - - - - -] Schedule LRP lrp-374832ba-4b55-447c-bb60-acf2e4e14c63 on gateway 5b46749c-6cd2-43e8-b119-444c040f16e6 with priority 1
2026-07-02 01:36:35.040 7 INFO neutron.plugins.ml2.drivers.ovn.mech_driver.mech_driver [None req-9c014a8c-7a1a-49c3-932e-db43bd69de57 - - - - - -] OVN reports status up for port: 374832ba-4b55-447c-bb60-acf2e4e14c63
2026-07-02 01:36:35.064 7 INFO neutron.plugins.ml2.plugin [None req-9c014a8c-7a1a-49c3-932e-db43bd69de57 - - - - - -] Attempt 1 to provision port 374832ba-4b55-447c-bb60-acf2e4e14c63
2026-07-02 01:36:35.084 7 INFO neutron.db.ovn_revision_numbers_db [None req-a5bb6559-b454-4c9c-a903-a140de7409eb 07550bb65f1940e8b3356c6cb729e5d7 89514327f8404c52be1f61c5bf2ce04a - - default default] Successfully bumped revision number for resource 374832ba-4b55-447c-bb60-acf2e4e14c63 (type: router_ports) to 1
2026-07-02 01:36:35.195 7 INFO neutron.db.ovn_revision_numbers_db [None req-a5bb6559-b454-4c9c-a903-a140de7409eb 07550bb65f1940e8b3356c6cb729e5d7 89514327f8404c52be1f61c5bf2ce04a - - default default] Successfully bumped revision number for resource d15babcc-a3ef-44a6-873c-7b7cb86a7bb6 (type: routers) to 2 [pid: 7|app: 0|req: 1231/2710] 10.0.0.89 () {34 vars in 668 bytes} [Thu Jul 2 01:36:33 2026] POST /v2.0/routers => generated 936 bytes in 1399 msecs (HTTP/1.1 201) 4 headers in 162 bytes (1 switches on core 0)
2026-07-02 01:36:35.290 8 INFO neutron.db.ovn_revision_numbers_db [None req-da1ba06f-852a-493f-bc13-7239264b6397 - - - - - -] Successfully bumped revision number for resource 8bd15c3c-005e-4a5c-8f1b-c911c2fda3a8 (type: ports) to 2
2026-07-02 01:36:35.323 8 INFO neutron.db.ovn_revision_numbers_db [None req-da1ba06f-852a-493f-bc13-7239264b6397 - - - - - -] Successfully bumped revision number for resource df835fed-8b8e-4def-8a87-489c754d8582 (type: subnets) to 0 [pid: 8|app: 0|req: 1480/2711] 10.0.0.89 () {34 vars in 668 bytes} [Thu Jul 2 01:36:34 2026] POST /v2.0/subnets => generated 644 bytes in 584 msecs (HTTP/1.1 201) 4 headers in 162 bytes (1 switches on core 0)
2026-07-02 01:36:35.347 8 WARNING neutron.api.v2.base [None req-cb05e667-5cea-4826-8838-41860c2ca3e9 8fcc7aefc2d940d5900aab719c747aff 9a1081889d6147e3a18c78794cbd798f - - default default] An exception happened while processing the request body. The exception message is [Invalid input for target_tenant. Reason: 'None' is not a valid string.].: webob.exc.HTTPBadRequest: Invalid input for target_tenant. Reason: 'None' is not a valid string.
2026-07-02 01:36:35.348 8 INFO neutron.api.v2.resource [None req-cb05e667-5cea-4826-8838-41860c2ca3e9 8fcc7aefc2d940d5900aab719c747aff 9a1081889d6147e3a18c78794cbd798f - - default default] create failed (client error): Invalid input for target_tenant. Reason: 'None' is not a valid string. [pid: 8|app: 0|req: 1481/2712] 10.0.0.89 () {34 vars in 680 bytes} [Thu Jul 2 01:36:35 2026] POST /v2.0/rbac-policies => generated 143 bytes in 6 msecs (HTTP/1.1 400) 4 headers in 166 bytes (1 switches on core 0)
2026-07-02 01:36:35.495 8 INFO neutron_taas.services.taas.taas_plugin [None req-1e58b518-4da3-458f-9464-d883ce576ff3 8fcc7aefc2d940d5900aab719c747aff 9a1081889d6147e3a18c78794cbd798f - - default default] TaaS: Handle Delete Port: 8bd15c3c-005e-4a5c-8f1b-c911c2fda3a8
2026-07-02 01:36:35.498 8 INFO neutron_taas.services.taas.tap_mirror_plugin [None req-1e58b518-4da3-458f-9464-d883ce576ff3 8fcc7aefc2d940d5900aab719c747aff 9a1081889d6147e3a18c78794cbd798f - - default default] Tap Mirror: Handle Delete Port: 8bd15c3c-005e-4a5c-8f1b-c911c2fda3a8
2026-07-02 01:36:35.774 7 WARNING neutron.scheduler.dhcp_agent_scheduler [None req-e06721c3-7ccf-4470-8c95-5d37c10c92ec 07550bb65f1940e8b3356c6cb729e5d7 89514327f8404c52be1f61c5bf2ce04a - - default default] No more DHCP agents
2026-07-02 01:36:35.776 7 WARNING neutron.api.rpc.agentnotifiers.dhcp_rpc_agent_api [None req-e06721c3-7ccf-4470-8c95-5d37c10c92ec 07550bb65f1940e8b3356c6cb729e5d7 89514327f8404c52be1f61c5bf2ce04a - - default default] Unable to schedule network b0e17794-7a1f-4970-8afb-dfb43b8df907: no agents available; will retry on subsequent port and subnet creation events.
2026-07-02 01:36:35.808 8 INFO neutron.services.segments.plugin [-] Segment 312e8bd0-267c-4cf2-9da8-62fbf06712be resource provider aggregate not found
2026-07-02 01:36:35.818 8 INFO neutron.services.segments.plugin [-] Segment 312e8bd0-267c-4cf2-9da8-62fbf06712be resource provider aggregate not found
2026-07-02 01:36:35.827 8 INFO neutron.services.segments.plugin [-] Segment 312e8bd0-267c-4cf2-9da8-62fbf06712be resource provider not found; error: Placement Client Error (4xx): {"errors": [{"status": 404, "title": "Not Found", "detail": "The resource could not be found.\n\n No resource provider with uuid 312e8bd0-267c-4cf2-9da8-62fbf06712be found for delete ", "request_id": "req-efa9eb38-c692-44e9-aab2-5e01b40c4153"}]}
2026-07-02 01:36:35.838 8 INFO neutron.services.segments.plugin [-] Segment 312e8bd0-267c-4cf2-9da8-62fbf06712be resource provider not found; error: Placement Client Error (4xx): {"errors": [{"status": 404, "title": "Not Found", "detail": "The resource could not be found.\n\n No resource provider with uuid 312e8bd0-267c-4cf2-9da8-62fbf06712be found for delete ", "request_id": "req-20c23656-65b3-406d-bc7c-1031c7b0418f"}]} [pid: 8|app: 0|req: 1482/2713] 10.0.0.89 () {32 vars in 725 bytes} [Thu Jul 2 01:36:35 2026] DELETE /v2.0/networks/0ebe9496-c3fc-4558-bfd3-8f43a15da4e3 => generated 0 bytes in 507 msecs (HTTP/1.1 204) 3 headers in 131 bytes (1 switches on core 0)
2026-07-02 01:36:35.897 8 INFO neutron.plugins.ml2.drivers.ovn.mech_driver.mech_driver [None req-f18cf8f0-1afb-4d23-99a1-b35fbcf0028e - - - - - -] OVN reports status down for port: 58167509-bde4-435d-b9a6-c2abc3c68ae9
2026-07-02 01:36:35.921 7 INFO neutron.db.ovn_revision_numbers_db [None req-e06721c3-7ccf-4470-8c95-5d37c10c92ec 07550bb65f1940e8b3356c6cb729e5d7 89514327f8404c52be1f61c5bf2ce04a - - default default] Successfully bumped revision number for resource 58167509-bde4-435d-b9a6-c2abc3c68ae9 (type: ports) to 1
2026-07-02 01:36:35.988 8 INFO neutron.db.segments_db [None req-cc13188a-7549-4029-852d-23ae4ac87e6f 8fcc7aefc2d940d5900aab719c747aff 9a1081889d6147e3a18c78794cbd798f - - default default] Added segment 77be2385-4815-4357-9366-5dd78b6315a4 of type geneve for network fc6f0687-6414-444e-93d5-cf0dc6b3c22a
2026-07-02 01:36:36.116 8 INFO neutron.db.ovn_revision_numbers_db [None req-cc13188a-7549-4029-852d-23ae4ac87e6f 8fcc7aefc2d940d5900aab719c747aff 9a1081889d6147e3a18c78794cbd798f - - default default] Successfully bumped revision number for resource fc6f0687-6414-444e-93d5-cf0dc6b3c22a (type: networks) to 1
2026-07-02 01:36:36.250 8 WARNING neutron.scheduler.dhcp_agent_scheduler [None req-cc13188a-7549-4029-852d-23ae4ac87e6f 8fcc7aefc2d940d5900aab719c747aff 9a1081889d6147e3a18c78794cbd798f - - default default] No more DHCP agents
2026-07-02 01:36:36.251 8 WARNING neutron.api.rpc.agentnotifiers.dhcp_rpc_agent_api [None req-cc13188a-7549-4029-852d-23ae4ac87e6f 8fcc7aefc2d940d5900aab719c747aff 9a1081889d6147e3a18c78794cbd798f - - default default] Unable to schedule network fc6f0687-6414-444e-93d5-cf0dc6b3c22a: no agents available; will retry on subsequent port and subnet creation events.
2026-07-02 01:36:36.301 8 INFO neutron.plugins.ml2.drivers.ovn.mech_driver.mech_driver [None req-f18cf8f0-1afb-4d23-99a1-b35fbcf0028e - - - - - -] OVN reports status down for port: 10b8da17-e995-4e9a-9828-aed9d15604bb
2026-07-02 01:36:36.371 8 INFO neutron.db.ovn_revision_numbers_db [None req-cc13188a-7549-4029-852d-23ae4ac87e6f 8fcc7aefc2d940d5900aab719c747aff 9a1081889d6147e3a18c78794cbd798f - - default default] Successfully bumped revision number for resource 10b8da17-e995-4e9a-9828-aed9d15604bb (type: ports) to 1 [pid: 8|app: 0|req: 1483/2714] 10.0.0.89 () {34 vars in 669 bytes} [Thu Jul 2 01:36:35 2026] POST /v2.0/networks => generated 768 bytes in 555 msecs (HTTP/1.1 201) 4 headers in 162 bytes (1 switches on core 0)
2026-07-02 01:36:36.560 8 WARNING neutron.scheduler.dhcp_agent_scheduler [None req-82f749c1-fa40-407a-9868-e129a8314ab2 8fcc7aefc2d940d5900aab719c747aff 9a1081889d6147e3a18c78794cbd798f - - default default] No more DHCP agents
2026-07-02 01:36:36.562 8 WARNING neutron.api.rpc.agentnotifiers.dhcp_rpc_agent_api [None req-82f749c1-fa40-407a-9868-e129a8314ab2 8fcc7aefc2d940d5900aab719c747aff 9a1081889d6147e3a18c78794cbd798f - - default default] Unable to schedule network fc6f0687-6414-444e-93d5-cf0dc6b3c22a: no agents available; will retry on subsequent port and subnet creation events.
2026-07-02 01:36:37.003 8 INFO neutron.db.ovn_revision_numbers_db [None req-a915bda5-e31b-4862-91ef-4915ee04d459 - - - - - -] Successfully bumped revision number for resource 10b8da17-e995-4e9a-9828-aed9d15604bb (type: ports) to 2
2026-07-02 01:36:37.029 8 INFO neutron.db.ovn_revision_numbers_db [None req-a915bda5-e31b-4862-91ef-4915ee04d459 - - - - - -] Successfully bumped revision number for resource e6f01ad9-2d40-4dc8-8aa8-55f00250d679 (type: subnets) to 0 [pid: 8|app: 0|req: 1484/2715] 10.0.0.89 () {34 vars in 668 bytes} [Thu Jul 2 01:36:36 2026] POST /v2.0/subnets => generated 647 bytes in 626 msecs (HTTP/1.1 201) 4 headers in 162 bytes (1 switches on core 0)
2026-07-02 01:36:37.063 8 INFO neutron.plugins.ml2.drivers.ovn.mech_driver.mech_driver [None req-f18cf8f0-1afb-4d23-99a1-b35fbcf0028e - - - - - -] OVN reports status up for port: 58167509-bde4-435d-b9a6-c2abc3c68ae9
2026-07-02 01:36:37.071 8 WARNING neutron.api.v2.base [None req-79e367c8-c2f5-4ee2-ab38-b1c1e78facfb 8fcc7aefc2d940d5900aab719c747aff 9a1081889d6147e3a18c78794cbd798f - - default default] An exception happened while processing the request body. The exception message is [Invalid input for target_tenant. Reason: '1234123412341234123412341234123412341234123412341234123412341234123412341234123412341234123412341234123412341234123412341234123412341234123412341234123412341234123412341234123412341234123412341234123412341234123412341234123412341234123412341234123412341234123412341234123412341234123412341234123412341234123412341234123412341234123412341234123412341234123412341234123412341234123412341234123412341234' exceeds maximum length of 255.].: webob.exc.HTTPBadRequest: Invalid input for target_tenant. Reason: '1234123412341234123412341234123412341234123412341234123412341234123412341234123412341234123412341234123412341234123412341234123412341234123412341234123412341234123412341234123412341234123412341234123412341234123412341234123412341234123412341234123412341234123412341234123412341234123412341234123412341234123412341234123412341234123412341234123412341234123412341234123412341234123412341234123412341234' exceeds maximum length of 255.
2026-07-02 01:36:37.072 8 INFO neutron.api.v2.resource [None req-79e367c8-c2f5-4ee2-ab38-b1c1e78facfb 8fcc7aefc2d940d5900aab719c747aff 9a1081889d6147e3a18c78794cbd798f - - default default] create failed (client error): Invalid input for target_tenant. Reason: '1234123412341234123412341234123412341234123412341234123412341234123412341234123412341234123412341234123412341234123412341234123412341234123412341234123412341234123412341234123412341234123412341234123412341234123412341234123412341234123412341234123412341234123412341234123412341234123412341234123412341234123412341234123412341234123412341234123412341234123412341234123412341234123412341234123412341234' exceeds maximum length of 255. [pid: 8|app: 0|req: 1485/2716] 10.0.0.89 () {34 vars in 680 bytes} [Thu Jul 2 01:36:37 2026] POST /v2.0/rbac-policies => generated 547 bytes in 9 msecs (HTTP/1.1 400) 4 headers in 166 bytes (1 switches on core 0)
2026-07-02 01:36:37.088 8 INFO neutron.plugins.ml2.plugin [None req-f18cf8f0-1afb-4d23-99a1-b35fbcf0028e - - - - - -] Attempt 1 to provision port 58167509-bde4-435d-b9a6-c2abc3c68ae9
2026-07-02 01:36:37.182 7 WARNING neutron.scheduler.dhcp_agent_scheduler [None req-e06721c3-7ccf-4470-8c95-5d37c10c92ec 07550bb65f1940e8b3356c6cb729e5d7 89514327f8404c52be1f61c5bf2ce04a - - default default] No more DHCP agents
2026-07-02 01:36:37.184 7 WARNING neutron.api.rpc.agentnotifiers.dhcp_rpc_agent_api [None req-e06721c3-7ccf-4470-8c95-5d37c10c92ec 07550bb65f1940e8b3356c6cb729e5d7 89514327f8404c52be1f61c5bf2ce04a - - default default] Unable to schedule network b0e17794-7a1f-4970-8afb-dfb43b8df907: no agents available; will retry on subsequent port and subnet creation events.
2026-07-02 01:36:37.342 8 INFO neutron_taas.services.taas.taas_plugin [None req-0cea4b70-fa39-4196-908a-5517de93fe56 8fcc7aefc2d940d5900aab719c747aff 9a1081889d6147e3a18c78794cbd798f - - default default] TaaS: Handle Delete Port: 10b8da17-e995-4e9a-9828-aed9d15604bb
2026-07-02 01:36:37.349 8 INFO neutron_taas.services.taas.tap_mirror_plugin [None req-0cea4b70-fa39-4196-908a-5517de93fe56 8fcc7aefc2d940d5900aab719c747aff 9a1081889d6147e3a18c78794cbd798f - - default default] Tap Mirror: Handle Delete Port: 10b8da17-e995-4e9a-9828-aed9d15604bb
2026-07-02 01:36:37.587 7 INFO neutron.db.ovn_revision_numbers_db [None req-e06721c3-7ccf-4470-8c95-5d37c10c92ec 07550bb65f1940e8b3356c6cb729e5d7 89514327f8404c52be1f61c5bf2ce04a - - default default] Successfully bumped revision number for resource 58167509-bde4-435d-b9a6-c2abc3c68ae9 (type: router_ports) to 1 [pid: 7|app: 0|req: 1232/2717] 10.0.0.89 () {34 vars in 782 bytes} [Thu Jul 2 01:36:35 2026] PUT /v2.0/routers/d15babcc-a3ef-44a6-873c-7b7cb86a7bb6/add_router_interface => generated 309 bytes in 2377 msecs (HTTP/1.1 200) 4 headers in 157 bytes (1 switches on core 0)
2026-07-02 01:36:37.874 8 INFO neutron.db.ovn_revision_numbers_db [None req-f18cf8f0-1afb-4d23-99a1-b35fbcf0028e - - - - - -] Successfully bumped revision number for resource 58167509-bde4-435d-b9a6-c2abc3c68ae9 (type: ports) to 2
2026-07-02 01:36:38.080 8 INFO neutron.services.segments.plugin [-] Segment 77be2385-4815-4357-9366-5dd78b6315a4 resource provider aggregate not found
2026-07-02 01:36:38.081 8 INFO neutron.services.segments.plugin [-] Segment 77be2385-4815-4357-9366-5dd78b6315a4 resource provider aggregate not found
2026-07-02 01:36:38.097 8 INFO neutron.services.segments.plugin [-] Segment 77be2385-4815-4357-9366-5dd78b6315a4 resource provider not found; error: Placement Client Error (4xx): {"errors": [{"status": 404, "title": "Not Found", "detail": "The resource could not be found.\n\n No resource provider with uuid 77be2385-4815-4357-9366-5dd78b6315a4 found for delete ", "request_id": "req-4e746147-83c7-4801-a8ba-04ec92b03794"}]}
2026-07-02 01:36:38.102 8 INFO neutron.services.segments.plugin [-] Segment 77be2385-4815-4357-9366-5dd78b6315a4 resource provider not found; error: Placement Client Error (4xx): {"errors": [{"status": 404, "title": "Not Found", "detail": "The resource could not be found.\n\n No resource provider with uuid 77be2385-4815-4357-9366-5dd78b6315a4 found for delete ", "request_id": "req-b67e8788-d19c-4665-a818-d48c67fff5d5"}]} [pid: 8|app: 0|req: 1486/2718] 10.0.0.89 () {32 vars in 725 bytes} [Thu Jul 2 01:36:37 2026] DELETE /v2.0/networks/fc6f0687-6414-444e-93d5-cf0dc6b3c22a => generated 0 bytes in 1048 msecs (HTTP/1.1 204) 3 headers in 131 bytes (1 switches on core 0)
2026-07-02 01:36:38.222 8 INFO neutron.db.segments_db [None req-06c345eb-5ac8-4c31-a724-ad530a1673ae 8fcc7aefc2d940d5900aab719c747aff 9a1081889d6147e3a18c78794cbd798f - - default default] Added segment 6e26c1c1-821c-4383-b79c-0b7ddf9db48b of type geneve for network 59330855-9e1e-45e1-865a-af6b7bbd2d6b
2026-07-02 01:36:38.322 8 INFO neutron.db.ovn_revision_numbers_db [None req-06c345eb-5ac8-4c31-a724-ad530a1673ae 8fcc7aefc2d940d5900aab719c747aff 9a1081889d6147e3a18c78794cbd798f - - default default] Successfully bumped revision number for resource 59330855-9e1e-45e1-865a-af6b7bbd2d6b (type: networks) to 1
2026-07-02 01:36:38.335 7 WARNING neutron.scheduler.dhcp_agent_scheduler [None req-fa38c440-fde2-49f8-8f06-886472c1ddca - - - - - -] No more DHCP agents
2026-07-02 01:36:38.336 7 WARNING neutron.api.rpc.agentnotifiers.dhcp_rpc_agent_api [None req-fa38c440-fde2-49f8-8f06-886472c1ddca - - - - - -] Unable to schedule network 3d8d4f01-c159-48f6-9c39-00066247e49c: no agents available; will retry on subsequent port and subnet creation events.
2026-07-02 01:36:38.485 7 INFO neutron.db.ovn_revision_numbers_db [None req-fa38c440-fde2-49f8-8f06-886472c1ddca - - - - - -] Successfully bumped revision number for resource c384044a-53a4-4935-99d3-cf33438ffe31 (type: ports) to 1
2026-07-02 01:36:38.491 8 WARNING neutron.scheduler.dhcp_agent_scheduler [None req-06c345eb-5ac8-4c31-a724-ad530a1673ae 8fcc7aefc2d940d5900aab719c747aff 9a1081889d6147e3a18c78794cbd798f - - default default] No more DHCP agents
2026-07-02 01:36:38.492 8 WARNING neutron.api.rpc.agentnotifiers.dhcp_rpc_agent_api [None req-06c345eb-5ac8-4c31-a724-ad530a1673ae 8fcc7aefc2d940d5900aab719c747aff 9a1081889d6147e3a18c78794cbd798f - - default default] Unable to schedule network 59330855-9e1e-45e1-865a-af6b7bbd2d6b: no agents available; will retry on subsequent port and subnet creation events.
2026-07-02 01:36:38.558 8 INFO neutron.db.ovn_revision_numbers_db [None req-06c345eb-5ac8-4c31-a724-ad530a1673ae 8fcc7aefc2d940d5900aab719c747aff 9a1081889d6147e3a18c78794cbd798f - - default default] Successfully bumped revision number for resource 6cc145bd-65b6-4677-86a6-f61f5931137e (type: ports) to 1 [pid: 8|app: 0|req: 1489/2721] 10.0.0.89 () {34 vars in 669 bytes} [Thu Jul 2 01:36:38 2026] POST /v2.0/networks => generated 768 bytes in 449 msecs (HTTP/1.1 201) 4 headers in 162 bytes (1 switches on core 0)
2026-07-02 01:36:38.717 8 WARNING neutron.scheduler.dhcp_agent_scheduler [None req-7eecc0aa-5ed4-4ceb-94d8-2cd043e16274 8fcc7aefc2d940d5900aab719c747aff 9a1081889d6147e3a18c78794cbd798f - - default default] No more DHCP agents
2026-07-02 01:36:38.718 8 WARNING neutron.api.rpc.agentnotifiers.dhcp_rpc_agent_api [None req-7eecc0aa-5ed4-4ceb-94d8-2cd043e16274 8fcc7aefc2d940d5900aab719c747aff 9a1081889d6147e3a18c78794cbd798f - - default default] Unable to schedule network 59330855-9e1e-45e1-865a-af6b7bbd2d6b: no agents available; will retry on subsequent port and subnet creation events.
2026-07-02 01:36:38.762 7 INFO neutron.db.ovn_revision_numbers_db [None req-fa38c440-fde2-49f8-8f06-886472c1ddca - - - - - -] Successfully bumped revision number for resource c384044a-53a4-4935-99d3-cf33438ffe31 (type: ports) to 3
2026-07-02 01:36:38.831 7 INFO neutron.db.segments_db [None req-fa38c440-fde2-49f8-8f06-886472c1ddca - - - - - -] Added segment b166e56a-8a70-4950-ac4f-8a5160337182 of type geneve for network d3362f7e-441a-4e01-8da6-efe1ee66f572
2026-07-02 01:36:38.958 7 INFO neutron.db.ovn_revision_numbers_db [None req-010f6b20-bc3a-4491-b73a-9669929f3e20 - - - - - -] Successfully bumped revision number for resource d3362f7e-441a-4e01-8da6-efe1ee66f572 (type: networks) to 1
2026-07-02 01:36:39.104 7 WARNING neutron.scheduler.dhcp_agent_scheduler [None req-010f6b20-bc3a-4491-b73a-9669929f3e20 - - - - - -] No more DHCP agents
2026-07-02 01:36:39.106 7 WARNING neutron.api.rpc.agentnotifiers.dhcp_rpc_agent_api [None req-010f6b20-bc3a-4491-b73a-9669929f3e20 - - - - - -] Unable to schedule network d3362f7e-441a-4e01-8da6-efe1ee66f572: no agents available; will retry on subsequent port and subnet creation events.
2026-07-02 01:36:39.152 8 INFO neutron.db.ovn_revision_numbers_db [None req-98605110-2e0a-41b0-a7ff-b8212962bf06 - - - - - -] Successfully bumped revision number for resource 6cc145bd-65b6-4677-86a6-f61f5931137e (type: ports) to 2
2026-07-02 01:36:39.200 8 INFO neutron.db.ovn_revision_numbers_db [None req-98605110-2e0a-41b0-a7ff-b8212962bf06 - - - - - -] Successfully bumped revision number for resource 287a981b-6787-437e-9068-1367e891ae1d (type: subnets) to 0
2026-07-02 01:36:39.213 7 INFO neutron.db.ovn_revision_numbers_db [None req-010f6b20-bc3a-4491-b73a-9669929f3e20 - - - - - -] Successfully bumped revision number for resource a93dd7ee-e40d-44be-8c18-b6ea65506111 (type: ports) to 1 [pid: 8|app: 0|req: 1490/2722] 10.0.0.89 () {34 vars in 668 bytes} [Thu Jul 2 01:36:38 2026] POST /v2.0/subnets => generated 647 bytes in 627 msecs (HTTP/1.1 201) 4 headers in 162 bytes (1 switches on core 0)
2026-07-02 01:36:39.330 7 WARNING neutron.scheduler.dhcp_agent_scheduler [None req-010f6b20-bc3a-4491-b73a-9669929f3e20 - - - - - -] No more DHCP agents
2026-07-02 01:36:39.331 7 WARNING neutron.api.rpc.agentnotifiers.dhcp_rpc_agent_api [None req-010f6b20-bc3a-4491-b73a-9669929f3e20 - - - - - -] Unable to schedule network d3362f7e-441a-4e01-8da6-efe1ee66f572: no agents available; will retry on subsequent port and subnet creation events.
2026-07-02 01:36:39.356 7 INFO neutron.db.ovn_revision_numbers_db [None req-010f6b20-bc3a-4491-b73a-9669929f3e20 - - - - - -] Successfully bumped revision number for resource 4b9c8c2c-40d7-43a8-a157-65b66b950c74 (type: subnets) to 0 [pid: 8|app: 0|req: 1491/2723] 10.0.0.89 () {34 vars in 680 bytes} [Thu Jul 2 01:36:39 2026] POST /v2.0/rbac-policies => generated 324 bytes in 258 msecs (HTTP/1.1 201) 4 headers in 162 bytes (1 switches on core 0)
2026-07-02 01:36:39.714 7 WARNING neutron.scheduler.dhcp_agent_scheduler [None req-010f6b20-bc3a-4491-b73a-9669929f3e20 - - - - - -] No more DHCP agents
2026-07-02 01:36:39.715 7 WARNING neutron.api.rpc.agentnotifiers.dhcp_rpc_agent_api [None req-010f6b20-bc3a-4491-b73a-9669929f3e20 - - - - - -] Unable to schedule network d3362f7e-441a-4e01-8da6-efe1ee66f572: no agents available; will retry on subsequent port and subnet creation events.
2026-07-02 01:36:39.854 7 INFO neutron.db.ovn_revision_numbers_db [None req-010f6b20-bc3a-4491-b73a-9669929f3e20 - - - - - -] Successfully bumped revision number for resource 9894e1ad-7f75-46db-b521-c1e59f8a48b9 (type: ports) to 1 [pid: 8|app: 0|req: 1492/2724] 10.0.0.89 () {32 vars in 722 bytes} [Thu Jul 2 01:36:39 2026] GET /v2.0/networks/59330855-9e1e-45e1-865a-af6b7bbd2d6b => generated 693 bytes in 77 msecs (HTTP/1.1 200) 4 headers in 157 bytes (1 switches on core 0)
2026-07-02 01:36:39.923 7 WARNING neutron.plugins.ml2.drivers.ovn.mech_driver.ovsdb.ovn_client [None req-9c014a8c-7a1a-49c3-932e-db43bd69de57 - - - - - -] No hosting information found for port 374832ba-4b55-447c-bb60-acf2e4e14c63: RuntimeError: No hosting information found for port 374832ba-4b55-447c-bb60-acf2e4e14c63
2026-07-02 01:36:39.924 7 INFO neutron.plugins.ml2.drivers.ovn.mech_driver.mech_driver [None req-9c014a8c-7a1a-49c3-932e-db43bd69de57 - - - - - -] OVN reports status down for port: c384044a-53a4-4935-99d3-cf33438ffe31
2026-07-02 01:36:40.031 7 INFO neutron.plugins.ml2.drivers.ovn.mech_driver.mech_driver [None req-9c014a8c-7a1a-49c3-932e-db43bd69de57 - - - - - -] OVN reports status down for port: 6cc145bd-65b6-4677-86a6-f61f5931137e
2026-07-02 01:36:40.142 7 INFO neutron.plugins.ml2.drivers.ovn.mech_driver.mech_driver [None req-9c014a8c-7a1a-49c3-932e-db43bd69de57 - - - - - -] OVN reports status down for port: a93dd7ee-e40d-44be-8c18-b6ea65506111 [pid: 8|app: 0|req: 1493/2725] 10.0.0.226 () {28 vars in 619 bytes} [Thu Jul 2 01:36:40 2026] GET /v2.0/network-ip-availabilities => generated 4443 bytes in 49 msecs (HTTP/1.1 200) 4 headers in 158 bytes (1 switches on core 0) [pid: 8|app: 0|req: 1494/2726] 10.0.0.226 () {28 vars in 599 bytes} [Thu Jul 2 01:36:40 2026] GET /v2.0/security-groups => generated 37284 bytes in 42 msecs (HTTP/1.1 200) 4 headers in 159 bytes (1 switches on core 0) [pid: 8|app: 0|req: 1495/2727] 10.0.0.226 () {28 vars in 581 bytes} [Thu Jul 2 01:36:40 2026] GET /v2.0/agents => generated 1214 bytes in 14 msecs (HTTP/1.1 200) 4 headers in 158 bytes (1 switches on core 0) [pid: 8|app: 0|req: 1496/2728] 10.0.0.226 () {28 vars in 591 bytes} [Thu Jul 2 01:36:40 2026] GET /v2.0/floatingips => generated 2588 bytes in 37 msecs (HTTP/1.1 200) 4 headers in 158 bytes (1 switches on core 0)
2026-07-02 01:36:40.312 8 INFO neutron.pecan_wsgi.hooks.translation [None req-0764393b-b82b-4279-ab18-e9d992d2faab 4c8ecd523a6e4435a1cc9e787e3eed33 1240b8505de140df8cb18af7e8810b01 - - default default] GET failed (client error): The resource could not be found. [pid: 8|app: 0|req: 1497/2729] 10.0.0.89 () {32 vars in 722 bytes} [Thu Jul 2 01:36:40 2026] GET /v2.0/networks/59330855-9e1e-45e1-865a-af6b7bbd2d6b => generated 138 bytes in 42 msecs (HTTP/1.1 404) 4 headers in 164 bytes (1 switches on core 0) [pid: 8|app: 0|req: 1498/2730] 10.0.0.226 () {28 vars in 585 bytes} [Thu Jul 2 01:36:40 2026] GET /v2.0/networks => generated 7075 bytes in 71 msecs (HTTP/1.1 200) 4 headers in 158 bytes (1 switches on core 0)
2026-07-02 01:36:40.501 8 INFO neutron_taas.services.taas.taas_plugin [None req-be376b9d-4494-4362-bc3d-15d11c6b3552 8fcc7aefc2d940d5900aab719c747aff 9a1081889d6147e3a18c78794cbd798f - - default default] TaaS: Handle Delete Port: 6cc145bd-65b6-4677-86a6-f61f5931137e
2026-07-02 01:36:40.504 8 INFO neutron_taas.services.taas.tap_mirror_plugin [None req-be376b9d-4494-4362-bc3d-15d11c6b3552 8fcc7aefc2d940d5900aab719c747aff 9a1081889d6147e3a18c78794cbd798f - - default default] Tap Mirror: Handle Delete Port: 6cc145bd-65b6-4677-86a6-f61f5931137e
2026-07-02 01:36:40.618 7 WARNING neutron.scheduler.dhcp_agent_scheduler [None req-010f6b20-bc3a-4491-b73a-9669929f3e20 - - - - - -] No more DHCP agents
2026-07-02 01:36:40.620 7 WARNING neutron.api.rpc.agentnotifiers.dhcp_rpc_agent_api [None req-010f6b20-bc3a-4491-b73a-9669929f3e20 - - - - - -] Unable to schedule network d3362f7e-441a-4e01-8da6-efe1ee66f572: no agents available; will retry on subsequent port and subnet creation events.
2026-07-02 01:36:40.865 8 INFO neutron.services.segments.plugin [-] Segment 6e26c1c1-821c-4383-b79c-0b7ddf9db48b resource provider aggregate not found
2026-07-02 01:36:40.872 8 INFO neutron.services.segments.plugin [-] Segment 6e26c1c1-821c-4383-b79c-0b7ddf9db48b resource provider aggregate not found
2026-07-02 01:36:40.883 8 INFO neutron.services.segments.plugin [-] Segment 6e26c1c1-821c-4383-b79c-0b7ddf9db48b resource provider not found; error: Placement Client Error (4xx): {"errors": [{"status": 404, "title": "Not Found", "detail": "The resource could not be found.\n\n No resource provider with uuid 6e26c1c1-821c-4383-b79c-0b7ddf9db48b found for delete ", "request_id": "req-3980cdc6-8e10-4833-9328-a45ceaf41c70"}]}
2026-07-02 01:36:40.888 8 INFO neutron.services.segments.plugin [-] Segment 6e26c1c1-821c-4383-b79c-0b7ddf9db48b resource provider not found; error: Placement Client Error (4xx): {"errors": [{"status": 404, "title": "Not Found", "detail": "The resource could not be found.\n\n No resource provider with uuid 6e26c1c1-821c-4383-b79c-0b7ddf9db48b found for delete ", "request_id": "req-e102e2d4-2e02-4e04-840f-28f207b7e843"}]} [pid: 8|app: 0|req: 1499/2731] 10.0.0.89 () {32 vars in 725 bytes} [Thu Jul 2 01:36:40 2026] DELETE /v2.0/networks/59330855-9e1e-45e1-865a-af6b7bbd2d6b => generated 0 bytes in 526 msecs (HTTP/1.1 204) 3 headers in 131 bytes (1 switches on core 0) [pid: 8|app: 0|req: 1500/2732] 10.0.0.226 () {28 vars in 583 bytes} [Thu Jul 2 01:36:40 2026] GET /v2.0/subnets => generated 6839 bytes in 46 msecs (HTTP/1.1 200) 4 headers in 158 bytes (1 switches on core 0)
2026-07-02 01:36:40.968 8 INFO neutron.pecan_wsgi.hooks.translation [None req-cb310a92-410e-438e-bc29-a051bd0cd1a3 8fcc7aefc2d940d5900aab719c747aff 9a1081889d6147e3a18c78794cbd798f - - default default] DELETE failed (client error): The resource could not be found. [pid: 8|app: 0|req: 1501/2733] 10.0.0.89 () {32 vars in 723 bytes} [Thu Jul 2 01:36:40 2026] DELETE /v2.0/subnets/df835fed-8b8e-4def-8a87-489c754d8582 => generated 136 bytes in 10 msecs (HTTP/1.1 404) 4 headers in 164 bytes (1 switches on core 0)
2026-07-02 01:36:41.102 7 INFO neutron.db.ovn_revision_numbers_db [None req-010f6b20-bc3a-4491-b73a-9669929f3e20 - - - - - -] Successfully bumped revision number for resource 9894e1ad-7f75-46db-b521-c1e59f8a48b9 (type: router_ports) to 1 [pid: 8|app: 0|req: 1502/2734] 10.0.0.226 () {28 vars in 579 bytes} [Thu Jul 2 01:36:40 2026] GET /v2.0/ports => generated 28174 bytes in 200 msecs (HTTP/1.1 200) 4 headers in 159 bytes (1 switches on core 0)
2026-07-02 01:36:41.181 8 INFO neutron.pecan_wsgi.hooks.translation [None req-db03158a-c500-43bf-9a82-547b0f39d82a 8fcc7aefc2d940d5900aab719c747aff 9a1081889d6147e3a18c78794cbd798f - - default default] DELETE failed (client error): The resource could not be found. [pid: 8|app: 0|req: 1503/2735] 10.0.0.89 () {32 vars in 723 bytes} [Thu Jul 2 01:36:41 2026] DELETE /v2.0/subnets/e6f01ad9-2d40-4dc8-8aa8-55f00250d679 => generated 136 bytes in 11 msecs (HTTP/1.1 404) 4 headers in 164 bytes (1 switches on core 0)
2026-07-02 01:36:41.196 8 INFO neutron.pecan_wsgi.hooks.translation [None req-af19f227-c8c1-4118-87b9-420b8919616d 8fcc7aefc2d940d5900aab719c747aff 9a1081889d6147e3a18c78794cbd798f - - default default] DELETE failed (client error): The resource could not be found. [pid: 8|app: 0|req: 1504/2736] 10.0.0.89 () {32 vars in 723 bytes} [Thu Jul 2 01:36:41 2026] DELETE /v2.0/subnets/287a981b-6787-437e-9068-1367e891ae1d => generated 136 bytes in 11 msecs (HTTP/1.1 404) 4 headers in 164 bytes (1 switches on core 0) [pid: 8|app: 0|req: 1505/2737] 10.0.0.226 () {28 vars in 583 bytes} [Thu Jul 2 01:36:41 2026] GET /v2.0/routers => generated 1909 bytes in 67 msecs (HTTP/1.1 200) 4 headers in 158 bytes (1 switches on core 0) [pid: 8|app: 0|req: 1506/2738] 10.0.0.226 () {28 vars in 624 bytes} [Thu Jul 2 01:36:41 2026] GET /v2.0/agents?binary=ovn-controller => generated 416 bytes in 10 msecs (HTTP/1.1 200) 4 headers in 157 bytes (1 switches on core 0)
2026-07-02 01:36:41.306 7 WARNING neutron.scheduler.dhcp_agent_scheduler [None req-010f6b20-bc3a-4491-b73a-9669929f3e20 - - - - - -] No more DHCP agents
2026-07-02 01:36:41.308 7 WARNING neutron.api.rpc.agentnotifiers.dhcp_rpc_agent_api [None req-010f6b20-bc3a-4491-b73a-9669929f3e20 - - - - - -] Unable to schedule network d3362f7e-441a-4e01-8da6-efe1ee66f572: no agents available; will retry on subsequent port and subnet creation events. [pid: 8|app: 0|req: 1507/2739] 10.0.0.226 () {28 vars in 583 bytes} [Thu Jul 2 01:36:41 2026] GET /v2.0/subnets => generated 6839 bytes in 48 msecs (HTTP/1.1 200) 4 headers in 158 bytes (1 switches on core 0) [pid: 8|app: 0|req: 1508/2740] 10.0.0.226 () {28 vars in 591 bytes} [Thu Jul 2 01:36:41 2026] GET /v2.0/subnetpools => generated 19 bytes in 9 msecs (HTTP/1.1 200) 4 headers in 156 bytes (1 switches on core 0)
2026-07-02 01:36:41.494 7 INFO neutron.db.ovn_revision_numbers_db [None req-010f6b20-bc3a-4491-b73a-9669929f3e20 - - - - - -] Successfully bumped revision number for resource 6c65291e-b88e-4264-a268-0f9e3e38600a (type: ports) to 1
