2026-07-02 01:31:55.652 8 INFO cinder.volume.api [req-9183709d-34e4-442d-9d75-c9f80fbbb9e2 req-369461c5-a1c5-437b-b693-d410a735bcdd d7c76544bc72414b97c1bc00be676fd1 13a70dd31df94c9984fb67dddf292536 - - default default] Volume info retrieved successfully.
2026-07-02 01:31:55.660 8 INFO cinder.api.openstack.wsgi [req-9183709d-34e4-442d-9d75-c9f80fbbb9e2 req-369461c5-a1c5-437b-b693-d410a735bcdd d7c76544bc72414b97c1bc00be676fd1 13a70dd31df94c9984fb67dddf292536 - - default default] http://cinder-api.openstack.svc.cluster.local:8776/v3/13a70dd31df94c9984fb67dddf292536/volumes/1b3d6cc4-8123-468e-8f7c-b4a7c291bd1a returned with HTTP 200 [pid: 8|app: 0|req: 336/674] 10.0.0.224 () {34 vars in 1028 bytes} [Thu Jul 2 01:31:55 2026] GET /v3/13a70dd31df94c9984fb67dddf292536/volumes/1b3d6cc4-8123-468e-8f7c-b4a7c291bd1a => generated 1483 bytes in 37 msecs (HTTP/1.1 200) 7 headers in 286 bytes (1 switches on core 0)
2026-07-02 01:31:55.669 7 INFO cinder.api.openstack.wsgi [req-9183709d-34e4-442d-9d75-c9f80fbbb9e2 req-e59a621c-88c0-43a2-a7b4-5d62e37c5bd6 d7c76544bc72414b97c1bc00be676fd1 13a70dd31df94c9984fb67dddf292536 - - default default] GET http://cinder-api.openstack.svc.cluster.local:8776/
2026-07-02 01:31:55.671 7 INFO cinder.api.openstack.wsgi [req-9183709d-34e4-442d-9d75-c9f80fbbb9e2 req-e59a621c-88c0-43a2-a7b4-5d62e37c5bd6 d7c76544bc72414b97c1bc00be676fd1 13a70dd31df94c9984fb67dddf292536 - - default default] http://cinder-api.openstack.svc.cluster.local:8776/ returned with HTTP 300 [pid: 7|app: 0|req: 339/675] 10.0.0.224 () {32 vars in 829 bytes} [Thu Jul 2 01:31:55 2026] GET / => generated 411 bytes in 3 msecs (HTTP/1.1 300) 5 headers in 169 bytes (1 switches on core 0) /var/lib/openstack/lib/python3.12/site-packages/pycadf/identifier.py:70: UserWarning: Invalid uuid: cinderv3. To ensure interoperability, identifiers should be a valid uuid. warnings.warn(('Invalid uuid: %s. To ensure interoperability, '
2026-07-02 01:31:55.681 8 INFO cinder.api.openstack.wsgi [req-9183709d-34e4-442d-9d75-c9f80fbbb9e2 req-c8a22b99-ae9d-46b0-80a9-6e7ebc68b98f d7c76544bc72414b97c1bc00be676fd1 13a70dd31df94c9984fb67dddf292536 - - default default] POST http://cinder-api.openstack.svc.cluster.local:8776/v3/13a70dd31df94c9984fb67dddf292536/attachments /var/lib/openstack/lib/python3.12/site-packages/oslo_context/context.py:101: DeprecationWarning: Policy enforcement is depending on the value of is_admin. This key is deprecated. Please update your policy file to use the standard policy values. warnings.warn(
2026-07-02 01:31:55.738 8 INFO cinder.api.openstack.wsgi [req-9183709d-34e4-442d-9d75-c9f80fbbb9e2 req-c8a22b99-ae9d-46b0-80a9-6e7ebc68b98f d7c76544bc72414b97c1bc00be676fd1 13a70dd31df94c9984fb67dddf292536 - - default default] http://cinder-api.openstack.svc.cluster.local:8776/v3/13a70dd31df94c9984fb67dddf292536/attachments returned with HTTP 200 [pid: 8|app: 0|req: 337/676] 10.0.0.224 () {40 vars in 1057 bytes} [Thu Jul 2 01:31:55 2026] POST /v3/13a70dd31df94c9984fb67dddf292536/attachments => generated 273 bytes in 63 msecs (HTTP/1.1 200) 7 headers in 286 bytes (1 switches on core 0)
2026-07-02 01:32:01.927 7 INFO cinder.api.openstack.wsgi [req-9183709d-34e4-442d-9d75-c9f80fbbb9e2 req-e59a621c-88c0-43a2-a7b4-5d62e37c5bd6 d7c76544bc72414b97c1bc00be676fd1 13a70dd31df94c9984fb67dddf292536 - - default default] GET http://cinder-api.openstack.svc.cluster.local:8776/
2026-07-02 01:32:01.928 7 INFO cinder.api.openstack.wsgi [req-9183709d-34e4-442d-9d75-c9f80fbbb9e2 req-e59a621c-88c0-43a2-a7b4-5d62e37c5bd6 d7c76544bc72414b97c1bc00be676fd1 13a70dd31df94c9984fb67dddf292536 - - default default] http://cinder-api.openstack.svc.cluster.local:8776/ returned with HTTP 300 [pid: 7|app: 0|req: 340/677] 199.204.45.129 () {32 vars in 840 bytes} [Thu Jul 2 01:32:01 2026] GET / => generated 411 bytes in 2 msecs (HTTP/1.1 300) 5 headers in 169 bytes (1 switches on core 0) /var/lib/openstack/lib/python3.12/site-packages/pycadf/identifier.py:70: UserWarning: Invalid uuid: cinderv3. To ensure interoperability, identifiers should be a valid uuid. warnings.warn(('Invalid uuid: %s. To ensure interoperability, '
2026-07-02 01:32:01.974 8 INFO cinder.api.openstack.wsgi [req-9183709d-34e4-442d-9d75-c9f80fbbb9e2 req-302b1dff-71aa-436e-9157-10129e45ce78 d7c76544bc72414b97c1bc00be676fd1 13a70dd31df94c9984fb67dddf292536 - - default default] GET http://cinder-api.openstack.svc.cluster.local:8776/v3/13a70dd31df94c9984fb67dddf292536/volumes/1b3d6cc4-8123-468e-8f7c-b4a7c291bd1a /var/lib/openstack/lib/python3.12/site-packages/oslo_context/context.py:101: DeprecationWarning: Policy enforcement is depending on the value of is_admin. This key is deprecated. Please update your policy file to use the standard policy values. warnings.warn(
2026-07-02 01:32:01.987 8 INFO cinder.volume.api [req-9183709d-34e4-442d-9d75-c9f80fbbb9e2 req-302b1dff-71aa-436e-9157-10129e45ce78 d7c76544bc72414b97c1bc00be676fd1 13a70dd31df94c9984fb67dddf292536 - - default default] Volume info retrieved successfully.
2026-07-02 01:32:01.991 8 INFO cinder.api.openstack.wsgi [req-9183709d-34e4-442d-9d75-c9f80fbbb9e2 req-302b1dff-71aa-436e-9157-10129e45ce78 d7c76544bc72414b97c1bc00be676fd1 13a70dd31df94c9984fb67dddf292536 - - default default] http://cinder-api.openstack.svc.cluster.local:8776/v3/13a70dd31df94c9984fb67dddf292536/volumes/1b3d6cc4-8123-468e-8f7c-b4a7c291bd1a returned with HTTP 200 [pid: 8|app: 0|req: 338/678] 199.204.45.129 () {36 vars in 1073 bytes} [Thu Jul 2 01:32:01 2026] GET /v3/13a70dd31df94c9984fb67dddf292536/volumes/1b3d6cc4-8123-468e-8f7c-b4a7c291bd1a => generated 1663 bytes in 24 msecs (HTTP/1.1 200) 7 headers in 287 bytes (1 switches on core 0) /var/lib/openstack/lib/python3.12/site-packages/pycadf/identifier.py:70: UserWarning: Invalid uuid: cinderv3. To ensure interoperability, identifiers should be a valid uuid. warnings.warn(('Invalid uuid: %s. To ensure interoperability, '
2026-07-02 01:32:03.887 7 INFO cinder.api.openstack.wsgi [req-9183709d-34e4-442d-9d75-c9f80fbbb9e2 req-78ffaf2c-d73a-4b87-b662-f79aef759a24 d7c76544bc72414b97c1bc00be676fd1 13a70dd31df94c9984fb67dddf292536 - - default default] PUT http://cinder-api.openstack.svc.cluster.local:8776/v3/13a70dd31df94c9984fb67dddf292536/attachments/126c286b-650e-41c2-934f-eeb9b74512ac /var/lib/openstack/lib/python3.12/site-packages/oslo_context/context.py:101: DeprecationWarning: Policy enforcement is depending on the value of is_admin. This key is deprecated. Please update your policy file to use the standard policy values. warnings.warn(
2026-07-02 01:32:03.921 8 INFO cinder.api.openstack.wsgi [req-9183709d-34e4-442d-9d75-c9f80fbbb9e2 req-302b1dff-71aa-436e-9157-10129e45ce78 d7c76544bc72414b97c1bc00be676fd1 13a70dd31df94c9984fb67dddf292536 - - default default] GET http://10.0.0.140:8776/
2026-07-02 01:32:03.923 8 INFO cinder.api.openstack.wsgi [req-9183709d-34e4-442d-9d75-c9f80fbbb9e2 req-302b1dff-71aa-436e-9157-10129e45ce78 d7c76544bc72414b97c1bc00be676fd1 13a70dd31df94c9984fb67dddf292536 - - default default] http://10.0.0.140:8776/ returned with HTTP 300
2026-07-02 01:32:03.924 8 INFO cinder.api.openstack.wsgi [req-9183709d-34e4-442d-9d75-c9f80fbbb9e2 req-302b1dff-71aa-436e-9157-10129e45ce78 d7c76544bc72414b97c1bc00be676fd1 13a70dd31df94c9984fb67dddf292536 - - default default] GET http://10.0.0.140:8776/
2026-07-02 01:32:03.925 8 INFO cinder.api.openstack.wsgi [req-9183709d-34e4-442d-9d75-c9f80fbbb9e2 req-302b1dff-71aa-436e-9157-10129e45ce78 d7c76544bc72414b97c1bc00be676fd1 13a70dd31df94c9984fb67dddf292536 - - default default] http://10.0.0.140:8776/ returned with HTTP 300
2026-07-02 01:32:04.932 7 INFO cinder.api.openstack.wsgi [req-9183709d-34e4-442d-9d75-c9f80fbbb9e2 req-78ffaf2c-d73a-4b87-b662-f79aef759a24 d7c76544bc72414b97c1bc00be676fd1 13a70dd31df94c9984fb67dddf292536 - - default default] http://cinder-api.openstack.svc.cluster.local:8776/v3/13a70dd31df94c9984fb67dddf292536/attachments/126c286b-650e-41c2-934f-eeb9b74512ac returned with HTTP 200 [pid: 7|app: 0|req: 341/681] 199.204.45.129 () {40 vars in 1135 bytes} [Thu Jul 2 01:32:03 2026] PUT /v3/13a70dd31df94c9984fb67dddf292536/attachments/126c286b-650e-41c2-934f-eeb9b74512ac => generated 802 bytes in 1055 msecs (HTTP/1.1 200) 7 headers in 286 bytes (1 switches on core 0) /var/lib/openstack/lib/python3.12/site-packages/pycadf/identifier.py:70: UserWarning: Invalid uuid: cinderv3. To ensure interoperability, identifiers should be a valid uuid. warnings.warn(('Invalid uuid: %s. To ensure interoperability, '
2026-07-02 01:32:05.448 8 INFO cinder.api.openstack.wsgi [req-9183709d-34e4-442d-9d75-c9f80fbbb9e2 req-0c2d97d3-acbe-4995-b75e-be5d393a5f33 d7c76544bc72414b97c1bc00be676fd1 13a70dd31df94c9984fb67dddf292536 - - default default] POST http://cinder-api.openstack.svc.cluster.local:8776/v3/13a70dd31df94c9984fb67dddf292536/attachments/126c286b-650e-41c2-934f-eeb9b74512ac/action /var/lib/openstack/lib/python3.12/site-packages/oslo_context/context.py:101: DeprecationWarning: Policy enforcement is depending on the value of is_admin. This key is deprecated. Please update your policy file to use the standard policy values. warnings.warn(
2026-07-02 01:32:05.474 8 INFO cinder.api.openstack.wsgi [req-9183709d-34e4-442d-9d75-c9f80fbbb9e2 req-0c2d97d3-acbe-4995-b75e-be5d393a5f33 d7c76544bc72414b97c1bc00be676fd1 13a70dd31df94c9984fb67dddf292536 - - default default] http://cinder-api.openstack.svc.cluster.local:8776/v3/13a70dd31df94c9984fb67dddf292536/attachments/126c286b-650e-41c2-934f-eeb9b74512ac/action returned with HTTP 204 [pid: 8|app: 0|req: 341/682] 199.204.45.129 () {40 vars in 1148 bytes} [Thu Jul 2 01:32:05 2026] POST /v3/13a70dd31df94c9984fb67dddf292536/attachments/126c286b-650e-41c2-934f-eeb9b74512ac/action => generated 0 bytes in 31 msecs (HTTP/1.1 204) 7 headers in 292 bytes (1 switches on core 0)
2026-07-02 01:32:13.922 7 INFO cinder.api.openstack.wsgi [req-9183709d-34e4-442d-9d75-c9f80fbbb9e2 req-78ffaf2c-d73a-4b87-b662-f79aef759a24 d7c76544bc72414b97c1bc00be676fd1 13a70dd31df94c9984fb67dddf292536 - - default default] GET http://10.0.0.140:8776/
2026-07-02 01:32:13.924 7 INFO cinder.api.openstack.wsgi [req-9183709d-34e4-442d-9d75-c9f80fbbb9e2 req-78ffaf2c-d73a-4b87-b662-f79aef759a24 d7c76544bc72414b97c1bc00be676fd1 13a70dd31df94c9984fb67dddf292536 - - default default] http://10.0.0.140:8776/ returned with HTTP 300
2026-07-02 01:32:13.927 8 INFO cinder.api.openstack.wsgi [req-9183709d-34e4-442d-9d75-c9f80fbbb9e2 req-0c2d97d3-acbe-4995-b75e-be5d393a5f33 d7c76544bc72414b97c1bc00be676fd1 13a70dd31df94c9984fb67dddf292536 - - default default] GET http://10.0.0.140:8776/
2026-07-02 01:32:13.933 8 INFO cinder.api.openstack.wsgi [req-9183709d-34e4-442d-9d75-c9f80fbbb9e2 req-0c2d97d3-acbe-4995-b75e-be5d393a5f33 d7c76544bc72414b97c1bc00be676fd1 13a70dd31df94c9984fb67dddf292536 - - default default] http://10.0.0.140:8776/ returned with HTTP 300 /var/lib/openstack/lib/python3.12/site-packages/pycadf/identifier.py:70: UserWarning: Invalid uuid: cinderv3. To ensure interoperability, identifiers should be a valid uuid. warnings.warn(('Invalid uuid: %s. To ensure interoperability, '
2026-07-02 01:32:16.882 7 INFO cinder.api.openstack.wsgi [req-0d2c4dd0-3fe5-4a3e-8f93-379f250b3f6a req-d4f89fff-e43d-4460-96a8-e3e0e351fb4d d7c76544bc72414b97c1bc00be676fd1 13a70dd31df94c9984fb67dddf292536 - - default default] DELETE http://cinder-api.openstack.svc.cluster.local:8776/v3/13a70dd31df94c9984fb67dddf292536/attachments/126c286b-650e-41c2-934f-eeb9b74512ac /var/lib/openstack/lib/python3.12/site-packages/oslo_context/context.py:101: DeprecationWarning: Policy enforcement is depending on the value of is_admin. This key is deprecated. Please update your policy file to use the standard policy values. warnings.warn(
2026-07-02 01:32:17.448 7 INFO cinder.api.openstack.wsgi [req-0d2c4dd0-3fe5-4a3e-8f93-379f250b3f6a req-d4f89fff-e43d-4460-96a8-e3e0e351fb4d d7c76544bc72414b97c1bc00be676fd1 13a70dd31df94c9984fb67dddf292536 - - default default] http://cinder-api.openstack.svc.cluster.local:8776/v3/13a70dd31df94c9984fb67dddf292536/attachments/126c286b-650e-41c2-934f-eeb9b74512ac returned with HTTP 200 [pid: 7|app: 0|req: 343/685] 199.204.45.129 () {38 vars in 1103 bytes} [Thu Jul 2 01:32:16 2026] DELETE /v3/13a70dd31df94c9984fb67dddf292536/attachments/126c286b-650e-41c2-934f-eeb9b74512ac => generated 19 bytes in 573 msecs (HTTP/1.1 200) 7 headers in 285 bytes (1 switches on core 0) /var/lib/openstack/lib/python3.12/site-packages/pycadf/identifier.py:70: UserWarning: Invalid uuid: cinderv3. To ensure interoperability, identifiers should be a valid uuid. warnings.warn(('Invalid uuid: %s. To ensure interoperability, '
2026-07-02 01:32:17.461 8 INFO cinder.api.openstack.wsgi [req-0d2c4dd0-3fe5-4a3e-8f93-379f250b3f6a req-4f5aae83-c6a7-4078-aa43-28562f47a7a5 d7c76544bc72414b97c1bc00be676fd1 13a70dd31df94c9984fb67dddf292536 - - default default] DELETE http://cinder-api.openstack.svc.cluster.local:8776/v3/13a70dd31df94c9984fb67dddf292536/volumes/1b3d6cc4-8123-468e-8f7c-b4a7c291bd1a
2026-07-02 01:32:17.462 8 INFO cinder.api.v3.volumes [req-0d2c4dd0-3fe5-4a3e-8f93-379f250b3f6a req-4f5aae83-c6a7-4078-aa43-28562f47a7a5 d7c76544bc72414b97c1bc00be676fd1 13a70dd31df94c9984fb67dddf292536 - - default default] Delete volume with id: 1b3d6cc4-8123-468e-8f7c-b4a7c291bd1a /var/lib/openstack/lib/python3.12/site-packages/oslo_context/context.py:101: DeprecationWarning: Policy enforcement is depending on the value of is_admin. This key is deprecated. Please update your policy file to use the standard policy values. warnings.warn(
2026-07-02 01:32:17.472 8 INFO cinder.volume.api [req-0d2c4dd0-3fe5-4a3e-8f93-379f250b3f6a req-4f5aae83-c6a7-4078-aa43-28562f47a7a5 d7c76544bc72414b97c1bc00be676fd1 13a70dd31df94c9984fb67dddf292536 - - default default] Volume info retrieved successfully.
2026-07-02 01:32:17.505 8 INFO cinder.volume.api [req-0d2c4dd0-3fe5-4a3e-8f93-379f250b3f6a req-4f5aae83-c6a7-4078-aa43-28562f47a7a5 d7c76544bc72414b97c1bc00be676fd1 13a70dd31df94c9984fb67dddf292536 - - default default] Delete volume request issued successfully.
2026-07-02 01:32:17.505 8 INFO cinder.api.openstack.wsgi [req-0d2c4dd0-3fe5-4a3e-8f93-379f250b3f6a req-4f5aae83-c6a7-4078-aa43-28562f47a7a5 d7c76544bc72414b97c1bc00be676fd1 13a70dd31df94c9984fb67dddf292536 - - default default] http://cinder-api.openstack.svc.cluster.local:8776/v3/13a70dd31df94c9984fb67dddf292536/volumes/1b3d6cc4-8123-468e-8f7c-b4a7c291bd1a returned with HTTP 202 [pid: 8|app: 0|req: 343/686] 199.204.45.129 () {36 vars in 1054 bytes} [Thu Jul 2 01:32:17 2026] DELETE /v3/13a70dd31df94c9984fb67dddf292536/volumes/1b3d6cc4-8123-468e-8f7c-b4a7c291bd1a => generated 0 bytes in 50 msecs (HTTP/1.1 202) 6 headers in 233 bytes (1 switches on core 0)
2026-07-02 01:32:23.921 7 INFO cinder.api.openstack.wsgi [req-0d2c4dd0-3fe5-4a3e-8f93-379f250b3f6a req-d4f89fff-e43d-4460-96a8-e3e0e351fb4d d7c76544bc72414b97c1bc00be676fd1 13a70dd31df94c9984fb67dddf292536 - - default default] GET http://10.0.0.140:8776/
2026-07-02 01:32:23.921 8 INFO cinder.api.openstack.wsgi [req-0d2c4dd0-3fe5-4a3e-8f93-379f250b3f6a req-4f5aae83-c6a7-4078-aa43-28562f47a7a5 d7c76544bc72414b97c1bc00be676fd1 13a70dd31df94c9984fb67dddf292536 - - default default] GET http://10.0.0.140:8776/
2026-07-02 01:32:23.922 7 INFO cinder.api.openstack.wsgi [req-0d2c4dd0-3fe5-4a3e-8f93-379f250b3f6a req-d4f89fff-e43d-4460-96a8-e3e0e351fb4d d7c76544bc72414b97c1bc00be676fd1 13a70dd31df94c9984fb67dddf292536 - - default default] http://10.0.0.140:8776/ returned with HTTP 300
2026-07-02 01:32:23.922 8 INFO cinder.api.openstack.wsgi [req-0d2c4dd0-3fe5-4a3e-8f93-379f250b3f6a req-4f5aae83-c6a7-4078-aa43-28562f47a7a5 d7c76544bc72414b97c1bc00be676fd1 13a70dd31df94c9984fb67dddf292536 - - default default] http://10.0.0.140:8776/ returned with HTTP 300
2026-07-02 01:32:33.922 8 INFO cinder.api.openstack.wsgi [req-0d2c4dd0-3fe5-4a3e-8f93-379f250b3f6a req-4f5aae83-c6a7-4078-aa43-28562f47a7a5 d7c76544bc72414b97c1bc00be676fd1 13a70dd31df94c9984fb67dddf292536 - - default default] GET http://10.0.0.140:8776/
2026-07-02 01:32:33.923 8 INFO cinder.api.openstack.wsgi [req-0d2c4dd0-3fe5-4a3e-8f93-379f250b3f6a req-4f5aae83-c6a7-4078-aa43-28562f47a7a5 d7c76544bc72414b97c1bc00be676fd1 13a70dd31df94c9984fb67dddf292536 - - default default] http://10.0.0.140:8776/ returned with HTTP 300
2026-07-02 01:32:33.924 7 INFO cinder.api.openstack.wsgi [req-0d2c4dd0-3fe5-4a3e-8f93-379f250b3f6a req-d4f89fff-e43d-4460-96a8-e3e0e351fb4d d7c76544bc72414b97c1bc00be676fd1 13a70dd31df94c9984fb67dddf292536 - - default default] GET http://10.0.0.140:8776/
2026-07-02 01:32:33.925 7 INFO cinder.api.openstack.wsgi [req-0d2c4dd0-3fe5-4a3e-8f93-379f250b3f6a req-d4f89fff-e43d-4460-96a8-e3e0e351fb4d d7c76544bc72414b97c1bc00be676fd1 13a70dd31df94c9984fb67dddf292536 - - default default] http://10.0.0.140:8776/ returned with HTTP 300 /var/lib/openstack/lib/python3.12/site-packages/pycadf/identifier.py:70: UserWarning: Invalid uuid: cinderv3. To ensure interoperability, identifiers should be a valid uuid. warnings.warn(('Invalid uuid: %s. To ensure interoperability, '
2026-07-02 01:32:40.302 8 INFO cinder.api.openstack.wsgi [None req-f74b4f3e-608e-45ef-b605-855c89da755e 7f137aed16a6477fbf4232aa590261d8 c2e69ec965bf4fec8a01c07aea725a7d - - default default] GET http://cinder-api.openstack.svc.cluster.local:8776/v3/c2e69ec965bf4fec8a01c07aea725a7d/os-services
2026-07-02 01:32:40.307 8 INFO cinder.api.openstack.wsgi [None req-f74b4f3e-608e-45ef-b605-855c89da755e 7f137aed16a6477fbf4232aa590261d8 c2e69ec965bf4fec8a01c07aea725a7d - - default default] http://cinder-api.openstack.svc.cluster.local:8776/v3/c2e69ec965bf4fec8a01c07aea725a7d/os-services returned with HTTP 200 [pid: 8|app: 0|req: 346/691] 10.0.0.226 () {28 vars in 645 bytes} [Thu Jul 2 01:32:40 2026] GET /v3/c2e69ec965bf4fec8a01c07aea725a7d/os-services => generated 646 bytes in 124 msecs (HTTP/1.1 200) 7 headers in 285 bytes (1 switches on core 0) /var/lib/openstack/lib/python3.12/site-packages/pycadf/identifier.py:70: UserWarning: Invalid uuid: cinderv3. To ensure interoperability, identifiers should be a valid uuid. warnings.warn(('Invalid uuid: %s. To ensure interoperability, '
2026-07-02 01:32:40.324 7 INFO cinder.api.openstack.wsgi [None req-9e3714b2-edbe-40c9-87bd-cbeb162a0922 7f137aed16a6477fbf4232aa590261d8 c2e69ec965bf4fec8a01c07aea725a7d - - default default] GET http://cinder-api.openstack.svc.cluster.local:8776/v3/c2e69ec965bf4fec8a01c07aea725a7d/scheduler-stats/get_pools?detail=true /var/lib/openstack/lib/python3.12/site-packages/oslo_context/context.py:101: DeprecationWarning: Policy enforcement is depending on the value of is_admin. This key is deprecated. Please update your policy file to use the standard policy values. warnings.warn(
2026-07-02 01:32:40.828 7 INFO cinder.api.openstack.wsgi [None req-9e3714b2-edbe-40c9-87bd-cbeb162a0922 7f137aed16a6477fbf4232aa590261d8 c2e69ec965bf4fec8a01c07aea725a7d - - default default] http://cinder-api.openstack.svc.cluster.local:8776/v3/c2e69ec965bf4fec8a01c07aea725a7d/scheduler-stats/get_pools?detail=true returned with HTTP 200 [pid: 7|app: 0|req: 346/692] 10.0.0.226 () {28 vars in 696 bytes} [Thu Jul 2 01:32:40 2026] GET /v3/c2e69ec965bf4fec8a01c07aea725a7d/scheduler-stats/get_pools?detail=true => generated 670 bytes in 515 msecs (HTTP/1.1 200) 7 headers in 285 bytes (1 switches on core 0)
2026-07-02 01:32:41.008 8 INFO cinder.api.openstack.wsgi [None req-a8019729-38cd-4789-84c7-aa3e9460d135 7f137aed16a6477fbf4232aa590261d8 c2e69ec965bf4fec8a01c07aea725a7d - - default default] GET http://cinder-api.openstack.svc.cluster.local:8776/v3/c2e69ec965bf4fec8a01c07aea725a7d/os-quota-sets/0ac5e032e3ef4162ad5292609cb83c0c?usage=true
2026-07-02 01:32:41.031 8 INFO cinder.api.openstack.wsgi [None req-a8019729-38cd-4789-84c7-aa3e9460d135 7f137aed16a6477fbf4232aa590261d8 c2e69ec965bf4fec8a01c07aea725a7d - - default default] http://cinder-api.openstack.svc.cluster.local:8776/v3/c2e69ec965bf4fec8a01c07aea725a7d/os-quota-sets/0ac5e032e3ef4162ad5292609cb83c0c?usage=true returned with HTTP 200 [pid: 8|app: 0|req: 347/693] 10.0.0.226 () {28 vars in 736 bytes} [Thu Jul 2 01:32:40 2026] GET /v3/c2e69ec965bf4fec8a01c07aea725a7d/os-quota-sets/0ac5e032e3ef4162ad5292609cb83c0c?usage=true => generated 847 bytes in 34 msecs (HTTP/1.1 200) 7 headers in 285 bytes (1 switches on core 0)
2026-07-02 01:32:41.045 7 INFO cinder.api.openstack.wsgi [None req-2d3c7481-fa80-409a-9604-c613a3de9661 7f137aed16a6477fbf4232aa590261d8 c2e69ec965bf4fec8a01c07aea725a7d - - default default] GET http://cinder-api.openstack.svc.cluster.local:8776/v3/c2e69ec965bf4fec8a01c07aea725a7d/os-quota-sets/2fbd3346d51c4f40a9f1d6689896911c?usage=true
2026-07-02 01:32:41.065 7 INFO cinder.api.openstack.wsgi [None req-2d3c7481-fa80-409a-9604-c613a3de9661 7f137aed16a6477fbf4232aa590261d8 c2e69ec965bf4fec8a01c07aea725a7d - - default default] http://cinder-api.openstack.svc.cluster.local:8776/v3/c2e69ec965bf4fec8a01c07aea725a7d/os-quota-sets/2fbd3346d51c4f40a9f1d6689896911c?usage=true returned with HTTP 200 [pid: 7|app: 0|req: 347/694] 10.0.0.226 () {28 vars in 736 bytes} [Thu Jul 2 01:32:41 2026] GET /v3/c2e69ec965bf4fec8a01c07aea725a7d/os-quota-sets/2fbd3346d51c4f40a9f1d6689896911c?usage=true => generated 847 bytes in 27 msecs (HTTP/1.1 200) 7 headers in 285 bytes (1 switches on core 0)
2026-07-02 01:32:41.088 8 INFO cinder.api.openstack.wsgi [None req-57b31f82-9df2-4340-9ee3-24e3d48709ec 7f137aed16a6477fbf4232aa590261d8 c2e69ec965bf4fec8a01c07aea725a7d - - default default] GET http://cinder-api.openstack.svc.cluster.local:8776/v3/c2e69ec965bf4fec8a01c07aea725a7d/os-quota-sets/3b85d0cd14564b268cfeae304a2f6703?usage=true
2026-07-02 01:32:41.115 8 INFO cinder.api.openstack.wsgi [None req-57b31f82-9df2-4340-9ee3-24e3d48709ec 7f137aed16a6477fbf4232aa590261d8 c2e69ec965bf4fec8a01c07aea725a7d - - default default] http://cinder-api.openstack.svc.cluster.local:8776/v3/c2e69ec965bf4fec8a01c07aea725a7d/os-quota-sets/3b85d0cd14564b268cfeae304a2f6703?usage=true returned with HTTP 200 [pid: 8|app: 0|req: 348/695] 10.0.0.226 () {28 vars in 736 bytes} [Thu Jul 2 01:32:41 2026] GET /v3/c2e69ec965bf4fec8a01c07aea725a7d/os-quota-sets/3b85d0cd14564b268cfeae304a2f6703?usage=true => generated 847 bytes in 45 msecs (HTTP/1.1 200) 7 headers in 285 bytes (1 switches on core 0)
2026-07-02 01:32:41.124 7 INFO cinder.api.openstack.wsgi [None req-396dadf1-46ad-45d1-b925-2787501214e8 7f137aed16a6477fbf4232aa590261d8 c2e69ec965bf4fec8a01c07aea725a7d - - default default] GET http://cinder-api.openstack.svc.cluster.local:8776/v3/c2e69ec965bf4fec8a01c07aea725a7d/os-quota-sets/9381bd16e9ac432595d37e8ed936cfc5?usage=true
2026-07-02 01:32:41.146 7 INFO cinder.api.openstack.wsgi [None req-396dadf1-46ad-45d1-b925-2787501214e8 7f137aed16a6477fbf4232aa590261d8 c2e69ec965bf4fec8a01c07aea725a7d - - default default] http://cinder-api.openstack.svc.cluster.local:8776/v3/c2e69ec965bf4fec8a01c07aea725a7d/os-quota-sets/9381bd16e9ac432595d37e8ed936cfc5?usage=true returned with HTTP 200 [pid: 7|app: 0|req: 348/696] 10.0.0.226 () {28 vars in 736 bytes} [Thu Jul 2 01:32:41 2026] GET /v3/c2e69ec965bf4fec8a01c07aea725a7d/os-quota-sets/9381bd16e9ac432595d37e8ed936cfc5?usage=true => generated 847 bytes in 28 msecs (HTTP/1.1 200) 7 headers in 285 bytes (1 switches on core 0)
2026-07-02 01:32:41.159 8 INFO cinder.api.openstack.wsgi [None req-f4293094-def7-438c-871a-a64737fc1fcc 7f137aed16a6477fbf4232aa590261d8 c2e69ec965bf4fec8a01c07aea725a7d - - default default] GET http://cinder-api.openstack.svc.cluster.local:8776/v3/c2e69ec965bf4fec8a01c07aea725a7d/os-quota-sets/95b8bc0e413f47c7a20f37d0964990d4?usage=true
2026-07-02 01:32:41.185 8 INFO cinder.api.openstack.wsgi [None req-f4293094-def7-438c-871a-a64737fc1fcc 7f137aed16a6477fbf4232aa590261d8 c2e69ec965bf4fec8a01c07aea725a7d - - default default] http://cinder-api.openstack.svc.cluster.local:8776/v3/c2e69ec965bf4fec8a01c07aea725a7d/os-quota-sets/95b8bc0e413f47c7a20f37d0964990d4?usage=true returned with HTTP 200 [pid: 8|app: 0|req: 349/697] 10.0.0.226 () {28 vars in 736 bytes} [Thu Jul 2 01:32:41 2026] GET /v3/c2e69ec965bf4fec8a01c07aea725a7d/os-quota-sets/95b8bc0e413f47c7a20f37d0964990d4?usage=true => generated 847 bytes in 35 msecs (HTTP/1.1 200) 7 headers in 285 bytes (1 switches on core 0)
2026-07-02 01:32:41.195 7 INFO cinder.api.openstack.wsgi [None req-ed29e4c3-91f1-4c50-a531-5e5a802250a6 7f137aed16a6477fbf4232aa590261d8 c2e69ec965bf4fec8a01c07aea725a7d - - default default] GET http://cinder-api.openstack.svc.cluster.local:8776/v3/c2e69ec965bf4fec8a01c07aea725a7d/os-quota-sets/a7e6ca3e840240e48da1f2f638f7be25?usage=true
2026-07-02 01:32:41.212 7 INFO cinder.api.openstack.wsgi [None req-ed29e4c3-91f1-4c50-a531-5e5a802250a6 7f137aed16a6477fbf4232aa590261d8 c2e69ec965bf4fec8a01c07aea725a7d - - default default] http://cinder-api.openstack.svc.cluster.local:8776/v3/c2e69ec965bf4fec8a01c07aea725a7d/os-quota-sets/a7e6ca3e840240e48da1f2f638f7be25?usage=true returned with HTTP 200 [pid: 7|app: 0|req: 349/698] 10.0.0.226 () {28 vars in 736 bytes} [Thu Jul 2 01:32:41 2026] GET /v3/c2e69ec965bf4fec8a01c07aea725a7d/os-quota-sets/a7e6ca3e840240e48da1f2f638f7be25?usage=true => generated 847 bytes in 23 msecs (HTTP/1.1 200) 7 headers in 285 bytes (1 switches on core 0)
2026-07-02 01:32:41.224 8 INFO cinder.api.openstack.wsgi [None req-407d71e6-f7b1-4d06-a861-4307ce43e68b 7f137aed16a6477fbf4232aa590261d8 c2e69ec965bf4fec8a01c07aea725a7d - - default default] GET http://cinder-api.openstack.svc.cluster.local:8776/v3/c2e69ec965bf4fec8a01c07aea725a7d/os-quota-sets/ac124d1279934d7f8638e25e82775840?usage=true
2026-07-02 01:32:41.248 8 INFO cinder.api.openstack.wsgi [None req-407d71e6-f7b1-4d06-a861-4307ce43e68b 7f137aed16a6477fbf4232aa590261d8 c2e69ec965bf4fec8a01c07aea725a7d - - default default] http://cinder-api.openstack.svc.cluster.local:8776/v3/c2e69ec965bf4fec8a01c07aea725a7d/os-quota-sets/ac124d1279934d7f8638e25e82775840?usage=true returned with HTTP 200 [pid: 8|app: 0|req: 350/699] 10.0.0.226 () {28 vars in 736 bytes} [Thu Jul 2 01:32:41 2026] GET /v3/c2e69ec965bf4fec8a01c07aea725a7d/os-quota-sets/ac124d1279934d7f8638e25e82775840?usage=true => generated 847 bytes in 32 msecs (HTTP/1.1 200) 7 headers in 285 bytes (1 switches on core 0)
2026-07-02 01:32:41.258 7 INFO cinder.api.openstack.wsgi [None req-2dfa65af-53cd-429a-8857-ca3aecebd3b1 7f137aed16a6477fbf4232aa590261d8 c2e69ec965bf4fec8a01c07aea725a7d - - default default] GET http://cinder-api.openstack.svc.cluster.local:8776/v3/c2e69ec965bf4fec8a01c07aea725a7d/os-quota-sets/ae574ae742e34093b7e47eee60a001e4?usage=true
2026-07-02 01:32:41.281 7 INFO cinder.api.openstack.wsgi [None req-2dfa65af-53cd-429a-8857-ca3aecebd3b1 7f137aed16a6477fbf4232aa590261d8 c2e69ec965bf4fec8a01c07aea725a7d - - default default] http://cinder-api.openstack.svc.cluster.local:8776/v3/c2e69ec965bf4fec8a01c07aea725a7d/os-quota-sets/ae574ae742e34093b7e47eee60a001e4?usage=true returned with HTTP 200 [pid: 7|app: 0|req: 350/700] 10.0.0.226 () {28 vars in 736 bytes} [Thu Jul 2 01:32:41 2026] GET /v3/c2e69ec965bf4fec8a01c07aea725a7d/os-quota-sets/ae574ae742e34093b7e47eee60a001e4?usage=true => generated 845 bytes in 30 msecs (HTTP/1.1 200) 7 headers in 285 bytes (1 switches on core 0)
2026-07-02 01:32:41.294 8 INFO cinder.api.openstack.wsgi [None req-1ca9aba4-13ee-4876-b235-aeed6a9cce20 7f137aed16a6477fbf4232aa590261d8 c2e69ec965bf4fec8a01c07aea725a7d - - default default] GET http://cinder-api.openstack.svc.cluster.local:8776/v3/c2e69ec965bf4fec8a01c07aea725a7d/os-quota-sets/c2e69ec965bf4fec8a01c07aea725a7d?usage=true
2026-07-02 01:32:41.313 8 INFO cinder.api.openstack.wsgi [None req-1ca9aba4-13ee-4876-b235-aeed6a9cce20 7f137aed16a6477fbf4232aa590261d8 c2e69ec965bf4fec8a01c07aea725a7d - - default default] http://cinder-api.openstack.svc.cluster.local:8776/v3/c2e69ec965bf4fec8a01c07aea725a7d/os-quota-sets/c2e69ec965bf4fec8a01c07aea725a7d?usage=true returned with HTTP 200 [pid: 8|app: 0|req: 351/701] 10.0.0.226 () {28 vars in 736 bytes} [Thu Jul 2 01:32:41 2026] GET /v3/c2e69ec965bf4fec8a01c07aea725a7d/os-quota-sets/c2e69ec965bf4fec8a01c07aea725a7d?usage=true => generated 845 bytes in 28 msecs (HTTP/1.1 200) 7 headers in 285 bytes (1 switches on core 0)
2026-07-02 01:32:41.324 7 INFO cinder.api.openstack.wsgi [None req-ee8dd2d7-0c81-410b-bed5-0dea0678d662 7f137aed16a6477fbf4232aa590261d8 c2e69ec965bf4fec8a01c07aea725a7d - - default default] GET http://cinder-api.openstack.svc.cluster.local:8776/v3/c2e69ec965bf4fec8a01c07aea725a7d/snapshots?all_tenants=true
2026-07-02 01:32:41.331 7 INFO cinder.volume.api [None req-ee8dd2d7-0c81-410b-bed5-0dea0678d662 7f137aed16a6477fbf4232aa590261d8 c2e69ec965bf4fec8a01c07aea725a7d - - default default] Get all snapshots completed successfully.
2026-07-02 01:32:41.331 7 INFO cinder.api.openstack.wsgi [None req-ee8dd2d7-0c81-410b-bed5-0dea0678d662 7f137aed16a6477fbf4232aa590261d8 c2e69ec965bf4fec8a01c07aea725a7d - - default default] http://cinder-api.openstack.svc.cluster.local:8776/v3/c2e69ec965bf4fec8a01c07aea725a7d/snapshots?all_tenants=true returned with HTTP 200 [pid: 7|app: 0|req: 351/702] 10.0.0.226 () {28 vars in 674 bytes} [Thu Jul 2 01:32:41 2026] GET /v3/c2e69ec965bf4fec8a01c07aea725a7d/snapshots?all_tenants=true => generated 17 bytes in 14 msecs (HTTP/1.1 200) 7 headers in 284 bytes (1 switches on core 0)
2026-07-02 01:32:41.341 8 INFO cinder.api.openstack.wsgi [None req-5ca8dc84-9900-48e8-b922-e9090b4037c0 7f137aed16a6477fbf4232aa590261d8 c2e69ec965bf4fec8a01c07aea725a7d - - default default] GET http://cinder-api.openstack.svc.cluster.local:8776/v3/c2e69ec965bf4fec8a01c07aea725a7d/volumes/detail?all_tenants=true
2026-07-02 01:32:41.350 8 INFO cinder.volume.api [None req-5ca8dc84-9900-48e8-b922-e9090b4037c0 7f137aed16a6477fbf4232aa590261d8 c2e69ec965bf4fec8a01c07aea725a7d - - default default] Get all volumes completed successfully.
2026-07-02 01:32:41.351 8 INFO cinder.api.openstack.wsgi [None req-5ca8dc84-9900-48e8-b922-e9090b4037c0 7f137aed16a6477fbf4232aa590261d8 c2e69ec965bf4fec8a01c07aea725a7d - - default default] http://cinder-api.openstack.svc.cluster.local:8776/v3/c2e69ec965bf4fec8a01c07aea725a7d/volumes/detail?all_tenants=true returned with HTTP 200 [pid: 8|app: 0|req: 352/703] 10.0.0.226 () {28 vars in 684 bytes} [Thu Jul 2 01:32:41 2026] GET /v3/c2e69ec965bf4fec8a01c07aea725a7d/volumes/detail?all_tenants=true => generated 15 bytes in 17 msecs (HTTP/1.1 200) 7 headers in 284 bytes (1 switches on core 0)
2026-07-02 01:32:41.359 7 INFO cinder.api.openstack.wsgi [None req-63d070d6-4ed0-4672-bedc-b6757aace39e 7f137aed16a6477fbf4232aa590261d8 c2e69ec965bf4fec8a01c07aea725a7d - - default default] GET http://cinder-api.openstack.svc.cluster.local:8776/v3/c2e69ec965bf4fec8a01c07aea725a7d/volumes/detail?all_tenants=true
2026-07-02 01:32:41.368 7 INFO cinder.volume.api [None req-63d070d6-4ed0-4672-bedc-b6757aace39e 7f137aed16a6477fbf4232aa590261d8 c2e69ec965bf4fec8a01c07aea725a7d - - default default] Get all volumes completed successfully.
2026-07-02 01:32:41.373 7 INFO cinder.api.openstack.wsgi [None req-63d070d6-4ed0-4672-bedc-b6757aace39e 7f137aed16a6477fbf4232aa590261d8 c2e69ec965bf4fec8a01c07aea725a7d - - default default] http://cinder-api.openstack.svc.cluster.local:8776/v3/c2e69ec965bf4fec8a01c07aea725a7d/volumes/detail?all_tenants=true returned with HTTP 200 [pid: 7|app: 0|req: 352/704] 10.0.0.226 () {28 vars in 684 bytes} [Thu Jul 2 01:32:41 2026] GET /v3/c2e69ec965bf4fec8a01c07aea725a7d/volumes/detail?all_tenants=true => generated 15 bytes in 19 msecs (HTTP/1.1 200) 7 headers in 284 bytes (1 switches on core 0)
2026-07-02 01:32:43.921 8 INFO cinder.api.openstack.wsgi [None req-5ca8dc84-9900-48e8-b922-e9090b4037c0 7f137aed16a6477fbf4232aa590261d8 c2e69ec965bf4fec8a01c07aea725a7d - - default default] GET http://10.0.0.140:8776/
2026-07-02 01:32:43.921 7 INFO cinder.api.openstack.wsgi [None req-63d070d6-4ed0-4672-bedc-b6757aace39e 7f137aed16a6477fbf4232aa590261d8 c2e69ec965bf4fec8a01c07aea725a7d - - default default] GET http://10.0.0.140:8776/
2026-07-02 01:32:43.922 8 INFO cinder.api.openstack.wsgi [None req-5ca8dc84-9900-48e8-b922-e9090b4037c0 7f137aed16a6477fbf4232aa590261d8 c2e69ec965bf4fec8a01c07aea725a7d - - default default] http://10.0.0.140:8776/ returned with HTTP 300
2026-07-02 01:32:43.922 7 INFO cinder.api.openstack.wsgi [None req-63d070d6-4ed0-4672-bedc-b6757aace39e 7f137aed16a6477fbf4232aa590261d8 c2e69ec965bf4fec8a01c07aea725a7d - - default default] http://10.0.0.140:8776/ returned with HTTP 300
2026-07-02 01:32:53.922 8 INFO cinder.api.openstack.wsgi [None req-5ca8dc84-9900-48e8-b922-e9090b4037c0 7f137aed16a6477fbf4232aa590261d8 c2e69ec965bf4fec8a01c07aea725a7d - - default default] GET http://10.0.0.140:8776/
2026-07-02 01:32:53.922 7 INFO cinder.api.openstack.wsgi [None req-63d070d6-4ed0-4672-bedc-b6757aace39e 7f137aed16a6477fbf4232aa590261d8 c2e69ec965bf4fec8a01c07aea725a7d - - default default] GET http://10.0.0.140:8776/
2026-07-02 01:32:53.923 8 INFO cinder.api.openstack.wsgi [None req-5ca8dc84-9900-48e8-b922-e9090b4037c0 7f137aed16a6477fbf4232aa590261d8 c2e69ec965bf4fec8a01c07aea725a7d - - default default] http://10.0.0.140:8776/ returned with HTTP 300
2026-07-02 01:32:53.925 7 INFO cinder.api.openstack.wsgi [None req-63d070d6-4ed0-4672-bedc-b6757aace39e 7f137aed16a6477fbf4232aa590261d8 c2e69ec965bf4fec8a01c07aea725a7d - - default default] http://10.0.0.140:8776/ returned with HTTP 300
2026-07-02 01:33:00.740 8 INFO cinder.api.openstack.wsgi [req-05f8c065-835b-4d17-8646-6236ed0db960 req-2391e259-8eda-42ac-9c53-a21e966269d7 969a981cb4924286bf6bc5b7bc94f53c 9381bd16e9ac432595d37e8ed936cfc5 - - default default] GET http://cinder-api.openstack.svc.cluster.local:8776/v3/9381bd16e9ac432595d37e8ed936cfc5/attachments?instance_id=fe939aa9-3d39-4bdc-8066-57e78dbf04d1
2026-07-02 01:33:00.754 8 INFO cinder.api.openstack.wsgi [req-05f8c065-835b-4d17-8646-6236ed0db960 req-2391e259-8eda-42ac-9c53-a21e966269d7 969a981cb4924286bf6bc5b7bc94f53c 9381bd16e9ac432595d37e8ed936cfc5 - - default default] http://cinder-api.openstack.svc.cluster.local:8776/v3/9381bd16e9ac432595d37e8ed936cfc5/attachments?instance_id=fe939aa9-3d39-4bdc-8066-57e78dbf04d1 returned with HTTP 200 [pid: 8|app: 0|req: 355/709] 199.204.45.129 () {36 vars in 1104 bytes} [Thu Jul 2 01:33:00 2026] GET /v3/9381bd16e9ac432595d37e8ed936cfc5/attachments?instance_id=fe939aa9-3d39-4bdc-8066-57e78dbf04d1 => generated 19 bytes in 23 msecs (HTTP/1.1 200) 7 headers in 285 bytes (1 switches on core 0)
2026-07-02 01:33:03.921 7 INFO cinder.api.openstack.wsgi [None req-63d070d6-4ed0-4672-bedc-b6757aace39e 7f137aed16a6477fbf4232aa590261d8 c2e69ec965bf4fec8a01c07aea725a7d - - default default] GET http://10.0.0.140:8776/
2026-07-02 01:33:03.921 8 INFO cinder.api.openstack.wsgi [req-05f8c065-835b-4d17-8646-6236ed0db960 req-2391e259-8eda-42ac-9c53-a21e966269d7 969a981cb4924286bf6bc5b7bc94f53c 9381bd16e9ac432595d37e8ed936cfc5 - - default default] GET http://10.0.0.140:8776/
2026-07-02 01:33:03.921 8 INFO cinder.api.openstack.wsgi [req-05f8c065-835b-4d17-8646-6236ed0db960 req-2391e259-8eda-42ac-9c53-a21e966269d7 969a981cb4924286bf6bc5b7bc94f53c 9381bd16e9ac432595d37e8ed936cfc5 - - default default] http://10.0.0.140:8776/ returned with HTTP 300
2026-07-02 01:33:03.921 7 INFO cinder.api.openstack.wsgi [None req-63d070d6-4ed0-4672-bedc-b6757aace39e 7f137aed16a6477fbf4232aa590261d8 c2e69ec965bf4fec8a01c07aea725a7d - - default default] http://10.0.0.140:8776/ returned with HTTP 300
2026-07-02 01:33:13.921 8 INFO cinder.api.openstack.wsgi [req-05f8c065-835b-4d17-8646-6236ed0db960 req-2391e259-8eda-42ac-9c53-a21e966269d7 969a981cb4924286bf6bc5b7bc94f53c 9381bd16e9ac432595d37e8ed936cfc5 - - default default] GET http://10.0.0.140:8776/
2026-07-02 01:33:13.922 7 INFO cinder.api.openstack.wsgi [None req-63d070d6-4ed0-4672-bedc-b6757aace39e 7f137aed16a6477fbf4232aa590261d8 c2e69ec965bf4fec8a01c07aea725a7d - - default default] GET http://10.0.0.140:8776/
2026-07-02 01:33:13.922 8 INFO cinder.api.openstack.wsgi [req-05f8c065-835b-4d17-8646-6236ed0db960 req-2391e259-8eda-42ac-9c53-a21e966269d7 969a981cb4924286bf6bc5b7bc94f53c 9381bd16e9ac432595d37e8ed936cfc5 - - default default] http://10.0.0.140:8776/ returned with HTTP 300
2026-07-02 01:33:13.923 7 INFO cinder.api.openstack.wsgi [None req-63d070d6-4ed0-4672-bedc-b6757aace39e 7f137aed16a6477fbf4232aa590261d8 c2e69ec965bf4fec8a01c07aea725a7d - - default default] http://10.0.0.140:8776/ returned with HTTP 300
2026-07-02 01:33:23.922 8 INFO cinder.api.openstack.wsgi [req-05f8c065-835b-4d17-8646-6236ed0db960 req-2391e259-8eda-42ac-9c53-a21e966269d7 969a981cb4924286bf6bc5b7bc94f53c 9381bd16e9ac432595d37e8ed936cfc5 - - default default] GET http://10.0.0.140:8776/
2026-07-02 01:33:23.922 7 INFO cinder.api.openstack.wsgi [None req-63d070d6-4ed0-4672-bedc-b6757aace39e 7f137aed16a6477fbf4232aa590261d8 c2e69ec965bf4fec8a01c07aea725a7d - - default default] GET http://10.0.0.140:8776/
2026-07-02 01:33:23.923 8 INFO cinder.api.openstack.wsgi [req-05f8c065-835b-4d17-8646-6236ed0db960 req-2391e259-8eda-42ac-9c53-a21e966269d7 969a981cb4924286bf6bc5b7bc94f53c 9381bd16e9ac432595d37e8ed936cfc5 - - default default] http://10.0.0.140:8776/ returned with HTTP 300
2026-07-02 01:33:23.923 7 INFO cinder.api.openstack.wsgi [None req-63d070d6-4ed0-4672-bedc-b6757aace39e 7f137aed16a6477fbf4232aa590261d8 c2e69ec965bf4fec8a01c07aea725a7d - - default default] http://10.0.0.140:8776/ returned with HTTP 300
2026-07-02 01:33:33.622 8 INFO cinder.api.openstack.wsgi [req-05f8c065-835b-4d17-8646-6236ed0db960 req-2391e259-8eda-42ac-9c53-a21e966269d7 969a981cb4924286bf6bc5b7bc94f53c 9381bd16e9ac432595d37e8ed936cfc5 - - default default] GET http://cinder-api.openstack.svc.cluster.local:8776/
2026-07-02 01:33:33.623 8 INFO cinder.api.openstack.wsgi [req-05f8c065-835b-4d17-8646-6236ed0db960 req-2391e259-8eda-42ac-9c53-a21e966269d7 969a981cb4924286bf6bc5b7bc94f53c 9381bd16e9ac432595d37e8ed936cfc5 - - default default] http://cinder-api.openstack.svc.cluster.local:8776/ returned with HTTP 300 [pid: 8|app: 0|req: 359/716] 10.0.0.89 () {30 vars in 410 bytes} [Thu Jul 2 01:33:33 2026] GET / => generated 411 bytes in 2 msecs (HTTP/1.1 300) 5 headers in 169 bytes (1 switches on core 0)
2026-07-02 01:33:33.922 7 INFO cinder.api.openstack.wsgi [None req-63d070d6-4ed0-4672-bedc-b6757aace39e 7f137aed16a6477fbf4232aa590261d8 c2e69ec965bf4fec8a01c07aea725a7d - - default default] GET http://10.0.0.140:8776/
2026-07-02 01:33:33.922 8 INFO cinder.api.openstack.wsgi [req-05f8c065-835b-4d17-8646-6236ed0db960 req-2391e259-8eda-42ac-9c53-a21e966269d7 969a981cb4924286bf6bc5b7bc94f53c 9381bd16e9ac432595d37e8ed936cfc5 - - default default] GET http://10.0.0.140:8776/
2026-07-02 01:33:33.923 7 INFO cinder.api.openstack.wsgi [None req-63d070d6-4ed0-4672-bedc-b6757aace39e 7f137aed16a6477fbf4232aa590261d8 c2e69ec965bf4fec8a01c07aea725a7d - - default default] http://10.0.0.140:8776/ returned with HTTP 300
2026-07-02 01:33:33.923 8 INFO cinder.api.openstack.wsgi [req-05f8c065-835b-4d17-8646-6236ed0db960 req-2391e259-8eda-42ac-9c53-a21e966269d7 969a981cb4924286bf6bc5b7bc94f53c 9381bd16e9ac432595d37e8ed936cfc5 - - default default] http://10.0.0.140:8776/ returned with HTTP 300
2026-07-02 01:33:35.494 8 INFO cinder.api.openstack.wsgi [None req-a5458f05-43c3-4ecd-b082-cbfc111f1116 9dff495c70414e709e19ec91487f8e9d 3091278667db4303a8f9f24f37ceb3fa - - default default] GET http://cinder-api.openstack.svc.cluster.local:8776/v3/3091278667db4303a8f9f24f37ceb3fa/volumes
2026-07-02 01:33:35.528 8 INFO cinder.volume.api [None req-a5458f05-43c3-4ecd-b082-cbfc111f1116 9dff495c70414e709e19ec91487f8e9d 3091278667db4303a8f9f24f37ceb3fa - - default default] Get all volumes completed successfully.
2026-07-02 01:33:35.529 8 INFO cinder.api.openstack.wsgi [None req-a5458f05-43c3-4ecd-b082-cbfc111f1116 9dff495c70414e709e19ec91487f8e9d 3091278667db4303a8f9f24f37ceb3fa - - default default] http://cinder-api.openstack.svc.cluster.local:8776/v3/3091278667db4303a8f9f24f37ceb3fa/volumes returned with HTTP 200 [pid: 8|app: 0|req: 361/719] 10.0.0.89 () {32 vars in 700 bytes} [Thu Jul 2 01:33:35 2026] GET /v3/3091278667db4303a8f9f24f37ceb3fa/volumes => generated 15 bytes in 216 msecs (HTTP/1.1 200) 7 headers in 284 bytes (1 switches on core 0)
2026-07-02 01:33:35.547 7 INFO cinder.api.openstack.wsgi [None req-0a01ee26-b037-491b-a5b0-7892438aa4de 9dff495c70414e709e19ec91487f8e9d 3091278667db4303a8f9f24f37ceb3fa - - default default] POST http://cinder-api.openstack.svc.cluster.local:8776/v3/3091278667db4303a8f9f24f37ceb3fa/volumes
2026-07-02 01:33:35.549 7 INFO cinder.api.v3.volumes [None req-0a01ee26-b037-491b-a5b0-7892438aa4de 9dff495c70414e709e19ec91487f8e9d 3091278667db4303a8f9f24f37ceb3fa - - default default] Create volume of 1 GB
2026-07-02 01:33:35.555 7 INFO cinder.volume.api [None req-0a01ee26-b037-491b-a5b0-7892438aa4de 9dff495c70414e709e19ec91487f8e9d 3091278667db4303a8f9f24f37ceb3fa - - default default] Availability Zones retrieved successfully.
2026-07-02 01:33:35.716 7 INFO cinder.volume.api [None req-0a01ee26-b037-491b-a5b0-7892438aa4de 9dff495c70414e709e19ec91487f8e9d 3091278667db4303a8f9f24f37ceb3fa - - default default] Create volume request issued successfully.
2026-07-02 01:33:35.716 7 INFO cinder.api.openstack.wsgi [None req-0a01ee26-b037-491b-a5b0-7892438aa4de 9dff495c70414e709e19ec91487f8e9d 3091278667db4303a8f9f24f37ceb3fa - - default default] http://cinder-api.openstack.svc.cluster.local:8776/v3/3091278667db4303a8f9f24f37ceb3fa/volumes returned with HTTP 202 [pid: 7|app: 0|req: 359/720] 10.0.0.89 () {34 vars in 722 bytes} [Thu Jul 2 01:33:35 2026] POST /v3/3091278667db4303a8f9f24f37ceb3fa/volumes => generated 876 bytes in 179 msecs (HTTP/1.1 202) 7 headers in 291 bytes (1 switches on core 0)
2026-07-02 01:33:35.731 8 INFO cinder.api.openstack.wsgi [None req-3cd7c264-f7ea-49f1-83a6-4052f340adda 9dff495c70414e709e19ec91487f8e9d 3091278667db4303a8f9f24f37ceb3fa - - default default] GET http://cinder-api.openstack.svc.cluster.local:8776/v3/3091278667db4303a8f9f24f37ceb3fa/volumes/e58fa501-288e-4646-a726-a97f41a91491 /var/lib/openstack/lib/python3.12/site-packages/oslo_context/context.py:101: DeprecationWarning: Policy enforcement is depending on the value of is_admin. This key is deprecated. Please update your policy file to use the standard policy values. warnings.warn(
2026-07-02 01:33:35.756 8 INFO cinder.volume.api [None req-3cd7c264-f7ea-49f1-83a6-4052f340adda 9dff495c70414e709e19ec91487f8e9d 3091278667db4303a8f9f24f37ceb3fa - - default default] Volume info retrieved successfully.
2026-07-02 01:33:35.766 8 INFO cinder.api.openstack.wsgi [None req-3cd7c264-f7ea-49f1-83a6-4052f340adda 9dff495c70414e709e19ec91487f8e9d 3091278667db4303a8f9f24f37ceb3fa - - default default] http://cinder-api.openstack.svc.cluster.local:8776/v3/3091278667db4303a8f9f24f37ceb3fa/volumes/e58fa501-288e-4646-a726-a97f41a91491 returned with HTTP 200 [pid: 8|app: 0|req: 362/721] 10.0.0.89 () {32 vars in 774 bytes} [Thu Jul 2 01:33:35 2026] GET /v3/3091278667db4303a8f9f24f37ceb3fa/volumes/e58fa501-288e-4646-a726-a97f41a91491 => generated 944 bytes in 40 msecs (HTTP/1.1 200) 7 headers in 285 bytes (1 switches on core 0) /var/lib/openstack/lib/python3.12/site-packages/pycadf/identifier.py:70: UserWarning: Invalid uuid: cinderv3. To ensure interoperability, identifiers should be a valid uuid. warnings.warn(('Invalid uuid: %s. To ensure interoperability, '
2026-07-02 01:33:36.783 7 INFO cinder.api.openstack.wsgi [None req-6b77e182-263c-4205-80fe-c3d23130c4de 9dff495c70414e709e19ec91487f8e9d 3091278667db4303a8f9f24f37ceb3fa - - default default] GET http://cinder-api.openstack.svc.cluster.local:8776/v3/3091278667db4303a8f9f24f37ceb3fa/volumes/e58fa501-288e-4646-a726-a97f41a91491 /var/lib/openstack/lib/python3.12/site-packages/oslo_context/context.py:101: DeprecationWarning: Policy enforcement is depending on the value of is_admin. This key is deprecated. Please update your policy file to use the standard policy values. warnings.warn(
2026-07-02 01:33:36.802 7 INFO cinder.volume.api [None req-6b77e182-263c-4205-80fe-c3d23130c4de 9dff495c70414e709e19ec91487f8e9d 3091278667db4303a8f9f24f37ceb3fa - - default default] Volume info retrieved successfully.
2026-07-02 01:33:36.808 7 INFO cinder.api.openstack.wsgi [None req-6b77e182-263c-4205-80fe-c3d23130c4de 9dff495c70414e709e19ec91487f8e9d 3091278667db4303a8f9f24f37ceb3fa - - default default] http://cinder-api.openstack.svc.cluster.local:8776/v3/3091278667db4303a8f9f24f37ceb3fa/volumes/e58fa501-288e-4646-a726-a97f41a91491 returned with HTTP 200 [pid: 7|app: 0|req: 360/722] 10.0.0.89 () {32 vars in 774 bytes} [Thu Jul 2 01:33:36 2026] GET /v3/3091278667db4303a8f9f24f37ceb3fa/volumes/e58fa501-288e-4646-a726-a97f41a91491 => generated 969 bytes in 33 msecs (HTTP/1.1 200) 7 headers in 285 bytes (1 switches on core 0) /var/lib/openstack/lib/python3.12/site-packages/pycadf/identifier.py:70: UserWarning: Invalid uuid: cinderv3. To ensure interoperability, identifiers should be a valid uuid. warnings.warn(('Invalid uuid: %s. To ensure interoperability, '
2026-07-02 01:33:36.824 8 INFO cinder.api.openstack.wsgi [None req-c561ed2b-eee0-4d87-8ccc-9c3abea34337 9dff495c70414e709e19ec91487f8e9d 3091278667db4303a8f9f24f37ceb3fa - - default default] GET http://cinder-api.openstack.svc.cluster.local:8776/v3/3091278667db4303a8f9f24f37ceb3fa/volumes/e58fa501-288e-4646-a726-a97f41a91491 /var/lib/openstack/lib/python3.12/site-packages/oslo_context/context.py:101: DeprecationWarning: Policy enforcement is depending on the value of is_admin. This key is deprecated. Please update your policy file to use the standard policy values. warnings.warn(
2026-07-02 01:33:36.840 8 INFO cinder.volume.api [None req-c561ed2b-eee0-4d87-8ccc-9c3abea34337 9dff495c70414e709e19ec91487f8e9d 3091278667db4303a8f9f24f37ceb3fa - - default default] Volume info retrieved successfully.
2026-07-02 01:33:36.844 8 INFO cinder.api.openstack.wsgi [None req-c561ed2b-eee0-4d87-8ccc-9c3abea34337 9dff495c70414e709e19ec91487f8e9d 3091278667db4303a8f9f24f37ceb3fa - - default default] http://cinder-api.openstack.svc.cluster.local:8776/v3/3091278667db4303a8f9f24f37ceb3fa/volumes/e58fa501-288e-4646-a726-a97f41a91491 returned with HTTP 200 [pid: 8|app: 0|req: 363/723] 10.0.0.89 () {32 vars in 774 bytes} [Thu Jul 2 01:33:36 2026] GET /v3/3091278667db4303a8f9f24f37ceb3fa/volumes/e58fa501-288e-4646-a726-a97f41a91491 => generated 969 bytes in 27 msecs (HTTP/1.1 200) 7 headers in 285 bytes (1 switches on core 0) /var/lib/openstack/lib/python3.12/site-packages/pycadf/identifier.py:70: UserWarning: Invalid uuid: cinderv3. To ensure interoperability, identifiers should be a valid uuid. warnings.warn(('Invalid uuid: %s. To ensure interoperability, '
2026-07-02 01:33:36.863 7 INFO cinder.api.openstack.wsgi [None req-660f1c40-c082-4bc3-ba38-f1b94a59cfd2 9dff495c70414e709e19ec91487f8e9d 3091278667db4303a8f9f24f37ceb3fa - - default default] POST http://cinder-api.openstack.svc.cluster.local:8776/v3/3091278667db4303a8f9f24f37ceb3fa/volumes
2026-07-02 01:33:36.865 7 INFO cinder.api.v3.volumes [None req-660f1c40-c082-4bc3-ba38-f1b94a59cfd2 9dff495c70414e709e19ec91487f8e9d 3091278667db4303a8f9f24f37ceb3fa - - default default] Create volume of 1 GB
2026-07-02 01:33:36.871 7 INFO cinder.volume.api [None req-660f1c40-c082-4bc3-ba38-f1b94a59cfd2 9dff495c70414e709e19ec91487f8e9d 3091278667db4303a8f9f24f37ceb3fa - - default default] Availability Zones retrieved successfully.
2026-07-02 01:33:36.998 7 INFO cinder.volume.api [None req-660f1c40-c082-4bc3-ba38-f1b94a59cfd2 9dff495c70414e709e19ec91487f8e9d 3091278667db4303a8f9f24f37ceb3fa - - default default] Create volume request issued successfully.
2026-07-02 01:33:36.998 7 INFO cinder.api.openstack.wsgi [None req-660f1c40-c082-4bc3-ba38-f1b94a59cfd2 9dff495c70414e709e19ec91487f8e9d 3091278667db4303a8f9f24f37ceb3fa - - default default] http://cinder-api.openstack.svc.cluster.local:8776/v3/3091278667db4303a8f9f24f37ceb3fa/volumes returned with HTTP 202 [pid: 7|app: 0|req: 361/724] 10.0.0.89 () {34 vars in 722 bytes} [Thu Jul 2 01:33:36 2026] POST /v3/3091278667db4303a8f9f24f37ceb3fa/volumes => generated 876 bytes in 145 msecs (HTTP/1.1 202) 7 headers in 291 bytes (1 switches on core 0) /var/lib/openstack/lib/python3.12/site-packages/pycadf/identifier.py:70: UserWarning: Invalid uuid: cinderv3. To ensure interoperability, identifiers should be a valid uuid. warnings.warn(('Invalid uuid: %s. To ensure interoperability, '
2026-07-02 01:33:37.018 8 INFO cinder.api.openstack.wsgi [None req-d0d0b892-5537-471d-9081-2d627962da93 9dff495c70414e709e19ec91487f8e9d 3091278667db4303a8f9f24f37ceb3fa - - default default] GET http://cinder-api.openstack.svc.cluster.local:8776/v3/3091278667db4303a8f9f24f37ceb3fa/volumes/0f79ef40-01fe-46db-a3b4-1e1175e4bbe9 /var/lib/openstack/lib/python3.12/site-packages/oslo_context/context.py:101: DeprecationWarning: Policy enforcement is depending on the value of is_admin. This key is deprecated. Please update your policy file to use the standard policy values. warnings.warn(
2026-07-02 01:33:37.042 8 INFO cinder.volume.api [None req-d0d0b892-5537-471d-9081-2d627962da93 9dff495c70414e709e19ec91487f8e9d 3091278667db4303a8f9f24f37ceb3fa - - default default] Volume info retrieved successfully.
